190.171.141.106 - - [22/Mar/2019:11:31:54 -0300] "GET /cormun/servlet/solicitudot?INS,0,0, HTTP/1.1" 200 14852
190.171.141.106 - - [22/Mar/2019:11:31:54 -0300] "GET /cormun/static/gxcfg.js?20189101114418 HTTP/1.1" 304 -
190.171.141.106 - - [22/Mar/2019:11:31:54 -0300] "GET /cormun/static/calendar-system.css?75620 HTTP/1.1" 304 -
190.171.141.106 - - [22/Mar/2019:11:31:55 -0300] "GET /cormun/servlet/solicitudot?INS,0,0, HTTP/1.1" 200 14857
186.103.159.189 - - [22/Mar/2019:11:32:08 -0300] "POST /cormun/servlet/trpermisosadjuntos?7cb57c1e2b13d56218a1a64e0a32df2b,18952078,20190319111436,P,,gx-no-cache=1553264905591 HTTP/1.1" 200 90
186.103.159.189 - - [22/Mar/2019:11:32:08 -0300] "GET /cormun/servlet/hpexe_link HTTP/1.1" 200 989
186.103.159.189 - - [22/Mar/2019:11:32:08 -0300] "GET /cormun/servlet/trpermisosgoce HTTP/1.1" 200 8891
186.103.159.189 - - [22/Mar/2019:11:32:11 -0300] "GET /cormun/servlet/trpermisosgoce HTTP/1.1" 200 8892
186.103.159.189 - - [22/Mar/2019:11:32:17 -0300] "POST /cormun/servlet/trpermisosgoce?7cb57c1e2b13d56218a1a64e0a32df2b,gx-no-cache=1553264914481 HTTP/1.1" 200 6072
186.103.159.189 - - [22/Mar/2019:11:32:17 -0300] "GET /cormun/static/Shared/jqueryui/images/ui-bg_highlight-soft_100_c6c2c8_1x100.png HTTP/1.1" 404 1117
186.103.159.189 - - [22/Mar/2019:11:32:17 -0300] "GET /cormun/static/Shared/jqueryui/images/ui-icons_82798d_256x240.png HTTP/1.1" 404 1089
186.103.159.189 - - [22/Mar/2019:11:32:17 -0300] "GET /cormun/static/Shared/jqueryui/images/ui-bg_flat_55_fafafa_40x100.png HTTP/1.1" 404 1097
186.103.159.189 - - [22/Mar/2019:11:32:17 -0300] "GET /cormun/static/Shared/jqueryui/images/ui-icons_8d78a5_256x240.png HTTP/1.1" 404 1089
186.103.159.189 - - [22/Mar/2019:11:32:21 -0300] "GET /cormun/servlet/trpermisosadjuntos?6885419,20190321181712,P, HTTP/1.1" 200 6365
186.103.159.189 - - [22/Mar/2019:11:32:24 -0300] "GET /cormun/servlet/trpermisosadjuntos?6885419,20190321181712,P, HTTP/1.1" 200 6365
186.103.159.189 - - [22/Mar/2019:11:32:27 -0300] "GET /cormun/servlet/permisosadjuntos?INS,6885419,P,20190321181712,, HTTP/1.1" 200 5691
190.171.141.106 - - [22/Mar/2019:11:32:28 -0300] "POST /cormun/servlet/solicitudot?gx-no-cache=1553264931374 HTTP/1.1" 200 3450
186.103.159.189 - - [22/Mar/2019:11:32:28 -0300] "GET /cormun/static/about:blank HTTP/1.1" 404 1011
186.103.159.189 - - [22/Mar/2019:11:32:29 -0300] "GET /cormun/servlet/permisosadjuntos?INS,6885419,P,20190321181712,, HTTP/1.1" 200 5682
190.171.141.106 - - [22/Mar/2019:11:32:29 -0300] "POST /cormun/servlet/solicitudot?5ddb71454b0b3f0422c96643d452013d,INS,0,0,,gx-no-cache=1553264931677 HTTP/1.1" 200 11640
190.171.141.106 - - [22/Mar/2019:11:32:35 -0300] "GET /cormun/servlet/solicitudot?640b1f8e397d42bae2eabfba78bd68cfb669c387464ffd427c8dea0aa231ac9dff4f8421f7260ced49c2e320f25a251e,gx-no-cache=1553264938330 HTTP/1.1" 200 30
200.54.107.2 - - [22/Mar/2019:11:32:40 -0300] "POST /cormun/servlet/trautorizarsolicitud?ecdd89847d201a972e6217e73bcf267e,,gx-no-cache=1553264941361 HTTP/1.1" 200 6658
186.103.159.189 - - [22/Mar/2019:11:32:41 -0300] "POST /cormun/servlet/permisosadjuntos?7cb57c1e2b13d56218a1a64e0a32df2b,INS,6885419,P,20190321181712,, HTTP/1.1" 200 116
186.103.159.189 - - [22/Mar/2019:11:32:41 -0300] "GET /cormun/servlet/hpexe_return? HTTP/1.1" 200 1042
186.103.159.189 - - [22/Mar/2019:11:32:42 -0300] "GET /cormun/servlet/trpermisosadjuntos?6885419,20190321181712,P, HTTP/1.1" 200 6870
186.103.159.189 - - [22/Mar/2019:11:32:44 -0300] "GET /cormun/servlet/trpermisosadjuntos?6885419,20190321181712,P, HTTP/1.1" 200 6866
186.103.159.189 - - [22/Mar/2019:11:32:50 -0300] "POST /cormun/servlet/trpermisosadjuntos?7cb57c1e2b13d56218a1a64e0a32df2b,6885419,20190321181712,P,,gx-no-cache=1553264947611 HTTP/1.1" 200 90
186.103.159.189 - - [22/Mar/2019:11:32:50 -0300] "GET /cormun/servlet/hpexe_link HTTP/1.1" 200 1009
186.103.159.189 - - [22/Mar/2019:11:32:50 -0300] "GET /cormun/servlet/trpermisosgoce?gx-no-cache=1553264914481 HTTP/1.1" 200 8882
186.103.159.189 - - [22/Mar/2019:11:32:54 -0300] "GET /cormun/servlet/trpermisosgoce?gx-no-cache=1553264914481 HTTP/1.1" 200 8902
186.103.159.189 - - [22/Mar/2019:11:32:59 -0300] "POST /cormun/servlet/trpermisosgoce?7cb57c1e2b13d56218a1a64e0a32df2b,gx-no-cache=1553264914481,gx-no-cache=1553264957049 HTTP/1.1" 200 6066
186.103.159.189 - - [22/Mar/2019:11:33:00 -0300] "GET /cormun/static/Shared/jqueryui/images/ui-bg_highlight-soft_100_c6c2c8_1x100.png HTTP/1.1" 404 1117
186.103.159.189 - - [22/Mar/2019:11:33:00 -0300] "GET /cormun/static/Shared/jqueryui/images/ui-icons_82798d_256x240.png HTTP/1.1" 404 1089
186.103.159.189 - - [22/Mar/2019:11:33:00 -0300] "GET /cormun/static/Shared/jqueryui/images/ui-bg_flat_55_fafafa_40x100.png HTTP/1.1" 404 1097
186.103.159.189 - - [22/Mar/2019:11:33:00 -0300] "GET /cormun/static/Shared/jqueryui/images/ui-icons_8d78a5_256x240.png HTTP/1.1" 404 1089
190.171.141.106 - - [22/Mar/2019:11:34:55 -0300] "GET /cormun/servlet/solicitudot?640b1f8e397d42bae2eabfba78bd68cf689e440ae22cf1560f8360c0d701bf5c5b6e7acfb982c005c16a4f73436f6df3ef0319b2d3a05da57c2981ddc587554a,gx-no-cache=1553265078183 HTTP/1.1" 200 103
190.171.141.106 - - [22/Mar/2019:11:34:55 -0300] "GET /cormun/static/Shared/jqueryui/images/ui-bg_highlight-soft_100_c6c2c8_1x100.png HTTP/1.1" 404 1117
190.171.141.106 - - [22/Mar/2019:11:34:55 -0300] "GET /cormun/static/Shared/jqueryui/images/ui-icons_82798d_256x240.png HTTP/1.1" 404 1089
190.171.141.106 - - [22/Mar/2019:11:34:55 -0300] "GET /cormun/static/Shared/jqueryui/images/ui-bg_flat_55_994d53_40x100.png HTTP/1.1" 404 1097
190.171.141.106 - - [22/Mar/2019:11:34:55 -0300] "GET /cormun/static/Shared/jqueryui/images/ui-icons_ebccce_256x240.png HTTP/1.1" 404 1089
186.103.159.189 - - [22/Mar/2019:11:34:56 -0300] "GET /cormun/servlet/trpermisosadjuntos?13500887,20190321190114,P, HTTP/1.1" 200 6390
190.171.141.106 - - [22/Mar/2019:11:34:59 -0300] "GET /cormun/servlet/solicitudot?640b1f8e397d42bae2eabfba78bd68cf92a5b0cbed5d8e03bcb60d487ef4ff07,gx-no-cache=1553265081933 HTTP/1.1" 200 53
186.103.159.189 - - [22/Mar/2019:11:35:00 -0300] "GET /cormun/servlet/trpermisosadjuntos?13500887,20190321190114,P, HTTP/1.1" 200 6369
186.103.159.189 - - [22/Mar/2019:11:35:02 -0300] "GET /cormun/servlet/permisosadjuntos?INS,13500887,P,20190321190114,, HTTP/1.1" 200 5699
186.103.159.189 - - [22/Mar/2019:11:35:03 -0300] "GET /cormun/static/about:blank HTTP/1.1" 404 1011
186.103.159.189 - - [22/Mar/2019:11:35:05 -0300] "GET /cormun/servlet/permisosadjuntos?INS,13500887,P,20190321190114,, HTTP/1.1" 200 5688
186.103.159.189 - - [22/Mar/2019:11:35:15 -0300] "POST /cormun/servlet/permisosadjuntos?7cb57c1e2b13d56218a1a64e0a32df2b,INS,13500887,P,20190321190114,, HTTP/1.1" 200 116
186.103.159.189 - - [22/Mar/2019:11:35:15 -0300] "GET /cormun/servlet/hpexe_return? HTTP/1.1" 200 1041
186.103.159.189 - - [22/Mar/2019:11:35:16 -0300] "GET /cormun/servlet/trpermisosadjuntos?13500887,20190321190114,P, HTTP/1.1" 200 6863
186.103.159.186 - - [22/Mar/2019:11:35:17 -0300] "GET /cormun/servlet/hlogin HTTP/1.1" 200 1722
186.103.159.186 - - [22/Mar/2019:11:35:17 -0300] "GET /cormun/servlet/hlogin HTTP/1.1" 200 1732
186.103.159.189 - - [22/Mar/2019:11:35:19 -0300] "GET /cormun/servlet/trpermisosadjuntos?13500887,20190321190114,P, HTTP/1.1" 200 6860
200.54.107.2 - - [22/Mar/2019:11:35:20 -0300] "POST /cormun/servlet/trautorizarsolicitud?ecdd89847d201a972e6217e73bcf267e,,gx-no-cache=1553265101228 HTTP/1.1" 200 6658
186.103.159.189 - - [22/Mar/2019:11:35:22 -0300] "POST /cormun/servlet/trpermisosadjuntos?7cb57c1e2b13d56218a1a64e0a32df2b,13500887,20190321190114,P,,gx-no-cache=1553265099654 HTTP/1.1" 200 90
186.103.159.189 - - [22/Mar/2019:11:35:22 -0300] "GET /cormun/servlet/hpexe_link HTTP/1.1" 200 1009
186.103.159.189 - - [22/Mar/2019:11:35:22 -0300] "GET /cormun/servlet/trpermisosgoce?gx-no-cache=1553264914481 HTTP/1.1" 200 8880
186.103.159.189 - - [22/Mar/2019:11:35:26 -0300] "GET /cormun/servlet/trpermisosgoce?gx-no-cache=1553264914481 HTTP/1.1" 200 8899
190.171.141.106 - - [22/Mar/2019:11:35:30 -0300] "POST /cormun/servlet/solicitudot?gx-no-cache=1553265113146 HTTP/1.1" 200 297
190.171.141.106 - - [22/Mar/2019:11:35:30 -0300] "GET /cormun/servlet/solicitudot?640b1f8e397d42bae2eabfba78bd68cf4c72b90bd9bdc9a9da1045e4d64186d104a1f3b39abd32309d1cf08bcb7a84c638a308f6bc25e240c4f0c10d7e303a7132727952868eab713d24637842731a771cbd9ae430d635111ac53361cfa2d8c52e231c16105e06bc83638087f9e180a4998c408ee907fb348d390018a2b98c0104af86bb5105edb6edf8d72f849e917e522438c406b352f0290607ab6e3d9465c6244e0677019bf91b5f3ac55664649aae3aab9615d90721e2ddc1a872e06ffaefd403464f4711f1d352ed349353aa1933ab83644260edee414d8693e882fa905fa56213a712d547e3168ca0c2c24970c9107d1e86e76ae2a3af4144db8d1a5d05d775ac6feb6252459027ee5b548ccb1ef2d51eb382fd6aae5c6ff41170c9938ab04b98a921afc93d164b5e36bb6795bec92a190251f3df3430d4d72f4ba0f84ce4764b4c26ec0933585bf0bf2c6a760cc6d7e60f992fc4b9dd0b8f73df9ad048953db9736f66689d4f7396e8a5e756ebb1faa78125ac46eba33dc617ab87db482d570669b8a92dc1dacd0eb6f8770f,gx-no-cache=1553265113222 HTTP/1.1" 200 30
186.103.159.186 - - [22/Mar/2019:11:35:30 -0300] "POST /cormun/servlet/hlogin?108da120eb8dbc96b214f82ee3923911,gx-no-cache=1553265111437 HTTP/1.1" 200 90
186.103.159.186 - - [22/Mar/2019:11:35:30 -0300] "GET /cormun/servlet/hpexe_link HTTP/1.1" 200 952
186.103.159.186 - - [22/Mar/2019:11:35:31 -0300] "GET /cormun/servlet/hhome HTTP/1.1" 200 4029
186.103.159.186 - - [22/Mar/2019:11:35:31 -0300] "GET /cormun/static/PXToolsJavascripts/pexe_tabdivfix.js HTTP/1.1" 304 -
186.103.159.189 - - [22/Mar/2019:11:35:31 -0300] "POST /cormun/servlet/trpermisosgoce?7cb57c1e2b13d56218a1a64e0a32df2b,gx-no-cache=1553264914481,gx-no-cache=1553265108343 HTTP/1.1" 200 6058
186.103.159.189 - - [22/Mar/2019:11:35:31 -0300] "GET /cormun/static/Shared/jqueryui/images/ui-bg_highlight-soft_100_c6c2c8_1x100.png HTTP/1.1" 404 1117
186.103.159.189 - - [22/Mar/2019:11:35:31 -0300] "GET /cormun/static/Shared/jqueryui/images/ui-icons_82798d_256x240.png HTTP/1.1" 404 1089
186.103.159.189 - - [22/Mar/2019:11:35:31 -0300] "GET /cormun/static/Shared/jqueryui/images/ui-icons_8d78a5_256x240.png HTTP/1.1" 404 1089
186.103.159.189 - - [22/Mar/2019:11:35:31 -0300] "GET /cormun/static/Shared/jqueryui/images/ui-bg_flat_55_fafafa_40x100.png HTTP/1.1" 404 1097
186.103.159.186 - - [22/Mar/2019:11:35:32 -0300] "GET /cormun/servlet/hhome HTTP/1.1" 200 4025
200.54.107.2 - - [22/Mar/2019:11:35:32 -0300] "POST /cormun/servlet/trautorizarsolicitud?ecdd89847d201a972e6217e73bcf267e,,gx-no-cache=1553265113242 HTTP/1.1" 200 6646
200.54.107.2 - - [22/Mar/2019:11:35:33 -0300] "POST /cormun/servlet/trautorizarsolicitud?ecdd89847d201a972e6217e73bcf267e,,gx-no-cache=1553265114169 HTTP/1.1" 200 6645
190.171.141.106 - - [22/Mar/2019:11:35:34 -0300] "POST /cormun/servlet/solicitudot?gx-no-cache=1553265117394 HTTP/1.1" 200 30
200.54.107.2 - - [22/Mar/2019:11:35:34 -0300] "POST /cormun/servlet/trautorizarsolicitud?ecdd89847d201a972e6217e73bcf267e,,gx-no-cache=1553265115122 HTTP/1.1" 200 6646
186.103.159.186 - - [22/Mar/2019:11:35:35 -0300] "GET /cormun/servlet/trpermisosgoce? HTTP/1.1" 200 8120
200.54.107.2 - - [22/Mar/2019:11:35:36 -0300] "POST /cormun/servlet/trautorizarsolicitud?ecdd89847d201a972e6217e73bcf267e,,gx-no-cache=1553265117073 HTTP/1.1" 200 6658
186.103.159.186 - - [22/Mar/2019:11:35:37 -0300] "GET /cormun/servlet/trpermisosgoce? HTTP/1.1" 200 8117
190.171.141.106 - - [22/Mar/2019:11:35:38 -0300] "POST /cormun/servlet/solicitudot?gx-no-cache=1553265121719 HTTP/1.1" 200 1285
190.171.141.106 - - [22/Mar/2019:11:35:39 -0300] "POST /cormun/servlet/solicitudot?gx-no-cache=1553265121837 HTTP/1.1" 200 38
186.103.159.186 - - [22/Mar/2019:11:35:39 -0300] "GET /cormun/servlet/trpermisosadjuntos?13500082,20190320191945,P, HTTP/1.1" 200 6344
186.103.159.186 - - [22/Mar/2019:11:35:41 -0300] "GET /cormun/servlet/trpermisosadjuntos?13500082,20190320191945,P, HTTP/1.1" 200 6345
200.54.107.2 - - [22/Mar/2019:11:35:41 -0300] "GET /cormun/servlet/trsolicitudot? HTTP/1.1" 200 7489
200.54.107.2 - - [22/Mar/2019:11:35:41 -0300] "GET /cormun/servlet/trsolicitudot? HTTP/1.1" 200 7489
186.103.159.186 - - [22/Mar/2019:11:35:42 -0300] "GET /cormun/servlet/permisosadjuntos?INS,13500082,P,20190320191945,, HTTP/1.1" 200 5671
186.103.159.186 - - [22/Mar/2019:11:35:43 -0300] "GET /cormun/static/about:blank HTTP/1.1" 404 1011
186.103.159.186 - - [22/Mar/2019:11:35:43 -0300] "GET /cormun/servlet/permisosadjuntos?INS,13500082,P,20190320191945,, HTTP/1.1" 200 5661
200.54.107.2 - - [22/Mar/2019:11:35:52 -0300] "POST /cormun/servlet/trsolicitudot?ecdd89847d201a972e6217e73bcf267e,,gx-no-cache=1553265133372 HTTP/1.1" 200 4572
200.54.107.2 - - [22/Mar/2019:11:35:53 -0300] "POST /cormun/servlet/trsolicitudot?ecdd89847d201a972e6217e73bcf267e,,gx-no-cache=1553265134265 HTTP/1.1" 200 4570
200.54.107.2 - - [22/Mar/2019:11:35:54 -0300] "POST /cormun/servlet/trsolicitudot?ecdd89847d201a972e6217e73bcf267e,,gx-no-cache=1553265135201 HTTP/1.1" 200 4571
200.54.107.2 - - [22/Mar/2019:11:35:55 -0300] "POST /cormun/servlet/trsolicitudot?ecdd89847d201a972e6217e73bcf267e,,gx-no-cache=1553265135601 HTTP/1.1" 200 4571
200.54.107.2 - - [22/Mar/2019:11:35:55 -0300] "POST /cormun/servlet/trsolicitudot?ecdd89847d201a972e6217e73bcf267e,,gx-no-cache=1553265135912 HTTP/1.1" 200 4572
200.54.107.2 - - [22/Mar/2019:11:35:55 -0300] "POST /cormun/servlet/trsolicitudot?ecdd89847d201a972e6217e73bcf267e,,gx-no-cache=1553265136480 HTTP/1.1" 200 4571
200.54.107.2 - - [22/Mar/2019:11:35:56 -0300] "POST /cormun/servlet/trsolicitudot?ecdd89847d201a972e6217e73bcf267e,,gx-no-cache=1553265136776 HTTP/1.1" 200 4572
186.103.159.186 - - [22/Mar/2019:11:35:58 -0300] "POST /cormun/servlet/permisosadjuntos?108da120eb8dbc96b214f82ee3923911,INS,13500082,P,20190320191945,, HTTP/1.1" 200 116
186.103.159.186 - - [22/Mar/2019:11:35:58 -0300] "GET /cormun/servlet/hpexe_return? HTTP/1.1" 200 1037
186.103.159.186 - - [22/Mar/2019:11:35:59 -0300] "GET /cormun/servlet/trpermisosadjuntos?13500082,20190320191945,P, HTTP/1.1" 200 6829
186.103.159.186 - - [22/Mar/2019:11:36:00 -0300] "GET /cormun/servlet/trpermisosadjuntos?13500082,20190320191945,P, HTTP/1.1" 200 6826
186.103.159.186 - - [22/Mar/2019:11:36:03 -0300] "POST /cormun/servlet/trpermisosadjuntos?108da120eb8dbc96b214f82ee3923911,13500082,20190320191945,P,,gx-no-cache=1553265144410 HTTP/1.1" 200 90
186.103.159.186 - - [22/Mar/2019:11:36:03 -0300] "GET /cormun/servlet/hpexe_link HTTP/1.1" 200 982
186.103.159.186 - - [22/Mar/2019:11:36:03 -0300] "GET /cormun/servlet/trpermisosgoce HTTP/1.1" 200 8119
186.103.159.186 - - [22/Mar/2019:11:36:05 -0300] "GET /cormun/servlet/trpermisosgoce HTTP/1.1" 200 8118
200.54.107.2 - - [22/Mar/2019:11:36:10 -0300] "GET /cormun/servlet/trsolicitudot? HTTP/1.1" 200 7490
186.103.159.186 - - [22/Mar/2019:11:36:11 -0300] "POST /cormun/servlet/trpermisosgoce?108da120eb8dbc96b214f82ee3923911,gx-no-cache=1553265150546 HTTP/1.1" 200 5329
186.103.159.186 - - [22/Mar/2019:11:36:11 -0300] "GET /cormun/static/Shared/jqueryui/images/ui-icons_82798d_256x240.png HTTP/1.1" 404 1089
186.103.159.186 - - [22/Mar/2019:11:36:11 -0300] "GET /cormun/static/Shared/jqueryui/images/ui-bg_highlight-soft_100_c6c2c8_1x100.png HTTP/1.1" 404 1117
200.54.107.2 - - [22/Mar/2019:11:36:11 -0300] "GET /cormun/servlet/trsolicitudot? HTTP/1.1" 200 7490
186.103.159.186 - - [22/Mar/2019:11:36:11 -0300] "GET /cormun/static/Shared/jqueryui/images/ui-icons_8d78a5_256x240.png HTTP/1.1" 404 1089
186.103.159.186 - - [22/Mar/2019:11:36:11 -0300] "GET /cormun/static/Shared/jqueryui/images/ui-bg_flat_55_fafafa_40x100.png HTTP/1.1" 404 1097
200.54.107.2 - - [22/Mar/2019:11:36:13 -0300] "GET /cormun/servlet/trsolicitudot? HTTP/1.1" 200 7490
200.54.107.2 - - [22/Mar/2019:11:36:13 -0300] "GET /cormun/servlet/trsolicitudot? HTTP/1.1" 200 7490
186.103.159.186 - - [22/Mar/2019:11:36:18 -0300] "GET /cormun/servlet/hlogin HTTP/1.1" 200 1722
186.103.159.186 - - [22/Mar/2019:11:36:29 -0300] "POST /cormun/servlet/hlogin?108da120eb8dbc96b214f82ee3923911,gx-no-cache=1553265169903 HTTP/1.1" 200 90
186.103.159.186 - - [22/Mar/2019:11:36:29 -0300] "GET /cormun/servlet/hpexe_link HTTP/1.1" 200 952
186.103.159.186 - - [22/Mar/2019:11:36:29 -0300] "GET /cormun/servlet/hhome HTTP/1.1" 200 4208
186.103.159.186 - - [22/Mar/2019:11:36:31 -0300] "GET /cormun/servlet/hhome HTTP/1.1" 200 4204
186.103.159.186 - - [22/Mar/2019:11:36:34 -0300] "GET /cormun/servlet/trautorizarpermisogoce? HTTP/1.1" 200 7880
186.103.159.186 - - [22/Mar/2019:11:36:35 -0300] "GET /cormun/servlet/trautorizarpermisogoce? HTTP/1.1" 200 7878
186.103.159.186 - - [22/Mar/2019:11:36:40 -0300] "POST /cormun/servlet/trautorizarpermisogoce?108da120eb8dbc96b214f82ee3923911,,gx-no-cache=1553265180675 HTTP/1.1" 200 4442
186.103.159.186 - - [22/Mar/2019:11:36:40 -0300] "GET /cormun/static/Shared/jqueryui/images/ui-bg_highlight-soft_100_c6c2c8_1x100.png HTTP/1.1" 404 1117
186.103.159.186 - - [22/Mar/2019:11:36:40 -0300] "GET /cormun/static/Shared/jqueryui/images/ui-icons_82798d_256x240.png HTTP/1.1" 404 1089
186.103.159.186 - - [22/Mar/2019:11:36:40 -0300] "GET /cormun/static/Shared/jqueryui/images/ui-bg_flat_55_fafafa_40x100.png HTTP/1.1" 404 1097
186.103.159.186 - - [22/Mar/2019:11:36:40 -0300] "GET /cormun/static/Shared/jqueryui/images/ui-icons_8d78a5_256x240.png HTTP/1.1" 404 1089
200.54.107.2 - - [22/Mar/2019:11:37:49 -0300] "GET /cormun/servlet/trautorizarsolicitud? HTTP/1.1" 200 9524
200.54.107.2 - - [22/Mar/2019:11:37:49 -0300] "GET /cormun/servlet/trautorizarsolicitud? HTTP/1.1" 200 9523
200.54.107.2 - - [22/Mar/2019:11:37:57 -0300] "POST /cormun/servlet/trautorizarsolicitud?ecdd89847d201a972e6217e73bcf267e,,gx-no-cache=1553265258045 HTTP/1.1" 200 6660
200.54.107.2 - - [22/Mar/2019:11:37:57 -0300] "GET /cormun/static/Shared/jqueryui/images/ui-bg_highlight-soft_100_c6c2c8_1x100.png HTTP/1.1" 404 1117
200.54.107.2 - - [22/Mar/2019:11:37:57 -0300] "GET /cormun/static/Shared/jqueryui/images/ui-icons_82798d_256x240.png HTTP/1.1" 404 1089
200.54.107.2 - - [22/Mar/2019:11:37:57 -0300] "GET /cormun/static/Shared/jqueryui/images/ui-bg_flat_55_fafafa_40x100.png HTTP/1.1" 404 1097
200.54.107.2 - - [22/Mar/2019:11:37:57 -0300] "GET /cormun/static/Shared/jqueryui/images/ui-icons_8d78a5_256x240.png HTTP/1.1" 404 1089
200.54.107.2 - - [22/Mar/2019:11:38:06 -0300] "POST /cormun/servlet/trautorizarsolicitud?ecdd89847d201a972e6217e73bcf267e,,gx-no-cache=1553265266667 HTTP/1.1" 200 6658
200.54.107.2 - - [22/Mar/2019:11:38:07 -0300] "POST /cormun/servlet/trautorizarsolicitud?ecdd89847d201a972e6217e73bcf267e,,gx-no-cache=1553265267978 HTTP/1.1" 200 6659
200.54.107.2 - - [22/Mar/2019:11:38:37 -0300] "POST /cormun/servlet/trautorizarsolicitud?ecdd89847d201a972e6217e73bcf267e,,gx-no-cache=1553265298092 HTTP/1.1" 200 9305
200.54.107.2 - - [22/Mar/2019:11:38:57 -0300] "GET /cormun/servlet/trautorizarsolicitud? HTTP/1.1" 200 12179
200.54.107.2 - - [22/Mar/2019:11:38:58 -0300] "GET /cormun/servlet/trautorizarsolicitud? HTTP/1.1" 200 12179
200.54.107.2 - - [22/Mar/2019:11:39:05 -0300] "POST /cormun/servlet/trautorizarsolicitud?ecdd89847d201a972e6217e73bcf267e,,gx-no-cache=1553265325892 HTTP/1.1" 200 4487
200.54.107.2 - - [22/Mar/2019:11:39:09 -0300] "POST /cormun/servlet/trautorizarsolicitud?ecdd89847d201a972e6217e73bcf267e,,gx-no-cache=1553265330417 HTTP/1.1" 200 6644
200.54.107.2 - - [22/Mar/2019:11:39:15 -0300] "GET /cormun/servlet/trautorizarsolicitud? HTTP/1.1" 200 9523
200.54.107.2 - - [22/Mar/2019:11:39:16 -0300] "GET /cormun/servlet/trautorizarsolicitud? HTTP/1.1" 200 9523
200.54.107.2 - - [22/Mar/2019:11:39:16 -0300] "GET /favicon.ico HTTP/1.1" 200 21630
200.54.107.2 - - [22/Mar/2019:11:39:36 -0300] "GET /cormun/servlet/trpermisosgoce HTTP/1.1" 200 6110
200.54.107.2 - - [22/Mar/2019:11:39:37 -0300] "GET /cormun/servlet/hlogin HTTP/1.1" 200 1742
200.54.107.2 - - [22/Mar/2019:11:39:37 -0300] "GET /cormun/servlet/trpermisosgoce HTTP/1.1" 200 6119
200.54.107.2 - - [22/Mar/2019:11:39:38 -0300] "POST /cormun/servlet/hlogin?626472a37c9f71759b89f95b01a1268f,gx-no-cache=1553265359274 HTTP/1.1" 200 90
200.54.107.2 - - [22/Mar/2019:11:39:38 -0300] "GET /cormun/servlet/hpexe_link HTTP/1.1" 200 959
200.54.107.2 - - [22/Mar/2019:11:39:39 -0300] "GET /cormun/servlet/trpermisosgoce HTTP/1.1" 200 7910
200.54.107.2 - - [22/Mar/2019:11:39:39 -0300] "GET /cormun/servlet/trpermisosgoce HTTP/1.1" 200 7908
200.54.107.2 - - [22/Mar/2019:11:40:26 -0300] "GET /cormun/servlet/trautorizarsolicitud? HTTP/1.1" 200 7370
200.54.107.2 - - [22/Mar/2019:11:40:26 -0300] "GET /cormun/servlet/trautorizarsolicitud? HTTP/1.1" 200 7369
200.54.107.2 - - [22/Mar/2019:11:40:31 -0300] "POST /cormun/servlet/trautorizarsolicitud?626472a37c9f71759b89f95b01a1268f,,gx-no-cache=1553265412363 HTTP/1.1" 200 6639
200.54.107.2 - - [22/Mar/2019:11:40:37 -0300] "POST /cormun/servlet/trautorizarsolicitud?626472a37c9f71759b89f95b01a1268f,,gx-no-cache=1553265417765 HTTP/1.1" 200 6652
200.54.107.2 - - [22/Mar/2019:11:40:37 -0300] "GET /cormun/static/Shared/jqueryui/images/ui-bg_highlight-soft_100_c6c2c8_1x100.png HTTP/1.1" 404 1117
200.54.107.2 - - [22/Mar/2019:11:40:37 -0300] "GET /cormun/static/Shared/jqueryui/images/ui-icons_82798d_256x240.png HTTP/1.1" 404 1089
200.54.107.2 - - [22/Mar/2019:11:40:37 -0300] "GET /cormun/static/Shared/jqueryui/images/ui-bg_flat_55_fafafa_40x100.png HTTP/1.1" 404 1097
200.54.107.2 - - [22/Mar/2019:11:40:37 -0300] "GET /cormun/static/Shared/jqueryui/images/ui-icons_8d78a5_256x240.png HTTP/1.1" 404 1089
190.171.141.106 - - [22/Mar/2019:11:41:53 -0300] "GET /cormun/servlet/solicitudot?640b1f8e397d42bae2eabfba78bd68cf17acac1b9b858e136422c0284c52993d983ee232abf03c5765790077154a52a2f6bb479fa1836752b5d1e39d44174ce25c9d35bb265442abec67af9f6a8ff143924e80960f579da43fc7d0aa71542f7e3868ed08400f560d6fe26f4fd9d90b34,gx-no-cache=1553265495781 HTTP/1.1" 200 110
190.171.141.106 - - [22/Mar/2019:11:42:36 -0300] "POST /cormun/servlet/solicitudot?gx-no-cache=1553265539046 HTTP/1.1" 200 83
190.171.141.106 - - [22/Mar/2019:11:42:55 -0300] "GET /cormun/servlet/solicitudot?640b1f8e397d42bae2eabfba78bd68cfecf03958d314e6a6aef29ca35ebc42fa0a57bec34bbf4645dcdc7ad143fdb2af77e40ad4d6d18c4281a93104c54f4cfd1a8cfede6d124cf484696b4ce5225f78d5fe71a0b795b6b26069dfa6bb5b993f51a20aa5ed7a70b3e3c4d4a3907f1e66,gx-no-cache=1553265558725 HTTP/1.1" 200 29
186.103.159.204 - - [22/Mar/2019:11:43:14 -0300] "GET /cormun/servlet/hlogin HTTP/1.1" 200 1727
186.103.159.204 - - [22/Mar/2019:11:43:17 -0300] "POST /cormun/servlet/hlogin?ad3ec8970054f9dcfda338c509b93cbe,gx-no-cache=1553265571699 HTTP/1.1" 200 90
186.103.159.204 - - [22/Mar/2019:11:43:17 -0300] "GET /cormun/servlet/hpexe_link HTTP/1.1" 200 951
186.103.159.204 - - [22/Mar/2019:11:43:17 -0300] "GET /cormun/servlet/hhome HTTP/1.1" 200 4016
186.103.159.204 - - [22/Mar/2019:11:43:18 -0300] "GET /cormun/servlet/hhome HTTP/1.1" 200 4013
190.171.141.106 - - [22/Mar/2019:11:44:54 -0300] "GET /cormun/servlet/solicitudot?640b1f8e397d42bae2eabfba78bd68cf79de1b3b46d8b31fad5da6608cb0040c85e6fe119db852e1b0a024fb0ac45f64,gx-no-cache=1553265677464 HTTP/1.1" 200 30
190.171.141.106 - - [22/Mar/2019:11:45:06 -0300] "POST /cormun/servlet/solicitudot?gx-no-cache=1553265689202 HTTP/1.1" 200 30
190.171.141.106 - - [22/Mar/2019:11:45:37 -0300] "POST /cormun/servlet/solicitudot?5ddb71454b0b3f0422c96643d452013d,INS,0,0,,gx-no-cache=1553265720598 HTTP/1.1" 200 12088
190.171.141.106 - - [22/Mar/2019:11:47:07 -0300] "GET /cormun/servlet/solicitudot?640b1f8e397d42bae2eabfba78bd68cf689e440ae22cf1560f8360c0d701bf5cfa31d47b1c9a2b2abecbc594e1ed70989d40f3709682da3fe9144198294cc31a,gx-no-cache=1553265810813 HTTP/1.1" 200 30
190.171.141.106 - - [22/Mar/2019:11:47:08 -0300] "GET /cormun/servlet/solicitudot?640b1f8e397d42bae2eabfba78bd68cf4c72b90bd9bdc9a9da1045e4d64186d104a1f3b39abd32309d1cf08bcb7a84c638a308f6bc25e240c4f0c10d7e303a7132727952868eab713d24637842731a771cbd9ae430d635111ac53361cfa2d8c52e231c16105e06bc83638087f9e180a4998c408ee907fb348d390018a2b98c0104af86bb5105edb6edf8d72f849e917e522438c406b352f0290607ab6e3d9465c6244e0677019bf91b5f3ac55664649aae3aab9615d90721e2ddc1a872e06ffaefd403464f4711f1d352ed349353aa1933ab83644260edee414d8693e882fa905fa56213a712d547e3168ca0c2c24970c9107d1e86e76ae2a3af4144db8d1a5d05d775ac6feb6252459027ee5b548ccb1ef2d51eb382fd6aae5c6ff41170c9938ab04b98a921afc93d164b5e36bb6795bec92a190251f3df3430d4d72f4ba0f84ce4764b4c26ec0933585bf0bf2c6a760cc6d7e60f992fc4b9dd0b8f73df9ad048953db9736f66689d4f7396e8a5e756ed94f14918a811983ead477b5556069e482d570669b8a92dc1dacd0eb6f8770f,gx-no-cache=1553265810873 HTTP/1.1" 200 30
190.171.141.106 - - [22/Mar/2019:11:47:08 -0300] "POST /cormun/servlet/solicitudot?gx-no-cache=1553265810904 HTTP/1.1" 200 30
190.171.141.106 - - [22/Mar/2019:11:47:08 -0300] "POST /cormun/servlet/solicitudot?gx-no-cache=1553265810940 HTTP/1.1" 200 1288
190.171.141.106 - - [22/Mar/2019:11:47:08 -0300] "POST /cormun/servlet/solicitudot?gx-no-cache=1553265811026 HTTP/1.1" 200 40
190.171.141.106 - - [22/Mar/2019:11:47:08 -0300] "GET /cormun/servlet/solicitudot?640b1f8e397d42bae2eabfba78bd68cf17acac1b9b858e136422c0284c52993d983ee232abf03c5765790077154a52a2f6bb479fa1836752b5d1e39d44174ce25c9d35bb265442abec67af9f6a8ff143924e80960f579da43fc7d0aa71542f7e3868ed08400f560d6fe26f4fd9d90b34,gx-no-cache=1553265811066 HTTP/1.1" 200 110
190.171.141.106 - - [22/Mar/2019:11:47:08 -0300] "POST /cormun/servlet/solicitudot?gx-no-cache=1553265811102 HTTP/1.1" 200 83
190.171.141.106 - - [22/Mar/2019:11:47:08 -0300] "GET /cormun/servlet/solicitudot?640b1f8e397d42bae2eabfba78bd68cf79de1b3b46d8b31fad5da6608cb0040c85e6fe119db852e1b0a024fb0ac45f64,gx-no-cache=1553265811142 HTTP/1.1" 200 30
190.171.141.106 - - [22/Mar/2019:11:47:08 -0300] "POST /cormun/servlet/solicitudot?gx-no-cache=1553265811175 HTTP/1.1" 200 30
190.171.141.106 - - [22/Mar/2019:11:47:08 -0300] "POST /cormun/servlet/solicitudot?5ddb71454b0b3f0422c96643d452013d,INS,0,0,,gx-no-cache=1553265811221 HTTP/1.1" 200 93
190.171.141.106 - - [22/Mar/2019:11:47:08 -0300] "GET /cormun/servlet/hpexe_return? HTTP/1.1" 200 1006
190.171.141.106 - - [22/Mar/2019:11:47:09 -0300] "GET /cormun/static/gxcfg.js?2016101716175148 HTTP/1.1" 304 -
190.171.141.106 - - [22/Mar/2019:11:47:09 -0300] "GET /cormun/servlet/trsolicitudot? HTTP/1.1" 200 8577
190.171.141.106 - - [22/Mar/2019:11:47:10 -0300] "GET /cormun/servlet/trsolicitudot? HTTP/1.1" 200 8573
190.171.141.106 - - [22/Mar/2019:11:47:54 -0300] "POST /cormun/servlet/trsolicitudot?5ddb71454b0b3f0422c96643d452013d,,gx-no-cache=1553265856864 HTTP/1.1" 200 107
190.171.141.106 - - [22/Mar/2019:11:47:54 -0300] "GET /cormun/servlet/trsolicitudadjuntos?2019,14889, HTTP/1.1" 200 6104
190.171.141.106 - - [22/Mar/2019:11:47:54 -0300] "GET /cormun/static/gxcfg.js?20177612135366 HTTP/1.1" 304 -
190.171.141.106 - - [22/Mar/2019:11:47:54 -0300] "GET /cormun/servlet/trsolicitudadjuntos?2019,14889, HTTP/1.1" 200 6104
190.171.141.106 - - [22/Mar/2019:11:47:58 -0300] "GET /cormun/servlet/solicitudotadjuntos?INS,2019,14889,,2, HTTP/1.1" 200 6050
190.171.141.106 - - [22/Mar/2019:11:47:59 -0300] "GET /cormun/static/gxcfg.js?2017761244068 HTTP/1.1" 304 -
190.171.141.106 - - [22/Mar/2019:11:47:59 -0300] "GET /cormun/static/about:blank HTTP/1.1" 404 1011
190.171.141.106 - - [22/Mar/2019:11:47:59 -0300] "GET /cormun/servlet/solicitudotadjuntos?INS,2019,14889,,2, HTTP/1.1" 200 6043
190.171.141.106 - - [22/Mar/2019:11:47:59 -0300] "GET /cormun/servlet/solicitudotadjuntos?640b1f8e397d42bae2eabfba78bd68cfd459be0f0dc88918a02e4d91bb583dfa30b8a0893ced1ec007da1a492ac57d66,gx-no-cache=1553265862770 HTTP/1.1" 200 30
190.171.141.106 - - [22/Mar/2019:11:48:00 -0300] "POST /cormun/servlet/solicitudotadjuntos?5ddb71454b0b3f0422c96643d452013d,INS,2019,14889,,2,,gx-no-cache=1553265862810 HTTP/1.1" 200 4064
190.171.141.106 - - [22/Mar/2019:11:48:08 -0300] "POST /cormun/servlet/solicitudotadjuntos?5ddb71454b0b3f0422c96643d452013d,INS,2019,14889,,2,,gx-no-cache=1553265870863 HTTP/1.1" 200 93
190.171.141.106 - - [22/Mar/2019:11:48:08 -0300] "GET /cormun/servlet/hpexe_return? HTTP/1.1" 200 1026
190.171.141.106 - - [22/Mar/2019:11:48:08 -0300] "GET /cormun/servlet/trsolicitudadjuntos?2019,14889, HTTP/1.1" 200 6108
190.171.141.106 - - [22/Mar/2019:11:48:08 -0300] "GET /cormun/servlet/trsolicitudadjuntos?2019,14889, HTTP/1.1" 200 6104
190.171.141.106 - - [22/Mar/2019:11:48:14 -0300] "GET /cormun/servlet/solicitudotadjuntos?INS,2019,14889,,1, HTTP/1.1" 200 6050
190.171.141.106 - - [22/Mar/2019:11:48:14 -0300] "GET /cormun/static/about:blank HTTP/1.1" 404 1011
190.171.141.106 - - [22/Mar/2019:11:48:14 -0300] "GET /cormun/servlet/solicitudotadjuntos?INS,2019,14889,,1, HTTP/1.1" 200 6044
190.171.141.106 - - [22/Mar/2019:11:48:15 -0300] "GET /cormun/servlet/solicitudotadjuntos?640b1f8e397d42bae2eabfba78bd68cfd459be0f0dc88918a02e4d91bb583dfa30b8a0893ced1ec007da1a492ac57d66,gx-no-cache=1553265878322 HTTP/1.1" 200 30
190.171.141.106 - - [22/Mar/2019:11:48:15 -0300] "POST /cormun/servlet/solicitudotadjuntos?5ddb71454b0b3f0422c96643d452013d,INS,2019,14889,,1,,gx-no-cache=1553265878360 HTTP/1.1" 200 3857
190.171.141.106 - - [22/Mar/2019:11:48:55 -0300] "POST /cormun/servlet/solicitudotadjuntos?gx-no-cache=1553265918123 HTTP/1.1" 200 26
157.55.39.223 - - [22/Mar/2019:11:49:33 -0300] "GET /cormun/servlet/trlicenciaspermisoslog?18044693,L,20190109000000,_escaped_fragment_%3D HTTP/1.1" 200 5347
186.67.172.234 - - [22/Mar/2019:11:50:53 -0300] "GET /cormun/servlet/hlogin HTTP/1.1" 200 1724
186.67.172.234 - - [22/Mar/2019:11:50:53 -0300] "GET /cormun/servlet/hlogin HTTP/1.1" 200 1726
186.67.172.234 - - [22/Mar/2019:11:50:53 -0300] "GET /cormun/servlet/hlogin HTTP/1.1" 200 1737
186.67.172.234 - - [22/Mar/2019:11:51:07 -0300] "POST /cormun/servlet/hlogin?349fa4d8953cd1a3161309e8326048e5,gx-no-cache=1553266046898 HTTP/1.1" 200 446
190.171.141.106 - - [22/Mar/2019:11:51:14 -0300] "POST /cormun/servlet/solicitudotadjuntos?gx-no-cache=1553266056797 HTTP/1.1" 200 26
186.67.172.234 - - [22/Mar/2019:11:51:17 -0300] "POST /cormun/servlet/hlogin?349fa4d8953cd1a3161309e8326048e5,gx-no-cache=1553266057080 HTTP/1.1" 200 90
186.67.172.234 - - [22/Mar/2019:11:51:17 -0300] "GET /cormun/servlet/hpexe_link HTTP/1.1" 200 954
186.67.172.234 - - [22/Mar/2019:11:51:17 -0300] "GET /cormun/servlet/hhome HTTP/1.1" 200 4349
186.67.172.234 - - [22/Mar/2019:11:51:18 -0300] "GET /cormun/servlet/hhome HTTP/1.1" 200 4345
186.67.172.234 - - [22/Mar/2019:11:51:26 -0300] "GET /cormun/servlet/trpermisosgoce? HTTP/1.1" 200 9299
186.67.172.234 - - [22/Mar/2019:11:51:27 -0300] "GET /cormun/servlet/trpermisosgoce? HTTP/1.1" 200 9297
190.171.141.106 - - [22/Mar/2019:11:51:27 -0300] "GET /cormun/servlet/solicitudotadjuntos?640b1f8e397d42bae2eabfba78bd68cfd43d7b11c88b6f7e73aa3770431c21d6,gx-no-cache=1553266070288 HTTP/1.1" 200 30
190.171.141.106 - - [22/Mar/2019:11:51:27 -0300] "GET /cormun/servlet/solicitudotadjuntos?640b1f8e397d42bae2eabfba78bd68cfd43d7b11c88b6f7e73aa3770431c21d6,gx-no-cache=1553266070358 HTTP/1.1" 200 30
190.171.141.106 - - [22/Mar/2019:11:51:29 -0300] "POST /cormun/servlet/solicitudotadjuntos?5ddb71454b0b3f0422c96643d452013d,INS,2019,14889,,1, HTTP/1.1" 200 116
190.171.141.106 - - [22/Mar/2019:11:51:29 -0300] "GET /cormun/servlet/hpexe_return? HTTP/1.1" 200 1026
190.171.141.106 - - [22/Mar/2019:11:51:29 -0300] "GET /cormun/servlet/trsolicitudadjuntos?2019,14889, HTTP/1.1" 200 8664
190.171.141.106 - - [22/Mar/2019:11:51:30 -0300] "GET /cormun/servlet/trsolicitudadjuntos?2019,14889, HTTP/1.1" 200 8660
186.67.172.234 - - [22/Mar/2019:11:51:33 -0300] "GET /cormun/servlet/permisogoce?INS,0,,, HTTP/1.1" 200 7218
186.67.172.234 - - [22/Mar/2019:11:51:33 -0300] "GET /cormun/servlet/permisogoce?INS,0,,, HTTP/1.1" 200 7218
190.171.141.106 - - [22/Mar/2019:11:51:37 -0300] "GET /cormun/servlet/solicitudotadjuntos?INS,2019,14889,,1, HTTP/1.1" 200 6050
190.171.141.106 - - [22/Mar/2019:11:51:37 -0300] "GET /cormun/static/about:blank HTTP/1.1" 404 1011
190.171.141.106 - - [22/Mar/2019:11:51:38 -0300] "GET /cormun/servlet/solicitudotadjuntos?INS,2019,14889,,1, HTTP/1.1" 200 6044
190.171.141.106 - - [22/Mar/2019:11:51:38 -0300] "GET /cormun/servlet/solicitudotadjuntos?640b1f8e397d42bae2eabfba78bd68cfd459be0f0dc88918a02e4d91bb583dfa30b8a0893ced1ec007da1a492ac57d66,gx-no-cache=1553266081552 HTTP/1.1" 200 30
190.171.141.106 - - [22/Mar/2019:11:51:39 -0300] "POST /cormun/servlet/solicitudotadjuntos?5ddb71454b0b3f0422c96643d452013d,INS,2019,14889,,1,,gx-no-cache=1553266081712 HTTP/1.1" 200 3857
186.67.172.234 - - [22/Mar/2019:11:51:42 -0300] "GET /cormun/servlet/permisogoce?89b7bb38cb1cfe2760ae1ba77c978790f0b0b89a783ea4f72bcdab227cb9d6e3807158d50c5c2e16dcb92c97397021004331539482bb27823a249ebfc1421b65,gx-no-cache=1553266082475 HTTP/1.1" 200 78
186.67.172.234 - - [22/Mar/2019:11:51:42 -0300] "GET /cormun/static/menuarrow.gif HTTP/1.1" 404 1015
186.67.172.234 - - [22/Mar/2019:11:51:53 -0300] "GET /cormun/servlet/permisogoce?89b7bb38cb1cfe2760ae1ba77c9787903befb0b5cb8149a671bf2cf9f0fcfce43369bd0ff426727b3cf38ca661092e7dd6288c43c26d22e1739e609868abb7b1,gx-no-cache=1553266092816 HTTP/1.1" 200 47
190.171.141.106 - - [22/Mar/2019:11:51:55 -0300] "POST /cormun/servlet/solicitudotadjuntos?gx-no-cache=1553266098177 HTTP/1.1" 200 26
186.67.172.234 - - [22/Mar/2019:11:51:57 -0300] "POST /cormun/servlet/permisogoce?349fa4d8953cd1a3161309e8326048e5,INS,0,,,,gx-no-cache=1553266096819 HTTP/1.1" 200 93
186.67.172.234 - - [22/Mar/2019:11:51:57 -0300] "GET /cormun/servlet/hpexe_return? HTTP/1.1" 200 1013
186.67.172.234 - - [22/Mar/2019:11:51:58 -0300] "GET /cormun/servlet/trpermisosgoce HTTP/1.1" 200 9576
186.67.172.234 - - [22/Mar/2019:11:51:58 -0300] "GET /cormun/servlet/trpermisosgoce HTTP/1.1" 200 9573
190.171.141.106 - - [22/Mar/2019:11:52:03 -0300] "GET /cormun/servlet/solicitudotadjuntos?640b1f8e397d42bae2eabfba78bd68cfd43d7b11c88b6f7e73aa3770431c21d6,gx-no-cache=1553266106320 HTTP/1.1" 200 30
190.171.141.106 - - [22/Mar/2019:11:52:03 -0300] "GET /cormun/servlet/solicitudotadjuntos?640b1f8e397d42bae2eabfba78bd68cfd43d7b11c88b6f7e73aa3770431c21d6,gx-no-cache=1553266106533 HTTP/1.1" 200 30
190.171.141.106 - - [22/Mar/2019:11:52:06 -0300] "POST /cormun/servlet/solicitudotadjuntos?5ddb71454b0b3f0422c96643d452013d,INS,2019,14889,,1, HTTP/1.1" 200 116
190.171.141.106 - - [22/Mar/2019:11:52:06 -0300] "GET /cormun/servlet/hpexe_return? HTTP/1.1" 200 1026
190.171.141.106 - - [22/Mar/2019:11:52:06 -0300] "GET /cormun/servlet/trsolicitudadjuntos?2019,14889, HTTP/1.1" 200 8884
190.171.141.106 - - [22/Mar/2019:11:52:07 -0300] "GET /cormun/servlet/trsolicitudadjuntos?2019,14889, HTTP/1.1" 200 8881
186.67.172.234 - - [22/Mar/2019:11:52:10 -0300] "GET /cormun/servlet/permisogoce?INS,0,,, HTTP/1.1" 200 7218
186.67.172.234 - - [22/Mar/2019:11:52:11 -0300] "GET /cormun/servlet/permisogoce?INS,0,,, HTTP/1.1" 200 7219
190.171.141.106 - - [22/Mar/2019:11:52:12 -0300] "GET /cormun/servlet/solicitudotadjuntos?INS,2019,14889,,1, HTTP/1.1" 200 6050
190.171.141.106 - - [22/Mar/2019:11:52:12 -0300] "GET /cormun/static/about:blank HTTP/1.1" 404 1011
190.171.141.106 - - [22/Mar/2019:11:52:12 -0300] "GET /cormun/servlet/solicitudotadjuntos?INS,2019,14889,,1, HTTP/1.1" 200 6044
190.171.141.106 - - [22/Mar/2019:11:52:13 -0300] "GET /cormun/servlet/solicitudotadjuntos?640b1f8e397d42bae2eabfba78bd68cfd459be0f0dc88918a02e4d91bb583dfa30b8a0893ced1ec007da1a492ac57d66,gx-no-cache=1553266116119 HTTP/1.1" 200 30
190.171.141.106 - - [22/Mar/2019:11:52:13 -0300] "POST /cormun/servlet/solicitudotadjuntos?5ddb71454b0b3f0422c96643d452013d,INS,2019,14889,,1,,gx-no-cache=1553266116172 HTTP/1.1" 200 3857
190.171.141.106 - - [22/Mar/2019:11:52:18 -0300] "POST /cormun/servlet/solicitudotadjuntos?gx-no-cache=1553266121285 HTTP/1.1" 200 26
186.67.172.234 - - [22/Mar/2019:11:52:21 -0300] "GET /cormun/servlet/permisogoce?89b7bb38cb1cfe2760ae1ba77c9787900402cca530ab1a21c80f9d5767016eaac58ed974ea4358159fbe638f2d6ff82f,gx-no-cache=1553266121465 HTTP/1.1" 200 76
186.67.172.234 - - [22/Mar/2019:11:52:21 -0300] "GET /cormun/static/menuarrow.gif HTTP/1.1" 404 1015
186.67.172.234 - - [22/Mar/2019:11:52:34 -0300] "GET /cormun/servlet/permisogoce?89b7bb38cb1cfe2760ae1ba77c9787902a9e6ba334948b34fc1a4bb2a12fa4aa278c8d1e6399fb1da802e4cb9342c058db6a378e008ec87096eddc06609676e6,gx-no-cache=1553266134456 HTTP/1.1" 200 47
190.171.141.106 - - [22/Mar/2019:11:52:35 -0300] "POST /cormun/servlet/solicitudotadjuntos?gx-no-cache=1553266137931 HTTP/1.1" 200 26
186.67.172.234 - - [22/Mar/2019:11:52:38 -0300] "POST /cormun/servlet/permisogoce?349fa4d8953cd1a3161309e8326048e5,INS,0,,,,gx-no-cache=1553266138322 HTTP/1.1" 200 93
186.67.172.234 - - [22/Mar/2019:11:52:38 -0300] "GET /cormun/servlet/hpexe_return? HTTP/1.1" 200 1013
186.67.172.234 - - [22/Mar/2019:11:52:39 -0300] "GET /cormun/servlet/trpermisosgoce HTTP/1.1" 200 9788
186.67.172.234 - - [22/Mar/2019:11:52:39 -0300] "GET /cormun/servlet/trpermisosgoce HTTP/1.1" 200 9776
190.171.141.106 - - [22/Mar/2019:11:52:42 -0300] "POST /cormun/servlet/solicitudotadjuntos?5ddb71454b0b3f0422c96643d452013d,INS,2019,14889,,1, HTTP/1.1" 200 116
190.171.141.106 - - [22/Mar/2019:11:52:42 -0300] "GET /cormun/servlet/hpexe_return? HTTP/1.1" 200 1026
190.171.141.106 - - [22/Mar/2019:11:52:43 -0300] "GET /cormun/servlet/trsolicitudadjuntos?2019,14889, HTTP/1.1" 200 8884
190.171.141.106 - - [22/Mar/2019:11:52:43 -0300] "GET /cormun/servlet/trsolicitudadjuntos?2019,14889, HTTP/1.1" 200 8882
186.67.172.234 - - [22/Mar/2019:11:52:44 -0300] "GET /cormun/servlet/permisogoce?INS,0,,, HTTP/1.1" 200 7218
186.67.172.234 - - [22/Mar/2019:11:52:44 -0300] "GET /cormun/servlet/permisogoce?INS,0,,, HTTP/1.1" 200 7218
186.67.172.234 - - [22/Mar/2019:11:52:52 -0300] "GET /cormun/servlet/permisogoce?89b7bb38cb1cfe2760ae1ba77c978790cf90b95acd2f619b7247d1f24cd5bc4c807158d50c5c2e16dcb92c97397021004331539482bb27823a249ebfc1421b65,gx-no-cache=1553266152160 HTTP/1.1" 200 78
186.67.172.234 - - [22/Mar/2019:11:52:52 -0300] "GET /cormun/static/menuarrow.gif HTTP/1.1" 404 1015
190.171.141.106 - - [22/Mar/2019:11:52:57 -0300] "GET /cormun/servlet/solicitudotadjuntos?INS,2019,14889,,1, HTTP/1.1" 200 6051
190.171.141.106 - - [22/Mar/2019:11:52:57 -0300] "GET /cormun/static/about:blank HTTP/1.1" 404 1011
190.171.141.106 - - [22/Mar/2019:11:52:57 -0300] "GET /cormun/servlet/solicitudotadjuntos?INS,2019,14889,,1, HTTP/1.1" 200 6044
190.171.141.106 - - [22/Mar/2019:11:52:58 -0300] "GET /cormun/servlet/solicitudotadjuntos?640b1f8e397d42bae2eabfba78bd68cfd459be0f0dc88918a02e4d91bb583dfa30b8a0893ced1ec007da1a492ac57d66,gx-no-cache=1553266161063 HTTP/1.1" 200 30
190.171.141.106 - - [22/Mar/2019:11:52:58 -0300] "POST /cormun/servlet/solicitudotadjuntos?5ddb71454b0b3f0422c96643d452013d,INS,2019,14889,,1,,gx-no-cache=1553266161101 HTTP/1.1" 200 3857
186.67.172.234 - - [22/Mar/2019:11:53:02 -0300] "GET /cormun/servlet/permisogoce?89b7bb38cb1cfe2760ae1ba77c978790b5cdd370c524b1a9fbf56c522750c11e38169140df931948878bf21bb58db911d6288c43c26d22e1739e609868abb7b1,gx-no-cache=1553266162119 HTTP/1.1" 200 47
186.67.172.234 - - [22/Mar/2019:11:53:07 -0300] "POST /cormun/servlet/permisogoce?349fa4d8953cd1a3161309e8326048e5,INS,0,,,,gx-no-cache=1553266166537 HTTP/1.1" 200 93
186.67.172.234 - - [22/Mar/2019:11:53:07 -0300] "GET /cormun/servlet/hpexe_return? HTTP/1.1" 200 1013
186.67.172.234 - - [22/Mar/2019:11:53:07 -0300] "GET /cormun/servlet/trpermisosgoce HTTP/1.1" 200 9986
186.67.172.234 - - [22/Mar/2019:11:53:07 -0300] "GET /cormun/servlet/trpermisosgoce HTTP/1.1" 200 9985
190.171.141.106 - - [22/Mar/2019:11:53:09 -0300] "POST /cormun/servlet/solicitudotadjuntos?gx-no-cache=1553266172173 HTTP/1.1" 200 26
186.67.172.234 - - [22/Mar/2019:11:53:11 -0300] "GET /cormun/servlet/permisogoce?INS,0,,, HTTP/1.1" 200 7218
186.67.172.234 - - [22/Mar/2019:11:53:11 -0300] "GET /cormun/servlet/permisogoce?INS,0,,, HTTP/1.1" 200 7218
186.67.172.234 - - [22/Mar/2019:11:53:20 -0300] "GET /cormun/servlet/permisogoce?89b7bb38cb1cfe2760ae1ba77c978790cc6e832ca5f1df5245bf62626d79dcad807158d50c5c2e16dcb92c97397021004331539482bb27823a249ebfc1421b65,gx-no-cache=1553266180264 HTTP/1.1" 200 72
186.67.172.234 - - [22/Mar/2019:11:53:20 -0300] "GET /cormun/static/menuarrow.gif HTTP/1.1" 404 1015
190.171.141.106 - - [22/Mar/2019:11:53:23 -0300] "GET /cormun/servlet/solicitudotadjuntos?640b1f8e397d42bae2eabfba78bd68cfd43d7b11c88b6f7e73aa3770431c21d6,gx-no-cache=1553266186711 HTTP/1.1" 200 30
190.171.141.106 - - [22/Mar/2019:11:53:24 -0300] "GET /cormun/servlet/solicitudotadjuntos?640b1f8e397d42bae2eabfba78bd68cfd43d7b11c88b6f7e73aa3770431c21d6,gx-no-cache=1553266186753 HTTP/1.1" 200 30
190.171.141.106 - - [22/Mar/2019:11:53:25 -0300] "POST /cormun/servlet/solicitudotadjuntos?5ddb71454b0b3f0422c96643d452013d,INS,2019,14889,,1, HTTP/1.1" 200 116
190.171.141.106 - - [22/Mar/2019:11:53:25 -0300] "GET /cormun/servlet/hpexe_return? HTTP/1.1" 200 1026
190.171.141.106 - - [22/Mar/2019:11:53:25 -0300] "GET /cormun/servlet/trsolicitudadjuntos?2019,14889, HTTP/1.1" 200 9067
190.171.141.106 - - [22/Mar/2019:11:53:26 -0300] "GET /cormun/servlet/trsolicitudadjuntos?2019,14889, HTTP/1.1" 200 9066
186.67.172.234 - - [22/Mar/2019:11:53:29 -0300] "GET /cormun/servlet/permisogoce?89b7bb38cb1cfe2760ae1ba77c9787903585eac74f44e26e565f8f5682c38e8ea9cd8f5fc24526f903e32100c559e0c8d6288c43c26d22e1739e609868abb7b1,gx-no-cache=1553266189399 HTTP/1.1" 200 47
190.171.141.106 - - [22/Mar/2019:11:53:31 -0300] "GET /cormun/servlet/solicitudotadjuntos?INS,2019,14889,,1, HTTP/1.1" 200 6051
190.171.141.106 - - [22/Mar/2019:11:53:31 -0300] "GET /cormun/static/about:blank HTTP/1.1" 404 1011
190.171.141.106 - - [22/Mar/2019:11:53:31 -0300] "GET /cormun/servlet/solicitudotadjuntos?INS,2019,14889,,1, HTTP/1.1" 200 6044
190.171.141.106 - - [22/Mar/2019:11:53:32 -0300] "GET /cormun/servlet/solicitudotadjuntos?640b1f8e397d42bae2eabfba78bd68cfd459be0f0dc88918a02e4d91bb583dfa30b8a0893ced1ec007da1a492ac57d66,gx-no-cache=1553266195314 HTTP/1.1" 200 30
190.171.141.106 - - [22/Mar/2019:11:53:32 -0300] "POST /cormun/servlet/solicitudotadjuntos?5ddb71454b0b3f0422c96643d452013d,INS,2019,14889,,1,,gx-no-cache=1553266195359 HTTP/1.1" 200 3857
186.67.172.234 - - [22/Mar/2019:11:53:32 -0300] "POST /cormun/servlet/permisogoce?349fa4d8953cd1a3161309e8326048e5,INS,0,,,,gx-no-cache=1553266192201 HTTP/1.1" 200 93
186.67.172.234 - - [22/Mar/2019:11:53:32 -0300] "GET /cormun/servlet/hpexe_return? HTTP/1.1" 200 1013
186.67.172.234 - - [22/Mar/2019:11:53:33 -0300] "GET /cormun/servlet/trpermisosgoce HTTP/1.1" 200 10209
186.67.172.234 - - [22/Mar/2019:11:53:33 -0300] "GET /cormun/servlet/trpermisosgoce HTTP/1.1" 200 10188
190.171.141.106 - - [22/Mar/2019:11:53:48 -0300] "POST /cormun/servlet/solicitudotadjuntos?gx-no-cache=1553266211094 HTTP/1.1" 200 26
186.67.172.234 - - [22/Mar/2019:11:53:55 -0300] "GET /cormun/servlet/permisogoce?INS,0,,, HTTP/1.1" 200 7219
186.67.172.234 - - [22/Mar/2019:11:53:56 -0300] "GET /cormun/servlet/permisogoce?INS,0,,, HTTP/1.1" 200 7219
190.171.141.106 - - [22/Mar/2019:11:54:03 -0300] "GET /cormun/servlet/solicitudotadjuntos?640b1f8e397d42bae2eabfba78bd68cfd43d7b11c88b6f7e73aa3770431c21d6,gx-no-cache=1553266226718 HTTP/1.1" 200 30
190.171.141.106 - - [22/Mar/2019:11:54:03 -0300] "GET /cormun/servlet/solicitudotadjuntos?640b1f8e397d42bae2eabfba78bd68cfd43d7b11c88b6f7e73aa3770431c21d6,gx-no-cache=1553266226773 HTTP/1.1" 200 30
190.171.141.106 - - [22/Mar/2019:11:54:04 -0300] "POST /cormun/servlet/solicitudotadjuntos?5ddb71454b0b3f0422c96643d452013d,INS,2019,14889,,1, HTTP/1.1" 200 116
190.171.141.106 - - [22/Mar/2019:11:54:04 -0300] "GET /cormun/servlet/hpexe_return? HTTP/1.1" 200 1026
190.171.141.106 - - [22/Mar/2019:11:54:04 -0300] "GET /cormun/servlet/trsolicitudadjuntos?2019,14889, HTTP/1.1" 200 9270
190.171.141.106 - - [22/Mar/2019:11:54:05 -0300] "GET /cormun/servlet/trsolicitudadjuntos?2019,14889, HTTP/1.1" 200 9270
186.67.172.234 - - [22/Mar/2019:11:54:06 -0300] "GET /cormun/servlet/permisogoce?89b7bb38cb1cfe2760ae1ba77c9787900c0b4276a5bf5161e345bb7d2cd8fa30807158d50c5c2e16dcb92c97397021004331539482bb27823a249ebfc1421b65,gx-no-cache=1553266226557 HTTP/1.1" 200 226
186.67.172.234 - - [22/Mar/2019:11:54:06 -0300] "GET /cormun/static/Shared/jqueryui/images/ui-bg_highlight-soft_100_c6c2c8_1x100.png HTTP/1.1" 404 1117
186.67.172.234 - - [22/Mar/2019:11:54:06 -0300] "GET /cormun/static/Shared/jqueryui/images/ui-icons_82798d_256x240.png HTTP/1.1" 404 1089
186.67.172.234 - - [22/Mar/2019:11:54:06 -0300] "GET /cormun/static/Shared/jqueryui/images/ui-bg_flat_55_994d53_40x100.png HTTP/1.1" 404 1097
186.67.172.234 - - [22/Mar/2019:11:54:06 -0300] "GET /cormun/static/Shared/jqueryui/images/ui-icons_ebccce_256x240.png HTTP/1.1" 404 1089
186.67.172.234 - - [22/Mar/2019:11:54:16 -0300] "GET /cormun/servlet/permisogoce?89b7bb38cb1cfe2760ae1ba77c9787900c02dd9f836251d38bc0d2d2932a77a2807158d50c5c2e16dcb92c97397021004331539482bb27823a249ebfc1421b65,gx-no-cache=1553266236395 HTTP/1.1" 200 176
190.171.141.106 - - [22/Mar/2019:11:54:16 -0300] "GET /cormun/servlet/solicitudotadjuntos?INS,2019,14889,,1, HTTP/1.1" 200 6051
190.171.141.106 - - [22/Mar/2019:11:54:16 -0300] "GET /cormun/static/about:blank HTTP/1.1" 404 1011
190.171.141.106 - - [22/Mar/2019:11:54:17 -0300] "GET /cormun/servlet/solicitudotadjuntos?INS,2019,14889,,1, HTTP/1.1" 200 6044
190.171.141.106 - - [22/Mar/2019:11:54:17 -0300] "GET /cormun/servlet/solicitudotadjuntos?640b1f8e397d42bae2eabfba78bd68cfd459be0f0dc88918a02e4d91bb583dfa30b8a0893ced1ec007da1a492ac57d66,gx-no-cache=1553266240532 HTTP/1.1" 200 30
190.171.141.106 - - [22/Mar/2019:11:54:17 -0300] "POST /cormun/servlet/solicitudotadjuntos?5ddb71454b0b3f0422c96643d452013d,INS,2019,14889,,1,,gx-no-cache=1553266240574 HTTP/1.1" 200 3857
190.171.141.106 - - [22/Mar/2019:11:54:25 -0300] "POST /cormun/servlet/solicitudotadjuntos?gx-no-cache=1553266248029 HTTP/1.1" 200 26
190.171.141.106 - - [22/Mar/2019:11:54:33 -0300] "GET /cormun/servlet/solicitudotadjuntos?640b1f8e397d42bae2eabfba78bd68cfd43d7b11c88b6f7e73aa3770431c21d6,gx-no-cache=1553266256655 HTTP/1.1" 200 30
190.171.141.106 - - [22/Mar/2019:11:54:33 -0300] "GET /cormun/servlet/solicitudotadjuntos?640b1f8e397d42bae2eabfba78bd68cfd43d7b11c88b6f7e73aa3770431c21d6,gx-no-cache=1553266256694 HTTP/1.1" 200 30
190.171.141.106 - - [22/Mar/2019:11:54:34 -0300] "POST /cormun/servlet/solicitudotadjuntos?5ddb71454b0b3f0422c96643d452013d,INS,2019,14889,,1, HTTP/1.1" 200 116
190.171.141.106 - - [22/Mar/2019:11:54:34 -0300] "GET /cormun/servlet/hpexe_return? HTTP/1.1" 200 1026
190.171.141.106 - - [22/Mar/2019:11:54:34 -0300] "GET /cormun/servlet/trsolicitudadjuntos?2019,14889, HTTP/1.1" 200 9533
190.171.141.106 - - [22/Mar/2019:11:54:35 -0300] "GET /cormun/servlet/trsolicitudadjuntos?2019,14889, HTTP/1.1" 200 9533
190.171.141.106 - - [22/Mar/2019:11:54:44 -0300] "GET /cormun/servlet/solicitudotadjuntos?INS,2019,14889,,1, HTTP/1.1" 200 6051
190.171.141.106 - - [22/Mar/2019:11:54:44 -0300] "GET /cormun/static/about:blank HTTP/1.1" 404 1011
190.171.141.106 - - [22/Mar/2019:11:54:44 -0300] "GET /cormun/servlet/solicitudotadjuntos?INS,2019,14889,,1, HTTP/1.1" 200 6044
190.171.141.106 - - [22/Mar/2019:11:54:45 -0300] "GET /cormun/servlet/solicitudotadjuntos?640b1f8e397d42bae2eabfba78bd68cfd459be0f0dc88918a02e4d91bb583dfa30b8a0893ced1ec007da1a492ac57d66,gx-no-cache=1553266267962 HTTP/1.1" 200 30
190.171.141.106 - - [22/Mar/2019:11:54:45 -0300] "POST /cormun/servlet/solicitudotadjuntos?5ddb71454b0b3f0422c96643d452013d,INS,2019,14889,,1,,gx-no-cache=1553266268106 HTTP/1.1" 200 3857
190.171.141.106 - - [22/Mar/2019:11:54:49 -0300] "POST /cormun/servlet/solicitudotadjuntos?gx-no-cache=1553266272135 HTTP/1.1" 200 26
190.171.141.106 - - [22/Mar/2019:11:55:06 -0300] "GET /cormun/servlet/solicitudotadjuntos?640b1f8e397d42bae2eabfba78bd68cfd43d7b11c88b6f7e73aa3770431c21d6,gx-no-cache=1553266289031 HTTP/1.1" 200 30
190.171.141.106 - - [22/Mar/2019:11:55:06 -0300] "GET /cormun/servlet/solicitudotadjuntos?640b1f8e397d42bae2eabfba78bd68cfd43d7b11c88b6f7e73aa3770431c21d6,gx-no-cache=1553266289236 HTTP/1.1" 200 30
190.171.141.106 - - [22/Mar/2019:11:55:07 -0300] "POST /cormun/servlet/solicitudotadjuntos?5ddb71454b0b3f0422c96643d452013d,INS,2019,14889,,1, HTTP/1.1" 200 116
190.171.141.106 - - [22/Mar/2019:11:55:07 -0300] "GET /cormun/servlet/hpexe_return? HTTP/1.1" 200 1026
190.171.141.106 - - [22/Mar/2019:11:55:08 -0300] "GET /cormun/servlet/trsolicitudadjuntos?2019,14889, HTTP/1.1" 200 9754
190.171.141.106 - - [22/Mar/2019:11:55:09 -0300] "GET /cormun/servlet/trsolicitudadjuntos?2019,14889, HTTP/1.1" 200 9753
186.67.172.234 - - [22/Mar/2019:11:55:13 -0300] "GET /cormun/static/Resources/resize.gif HTTP/1.1" 200 77
190.171.141.106 - - [22/Mar/2019:11:55:13 -0300] "GET /cormun/servlet/solicitudotadjuntos?INS,2019,14889,,2, HTTP/1.1" 200 6050
190.171.141.106 - - [22/Mar/2019:11:55:13 -0300] "GET /cormun/static/about:blank HTTP/1.1" 404 1011
186.67.172.234 - - [22/Mar/2019:11:55:14 -0300] "GET /cormun/servlet/prfichaempleado?,MD,,gxPopupLevel%3D0%3B HTTP/1.1" 200 9448
186.67.172.234 - - [22/Mar/2019:11:55:14 -0300] "GET /cormun/static/Resources/PXToolsMenuSearch.png HTTP/1.1" 200 2914
186.67.172.234 - - [22/Mar/2019:11:55:14 -0300] "GET /cormun/static/gxcfg.js?20177612134814 HTTP/1.1" 200 953
186.67.172.234 - - [22/Mar/2019:11:55:14 -0300] "GET /cormun/static/Resources/PXToolsMenuSearchCancel.png HTTP/1.1" 200 2972
186.67.172.234 - - [22/Mar/2019:11:55:14 -0300] "GET /cormun/static/prfichaempleado.js?20177612134999 HTTP/1.1" 200 16006
186.67.172.234 - - [22/Mar/2019:11:55:14 -0300] "GET /cormun/static/hmpwkw011.js?20177612121862 HTTP/1.1" 200 1968
186.67.172.234 - - [22/Mar/2019:11:55:14 -0300] "GET /cormun/static/menusearch.js?201610171694467 HTTP/1.1" 200 1424
190.171.141.106 - - [22/Mar/2019:11:55:14 -0300] "GET /cormun/servlet/solicitudotadjuntos?INS,2019,14889,,2, HTTP/1.1" 200 6044
