190.171.141.106 - - [22/Mar/2019:13:32:09 -0300] "GET /cormun/static/about:blank HTTP/1.1" 404 1011
190.171.141.106 - - [22/Mar/2019:13:32:09 -0300] "GET /cormun/static/Shared/jqueryui/images/ui-bg_highlight-soft_100_c6c2c8_1x100.png HTTP/1.1" 404 1117
190.171.141.106 - - [22/Mar/2019:13:32:09 -0300] "GET /cormun/static/Shared/jqueryui/images/ui-icons_82798d_256x240.png HTTP/1.1" 404 1089
190.171.141.106 - - [22/Mar/2019:13:32:09 -0300] "GET /cormun/static/Shared/jqueryui/images/ui-bg_flat_55_fafafa_40x100.png HTTP/1.1" 404 1097
190.171.141.106 - - [22/Mar/2019:13:32:09 -0300] "GET /cormun/static/Shared/jqueryui/images/ui-icons_8d78a5_256x240.png HTTP/1.1" 404 1089
190.171.141.106 - - [22/Mar/2019:13:32:09 -0300] "GET /cormun/servlet/solicitudotadjuntos?DLT,2019,14892,CERTIF5,0, HTTP/1.1" 200 5918
192.168.10.96 - - [22/Mar/2019:13:32:11 -0300] "POST /cormun/servlet/trsolicitudgral?f56070af5dc484c6c94b5a4f585eaf1a,,gx-no-cache=1553279134083 HTTP/1.1" 200 5959
192.168.10.96 - - [22/Mar/2019:13:32:11 -0300] "POST /cormun/servlet/trsolicitudgral?f56070af5dc484c6c94b5a4f585eaf1a,,gx-no-cache=1553279134742 HTTP/1.1" 200 5960
192.168.10.96 - - [22/Mar/2019:13:32:11 -0300] "POST /cormun/servlet/trsolicitudgral?f56070af5dc484c6c94b5a4f585eaf1a,,gx-no-cache=1553279134909 HTTP/1.1" 200 5959
186.67.172.234 - - [22/Mar/2019:13:32:11 -0300] "GET /cormun/servlet/hlogin HTTP/1.1" 200 1744
192.168.10.96 - - [22/Mar/2019:13:32:12 -0300] "POST /cormun/servlet/trsolicitudgral?f56070af5dc484c6c94b5a4f585eaf1a,,gx-no-cache=1553279135091 HTTP/1.1" 200 5959
192.168.10.96 - - [22/Mar/2019:13:32:12 -0300] "POST /cormun/servlet/trsolicitudgral?f56070af5dc484c6c94b5a4f585eaf1a,,gx-no-cache=1553279135444 HTTP/1.1" 200 5960
192.168.10.96 - - [22/Mar/2019:13:32:12 -0300] "POST /cormun/servlet/trsolicitudgral?f56070af5dc484c6c94b5a4f585eaf1a,,gx-no-cache=1553279135645 HTTP/1.1" 200 5960
190.171.141.106 - - [22/Mar/2019:13:32:13 -0300] "POST /cormun/servlet/solicitudotadjuntos?fdc8a36ab929e9f96ec93cf1307c4c2d,DLT,2019,14892,CERTIF5,0,,gx-no-cache=1553272116805 HTTP/1.1" 200 93
190.171.141.106 - - [22/Mar/2019:13:32:14 -0300] "GET /cormun/servlet/hpexe_return? HTTP/1.1" 200 1033
190.171.141.106 - - [22/Mar/2019:13:32:14 -0300] "GET /cormun/servlet/trsolicitudadjuntos?2019,14892, HTTP/1.1" 200 6108
190.171.141.106 - - [22/Mar/2019:13:32:14 -0300] "GET /cormun/servlet/trsolicitudadjuntos?2019,14892, HTTP/1.1" 200 6104
190.171.141.106 - - [22/Mar/2019:13:32:27 -0300] "GET /cormun/servlet/hlogin HTTP/1.1" 200 1720
190.171.141.106 - - [22/Mar/2019:13:32:29 -0300] "POST /cormun/servlet/hlogin?8cac4aee7c9502c8d2f4b671cc4dd848,gx-no-cache=1553272132157 HTTP/1.1" 200 90
190.171.141.106 - - [22/Mar/2019:13:32:29 -0300] "GET /cormun/servlet/hpexe_link HTTP/1.1" 200 951
190.171.141.106 - - [22/Mar/2019:13:32:29 -0300] "GET /cormun/servlet/hhome HTTP/1.1" 200 3997
190.171.141.106 - - [22/Mar/2019:13:32:30 -0300] "GET /cormun/servlet/hhome HTTP/1.1" 200 3993
190.171.141.106 - - [22/Mar/2019:13:32:33 -0300] "GET /cormun/servlet/trsolicitudot? HTTP/1.1" 200 8581
190.171.141.106 - - [22/Mar/2019:13:32:34 -0300] "GET /cormun/servlet/trsolicitudot? HTTP/1.1" 200 8579
190.171.141.106 - - [22/Mar/2019:13:32:39 -0300] "POST /cormun/servlet/trsolicitudot?8cac4aee7c9502c8d2f4b671cc4dd848,,gx-no-cache=1553272142781 HTTP/1.1" 200 107
190.171.141.106 - - [22/Mar/2019:13:32:40 -0300] "GET /cormun/servlet/trsolicitudadjuntos?2019,14892, HTTP/1.1" 200 6101
190.171.141.106 - - [22/Mar/2019:13:32:40 -0300] "GET /cormun/servlet/trsolicitudadjuntos?2019,14892, HTTP/1.1" 200 6101
190.171.141.106 - - [22/Mar/2019:13:32:43 -0300] "GET /cormun/servlet/solicitudotadjuntos?INS,2019,14892,,1, HTTP/1.1" 200 6046
190.171.141.106 - - [22/Mar/2019:13:32:44 -0300] "GET /cormun/static/about:blank HTTP/1.1" 404 1011
190.171.141.106 - - [22/Mar/2019:13:32:44 -0300] "GET /cormun/servlet/solicitudotadjuntos?INS,2019,14892,,1, HTTP/1.1" 200 6040
190.171.141.106 - - [22/Mar/2019:13:32:44 -0300] "GET /cormun/servlet/solicitudotadjuntos?54336505fa197e8e2b842297e1a38697595ea5e5f1c33c6b0cd8cf4215a749cdfb363977bec4ce2f5227c823569d377e,gx-no-cache=1553272147779 HTTP/1.1" 200 30
190.171.141.106 - - [22/Mar/2019:13:32:44 -0300] "POST /cormun/servlet/solicitudotadjuntos?8cac4aee7c9502c8d2f4b671cc4dd848,INS,2019,14892,,1,,gx-no-cache=1553272147830 HTTP/1.1" 200 3674
190.171.141.106 - - [22/Mar/2019:13:32:58 -0300] "GET /cormun/servlet/solicitudotadjuntos?7017e8d93088141e44a4011949e6af18b75c1d16006634edf2e4bf72015af0e3219b9e46e60c211ccfb8283b00b1c5b7de00bfe9d58653704a038596d07d63a316269eaccc111a694f2de064b0a92ee6d00dd6b8519ab52426b150a675fb7921153a6ebfef3f91b9a861681463b6f49b07cdc679b6574f6dd7a97b1ff498bb2e813bfbcf6b1cb775b9415015761dc299,gx-no-cache=1553272160949 HTTP/1.1" 200 26
200.54.103.162 - - [22/Mar/2019:13:33:29 -0300] "GET /cormun/servlet/hlogin HTTP/1.1" 200 1719
190.171.141.106 - - [22/Mar/2019:13:33:34 -0300] "GET /cormun/servlet/solicitudotadjuntos?54336505fa197e8e2b842297e1a38697c54839c6d645064512aad5e7fcc5a8eb,gx-no-cache=1553272197341 HTTP/1.1" 200 30
190.171.141.106 - - [22/Mar/2019:13:33:34 -0300] "GET /cormun/servlet/solicitudotadjuntos?54336505fa197e8e2b842297e1a38697c54839c6d645064512aad5e7fcc5a8eb,gx-no-cache=1553272197388 HTTP/1.1" 200 30
190.171.141.106 - - [22/Mar/2019:13:33:35 -0300] "POST /cormun/servlet/solicitudotadjuntos?8cac4aee7c9502c8d2f4b671cc4dd848,INS,2019,14892,,1, HTTP/1.1" 200 116
190.171.141.106 - - [22/Mar/2019:13:33:35 -0300] "GET /cormun/servlet/hpexe_return? HTTP/1.1" 200 1025
190.171.141.106 - - [22/Mar/2019:13:33:35 -0300] "GET /cormun/servlet/trsolicitudadjuntos?2019,14892, HTTP/1.1" 200 8673
190.171.141.106 - - [22/Mar/2019:13:33:36 -0300] "GET /cormun/servlet/trsolicitudadjuntos?2019,14892, HTTP/1.1" 200 8667
200.54.103.162 - - [22/Mar/2019:13:33:52 -0300] "POST /cormun/servlet/hlogin?96e57691bdbd211760a030ed1aceb509,gx-no-cache=1553272214297 HTTP/1.1" 200 90
200.54.103.162 - - [22/Mar/2019:13:33:52 -0300] "GET /cormun/servlet/hpexe_link HTTP/1.1" 200 949
200.54.103.162 - - [22/Mar/2019:13:33:52 -0300] "GET /cormun/servlet/hhome HTTP/1.1" 200 4336
200.54.103.162 - - [22/Mar/2019:13:33:54 -0300] "GET /cormun/servlet/hhome HTTP/1.1" 200 4333
190.171.141.106 - - [22/Mar/2019:13:33:57 -0300] "GET /cormun/servlet/solicitudotadjuntos?INS,2019,14892,,1, HTTP/1.1" 200 6046
190.171.141.106 - - [22/Mar/2019:13:33:57 -0300] "GET /cormun/static/about:blank HTTP/1.1" 404 1011
200.54.103.162 - - [22/Mar/2019:13:33:57 -0300] "GET /cormun/servlet/trsolicitudot? HTTP/1.1" 200 7553
190.171.141.106 - - [22/Mar/2019:13:33:57 -0300] "GET /cormun/servlet/solicitudotadjuntos?INS,2019,14892,,1, HTTP/1.1" 200 6040
190.171.141.106 - - [22/Mar/2019:13:33:58 -0300] "GET /cormun/servlet/solicitudotadjuntos?54336505fa197e8e2b842297e1a38697595ea5e5f1c33c6b0cd8cf4215a749cdfb363977bec4ce2f5227c823569d377e,gx-no-cache=1553272221318 HTTP/1.1" 200 30
190.171.141.106 - - [22/Mar/2019:13:33:58 -0300] "POST /cormun/servlet/solicitudotadjuntos?8cac4aee7c9502c8d2f4b671cc4dd848,INS,2019,14892,,1,,gx-no-cache=1553272221356 HTTP/1.1" 200 3674
200.54.103.162 - - [22/Mar/2019:13:33:59 -0300] "GET /cormun/servlet/trsolicitudot? HTTP/1.1" 200 7550
200.54.103.162 - - [22/Mar/2019:13:34:03 -0300] "GET /cormun/servlet/solicitudot?INS,0,0, HTTP/1.1" 200 15168
190.171.141.106 - - [22/Mar/2019:13:34:04 -0300] "GET /cormun/servlet/solicitudotadjuntos?7017e8d93088141e44a4011949e6af18b75c1d16006634edf2e4bf72015af0e3219b9e46e60c211ccfb8283b00b1c5b7de00bfe9d58653704a038596d07d63a316269eaccc111a694f2de064b0a92ee6d00dd6b8519ab52426b150a675fb7921153a6ebfef3f91b9a861681463b6f49b07cdc679b6574f6dd7a97b1ff498bb2e813bfbcf6b1cb775b9415015761dc299,gx-no-cache=1553272227022 HTTP/1.1" 200 26
200.54.103.162 - - [22/Mar/2019:13:34:05 -0300] "GET /cormun/servlet/solicitudot?INS,0,0, HTTP/1.1" 200 15173
190.171.141.106 - - [22/Mar/2019:13:34:13 -0300] "POST /cormun/servlet/solicitudotadjuntos?8cac4aee7c9502c8d2f4b671cc4dd848,INS,2019,14892,,1,,gx-no-cache=1553272236373 HTTP/1.1" 200 93
190.171.141.106 - - [22/Mar/2019:13:34:13 -0300] "GET /cormun/servlet/hpexe_return? HTTP/1.1" 200 1025
190.171.141.106 - - [22/Mar/2019:13:34:13 -0300] "GET /cormun/servlet/trsolicitudadjuntos?2019,14892, HTTP/1.1" 200 8673
200.54.103.162 - - [22/Mar/2019:13:34:14 -0300] "GET /cormun/servlet/hlogin HTTP/1.1" 200 1719
190.171.141.106 - - [22/Mar/2019:13:34:14 -0300] "GET /cormun/servlet/trsolicitudadjuntos?2019,14892, HTTP/1.1" 200 8667
190.171.141.106 - - [22/Mar/2019:13:34:17 -0300] "GET /cormun/servlet/solicitudotadjuntos?INS,2019,14892,,1, HTTP/1.1" 200 6046
190.171.141.106 - - [22/Mar/2019:13:34:18 -0300] "GET /cormun/static/about:blank HTTP/1.1" 404 1011
190.171.141.106 - - [22/Mar/2019:13:34:18 -0300] "GET /cormun/servlet/solicitudotadjuntos?INS,2019,14892,,1, HTTP/1.1" 200 6040
190.171.141.106 - - [22/Mar/2019:13:34:18 -0300] "GET /cormun/servlet/solicitudotadjuntos?54336505fa197e8e2b842297e1a38697595ea5e5f1c33c6b0cd8cf4215a749cdfb363977bec4ce2f5227c823569d377e,gx-no-cache=1553272241710 HTTP/1.1" 200 30
190.171.141.106 - - [22/Mar/2019:13:34:18 -0300] "POST /cormun/servlet/solicitudotadjuntos?8cac4aee7c9502c8d2f4b671cc4dd848,INS,2019,14892,,1,,gx-no-cache=1553272241769 HTTP/1.1" 200 3674
200.54.103.162 - - [22/Mar/2019:13:34:20 -0300] "POST /cormun/servlet/hlogin?96e57691bdbd211760a030ed1aceb509,gx-no-cache=1553272242945 HTTP/1.1" 200 90
200.54.103.162 - - [22/Mar/2019:13:34:20 -0300] "GET /cormun/servlet/hpexe_link HTTP/1.1" 200 960
200.54.103.162 - - [22/Mar/2019:13:34:21 -0300] "GET /cormun/servlet/solicitudot?INS,0,0, HTTP/1.1" 200 15169
200.54.103.162 - - [22/Mar/2019:13:34:23 -0300] "GET /cormun/servlet/solicitudot?INS,0,0, HTTP/1.1" 200 15173
190.171.141.106 - - [22/Mar/2019:13:34:25 -0300] "GET /cormun/servlet/solicitudotadjuntos?7017e8d93088141e44a4011949e6af18b75c1d16006634edf2e4bf72015af0e3219b9e46e60c211ccfb8283b00b1c5b7de00bfe9d58653704a038596d07d63a316269eaccc111a694f2de064b0a92ee6d00dd6b8519ab52426b150a675fb7921153a6ebfef3f91b9a861681463b6f49b07cdc679b6574f6dd7a97b1ff498bb2e813bfbcf6b1cb775b9415015761dc299,gx-no-cache=1553272248649 HTTP/1.1" 200 26
200.54.103.162 - - [22/Mar/2019:13:34:25 -0300] "POST /cormun/servlet/solicitudot?96e57691bdbd211760a030ed1aceb509,INS,0,0,,gx-no-cache=1553272248074 HTTP/1.1" 200 90
200.54.103.162 - - [22/Mar/2019:13:34:26 -0300] "GET /cormun/servlet/hpexe_link HTTP/1.1" 200 959
200.54.103.162 - - [22/Mar/2019:13:34:26 -0300] "GET /cormun/servlet/trsolicitudot HTTP/1.1" 200 7552
200.54.103.162 - - [22/Mar/2019:13:34:28 -0300] "GET /cormun/servlet/trsolicitudot HTTP/1.1" 200 7551
190.171.141.106 - - [22/Mar/2019:13:34:34 -0300] "GET /cormun/servlet/solicitudotadjuntos?54336505fa197e8e2b842297e1a38697c54839c6d645064512aad5e7fcc5a8eb,gx-no-cache=1553272257160 HTTP/1.1" 200 30
190.171.141.106 - - [22/Mar/2019:13:34:34 -0300] "GET /cormun/servlet/solicitudotadjuntos?54336505fa197e8e2b842297e1a38697c54839c6d645064512aad5e7fcc5a8eb,gx-no-cache=1553272257194 HTTP/1.1" 200 30
190.171.141.106 - - [22/Mar/2019:13:34:34 -0300] "POST /cormun/servlet/solicitudotadjuntos?8cac4aee7c9502c8d2f4b671cc4dd848,INS,2019,14892,,1, HTTP/1.1" 200 6241
190.171.141.106 - - [22/Mar/2019:13:34:34 -0300] "GET /cormun/static/Shared/jqueryui/images/ui-bg_highlight-soft_100_c6c2c8_1x100.png HTTP/1.1" 404 1117
190.171.141.106 - - [22/Mar/2019:13:34:34 -0300] "GET /cormun/static/Shared/jqueryui/images/ui-icons_82798d_256x240.png HTTP/1.1" 404 1089
190.171.141.106 - - [22/Mar/2019:13:34:34 -0300] "GET /cormun/static/Shared/jqueryui/images/ui-icons_ebccce_256x240.png HTTP/1.1" 404 1089
190.171.141.106 - - [22/Mar/2019:13:34:34 -0300] "GET /cormun/static/Shared/jqueryui/images/ui-bg_flat_55_994d53_40x100.png HTTP/1.1" 404 1097
190.171.141.106 - - [22/Mar/2019:13:34:34 -0300] "GET /cormun/PrivateTempStorage/upload_00011849.pdf HTTP/1.1" 304 -
190.171.141.106 - - [22/Mar/2019:13:34:34 -0300] "GET /cormun/PrivateTempStorage/upload_00011849.pdf HTTP/1.1" 200 237477
200.54.103.162 - - [22/Mar/2019:13:34:34 -0300] "POST /cormun/servlet/trsolicitudot?96e57691bdbd211760a030ed1aceb509,gx-no-cache=1553272256928 HTTP/1.1" 200 13583
190.171.141.106 - - [22/Mar/2019:13:34:34 -0300] "GET /home/sistema/apache-tomcat-7.0.65/webapps/cormun/PrivateTempStorage/upload_00011849.pdf HTTP/1.1" 404 1135
200.54.103.162 - - [22/Mar/2019:13:34:44 -0300] "GET /cormun/servlet/vesolicitudot?2019,14891,, HTTP/1.1" 200 8672
200.54.103.162 - - [22/Mar/2019:13:34:44 -0300] "GET /cormun/static/gxcfg.js?2017111422591385 HTTP/1.1" 200 953
200.54.103.162 - - [22/Mar/2019:13:34:44 -0300] "GET /cormun/pexe_scrolldiv.js HTTP/1.1" 404 1009
200.54.103.162 - - [22/Mar/2019:13:34:44 -0300] "GET /cormun/static/Resources/PXToolsTabFirstSelected.png HTTP/1.1" 200 1259
200.54.103.162 - - [22/Mar/2019:13:34:44 -0300] "GET /cormun/static/vesolicitudot.js?2017111422591449 HTTP/1.1" 200 6091
200.54.103.162 - - [22/Mar/2019:13:34:44 -0300] "GET /cormun/static/hwcviewtabs.js?20177611594913 HTTP/1.1" 200 1074
200.54.103.162 - - [22/Mar/2019:13:34:44 -0300] "GET /cormun/static/hpexe_tabsview.js?201610171694228 HTTP/1.1" 200 1661
200.54.103.162 - - [22/Mar/2019:13:34:44 -0300] "GET /cormun/static/Resources/PXToolsTabLastUnselected.png HTTP/1.1" 200 1291
190.171.141.106 - - [22/Mar/2019:13:34:44 -0300] "POST /cormun/servlet/solicitudotadjuntos?8cac4aee7c9502c8d2f4b671cc4dd848,INS,2019,14892,,1, HTTP/1.1" 200 116
200.54.103.162 - - [22/Mar/2019:13:34:44 -0300] "GET /cormun/pexe_scrolldiv.js HTTP/1.1" 404 1009
200.54.103.162 - - [22/Mar/2019:13:34:44 -0300] "GET /cormun/static/Resources/PXToolsTabNext.gif HTTP/1.1" 200 168
200.54.103.162 - - [22/Mar/2019:13:34:44 -0300] "GET /cormun/static/Resources/PXToolsTabPrevious.gif HTTP/1.1" 200 172
200.54.103.162 - - [22/Mar/2019:13:34:44 -0300] "GET /cormun/static/tbsolicitudot01.js?2017111422581186 HTTP/1.1" 200 30566
190.171.141.106 - - [22/Mar/2019:13:34:44 -0300] "GET /cormun/servlet/hpexe_return? HTTP/1.1" 200 1025
190.171.141.106 - - [22/Mar/2019:13:34:44 -0300] "GET /cormun/servlet/trsolicitudadjuntos?2019,14892, HTTP/1.1" 200 8673
190.171.141.106 - - [22/Mar/2019:13:34:45 -0300] "GET /cormun/servlet/trsolicitudadjuntos?2019,14892, HTTP/1.1" 200 8668
200.54.103.162 - - [22/Mar/2019:13:34:45 -0300] "GET /cormun/static/calendar-system.css HTTP/1.1" 200 5572
200.54.103.162 - - [22/Mar/2019:13:34:45 -0300] "GET /cormun/static/Resources/PXToolsTabBackSelected.png HTTP/1.1" 200 1157
200.54.103.162 - - [22/Mar/2019:13:34:45 -0300] "GET /cormun/static/Resources/PXToolsTabBackUnselected.png HTTP/1.1" 200 1175
200.54.103.162 - - [22/Mar/2019:13:34:45 -0300] "GET /cormun/static/Resources/PXToolsTabSelectedUnselected.png HTTP/1.1" 200 1428
200.54.103.162 - - [22/Mar/2019:13:34:45 -0300] "GET /cormun/static/Resources/PXToolsTabUnselectedUnselected.png HTTP/1.1" 200 1459
200.54.103.162 - - [22/Mar/2019:13:34:45 -0300] "GET /cormun/servlet/vesolicitudot?2019,14891,, HTTP/1.1" 200 8668
200.54.107.2 - - [22/Mar/2019:13:34:55 -0300] "GET /cormun/servlet/trsolicitudot? HTTP/1.1" 200 6415
200.54.107.2 - - [22/Mar/2019:13:34:56 -0300] "GET /cormun/servlet/hlogin HTTP/1.1" 200 1739
200.54.107.2 - - [22/Mar/2019:13:34:56 -0300] "GET /cormun/servlet/trsolicitudot? HTTP/1.1" 200 6415
200.54.107.2 - - [22/Mar/2019:13:34:58 -0300] "POST /cormun/servlet/hlogin?4f22ef2fe43890d789b8d0917a8b01c6,gx-no-cache=1553272278623 HTTP/1.1" 200 90
200.54.107.2 - - [22/Mar/2019:13:34:58 -0300] "GET /cormun/servlet/hpexe_link HTTP/1.1" 200 954
200.54.107.2 - - [22/Mar/2019:13:34:58 -0300] "GET /cormun/servlet/trsolicitudot HTTP/1.1" 200 9493
200.54.107.2 - - [22/Mar/2019:13:34:58 -0300] "GET /cormun/servlet/trsolicitudot HTTP/1.1" 200 9491
190.171.141.106 - - [22/Mar/2019:13:34:59 -0300] "GET /cormun/servlet/solicitudotadjuntos?INS,2019,14892,,1, HTTP/1.1" 200 6046
190.171.141.106 - - [22/Mar/2019:13:35:00 -0300] "GET /cormun/static/about:blank HTTP/1.1" 404 1011
190.171.141.106 - - [22/Mar/2019:13:35:00 -0300] "GET /cormun/servlet/solicitudotadjuntos?INS,2019,14892,,1, HTTP/1.1" 200 6040
190.171.141.106 - - [22/Mar/2019:13:35:00 -0300] "GET /cormun/servlet/solicitudotadjuntos?54336505fa197e8e2b842297e1a38697595ea5e5f1c33c6b0cd8cf4215a749cdfb363977bec4ce2f5227c823569d377e,gx-no-cache=1553272283909 HTTP/1.1" 200 30
190.171.141.106 - - [22/Mar/2019:13:35:01 -0300] "POST /cormun/servlet/solicitudotadjuntos?8cac4aee7c9502c8d2f4b671cc4dd848,INS,2019,14892,,1,,gx-no-cache=1553272283952 HTTP/1.1" 200 3674
186.103.159.204 - - [22/Mar/2019:13:35:15 -0300] "GET /cormun/servlet/hlogin HTTP/1.1" 200 1728
186.103.159.204 - - [22/Mar/2019:13:35:17 -0300] "POST /cormun/servlet/hlogin?8edb6e93b0a33a58937627c1a856c9ea,gx-no-cache=1553272291153 HTTP/1.1" 200 90
186.103.159.204 - - [22/Mar/2019:13:35:17 -0300] "GET /cormun/servlet/hpexe_link HTTP/1.1" 200 953
186.103.159.204 - - [22/Mar/2019:13:35:17 -0300] "GET /cormun/servlet/hhome HTTP/1.1" 200 4020
186.103.159.204 - - [22/Mar/2019:13:35:17 -0300] "GET /cormun/servlet/hhome HTTP/1.1" 200 4016
186.103.159.204 - - [22/Mar/2019:13:35:20 -0300] "GET /cormun/servlet/trsolicitudot? HTTP/1.1" 200 8615
186.103.159.204 - - [22/Mar/2019:13:35:21 -0300] "GET /cormun/servlet/trsolicitudot? HTTP/1.1" 200 8613
186.103.159.204 - - [22/Mar/2019:13:35:26 -0300] "GET /cormun/servlet/solicitudot?INS,0,0, HTTP/1.1" 200 14875
186.103.159.204 - - [22/Mar/2019:13:35:26 -0300] "GET /cormun/servlet/solicitudot?INS,0,0, HTTP/1.1" 200 14880
200.54.107.2 - - [22/Mar/2019:13:35:27 -0300] "POST /cormun/servlet/trsolicitudot?4f22ef2fe43890d789b8d0917a8b01c6,gx-no-cache=1553272308346 HTTP/1.1" 200 6146
200.54.107.2 - - [22/Mar/2019:13:35:28 -0300] "GET /cormun/static/Shared/jqueryui/images/ui-bg_highlight-soft_100_c6c2c8_1x100.png HTTP/1.1" 404 1117
200.54.107.2 - - [22/Mar/2019:13:35:28 -0300] "GET /cormun/static/Shared/jqueryui/images/ui-icons_82798d_256x240.png HTTP/1.1" 404 1089
200.54.107.2 - - [22/Mar/2019:13:35:28 -0300] "GET /cormun/static/Shared/jqueryui/images/ui-bg_flat_55_fafafa_40x100.png HTTP/1.1" 404 1097
200.54.107.2 - - [22/Mar/2019:13:35:28 -0300] "GET /cormun/static/Shared/jqueryui/images/ui-icons_8d78a5_256x240.png HTTP/1.1" 404 1089
200.54.107.2 - - [22/Mar/2019:13:35:28 -0300] "POST /cormun/servlet/trsolicitudot?4f22ef2fe43890d789b8d0917a8b01c6,gx-no-cache=1553272308698 HTTP/1.1" 200 6086
200.54.107.2 - - [22/Mar/2019:13:35:30 -0300] "POST /cormun/servlet/trsolicitudot?4f22ef2fe43890d789b8d0917a8b01c6,gx-no-cache=1553272311198 HTTP/1.1" 200 5740
200.54.107.2 - - [22/Mar/2019:13:35:31 -0300] "POST /cormun/servlet/trsolicitudot?4f22ef2fe43890d789b8d0917a8b01c6,gx-no-cache=1553272311484 HTTP/1.1" 200 5682
200.54.107.2 - - [22/Mar/2019:13:35:33 -0300] "POST /cormun/servlet/trsolicitudot?4f22ef2fe43890d789b8d0917a8b01c6,gx-no-cache=1553272313005 HTTP/1.1" 200 4497
200.54.107.2 - - [22/Mar/2019:13:35:33 -0300] "POST /cormun/servlet/trsolicitudot?4f22ef2fe43890d789b8d0917a8b01c6,gx-no-cache=1553272313720 HTTP/1.1" 200 4265
200.54.107.2 - - [22/Mar/2019:13:35:38 -0300] "GET /cormun/servlet/trautorizarsolicitud? HTTP/1.1" 200 9520
200.54.107.2 - - [22/Mar/2019:13:35:39 -0300] "GET /cormun/servlet/trautorizarsolicitud? HTTP/1.1" 200 9520
186.103.159.204 - - [22/Mar/2019:13:35:39 -0300] "POST /cormun/servlet/solicitudot?gx-no-cache=1553272313649 HTTP/1.1" 200 3457
186.103.159.204 - - [22/Mar/2019:13:35:39 -0300] "POST /cormun/servlet/solicitudot?8edb6e93b0a33a58937627c1a856c9ea,INS,0,0,,gx-no-cache=1553272313804 HTTP/1.1" 200 11649
186.103.159.204 - - [22/Mar/2019:13:35:43 -0300] "GET /cormun/servlet/solicitudot?338afb80d46873679541a3349637db9a38500fb86a683ac9eea7eee7d08234318e59f3a9c19821f053a5d5c9af7542b4,gx-no-cache=1553272317305 HTTP/1.1" 200 30
200.54.107.2 - - [22/Mar/2019:13:35:55 -0300] "POST /cormun/servlet/trautorizarsolicitud?4f22ef2fe43890d789b8d0917a8b01c6,,gx-no-cache=1553272336492 HTTP/1.1" 200 116
200.54.107.2 - - [22/Mar/2019:13:35:56 -0300] "GET /cormun/servlet/solicitudotlog?INS,2019,14887,0,REC, HTTP/1.1" 200 6070
200.54.107.2 - - [22/Mar/2019:13:35:56 -0300] "GET /cormun/servlet/solicitudotlog?INS,2019,14887,0,REC, HTTP/1.1" 200 6070
200.54.107.2 - - [22/Mar/2019:13:35:57 -0300] "GET /cormun/servlet/solicitudotlog?29329ec42062255707fff53a14d2f01770bad3fce9b8fbd420b62bf6c210740a332d9ea253a7f839898a0212418376731b41d9fb98bcef60735803df26675e59254f054cf9f923fa9a17f586aa2044c3d68cfee94ebe96568f5b096f1ff6bfa324e4cc910e6df17793cc8bb4537aa364da7a59e4ba573abdce7426afa20efacefc0154582cb71c52320d6e36e2fb64e1e955436387315682cde080803ea83d0b,gx-no-cache=1553272337445 HTTP/1.1" 200 94
200.54.107.2 - - [22/Mar/2019:13:36:07 -0300] "POST /cormun/servlet/solicitudotlog?4f22ef2fe43890d789b8d0917a8b01c6,INS,2019,14887,0,REC,,gx-no-cache=1553272347441 HTTP/1.1" 200 93
200.54.107.2 - - [22/Mar/2019:13:36:07 -0300] "GET /cormun/servlet/hpexe_return? HTTP/1.1" 200 1025
200.54.107.2 - - [22/Mar/2019:13:36:07 -0300] "GET /cormun/servlet/trautorizarsolicitud HTTP/1.1" 200 9155
200.54.107.2 - - [22/Mar/2019:13:36:07 -0300] "GET /cormun/servlet/trautorizarsolicitud HTTP/1.1" 200 9151
200.54.107.2 - - [22/Mar/2019:13:36:20 -0300] "POST /cormun/servlet/trautorizarsolicitud?4f22ef2fe43890d789b8d0917a8b01c6,gx-no-cache=1553272360801 HTTP/1.1" 200 5878
200.54.107.2 - - [22/Mar/2019:13:36:20 -0300] "GET /cormun/static/Shared/jqueryui/images/ui-icons_8d78a5_256x240.png HTTP/1.1" 404 1089
200.54.107.2 - - [22/Mar/2019:13:36:20 -0300] "GET /cormun/static/Shared/jqueryui/images/ui-bg_flat_55_fafafa_40x100.png HTTP/1.1" 404 1097
200.54.107.2 - - [22/Mar/2019:13:36:20 -0300] "GET /cormun/static/Shared/jqueryui/images/ui-icons_82798d_256x240.png HTTP/1.1" 404 1089
200.54.107.2 - - [22/Mar/2019:13:36:20 -0300] "GET /cormun/static/Shared/jqueryui/images/ui-bg_highlight-soft_100_c6c2c8_1x100.png HTTP/1.1" 404 1117
200.54.107.2 - - [22/Mar/2019:13:36:20 -0300] "POST /cormun/servlet/trautorizarsolicitud?4f22ef2fe43890d789b8d0917a8b01c6,gx-no-cache=1553272361003 HTTP/1.1" 200 5823
200.54.107.2 - - [22/Mar/2019:13:36:22 -0300] "POST /cormun/servlet/trautorizarsolicitud?4f22ef2fe43890d789b8d0917a8b01c6,gx-no-cache=1553272362527 HTTP/1.1" 200 4699
200.54.107.2 - - [22/Mar/2019:13:36:22 -0300] "POST /cormun/servlet/trautorizarsolicitud?4f22ef2fe43890d789b8d0917a8b01c6,gx-no-cache=1553272362700 HTTP/1.1" 200 4469
200.54.107.2 - - [22/Mar/2019:13:36:25 -0300] "GET /cormun/servlet/trsolicitudot? HTTP/1.1" 200 8700
200.54.107.2 - - [22/Mar/2019:13:36:25 -0300] "GET /cormun/servlet/trsolicitudot? HTTP/1.1" 200 8699
200.54.107.2 - - [22/Mar/2019:13:36:28 -0300] "GET /cormun/servlet/solicitudot?INS,0,0, HTTP/1.1" 200 15103
200.54.107.2 - - [22/Mar/2019:13:36:29 -0300] "GET /cormun/servlet/solicitudot?INS,0,0, HTTP/1.1" 200 15108
200.54.103.162 - - [22/Mar/2019:13:36:45 -0300] "POST /cormun/servlet/vesolicitudot?96e57691bdbd211760a030ed1aceb509,2019,14891,,,gx-no-cache=1553272387764 HTTP/1.1" 200 90
200.54.103.162 - - [22/Mar/2019:13:36:45 -0300] "GET /cormun/servlet/hpexe_link HTTP/1.1" 200 984
200.54.103.162 - - [22/Mar/2019:13:36:46 -0300] "GET /cormun/servlet/trsolicitudot?gx-no-cache=1553272256928 HTTP/1.1" 200 16443
200.54.103.162 - - [22/Mar/2019:13:36:48 -0300] "GET /cormun/servlet/trsolicitudot?gx-no-cache=1553272256928 HTTP/1.1" 200 16462
200.54.103.162 - - [22/Mar/2019:13:36:58 -0300] "GET /cormun/servlet/vesolicitudot?2019,14890,, HTTP/1.1" 200 8759
200.54.103.162 - - [22/Mar/2019:13:36:58 -0300] "GET /cormun/pexe_scrolldiv.js HTTP/1.1" 404 1009
200.54.103.162 - - [22/Mar/2019:13:36:58 -0300] "GET /cormun/pexe_scrolldiv.js HTTP/1.1" 404 1009
200.54.103.162 - - [22/Mar/2019:13:37:00 -0300] "GET /cormun/servlet/vesolicitudot?2019,14890,, HTTP/1.1" 200 8736
200.54.107.2 - - [22/Mar/2019:13:37:09 -0300] "POST /cormun/servlet/solicitudot?gx-no-cache=1553272410237 HTTP/1.1" 200 3564
200.54.107.2 - - [22/Mar/2019:13:37:09 -0300] "POST /cormun/servlet/solicitudot?4f22ef2fe43890d789b8d0917a8b01c6,INS,0,0,,gx-no-cache=1553272410407 HTTP/1.1" 200 11969
186.103.159.204 - - [22/Mar/2019:13:37:11 -0300] "GET /cormun/servlet/solicitudot?338afb80d46873679541a3349637db9ab69fff4d014bec1856af3efe8cea90c6,gx-no-cache=1553272405504 HTTP/1.1" 200 94
186.103.159.204 - - [22/Mar/2019:13:37:11 -0300] "GET /cormun/static/Shared/jqueryui/images/ui-bg_highlight-soft_100_c6c2c8_1x100.png HTTP/1.1" 404 1117
186.103.159.204 - - [22/Mar/2019:13:37:11 -0300] "GET /cormun/static/Shared/jqueryui/images/ui-icons_82798d_256x240.png HTTP/1.1" 404 1089
186.103.159.204 - - [22/Mar/2019:13:37:11 -0300] "GET /cormun/static/Shared/jqueryui/images/ui-bg_flat_55_994d53_40x100.png HTTP/1.1" 404 1097
186.103.159.204 - - [22/Mar/2019:13:37:11 -0300] "GET /cormun/static/Shared/jqueryui/images/ui-icons_ebccce_256x240.png HTTP/1.1" 404 1089
186.103.159.204 - - [22/Mar/2019:13:37:11 -0300] "GET /cormun/servlet/solicitudot?338afb80d46873679541a3349637db9a78eb196e1e22b5f5a85ea1be43961e35,gx-no-cache=1553272405618 HTTP/1.1" 200 29
200.54.107.2 - - [22/Mar/2019:13:37:14 -0300] "POST /cormun/servlet/solicitudot?4f22ef2fe43890d789b8d0917a8b01c6,INS,0,0,,gx-no-cache=1553272414110 HTTP/1.1" 200 12280
200.54.107.2 - - [22/Mar/2019:13:37:14 -0300] "GET /cormun/static/Shared/jqueryui/images/ui-bg_highlight-soft_100_c6c2c8_1x100.png HTTP/1.1" 404 1117
200.54.107.2 - - [22/Mar/2019:13:37:14 -0300] "GET /cormun/static/Shared/jqueryui/images/ui-icons_82798d_256x240.png HTTP/1.1" 404 1089
200.54.107.2 - - [22/Mar/2019:13:37:14 -0300] "GET /cormun/static/Shared/jqueryui/images/ui-icons_ebccce_256x240.png HTTP/1.1" 404 1089
200.54.107.2 - - [22/Mar/2019:13:37:14 -0300] "GET /cormun/static/Shared/jqueryui/images/ui-bg_flat_55_994d53_40x100.png HTTP/1.1" 404 1097
186.103.159.204 - - [22/Mar/2019:13:37:15 -0300] "GET /cormun/servlet/prbanco?,MD,,gxPopupLevel%3D0%3B HTTP/1.1" 200 6594
186.103.159.204 - - [22/Mar/2019:13:37:25 -0300] "GET /cormun/servlet/solicitudot?338afb80d46873679541a3349637db9a3b026cb178af2e48eb75f3b18fb32357,gx-no-cache=1553272419808 HTTP/1.1" 200 53
200.54.107.2 - - [22/Mar/2019:13:37:37 -0300] "GET /cormun/servlet/solicitudot?29329ec42062255707fff53a14d2f0179aa39653f0a46c858b74728996d12ac5e4fabd8f10a5f61c11103e0f5a685670,gx-no-cache=1553272438212 HTTP/1.1" 200 30
200.54.107.2 - - [22/Mar/2019:13:37:37 -0300] "GET /cormun/servlet/solicitudot?29329ec42062255707fff53a14d2f0170887b288442b46fa87411c94fa84623ddc57c8cde3fd82967802c260cb3adafbb890a366ec85068a0d0509cc4cbf2a26,gx-no-cache=1553272438282 HTTP/1.1" 200 30
200.54.107.2 - - [22/Mar/2019:13:37:37 -0300] "GET /cormun/servlet/solicitudot?29329ec42062255707fff53a14d2f0176fa666505b56b60b3c98256b9bf54f4f98aa7c823aade2ea83cc4220ebf7921b286c1fad678559dfc907560e8ab60f233fe1efe476ef11fa466738fbe528918b1d88cbd0215afcdcff9bda8c2e00be3e302ab1a7bd1687b0cc9ddf17086be466,gx-no-cache=1553272438313 HTTP/1.1" 200 53
200.54.107.2 - - [22/Mar/2019:13:37:37 -0300] "POST /cormun/servlet/solicitudot?gx-no-cache=1553272438350 HTTP/1.1" 200 297
200.54.107.2 - - [22/Mar/2019:13:37:37 -0300] "GET /cormun/servlet/solicitudot?29329ec42062255707fff53a14d2f017b5332467fa3966cd5d83fc5a6c1b56b13c732ae8ce1ed08c75ddb3749f51e522ea485831aa394517cda238e7fef74bb106311a5d8d3ff36b5e02f33b1349536d255c9b6493ba7d5f029ecbeeef559ce73a636a68153bbc3e9d7ed9a0a6bfd4e890638907be5fe7d41c0830fe1bd65ba68be97e6c272c653b39153c22c2f79e0be8dcd57acd6f4f1a6885fda849a6b8c5e4f092c6be5792b54655317d3c98504adaa6ea70dde40c30df453c439e0e9d7fc84f78ecdcbd12e427ae8c7245d5569ba88a255fab7ac683796a5b21ab820f7c19360f1c2a71d51db65341010be904f7d362097df9ce62dab8c842ecd2edb51bde626b5f28c6ea16db59a19744e00debaf85b8760c741beac73d4b99af244341357b77b3b0db275794fffd99a9d77826856f7fc37880e761f20cc635d47a84c5889ba54a57abf179ef41c93544bacf224166ad71d07b215b3a94ff253ef88f34961df4757f6dd7fdfdef64224f5350b05b6110ea29085dcdc8c5bf69ac6508f1911f687046c5a7b8a76d69bf2242612b,gx-no-cache=1553272438378 HTTP/1.1" 200 30
200.54.107.2 - - [22/Mar/2019:13:37:43 -0300] "POST /cormun/servlet/solicitudot?gx-no-cache=1553272444021 HTTP/1.1" 200 30
200.54.107.2 - - [22/Mar/2019:13:37:46 -0300] "GET /cormun/servlet/prcontratosol?14137630,,,,,MD,,gxPopupLevel%3D0%3B HTTP/1.1" 200 7805
200.54.103.162 - - [22/Mar/2019:13:37:53 -0300] "GET /cormun/servlet/hlogin HTTP/1.1" 200 1746
200.54.107.2 - - [22/Mar/2019:13:37:55 -0300] "POST /cormun/servlet/solicitudot?gx-no-cache=1553272455644 HTTP/1.1" 200 1290
200.54.107.2 - - [22/Mar/2019:13:37:55 -0300] "POST /cormun/servlet/solicitudot?gx-no-cache=1553272455679 HTTP/1.1" 200 38
200.54.107.2 - - [22/Mar/2019:13:37:55 -0300] "GET /cormun/servlet/solicitudot?29329ec42062255707fff53a14d2f0170b6ced287e7eb3306e96866508ad63f0b0f28f18151ba205825a454223695d8740fe16f40643e35d0928e7356659eeabcbb39ad610d5b43579d40cc3e5d9804be52417648a41f9ea143cf01dc584cd6f3916bc5a58097e93cbe4408a28241ad1,gx-no-cache=1553272455701 HTTP/1.1" 200 110
200.54.107.2 - - [22/Mar/2019:13:37:55 -0300] "POST /cormun/servlet/solicitudot?gx-no-cache=1553272455781 HTTP/1.1" 200 83
200.54.107.2 - - [22/Mar/2019:13:37:55 -0300] "GET /cormun/servlet/solicitudot?29329ec42062255707fff53a14d2f017bd5dad2e8e931a27742b2c142b38c15cde05fe5d089628d83c14cbd05790afe06455d49dfb8adbf1956a41b48d5a5be3382e85c440a4547b4baeac61e3108e65fd6b1e18e774f6dcb586b31647e3b4e88aaf8b9c0408f3d102618276e93426f3,gx-no-cache=1553272455893 HTTP/1.1" 200 29
200.54.107.2 - - [22/Mar/2019:13:37:55 -0300] "GET /cormun/servlet/solicitudot?29329ec42062255707fff53a14d2f0177106b8de4fbb5ab048ad4e5ef21df168203d2882578bfc13bef850bb0c7b12fb,gx-no-cache=1553272455966 HTTP/1.1" 200 30
200.54.107.2 - - [22/Mar/2019:13:38:14 -0300] "POST /cormun/servlet/solicitudot?gx-no-cache=1553272474950 HTTP/1.1" 200 64
192.168.10.96 - - [22/Mar/2019:13:38:41 -0300] "POST /cormun/servlet/trsolicitudgral?f56070af5dc484c6c94b5a4f585eaf1a,,gx-no-cache=1553279512700 HTTP/1.1" 200 26200
200.54.107.2 - - [22/Mar/2019:13:38:44 -0300] "POST /cormun/servlet/solicitudot?gx-no-cache=1553272505260 HTTP/1.1" 200 30
200.54.107.2 - - [22/Mar/2019:13:38:44 -0300] "POST /cormun/servlet/solicitudot?gx-no-cache=1553272505423 HTTP/1.1" 200 1290
200.54.107.2 - - [22/Mar/2019:13:38:45 -0300] "POST /cormun/servlet/solicitudot?gx-no-cache=1553272505533 HTTP/1.1" 200 40
200.54.107.2 - - [22/Mar/2019:13:38:51 -0300] "GET /cormun/servlet/solicitudot?29329ec42062255707fff53a14d2f0170b6ced287e7eb3306e96866508ad63f0b0f28f18151ba205825a454223695d8740fe16f40643e35d0928e7356659eeabcbb39ad610d5b43579d40cc3e5d9804be52417648a41f9ea143cf01dc584cd6f3916bc5a58097e93cbe4408a28241ad1,gx-no-cache=1553272512282 HTTP/1.1" 200 110
200.54.107.2 - - [22/Mar/2019:13:38:51 -0300] "POST /cormun/servlet/solicitudot?gx-no-cache=1553272512368 HTTP/1.1" 200 83
200.54.107.2 - - [22/Mar/2019:13:39:23 -0300] "POST /cormun/servlet/solicitudot?gx-no-cache=1553272544206 HTTP/1.1" 200 72
186.103.159.204 - - [22/Mar/2019:13:39:28 -0300] "POST /cormun/servlet/solicitudot?gx-no-cache=1553272542273 HTTP/1.1" 200 297
186.103.159.204 - - [22/Mar/2019:13:39:30 -0300] "GET /cormun/servlet/solicitudot?338afb80d46873679541a3349637db9a8995c749bbaea022cc30eb6cabaff1c75c2efb9beb1f83ac4367b1d5eaaf1a8561c2bbe3f17b7d5f6c95243af93a526a09d37c8c06d2a53417d2f231a0f10cf498aa9083ec07fc5a2bd8dc96a42802d44594915b47b5500d58f3bdbe4000ced250d16137933a80df21c802d589ba4085423b84615ee7c83bd3be5f51b01a8c25403f220492ac92711171dd2a1901de9ba932498a95bd7ae1970df49449f346bfc8ba2e55500223a20cf0b864f03ab9d751e85936ebb995e1eb5b43e666d4c84f6d1d5f07ef248dd4528fe69cadf09c3a994e5ac677e5fc798890b0a261486911bf92c887025c3d7c9a82dbd65f7b63004531032aefa32333acd8a5d5bfd7aab10cf2bc0636a70fad8386bd8e0f099ba000a27bfa45a488d7451e1ee2d668b06ee1e17ad5316831452e2381dd094c767c8ab3e87b0341d7188fdc2788eff7250ed96c2b91556f0b9d6dd7a79914a592eb984a2dd41a1f1dece62e909ef26942d3069f67168ff8cab249866198169a35c4c2840827cbceddcaa1ccf9f42b091221,gx-no-cache=1553272544826 HTTP/1.1" 200 30
200.54.107.2 - - [22/Mar/2019:13:39:33 -0300] "POST /cormun/servlet/solicitudot?gx-no-cache=1553272554275 HTTP/1.1" 200 33
78.108.177.52 - - [22/Mar/2019:13:39:34 -0300] "GET / HTTP/1.0" 200 11197
186.103.159.204 - - [22/Mar/2019:13:39:37 -0300] "POST /cormun/servlet/solicitudot?gx-no-cache=1553272551142 HTTP/1.1" 200 30
186.103.159.204 - - [22/Mar/2019:13:39:39 -0300] "POST /cormun/servlet/solicitudot?gx-no-cache=1553272553380 HTTP/1.1" 200 1287
186.103.159.204 - - [22/Mar/2019:13:39:39 -0300] "POST /cormun/servlet/solicitudot?gx-no-cache=1553272553415 HTTP/1.1" 200 38
200.54.107.2 - - [22/Mar/2019:13:39:49 -0300] "POST /cormun/servlet/solicitudot?4f22ef2fe43890d789b8d0917a8b01c6,INS,0,0,,gx-no-cache=1553272569744 HTTP/1.1" 200 93
200.54.107.2 - - [22/Mar/2019:13:39:49 -0300] "GET /cormun/servlet/hpexe_return? HTTP/1.1" 200 1004
200.54.107.2 - - [22/Mar/2019:13:39:49 -0300] "GET /cormun/servlet/trsolicitudot HTTP/1.1" 200 8996
200.54.107.2 - - [22/Mar/2019:13:39:50 -0300] "GET /cormun/servlet/trsolicitudot HTTP/1.1" 200 8992
186.103.159.204 - - [22/Mar/2019:13:40:08 -0300] "GET /cormun/servlet/solicitudot?338afb80d46873679541a3349637db9a1c6f34b64d491bc70d0cca1dec6c5ab4f3579f2d12e19de5073ed9e131148b53f32374aaf90764ae0f6b7ea6da398d9a784cdbdcbd8699d8711589f92f82c4a76971699dbab361f308034ae822a82499df2dc00258b0a805e28dffab227aebb0,gx-no-cache=1553272581984 HTTP/1.1" 200 110
200.54.107.2 - - [22/Mar/2019:13:40:19 -0300] "POST /cormun/servlet/trsolicitudot?4f22ef2fe43890d789b8d0917a8b01c6,gx-no-cache=1553272600412 HTTP/1.1" 200 6008
200.54.107.2 - - [22/Mar/2019:13:40:20 -0300] "GET /cormun/static/Shared/jqueryui/images/ui-bg_highlight-soft_100_c6c2c8_1x100.png HTTP/1.1" 404 1117
200.54.107.2 - - [22/Mar/2019:13:40:20 -0300] "GET /cormun/static/Shared/jqueryui/images/ui-icons_82798d_256x240.png HTTP/1.1" 404 1089
200.54.107.2 - - [22/Mar/2019:13:40:20 -0300] "GET /cormun/static/Shared/jqueryui/images/ui-bg_flat_55_fafafa_40x100.png HTTP/1.1" 404 1097
200.54.107.2 - - [22/Mar/2019:13:40:20 -0300] "GET /cormun/static/Shared/jqueryui/images/ui-icons_8d78a5_256x240.png HTTP/1.1" 404 1089
186.103.159.204 - - [22/Mar/2019:13:40:24 -0300] "POST /cormun/servlet/solicitudot?gx-no-cache=1553272598639 HTTP/1.1" 200 79
200.54.107.2 - - [22/Mar/2019:13:40:32 -0300] "POST /cormun/servlet/trsolicitudot?4f22ef2fe43890d789b8d0917a8b01c6,gx-no-cache=1553272612551 HTTP/1.1" 200 106
200.54.107.2 - - [22/Mar/2019:13:40:32 -0300] "GET /cormun/servlet/solicitudot?UPD,2019,14893, HTTP/1.1" 200 15685
186.103.159.204 - - [22/Mar/2019:13:40:32 -0300] "GET /cormun/servlet/solicitudot?338afb80d46873679541a3349637db9a109c17389e5bc1c02177cfb203d3bb4c20ea4bdc499d8649336e75a2d883b4028b96888f8713fac912cc02d2ed99e8d431f24719e78206d63f9ebfd9c0d66858b79bbc0852a14117b25cee20fba5d1c17724fdc2baadde02fda4af6d729ce5a1,gx-no-cache=1553272606583 HTTP/1.1" 200 29
200.54.107.2 - - [22/Mar/2019:13:40:32 -0300] "GET /cormun/servlet/solicitudot?UPD,2019,14893, HTTP/1.1" 200 15695
200.54.107.2 - - [22/Mar/2019:13:40:33 -0300] "POST /cormun/servlet/solicitudot?gx-no-cache=1553272613662 HTTP/1.1" 200 3564
200.54.107.2 - - [22/Mar/2019:13:40:33 -0300] "POST /cormun/servlet/solicitudot?4f22ef2fe43890d789b8d0917a8b01c6,UPD,2019,14893,,gx-no-cache=1553272613832 HTTP/1.1" 200 12071
200.54.107.2 - - [22/Mar/2019:13:40:33 -0300] "GET /cormun/servlet/solicitudot?29329ec42062255707fff53a14d2f0179aa39653f0a46c858b74728996d12ac5e4fabd8f10a5f61c11103e0f5a685670,gx-no-cache=1553272614030 HTTP/1.1" 200 30
200.54.107.2 - - [22/Mar/2019:13:40:33 -0300] "GET /cormun/servlet/solicitudot?29329ec42062255707fff53a14d2f0170887b288442b46fa87411c94fa84623ddc57c8cde3fd82967802c260cb3adafbb890a366ec85068a0d0509cc4cbf2a26,gx-no-cache=1553272614057 HTTP/1.1" 200 30
200.54.107.2 - - [22/Mar/2019:13:40:33 -0300] "GET /cormun/servlet/solicitudot?29329ec42062255707fff53a14d2f0176fa666505b56b60b3c98256b9bf54f4f98aa7c823aade2ea83cc4220ebf7921b3d9b21a6dd92e6f3fc2a644a542216be,gx-no-cache=1553272614077 HTTP/1.1" 200 53
200.54.107.2 - - [22/Mar/2019:13:40:33 -0300] "POST /cormun/servlet/solicitudot?gx-no-cache=1553272614101 HTTP/1.1" 200 297
200.54.107.2 - - [22/Mar/2019:13:40:33 -0300] "GET /cormun/servlet/solicitudot?29329ec42062255707fff53a14d2f017b5332467fa3966cd5d83fc5a6c1b56b13c732ae8ce1ed08c75ddb3749f51e522ea485831aa394517cda238e7fef74bb106311a5d8d3ff36b5e02f33b1349536d255c9b6493ba7d5f029ecbeeef559ce73a636a68153bbc3e9d7ed9a0a6bfd4e890638907be5fe7d41c0830fe1bd65ba68be97e6c272c653b39153c22c2f79e0be8dcd57acd6f4f1a6885fda849a6b8c5e4f092c6be5792b54655317d3c98504adaa6ea70dde40c30df453c439e0e9d7fc84f78ecdcbd12e427ae8c7245d5569ba88a255fab7ac683796a5b21ab820f7c19360f1c2a71d51db65341010be904f7d362097df9ce62dab8c842ecd2edb51bde626b5f28c6ea16db59a19744e00debaf85b8760c741beac73d4b99af244341357b77b3b0db275794fffd99a9d77826856f7fc37880e761f20cc635d47a84c5889ba54a57abf179ef41c93544bacf224166ad71d07b215b3a94ff253ef88f34961df4757f6dd7fdfdef64224f5350b05b6110ea29085dcdc8c5bf69ac6508f1911f687046c5a7b8a76d69bf2242612b,gx-no-cache=1553272614140 HTTP/1.1" 200 30
200.54.107.2 - - [22/Mar/2019:13:40:33 -0300] "POST /cormun/servlet/solicitudot?gx-no-cache=1553272614167 HTTP/1.1" 200 30
200.54.107.2 - - [22/Mar/2019:13:40:33 -0300] "POST /cormun/servlet/solicitudot?gx-no-cache=1553272614203 HTTP/1.1" 200 1290
200.54.107.2 - - [22/Mar/2019:13:40:33 -0300] "POST /cormun/servlet/solicitudot?gx-no-cache=1553272614246 HTTP/1.1" 200 40
186.103.159.204 - - [22/Mar/2019:13:40:35 -0300] "GET /cormun/static/menuarrow.gif HTTP/1.1" 404 1015
200.54.107.2 - - [22/Mar/2019:13:40:41 -0300] "POST /cormun/servlet/solicitudot?4f22ef2fe43890d789b8d0917a8b01c6,UPD,2019,14893,,gx-no-cache=1553272622416 HTTP/1.1" 200 93
200.54.107.2 - - [22/Mar/2019:13:40:42 -0300] "GET /cormun/servlet/hpexe_return? HTTP/1.1" 200 1032
200.54.107.2 - - [22/Mar/2019:13:40:42 -0300] "GET /cormun/servlet/trsolicitudot?gx-no-cache=1553272600412 HTTP/1.1" 200 8996
200.54.107.2 - - [22/Mar/2019:13:40:42 -0300] "GET /cormun/servlet/trsolicitudot?gx-no-cache=1553272600412 HTTP/1.1" 200 9013
186.103.159.204 - - [22/Mar/2019:13:40:44 -0300] "GET /cormun/servlet/solicitudot?338afb80d46873679541a3349637db9a77a71e602ed5fee173269e3e7a7d0705d9514b53f7b0be072fb44c3a1d9f1cb7,gx-no-cache=1553272618189 HTTP/1.1" 200 30
200.54.107.2 - - [22/Mar/2019:13:40:45 -0300] "POST /cormun/servlet/trsolicitudot?4f22ef2fe43890d789b8d0917a8b01c6,gx-no-cache=1553272600412,gx-no-cache=1553272626208 HTTP/1.1" 200 106
200.54.107.2 - - [22/Mar/2019:13:40:45 -0300] "GET /cormun/servlet/solicitudot?UPD,2019,14887, HTTP/1.1" 200 15714
200.54.107.2 - - [22/Mar/2019:13:40:46 -0300] "GET /cormun/servlet/solicitudot?UPD,2019,14887, HTTP/1.1" 200 15701
200.54.107.2 - - [22/Mar/2019:13:40:46 -0300] "POST /cormun/servlet/solicitudot?gx-no-cache=1553272627250 HTTP/1.1" 200 3564
200.54.107.2 - - [22/Mar/2019:13:40:46 -0300] "POST /cormun/servlet/solicitudot?4f22ef2fe43890d789b8d0917a8b01c6,UPD,2019,14887,,gx-no-cache=1553272627412 HTTP/1.1" 200 12089
200.54.107.2 - - [22/Mar/2019:13:40:47 -0300] "GET /cormun/servlet/solicitudot?29329ec42062255707fff53a14d2f0179aa39653f0a46c858b74728996d12ac5e4fabd8f10a5f61c11103e0f5a685670,gx-no-cache=1553272627611 HTTP/1.1" 200 30
200.54.107.2 - - [22/Mar/2019:13:40:47 -0300] "GET /cormun/servlet/solicitudot?29329ec42062255707fff53a14d2f0170887b288442b46fa87411c94fa84623ddc57c8cde3fd82967802c260cb3adafbb890a366ec85068a0d0509cc4cbf2a26,gx-no-cache=1553272627637 HTTP/1.1" 200 30
200.54.107.2 - - [22/Mar/2019:13:40:47 -0300] "GET /cormun/servlet/solicitudot?29329ec42062255707fff53a14d2f0176fa666505b56b60b3c98256b9bf54f4f98aa7c823aade2ea83cc4220ebf7921b3d9b21a6dd92e6f3fc2a644a542216be,gx-no-cache=1553272627660 HTTP/1.1" 200 53
200.54.107.2 - - [22/Mar/2019:13:40:47 -0300] "POST /cormun/servlet/solicitudot?gx-no-cache=1553272627686 HTTP/1.1" 200 297
200.54.107.2 - - [22/Mar/2019:13:40:47 -0300] "GET /cormun/servlet/solicitudot?29329ec42062255707fff53a14d2f017b5332467fa3966cd5d83fc5a6c1b56b13c732ae8ce1ed08c75ddb3749f51e522ea485831aa394517cda238e7fef74bb106311a5d8d3ff36b5e02f33b1349536d255c9b6493ba7d5f029ecbeeef559ce73a636a68153bbc3e9d7ed9a0a6bfd4e890638907be5fe7d41c0830fe1bd65ba68be97e6c272c653b39153c22c2f79e0be8dcd57acd6f4f1a6885fda849a6b8c5e4f092c6be5792b54655317d3c98504adaa6ea70dde40c30df453c439e0e9d7fc84f78ecdcbd12e427ae8c7245d5569ba88a255fab7ac683796a5b21ab820f7c19360f1c2a71d51db65341010be904f7d362097df9ce62dab8c842ecd2edb51bde626b5f28c6ea16db59a19744e00debaf85b8760c741beac73d4b99af244341357b77b3b0db275794fffd99a9d77826856f7fc37880e761f20cc635d47a84c5889ba54a57abf179ef41c93544bacf224166ad71d07b215b3a94ff253ef88f34961df4757f6dd7fdfdef64224f5350b05b6110ea29085dcdc8c5bf69ac6508f1911f687046c5a7b8a76d69bf2242612b,gx-no-cache=1553272627722 HTTP/1.1" 200 30
200.54.107.2 - - [22/Mar/2019:13:40:47 -0300] "POST /cormun/servlet/solicitudot?gx-no-cache=1553272627752 HTTP/1.1" 200 30
200.54.107.2 - - [22/Mar/2019:13:40:47 -0300] "POST /cormun/servlet/solicitudot?gx-no-cache=1553272627792 HTTP/1.1" 200 1290
200.54.107.2 - - [22/Mar/2019:13:40:47 -0300] "POST /cormun/servlet/solicitudot?gx-no-cache=1553272627843 HTTP/1.1" 200 40
200.54.107.2 - - [22/Mar/2019:13:40:53 -0300] "GET /cormun/servlet/solicitudot?29329ec42062255707fff53a14d2f0170b6ced287e7eb3306e96866508ad63f0b0f28f18151ba205825a454223695d8740fe16f40643e35d0928e7356659eeabcbb39ad610d5b43579d40cc3e5d9804be52417648a41f9ea143cf01dc584cd6f3916bc5a58097e93cbe4408a28241ad1,gx-no-cache=1553272633715 HTTP/1.1" 200 110
200.54.107.2 - - [22/Mar/2019:13:41:04 -0300] "POST /cormun/servlet/solicitudot?gx-no-cache=1553272644854 HTTP/1.1" 200 72
200.54.107.2 - - [22/Mar/2019:13:41:12 -0300] "GET /cormun/servlet/solicitudot?29329ec42062255707fff53a14d2f017de9100e3d65e78ff8adb4885adb38b33332d9ea253a7f839898a021241837673229867c1d35bb99056478ad5614b97d8e505c005c90a6bd2e6f917fed57e91f31ac7217e45624611c64f6276899f34abf013c0362d565dd93e9f090addf3eedd,gx-no-cache=1553272652598 HTTP/1.1" 200 29
200.54.107.2 - - [22/Mar/2019:13:41:12 -0300] "GET /cormun/servlet/solicitudot?29329ec42062255707fff53a14d2f0177106b8de4fbb5ab048ad4e5ef21df168203d2882578bfc13bef850bb0c7b12fb,gx-no-cache=1553272652618 HTTP/1.1" 200 30
200.54.107.2 - - [22/Mar/2019:13:41:12 -0300] "POST /cormun/servlet/solicitudot?gx-no-cache=1553272652637 HTTP/1.1" 200 33
200.54.107.2 - - [22/Mar/2019:13:41:12 -0300] "POST /cormun/servlet/solicitudot?4f22ef2fe43890d789b8d0917a8b01c6,UPD,2019,14887,,gx-no-cache=1553272652698 HTTP/1.1" 200 93
200.54.107.2 - - [22/Mar/2019:13:41:12 -0300] "GET /cormun/servlet/hpexe_return? HTTP/1.1" 200 1032
200.54.107.2 - - [22/Mar/2019:13:41:12 -0300] "GET /cormun/servlet/trsolicitudot?gx-no-cache=1553272600412 HTTP/1.1" 200 9002
200.54.107.2 - - [22/Mar/2019:13:41:12 -0300] "GET /cormun/servlet/trsolicitudot?gx-no-cache=1553272600412 HTTP/1.1" 200 9019
200.54.107.2 - - [22/Mar/2019:13:41:17 -0300] "POST /cormun/servlet/trsolicitudot?4f22ef2fe43890d789b8d0917a8b01c6,gx-no-cache=1553272600412,gx-no-cache=1553272658064 HTTP/1.1" 200 106
200.54.107.2 - - [22/Mar/2019:13:41:17 -0300] "GET /cormun/servlet/solicitudot?UPD,2019,14887, HTTP/1.1" 200 15702
200.54.107.2 - - [22/Mar/2019:13:41:18 -0300] "GET /cormun/servlet/solicitudot?UPD,2019,14887, HTTP/1.1" 200 15690
200.54.107.2 - - [22/Mar/2019:13:41:18 -0300] "POST /cormun/servlet/solicitudot?gx-no-cache=1553272659117 HTTP/1.1" 200 3564
200.54.107.2 - - [22/Mar/2019:13:41:18 -0300] "POST /cormun/servlet/solicitudot?4f22ef2fe43890d789b8d0917a8b01c6,UPD,2019,14887,,gx-no-cache=1553272659274 HTTP/1.1" 200 12079
200.54.107.2 - - [22/Mar/2019:13:41:18 -0300] "GET /cormun/servlet/solicitudot?29329ec42062255707fff53a14d2f0179aa39653f0a46c858b74728996d12ac5e4fabd8f10a5f61c11103e0f5a685670,gx-no-cache=1553272659480 HTTP/1.1" 200 30
200.54.107.2 - - [22/Mar/2019:13:41:18 -0300] "GET /cormun/servlet/solicitudot?29329ec42062255707fff53a14d2f0170887b288442b46fa87411c94fa84623ddc57c8cde3fd82967802c260cb3adafbb890a366ec85068a0d0509cc4cbf2a26,gx-no-cache=1553272659508 HTTP/1.1" 200 30
200.54.107.2 - - [22/Mar/2019:13:41:18 -0300] "GET /cormun/servlet/solicitudot?29329ec42062255707fff53a14d2f0176fa666505b56b60b3c98256b9bf54f4f98aa7c823aade2ea83cc4220ebf7921b3d9b21a6dd92e6f3fc2a644a542216be,gx-no-cache=1553272659528 HTTP/1.1" 200 53
200.54.107.2 - - [22/Mar/2019:13:41:19 -0300] "POST /cormun/servlet/solicitudot?gx-no-cache=1553272659550 HTTP/1.1" 200 297
200.54.107.2 - - [22/Mar/2019:13:41:19 -0300] "GET /cormun/servlet/solicitudot?29329ec42062255707fff53a14d2f017b5332467fa3966cd5d83fc5a6c1b56b13c732ae8ce1ed08c75ddb3749f51e522ea485831aa394517cda238e7fef74bb106311a5d8d3ff36b5e02f33b1349536d255c9b6493ba7d5f029ecbeeef559ce73a636a68153bbc3e9d7ed9a0a6bfd4e890638907be5fe7d41c0830fe1bd65ba68be97e6c272c653b39153c22c2f79e0be8dcd57acd6f4f1a6885fda849a6b8c5e4f092c6be5792b54655317d3c98504adaa6ea70dde40c30df453c439e0e9d7fc84f78ecdcbd12e427ae8c7245d5569ba88a255fab7ac683796a5b21ab820f7c19360f1c2a71d51db65341010be904f7d362097df9ce62dab8c842ecd2edb51bde626b5f28c6ea16db59a19744e00debaf85b8760c741beac73d4b99af244341357b77b3b0db275794fffd99a9d77826856f7fc37880e761f20cc635d47a84c5889ba54a57abf179ef41c93544bacf224166ad71d07b215b3a94ff253ef88f34961df4757f6dd7fdfdef64224f5350b05b6110ea29085dcdc8c5bf69ac6508f1911f687046c5a7b8a76d69bf2242612b,gx-no-cache=1553272659584 HTTP/1.1" 200 30
200.54.107.2 - - [22/Mar/2019:13:41:19 -0300] "POST /cormun/servlet/solicitudot?gx-no-cache=1553272659615 HTTP/1.1" 200 30
200.54.107.2 - - [22/Mar/2019:13:41:19 -0300] "POST /cormun/servlet/solicitudot?gx-no-cache=1553272659655 HTTP/1.1" 200 1289
200.54.107.2 - - [22/Mar/2019:13:41:19 -0300] "POST /cormun/servlet/solicitudot?gx-no-cache=1553272659707 HTTP/1.1" 200 40
200.54.107.2 - - [22/Mar/2019:13:41:24 -0300] "GET /cormun/servlet/solicitudot?29329ec42062255707fff53a14d2f0170b6ced287e7eb3306e96866508ad63f0b0f28f18151ba205825a454223695d8740fe16f40643e35d0928e7356659eeabcbb39ad610d5b43579d40cc3e5d9804be52417648a41f9ea143cf01dc584cd6f3916bc5a58097e93cbe4408a28241ad1,gx-no-cache=1553272664973 HTTP/1.1" 200 110
200.54.107.2 - - [22/Mar/2019:13:41:24 -0300] "POST /cormun/servlet/solicitudot?gx-no-cache=1553272665009 HTTP/1.1" 200 67
200.54.107.2 - - [22/Mar/2019:13:41:24 -0300] "GET /cormun/servlet/solicitudot?29329ec42062255707fff53a14d2f017de9100e3d65e78ff8adb4885adb38b33332d9ea253a7f839898a021241837673229867c1d35bb99056478ad5614b97d8e505c005c90a6bd2e6f917fed57e91f31ac7217e45624611c64f6276899f34abf013c0362d565dd93e9f090addf3eedd,gx-no-cache=1553272665060 HTTP/1.1" 200 29
200.54.107.2 - - [22/Mar/2019:13:41:24 -0300] "GET /cormun/servlet/solicitudot?29329ec42062255707fff53a14d2f0177106b8de4fbb5ab048ad4e5ef21df168203d2882578bfc13bef850bb0c7b12fb,gx-no-cache=1553272665128 HTTP/1.1" 200 30
200.54.107.2 - - [22/Mar/2019:13:41:24 -0300] "POST /cormun/servlet/solicitudot?gx-no-cache=1553272665168 HTTP/1.1" 200 33
200.54.107.2 - - [22/Mar/2019:13:41:24 -0300] "POST /cormun/servlet/solicitudot?4f22ef2fe43890d789b8d0917a8b01c6,UPD,2019,14887,,gx-no-cache=1553272665240 HTTP/1.1" 200 93
200.54.107.2 - - [22/Mar/2019:13:41:24 -0300] "GET /cormun/servlet/hpexe_return? HTTP/1.1" 200 1032
200.54.107.2 - - [22/Mar/2019:13:41:25 -0300] "GET /cormun/servlet/trsolicitudot?gx-no-cache=1553272600412 HTTP/1.1" 200 9002
200.54.107.2 - - [22/Mar/2019:13:41:25 -0300] "GET /cormun/servlet/trsolicitudot?gx-no-cache=1553272600412 HTTP/1.1" 200 9019
200.54.107.2 - - [22/Mar/2019:13:41:28 -0300] "POST /cormun/servlet/trsolicitudot?4f22ef2fe43890d789b8d0917a8b01c6,gx-no-cache=1553272600412,gx-no-cache=1553272669095 HTTP/1.1" 200 106
200.54.107.2 - - [22/Mar/2019:13:41:28 -0300] "GET /cormun/servlet/solicitudot?UPD,2019,14893, HTTP/1.1" 200 15709
200.54.107.2 - - [22/Mar/2019:13:41:29 -0300] "GET /cormun/servlet/solicitudot?UPD,2019,14893, HTTP/1.1" 200 15695
200.54.107.2 - - [22/Mar/2019:13:41:29 -0300] "POST /cormun/servlet/solicitudot?gx-no-cache=1553272670116 HTTP/1.1" 200 3564
200.54.107.2 - - [22/Mar/2019:13:41:29 -0300] "POST /cormun/servlet/solicitudot?4f22ef2fe43890d789b8d0917a8b01c6,UPD,2019,14893,,gx-no-cache=1553272670283 HTTP/1.1" 200 12096
200.54.107.2 - - [22/Mar/2019:13:41:29 -0300] "GET /cormun/servlet/solicitudot?29329ec42062255707fff53a14d2f0179aa39653f0a46c858b74728996d12ac5e4fabd8f10a5f61c11103e0f5a685670,gx-no-cache=1553272670505 HTTP/1.1" 200 30
200.54.107.2 - - [22/Mar/2019:13:41:29 -0300] "GET /cormun/servlet/solicitudot?29329ec42062255707fff53a14d2f0170887b288442b46fa87411c94fa84623ddc57c8cde3fd82967802c260cb3adafbb890a366ec85068a0d0509cc4cbf2a26,gx-no-cache=1553272670534 HTTP/1.1" 200 30
200.54.107.2 - - [22/Mar/2019:13:41:30 -0300] "GET /cormun/servlet/solicitudot?29329ec42062255707fff53a14d2f0176fa666505b56b60b3c98256b9bf54f4f98aa7c823aade2ea83cc4220ebf7921b3d9b21a6dd92e6f3fc2a644a542216be,gx-no-cache=1553272670553 HTTP/1.1" 200 53
200.54.107.2 - - [22/Mar/2019:13:41:30 -0300] "POST /cormun/servlet/solicitudot?gx-no-cache=1553272670641 HTTP/1.1" 200 297
200.54.107.2 - - [22/Mar/2019:13:41:30 -0300] "GET /cormun/servlet/solicitudot?29329ec42062255707fff53a14d2f017b5332467fa3966cd5d83fc5a6c1b56b13c732ae8ce1ed08c75ddb3749f51e522ea485831aa394517cda238e7fef74bb106311a5d8d3ff36b5e02f33b1349536d255c9b6493ba7d5f029ecbeeef559ce73a636a68153bbc3e9d7ed9a0a6bfd4e890638907be5fe7d41c0830fe1bd65ba68be97e6c272c653b39153c22c2f79e0be8dcd57acd6f4f1a6885fda849a6b8c5e4f092c6be5792b54655317d3c98504adaa6ea70dde40c30df453c439e0e9d7fc84f78ecdcbd12e427ae8c7245d5569ba88a255fab7ac683796a5b21ab820f7c19360f1c2a71d51db65341010be904f7d362097df9ce62dab8c842ecd2edb51bde626b5f28c6ea16db59a19744e00debaf85b8760c741beac73d4b99af244341357b77b3b0db275794fffd99a9d77826856f7fc37880e761f20cc635d47a84c5889ba54a57abf179ef41c93544bacf224166ad71d07b215b3a94ff253ef88f34961df4757f6dd7fdfdef64224f5350b05b6110ea29085dcdc8c5bf69ac6508f1911f687046c5a7b8a76d69bf2242612b,gx-no-cache=1553272670685 HTTP/1.1" 200 30
200.54.107.2 - - [22/Mar/2019:13:41:30 -0300] "POST /cormun/servlet/solicitudot?gx-no-cache=1553272670711 HTTP/1.1" 200 30
200.54.107.2 - - [22/Mar/2019:13:41:30 -0300] "POST /cormun/servlet/solicitudot?gx-no-cache=1553272670742 HTTP/1.1" 200 1290
200.54.107.2 - - [22/Mar/2019:13:41:30 -0300] "POST /cormun/servlet/solicitudot?gx-no-cache=1553272670785 HTTP/1.1" 200 40
