200.54.107.2 - - [22/Mar/2019:13:41:43 -0300] "POST /cormun/servlet/solicitudot?4f22ef2fe43890d789b8d0917a8b01c6,UPD,2019,14893,,gx-no-cache=1553272683558 HTTP/1.1" 200 93
200.54.107.2 - - [22/Mar/2019:13:41:43 -0300] "GET /cormun/servlet/hpexe_return? HTTP/1.1" 200 1032
200.54.107.2 - - [22/Mar/2019:13:41:43 -0300] "GET /cormun/servlet/trsolicitudot?gx-no-cache=1553272600412 HTTP/1.1" 200 9002
200.54.107.2 - - [22/Mar/2019:13:41:43 -0300] "GET /cormun/servlet/trsolicitudot?gx-no-cache=1553272600412 HTTP/1.1" 200 9019
200.54.107.2 - - [22/Mar/2019:13:41:56 -0300] "POST /cormun/servlet/trsolicitudot?4f22ef2fe43890d789b8d0917a8b01c6,gx-no-cache=1553272600412,gx-no-cache=1553272696775 HTTP/1.1" 200 5731
200.54.107.2 - - [22/Mar/2019:13:41:56 -0300] "GET /cormun/static/Shared/jqueryui/images/ui-bg_highlight-soft_100_c6c2c8_1x100.png HTTP/1.1" 404 1117
200.54.107.2 - - [22/Mar/2019:13:41:56 -0300] "GET /cormun/static/Shared/jqueryui/images/ui-icons_82798d_256x240.png HTTP/1.1" 404 1089
200.54.107.2 - - [22/Mar/2019:13:41:56 -0300] "GET /cormun/static/Shared/jqueryui/images/ui-bg_flat_55_fafafa_40x100.png HTTP/1.1" 404 1097
200.54.107.2 - - [22/Mar/2019:13:41:56 -0300] "GET /cormun/static/Shared/jqueryui/images/ui-icons_8d78a5_256x240.png HTTP/1.1" 404 1089
200.54.107.2 - - [22/Mar/2019:13:41:56 -0300] "POST /cormun/servlet/trsolicitudot?4f22ef2fe43890d789b8d0917a8b01c6,gx-no-cache=1553272600412,gx-no-cache=1553272696980 HTTP/1.1" 200 5672
200.54.107.2 - - [22/Mar/2019:13:42:01 -0300] "POST /cormun/servlet/trsolicitudot?4f22ef2fe43890d789b8d0917a8b01c6,gx-no-cache=1553272600412,gx-no-cache=1553272701846 HTTP/1.1" 200 4452
200.54.107.2 - - [22/Mar/2019:13:42:01 -0300] "POST /cormun/servlet/trsolicitudot?4f22ef2fe43890d789b8d0917a8b01c6,gx-no-cache=1553272600412,gx-no-cache=1553272702078 HTTP/1.1" 200 4267
200.54.107.2 - - [22/Mar/2019:13:42:04 -0300] "GET /cormun/servlet/trautorizarsolicitud? HTTP/1.1" 200 8738
200.54.107.2 - - [22/Mar/2019:13:42:05 -0300] "GET /cormun/servlet/trautorizarsolicitud? HTTP/1.1" 200 8717
200.54.107.2 - - [22/Mar/2019:13:42:08 -0300] "GET /cormun/servlet/veautorizarsolicitud?2019,14887,, HTTP/1.1" 200 8625
200.54.107.2 - - [22/Mar/2019:13:42:08 -0300] "GET /cormun/pexe_scrolldiv.js HTTP/1.1" 404 1009
200.54.107.2 - - [22/Mar/2019:13:42:08 -0300] "GET /cormun/pexe_scrolldiv.js HTTP/1.1" 404 1009
200.54.107.2 - - [22/Mar/2019:13:42:09 -0300] "GET /cormun/servlet/veautorizarsolicitud?2019,14887,, HTTP/1.1" 200 8624
200.54.107.2 - - [22/Mar/2019:13:42:14 -0300] "POST /cormun/servlet/veautorizarsolicitud?4f22ef2fe43890d789b8d0917a8b01c6,2019,14887,,,gx-no-cache=1553272715024 HTTP/1.1" 200 93
200.54.107.2 - - [22/Mar/2019:13:42:15 -0300] "GET /cormun/servlet/hpexe_return? HTTP/1.1" 200 1015
200.54.107.2 - - [22/Mar/2019:13:42:15 -0300] "GET /cormun/servlet/trautorizarsolicitud HTTP/1.1" 200 8721
200.54.107.2 - - [22/Mar/2019:13:42:15 -0300] "GET /cormun/servlet/trautorizarsolicitud HTTP/1.1" 200 8717
200.54.107.2 - - [22/Mar/2019:13:42:27 -0300] "POST /cormun/servlet/trautorizarsolicitud?4f22ef2fe43890d789b8d0917a8b01c6,gx-no-cache=1553272728392 HTTP/1.1" 200 4686
200.54.107.2 - - [22/Mar/2019:13:42:28 -0300] "POST /cormun/servlet/trautorizarsolicitud?4f22ef2fe43890d789b8d0917a8b01c6,gx-no-cache=1553272728580 HTTP/1.1" 200 4467
200.54.107.2 - - [22/Mar/2019:13:42:34 -0300] "GET /cormun/servlet/trautorizarsolicitud? HTTP/1.1" 200 7372
200.54.107.2 - - [22/Mar/2019:13:42:34 -0300] "GET /cormun/servlet/trautorizarsolicitud? HTTP/1.1" 200 7372
200.54.107.2 - - [22/Mar/2019:13:42:42 -0300] "GET /cormun/servlet/trvisualizadoreventos? HTTP/1.1" 200 7015
200.54.107.2 - - [22/Mar/2019:13:42:43 -0300] "GET /cormun/servlet/trvisualizadoreventos? HTTP/1.1" 200 7014
200.54.107.2 - - [22/Mar/2019:13:42:45 -0300] "GET /cormun/static/menuarrow.gif HTTP/1.1" 404 1015
200.54.107.2 - - [22/Mar/2019:13:42:53 -0300] "POST /cormun/servlet/trvisualizadoreventos?4f22ef2fe43890d789b8d0917a8b01c6,,gx-no-cache=1553272754413 HTTP/1.1" 200 4216
200.54.107.2 - - [22/Mar/2019:13:42:55 -0300] "POST /cormun/servlet/trvisualizadoreventos?4f22ef2fe43890d789b8d0917a8b01c6,,gx-no-cache=1553272755741 HTTP/1.1" 200 4216
200.54.107.2 - - [22/Mar/2019:13:42:59 -0300] "GET /cormun/servlet/trsolicitudot? HTTP/1.1" 200 7295
200.54.107.2 - - [22/Mar/2019:13:42:59 -0300] "GET /cormun/servlet/trsolicitudot? HTTP/1.1" 200 7294
200.54.107.2 - - [22/Mar/2019:13:43:02 -0300] "GET /cormun/static/menuarrow.gif HTTP/1.1" 404 1015
200.54.107.2 - - [22/Mar/2019:13:43:13 -0300] "POST /cormun/servlet/trsolicitudot?4f22ef2fe43890d789b8d0917a8b01c6,,gx-no-cache=1553272773743 HTTP/1.1" 200 7277
200.54.107.2 - - [22/Mar/2019:13:43:37 -0300] "POST /cormun/servlet/trsolicitudot?4f22ef2fe43890d789b8d0917a8b01c6,,gx-no-cache=1553272798241 HTTP/1.1" 200 6898
200.54.107.2 - - [22/Mar/2019:13:43:38 -0300] "POST /cormun/servlet/trsolicitudot?4f22ef2fe43890d789b8d0917a8b01c6,,gx-no-cache=1553272798572 HTTP/1.1" 200 6878
200.54.107.2 - - [22/Mar/2019:13:43:44 -0300] "POST /cormun/servlet/trsolicitudot?4f22ef2fe43890d789b8d0917a8b01c6,,gx-no-cache=1553272805340 HTTP/1.1" 200 6622
200.54.107.2 - - [22/Mar/2019:13:43:45 -0300] "POST /cormun/servlet/trsolicitudot?4f22ef2fe43890d789b8d0917a8b01c6,,gx-no-cache=1553272805630 HTTP/1.1" 200 6602
200.54.107.2 - - [22/Mar/2019:13:43:49 -0300] "POST /cormun/servlet/trsolicitudot?4f22ef2fe43890d789b8d0917a8b01c6,,gx-no-cache=1553272809670 HTTP/1.1" 200 6239
200.54.107.2 - - [22/Mar/2019:13:43:49 -0300] "POST /cormun/servlet/trsolicitudot?4f22ef2fe43890d789b8d0917a8b01c6,,gx-no-cache=1553272809912 HTTP/1.1" 200 6219
190.171.141.106 - - [22/Mar/2019:13:43:55 -0300] "GET /cormun/servlet/hlogin HTTP/1.1" 200 1720
190.171.141.106 - - [22/Mar/2019:13:43:57 -0300] "POST /cormun/servlet/hlogin?4f369f783960c11c7f9417e51d2f1fe7,gx-no-cache=1553272820397 HTTP/1.1" 200 90
200.54.107.2 - - [22/Mar/2019:13:43:57 -0300] "POST /cormun/servlet/trsolicitudot?4f22ef2fe43890d789b8d0917a8b01c6,,gx-no-cache=1553272817957 HTTP/1.1" 200 5734
190.171.141.106 - - [22/Mar/2019:13:43:57 -0300] "GET /cormun/servlet/hpexe_link HTTP/1.1" 200 951
200.54.107.2 - - [22/Mar/2019:13:43:58 -0300] "POST /cormun/servlet/trsolicitudot?4f22ef2fe43890d789b8d0917a8b01c6,,gx-no-cache=1553272818345 HTTP/1.1" 200 5715
190.171.141.106 - - [22/Mar/2019:13:43:58 -0300] "GET /cormun/servlet/hhome HTTP/1.1" 200 4001
190.171.141.106 - - [22/Mar/2019:13:43:59 -0300] "GET /cormun/servlet/hhome HTTP/1.1" 200 3997
190.171.141.106 - - [22/Mar/2019:13:44:01 -0300] "GET /cormun/servlet/trsolicitudot? HTTP/1.1" 200 8583
190.171.141.106 - - [22/Mar/2019:13:44:02 -0300] "GET /cormun/servlet/trsolicitudot? HTTP/1.1" 200 8581
190.171.141.106 - - [22/Mar/2019:13:44:07 -0300] "POST /cormun/servlet/trsolicitudot?4f369f783960c11c7f9417e51d2f1fe7,,gx-no-cache=1553272830677 HTTP/1.1" 200 107
190.171.141.106 - - [22/Mar/2019:13:44:08 -0300] "GET /cormun/servlet/trsolicitudadjuntos?2019,14892, HTTP/1.1" 200 8672
190.171.141.106 - - [22/Mar/2019:13:44:08 -0300] "GET /cormun/servlet/trsolicitudadjuntos?2019,14892, HTTP/1.1" 200 8670
190.171.141.106 - - [22/Mar/2019:13:44:13 -0300] "GET /cormun/servlet/solicitudotadjuntos?INS,2019,14892,,1, HTTP/1.1" 200 6049
190.171.141.106 - - [22/Mar/2019:13:44:13 -0300] "GET /cormun/static/about:blank HTTP/1.1" 404 1011
190.171.141.106 - - [22/Mar/2019:13:44:14 -0300] "GET /cormun/servlet/solicitudotadjuntos?INS,2019,14892,,1, HTTP/1.1" 200 6043
190.171.141.106 - - [22/Mar/2019:13:44:14 -0300] "GET /cormun/servlet/solicitudotadjuntos?9a06eea01ac313581068b4cd931952f5d97efa24ccee8d00c5e9c51a7c5ba61af875b082f596d5d1f8fedd95378395b4,gx-no-cache=1553272837569 HTTP/1.1" 200 30
190.171.141.106 - - [22/Mar/2019:13:44:14 -0300] "POST /cormun/servlet/solicitudotadjuntos?4f369f783960c11c7f9417e51d2f1fe7,INS,2019,14892,,1,,gx-no-cache=1553272837619 HTTP/1.1" 200 3677
190.171.141.106 - - [22/Mar/2019:13:44:18 -0300] "GET /cormun/servlet/solicitudotadjuntos?4891e4641d1a4a5667ad2f901ccf61691990d06878d11e2a36733450b2d67501483a9cf4f0441468f7a01f5196b409b0c72310bb595bef5b65c7d5ca12ced9c77d0f303e2a75f4abe3b5481501a233d722f0ab857a4370ee51de65e2b9ad94ac7ec943f0813e9db3a8f1425a8ebd123e1c117fa2a96834c1dfa73ea022cf3d2760f9a97d2993c0652d619eb43a7533b5,gx-no-cache=1553272841772 HTTP/1.1" 200 26
200.54.107.2 - - [22/Mar/2019:13:44:40 -0300] "POST /cormun/servlet/trsolicitudot?4f22ef2fe43890d789b8d0917a8b01c6,,gx-no-cache=1553272861050 HTTP/1.1" 200 4462
200.54.107.2 - - [22/Mar/2019:13:44:40 -0300] "POST /cormun/servlet/trsolicitudot?4f22ef2fe43890d789b8d0917a8b01c6,,gx-no-cache=1553272861258 HTTP/1.1" 200 4272
200.54.107.2 - - [22/Mar/2019:13:44:47 -0300] "POST /cormun/servlet/trsolicitudot?4f22ef2fe43890d789b8d0917a8b01c6,,gx-no-cache=1553272868426 HTTP/1.1" 200 4292
200.54.107.2 - - [22/Mar/2019:13:44:49 -0300] "POST /cormun/servlet/trsolicitudot?4f22ef2fe43890d789b8d0917a8b01c6,,gx-no-cache=1553272869729 HTTP/1.1" 200 4291
200.54.107.2 - - [22/Mar/2019:13:44:57 -0300] "POST /cormun/servlet/trsolicitudot?4f22ef2fe43890d789b8d0917a8b01c6,,gx-no-cache=1553272877177 HTTP/1.1" 200 20715
190.171.141.106 - - [22/Mar/2019:13:44:57 -0300] "GET /cormun/servlet/solicitudotadjuntos?9a06eea01ac313581068b4cd931952f535cbb4b7a96c1c26426ccc615e30c7df,gx-no-cache=1553272879900 HTTP/1.1" 200 30
190.171.141.106 - - [22/Mar/2019:13:44:57 -0300] "GET /cormun/servlet/solicitudotadjuntos?9a06eea01ac313581068b4cd931952f535cbb4b7a96c1c26426ccc615e30c7df,gx-no-cache=1553272880051 HTTP/1.1" 200 30
190.171.141.106 - - [22/Mar/2019:13:44:57 -0300] "POST /cormun/servlet/solicitudotadjuntos?4f369f783960c11c7f9417e51d2f1fe7,INS,2019,14892,,1, HTTP/1.1" 200 6243
190.171.141.106 - - [22/Mar/2019:13:44:58 -0300] "GET /home/sistema/apache-tomcat-7.0.65/webapps/cormun/PrivateTempStorage/upload_00011873.pdf HTTP/1.1" 404 1135
190.171.141.106 - - [22/Mar/2019:13:44:58 -0300] "GET /home/sistema/apache-tomcat-7.0.65/webapps/cormun/PrivateTempStorage/upload_00011873.pdf HTTP/1.1" 404 1135
190.171.141.106 - - [22/Mar/2019:13:44:58 -0300] "GET /cormun/static/Shared/jqueryui/images/ui-bg_highlight-soft_100_c6c2c8_1x100.png HTTP/1.1" 404 1117
190.171.141.106 - - [22/Mar/2019:13:44:58 -0300] "GET /cormun/static/Shared/jqueryui/images/ui-icons_ebccce_256x240.png HTTP/1.1" 404 1089
190.171.141.106 - - [22/Mar/2019:13:44:58 -0300] "GET /cormun/static/Shared/jqueryui/images/ui-icons_82798d_256x240.png HTTP/1.1" 404 1089
190.171.141.106 - - [22/Mar/2019:13:44:58 -0300] "GET /cormun/static/Shared/jqueryui/images/ui-bg_flat_55_994d53_40x100.png HTTP/1.1" 404 1097
190.171.141.106 - - [22/Mar/2019:13:44:58 -0300] "GET /cormun/PrivateTempStorage/upload_00011873.pdf HTTP/1.1" 200 81920
190.171.141.106 - - [22/Mar/2019:13:44:58 -0300] "GET /cormun/PrivateTempStorage/upload_00011873.pdf HTTP/1.1" 200 237477
190.171.141.106 - - [22/Mar/2019:13:45:08 -0300] "GET /cormun/servlet/solicitudotadjuntos?9a06eea01ac313581068b4cd931952f5c5b1a368db0d99aab4dc20fb392f66365a3ccb512240256dc87c3d6e02b26d63,gx-no-cache=1553272891609 HTTP/1.1" 200 30
190.171.141.106 - - [22/Mar/2019:13:45:10 -0300] "POST /cormun/servlet/solicitudotadjuntos?4f369f783960c11c7f9417e51d2f1fe7,INS,2019,14892,,1, HTTP/1.1" 200 6241
190.171.141.106 - - [22/Mar/2019:13:45:10 -0300] "GET /home/sistema/apache-tomcat-7.0.65/webapps/cormun/PrivateTempStorage/upload_00011885.pdf HTTP/1.1" 404 1135
190.171.141.106 - - [22/Mar/2019:13:45:11 -0300] "GET /cormun/PrivateTempStorage/upload_00011885.pdf HTTP/1.1" 200 237477
190.171.141.106 - - [22/Mar/2019:13:45:18 -0300] "POST /cormun/servlet/solicitudotadjuntos?4f369f783960c11c7f9417e51d2f1fe7,INS,2019,14892,,1, HTTP/1.1" 200 116
190.171.141.106 - - [22/Mar/2019:13:45:18 -0300] "GET /cormun/servlet/hpexe_return? HTTP/1.1" 200 1026
190.171.141.106 - - [22/Mar/2019:13:45:19 -0300] "GET /cormun/servlet/trsolicitudadjuntos?2019,14892, HTTP/1.1" 200 8675
190.171.141.106 - - [22/Mar/2019:13:45:19 -0300] "GET /cormun/servlet/trsolicitudadjuntos?2019,14892, HTTP/1.1" 200 8671
190.171.141.106 - - [22/Mar/2019:13:45:24 -0300] "GET /cormun/servlet/solicitudotadjuntos?DLT,2019,14892,CERTIF5,0, HTTP/1.1" 200 6016
190.171.141.106 - - [22/Mar/2019:13:45:25 -0300] "GET /cormun/static/Shared/jqueryui/images/ui-bg_highlight-soft_100_c6c2c8_1x100.png HTTP/1.1" 404 1117
190.171.141.106 - - [22/Mar/2019:13:45:25 -0300] "GET /cormun/static/Shared/jqueryui/images/ui-icons_82798d_256x240.png HTTP/1.1" 404 1089
190.171.141.106 - - [22/Mar/2019:13:45:25 -0300] "GET /cormun/static/Shared/jqueryui/images/ui-bg_flat_55_fafafa_40x100.png HTTP/1.1" 404 1097
190.171.141.106 - - [22/Mar/2019:13:45:25 -0300] "GET /cormun/static/Shared/jqueryui/images/ui-icons_8d78a5_256x240.png HTTP/1.1" 404 1089
190.171.141.106 - - [22/Mar/2019:13:45:25 -0300] "GET /cormun/servlet/solicitudotadjuntos?DLT,2019,14892,CERTIF5,0, HTTP/1.1" 200 6009
190.171.141.106 - - [22/Mar/2019:13:45:25 -0300] "GET /cormun/PublicTempStorage/antecedentes1423517.pdf HTTP/1.1" 200 321638
190.171.141.106 - - [22/Mar/2019:13:45:28 -0300] "POST /cormun/servlet/solicitudotadjuntos?4f369f783960c11c7f9417e51d2f1fe7,DLT,2019,14892,CERTIF5,0,,gx-no-cache=1553272910987 HTTP/1.1" 200 93
190.171.141.106 - - [22/Mar/2019:13:45:28 -0300] "GET /cormun/servlet/hpexe_return? HTTP/1.1" 200 1032
190.171.141.106 - - [22/Mar/2019:13:45:28 -0300] "GET /cormun/servlet/trsolicitudadjuntos?2019,14892, HTTP/1.1" 200 6107
190.171.141.106 - - [22/Mar/2019:13:45:29 -0300] "GET /cormun/servlet/trsolicitudadjuntos?2019,14892, HTTP/1.1" 200 6103
190.171.141.106 - - [22/Mar/2019:13:45:34 -0300] "GET /cormun/servlet/solicitudotadjuntos?INS,2019,14892,,1, HTTP/1.1" 200 6049
190.171.141.106 - - [22/Mar/2019:13:45:34 -0300] "GET /cormun/static/about:blank HTTP/1.1" 404 1011
190.171.141.106 - - [22/Mar/2019:13:45:34 -0300] "GET /cormun/servlet/solicitudotadjuntos?INS,2019,14892,,1, HTTP/1.1" 200 6043
190.171.141.106 - - [22/Mar/2019:13:45:35 -0300] "GET /cormun/servlet/solicitudotadjuntos?9a06eea01ac313581068b4cd931952f5d97efa24ccee8d00c5e9c51a7c5ba61af875b082f596d5d1f8fedd95378395b4,gx-no-cache=1553272918357 HTTP/1.1" 200 30
190.171.141.106 - - [22/Mar/2019:13:45:35 -0300] "POST /cormun/servlet/solicitudotadjuntos?4f369f783960c11c7f9417e51d2f1fe7,INS,2019,14892,,1,,gx-no-cache=1553272918459 HTTP/1.1" 200 3677
200.54.107.2 - - [22/Mar/2019:13:45:35 -0300] "GET /cormun/servlet/vesolicitudot?2019,14790,, HTTP/1.1" 200 8656
200.54.107.2 - - [22/Mar/2019:13:45:35 -0300] "GET /cormun/pexe_scrolldiv.js HTTP/1.1" 404 1009
200.54.107.2 - - [22/Mar/2019:13:45:36 -0300] "GET /cormun/servlet/vesolicitudot?2019,14790,, HTTP/1.1" 200 8656
200.54.107.2 - - [22/Mar/2019:13:45:43 -0300] "POST /cormun/servlet/vesolicitudot?4f22ef2fe43890d789b8d0917a8b01c6,2019,14790,,,gx-no-cache=1553272924178 HTTP/1.1" 200 93
200.54.107.2 - - [22/Mar/2019:13:45:43 -0300] "GET /cormun/servlet/hpexe_return? HTTP/1.1" 200 1010
200.54.107.2 - - [22/Mar/2019:13:45:44 -0300] "GET /cormun/servlet/trsolicitudot? HTTP/1.1" 200 23412
200.54.107.2 - - [22/Mar/2019:13:45:45 -0300] "GET /cormun/servlet/trsolicitudot? HTTP/1.1" 200 23408
200.54.107.2 - - [22/Mar/2019:13:45:49 -0300] "GET /cormun/servlet/vesolicitudot?2019,14790,, HTTP/1.1" 200 8656
200.54.107.2 - - [22/Mar/2019:13:45:49 -0300] "GET /cormun/pexe_scrolldiv.js HTTP/1.1" 404 1009
200.54.107.2 - - [22/Mar/2019:13:45:49 -0300] "GET /cormun/servlet/vesolicitudot?2019,14790,, HTTP/1.1" 200 8656
200.54.107.2 - - [22/Mar/2019:13:45:52 -0300] "GET /cormun/servlet/trsolicitudot? HTTP/1.1" 200 23412
200.54.107.2 - - [22/Mar/2019:13:45:53 -0300] "GET /cormun/servlet/trsolicitudot? HTTP/1.1" 200 23408
186.103.159.204 - - [22/Mar/2019:13:52:52 -0300] "GET /cormun/servlet/solicitudot?338afb80d46873679541a3349637db9a7e9f7080e9a7924eb78c00b1d5b7c580ebd8bdd33af4d08c2407625bca8887ac8e59f3a9c19821f053a5d5c9af7542b4,gx-no-cache=1553273346439 HTTP/1.1" 200 30
186.103.159.204 - - [22/Mar/2019:13:52:54 -0300] "GET /cormun/servlet/solicitudot?338afb80d46873679541a3349637db9a8995c749bbaea022cc30eb6cabaff1c75c2efb9beb1f83ac4367b1d5eaaf1a8561c2bbe3f17b7d5f6c95243af93a526a09d37c8c06d2a53417d2f231a0f10cf498aa9083ec07fc5a2bd8dc96a42802d44594915b47b5500d58f3bdbe4000ced250d16137933a80df21c802d589ba4085423b84615ee7c83bd3be5f51b01a8c25403f220492ac92711171dd2a1901de9ba932498a95bd7ae1970df49449f346bfc8ba2e55500223a20cf0b864f03ab9d751e85936ebb995e1eb5b43e666d4c84f6d1d5f07ef248dd4528fe69cadf09c3a994e5ac677e5fc798890b0a2614869119f9e543e47c311ce60275a37cd2f62c34531032aefa32333acd8a5d5bfd7aab10cf2bc0636a70fad8386bd8e0f099ba000a27bfa45a488d7451e1ee2d668b06ee1e17ad5316831452e2381dd094c767c8ab3e87b0341d7188fdc2788eff7250ed96c2b91556f0b9d6dd7a79914a592eb984a2dd41a1f1dece62e909ef26942d3d998cc57d0fc3bbb6f845d2b9c70bc63c2840827cbceddcaa1ccf9f42b091221,gx-no-cache=1553273348328 HTTP/1.1" 200 30
186.103.159.204 - - [22/Mar/2019:13:53:22 -0300] "POST /cormun/servlet/solicitudot?gx-no-cache=1553273376141 HTTP/1.1" 200 30
186.103.159.204 - - [22/Mar/2019:13:53:22 -0300] "POST /cormun/servlet/solicitudot?gx-no-cache=1553273376187 HTTP/1.1" 200 1287
186.103.159.204 - - [22/Mar/2019:13:53:22 -0300] "POST /cormun/servlet/solicitudot?gx-no-cache=1553273376267 HTTP/1.1" 200 38
186.103.159.204 - - [22/Mar/2019:13:53:22 -0300] "GET /cormun/servlet/solicitudot?338afb80d46873679541a3349637db9a1c6f34b64d491bc70d0cca1dec6c5ab4f3579f2d12e19de5073ed9e131148b53f32374aaf90764ae0f6b7ea6da398d9a784cdbdcbd8699d8711589f92f82c4a76971699dbab361f308034ae822a82499df2dc00258b0a805e28dffab227aebb0,gx-no-cache=1553273376287 HTTP/1.1" 200 110
186.103.159.204 - - [22/Mar/2019:13:53:22 -0300] "POST /cormun/servlet/solicitudot?gx-no-cache=1553273376310 HTTP/1.1" 200 72
186.103.159.204 - - [22/Mar/2019:13:53:26 -0300] "POST /cormun/servlet/solicitudot?gx-no-cache=1553273380038 HTTP/1.1" 200 30
186.103.159.204 - - [22/Mar/2019:13:53:26 -0300] "POST /cormun/servlet/solicitudot?gx-no-cache=1553273380161 HTTP/1.1" 200 1287
186.103.159.204 - - [22/Mar/2019:13:53:26 -0300] "POST /cormun/servlet/solicitudot?gx-no-cache=1553273380228 HTTP/1.1" 200 38
186.103.159.204 - - [22/Mar/2019:13:53:26 -0300] "GET /cormun/servlet/solicitudot?338afb80d46873679541a3349637db9a1c6f34b64d491bc70d0cca1dec6c5ab4f3579f2d12e19de5073ed9e131148b53f32374aaf90764ae0f6b7ea6da398d9a784cdbdcbd8699d8711589f92f82c4a76971699dbab361f308034ae822a82499df2dc00258b0a805e28dffab227aebb0,gx-no-cache=1553273380264 HTTP/1.1" 200 110
186.103.159.204 - - [22/Mar/2019:13:53:26 -0300] "POST /cormun/servlet/solicitudot?gx-no-cache=1553273380309 HTTP/1.1" 200 67
186.103.159.204 - - [22/Mar/2019:13:53:36 -0300] "POST /cormun/servlet/solicitudot?gx-no-cache=1553273390048 HTTP/1.1" 200 30
186.103.159.204 - - [22/Mar/2019:13:53:44 -0300] "POST /cormun/servlet/solicitudot?8edb6e93b0a33a58937627c1a856c9ea,INS,0,0,,gx-no-cache=1553273398008 HTTP/1.1" 200 12056
190.171.141.106 - - [22/Mar/2019:13:53:45 -0300] "GET /cormun/servlet/hlogin HTTP/1.1" 200 1722
190.171.141.106 - - [22/Mar/2019:13:53:49 -0300] "POST /cormun/servlet/hlogin?c02ec0bc5c0de7a75f66fa0807f8e0f5,gx-no-cache=1553273412461 HTTP/1.1" 200 90
190.171.141.106 - - [22/Mar/2019:13:53:49 -0300] "GET /cormun/servlet/hpexe_link HTTP/1.1" 200 952
190.171.141.106 - - [22/Mar/2019:13:53:49 -0300] "GET /cormun/servlet/hhome HTTP/1.1" 200 3998
190.171.141.106 - - [22/Mar/2019:13:53:50 -0300] "GET /cormun/servlet/hhome HTTP/1.1" 200 3995
190.171.141.106 - - [22/Mar/2019:13:53:55 -0300] "GET /cormun/servlet/trsolicitudot? HTTP/1.1" 200 8584
190.171.141.106 - - [22/Mar/2019:13:53:56 -0300] "GET /cormun/servlet/trsolicitudot? HTTP/1.1" 200 8582
190.171.141.106 - - [22/Mar/2019:13:54:11 -0300] "POST /cormun/servlet/trsolicitudot?c02ec0bc5c0de7a75f66fa0807f8e0f5,,gx-no-cache=1553273432675 HTTP/1.1" 200 107
190.171.141.106 - - [22/Mar/2019:13:54:11 -0300] "GET /cormun/servlet/trsolicitudadjuntos?2019,14892, HTTP/1.1" 200 6103
190.171.141.106 - - [22/Mar/2019:13:54:12 -0300] "GET /cormun/servlet/trsolicitudadjuntos?2019,14892, HTTP/1.1" 200 6103
190.171.141.106 - - [22/Mar/2019:13:54:17 -0300] "GET /cormun/servlet/solicitudotadjuntos?INS,2019,14892,,1, HTTP/1.1" 200 6049
190.171.141.106 - - [22/Mar/2019:13:54:17 -0300] "GET /cormun/static/about:blank HTTP/1.1" 404 1011
186.103.159.204 - - [22/Mar/2019:13:54:17 -0300] "POST /cormun/servlet/solicitudot?gx-no-cache=1553273431094 HTTP/1.1" 200 30
186.103.159.204 - - [22/Mar/2019:13:54:17 -0300] "POST /cormun/servlet/solicitudot?gx-no-cache=1553273431360 HTTP/1.1" 200 1287
186.103.159.204 - - [22/Mar/2019:13:54:17 -0300] "POST /cormun/servlet/solicitudot?gx-no-cache=1553273431593 HTTP/1.1" 200 41
190.171.141.106 - - [22/Mar/2019:13:54:17 -0300] "GET /cormun/servlet/solicitudotadjuntos?INS,2019,14892,,1, HTTP/1.1" 200 6043
186.103.159.204 - - [22/Mar/2019:13:54:18 -0300] "GET /cormun/servlet/solicitudot?338afb80d46873679541a3349637db9a1c6f34b64d491bc70d0cca1dec6c5ab4f3579f2d12e19de5073ed9e131148b53f32374aaf90764ae0f6b7ea6da398d9a784cdbdcbd8699d8711589f92f82c4a76971699dbab361f308034ae822a82499df2dc00258b0a805e28dffab227aebb0,gx-no-cache=1553273431690 HTTP/1.1" 200 110
186.103.159.204 - - [22/Mar/2019:13:54:18 -0300] "POST /cormun/servlet/solicitudot?gx-no-cache=1553273432229 HTTP/1.1" 200 67
190.171.141.106 - - [22/Mar/2019:13:54:18 -0300] "GET /cormun/servlet/solicitudotadjuntos?626d26458c982c689f4d6068604276c3f7ef751d312815fb6e1928fa2003e94cf767eb28619f9f2b512968513fe429c6,gx-no-cache=1553273441032 HTTP/1.1" 200 30
186.103.159.204 - - [22/Mar/2019:13:54:18 -0300] "GET /cormun/servlet/solicitudot?338afb80d46873679541a3349637db9a77a71e602ed5fee173269e3e7a7d0705d9514b53f7b0be072fb44c3a1d9f1cb7,gx-no-cache=1553273432484 HTTP/1.1" 200 30
186.103.159.204 - - [22/Mar/2019:13:54:18 -0300] "POST /cormun/servlet/solicitudot?gx-no-cache=1553273432566 HTTP/1.1" 200 30
190.171.141.106 - - [22/Mar/2019:13:54:18 -0300] "POST /cormun/servlet/solicitudotadjuntos?c02ec0bc5c0de7a75f66fa0807f8e0f5,INS,2019,14892,,1,,gx-no-cache=1553273441522 HTTP/1.1" 200 3677
186.103.159.204 - - [22/Mar/2019:13:54:19 -0300] "POST /cormun/servlet/solicitudot?8edb6e93b0a33a58937627c1a856c9ea,INS,0,0,,gx-no-cache=1553273432632 HTTP/1.1" 200 93
186.103.159.204 - - [22/Mar/2019:13:54:19 -0300] "GET /cormun/servlet/hpexe_return? HTTP/1.1" 200 1009
186.103.159.204 - - [22/Mar/2019:13:54:19 -0300] "GET /cormun/servlet/trsolicitudot HTTP/1.1" 200 9105
186.103.159.204 - - [22/Mar/2019:13:54:19 -0300] "GET /cormun/servlet/trsolicitudot HTTP/1.1" 200 9101
190.171.141.106 - - [22/Mar/2019:13:54:24 -0300] "GET /cormun/servlet/solicitudotadjuntos?4438e6c200ef4f145af44511567174a59e8369b6f99dcc4650c85903d1ea66f5cc1f4e208b66ca88fc950282ae7f520ebf626588b875acaa683acf5af12e0990a917bfeb64088a8909b7fc982e022a3f048f75c664ea514b3ee27719f6db1d9c76017260bb14eed353fc4cb42624c98ae3ba6c1d4022c4cf221a029b68fb336b6e9ff48f225d7f0cd28b72dda442b6d9,gx-no-cache=1553273446925 HTTP/1.1" 200 26
36.152.65.206 - - [22/Mar/2019:13:54:27 -0300] "GET / HTTP/1.1" 400 -
36.152.65.206 - - [22/Mar/2019:13:54:28 -0300] "GET / HTTP/1.1" 400 -
186.103.159.204 - - [22/Mar/2019:13:54:29 -0300] "POST /cormun/servlet/trsolicitudot?8edb6e93b0a33a58937627c1a856c9ea,gx-no-cache=1553273443340 HTTP/1.1" 200 106
186.103.159.204 - - [22/Mar/2019:13:54:29 -0300] "GET /cormun/servlet/solicitudot?UPD,2019,14894, HTTP/1.1" 200 15430
186.103.159.204 - - [22/Mar/2019:13:54:30 -0300] "GET /cormun/servlet/solicitudot?UPD,2019,14894, HTTP/1.1" 200 15439
186.103.159.204 - - [22/Mar/2019:13:54:31 -0300] "POST /cormun/servlet/solicitudot?gx-no-cache=1553273444880 HTTP/1.1" 200 3534
36.152.65.206 - - [22/Mar/2019:13:54:31 -0300] "GET / HTTP/1.1" 400 -
186.103.159.204 - - [22/Mar/2019:13:54:32 -0300] "POST /cormun/servlet/solicitudot?8edb6e93b0a33a58937627c1a856c9ea,UPD,2019,14894,,gx-no-cache=1553273445596 HTTP/1.1" 200 11813
186.103.159.204 - - [22/Mar/2019:13:54:32 -0300] "GET /cormun/servlet/solicitudot?338afb80d46873679541a3349637db9a38500fb86a683ac9eea7eee7d0823431fcac60df70ed84133ca5dfe743018518,gx-no-cache=1553273446194 HTTP/1.1" 200 30
186.103.159.204 - - [22/Mar/2019:13:54:32 -0300] "GET /cormun/servlet/solicitudot?338afb80d46873679541a3349637db9a7e9f7080e9a7924eb78c00b1d5b7c580ebd8bdd33af4d08c2407625bca8887acfcac60df70ed84133ca5dfe743018518,gx-no-cache=1553273446317 HTTP/1.1" 200 30
186.103.159.204 - - [22/Mar/2019:13:54:32 -0300] "GET /cormun/servlet/solicitudot?338afb80d46873679541a3349637db9af0ee4517c2e9a5e13e1d4351f96bcef674ce1ae698f518dc3f19927769b9acc12f8086dc8081b81cd3eb6c4dd9b2ab51,gx-no-cache=1553273446390 HTTP/1.1" 200 53
186.103.159.204 - - [22/Mar/2019:13:54:32 -0300] "POST /cormun/servlet/solicitudot?gx-no-cache=1553273446496 HTTP/1.1" 200 297
186.103.159.204 - - [22/Mar/2019:13:54:32 -0300] "GET /cormun/servlet/solicitudot?338afb80d46873679541a3349637db9a8995c749bbaea022cc30eb6cabaff1c75c2efb9beb1f83ac4367b1d5eaaf1a8561c2bbe3f17b7d5f6c95243af93a526a09d37c8c06d2a53417d2f231a0f10cf498aa9083ec07fc5a2bd8dc96a42802d44594915b47b5500d58f3bdbe4000ced250d16137933a80df21c802d589ba4085423b84615ee7c83bd3be5f51b01a8c25403f220492ac92711171dd2a1901de9ba932498a95bd7ae1970df49449f346bfc8ba2e55500223a20cf0b864f03ab9d751e85936ebb995e1eb5b43e666d4c84f6d1d5f07ef248dd4528fe69cadf09c3a994e5ac677e5fc798890b0a2614869119f9e543e47c311ce60275a37cd2f62c34531032aefa32333acd8a5d5bfd7aab10cf2bc0636a70fad8386bd8e0f099ba000a27bfa45a488d7451e1ee2d668b06ee1e17ad5316831452e2381dd094c767c8ab3e87b0341d7188fdc2788eff7250ed96c2b91556f0b9d6dd7a79914a592eb984a2dd41a1f1dece62e909ef26942d3d998cc57d0fc3bbb6f845d2b9c70bc63c2840827cbceddcaa1ccf9f42b091221,gx-no-cache=1553273446587 HTTP/1.1" 200 30
186.103.159.204 - - [22/Mar/2019:13:54:32 -0300] "POST /cormun/servlet/solicitudot?gx-no-cache=1553273446678 HTTP/1.1" 200 30
186.103.159.204 - - [22/Mar/2019:13:54:32 -0300] "POST /cormun/servlet/solicitudot?gx-no-cache=1553273446784 HTTP/1.1" 200 1287
186.103.159.204 - - [22/Mar/2019:13:54:32 -0300] "POST /cormun/servlet/solicitudot?gx-no-cache=1553273446873 HTTP/1.1" 200 41
36.152.65.206 - - [22/Mar/2019:13:54:37 -0300] "GET / HTTP/1.1" 400 -
36.152.65.206 - - [22/Mar/2019:13:54:38 -0300] "GET / HTTP/1.1" 400 -
36.152.65.206 - - [22/Mar/2019:13:54:39 -0300] "GET / HTTP/1.1" 400 -
36.152.65.206 - - [22/Mar/2019:13:54:43 -0300] "GET / HTTP/1.1" 400 -
36.152.65.206 - - [22/Mar/2019:13:54:45 -0300] "GET / HTTP/1.1" 400 -
36.152.65.206 - - [22/Mar/2019:13:54:46 -0300] "GET / HTTP/1.1" 400 -
36.152.65.206 - - [22/Mar/2019:13:54:47 -0300] "GET / HTTP/1.1" 400 -
36.152.65.206 - - [22/Mar/2019:13:54:48 -0300] "GET / HTTP/1.1" 400 -
190.171.141.106 - - [22/Mar/2019:13:54:52 -0300] "GET /cormun/servlet/solicitudotadjuntos?626d26458c982c689f4d6068604276c331366c629449ceedf2e433d9c941f6cb,gx-no-cache=1553273475495 HTTP/1.1" 200 30
190.171.141.106 - - [22/Mar/2019:13:54:52 -0300] "GET /cormun/servlet/solicitudotadjuntos?626d26458c982c689f4d6068604276c331366c629449ceedf2e433d9c941f6cb,gx-no-cache=1553273475662 HTTP/1.1" 200 30
36.152.65.206 - - [22/Mar/2019:13:54:52 -0300] "GET / HTTP/1.1" 400 -
36.152.65.206 - - [22/Mar/2019:13:54:53 -0300] "GET / HTTP/1.1" 400 -
36.152.65.206 - - [22/Mar/2019:13:54:55 -0300] "GET / HTTP/1.1" 400 -
190.171.141.106 - - [22/Mar/2019:13:54:55 -0300] "POST /cormun/servlet/solicitudotadjuntos?c02ec0bc5c0de7a75f66fa0807f8e0f5,INS,2019,14892,,1, HTTP/1.1" 200 116
190.171.141.106 - - [22/Mar/2019:13:54:55 -0300] "GET /cormun/servlet/hpexe_return? HTTP/1.1" 200 1027
190.171.141.106 - - [22/Mar/2019:13:54:55 -0300] "GET /cormun/servlet/trsolicitudadjuntos?2019,14892, HTTP/1.1" 200 8666
190.171.141.106 - - [22/Mar/2019:13:54:56 -0300] "GET /cormun/servlet/trsolicitudadjuntos?2019,14892, HTTP/1.1" 200 8662
36.152.65.206 - - [22/Mar/2019:13:54:57 -0300] "GET / HTTP/1.1" 400 -
36.152.65.206 - - [22/Mar/2019:13:54:59 -0300] "GET / HTTP/1.1" 400 -
36.152.65.206 - - [22/Mar/2019:13:55:01 -0300] "GET / HTTP/1.1" 400 -
36.152.65.206 - - [22/Mar/2019:13:55:02 -0300] "GET / HTTP/1.1" 400 -
36.152.65.206 - - [22/Mar/2019:13:55:03 -0300] "GET / HTTP/1.1" 400 -
36.152.65.206 - - [22/Mar/2019:13:55:04 -0300] "GET / HTTP/1.1" 400 -
36.152.65.206 - - [22/Mar/2019:13:55:07 -0300] "GET / HTTP/1.1" 400 -
36.152.65.206 - - [22/Mar/2019:13:55:09 -0300] "GET / HTTP/1.1" 400 -
36.152.65.206 - - [22/Mar/2019:13:55:10 -0300] "GET / HTTP/1.1" 400 -
36.152.65.206 - - [22/Mar/2019:13:55:11 -0300] "GET / HTTP/1.1" 400 -
190.171.141.106 - - [22/Mar/2019:13:55:12 -0300] "GET /cormun/servlet/solicitudotadjuntos?INS,2019,14892,,1, HTTP/1.1" 200 6049
190.171.141.106 - - [22/Mar/2019:13:55:12 -0300] "GET /cormun/static/about:blank HTTP/1.1" 404 1011
36.152.65.206 - - [22/Mar/2019:13:55:12 -0300] "GET / HTTP/1.1" 400 -
190.171.141.106 - - [22/Mar/2019:13:55:12 -0300] "GET /cormun/servlet/solicitudotadjuntos?INS,2019,14892,,1, HTTP/1.1" 200 6043
186.103.159.204 - - [22/Mar/2019:13:55:13 -0300] "GET /cormun/servlet/trsolicitudot? HTTP/1.1" 200 9108
190.171.141.106 - - [22/Mar/2019:13:55:13 -0300] "GET /cormun/servlet/solicitudotadjuntos?626d26458c982c689f4d6068604276c3f7ef751d312815fb6e1928fa2003e94cf767eb28619f9f2b512968513fe429c6,gx-no-cache=1553273496109 HTTP/1.1" 200 30
190.171.141.106 - - [22/Mar/2019:13:55:13 -0300] "POST /cormun/servlet/solicitudotadjuntos?c02ec0bc5c0de7a75f66fa0807f8e0f5,INS,2019,14892,,1,,gx-no-cache=1553273496268 HTTP/1.1" 200 3678
186.103.159.204 - - [22/Mar/2019:13:55:13 -0300] "GET /cormun/servlet/trsolicitudot? HTTP/1.1" 200 9101
36.152.65.206 - - [22/Mar/2019:13:55:13 -0300] "GET / HTTP/1.1" 400 -
190.171.141.106 - - [22/Mar/2019:13:55:15 -0300] "GET /cormun/servlet/solicitudotadjuntos?4438e6c200ef4f145af44511567174a59e8369b6f99dcc4650c85903d1ea66f5cc1f4e208b66ca88fc950282ae7f520ebf626588b875acaa683acf5af12e0990a917bfeb64088a8909b7fc982e022a3f048f75c664ea514b3ee27719f6db1d9c76017260bb14eed353fc4cb42624c98ae3ba6c1d4022c4cf221a029b68fb336b6e9ff48f225d7f0cd28b72dda442b6d9,gx-no-cache=1553273498778 HTTP/1.1" 200 26
36.152.65.206 - - [22/Mar/2019:13:55:17 -0300] "GET / HTTP/1.1" 400 -
36.152.65.206 - - [22/Mar/2019:13:55:18 -0300] "GET / HTTP/1.1" 400 -
190.171.141.106 - - [22/Mar/2019:13:55:21 -0300] "GET /cormun/servlet/solicitudotadjuntos?626d26458c982c689f4d6068604276c331366c629449ceedf2e433d9c941f6cb,gx-no-cache=1553273503931 HTTP/1.1" 200 30
190.171.141.106 - - [22/Mar/2019:13:55:21 -0300] "GET /cormun/servlet/solicitudotadjuntos?626d26458c982c689f4d6068604276c331366c629449ceedf2e433d9c941f6cb,gx-no-cache=1553273504133 HTTP/1.1" 200 30
36.152.65.206 - - [22/Mar/2019:13:55:22 -0300] "GET / HTTP/1.1" 400 -
190.171.141.106 - - [22/Mar/2019:13:55:22 -0300] "POST /cormun/servlet/solicitudotadjuntos?c02ec0bc5c0de7a75f66fa0807f8e0f5,INS,2019,14892,,1, HTTP/1.1" 200 6261
190.171.141.106 - - [22/Mar/2019:13:55:22 -0300] "GET /home/sistema/apache-tomcat-7.0.65/webapps/cormun/PrivateTempStorage/upload_00011921.pdf HTTP/1.1" 404 1135
190.171.141.106 - - [22/Mar/2019:13:55:22 -0300] "GET /cormun/static/Shared/jqueryui/images/ui-bg_highlight-soft_100_c6c2c8_1x100.png HTTP/1.1" 404 1117
190.171.141.106 - - [22/Mar/2019:13:55:22 -0300] "GET /cormun/static/Shared/jqueryui/images/ui-icons_82798d_256x240.png HTTP/1.1" 404 1089
190.171.141.106 - - [22/Mar/2019:13:55:22 -0300] "GET /cormun/static/Shared/jqueryui/images/ui-bg_flat_55_994d53_40x100.png HTTP/1.1" 404 1097
190.171.141.106 - - [22/Mar/2019:13:55:23 -0300] "GET /cormun/static/Shared/jqueryui/images/ui-icons_ebccce_256x240.png HTTP/1.1" 404 1089
36.152.65.206 - - [22/Mar/2019:13:55:23 -0300] "GET / HTTP/1.1" 400 -
190.171.141.106 - - [22/Mar/2019:13:55:23 -0300] "GET /cormun/PrivateTempStorage/upload_00011921.pdf HTTP/1.1" 200 321638
36.152.65.206 - - [22/Mar/2019:13:55:24 -0300] "GET / HTTP/1.1" 400 -
36.152.65.206 - - [22/Mar/2019:13:55:25 -0300] "GET / HTTP/1.1" 400 -
36.152.65.206 - - [22/Mar/2019:13:55:26 -0300] "GET / HTTP/1.1" 400 -
36.152.65.206 - - [22/Mar/2019:13:55:27 -0300] "GET / HTTP/1.1" 400 -
190.171.141.106 - - [22/Mar/2019:13:55:28 -0300] "POST /cormun/servlet/solicitudotadjuntos?c02ec0bc5c0de7a75f66fa0807f8e0f5,INS,2019,14892,,1, HTTP/1.1" 200 116
190.171.141.106 - - [22/Mar/2019:13:55:28 -0300] "GET /cormun/servlet/hpexe_return? HTTP/1.1" 200 1027
36.152.65.206 - - [22/Mar/2019:13:55:28 -0300] "GET / HTTP/1.1" 400 -
190.171.141.106 - - [22/Mar/2019:13:55:29 -0300] "GET /cormun/servlet/trsolicitudadjuntos?2019,14892, HTTP/1.1" 200 8666
190.171.141.106 - - [22/Mar/2019:13:55:29 -0300] "GET /cormun/servlet/trsolicitudadjuntos?2019,14892, HTTP/1.1" 200 8661
36.152.65.206 - - [22/Mar/2019:13:55:33 -0300] "GET / HTTP/1.1" 400 -
190.171.141.106 - - [22/Mar/2019:13:55:34 -0300] "GET /cormun/servlet/solicitudotadjuntos?INS,2019,14892,,1, HTTP/1.1" 200 6049
190.171.141.106 - - [22/Mar/2019:13:55:34 -0300] "GET /cormun/static/about:blank HTTP/1.1" 404 1011
190.171.141.106 - - [22/Mar/2019:13:55:34 -0300] "GET /cormun/servlet/solicitudotadjuntos?INS,2019,14892,,1, HTTP/1.1" 200 6043
190.171.141.106 - - [22/Mar/2019:13:55:35 -0300] "GET /cormun/servlet/solicitudotadjuntos?626d26458c982c689f4d6068604276c3f7ef751d312815fb6e1928fa2003e94cf767eb28619f9f2b512968513fe429c6,gx-no-cache=1553273518059 HTTP/1.1" 200 30
190.171.141.106 - - [22/Mar/2019:13:55:35 -0300] "POST /cormun/servlet/solicitudotadjuntos?c02ec0bc5c0de7a75f66fa0807f8e0f5,INS,2019,14892,,1,,gx-no-cache=1553273518240 HTTP/1.1" 200 3678
190.171.141.106 - - [22/Mar/2019:13:55:38 -0300] "GET /cormun/servlet/solicitudotadjuntos?4438e6c200ef4f145af44511567174a59e8369b6f99dcc4650c85903d1ea66f5cc1f4e208b66ca88fc950282ae7f520ebf626588b875acaa683acf5af12e0990a917bfeb64088a8909b7fc982e022a3f048f75c664ea514b3ee27719f6db1d9c76017260bb14eed353fc4cb42624c98ae3ba6c1d4022c4cf221a029b68fb336b6e9ff48f225d7f0cd28b72dda442b6d9,gx-no-cache=1553273521601 HTTP/1.1" 200 26
190.171.141.106 - - [22/Mar/2019:13:55:38 -0300] "GET /cormun/servlet/solicitudotadjuntos?626d26458c982c689f4d6068604276c331366c629449ceedf2e433d9c941f6cb,gx-no-cache=1553273521802 HTTP/1.1" 200 30
190.171.141.106 - - [22/Mar/2019:13:55:39 -0300] "GET /cormun/servlet/solicitudotadjuntos?626d26458c982c689f4d6068604276c331366c629449ceedf2e433d9c941f6cb,gx-no-cache=1553273521909 HTTP/1.1" 200 30
186.103.159.204 - - [22/Mar/2019:13:55:39 -0300] "POST /cormun/servlet/trsolicitudot?8edb6e93b0a33a58937627c1a856c9ea,,gx-no-cache=1553273512458 HTTP/1.1" 200 106
190.171.141.106 - - [22/Mar/2019:13:55:39 -0300] "POST /cormun/servlet/solicitudotadjuntos?c02ec0bc5c0de7a75f66fa0807f8e0f5,INS,2019,14892,,1,,gx-no-cache=1553273521999 HTTP/1.1" 200 3708
186.103.159.204 - - [22/Mar/2019:13:55:39 -0300] "GET /cormun/servlet/solicitudot?UPD,2019,14894, HTTP/1.1" 200 15430
190.171.141.106 - - [22/Mar/2019:13:55:39 -0300] "GET /cormun/static/Shared/jqueryui/images/ui-bg_highlight-soft_100_c6c2c8_1x100.png HTTP/1.1" 404 1117
190.171.141.106 - - [22/Mar/2019:13:55:39 -0300] "GET /cormun/static/Shared/jqueryui/images/ui-icons_82798d_256x240.png HTTP/1.1" 404 1089
190.171.141.106 - - [22/Mar/2019:13:55:39 -0300] "GET /cormun/static/Shared/jqueryui/images/ui-icons_ebccce_256x240.png HTTP/1.1" 404 1089
190.171.141.106 - - [22/Mar/2019:13:55:39 -0300] "GET /cormun/static/Shared/jqueryui/images/ui-bg_flat_55_994d53_40x100.png HTTP/1.1" 404 1097
186.103.159.204 - - [22/Mar/2019:13:55:39 -0300] "GET /cormun/servlet/solicitudot?UPD,2019,14894, HTTP/1.1" 200 15439
186.103.159.204 - - [22/Mar/2019:13:55:40 -0300] "POST /cormun/servlet/solicitudot?gx-no-cache=1553273514195 HTTP/1.1" 200 3534
186.103.159.204 - - [22/Mar/2019:13:55:40 -0300] "POST /cormun/servlet/solicitudot?8edb6e93b0a33a58937627c1a856c9ea,UPD,2019,14894,,gx-no-cache=1553273514653 HTTP/1.1" 200 11814
186.103.159.204 - - [22/Mar/2019:13:55:40 -0300] "GET /cormun/servlet/solicitudot?338afb80d46873679541a3349637db9a38500fb86a683ac9eea7eee7d0823431fcac60df70ed84133ca5dfe743018518,gx-no-cache=1553273514824 HTTP/1.1" 200 30
186.103.159.204 - - [22/Mar/2019:13:55:41 -0300] "GET /cormun/servlet/solicitudot?338afb80d46873679541a3349637db9a7e9f7080e9a7924eb78c00b1d5b7c580ebd8bdd33af4d08c2407625bca8887acfcac60df70ed84133ca5dfe743018518,gx-no-cache=1553273514909 HTTP/1.1" 200 30
186.103.159.204 - - [22/Mar/2019:13:55:41 -0300] "GET /cormun/servlet/solicitudot?338afb80d46873679541a3349637db9af0ee4517c2e9a5e13e1d4351f96bcef674ce1ae698f518dc3f19927769b9acc12f8086dc8081b81cd3eb6c4dd9b2ab51,gx-no-cache=1553273514994 HTTP/1.1" 200 53
186.103.159.204 - - [22/Mar/2019:13:55:41 -0300] "POST /cormun/servlet/solicitudot?gx-no-cache=1553273515055 HTTP/1.1" 200 297
186.103.159.204 - - [22/Mar/2019:13:55:41 -0300] "GET /cormun/servlet/solicitudot?338afb80d46873679541a3349637db9a8995c749bbaea022cc30eb6cabaff1c75c2efb9beb1f83ac4367b1d5eaaf1a8561c2bbe3f17b7d5f6c95243af93a526a09d37c8c06d2a53417d2f231a0f10cf498aa9083ec07fc5a2bd8dc96a42802d44594915b47b5500d58f3bdbe4000ced250d16137933a80df21c802d589ba4085423b84615ee7c83bd3be5f51b01a8c25403f220492ac92711171dd2a1901de9ba932498a95bd7ae1970df49449f346bfc8ba2e55500223a20cf0b864f03ab9d751e85936ebb995e1eb5b43e666d4c84f6d1d5f07ef248dd4528fe69cadf09c3a994e5ac677e5fc798890b0a2614869119f9e543e47c311ce60275a37cd2f62c34531032aefa32333acd8a5d5bfd7aab10cf2bc0636a70fad8386bd8e0f099ba000a27bfa45a488d7451e1ee2d668b06ee1e17ad5316831452e2381dd094c767c8ab3e87b0341d7188fdc2788eff7250ed96c2b91556f0b9d6dd7a79914a592eb984a2dd41a1f1dece62e909ef26942d3d998cc57d0fc3bbb6f845d2b9c70bc63c2840827cbceddcaa1ccf9f42b091221,gx-no-cache=1553273515142 HTTP/1.1" 200 30
186.103.159.204 - - [22/Mar/2019:13:55:41 -0300] "POST /cormun/servlet/solicitudot?gx-no-cache=1553273515243 HTTP/1.1" 200 30
186.103.159.204 - - [22/Mar/2019:13:55:41 -0300] "POST /cormun/servlet/solicitudot?gx-no-cache=1553273515365 HTTP/1.1" 200 1287
186.103.159.204 - - [22/Mar/2019:13:55:41 -0300] "POST /cormun/servlet/solicitudot?gx-no-cache=1553273515477 HTTP/1.1" 200 41
186.103.159.204 - - [22/Mar/2019:13:55:43 -0300] "GET /cormun/servlet/solicitudot?338afb80d46873679541a3349637db9a1c6f34b64d491bc70d0cca1dec6c5ab4f3579f2d12e19de5073ed9e131148b53f32374aaf90764ae0f6b7ea6da398d9a784cdbdcbd8699d8711589f92f82c4a76971699dbab361f308034ae822a82499df2dc00258b0a805e28dffab227aebb0,gx-no-cache=1553273517217 HTTP/1.1" 200 110
36.152.65.206 - - [22/Mar/2019:13:55:46 -0300] "GET / HTTP/1.1" 400 -
36.152.65.206 - - [22/Mar/2019:13:55:47 -0300] "GET / HTTP/1.1" 400 -
36.152.65.206 - - [22/Mar/2019:13:55:48 -0300] "GET / HTTP/1.1" 400 -
36.152.65.206 - - [22/Mar/2019:13:55:51 -0300] "GET / HTTP/1.1" 400 -
186.103.159.204 - - [22/Mar/2019:13:55:51 -0300] "POST /cormun/servlet/solicitudot?gx-no-cache=1553273525312 HTTP/1.1" 200 79
36.152.65.206 - - [22/Mar/2019:13:55:52 -0300] "GET / HTTP/1.1" 400 -
190.171.141.106 - - [22/Mar/2019:13:55:53 -0300] "GET /cormun/servlet/solicitudotadjuntos?626d26458c982c689f4d6068604276c331366c629449ceedf2e433d9c941f6cb,gx-no-cache=1553273536669 HTTP/1.1" 200 30
190.171.141.106 - - [22/Mar/2019:13:55:53 -0300] "GET /cormun/servlet/solicitudotadjuntos?626d26458c982c689f4d6068604276c331366c629449ceedf2e433d9c941f6cb,gx-no-cache=1553273536710 HTTP/1.1" 200 30
190.171.141.106 - - [22/Mar/2019:13:55:54 -0300] "POST /cormun/servlet/solicitudotadjuntos?c02ec0bc5c0de7a75f66fa0807f8e0f5,INS,2019,14892,,1, HTTP/1.1" 200 6259
190.171.141.106 - - [22/Mar/2019:13:55:54 -0300] "GET /home/sistema/apache-tomcat-7.0.65/webapps/cormun/PrivateTempStorage/upload_00011945.pdf HTTP/1.1" 404 1135
190.171.141.106 - - [22/Mar/2019:13:55:54 -0300] "GET /home/sistema/apache-tomcat-7.0.65/webapps/cormun/PrivateTempStorage/upload_00011945.pdf HTTP/1.1" 404 1135
186.103.159.204 - - [22/Mar/2019:13:55:54 -0300] "GET /cormun/servlet/solicitudot?338afb80d46873679541a3349637db9a3a4068509fa935bf16ec94414a61ab35eeb5fe567ba07bed05dd1de46db4f36a98c3f91c51c244e65aea87c4ca4b35a95081a9a8e1a3856b26a16cd153ba723611d050f83d3d67f7da324b2dd8828abbf3a0d721b3fbcf5e99a8bb9acfed78e2,gx-no-cache=1553273528559 HTTP/1.1" 200 29
190.171.141.106 - - [22/Mar/2019:13:55:54 -0300] "GET /cormun/PrivateTempStorage/upload_00011945.pdf HTTP/1.1" 200 40960
186.103.159.204 - - [22/Mar/2019:13:55:54 -0300] "GET /cormun/servlet/solicitudot?338afb80d46873679541a3349637db9a77a71e602ed5fee173269e3e7a7d0705d9514b53f7b0be072fb44c3a1d9f1cb7,gx-no-cache=1553273528614 HTTP/1.1" 200 30
186.103.159.204 - - [22/Mar/2019:13:55:54 -0300] "POST /cormun/servlet/solicitudot?gx-no-cache=1553273528687 HTTP/1.1" 200 30
186.103.159.204 - - [22/Mar/2019:13:55:54 -0300] "POST /cormun/servlet/solicitudot?8edb6e93b0a33a58937627c1a856c9ea,UPD,2019,14894,,gx-no-cache=1553273528754 HTTP/1.1" 200 93
186.103.159.204 - - [22/Mar/2019:13:55:55 -0300] "GET /cormun/servlet/hpexe_return? HTTP/1.1" 200 1017
190.171.141.106 - - [22/Mar/2019:13:55:55 -0300] "GET /cormun/PrivateTempStorage/upload_00011945.pdf HTTP/1.1" 200 321638
186.103.159.204 - - [22/Mar/2019:13:55:55 -0300] "GET /cormun/servlet/trsolicitudot HTTP/1.1" 200 9117
186.103.159.204 - - [22/Mar/2019:13:55:55 -0300] "GET /cormun/servlet/trsolicitudot HTTP/1.1" 200 9113
36.152.65.206 - - [22/Mar/2019:13:55:56 -0300] "GET / HTTP/1.1" 400 -
36.152.65.206 - - [22/Mar/2019:13:55:57 -0300] "GET / HTTP/1.1" 400 -
36.152.65.206 - - [22/Mar/2019:13:55:58 -0300] "GET / HTTP/1.1" 400 -
36.152.65.206 - - [22/Mar/2019:13:55:59 -0300] "GET / HTTP/1.1" 400 -
36.152.65.206 - - [22/Mar/2019:13:56:01 -0300] "GET / HTTP/1.1" 400 -
190.171.141.106 - - [22/Mar/2019:13:56:04 -0300] "POST /cormun/servlet/solicitudotadjuntos?c02ec0bc5c0de7a75f66fa0807f8e0f5,INS,2019,14892,,1, HTTP/1.1" 200 116
190.171.141.106 - - [22/Mar/2019:13:56:04 -0300] "GET /cormun/servlet/hpexe_return? HTTP/1.1" 200 1027
190.171.141.106 - - [22/Mar/2019:13:56:04 -0300] "GET /cormun/servlet/trsolicitudadjuntos?2019,14892, HTTP/1.1" 200 8666
36.152.65.206 - - [22/Mar/2019:13:56:05 -0300] "GET / HTTP/1.1" 400 -
190.171.141.106 - - [22/Mar/2019:13:56:05 -0300] "GET /cormun/servlet/trsolicitudadjuntos?2019,14892, HTTP/1.1" 200 8662
36.152.65.206 - - [22/Mar/2019:13:56:06 -0300] "GET / HTTP/1.1" 400 -
36.152.65.206 - - [22/Mar/2019:13:56:11 -0300] "GET / HTTP/1.1" 400 -
190.171.141.106 - - [22/Mar/2019:13:56:12 -0300] "GET /cormun/servlet/solicitudotadjuntos?INS,2019,14892,,1, HTTP/1.1" 200 6049
190.171.141.106 - - [22/Mar/2019:13:56:12 -0300] "GET /cormun/static/about:blank HTTP/1.1" 404 1011
36.152.65.206 - - [22/Mar/2019:13:56:12 -0300] "GET / HTTP/1.1" 400 -
190.171.141.106 - - [22/Mar/2019:13:56:12 -0300] "GET /cormun/servlet/solicitudotadjuntos?INS,2019,14892,,1, HTTP/1.1" 200 6043
190.171.141.106 - - [22/Mar/2019:13:56:13 -0300] "GET /cormun/servlet/solicitudotadjuntos?626d26458c982c689f4d6068604276c3f7ef751d312815fb6e1928fa2003e94cf767eb28619f9f2b512968513fe429c6,gx-no-cache=1553273556292 HTTP/1.1" 200 30
190.171.141.106 - - [22/Mar/2019:13:56:13 -0300] "POST /cormun/servlet/solicitudotadjuntos?c02ec0bc5c0de7a75f66fa0807f8e0f5,INS,2019,14892,,1,,gx-no-cache=1553273556326 HTTP/1.1" 200 3677
36.152.65.206 - - [22/Mar/2019:13:56:13 -0300] "GET / HTTP/1.1" 400 -
36.152.65.206 - - [22/Mar/2019:13:56:15 -0300] "GET / HTTP/1.1" 400 -
190.171.141.106 - - [22/Mar/2019:13:56:16 -0300] "GET /cormun/servlet/solicitudotadjuntos?4438e6c200ef4f145af44511567174a59e8369b6f99dcc4650c85903d1ea66f5cc1f4e208b66ca88fc950282ae7f520ebf626588b875acaa683acf5af12e0990a917bfeb64088a8909b7fc982e022a3f048f75c664ea514b3ee27719f6db1d9c76017260bb14eed353fc4cb42624c98ae3ba6c1d4022c4cf221a029b68fb336b6e9ff48f225d7f0cd28b72dda442b6d9,gx-no-cache=1553273559439 HTTP/1.1" 200 26
36.152.65.206 - - [22/Mar/2019:13:56:20 -0300] "GET / HTTP/1.1" 400 -
190.171.141.106 - - [22/Mar/2019:13:56:21 -0300] "GET /cormun/servlet/solicitudotadjuntos?626d26458c982c689f4d6068604276c331366c629449ceedf2e433d9c941f6cb,gx-no-cache=1553273564226 HTTP/1.1" 200 30
190.171.141.106 - - [22/Mar/2019:13:56:21 -0300] "GET /cormun/servlet/solicitudotadjuntos?626d26458c982c689f4d6068604276c331366c629449ceedf2e433d9c941f6cb,gx-no-cache=1553273564300 HTTP/1.1" 200 30
190.171.141.106 - - [22/Mar/2019:13:56:22 -0300] "POST /cormun/servlet/solicitudotadjuntos?c02ec0bc5c0de7a75f66fa0807f8e0f5,INS,2019,14892,,1, HTTP/1.1" 200 6248
190.171.141.106 - - [22/Mar/2019:13:56:22 -0300] "GET /home/sistema/apache-tomcat-7.0.65/webapps/cormun/PrivateTempStorage/upload_00011969.pdf HTTP/1.1" 404 1135
190.171.141.106 - - [22/Mar/2019:13:56:22 -0300] "GET /cormun/static/Shared/jqueryui/images/ui-icons_82798d_256x240.png HTTP/1.1" 404 1089
190.171.141.106 - - [22/Mar/2019:13:56:22 -0300] "GET /cormun/static/Shared/jqueryui/images/ui-bg_highlight-soft_100_c6c2c8_1x100.png HTTP/1.1" 404 1117
190.171.141.106 - - [22/Mar/2019:13:56:22 -0300] "GET /cormun/static/Shared/jqueryui/images/ui-bg_flat_55_994d53_40x100.png HTTP/1.1" 404 1097
190.171.141.106 - - [22/Mar/2019:13:56:22 -0300] "GET /cormun/static/Shared/jqueryui/images/ui-icons_ebccce_256x240.png HTTP/1.1" 404 1089
190.171.141.106 - - [22/Mar/2019:13:56:23 -0300] "GET /cormun/PrivateTempStorage/upload_00011969.pdf HTTP/1.1" 200 16384
190.171.141.106 - - [22/Mar/2019:13:56:23 -0300] "GET /cormun/PrivateTempStorage/upload_00011969.pdf HTTP/1.1" 200 198124
36.152.65.206 - - [22/Mar/2019:13:56:28 -0300] "GET / HTTP/1.1" 400 -
36.152.65.206 - - [22/Mar/2019:13:56:29 -0300] "GET / HTTP/1.1" 400 -
36.152.65.206 - - [22/Mar/2019:13:56:30 -0300] "GET / HTTP/1.1" 400 -
190.171.141.106 - - [22/Mar/2019:13:56:30 -0300] "GET /cormun/servlet/solicitudotadjuntos?626d26458c982c689f4d6068604276c3873f9d179675e9817b8df5ac07fc44f46f934672b544eb928bff7a373df922cb,gx-no-cache=1553273573715 HTTP/1.1" 200 30
190.171.141.106 - - [22/Mar/2019:13:56:30 -0300] "POST /cormun/servlet/solicitudotadjuntos?c02ec0bc5c0de7a75f66fa0807f8e0f5,INS,2019,14892,,1, HTTP/1.1" 200 6250
190.171.141.106 - - [22/Mar/2019:13:56:31 -0300] "GET /home/sistema/apache-tomcat-7.0.65/webapps/cormun/PrivateTempStorage/upload_00011981.pdf HTTP/1.1" 404 1135
190.171.141.106 - - [22/Mar/2019:13:56:31 -0300] "GET /cormun/PrivateTempStorage/upload_00011981.pdf HTTP/1.1" 304 -
190.171.141.106 - - [22/Mar/2019:13:56:31 -0300] "GET /home/sistema/apache-tomcat-7.0.65/webapps/cormun/PrivateTempStorage/upload_00011981.pdf HTTP/1.1" 404 1135
190.171.141.106 - - [22/Mar/2019:13:56:31 -0300] "GET /cormun/PrivateTempStorage/upload_00011981.pdf HTTP/1.1" 200 198124
36.152.65.206 - - [22/Mar/2019:13:56:31 -0300] "GET / HTTP/1.1" 400 -
36.152.65.206 - - [22/Mar/2019:13:56:32 -0300] "GET / HTTP/1.1" 400 -
36.152.65.206 - - [22/Mar/2019:13:56:33 -0300] "GET / HTTP/1.1" 400 -
190.171.141.106 - - [22/Mar/2019:13:56:34 -0300] "POST /cormun/servlet/solicitudotadjuntos?c02ec0bc5c0de7a75f66fa0807f8e0f5,INS,2019,14892,,1, HTTP/1.1" 200 116
190.171.141.106 - - [22/Mar/2019:13:56:34 -0300] "GET /cormun/servlet/hpexe_return? HTTP/1.1" 200 1027
36.152.65.206 - - [22/Mar/2019:13:56:34 -0300] "GET / HTTP/1.1" 400 -
190.171.141.106 - - [22/Mar/2019:13:56:34 -0300] "GET /cormun/servlet/trsolicitudadjuntos?2019,14892, HTTP/1.1" 200 8665
190.171.141.106 - - [22/Mar/2019:13:56:35 -0300] "GET /cormun/servlet/trsolicitudadjuntos?2019,14892, HTTP/1.1" 200 8662
36.152.65.206 - - [22/Mar/2019:13:56:35 -0300] "GET / HTTP/1.1" 400 -
36.152.65.206 - - [22/Mar/2019:13:56:36 -0300] "GET / HTTP/1.1" 400 -
190.171.141.106 - - [22/Mar/2019:13:56:37 -0300] "GET /cormun/servlet/solicitudotadjuntos?INS,2019,14892,,1, HTTP/1.1" 200 6049
190.171.141.106 - - [22/Mar/2019:13:56:37 -0300] "GET /cormun/static/about:blank HTTP/1.1" 404 1011
36.152.65.206 - - [22/Mar/2019:13:56:37 -0300] "GET / HTTP/1.1" 400 -
190.171.141.106 - - [22/Mar/2019:13:56:38 -0300] "GET /cormun/servlet/solicitudotadjuntos?INS,2019,14892,,1, HTTP/1.1" 200 6042
190.171.141.106 - - [22/Mar/2019:13:56:38 -0300] "GET /cormun/servlet/solicitudotadjuntos?626d26458c982c689f4d6068604276c3f7ef751d312815fb6e1928fa2003e94cf767eb28619f9f2b512968513fe429c6,gx-no-cache=1553273581619 HTTP/1.1" 200 30
190.171.141.106 - - [22/Mar/2019:13:56:38 -0300] "POST /cormun/servlet/solicitudotadjuntos?c02ec0bc5c0de7a75f66fa0807f8e0f5,INS,2019,14892,,1,,gx-no-cache=1553273581650 HTTP/1.1" 200 3678
36.152.65.206 - - [22/Mar/2019:13:56:38 -0300] "GET / HTTP/1.1" 400 -
36.152.65.206 - - [22/Mar/2019:13:56:39 -0300] "GET / HTTP/1.1" 400 -
190.171.141.106 - - [22/Mar/2019:13:56:40 -0300] "GET /cormun/servlet/solicitudotadjuntos?4438e6c200ef4f145af44511567174a59e8369b6f99dcc4650c85903d1ea66f5cc1f4e208b66ca88fc950282ae7f520ebf626588b875acaa683acf5af12e0990a917bfeb64088a8909b7fc982e022a3f048f75c664ea514b3ee27719f6db1d9c76017260bb14eed353fc4cb42624c98ae3ba6c1d4022c4cf221a029b68fb336b6e9ff48f225d7f0cd28b72dda442b6d9,gx-no-cache=1553273583089 HTTP/1.1" 200 26
36.152.65.206 - - [22/Mar/2019:13:56:40 -0300] "GET / HTTP/1.1" 400 -
36.152.65.206 - - [22/Mar/2019:13:56:42 -0300] "GET / HTTP/1.1" 400 -
36.152.65.206 - - [22/Mar/2019:13:56:43 -0300] "GET / HTTP/1.1" 400 -
36.152.65.206 - - [22/Mar/2019:13:56:47 -0300] "GET / HTTP/1.1" 400 -
36.152.65.206 - - [22/Mar/2019:13:56:48 -0300] "GET / HTTP/1.1" 400 -
190.171.141.106 - - [22/Mar/2019:13:56:48 -0300] "GET /cormun/servlet/solicitudotadjuntos?626d26458c982c689f4d6068604276c331366c629449ceedf2e433d9c941f6cb,gx-no-cache=1553273591206 HTTP/1.1" 200 30
190.171.141.106 - - [22/Mar/2019:13:56:48 -0300] "GET /cormun/servlet/solicitudotadjuntos?626d26458c982c689f4d6068604276c331366c629449ceedf2e433d9c941f6cb,gx-no-cache=1553273591394 HTTP/1.1" 200 30
36.152.65.206 - - [22/Mar/2019:13:56:49 -0300] "GET / HTTP/1.1" 400 -
190.171.141.106 - - [22/Mar/2019:13:56:50 -0300] "POST /cormun/servlet/solicitudotadjuntos?c02ec0bc5c0de7a75f66fa0807f8e0f5,INS,2019,14892,,1, HTTP/1.1" 200 6143
190.171.141.106 - - [22/Mar/2019:13:56:50 -0300] "GET /home/sistema/apache-tomcat-7.0.65/webapps/cormun/PrivateTempStorage/upload_00012005.pdf HTTP/1.1" 404 1135
190.171.141.106 - - [22/Mar/2019:13:56:50 -0300] "GET /cormun/static/Shared/jqueryui/images/ui-bg_highlight-soft_100_c6c2c8_1x100.png HTTP/1.1" 404 1117
190.171.141.106 - - [22/Mar/2019:13:56:50 -0300] "GET /cormun/static/Shared/jqueryui/images/ui-bg_flat_55_994d53_40x100.png HTTP/1.1" 404 1097
190.171.141.106 - - [22/Mar/2019:13:56:50 -0300] "GET /cormun/static/Shared/jqueryui/images/ui-icons_82798d_256x240.png HTTP/1.1" 404 1089
