186.103.159.188 - - [21/Mar/2019:11:13:49 -0300] "GET /cormun/servlet/solicitudotadjuntos?INS,2019,14855,,1, HTTP/1.1" 200 6092
186.103.159.188 - - [21/Mar/2019:11:13:50 -0300] "GET /cormun/servlet/solicitudotadjuntos?c2b09dfe4295df1a51d6d594691c1084d78c4837750a5f90aa30a601161c17cfc5033aba78641de737bf52830215c389,gx-no-cache=1553177412255 HTTP/1.1" 200 30
186.103.159.188 - - [21/Mar/2019:11:13:50 -0300] "POST /cormun/servlet/solicitudotadjuntos?2ca2d325486008936dda76b3499714f5,INS,2019,14855,,1,,gx-no-cache=1553177412283 HTTP/1.1" 200 3894
190.171.152.242 - - [21/Mar/2019:11:13:52 -0300] "GET /cormun/servlet/hlogin HTTP/1.1" 200 1729
186.103.159.188 - - [21/Mar/2019:11:13:52 -0300] "POST /cormun/servlet/solicitudotadjuntos?gx-no-cache=1553177414704 HTTP/1.1" 200 26
192.168.10.96 - - [21/Mar/2019:11:13:54 -0300] "POST /cormun/servlet/prfichaempleado?56919c7e283774e58f99a11e55cd134e,,MD,,gxPopupLevel%3D0%3B,gx-no-cache=1553184438039 HTTP/1.1" 200 3425
192.168.10.96 - - [21/Mar/2019:11:13:57 -0300] "POST /cormun/servlet/solicitudot?gx-no-cache=1553184440865 HTTP/1.1" 200 3583
186.103.159.188 - - [21/Mar/2019:11:13:57 -0300] "GET /cormun/servlet/solicitudotadjuntos?c2b09dfe4295df1a51d6d594691c1084e455b4d6896601b59e563f0c5931da1f,gx-no-cache=1553177419473 HTTP/1.1" 200 30
186.103.159.188 - - [21/Mar/2019:11:13:57 -0300] "GET /cormun/servlet/solicitudotadjuntos?c2b09dfe4295df1a51d6d594691c1084e455b4d6896601b59e563f0c5931da1f,gx-no-cache=1553177419552 HTTP/1.1" 200 30
192.168.10.96 - - [21/Mar/2019:11:13:57 -0300] "POST /cormun/servlet/solicitudot?56919c7e283774e58f99a11e55cd134e,INS,0,0,,gx-no-cache=1553184441031 HTTP/1.1" 200 11960
186.103.159.188 - - [21/Mar/2019:11:14:00 -0300] "POST /cormun/servlet/solicitudotadjuntos?2ca2d325486008936dda76b3499714f5,INS,2019,14855,,1, HTTP/1.1" 200 116
186.103.159.188 - - [21/Mar/2019:11:14:00 -0300] "GET /cormun/servlet/hpexe_return? HTTP/1.1" 200 1029
186.103.159.188 - - [21/Mar/2019:11:14:00 -0300] "GET /cormun/servlet/trsolicitudadjuntos?2019,14855, HTTP/1.1" 200 9119
186.103.159.188 - - [21/Mar/2019:11:14:01 -0300] "GET /cormun/servlet/trsolicitudadjuntos?2019,14855, HTTP/1.1" 200 9118
192.168.10.96 - - [21/Mar/2019:11:14:02 -0300] "GET /cormun/servlet/solicitudot?8109afe20d564b33a1070b0bb2bf5b034071ad054004bed20c73f6fd8065dc3082ec8ddc912de3f6ab3daf5ff3b53b71,gx-no-cache=1553184445678 HTTP/1.1" 200 30
192.168.10.96 - - [21/Mar/2019:11:14:02 -0300] "GET /cormun/servlet/solicitudot?8109afe20d564b33a1070b0bb2bf5b03e5f3cac70270abccdb57d4a75ab8c7d4eb686a5e081d3ff36c0ef8638ae96d29fae872a8c7fd86572d03565ab657b704,gx-no-cache=1553184445715 HTTP/1.1" 200 30
192.168.10.96 - - [21/Mar/2019:11:14:02 -0300] "GET /cormun/servlet/solicitudot?8109afe20d564b33a1070b0bb2bf5b03a705b0969bf17c22e0c53ef99ff32200,gx-no-cache=1553184445741 HTTP/1.1" 200 53
192.168.10.96 - - [21/Mar/2019:11:14:02 -0300] "POST /cormun/servlet/solicitudot?gx-no-cache=1553184445771 HTTP/1.1" 200 240
192.168.10.96 - - [21/Mar/2019:11:14:02 -0300] "GET /cormun/servlet/solicitudot?8109afe20d564b33a1070b0bb2bf5b03b2683997a410d49eb1eb01737033d0a3a5d1381853cb34f3618ef4ef7e823627863a61ec89f3360849c291b2f62fd8472433447a5a563bf605925a5a6f15fcc56f0c4d12d0c6f7a3b6cba05d39c403e9424aa2674d346b894a4ae08cdc0be9443e6f5659c27613a7bf15854f2131d5852aea1a0e140a8d0bf6a8495466e8727eb6cb11646290ebd467969d0f155534c4eaa1339e02c45c7f142a25bc3b624a0fb914429a04c7ae232fbdb3a21f1c75eee007f16dc914d55055b51b33e5ebd7c4f92546cb3ea6c55d3f7ac38e65523e00b1fe9baee904ea66b6840fd48293fb11a119313c98ae1eafda3feef04327561b1fd4363a8325045521dd40a0950813750d68840508eeed361b1611d6f36ce13e9f324841969b2edd4fcd0dc4384a6742ebb0a490b7d5f64856f36c46add011c6518799b6786c122567e327ade6e7098b2ce3fed0587e0cb70a64abb01cfa6bed63678b8eff90e841b573ad89ab29043894503670308b2e00e8ee2e8c3a8277ad,gx-no-cache=1553184445820 HTTP/1.1" 200 30
186.103.159.188 - - [21/Mar/2019:11:14:03 -0300] "GET /cormun/servlet/solicitudotadjuntos?INS,2019,14855,,1, HTTP/1.1" 200 6098
186.103.159.188 - - [21/Mar/2019:11:14:03 -0300] "GET /cormun/static/about:blank HTTP/1.1" 404 1011
186.103.159.188 - - [21/Mar/2019:11:14:03 -0300] "GET /cormun/servlet/solicitudotadjuntos?INS,2019,14855,,1, HTTP/1.1" 200 6092
186.103.159.188 - - [21/Mar/2019:11:14:03 -0300] "GET /cormun/servlet/solicitudotadjuntos?c2b09dfe4295df1a51d6d594691c1084d78c4837750a5f90aa30a601161c17cfc5033aba78641de737bf52830215c389,gx-no-cache=1553177425903 HTTP/1.1" 200 30
186.103.159.188 - - [21/Mar/2019:11:14:04 -0300] "POST /cormun/servlet/solicitudotadjuntos?2ca2d325486008936dda76b3499714f5,INS,2019,14855,,1,,gx-no-cache=1553177425948 HTTP/1.1" 200 3894
192.168.10.96 - - [21/Mar/2019:11:14:04 -0300] "POST /cormun/servlet/solicitudot?56919c7e283774e58f99a11e55cd134e,INS,0,0,,gx-no-cache=1553184447798 HTTP/1.1" 200 90
192.168.10.96 - - [21/Mar/2019:11:14:04 -0300] "GET /cormun/servlet/hpexe_link HTTP/1.1" 200 955
192.168.10.96 - - [21/Mar/2019:11:14:04 -0300] "GET /cormun/servlet/trsolicitudot HTTP/1.1" 200 8931
192.168.10.96 - - [21/Mar/2019:11:14:05 -0300] "GET /cormun/servlet/trsolicitudot HTTP/1.1" 200 8929
186.103.159.188 - - [21/Mar/2019:11:14:07 -0300] "POST /cormun/servlet/solicitudotadjuntos?gx-no-cache=1553177429392 HTTP/1.1" 200 26
192.168.10.96 - - [21/Mar/2019:11:14:07 -0300] "POST /cormun/servlet/trsolicitudot?56919c7e283774e58f99a11e55cd134e,gx-no-cache=1553184450985 HTTP/1.1" 200 106
192.168.10.96 - - [21/Mar/2019:11:14:07 -0300] "GET /cormun/servlet/solicitudot?UPD,2019,14645, HTTP/1.1" 200 15736
192.168.10.96 - - [21/Mar/2019:11:14:08 -0300] "GET /cormun/servlet/solicitudot?UPD,2019,14645, HTTP/1.1" 200 15746
192.168.10.96 - - [21/Mar/2019:11:14:08 -0300] "POST /cormun/servlet/solicitudot?gx-no-cache=1553184452035 HTTP/1.1" 200 3588
192.168.10.96 - - [21/Mar/2019:11:14:08 -0300] "POST /cormun/servlet/solicitudot?56919c7e283774e58f99a11e55cd134e,UPD,2019,14645,,gx-no-cache=1553184452175 HTTP/1.1" 200 12063
192.168.10.96 - - [21/Mar/2019:11:14:08 -0300] "GET /cormun/servlet/solicitudot?8109afe20d564b33a1070b0bb2bf5b034071ad054004bed20c73f6fd8065dc30a09c09ca7ffe29ce80eb33610c32d51d,gx-no-cache=1553184452375 HTTP/1.1" 200 30
192.168.10.96 - - [21/Mar/2019:11:14:08 -0300] "GET /cormun/servlet/solicitudot?8109afe20d564b33a1070b0bb2bf5b03e5f3cac70270abccdb57d4a75ab8c7d4eb686a5e081d3ff36c0ef8638ae96d299033ac4be710618f3de1a2d6c1594cc8,gx-no-cache=1553184452397 HTTP/1.1" 200 30
192.168.10.96 - - [21/Mar/2019:11:14:08 -0300] "GET /cormun/servlet/solicitudot?8109afe20d564b33a1070b0bb2bf5b0380872384a69d986cf316803d680a783c24f98f178e22dfa554ab6043e63466a9b246a84913866b737c8f57e6ed7ab89a,gx-no-cache=1553184452411 HTTP/1.1" 200 53
192.168.10.96 - - [21/Mar/2019:11:14:08 -0300] "POST /cormun/servlet/solicitudot?gx-no-cache=1553184452427 HTTP/1.1" 200 254
192.168.10.96 - - [21/Mar/2019:11:14:09 -0300] "GET /cormun/servlet/solicitudot?8109afe20d564b33a1070b0bb2bf5b03b2683997a410d49eb1eb01737033d0a37abc561cf95cd76b97b676e12cde8a5e863a61ec89f3360849c291b2f62fd8472433447a5a563bf605925a5a6f15fcc56f0c4d12d0c6f7a3b6cba05d39c403e9424aa2674d346b894a4ae08cdc0be9443e6f5659c27613a7bf15854f2131d5852aea1a0e140a8d0bf6a8495466e8727eb6cb11646290ebd467969d0f155534c4eaa1339e02c45c7f142a25bc3b624a0fb914429a04c7ae232fbdb3a21f1c75eee007f16dc914d55055b51b33e5ebd7c4f92546cb3ea6c55d3f7ac38e65523e00b1fe9baee904ea66b6840fd48293fb11a119313c98ae1eafda3feef04327561b1fd4363a8325045521dd40a095081375fda2e71a8e4337c5f9c8ceae8cf57f6b4b6f9a24e10061459ce3e15a9f23e56a00a0e3b9bf7d851e1bca17e3ef6968601ee976d70572eeaad0f463fed8b2abaa6ef4e52d792eb00290584626d94a52abcd9322e8e84fc6d71e0735b87330a384689fac65717e81e2dff13293b8038855,gx-no-cache=1553184452464 HTTP/1.1" 200 30
192.168.10.96 - - [21/Mar/2019:11:14:09 -0300] "POST /cormun/servlet/solicitudot?gx-no-cache=1553184452483 HTTP/1.1" 200 30
192.168.10.96 - - [21/Mar/2019:11:14:09 -0300] "POST /cormun/servlet/solicitudot?gx-no-cache=1553184452512 HTTP/1.1" 200 1290
192.168.10.96 - - [21/Mar/2019:11:14:09 -0300] "POST /cormun/servlet/solicitudot?gx-no-cache=1553184452560 HTTP/1.1" 200 40
192.168.10.96 - - [21/Mar/2019:11:14:11 -0300] "POST /cormun/servlet/solicitudot?56919c7e283774e58f99a11e55cd134e,UPD,2019,14645,,gx-no-cache=1553184455168 HTTP/1.1" 200 90
192.168.10.96 - - [21/Mar/2019:11:14:11 -0300] "GET /cormun/servlet/hpexe_link HTTP/1.1" 200 963
192.168.10.96 - - [21/Mar/2019:11:14:11 -0300] "GET /cormun/servlet/trsolicitudot HTTP/1.1" 200 8931
192.168.10.96 - - [21/Mar/2019:11:14:12 -0300] "GET /cormun/servlet/trsolicitudot HTTP/1.1" 200 8929
186.103.159.188 - - [21/Mar/2019:11:14:12 -0300] "GET /cormun/servlet/solicitudotadjuntos?c2b09dfe4295df1a51d6d594691c1084e455b4d6896601b59e563f0c5931da1f,gx-no-cache=1553177434337 HTTP/1.1" 200 30
186.103.159.188 - - [21/Mar/2019:11:14:12 -0300] "GET /cormun/servlet/solicitudotadjuntos?c2b09dfe4295df1a51d6d594691c1084e455b4d6896601b59e563f0c5931da1f,gx-no-cache=1553177434367 HTTP/1.1" 200 30
186.103.159.188 - - [21/Mar/2019:11:14:13 -0300] "POST /cormun/servlet/solicitudotadjuntos?2ca2d325486008936dda76b3499714f5,INS,2019,14855,,1, HTTP/1.1" 200 116
186.103.159.188 - - [21/Mar/2019:11:14:13 -0300] "GET /cormun/servlet/hpexe_return? HTTP/1.1" 200 1029
186.103.159.188 - - [21/Mar/2019:11:14:14 -0300] "GET /cormun/servlet/trsolicitudadjuntos?2019,14855, HTTP/1.1" 200 9323
192.168.10.96 - - [21/Mar/2019:11:14:14 -0300] "GET /cormun/servlet/solicitudot?INS,0,0, HTTP/1.1" 200 15191
186.103.159.188 - - [21/Mar/2019:11:14:14 -0300] "GET /cormun/servlet/trsolicitudadjuntos?2019,14855, HTTP/1.1" 200 9325
192.168.10.96 - - [21/Mar/2019:11:14:15 -0300] "GET /cormun/servlet/solicitudot?INS,0,0, HTTP/1.1" 200 15197
192.168.10.96 - - [21/Mar/2019:11:14:17 -0300] "GET /cormun/servlet/prfichaempleado?,MD,,gxPopupLevel%3D0%3B HTTP/1.1" 200 9446
186.103.159.188 - - [21/Mar/2019:11:14:17 -0300] "GET /cormun/servlet/solicitudotadjuntos?INS,2019,14855,,1, HTTP/1.1" 200 6098
186.103.159.188 - - [21/Mar/2019:11:14:18 -0300] "GET /cormun/servlet/solicitudotadjuntos?INS,2019,14855,,1, HTTP/1.1" 200 6092
186.103.159.188 - - [21/Mar/2019:11:14:18 -0300] "GET /cormun/static/about:blank HTTP/1.1" 404 1011
186.103.159.188 - - [21/Mar/2019:11:14:18 -0300] "GET /cormun/servlet/solicitudotadjuntos?c2b09dfe4295df1a51d6d594691c1084d78c4837750a5f90aa30a601161c17cfc5033aba78641de737bf52830215c389,gx-no-cache=1553177440373 HTTP/1.1" 200 30
186.103.159.188 - - [21/Mar/2019:11:14:18 -0300] "POST /cormun/servlet/solicitudotadjuntos?2ca2d325486008936dda76b3499714f5,INS,2019,14855,,1,,gx-no-cache=1553177440483 HTTP/1.1" 200 3894
186.103.159.188 - - [21/Mar/2019:11:14:21 -0300] "POST /cormun/servlet/solicitudotadjuntos?gx-no-cache=1553177443072 HTTP/1.1" 200 26
192.168.10.96 - - [21/Mar/2019:11:14:26 -0300] "POST /cormun/servlet/prfichaempleado?56919c7e283774e58f99a11e55cd134e,,MD,,gxPopupLevel%3D0%3B,gx-no-cache=1553184469743 HTTP/1.1" 200 3425
192.168.10.96 - - [21/Mar/2019:11:14:28 -0300] "POST /cormun/servlet/solicitudot?gx-no-cache=1553184471838 HTTP/1.1" 200 3583
192.168.10.96 - - [21/Mar/2019:11:14:28 -0300] "POST /cormun/servlet/solicitudot?56919c7e283774e58f99a11e55cd134e,INS,0,0,,gx-no-cache=1553184471979 HTTP/1.1" 200 11960
186.103.159.188 - - [21/Mar/2019:11:14:28 -0300] "GET /cormun/servlet/solicitudotadjuntos?c2b09dfe4295df1a51d6d594691c1084e455b4d6896601b59e563f0c5931da1f,gx-no-cache=1553177450616 HTTP/1.1" 200 30
186.103.159.188 - - [21/Mar/2019:11:14:28 -0300] "GET /cormun/servlet/solicitudotadjuntos?c2b09dfe4295df1a51d6d594691c1084e455b4d6896601b59e563f0c5931da1f,gx-no-cache=1553177450692 HTTP/1.1" 200 30
186.103.159.188 - - [21/Mar/2019:11:14:29 -0300] "POST /cormun/servlet/solicitudotadjuntos?2ca2d325486008936dda76b3499714f5,INS,2019,14855,,1, HTTP/1.1" 200 116
186.103.159.188 - - [21/Mar/2019:11:14:29 -0300] "GET /cormun/servlet/hpexe_return? HTTP/1.1" 200 1029
186.103.159.188 - - [21/Mar/2019:11:14:30 -0300] "GET /cormun/servlet/trsolicitudadjuntos?2019,14855, HTTP/1.1" 200 9586
186.103.159.188 - - [21/Mar/2019:11:14:31 -0300] "GET /cormun/servlet/trsolicitudadjuntos?2019,14855, HTTP/1.1" 200 9582
186.103.159.188 - - [21/Mar/2019:11:14:33 -0300] "GET /cormun/servlet/solicitudotadjuntos?INS,2019,14855,,1, HTTP/1.1" 200 6098
186.103.159.188 - - [21/Mar/2019:11:14:33 -0300] "GET /cormun/static/about:blank HTTP/1.1" 404 1011
186.103.159.188 - - [21/Mar/2019:11:14:33 -0300] "GET /cormun/servlet/solicitudotadjuntos?INS,2019,14855,,1, HTTP/1.1" 200 6092
186.103.159.188 - - [21/Mar/2019:11:14:34 -0300] "GET /cormun/servlet/solicitudotadjuntos?c2b09dfe4295df1a51d6d594691c1084d78c4837750a5f90aa30a601161c17cfc5033aba78641de737bf52830215c389,gx-no-cache=1553177456327 HTTP/1.1" 200 30
186.103.159.188 - - [21/Mar/2019:11:14:34 -0300] "POST /cormun/servlet/solicitudotadjuntos?2ca2d325486008936dda76b3499714f5,INS,2019,14855,,1,,gx-no-cache=1553177456371 HTTP/1.1" 200 3894
192.168.10.96 - - [21/Mar/2019:11:14:34 -0300] "GET /cormun/servlet/solicitudot?8109afe20d564b33a1070b0bb2bf5b034071ad054004bed20c73f6fd8065dc3082ec8ddc912de3f6ab3daf5ff3b53b71,gx-no-cache=1553184478323 HTTP/1.1" 200 30
192.168.10.96 - - [21/Mar/2019:11:14:34 -0300] "GET /cormun/servlet/solicitudot?8109afe20d564b33a1070b0bb2bf5b03e5f3cac70270abccdb57d4a75ab8c7d4eb686a5e081d3ff36c0ef8638ae96d29fae872a8c7fd86572d03565ab657b704,gx-no-cache=1553184478364 HTTP/1.1" 200 30
192.168.10.96 - - [21/Mar/2019:11:14:34 -0300] "GET /cormun/servlet/solicitudot?8109afe20d564b33a1070b0bb2bf5b03a705b0969bf17c22e0c53ef99ff32200,gx-no-cache=1553184478383 HTTP/1.1" 200 53
192.168.10.96 - - [21/Mar/2019:11:14:34 -0300] "POST /cormun/servlet/solicitudot?gx-no-cache=1553184478402 HTTP/1.1" 200 240
192.168.10.96 - - [21/Mar/2019:11:14:34 -0300] "GET /cormun/servlet/solicitudot?8109afe20d564b33a1070b0bb2bf5b03b2683997a410d49eb1eb01737033d0a3a5d1381853cb34f3618ef4ef7e823627863a61ec89f3360849c291b2f62fd8472433447a5a563bf605925a5a6f15fcc56f0c4d12d0c6f7a3b6cba05d39c403e9424aa2674d346b894a4ae08cdc0be9443e6f5659c27613a7bf15854f2131d5852aea1a0e140a8d0bf6a8495466e8727eb6cb11646290ebd467969d0f155534c4eaa1339e02c45c7f142a25bc3b624a0fb914429a04c7ae232fbdb3a21f1c75eee007f16dc914d55055b51b33e5ebd7c4f92546cb3ea6c55d3f7ac38e65523e00b1fe9baee904ea66b6840fd48293fb11a119313c98ae1eafda3feef04327561b1fd4363a8325045521dd40a0950813750d68840508eeed361b1611d6f36ce13e9f324841969b2edd4fcd0dc4384a6742ebb0a490b7d5f64856f36c46add011c6518799b6786c122567e327ade6e7098b2ce3fed0587e0cb70a64abb01cfa6bed63678b8eff90e841b573ad89ab29043894503670308b2e00e8ee2e8c3a8277ad,gx-no-cache=1553184478429 HTTP/1.1" 200 30
192.168.10.96 - - [21/Mar/2019:11:14:37 -0300] "POST /cormun/servlet/solicitudot?gx-no-cache=1553184481429 HTTP/1.1" 200 30
186.103.159.188 - - [21/Mar/2019:11:14:38 -0300] "POST /cormun/servlet/solicitudotadjuntos?gx-no-cache=1553177460535 HTTP/1.1" 200 26
192.168.10.96 - - [21/Mar/2019:11:14:40 -0300] "GET /cormun/servlet/prfichaempleado?,MD,,gxPopupLevel%3D0%3B HTTP/1.1" 200 9446
186.103.159.188 - - [21/Mar/2019:11:14:43 -0300] "GET /cormun/servlet/solicitudotadjuntos?c2b09dfe4295df1a51d6d594691c1084e455b4d6896601b59e563f0c5931da1f,gx-no-cache=1553177465624 HTTP/1.1" 200 30
186.103.159.188 - - [21/Mar/2019:11:14:43 -0300] "GET /cormun/servlet/solicitudotadjuntos?c2b09dfe4295df1a51d6d594691c1084e455b4d6896601b59e563f0c5931da1f,gx-no-cache=1553177465751 HTTP/1.1" 200 30
192.168.10.96 - - [21/Mar/2019:11:14:48 -0300] "POST /cormun/servlet/prfichaempleado?56919c7e283774e58f99a11e55cd134e,,MD,,gxPopupLevel%3D0%3B,gx-no-cache=1553184492111 HTTP/1.1" 200 3676
186.103.159.188 - - [21/Mar/2019:11:14:49 -0300] "POST /cormun/servlet/solicitudotadjuntos?2ca2d325486008936dda76b3499714f5,INS,2019,14855,,1, HTTP/1.1" 200 116
186.103.159.188 - - [21/Mar/2019:11:14:49 -0300] "GET /cormun/servlet/hpexe_return? HTTP/1.1" 200 1029
186.103.159.188 - - [21/Mar/2019:11:14:49 -0300] "GET /cormun/servlet/trsolicitudadjuntos?2019,14855, HTTP/1.1" 200 9802
186.103.159.188 - - [21/Mar/2019:11:14:50 -0300] "GET /cormun/servlet/trsolicitudadjuntos?2019,14855, HTTP/1.1" 200 9800
192.168.10.96 - - [21/Mar/2019:11:14:51 -0300] "POST /cormun/servlet/solicitudot?gx-no-cache=1553184495268 HTTP/1.1" 200 1288
192.168.10.96 - - [21/Mar/2019:11:14:53 -0300] "GET /cormun/servlet/prlicenciaspermisos?7349358,L,,MD,,gxPopupLevel%3D0%3B HTTP/1.1" 200 5673
186.103.159.188 - - [21/Mar/2019:11:14:53 -0300] "GET /cormun/servlet/trsolicitudot? HTTP/1.1" 200 9098
186.103.159.188 - - [21/Mar/2019:11:14:54 -0300] "GET /cormun/servlet/trsolicitudot? HTTP/1.1" 200 9092
186.103.159.188 - - [21/Mar/2019:11:15:06 -0300] "POST /cormun/servlet/trsolicitudot?2ca2d325486008936dda76b3499714f5,,gx-no-cache=1553177487580 HTTP/1.1" 200 5750
186.103.159.188 - - [21/Mar/2019:11:15:06 -0300] "GET /cormun/static/Shared/jqueryui/images/ui-bg_highlight-soft_100_c6c2c8_1x100.png HTTP/1.1" 404 1117
186.103.159.188 - - [21/Mar/2019:11:15:06 -0300] "GET /cormun/static/Shared/jqueryui/images/ui-icons_82798d_256x240.png HTTP/1.1" 404 1089
186.103.159.188 - - [21/Mar/2019:11:15:06 -0300] "GET /cormun/static/Shared/jqueryui/images/ui-bg_flat_55_fafafa_40x100.png HTTP/1.1" 404 1097
186.103.159.188 - - [21/Mar/2019:11:15:06 -0300] "GET /cormun/static/Shared/jqueryui/images/ui-icons_8d78a5_256x240.png HTTP/1.1" 404 1089
186.103.159.188 - - [21/Mar/2019:11:15:07 -0300] "POST /cormun/servlet/trsolicitudot?2ca2d325486008936dda76b3499714f5,,gx-no-cache=1553177488558 HTTP/1.1" 200 5693
200.112.233.47 - - [21/Mar/2019:11:15:10 -0300] "POST /cormun/servlet/solicitudot?85be96cebee661242560e6d883164564,INS,0,0,,gx-no-cache=1553177490621 HTTP/1.1" 440 972
192.168.10.96 - - [21/Mar/2019:11:15:12 -0300] "GET /cormun/servlet/prlicenciaspermisos?7349358,L,,MD,,gxPopupLevel%3D0%3B HTTP/1.1" 200 5673
186.103.159.188 - - [21/Mar/2019:11:15:12 -0300] "POST /cormun/servlet/trsolicitudot?2ca2d325486008936dda76b3499714f5,,gx-no-cache=1553177494802 HTTP/1.1" 200 4572
186.103.159.188 - - [21/Mar/2019:11:15:13 -0300] "POST /cormun/servlet/trsolicitudot?2ca2d325486008936dda76b3499714f5,,gx-no-cache=1553177494990 HTTP/1.1" 200 4334
192.168.10.96 - - [21/Mar/2019:11:15:20 -0300] "POST /cormun/servlet/solicitudot?gx-no-cache=1553184523515 HTTP/1.1" 200 41
192.168.10.96 - - [21/Mar/2019:11:15:20 -0300] "GET /cormun/servlet/solicitudot?8109afe20d564b33a1070b0bb2bf5b0321759b6762b166cf1347f723e5b552646ff3632cee0a49bd3dbceb777962c4626783bb4e8e787b203524daeb3647055b823caa287a9013055c95514b44447c43e3735ed6afa926c32e077d5882f69d3776a272d896bb9a2d1cec8a212b09877f,gx-no-cache=1553184524282 HTTP/1.1" 200 110
192.168.10.96 - - [21/Mar/2019:11:15:20 -0300] "POST /cormun/servlet/solicitudot?gx-no-cache=1553184524317 HTTP/1.1" 200 97
192.168.10.96 - - [21/Mar/2019:11:15:24 -0300] "GET /cormun/servlet/solicitudot?8109afe20d564b33a1070b0bb2bf5b03eae7c483b093b858d1aadb5b34b608b858aa35784b913a62a00a8263454c02d876258b91828424111b27e0d26e60175ffb34430cf14f2abe4c55cc5dce3955364167cea6b20d36986d4ab0d1eaf0d861cc9430998288f9a60a918c99e3331db4b6cf2ee3fd409112a8e7ef6b9ea402c2ec9c3bf83304d33d1f7b5893d6e827259ca85b9b09aad580e799eb4e9f360e1f,gx-no-cache=1553184527886 HTTP/1.1" 200 29
192.168.10.96 - - [21/Mar/2019:11:15:39 -0300] "GET /cormun/servlet/solicitudot?8109afe20d564b33a1070b0bb2bf5b033d2b7133d0a270ca63115a51107f09f1e2db19a842967077ebd7a58083d9dae1,gx-no-cache=1553184543352 HTTP/1.1" 200 30
192.168.10.96 - - [21/Mar/2019:11:15:39 -0300] "POST /cormun/servlet/solicitudot?gx-no-cache=1553184543383 HTTP/1.1" 200 120
192.168.10.96 - - [21/Mar/2019:11:15:39 -0300] "GET /cormun/static/Shared/jqueryui/images/ui-bg_flat_55_994d53_40x100.png HTTP/1.1" 404 1097
192.168.10.96 - - [21/Mar/2019:11:15:39 -0300] "GET /cormun/static/Shared/jqueryui/images/ui-icons_ebccce_256x240.png HTTP/1.1" 404 1089
192.168.10.96 - - [21/Mar/2019:11:15:39 -0300] "GET /cormun/static/Shared/jqueryui/images/ui-bg_highlight-soft_100_c6c2c8_1x100.png HTTP/1.1" 404 1117
192.168.10.96 - - [21/Mar/2019:11:15:40 -0300] "GET /cormun/static/Shared/jqueryui/images/ui-icons_82798d_256x240.png HTTP/1.1" 404 1089
192.168.10.96 - - [21/Mar/2019:11:15:50 -0300] "GET /cormun/servlet/prlicenciaspermisos?7349358,L,,MD,,gxPopupLevel%3D0%3B HTTP/1.1" 200 5673
192.168.10.96 - - [21/Mar/2019:11:15:54 -0300] "POST /cormun/servlet/solicitudot?gx-no-cache=1553184557940 HTTP/1.1" 200 41
192.168.10.96 - - [21/Mar/2019:11:15:54 -0300] "GET /cormun/servlet/solicitudot?8109afe20d564b33a1070b0bb2bf5b0321759b6762b166cf1347f723e5b552646ff3632cee0a49bd3dbceb777962c4626783bb4e8e787b203524daeb3647055b823caa287a9013055c95514b44447c43e3735ed6afa926c32e077d5882f69d3776a272d896bb9a2d1cec8a212b09877f,gx-no-cache=1553184558322 HTTP/1.1" 200 110
192.168.10.96 - - [21/Mar/2019:11:15:55 -0300] "POST /cormun/servlet/solicitudot?gx-no-cache=1553184558646 HTTP/1.1" 200 97
192.168.10.96 - - [21/Mar/2019:11:15:56 -0300] "GET /cormun/servlet/solicitudot?8109afe20d564b33a1070b0bb2bf5b03eae7c483b093b858d1aadb5b34b608b858aa35784b913a62a00a8263454c02d876258b91828424111b27e0d26e60175ffb34430cf14f2abe4c55cc5dce3955364167cea6b20d36986d4ab0d1eaf0d861cc9430998288f9a60a918c99e3331db4b6cf2ee3fd409112a8e7ef6b9ea402c2ec9c3bf83304d33d1f7b5893d6e827259ca85b9b09aad580e799eb4e9f360e1f,gx-no-cache=1553184559462 HTTP/1.1" 200 29
192.168.10.96 - - [21/Mar/2019:11:15:56 -0300] "GET /cormun/servlet/solicitudot?8109afe20d564b33a1070b0bb2bf5b033d2b7133d0a270ca63115a51107f09f11a76059f8f14c4dfe95b5f9578df4d5e,gx-no-cache=1553184559766 HTTP/1.1" 200 30
192.168.10.96 - - [21/Mar/2019:11:15:59 -0300] "POST /cormun/servlet/solicitudot?gx-no-cache=1553184563341 HTTP/1.1" 200 120
192.168.10.96 - - [21/Mar/2019:11:16:07 -0300] "POST /cormun/servlet/solicitudot?gx-no-cache=1553184571288 HTTP/1.1" 200 120
192.168.10.96 - - [21/Mar/2019:11:16:11 -0300] "GET /cormun/servlet/prlicenciaspermisos?7349358,L,,MD,,gxPopupLevel%3D0%3B HTTP/1.1" 200 5673
192.168.10.96 - - [21/Mar/2019:11:16:18 -0300] "GET /cormun/servlet/solicitudot?8109afe20d564b33a1070b0bb2bf5b0321759b6762b166cf1347f723e5b552646ff3632cee0a49bd3dbceb777962c4626783bb4e8e787b203524daeb3647055b823caa287a9013055c95514b44447c43e3735ed6afa926c32e077d5882f69d3776a272d896bb9a2d1cec8a212b09877f,gx-no-cache=1553184582020 HTTP/1.1" 200 110
192.168.10.96 - - [21/Mar/2019:11:16:25 -0300] "GET /cormun/servlet/solicitudot?8109afe20d564b33a1070b0bb2bf5b033d2b7133d0a270ca63115a51107f09f17f20166d3a24abc8c4b79d288360de55,gx-no-cache=1553184588515 HTTP/1.1" 200 30
200.112.233.47 - - [21/Mar/2019:11:16:26 -0300] "POST /cormun/servlet/solicitudot?gx-no-cache=1553177566656 HTTP/1.1" 440 972
192.168.10.96 - - [21/Mar/2019:11:16:28 -0300] "POST /cormun/servlet/solicitudot?gx-no-cache=1553184591842 HTTP/1.1" 200 34
200.112.233.47 - - [21/Mar/2019:11:16:28 -0300] "GET /cormun/servlet/solicitudot?INS,0,0, HTTP/1.1" 200 14084
200.112.233.47 - - [21/Mar/2019:11:16:29 -0300] "GET /cormun/servlet/hlogin HTTP/1.1" 200 1743
200.112.233.47 - - [21/Mar/2019:11:16:29 -0300] "GET /cormun/servlet/solicitudot?INS,0,0, HTTP/1.1" 200 14084
192.168.10.96 - - [21/Mar/2019:11:16:30 -0300] "POST /cormun/servlet/solicitudot?56919c7e283774e58f99a11e55cd134e,INS,0,0,,gx-no-cache=1553184593753 HTTP/1.1" 200 93
192.168.10.96 - - [21/Mar/2019:11:16:30 -0300] "GET /cormun/servlet/hpexe_return? HTTP/1.1" 200 1001
192.168.10.96 - - [21/Mar/2019:11:16:30 -0300] "GET /cormun/servlet/trsolicitudot HTTP/1.1" 200 9372
192.168.10.96 - - [21/Mar/2019:11:16:31 -0300] "GET /cormun/servlet/trsolicitudot HTTP/1.1" 200 9368
192.168.10.96 - - [21/Mar/2019:11:16:36 -0300] "POST /cormun/servlet/trsolicitudot?56919c7e283774e58f99a11e55cd134e,gx-no-cache=1553184599649 HTTP/1.1" 200 106
192.168.10.96 - - [21/Mar/2019:11:16:36 -0300] "GET /cormun/servlet/solicitudot?UPD,2019,14645, HTTP/1.1" 200 15736
192.168.10.96 - - [21/Mar/2019:11:16:36 -0300] "GET /cormun/servlet/solicitudot?UPD,2019,14645, HTTP/1.1" 200 15746
192.168.10.96 - - [21/Mar/2019:11:16:37 -0300] "POST /cormun/servlet/solicitudot?gx-no-cache=1553184600742 HTTP/1.1" 200 3588
192.168.10.96 - - [21/Mar/2019:11:16:37 -0300] "POST /cormun/servlet/solicitudot?56919c7e283774e58f99a11e55cd134e,UPD,2019,14645,,gx-no-cache=1553184600894 HTTP/1.1" 200 12063
192.168.10.96 - - [21/Mar/2019:11:16:37 -0300] "GET /cormun/servlet/solicitudot?8109afe20d564b33a1070b0bb2bf5b034071ad054004bed20c73f6fd8065dc30a09c09ca7ffe29ce80eb33610c32d51d,gx-no-cache=1553184601105 HTTP/1.1" 200 30
192.168.10.96 - - [21/Mar/2019:11:16:37 -0300] "GET /cormun/servlet/solicitudot?8109afe20d564b33a1070b0bb2bf5b03e5f3cac70270abccdb57d4a75ab8c7d4eb686a5e081d3ff36c0ef8638ae96d299033ac4be710618f3de1a2d6c1594cc8,gx-no-cache=1553184601126 HTTP/1.1" 200 30
192.168.10.96 - - [21/Mar/2019:11:16:37 -0300] "GET /cormun/servlet/solicitudot?8109afe20d564b33a1070b0bb2bf5b0380872384a69d986cf316803d680a783c24f98f178e22dfa554ab6043e63466a9b246a84913866b737c8f57e6ed7ab89a,gx-no-cache=1553184601141 HTTP/1.1" 200 53
192.168.10.96 - - [21/Mar/2019:11:16:37 -0300] "POST /cormun/servlet/solicitudot?gx-no-cache=1553184601158 HTTP/1.1" 200 254
192.168.10.96 - - [21/Mar/2019:11:16:37 -0300] "GET /cormun/servlet/solicitudot?8109afe20d564b33a1070b0bb2bf5b03b2683997a410d49eb1eb01737033d0a37abc561cf95cd76b97b676e12cde8a5e863a61ec89f3360849c291b2f62fd8472433447a5a563bf605925a5a6f15fcc56f0c4d12d0c6f7a3b6cba05d39c403e9424aa2674d346b894a4ae08cdc0be9443e6f5659c27613a7bf15854f2131d5852aea1a0e140a8d0bf6a8495466e8727eb6cb11646290ebd467969d0f155534c4eaa1339e02c45c7f142a25bc3b624a0fb914429a04c7ae232fbdb3a21f1c75eee007f16dc914d55055b51b33e5ebd7c4f92546cb3ea6c55d3f7ac38e65523e00b1fe9baee904ea66b6840fd48293fb11a119313c98ae1eafda3feef04327561b1fd4363a8325045521dd40a095081375fda2e71a8e4337c5f9c8ceae8cf57f6b4b6f9a24e10061459ce3e15a9f23e56a00a0e3b9bf7d851e1bca17e3ef6968601ee976d70572eeaad0f463fed8b2abaa6ef4e52d792eb00290584626d94a52abcd9322e8e84fc6d71e0735b87330a384689fac65717e81e2dff13293b8038855,gx-no-cache=1553184601180 HTTP/1.1" 200 30
192.168.10.96 - - [21/Mar/2019:11:16:37 -0300] "POST /cormun/servlet/solicitudot?gx-no-cache=1553184601196 HTTP/1.1" 200 30
192.168.10.96 - - [21/Mar/2019:11:16:37 -0300] "POST /cormun/servlet/solicitudot?gx-no-cache=1553184601216 HTTP/1.1" 200 1290
192.168.10.96 - - [21/Mar/2019:11:16:37 -0300] "POST /cormun/servlet/solicitudot?gx-no-cache=1553184601255 HTTP/1.1" 200 40
200.112.233.47 - - [21/Mar/2019:11:16:39 -0300] "POST /cormun/servlet/hlogin?35a72a34520eee936b197cc9c368467a,gx-no-cache=1553177580203 HTTP/1.1" 200 90
200.112.233.47 - - [21/Mar/2019:11:16:39 -0300] "GET /cormun/servlet/hpexe_link HTTP/1.1" 200 963
200.112.233.47 - - [21/Mar/2019:11:16:40 -0300] "GET /cormun/servlet/solicitudot?INS,0,0, HTTP/1.1" 200 15033
200.112.233.47 - - [21/Mar/2019:11:16:40 -0300] "GET /cormun/servlet/solicitudot?INS,0,0, HTTP/1.1" 200 15037
192.168.10.96 - - [21/Mar/2019:11:16:48 -0300] "POST /cormun/servlet/solicitudot?56919c7e283774e58f99a11e55cd134e,UPD,2019,14645,,gx-no-cache=1553184612031 HTTP/1.1" 200 90
192.168.10.96 - - [21/Mar/2019:11:16:48 -0300] "GET /cormun/servlet/hpexe_link HTTP/1.1" 200 963
192.168.10.96 - - [21/Mar/2019:11:16:48 -0300] "GET /cormun/servlet/trsolicitudot HTTP/1.1" 200 9369
192.168.10.96 - - [21/Mar/2019:11:16:49 -0300] "GET /cormun/servlet/trsolicitudot HTTP/1.1" 200 9368
192.168.10.96 - - [21/Mar/2019:11:16:52 -0300] "POST /cormun/servlet/trsolicitudot?56919c7e283774e58f99a11e55cd134e,gx-no-cache=1553184616280 HTTP/1.1" 200 106
192.168.10.96 - - [21/Mar/2019:11:16:53 -0300] "GET /cormun/servlet/solicitudot?UPD,2019,14857, HTTP/1.1" 200 15723
192.168.10.96 - - [21/Mar/2019:11:16:53 -0300] "GET /cormun/servlet/solicitudot?UPD,2019,14857, HTTP/1.1" 200 15732
192.168.10.96 - - [21/Mar/2019:11:16:54 -0300] "POST /cormun/servlet/solicitudot?gx-no-cache=1553184617359 HTTP/1.1" 200 3592
192.168.10.96 - - [21/Mar/2019:11:16:54 -0300] "POST /cormun/servlet/solicitudot?56919c7e283774e58f99a11e55cd134e,UPD,2019,14857,,gx-no-cache=1553184617562 HTTP/1.1" 200 12051
192.168.10.96 - - [21/Mar/2019:11:16:54 -0300] "GET /cormun/servlet/solicitudot?8109afe20d564b33a1070b0bb2bf5b034071ad054004bed20c73f6fd8065dc30a09c09ca7ffe29ce80eb33610c32d51d,gx-no-cache=1553184617798 HTTP/1.1" 200 30
192.168.10.96 - - [21/Mar/2019:11:16:54 -0300] "GET /cormun/servlet/solicitudot?8109afe20d564b33a1070b0bb2bf5b03e5f3cac70270abccdb57d4a75ab8c7d4eb686a5e081d3ff36c0ef8638ae96d299033ac4be710618f3de1a2d6c1594cc8,gx-no-cache=1553184617827 HTTP/1.1" 200 30
192.168.10.96 - - [21/Mar/2019:11:16:54 -0300] "GET /cormun/servlet/solicitudot?8109afe20d564b33a1070b0bb2bf5b0380872384a69d986cf316803d680a783c24f98f178e22dfa554ab6043e63466a9b246a84913866b737c8f57e6ed7ab89a,gx-no-cache=1553184617844 HTTP/1.1" 200 53
192.168.10.96 - - [21/Mar/2019:11:16:54 -0300] "POST /cormun/servlet/solicitudot?gx-no-cache=1553184617861 HTTP/1.1" 200 240
192.168.10.96 - - [21/Mar/2019:11:16:54 -0300] "GET /cormun/servlet/solicitudot?8109afe20d564b33a1070b0bb2bf5b03b2683997a410d49eb1eb01737033d0a3a5d1381853cb34f3618ef4ef7e823627863a61ec89f3360849c291b2f62fd8472433447a5a563bf605925a5a6f15fcc56f0c4d12d0c6f7a3b6cba05d39c403e9424aa2674d346b894a4ae08cdc0be9443e6f5659c27613a7bf15854f2131d5852aea1a0e140a8d0bf6a8495466e8727eb6cb11646290ebd467969d0f155534c4eaa1339e02c45c7f142a25bc3b624a0fb914429a04c7ae232fbdb3a21f1c75eee007f16dc914d55055b51b33e5ebd7c4f92546cb3ea6c55d3f7ac38e65523e00b1fe9baee904ea66b6840fd48293fb11a119313c98ae1eafda3feef04327561b1fd4363a8325045521dd40a0950813750d68840508eeed361b1611d6f36ce13e9f324841969b2edd4fcd0dc4384a6742ebb0a490b7d5f64856f36c46add011c6518799b6786c122567e327ade6e7098b2ce3fed0587e0cb70a64abb01cfa6bed63678b8eff90e841b573ad89ab290438920f90a9244009b025bb3337e8d67256,gx-no-cache=1553184617883 HTTP/1.1" 200 30
192.168.10.96 - - [21/Mar/2019:11:16:54 -0300] "POST /cormun/servlet/solicitudot?gx-no-cache=1553184617901 HTTP/1.1" 200 30
192.168.10.96 - - [21/Mar/2019:11:16:54 -0300] "POST /cormun/servlet/solicitudot?gx-no-cache=1553184617926 HTTP/1.1" 200 1288
192.168.10.96 - - [21/Mar/2019:11:16:54 -0300] "POST /cormun/servlet/solicitudot?gx-no-cache=1553184618008 HTTP/1.1" 200 41
192.168.10.96 - - [21/Mar/2019:11:16:54 -0300] "GET /cormun/servlet/solicitudot?8109afe20d564b33a1070b0bb2bf5b0321759b6762b166cf1347f723e5b552646ff3632cee0a49bd3dbceb777962c4626783bb4e8e787b203524daeb3647055b823caa287a9013055c95514b44447c43e3735ed6afa926c32e077d5882f69d3776a272d896bb9a2d1cec8a212b09877f,gx-no-cache=1553184618312 HTTP/1.1" 200 110
192.168.10.96 - - [21/Mar/2019:11:16:54 -0300] "POST /cormun/servlet/solicitudot?gx-no-cache=1553184618339 HTTP/1.1" 200 97
192.168.10.96 - - [21/Mar/2019:11:16:54 -0300] "GET /cormun/servlet/solicitudot?8109afe20d564b33a1070b0bb2bf5b0302c4d8b16b4ebfa99533cbbda7629882e355a9d1dde6f89c2eaa5218ba08ac532e2bd5d2530247ccf1ed4790625421daaa5c42236c8a2d10a741813e3bf1349fa34bbe15b37e4b89eb0b0f0ee500ebfe944f72e771593a6ca53578508c24eda5c9165968512bc581ebf93686b50a0f3a55af61209b72b3ecc26273cb60334044e241117848811ea0f2d676a86c815189,gx-no-cache=1553184618383 HTTP/1.1" 200 29
192.168.10.96 - - [21/Mar/2019:11:16:54 -0300] "GET /cormun/servlet/solicitudot?8109afe20d564b33a1070b0bb2bf5b033d2b7133d0a270ca63115a51107f09f15e2b526fd0ef3717d17bd3093ea81891,gx-no-cache=1553184618406 HTTP/1.1" 200 30
192.168.10.96 - - [21/Mar/2019:11:16:54 -0300] "POST /cormun/servlet/solicitudot?gx-no-cache=1553184618423 HTTP/1.1" 200 34
200.112.233.47 - - [21/Mar/2019:11:16:57 -0300] "POST /cormun/servlet/solicitudot?gx-no-cache=1553177597942 HTTP/1.1" 200 3538
200.112.233.47 - - [21/Mar/2019:11:16:58 -0300] "POST /cormun/servlet/solicitudot?35a72a34520eee936b197cc9c368467a,INS,0,0,,gx-no-cache=1553177598088 HTTP/1.1" 200 11658
192.168.10.96 - - [21/Mar/2019:11:16:59 -0300] "GET /cormun/servlet/solicitudot?8109afe20d564b33a1070b0bb2bf5b03029235a9d6a9a294ca26ef69add78794cb5ba69270bc00bf0c373b41dee9af44,gx-no-cache=1553184623043 HTTP/1.1" 200 30
192.168.10.96 - - [21/Mar/2019:11:17:01 -0300] "POST /cormun/servlet/solicitudot?gx-no-cache=1553184624478 HTTP/1.1" 200 34
192.168.10.96 - - [21/Mar/2019:11:17:01 -0300] "POST /cormun/servlet/solicitudot?56919c7e283774e58f99a11e55cd134e,UPD,2019,14857,,gx-no-cache=1553184624495 HTTP/1.1" 200 93
192.168.10.96 - - [21/Mar/2019:11:17:01 -0300] "GET /cormun/servlet/hpexe_return? HTTP/1.1" 200 1007
192.168.10.96 - - [21/Mar/2019:11:17:01 -0300] "GET /cormun/servlet/trsolicitudot HTTP/1.1" 200 9375
192.168.10.96 - - [21/Mar/2019:11:17:01 -0300] "GET /cormun/servlet/trsolicitudot HTTP/1.1" 200 9371
200.112.233.47 - - [21/Mar/2019:11:17:03 -0300] "GET /cormun/servlet/solicitudot?bb07b91832b1c44efbaa38cb77c0d3d5b4d204f2e72b23e46b1353f019d038e00530c838a73f8422a7eb99ccdd3526d1,gx-no-cache=1553177603868 HTTP/1.1" 200 30
200.112.233.47 - - [21/Mar/2019:11:17:03 -0300] "GET /cormun/servlet/solicitudot?bb07b91832b1c44efbaa38cb77c0d3d56fd08c7ac65b76f65cdf6cc0d1f891b9c42585c86c0b8ec35f019d7fa1006b969b264b72f69421926c393acf7eba7464,gx-no-cache=1553177603900 HTTP/1.1" 200 30
200.112.233.47 - - [21/Mar/2019:11:17:03 -0300] "GET /cormun/servlet/solicitudot?bb07b91832b1c44efbaa38cb77c0d3d55b9d4a7a51f10f3f8d1fd2a40a2d5866,gx-no-cache=1553177603922 HTTP/1.1" 200 123
200.112.233.47 - - [21/Mar/2019:11:17:03 -0300] "GET /cormun/static/Shared/jqueryui/images/ui-bg_highlight-soft_100_c6c2c8_1x100.png HTTP/1.1" 404 1117
200.112.233.47 - - [21/Mar/2019:11:17:03 -0300] "GET /cormun/static/Shared/jqueryui/images/ui-bg_flat_55_994d53_40x100.png HTTP/1.1" 404 1097
200.112.233.47 - - [21/Mar/2019:11:17:03 -0300] "GET /cormun/static/Shared/jqueryui/images/ui-icons_ebccce_256x240.png HTTP/1.1" 404 1089
200.112.233.47 - - [21/Mar/2019:11:17:03 -0300] "GET /cormun/static/Shared/jqueryui/images/ui-icons_82798d_256x240.png HTTP/1.1" 404 1089
200.112.233.47 - - [21/Mar/2019:11:17:03 -0300] "POST /cormun/servlet/solicitudot?gx-no-cache=1553177603957 HTTP/1.1" 200 240
200.112.233.47 - - [21/Mar/2019:11:17:03 -0300] "GET /cormun/servlet/solicitudot?bb07b91832b1c44efbaa38cb77c0d3d5516701473ff50491b3a21920a3f75efafc3e9ae90cc787568afe864fdcae45f8b3050caae2c7372f55f9750a59051d8e1fa7653433c838217be7cffd728a53afd3bf6b41d240095ebf94e91be1399b1be5aefd3d3dc016c5c5526440e0889b55317ab3d91da7cddfe709e25a144f731bf6e3468dd0477fe4279b4891aef23bbb71703c14b9dd9089e6693f7f3da27e0c636736012de3000e1fbb6eaf33104752d4d0508f3f0555d3f66c3dd8e90bbde84d902db3e929b6be865be710f7d64c92faf0a52625926cb56b7ce13f043ad9e23a6b19081c23cb205fdb3715eeafc5c188aafd989e4733976527a3e6574cd7e99c7f6978084e01d9237dad786275faf8f1b2ec6d95249faf464e82c4ee0a6be249aeac2d039b5ed0a14109007d983e07f7e7aa6045acda6303a33d31dbda63d61ff3cc74fedfd5f7fbd91274d6511b11d67e8043309822e312b59a8bd56d1f7a5b88ed77cd4e8a7429427a9f2956fd02b312999a4fa657d81995a29ae97a1bf2,gx-no-cache=1553177603993 HTTP/1.1" 200 30
200.112.233.47 - - [21/Mar/2019:11:17:05 -0300] "GET /cormun/servlet/prbanco?,MD,,gxPopupLevel%3D0%3B HTTP/1.1" 200 6733
200.112.233.47 - - [21/Mar/2019:11:17:10 -0300] "GET /cormun/servlet/solicitudot?bb07b91832b1c44efbaa38cb77c0d3d5eb5e2607af8926cf0c9dea066d04601a,gx-no-cache=1553177610825 HTTP/1.1" 200 54
200.112.233.47 - - [21/Mar/2019:11:17:10 -0300] "POST /cormun/servlet/solicitudot?gx-no-cache=1553177610858 HTTP/1.1" 200 240
200.112.233.47 - - [21/Mar/2019:11:17:10 -0300] "GET /cormun/servlet/solicitudot?bb07b91832b1c44efbaa38cb77c0d3d5516701473ff50491b3a21920a3f75efafc3e9ae90cc787568afe864fdcae45f8b3050caae2c7372f55f9750a59051d8e1fa7653433c838217be7cffd728a53afd3bf6b41d240095ebf94e91be1399b1be5aefd3d3dc016c5c5526440e0889b55317ab3d91da7cddfe709e25a144f731bf6e3468dd0477fe4279b4891aef23bbb71703c14b9dd9089e6693f7f3da27e0c636736012de3000e1fbb6eaf33104752d4d0508f3f0555d3f66c3dd8e90bbde84d902db3e929b6be865be710f7d64c92faf0a52625926cb56b7ce13f043ad9e23a6b19081c23cb205fdb3715eeafc5c188aafd989e4733976527a3e6574cd7e99c7f6978084e01d9237dad786275faf8f1b2ec6d95249faf464e82c4ee0a6be249aeac2d039b5ed0a14109007d983e07f7e7aa6045acda6303a33d31dbda63d61ff3cc74fedfd5f7fbd91274d6511b11d67e8043309822e312b59a8bd56d1f7a5b88ed77cd4e8a7429427a9f2956fd02475e5252430cb46a37ebf2f2fa9f6d3e,gx-no-cache=1553177610888 HTTP/1.1" 200 30
192.168.10.96 - - [21/Mar/2019:11:17:14 -0300] "POST /cormun/servlet/trsolicitudot?56919c7e283774e58f99a11e55cd134e,gx-no-cache=1553184637623 HTTP/1.1" 200 5993
192.168.10.96 - - [21/Mar/2019:11:17:14 -0300] "POST /cormun/servlet/trsolicitudot?56919c7e283774e58f99a11e55cd134e,gx-no-cache=1553184637886 HTTP/1.1" 200 5974
200.112.233.47 - - [21/Mar/2019:11:17:14 -0300] "POST /cormun/servlet/solicitudot?gx-no-cache=1553177614969 HTTP/1.1" 200 30
200.112.233.47 - - [21/Mar/2019:11:17:23 -0300] "POST /cormun/servlet/solicitudot?gx-no-cache=1553177623902 HTTP/1.1" 200 1290
200.112.233.47 - - [21/Mar/2019:11:17:23 -0300] "POST /cormun/servlet/solicitudot?gx-no-cache=1553177623966 HTTP/1.1" 200 38
200.112.233.47 - - [21/Mar/2019:11:17:23 -0300] "GET /cormun/servlet/solicitudot?bb07b91832b1c44efbaa38cb77c0d3d50f3564566fa45314ec44cab3a37fa7ca66e63039e6c1d1be03b9ea2f9269f58443f01bf666c82f79114ec1efff7707c142a55d58d25974c5638c58898e48edf7629386f9852edad8c72a91d33f5a169ef154e272e493e5aa440b6e75123edb81,gx-no-cache=1553177623989 HTTP/1.1" 200 110
192.168.10.96 - - [21/Mar/2019:11:17:27 -0300] "GET /cormun/servlet/solicitudot?INS,0,0, HTTP/1.1" 200 15190
192.168.10.96 - - [21/Mar/2019:11:17:27 -0300] "GET /cormun/servlet/solicitudot?INS,0,0, HTTP/1.1" 200 15195
192.168.10.96 - - [21/Mar/2019:11:17:29 -0300] "GET /cormun/servlet/prfichaempleado?,MD,,gxPopupLevel%3D0%3B HTTP/1.1" 200 9446
192.168.10.96 - - [21/Mar/2019:11:17:39 -0300] "POST /cormun/servlet/prfichaempleado?56919c7e283774e58f99a11e55cd134e,,MD,,gxPopupLevel%3D0%3B,gx-no-cache=1553184662638 HTTP/1.1" 200 3425
192.168.10.96 - - [21/Mar/2019:11:17:43 -0300] "POST /cormun/servlet/solicitudot?gx-no-cache=1553184666515 HTTP/1.1" 200 3583
192.168.10.96 - - [21/Mar/2019:11:17:43 -0300] "POST /cormun/servlet/solicitudot?56919c7e283774e58f99a11e55cd134e,INS,0,0,,gx-no-cache=1553184666662 HTTP/1.1" 200 11961
192.168.10.96 - - [21/Mar/2019:11:17:56 -0300] "GET /cormun/servlet/solicitudot?8109afe20d564b33a1070b0bb2bf5b034071ad054004bed20c73f6fd8065dc3082ec8ddc912de3f6ab3daf5ff3b53b71,gx-no-cache=1553184679630 HTTP/1.1" 200 30
192.168.10.96 - - [21/Mar/2019:11:17:56 -0300] "GET /cormun/servlet/solicitudot?8109afe20d564b33a1070b0bb2bf5b03e5f3cac70270abccdb57d4a75ab8c7d4eb686a5e081d3ff36c0ef8638ae96d29fae872a8c7fd86572d03565ab657b704,gx-no-cache=1553184679663 HTTP/1.1" 200 30
192.168.10.96 - - [21/Mar/2019:11:17:56 -0300] "GET /cormun/servlet/solicitudot?8109afe20d564b33a1070b0bb2bf5b03a705b0969bf17c22e0c53ef99ff32200,gx-no-cache=1553184679683 HTTP/1.1" 200 53
192.168.10.96 - - [21/Mar/2019:11:17:56 -0300] "POST /cormun/servlet/solicitudot?gx-no-cache=1553184679704 HTTP/1.1" 200 240
192.168.10.96 - - [21/Mar/2019:11:17:56 -0300] "GET /cormun/servlet/solicitudot?8109afe20d564b33a1070b0bb2bf5b03b2683997a410d49eb1eb01737033d0a3a5d1381853cb34f3618ef4ef7e823627863a61ec89f3360849c291b2f62fd8472433447a5a563bf605925a5a6f15fcc56f0c4d12d0c6f7a3b6cba05d39c403e9424aa2674d346b894a4ae08cdc0be9443e6f5659c27613a7bf15854f2131d5852aea1a0e140a8d0bf6a8495466e8727eb6cb11646290ebd467969d0f155534c4eaa1339e02c45c7f142a25bc3b624a0fb914429a04c7ae232fbdb3a21f1c75eee007f16dc914d55055b51b33e5ebd7c4f92546cb3ea6c55d3f7ac38e65523e00b1fe9baee904ea66b6840fd48293fb11a119313c98ae1eafda3feef04327561b1fd4363a8325045521dd40a0950813750d68840508eeed361b1611d6f36ce13e9f324841969b2edd4fcd0dc4384a6742ebb0a490b7d5f64856f36c46add011c6518799b6786c122567e327ade6e7098b2ce3fed0587e0cb70a64abb01cfa6bed63678b8eff90e841b573ad89ab29043894503670308b2e00e8ee2e8c3a8277ad,gx-no-cache=1553184679732 HTTP/1.1" 200 30
192.168.10.96 - - [21/Mar/2019:11:18:05 -0300] "POST /cormun/servlet/solicitudot?gx-no-cache=1553184688629 HTTP/1.1" 200 30
192.168.10.96 - - [21/Mar/2019:11:18:07 -0300] "GET /cormun/servlet/prsolicitudot?12692787,,,,,MD,,gxPopupLevel%3D0%3B HTTP/1.1" 200 6464
192.168.10.96 - - [21/Mar/2019:11:18:10 -0300] "POST /cormun/servlet/solicitudot?gx-no-cache=1553184693707 HTTP/1.1" 200 1370
192.168.10.96 - - [21/Mar/2019:11:18:10 -0300] "GET /cormun/static/Shared/jqueryui/images/ui-bg_highlight-soft_100_c6c2c8_1x100.png HTTP/1.1" 404 1117
192.168.10.96 - - [21/Mar/2019:11:18:10 -0300] "GET /cormun/static/Shared/jqueryui/images/ui-icons_82798d_256x240.png HTTP/1.1" 404 1089
192.168.10.96 - - [21/Mar/2019:11:18:10 -0300] "GET /cormun/static/Shared/jqueryui/images/ui-icons_ebccce_256x240.png HTTP/1.1" 404 1089
192.168.10.96 - - [21/Mar/2019:11:18:10 -0300] "GET /cormun/static/Shared/jqueryui/images/ui-bg_flat_55_994d53_40x100.png HTTP/1.1" 404 1097
192.168.10.96 - - [21/Mar/2019:11:18:10 -0300] "POST /cormun/servlet/solicitudot?gx-no-cache=1553184693742 HTTP/1.1" 200 117
192.168.10.96 - - [21/Mar/2019:11:18:10 -0300] "GET /cormun/servlet/solicitudot?8109afe20d564b33a1070b0bb2bf5b0321759b6762b166cf1347f723e5b552646ff3632cee0a49bd3dbceb777962c4626783bb4e8e787b203524daeb3647055b823caa287a9013055c95514b44447c43e3735ed6afa926c32e077d5882f69d3776a272d896bb9a2d1cec8a212b09877f,gx-no-cache=1553184693759 HTTP/1.1" 200 110
192.168.10.96 - - [21/Mar/2019:11:18:10 -0300] "POST /cormun/servlet/solicitudot?gx-no-cache=1553184693776 HTTP/1.1" 200 64
192.168.10.96 - - [21/Mar/2019:11:18:10 -0300] "GET /cormun/servlet/solicitudot?8109afe20d564b33a1070b0bb2bf5b03eae7c483b093b858d1aadb5b34b608b858aa35784b913a62a00a8263454c02d876258b91828424111b27e0d26e60175ffb34430cf14f2abe4c55cc5dce3955364167cea6b20d36986d4ab0d1eaf0d861cc9430998288f9a60a918c99e3331db4b6cf2ee3fd409112a8e7ef6b9ea402c2ec9c3bf83304d33d1f7b5893d6e827259ca85b9b09aad580e799eb4e9f360e1f,gx-no-cache=1553184693794 HTTP/1.1" 200 29
192.168.10.96 - - [21/Mar/2019:11:18:10 -0300] "GET /cormun/servlet/solicitudot?8109afe20d564b33a1070b0bb2bf5b03029235a9d6a9a294ca26ef69add78794cb5ba69270bc00bf0c373b41dee9af44,gx-no-cache=1553184693807 HTTP/1.1" 200 30
192.168.10.96 - - [21/Mar/2019:11:18:15 -0300] "GET /cormun/servlet/prfichaempleado?,MD,,gxPopupLevel%3D0%3B HTTP/1.1" 200 9446
192.168.10.96 - - [21/Mar/2019:11:18:22 -0300] "POST /cormun/servlet/prfichaempleado?56919c7e283774e58f99a11e55cd134e,,MD,,gxPopupLevel%3D0%3B,gx-no-cache=1553184706234 HTTP/1.1" 200 3676
192.168.10.96 - - [21/Mar/2019:11:18:26 -0300] "POST /cormun/servlet/solicitudot?gx-no-cache=1553184709541 HTTP/1.1" 200 1288
192.168.10.96 - - [21/Mar/2019:11:18:28 -0300] "GET /cormun/servlet/prlicenciaspermisos?7349358,L,,MD,,gxPopupLevel%3D0%3B HTTP/1.1" 200 5673
192.168.10.96 - - [21/Mar/2019:11:18:34 -0300] "POST /cormun/servlet/solicitudot?gx-no-cache=1553184717707 HTTP/1.1" 200 41
192.168.10.96 - - [21/Mar/2019:11:18:34 -0300] "GET /cormun/servlet/solicitudot?8109afe20d564b33a1070b0bb2bf5b0321759b6762b166cf1347f723e5b552646ff3632cee0a49bd3dbceb777962c4626783bb4e8e787b203524daeb3647055b823caa287a9013055c95514b44447c43e3735ed6afa926c32e077d5882f69d3776a272d896bb9a2d1cec8a212b09877f,gx-no-cache=1553184717734 HTTP/1.1" 200 110
192.168.10.96 - - [21/Mar/2019:11:18:34 -0300] "POST /cormun/servlet/solicitudot?gx-no-cache=1553184717761 HTTP/1.1" 200 97
192.168.10.96 - - [21/Mar/2019:11:18:39 -0300] "POST /cormun/servlet/solicitudot?gx-no-cache=1553184722959 HTTP/1.1" 200 32
192.168.10.96 - - [21/Mar/2019:11:18:43 -0300] "POST /cormun/servlet/solicitudot?56919c7e283774e58f99a11e55cd134e,INS,0,0,,gx-no-cache=1553184726195 HTTP/1.1" 200 93
192.168.10.96 - - [21/Mar/2019:11:18:43 -0300] "GET /cormun/servlet/hpexe_return? HTTP/1.1" 200 1022
192.168.10.96 - - [21/Mar/2019:11:18:43 -0300] "GET /cormun/servlet/trsolicitudot?gx-no-cache=1553184637886 HTTP/1.1" 200 9344
192.168.10.96 - - [21/Mar/2019:11:18:43 -0300] "GET /cormun/servlet/trsolicitudot?gx-no-cache=1553184637886 HTTP/1.1" 200 9362
192.168.10.96 - - [21/Mar/2019:11:18:46 -0300] "POST /cormun/servlet/trsolicitudot?56919c7e283774e58f99a11e55cd134e,gx-no-cache=1553184637886,gx-no-cache=1553184729604 HTTP/1.1" 200 6031
192.168.10.96 - - [21/Mar/2019:11:18:46 -0300] "GET /cormun/static/Shared/jqueryui/images/ui-icons_82798d_256x240.png HTTP/1.1" 404 1089
192.168.10.96 - - [21/Mar/2019:11:18:46 -0300] "GET /cormun/static/Shared/jqueryui/images/ui-bg_highlight-soft_100_c6c2c8_1x100.png HTTP/1.1" 404 1117
192.168.10.96 - - [21/Mar/2019:11:18:46 -0300] "GET /cormun/static/Shared/jqueryui/images/ui-icons_8d78a5_256x240.png HTTP/1.1" 404 1089
192.168.10.96 - - [21/Mar/2019:11:18:46 -0300] "GET /cormun/static/Shared/jqueryui/images/ui-bg_flat_55_fafafa_40x100.png HTTP/1.1" 404 1097
192.168.10.96 - - [21/Mar/2019:11:18:46 -0300] "POST /cormun/servlet/trsolicitudot?56919c7e283774e58f99a11e55cd134e,gx-no-cache=1553184637886,gx-no-cache=1553184729804 HTTP/1.1" 200 5974
192.168.10.96 - - [21/Mar/2019:11:18:47 -0300] "POST /cormun/servlet/trsolicitudot?56919c7e283774e58f99a11e55cd134e,gx-no-cache=1553184637886,gx-no-cache=1553184730744 HTTP/1.1" 200 4786
192.168.10.96 - - [21/Mar/2019:11:18:47 -0300] "POST /cormun/servlet/trsolicitudot?56919c7e283774e58f99a11e55cd134e,gx-no-cache=1553184637886,gx-no-cache=1553184730967 HTTP/1.1" 200 4530
192.168.10.96 - - [21/Mar/2019:11:18:49 -0300] "GET /cormun/servlet/trautorizarsolicitud? HTTP/1.1" 200 9258
192.168.10.96 - - [21/Mar/2019:11:18:50 -0300] "GET /cormun/servlet/trautorizarsolicitud? HTTP/1.1" 200 9235
192.168.10.96 - - [21/Mar/2019:11:18:51 -0300] "POST /cormun/servlet/trautorizarsolicitud?56919c7e283774e58f99a11e55cd134e,,gx-no-cache=1553184735299 HTTP/1.1" 200 5965
192.168.10.96 - - [21/Mar/2019:11:18:52 -0300] "GET /cormun/static/Shared/jqueryui/images/ui-bg_highlight-soft_100_c6c2c8_1x100.png HTTP/1.1" 404 1117
192.168.10.96 - - [21/Mar/2019:11:18:52 -0300] "GET /cormun/static/Shared/jqueryui/images/ui-icons_8d78a5_256x240.png HTTP/1.1" 404 1089
192.168.10.96 - - [21/Mar/2019:11:18:52 -0300] "GET /cormun/static/Shared/jqueryui/images/ui-bg_flat_55_fafafa_40x100.png HTTP/1.1" 404 1097
192.168.10.96 - - [21/Mar/2019:11:18:52 -0300] "GET /cormun/static/Shared/jqueryui/images/ui-icons_82798d_256x240.png HTTP/1.1" 404 1089
192.168.10.96 - - [21/Mar/2019:11:18:52 -0300] "POST /cormun/servlet/trautorizarsolicitud?56919c7e283774e58f99a11e55cd134e,,gx-no-cache=1553184735491 HTTP/1.1" 200 5909
192.168.10.96 - - [21/Mar/2019:11:18:52 -0300] "POST /cormun/servlet/trautorizarsolicitud?56919c7e283774e58f99a11e55cd134e,,gx-no-cache=1553184735984 HTTP/1.1" 200 4730
192.168.10.96 - - [21/Mar/2019:11:18:52 -0300] "POST /cormun/servlet/trautorizarsolicitud?56919c7e283774e58f99a11e55cd134e,,gx-no-cache=1553184736157 HTTP/1.1" 200 4472
192.168.10.96 - - [21/Mar/2019:11:18:59 -0300] "GET /cormun/servlet/hlogin HTTP/1.1" 200 1737
192.168.10.96 - - [21/Mar/2019:11:19:14 -0300] "POST /cormun/servlet/hlogin?56919c7e283774e58f99a11e55cd134e,gx-no-cache=1553184757768 HTTP/1.1" 200 90
192.168.10.96 - - [21/Mar/2019:11:19:14 -0300] "GET /cormun/servlet/hpexe_link HTTP/1.1" 200 944
192.168.10.96 - - [21/Mar/2019:11:19:14 -0300] "GET /cormun/servlet/hhome HTTP/1.1" 200 3819
192.168.10.96 - - [21/Mar/2019:11:19:14 -0300] "GET /cormun/servlet/hhome HTTP/1.1" 200 3815
192.168.10.96 - - [21/Mar/2019:11:19:16 -0300] "GET /cormun/servlet/trsolicitudgral? HTTP/1.1" 200 13116
192.168.10.96 - - [21/Mar/2019:11:19:17 -0300] "GET /cormun/servlet/trsolicitudgral? HTTP/1.1" 200 13113
192.168.10.96 - - [21/Mar/2019:11:19:25 -0300] "POST /cormun/servlet/trsolicitudgral?56919c7e283774e58f99a11e55cd134e,,gx-no-cache=1553184768489 HTTP/1.1" 200 9255
192.168.10.96 - - [21/Mar/2019:11:19:25 -0300] "GET /cormun/static/Shared/jqueryui/images/ui-bg_highlight-soft_100_c6c2c8_1x100.png HTTP/1.1" 404 1117
192.168.10.96 - - [21/Mar/2019:11:19:25 -0300] "GET /cormun/static/Shared/jqueryui/images/ui-icons_82798d_256x240.png HTTP/1.1" 404 1089
192.168.10.96 - - [21/Mar/2019:11:19:25 -0300] "GET /cormun/static/Shared/jqueryui/images/ui-icons_8d78a5_256x240.png HTTP/1.1" 404 1089
192.168.10.96 - - [21/Mar/2019:11:19:25 -0300] "GET /cormun/static/Shared/jqueryui/images/ui-bg_flat_55_fafafa_40x100.png HTTP/1.1" 404 1097
186.103.159.46 - - [21/Mar/2019:11:20:42 -0300] "HEAD /cormun/servlet/solicitudotcontratos?INS,2019,0,13944224,5,6,2019,3847,NADA,,28,M, HTTP/1.1" 200 -
186.103.159.46 - - [21/Mar/2019:11:20:43 -0300] "GET /cormun/servlet/solicitudotcontratos?INS,2019,0,13944224,5,6,2019,3847,NADA,,28,M, HTTP/1.1" 200 8784
192.168.10.96 - - [21/Mar/2019:11:22:42 -0300] "POST /cormun/servlet/trsolicitudgral?56919c7e283774e58f99a11e55cd134e,,gx-no-cache=1553184966078 HTTP/1.1" 200 7482
190.171.142.26 - - [21/Mar/2019:11:23:02 -0300] "GET /cormun/servlet/hlogin HTTP/1.1" 200 1728
190.171.142.26 - - [21/Mar/2019:11:23:03 -0300] "GET /cormun/servlet/hlogin HTTP/1.1" 200 1735
190.171.142.26 - - [21/Mar/2019:11:23:12 -0300] "POST /cormun/servlet/hlogin?08ddbf33c2c7d3e9cee6b4e6e3a9794a,gx-no-cache=1553177972728 HTTP/1.1" 200 90
190.171.142.26 - - [21/Mar/2019:11:23:12 -0300] "GET /cormun/servlet/hpexe_link HTTP/1.1" 200 953
190.171.142.26 - - [21/Mar/2019:11:23:13 -0300] "GET /cormun/servlet/hhome HTTP/1.1" 200 4236
190.171.142.26 - - [21/Mar/2019:11:23:13 -0300] "GET /cormun/static/scaMessage/scaMessageRender.js HTTP/1.1" 304 -
190.171.142.26 - - [21/Mar/2019:11:23:13 -0300] "GET /cormun/servlet/hhome HTTP/1.1" 200 4232
190.171.142.26 - - [21/Mar/2019:11:23:17 -0300] "GET /cormun/servlet/trautorizarsolicitud? HTTP/1.1" 200 9521
190.171.142.26 - - [21/Mar/2019:11:23:18 -0300] "GET /cormun/servlet/trautorizarsolicitud? HTTP/1.1" 200 9519
190.171.142.26 - - [21/Mar/2019:11:23:27 -0300] "POST /cormun/servlet/trautorizarsolicitud?08ddbf33c2c7d3e9cee6b4e6e3a9794a,,gx-no-cache=1553177987370 HTTP/1.1" 200 6274
190.171.142.26 - - [21/Mar/2019:11:23:27 -0300] "GET /cormun/static/Shared/jqueryui/images/ui-bg_highlight-soft_100_c6c2c8_1x100.png HTTP/1.1" 404 1117
190.171.142.26 - - [21/Mar/2019:11:23:27 -0300] "GET /cormun/static/Shared/jqueryui/images/ui-icons_82798d_256x240.png HTTP/1.1" 404 1089
190.171.142.26 - - [21/Mar/2019:11:23:27 -0300] "GET /cormun/static/Shared/jqueryui/images/ui-bg_flat_55_fafafa_40x100.png HTTP/1.1" 404 1097
190.171.142.26 - - [21/Mar/2019:11:23:27 -0300] "GET /cormun/static/Shared/jqueryui/images/ui-icons_8d78a5_256x240.png HTTP/1.1" 404 1089
