190.171.152.114 - - [19/Mar/2019:10:52:52 -0300] "POST /cormun/servlet/solicitudotadjuntos?1489b134a99e375eb12ac0a88c6e007e,INS,2019,14773,,1, HTTP/1.1" 200 116
190.171.152.114 - - [19/Mar/2019:10:52:52 -0300] "GET /cormun/servlet/hpexe_return? HTTP/1.1" 200 1025
190.171.152.114 - - [19/Mar/2019:10:52:52 -0300] "GET /cormun/servlet/trsolicitudadjuntos?2019,14773, HTTP/1.1" 200 9221
190.171.152.114 - - [19/Mar/2019:10:52:55 -0300] "GET /cormun/servlet/solicitudotadjuntos?INS,2019,14773,,1, HTTP/1.1" 200 6316
190.171.152.114 - - [19/Mar/2019:10:52:55 -0300] "HEAD /cormun/static/about:blank HTTP/1.1" 404 -
190.171.152.114 - - [19/Mar/2019:10:52:56 -0300] "GET /cormun/servlet/solicitudotadjuntos?d68432e868db7c04c9700dee4982e178005df4bcb85ce05ecfb10e040b3251f3b782d3fa23f5bbdf9a1b2263f836183b,gx-no-cache=1553003358204 HTTP/1.1" 200 30
190.171.152.114 - - [19/Mar/2019:10:52:57 -0300] "POST /cormun/servlet/solicitudotadjuntos?1489b134a99e375eb12ac0a88c6e007e,INS,2019,14773,,1,,gx-no-cache=1553003358297 HTTP/1.1" 200 4099
190.171.152.114 - - [19/Mar/2019:10:53:01 -0300] "POST /cormun/servlet/solicitudotadjuntos?gx-no-cache=1553003362219 HTTP/1.1" 200 26
190.171.152.114 - - [19/Mar/2019:10:53:06 -0300] "GET /cormun/servlet/solicitudotadjuntos?d68432e868db7c04c9700dee4982e1784bf86accf1eeab8192291a4556901697,gx-no-cache=1553003367789 HTTP/1.1" 200 30
190.171.152.114 - - [19/Mar/2019:10:53:06 -0300] "GET /cormun/servlet/solicitudotadjuntos?d68432e868db7c04c9700dee4982e1784bf86accf1eeab8192291a4556901697,gx-no-cache=1553003367809 HTTP/1.1" 200 30
190.171.152.114 - - [19/Mar/2019:10:53:06 -0300] "POST /cormun/servlet/solicitudotadjuntos?1489b134a99e375eb12ac0a88c6e007e,INS,2019,14773,,1, HTTP/1.1" 200 116
190.171.152.114 - - [19/Mar/2019:10:53:06 -0300] "GET /cormun/servlet/hpexe_return? HTTP/1.1" 200 1025
190.171.152.114 - - [19/Mar/2019:10:53:07 -0300] "GET /cormun/servlet/trsolicitudadjuntos?2019,14773, HTTP/1.1" 200 9396
186.103.156.166 - - [19/Mar/2019:10:53:22 -0300] "GET /cormun/servlet/prfichaempleado?,MD,,gxPopupLevel%3D0%3B HTTP/1.1" 200 9377
186.103.156.166 - - [19/Mar/2019:10:53:35 -0300] "POST /cormun/servlet/prfichaempleado?d2df8c73e837987cd2b356d82fabb5b3,,MD,,gxPopupLevel%3D0%3B,gx-no-cache=1553003395169 HTTP/1.1" 200 3470
186.103.156.166 - - [19/Mar/2019:10:53:42 -0300] "POST /cormun/servlet/solicitudot?gx-no-cache=1553003402017 HTTP/1.1" 200 3570
186.103.156.166 - - [19/Mar/2019:10:53:42 -0300] "POST /cormun/servlet/solicitudot?d2df8c73e837987cd2b356d82fabb5b3,INS,0,0,,gx-no-cache=1553003402298 HTTP/1.1" 200 11948
186.103.156.166 - - [19/Mar/2019:10:53:44 -0300] "GET /cormun/servlet/solicitudot?b03c64365a567f7d536227536d53abc3080c7a9682aa7b2cfbe30532a1143b232d4ef45a2d38d7d146f11d9f7c4f0793,gx-no-cache=1553003404219 HTTP/1.1" 200 30
186.103.156.166 - - [19/Mar/2019:10:53:44 -0300] "GET /cormun/servlet/solicitudot?b03c64365a567f7d536227536d53abc394bdee98bbe59987c924a217db98971bc8901ad132cb133430b14be559ca04e82d4ef45a2d38d7d146f11d9f7c4f0793,gx-no-cache=1553003404498 HTTP/1.1" 200 30
186.103.156.166 - - [19/Mar/2019:10:53:44 -0300] "GET /cormun/servlet/solicitudot?b03c64365a567f7d536227536d53abc3341c7cc92e3bdbe576946dd5924f204d,gx-no-cache=1553003404528 HTTP/1.1" 200 51
186.103.156.166 - - [19/Mar/2019:10:53:44 -0300] "POST /cormun/servlet/solicitudot?gx-no-cache=1553003404563 HTTP/1.1" 200 255
186.103.156.166 - - [19/Mar/2019:10:53:44 -0300] "GET /cormun/servlet/solicitudot?b03c64365a567f7d536227536d53abc335987425ad55cb9ff763a1555d0a48604204977127ace086ce74abd8ed032bb736554f729973bea7ed6ebe4c1e4b66015beb6f0d6f145125d7f8656fca954cddd32bea5797a1cd81aab6de1260fdfe3d1b43696ba98f0d67374ffdf69a29213e19f4ea23e5dbe2865b3d3a402dc2aff385c7fc6e305ea4dabf7860182ae0ca59a02f89cc6c4364a650367f4f44f461a67679e955c36a106ad02a9957d131572d2676d01ce34acd59591a00e05df3f7da1bfeb291ad186697e59e5b4b73f17796200673865334114440eb646a9ce06a161dd4f4f26c13c090d19aedbe13849375b65401115928a21c86ffc5586d4747504a69f460830ed2dda1d7d5250d632a7570f1fcac115167965026e378cf64fe0da1acb0dce7af55ee085acbe3628ef39d8c8f0181c9d8ead66f4ccbd7745c1246abe37e93a9974e3cb326e422b592061b208f69c19f90df58d6816d44da4210f2f7cf9ff1e26fe6e1cf20e440049e5cc15fb9a5accaffd8179faf1e68eb4e5c43,gx-no-cache=1553003404611 HTTP/1.1" 200 30
186.103.156.166 - - [19/Mar/2019:10:53:47 -0300] "POST /cormun/servlet/solicitudot?gx-no-cache=1553003407762 HTTP/1.1" 200 30
186.103.156.166 - - [19/Mar/2019:10:53:51 -0300] "POST /cormun/servlet/solicitudot?gx-no-cache=1553003410796 HTTP/1.1" 200 1289
186.103.156.166 - - [19/Mar/2019:10:53:51 -0300] "POST /cormun/servlet/solicitudot?gx-no-cache=1553003411539 HTTP/1.1" 200 38
186.103.156.166 - - [19/Mar/2019:10:54:13 -0300] "GET /cormun/servlet/solicitudot?b03c64365a567f7d536227536d53abc39deacf0dad9fd2e6797e58e6b2ccfd147ff0b27b8fc792351f236b946f6e40ba3a8a648981e057c20f5062d7d66603cd708a2c54de3b023cce23cfe9cc3a7036417c41644abf3546ac9e45ba140ff891f80fd0c3f8fa45eca67063f3b098219b,gx-no-cache=1553003433811 HTTP/1.1" 200 110
186.103.156.166 - - [19/Mar/2019:10:54:13 -0300] "POST /cormun/servlet/solicitudot?gx-no-cache=1553003433864 HTTP/1.1" 200 110
186.103.156.166 - - [19/Mar/2019:10:54:17 -0300] "GET /cormun/servlet/solicitudot?b03c64365a567f7d536227536d53abc38287a34b544efc9d7a44fa7970c83fecebe84553201b8b590d7dd633f956d3612729a6e9dda4e8950d005525cfbf633e621a53558697ba0c8eefb3a3cc4192dac136391ed062faa328a9349463788402c2634ea89cf523233d6e6ac2566527fdfd7ae3f6a35c6fc35ad29de0b3be670946d15b93f338117b53678f8b9c337b2ecad22ca647127f130cffe67483cdb346,gx-no-cache=1553003437339 HTTP/1.1" 200 29
190.171.152.114 - - [19/Mar/2019:10:54:19 -0300] "GET /cormun/servlet/solicitudotadjuntos?INS,2019,14773,,1, HTTP/1.1" 200 6316
186.103.156.166 - - [19/Mar/2019:10:54:19 -0300] "GET /cormun/static/menuarrow.gif HTTP/1.1" 404 1015
190.171.152.114 - - [19/Mar/2019:10:54:19 -0300] "HEAD /cormun/static/about:blank HTTP/1.1" 404 -
190.171.152.114 - - [19/Mar/2019:10:54:20 -0300] "GET /cormun/servlet/solicitudotadjuntos?d68432e868db7c04c9700dee4982e178005df4bcb85ce05ecfb10e040b3251f3b782d3fa23f5bbdf9a1b2263f836183b,gx-no-cache=1553003441717 HTTP/1.1" 200 30
190.171.152.114 - - [19/Mar/2019:10:54:20 -0300] "POST /cormun/servlet/solicitudotadjuntos?1489b134a99e375eb12ac0a88c6e007e,INS,2019,14773,,1,,gx-no-cache=1553003441831 HTTP/1.1" 200 4099
186.103.156.166 - - [19/Mar/2019:10:54:21 -0300] "GET /cormun/servlet/solicitudot?b03c64365a567f7d536227536d53abc31b3ddc7650cf25247783fdbf53c08b355de55b867bca73a0ce51be196ffe0b1b,gx-no-cache=1553003441679 HTTP/1.1" 200 30
190.171.152.114 - - [19/Mar/2019:10:54:23 -0300] "POST /cormun/servlet/solicitudotadjuntos?gx-no-cache=1553003445274 HTTP/1.1" 200 26
186.103.156.166 - - [19/Mar/2019:10:54:30 -0300] "POST /cormun/servlet/solicitudot?gx-no-cache=1553003450130 HTTP/1.1" 200 30
190.171.152.114 - - [19/Mar/2019:10:54:34 -0300] "GET /cormun/servlet/solicitudotadjuntos?d68432e868db7c04c9700dee4982e1784bf86accf1eeab8192291a4556901697,gx-no-cache=1553003455764 HTTP/1.1" 200 30
190.171.152.114 - - [19/Mar/2019:10:54:34 -0300] "GET /cormun/servlet/solicitudotadjuntos?d68432e868db7c04c9700dee4982e1784bf86accf1eeab8192291a4556901697,gx-no-cache=1553003455803 HTTP/1.1" 200 30
190.171.152.114 - - [19/Mar/2019:10:54:35 -0300] "POST /cormun/servlet/solicitudotadjuntos?1489b134a99e375eb12ac0a88c6e007e,INS,2019,14773,,1, HTTP/1.1" 200 116
190.171.152.114 - - [19/Mar/2019:10:54:35 -0300] "GET /cormun/servlet/hpexe_return? HTTP/1.1" 200 1025
190.171.152.114 - - [19/Mar/2019:10:54:35 -0300] "GET /cormun/servlet/trsolicitudadjuntos?2019,14773, HTTP/1.1" 200 9631
190.171.152.114 - - [19/Mar/2019:10:54:40 -0300] "GET /cormun/servlet/solicitudotadjuntos?INS,2019,14773,,1, HTTP/1.1" 200 6315
190.171.152.114 - - [19/Mar/2019:10:54:41 -0300] "HEAD /cormun/static/about:blank HTTP/1.1" 404 -
190.171.152.114 - - [19/Mar/2019:10:54:42 -0300] "GET /cormun/servlet/solicitudotadjuntos?d68432e868db7c04c9700dee4982e178005df4bcb85ce05ecfb10e040b3251f3b782d3fa23f5bbdf9a1b2263f836183b,gx-no-cache=1553003463513 HTTP/1.1" 200 30
190.171.152.114 - - [19/Mar/2019:10:54:42 -0300] "POST /cormun/servlet/solicitudotadjuntos?1489b134a99e375eb12ac0a88c6e007e,INS,2019,14773,,1,,gx-no-cache=1553003463641 HTTP/1.1" 200 4099
190.171.152.114 - - [19/Mar/2019:10:54:45 -0300] "POST /cormun/servlet/solicitudotadjuntos?gx-no-cache=1553003466482 HTTP/1.1" 200 26
190.171.143.90 - - [19/Mar/2019:10:54:49 -0300] "GET /cormun/servlet/alicenciaprn?16881106,L,20190318000000,PU HTTP/1.1" 200 1524
186.103.156.166 - - [19/Mar/2019:10:54:50 -0300] "POST /cormun/servlet/solicitudot?d2df8c73e837987cd2b356d82fabb5b3,INS,0,0,,gx-no-cache=1553003470272 HTTP/1.1" 200 93
186.103.156.166 - - [19/Mar/2019:10:54:50 -0300] "GET /cormun/servlet/hpexe_return? HTTP/1.1" 200 1001
186.103.156.166 - - [19/Mar/2019:10:54:50 -0300] "GET /cormun/servlet/trsolicitudot HTTP/1.1" 200 9314
186.103.156.166 - - [19/Mar/2019:10:54:51 -0300] "GET /cormun/servlet/trsolicitudot HTTP/1.1" 200 9310
186.103.156.166 - - [19/Mar/2019:10:54:55 -0300] "POST /cormun/servlet/trsolicitudot?d2df8c73e837987cd2b356d82fabb5b3,gx-no-cache=1553003475014 HTTP/1.1" 200 5899
186.103.156.166 - - [19/Mar/2019:10:54:55 -0300] "GET /cormun/static/Shared/jqueryui/images/ui-bg_highlight-soft_100_c6c2c8_1x100.png HTTP/1.1" 404 1117
186.103.156.166 - - [19/Mar/2019:10:54:55 -0300] "GET /cormun/static/Shared/jqueryui/images/ui-icons_82798d_256x240.png HTTP/1.1" 404 1089
186.103.156.166 - - [19/Mar/2019:10:54:55 -0300] "GET /cormun/static/Shared/jqueryui/images/ui-bg_flat_55_fafafa_40x100.png HTTP/1.1" 404 1097
186.103.156.166 - - [19/Mar/2019:10:54:55 -0300] "GET /cormun/static/Shared/jqueryui/images/ui-icons_8d78a5_256x240.png HTTP/1.1" 404 1089
186.103.156.166 - - [19/Mar/2019:10:54:55 -0300] "POST /cormun/servlet/trsolicitudot?d2df8c73e837987cd2b356d82fabb5b3,gx-no-cache=1553003475338 HTTP/1.1" 200 5840
186.103.156.166 - - [19/Mar/2019:10:54:56 -0300] "POST /cormun/servlet/trsolicitudot?d2df8c73e837987cd2b356d82fabb5b3,gx-no-cache=1553003476666 HTTP/1.1" 200 4728
186.103.156.166 - - [19/Mar/2019:10:54:56 -0300] "POST /cormun/servlet/trsolicitudot?d2df8c73e837987cd2b356d82fabb5b3,gx-no-cache=1553003476907 HTTP/1.1" 200 4519
186.103.156.166 - - [19/Mar/2019:10:54:59 -0300] "GET /cormun/servlet/trautorizarsolicitud? HTTP/1.1" 200 9206
186.103.156.166 - - [19/Mar/2019:10:54:59 -0300] "GET /cormun/static/gxcfg.js?2017111423403364 HTTP/1.1" 200 953
186.103.156.166 - - [19/Mar/2019:10:54:59 -0300] "GET /cormun/static/trautorizarsolicitud.js?201711142340425 HTTP/1.1" 200 53910
186.103.156.166 - - [19/Mar/2019:10:54:59 -0300] "GET /cormun/servlet/trautorizarsolicitud? HTTP/1.1" 200 9205
186.103.156.166 - - [19/Mar/2019:10:55:02 -0300] "POST /cormun/servlet/trautorizarsolicitud?d2df8c73e837987cd2b356d82fabb5b3,,gx-no-cache=1553003482339 HTTP/1.1" 200 5824
186.103.156.166 - - [19/Mar/2019:10:55:02 -0300] "GET /cormun/static/Shared/jqueryui/images/ui-icons_82798d_256x240.png HTTP/1.1" 404 1089
186.103.156.166 - - [19/Mar/2019:10:55:02 -0300] "GET /cormun/static/Shared/jqueryui/images/ui-bg_highlight-soft_100_c6c2c8_1x100.png HTTP/1.1" 404 1117
186.103.156.166 - - [19/Mar/2019:10:55:02 -0300] "GET /cormun/static/Shared/jqueryui/images/ui-bg_flat_55_fafafa_40x100.png HTTP/1.1" 404 1097
186.103.156.166 - - [19/Mar/2019:10:55:02 -0300] "GET /cormun/static/Shared/jqueryui/images/ui-icons_8d78a5_256x240.png HTTP/1.1" 404 1089
186.103.156.166 - - [19/Mar/2019:10:55:02 -0300] "POST /cormun/servlet/trautorizarsolicitud?d2df8c73e837987cd2b356d82fabb5b3,,gx-no-cache=1553003482750 HTTP/1.1" 200 5768
186.103.156.166 - - [19/Mar/2019:10:55:04 -0300] "POST /cormun/servlet/trautorizarsolicitud?d2df8c73e837987cd2b356d82fabb5b3,,gx-no-cache=1553003483723 HTTP/1.1" 200 4662
186.103.156.166 - - [19/Mar/2019:10:55:06 -0300] "POST /cormun/servlet/trautorizarsolicitud?d2df8c73e837987cd2b356d82fabb5b3,,gx-no-cache=1553003484449 HTTP/1.1" 200 4450
190.171.152.114 - - [19/Mar/2019:10:55:46 -0300] "GET /cormun/servlet/solicitudotadjuntos?d68432e868db7c04c9700dee4982e1784bf86accf1eeab8192291a4556901697,gx-no-cache=1553003527925 HTTP/1.1" 200 30
190.171.152.114 - - [19/Mar/2019:10:55:46 -0300] "GET /cormun/servlet/solicitudotadjuntos?d68432e868db7c04c9700dee4982e1784bf86accf1eeab8192291a4556901697,gx-no-cache=1553003527956 HTTP/1.1" 200 30
190.171.152.114 - - [19/Mar/2019:10:55:50 -0300] "POST /cormun/servlet/solicitudotadjuntos?1489b134a99e375eb12ac0a88c6e007e,INS,2019,14773,,1, HTTP/1.1" 200 116
190.171.152.114 - - [19/Mar/2019:10:55:50 -0300] "GET /cormun/servlet/hpexe_return? HTTP/1.1" 200 1025
190.171.152.114 - - [19/Mar/2019:10:55:51 -0300] "GET /cormun/servlet/trsolicitudadjuntos?2019,14773, HTTP/1.1" 200 9890
190.171.152.114 - - [19/Mar/2019:10:55:54 -0300] "GET /cormun/servlet/solicitudotadjuntos?INS,2019,14773,,1, HTTP/1.1" 200 6316
190.171.152.114 - - [19/Mar/2019:10:55:55 -0300] "HEAD /cormun/static/about:blank HTTP/1.1" 404 -
190.171.152.114 - - [19/Mar/2019:10:55:56 -0300] "GET /cormun/servlet/solicitudotadjuntos?d68432e868db7c04c9700dee4982e178005df4bcb85ce05ecfb10e040b3251f3b782d3fa23f5bbdf9a1b2263f836183b,gx-no-cache=1553003537463 HTTP/1.1" 200 30
190.171.152.114 - - [19/Mar/2019:10:55:56 -0300] "POST /cormun/servlet/solicitudotadjuntos?1489b134a99e375eb12ac0a88c6e007e,INS,2019,14773,,1,,gx-no-cache=1553003537504 HTTP/1.1" 200 4098
190.171.152.114 - - [19/Mar/2019:10:55:58 -0300] "POST /cormun/servlet/solicitudotadjuntos?gx-no-cache=1553003540249 HTTP/1.1" 200 26
190.171.152.114 - - [19/Mar/2019:10:56:04 -0300] "GET /cormun/servlet/solicitudotadjuntos?d68432e868db7c04c9700dee4982e1784bf86accf1eeab8192291a4556901697,gx-no-cache=1553003545548 HTTP/1.1" 200 30
190.171.152.114 - - [19/Mar/2019:10:56:04 -0300] "GET /cormun/servlet/solicitudotadjuntos?d68432e868db7c04c9700dee4982e1784bf86accf1eeab8192291a4556901697,gx-no-cache=1553003545567 HTTP/1.1" 200 30
190.171.152.114 - - [19/Mar/2019:10:56:05 -0300] "POST /cormun/servlet/solicitudotadjuntos?1489b134a99e375eb12ac0a88c6e007e,INS,2019,14773,,1, HTTP/1.1" 200 116
190.171.152.114 - - [19/Mar/2019:10:56:05 -0300] "GET /cormun/servlet/hpexe_return? HTTP/1.1" 200 1025
190.171.152.114 - - [19/Mar/2019:10:56:06 -0300] "GET /cormun/servlet/trsolicitudadjuntos?2019,14773, HTTP/1.1" 200 10118
186.67.172.234 - - [19/Mar/2019:10:56:10 -0300] "GET /cormun/servlet/trlicencias HTTP/1.1" 200 6120
186.67.172.234 - - [19/Mar/2019:10:56:11 -0300] "GET /cormun/static/messages.spa.js?85251 HTTP/1.1" 304 -
186.67.172.234 - - [19/Mar/2019:10:56:12 -0300] "GET /cormun/static/hmpwkw03.js?20189613443875 HTTP/1.1" 304 -
186.67.172.234 - - [19/Mar/2019:10:56:12 -0300] "GET /cormun/servlet/trlicencias HTTP/1.1" 200 6130
186.67.172.234 - - [19/Mar/2019:10:56:12 -0300] "GET /cormun/servlet/hlogin HTTP/1.1" 200 1736
186.67.172.234 - - [19/Mar/2019:10:56:20 -0300] "POST /cormun/servlet/hlogin?223f07baeca672b21f112ad9f75168a8,gx-no-cache=1553003520720 HTTP/1.1" 200 90
186.67.172.234 - - [19/Mar/2019:10:56:20 -0300] "GET /cormun/servlet/hpexe_link HTTP/1.1" 200 954
186.67.172.234 - - [19/Mar/2019:10:56:20 -0300] "GET /cormun/servlet/trlicencias HTTP/1.1" 200 9849
186.67.172.234 - - [19/Mar/2019:10:56:21 -0300] "GET /cormun/servlet/trlicencias HTTP/1.1" 200 9847
190.171.152.114 - - [19/Mar/2019:10:56:26 -0300] "GET /cormun/servlet/solicitudotadjuntos?INS,2019,14773,,2, HTTP/1.1" 200 6313
190.171.152.114 - - [19/Mar/2019:10:56:27 -0300] "HEAD /cormun/static/about:blank HTTP/1.1" 404 -
190.171.152.114 - - [19/Mar/2019:10:56:27 -0300] "GET /cormun/servlet/solicitudotadjuntos?d68432e868db7c04c9700dee4982e178005df4bcb85ce05ecfb10e040b3251f3b782d3fa23f5bbdf9a1b2263f836183b,gx-no-cache=1553003569339 HTTP/1.1" 200 30
190.171.152.114 - - [19/Mar/2019:10:56:28 -0300] "POST /cormun/servlet/solicitudotadjuntos?1489b134a99e375eb12ac0a88c6e007e,INS,2019,14773,,2,,gx-no-cache=1553003569382 HTTP/1.1" 200 4235
190.171.152.114 - - [19/Mar/2019:10:56:30 -0300] "POST /cormun/servlet/solicitudotadjuntos?gx-no-cache=1553003572186 HTTP/1.1" 200 26
186.103.156.166 - - [19/Mar/2019:10:56:31 -0300] "GET /cormun/servlet/hlogin HTTP/1.1" 200 1739
190.171.152.114 - - [19/Mar/2019:10:56:39 -0300] "GET /cormun/servlet/solicitudotadjuntos?d68432e868db7c04c9700dee4982e1784bf86accf1eeab8192291a4556901697,gx-no-cache=1553003580691 HTTP/1.1" 200 30
190.171.152.114 - - [19/Mar/2019:10:56:39 -0300] "GET /cormun/servlet/solicitudotadjuntos?d68432e868db7c04c9700dee4982e1784bf86accf1eeab8192291a4556901697,gx-no-cache=1553003580762 HTTP/1.1" 200 30
190.171.152.114 - - [19/Mar/2019:10:56:39 -0300] "POST /cormun/servlet/solicitudotadjuntos?1489b134a99e375eb12ac0a88c6e007e,INS,2019,14773,,2, HTTP/1.1" 200 116
190.171.152.114 - - [19/Mar/2019:10:56:39 -0300] "GET /cormun/servlet/hpexe_return? HTTP/1.1" 200 1025
186.67.172.234 - - [19/Mar/2019:10:56:40 -0300] "GET /cormun/servlet/trsolicitudot? HTTP/1.1" 200 7558
186.67.172.234 - - [19/Mar/2019:10:56:40 -0300] "GET /cormun/static/gxcfg.js?2017111422585916 HTTP/1.1" 200 953
190.171.152.114 - - [19/Mar/2019:10:56:41 -0300] "GET /cormun/servlet/trsolicitudadjuntos?2019,14773, HTTP/1.1" 200 10258
186.67.172.234 - - [19/Mar/2019:10:56:41 -0300] "GET /cormun/static/trsolicitudot.js?201711142259839 HTTP/1.1" 200 54041
190.171.143.90 - - [19/Mar/2019:10:56:41 -0300] "GET /cormun/servlet/trlicencias HTTP/1.1" 200 6140
186.67.172.234 - - [19/Mar/2019:10:56:41 -0300] "GET /cormun/servlet/trsolicitudot? HTTP/1.1" 200 7558
190.171.143.90 - - [19/Mar/2019:10:56:41 -0300] "GET /cormun/static/messages.spa.js?85251 HTTP/1.1" 304 -
190.171.143.90 - - [19/Mar/2019:10:56:41 -0300] "GET /cormun/static/hmpwkw03.js?20189613443875 HTTP/1.1" 304 -
190.171.143.90 - - [19/Mar/2019:10:56:41 -0300] "GET /cormun/static/Resources/indicator.gif HTTP/1.1" 200 1553
190.171.143.90 - - [19/Mar/2019:10:56:42 -0300] "GET /cormun/servlet/hlogin HTTP/1.1" 200 1742
190.171.143.90 - - [19/Mar/2019:10:56:42 -0300] "GET /cormun/servlet/trlicencias HTTP/1.1" 200 6138
190.171.143.90 - - [19/Mar/2019:10:56:42 -0300] "GET /cormun/static/gxcfg.js?20177612122725 HTTP/1.1" 200 953
190.171.143.90 - - [19/Mar/2019:10:56:42 -0300] "GET /cormun/static/hlogin.js?20177612122738 HTTP/1.1" 200 2136
190.171.143.90 - - [19/Mar/2019:10:56:42 -0300] "GET /cormun/static/Resources/ComunLogin.png HTTP/1.1" 200 17326
190.171.143.90 - - [19/Mar/2019:10:56:42 -0300] "GET /cormun/static/Resources/PXToolsLoginTop.png HTTP/1.1" 200 1337
190.171.143.90 - - [19/Mar/2019:10:56:42 -0300] "GET /cormun/static/Resources/PXToolsLoginBackground.png HTTP/1.1" 200 1164
190.171.143.90 - - [19/Mar/2019:10:56:42 -0300] "GET /cormun/static/Resources/PXToolsLoginBottom.png HTTP/1.1" 200 1389
190.171.143.90 - - [19/Mar/2019:10:56:42 -0300] "GET /favicon.ico HTTP/1.1" 200 21630
190.171.143.90 - - [19/Mar/2019:10:56:51 -0300] "POST /cormun/servlet/hlogin?a23a72101828af223d1a3c655983096c,gx-no-cache=1553003593161 HTTP/1.1" 200 90
190.171.143.90 - - [19/Mar/2019:10:56:51 -0300] "GET /cormun/servlet/hpexe_link HTTP/1.1" 200 960
190.171.143.90 - - [19/Mar/2019:10:56:51 -0300] "GET /cormun/servlet/trlicencias HTTP/1.1" 200 10921
190.171.143.90 - - [19/Mar/2019:10:56:52 -0300] "GET /cormun/static/PXToolsJavascripts/pexe_cookies.js HTTP/1.1" 200 792
190.171.143.90 - - [19/Mar/2019:10:56:52 -0300] "GET /cormun/static/PXToolsJavascripts/pexe_menudivfix.js HTTP/1.1" 200 333
190.171.143.90 - - [19/Mar/2019:10:56:52 -0300] "GET /cormun/static/PXToolsJavascripts/pexe_oav.js HTTP/1.1" 200 645
190.171.143.90 - - [19/Mar/2019:10:56:52 -0300] "GET /cormun/static/PXToolsJavascripts/pexe_oavdivfix.js HTTP/1.1" 200 639
190.171.143.90 - - [19/Mar/2019:10:56:52 -0300] "GET /cormun/static/RunJS/RunJS.js HTTP/1.1" 200 288
190.171.143.90 - - [19/Mar/2019:10:56:52 -0300] "GET /cormun/static/PXToolsJavascripts/pexe_picture.js HTTP/1.1" 200 689
190.171.143.90 - - [19/Mar/2019:10:56:52 -0300] "GET /cormun/static/PXToolsJavascripts/pexe_tabdivfix.js HTTP/1.1" 200 876
190.171.143.90 - - [19/Mar/2019:10:56:52 -0300] "GET /cormun/static/PXToolsJavascripts/PXToolsJavascriptsRender.js HTTP/1.1" 200 367
190.171.143.90 - - [19/Mar/2019:10:56:52 -0300] "GET /cormun/static/Resources/PXToolsHeaderActionsLeft.png HTTP/1.1" 200 1118
190.171.143.90 - - [19/Mar/2019:10:56:52 -0300] "GET /cormun/static/Resources/logo4.png HTTP/1.1" 200 6582
190.171.143.90 - - [19/Mar/2019:10:56:52 -0300] "GET /cormun/static/hpexe_messagecontroller.js?20177611595012 HTTP/1.1" 200 870
190.171.143.90 - - [19/Mar/2019:10:56:52 -0300] "GET /cormun/static/Resources/PXToolsHeaderHome.png HTTP/1.1" 200 4147
190.171.143.90 - - [19/Mar/2019:10:56:52 -0300] "GET /cormun/static/Resources/PXToolsFooterBackground2.png HTTP/1.1" 200 1172
190.171.143.90 - - [19/Mar/2019:10:56:52 -0300] "GET /cormun/static/Resources/PXToolsDataTitle.png HTTP/1.1" 200 1173
190.171.143.90 - - [19/Mar/2019:10:56:52 -0300] "GET /cormun/static/Resources/PXToolsHeaderBackground2.png HTTP/1.1" 200 1174
190.171.143.90 - - [19/Mar/2019:10:56:52 -0300] "GET /cormun/static/Resources/PXToolsHeaderActionsBackground.png HTTP/1.1" 200 484
190.171.143.90 - - [19/Mar/2019:10:56:52 -0300] "GET /cormun/static/Resources/PXToolsHeaderPreferences.png HTTP/1.1" 200 4189
190.171.143.90 - - [19/Mar/2019:10:56:52 -0300] "GET /cormun/static/Resources/PXToolsHeaderSecurity.png HTTP/1.1" 200 4166
190.171.143.90 - - [19/Mar/2019:10:56:52 -0300] "GET /cormun/static/Resources/PXToolsHeaderActionsRight.png HTTP/1.1" 200 1201
190.171.143.90 - - [19/Mar/2019:10:56:52 -0300] "GET /cormun/static/Resources/PXToolsHeaderLogin.png HTTP/1.1" 200 4279
190.171.143.90 - - [19/Mar/2019:10:56:52 -0300] "GET /cormun/static/hpexe_messagegenexuscomponent.js?201752511465344 HTTP/1.1" 200 587
190.171.143.90 - - [19/Mar/2019:10:56:52 -0300] "GET /cormun/static/hpexe_messagepopupcomponent.js?20161017169425 HTTP/1.1" 200 605
190.171.143.90 - - [19/Mar/2019:10:56:53 -0300] "GET /cormun/static/SmoothNavMenu/resources/images/down.gif HTTP/1.1" 200 854
190.171.143.90 - - [19/Mar/2019:10:56:53 -0300] "GET /cormun/static/SmoothNavMenu/resources/images/right.gif HTTP/1.1" 200 860
190.171.143.90 - - [19/Mar/2019:10:56:53 -0300] "GET /cormun/servlet/trlicencias HTTP/1.1" 200 10919
186.67.172.234 - - [19/Mar/2019:10:56:53 -0300] "GET /cormun/servlet/hlogin HTTP/1.1" 200 1738
190.171.143.90 - - [19/Mar/2019:10:56:57 -0300] "GET /cormun/servlet/trlicenciaspermisosadjuntos?13503289,20190319000000,L, HTTP/1.1" 200 6663
190.171.143.90 - - [19/Mar/2019:10:56:58 -0300] "GET /cormun/servlet/trlicenciaspermisosadjuntos?13503289,20190319000000,L, HTTP/1.1" 200 6664
190.171.152.114 - - [19/Mar/2019:10:57:00 -0300] "GET /cormun/servlet/trsolicitudot? HTTP/1.1" 200 9217
190.171.143.90 - - [19/Mar/2019:10:57:01 -0300] "GET /cormun/servlet/licenciaspermisosadjuntos?INS,13503289,L,20190319000000,, HTTP/1.1" 200 5964
190.171.143.90 - - [19/Mar/2019:10:57:01 -0300] "GET /cormun/static/gxcfg.js?2017761263592 HTTP/1.1" 200 953
190.171.143.90 - - [19/Mar/2019:10:57:01 -0300] "GET /cormun/static/licenciaspermisosadjuntos.js?201776126362 HTTP/1.1" 200 8760
190.171.143.90 - - [19/Mar/2019:10:57:02 -0300] "GET /cormun/static/about:blank HTTP/1.1" 404 1011
190.171.143.90 - - [19/Mar/2019:10:57:02 -0300] "GET /cormun/servlet/licenciaspermisosadjuntos?INS,13503289,L,20190319000000,, HTTP/1.1" 200 5953
190.171.143.90 - - [19/Mar/2019:10:57:08 -0300] "POST /cormun/servlet/licenciaspermisosadjuntos?a23a72101828af223d1a3c655983096c,INS,13503289,L,20190319000000,, HTTP/1.1" 200 116
190.171.143.90 - - [19/Mar/2019:10:57:09 -0300] "GET /cormun/servlet/hpexe_return? HTTP/1.1" 200 1047
190.171.143.90 - - [19/Mar/2019:10:57:09 -0300] "GET /cormun/servlet/trlicenciaspermisosadjuntos?13503289,20190319000000,L, HTTP/1.1" 200 7188
190.171.143.90 - - [19/Mar/2019:10:57:09 -0300] "GET /cormun/servlet/trlicenciaspermisosadjuntos?13503289,20190319000000,L, HTTP/1.1" 200 7191
190.171.143.90 - - [19/Mar/2019:10:57:14 -0300] "POST /cormun/servlet/trlicenciaspermisosadjuntos?a23a72101828af223d1a3c655983096c,13503289,20190319000000,L,,gx-no-cache=1553003616435 HTTP/1.1" 200 90
190.171.143.90 - - [19/Mar/2019:10:57:14 -0300] "GET /cormun/servlet/hpexe_link HTTP/1.1" 200 989
190.171.143.90 - - [19/Mar/2019:10:57:15 -0300] "GET /cormun/servlet/trlicencias HTTP/1.1" 200 10921
190.171.143.90 - - [19/Mar/2019:10:57:15 -0300] "GET /cormun/servlet/trlicencias HTTP/1.1" 200 10919
190.171.143.90 - - [19/Mar/2019:10:57:18 -0300] "POST /cormun/servlet/trlicencias?a23a72101828af223d1a3c655983096c,gx-no-cache=1553003620224 HTTP/1.1" 200 8079
190.171.143.90 - - [19/Mar/2019:10:57:19 -0300] "GET /cormun/static/Shared/jqueryui/images/ui-bg_highlight-soft_100_c6c2c8_1x100.png HTTP/1.1" 404 1117
190.171.143.90 - - [19/Mar/2019:10:57:19 -0300] "GET /cormun/static/Shared/jqueryui/images/ui-icons_82798d_256x240.png HTTP/1.1" 404 1089
190.171.143.90 - - [19/Mar/2019:10:57:19 -0300] "GET /cormun/static/Shared/jqueryui/images/ui-bg_flat_55_fafafa_40x100.png HTTP/1.1" 404 1097
190.171.143.90 - - [19/Mar/2019:10:57:19 -0300] "GET /cormun/static/Shared/jqueryui/images/ui-icons_8d78a5_256x240.png HTTP/1.1" 404 1089
190.171.143.90 - - [19/Mar/2019:10:57:20 -0300] "GET /cormun/servlet/alicenciaprn?13503289,L,20190319000000,PU HTTP/1.1" 200 1558
190.171.152.114 - - [19/Mar/2019:10:58:11 -0300] "GET /cormun/servlet/solicitudot?INS,0,0, HTTP/1.1" 200 15109
190.171.143.106 - - [19/Mar/2019:10:58:25 -0300] "GET /cormun/servlet/hlogin HTTP/1.1" 200 1723
190.171.143.106 - - [19/Mar/2019:10:58:25 -0300] "GET /cormun/static/gxtimezone.js?85251 HTTP/1.1" 200 5781
190.171.143.106 - - [19/Mar/2019:10:58:25 -0300] "GET /cormun/static/messages.spa.js?85251 HTTP/1.1" 200 30736
190.171.143.106 - - [19/Mar/2019:10:58:26 -0300] "GET /cormun/static/gxgral.js?85251 HTTP/1.1" 200 384558
190.171.143.106 - - [19/Mar/2019:10:58:26 -0300] "GET /cormun/servlet/hlogin HTTP/1.1" 200 1734
190.171.143.106 - - [19/Mar/2019:10:58:27 -0300] "POST /cormun/servlet/hlogin?af40eab17778efd566cfa3cd45360b0e,gx-no-cache=1553003689068 HTTP/1.1" 200 90
190.171.143.106 - - [19/Mar/2019:10:58:27 -0300] "GET /cormun/servlet/hpexe_link HTTP/1.1" 200 952
190.171.143.106 - - [19/Mar/2019:10:58:28 -0300] "GET /cormun/servlet/hhome HTTP/1.1" 200 4067
190.171.143.106 - - [19/Mar/2019:10:58:28 -0300] "GET /cormun/static/gxcfg.js?20175251212442 HTTP/1.1" 200 953
190.171.143.106 - - [19/Mar/2019:10:58:28 -0300] "GET /cormun/static/hhome.js?20175251212450 HTTP/1.1" 200 777
190.171.143.106 - - [19/Mar/2019:10:58:28 -0300] "GET /cormun/static/Resources/PXToolsDataTitle.png HTTP/1.1" 200 1173
190.171.143.106 - - [19/Mar/2019:10:58:28 -0300] "GET /cormun/static/Resources/PXToolsHeaderBackground2.png HTTP/1.1" 200 1174
190.171.143.106 - - [19/Mar/2019:10:58:28 -0300] "GET /cormun/static/hmpwkw03.js?20189613443875 HTTP/1.1" 304 -
190.171.143.106 - - [19/Mar/2019:10:58:28 -0300] "GET /cormun/servlet/hhome HTTP/1.1" 200 4062
190.171.143.106 - - [19/Mar/2019:10:58:31 -0300] "GET /cormun/servlet/trlicencias? HTTP/1.1" 200 8370
190.171.143.106 - - [19/Mar/2019:10:58:31 -0300] "GET /cormun/static/gxcfg.js?20176272054169 HTTP/1.1" 200 953
190.171.143.106 - - [19/Mar/2019:10:58:31 -0300] "GET /cormun/static/Resources/Spanish/PXTools.css?17315867 HTTP/1.1" 200 89042
190.171.143.106 - - [19/Mar/2019:10:58:31 -0300] "GET /cormun/static/trlicencias.js?20176272054837 HTTP/1.1" 200 41883
190.171.143.106 - - [19/Mar/2019:10:58:32 -0300] "GET /cormun//static/Resources/PXToolsActionDisabled.gif HTTP/1.1" 200 53
190.171.143.106 - - [19/Mar/2019:10:58:32 -0300] "GET /cormun//static/Resources/PXToolsGridDisplay.png HTTP/1.1" 200 362
190.171.143.106 - - [19/Mar/2019:10:58:32 -0300] "GET /cormun//static/Resources/PXToolsActionPrint.png HTTP/1.1" 200 3317
190.171.143.106 - - [19/Mar/2019:10:58:32 -0300] "GET /cormun//static/Resources/PXToolsHeaderHelp.png HTTP/1.1" 200 4055
190.171.143.106 - - [19/Mar/2019:10:58:32 -0300] "GET /cormun//static/Resources/PXToolsHeaderFavorites.png HTTP/1.1" 200 2744
190.171.143.106 - - [19/Mar/2019:10:58:32 -0300] "GET /cormun/servlet/trlicencias? HTTP/1.1" 200 8367
186.67.172.234 - - [19/Mar/2019:10:58:36 -0300] "GET /cormun/servlet/hlogin HTTP/1.1" 200 1723
186.67.172.234 - - [19/Mar/2019:10:58:44 -0300] "POST /cormun/servlet/hlogin?1748728276af4f31ad338aa5f783388d,gx-no-cache=1553003704911 HTTP/1.1" 200 90
186.67.172.234 - - [19/Mar/2019:10:58:44 -0300] "GET /cormun/servlet/hpexe_link HTTP/1.1" 200 960
186.67.172.234 - - [19/Mar/2019:10:58:44 -0300] "GET /cormun/servlet/prbanco?,MD, HTTP/1.1" 200 6730
190.171.152.114 - - [19/Mar/2019:10:59:29 -0300] "POST /cormun/servlet/solicitudot?gx-no-cache=1553003750569 HTTP/1.1" 200 3525
190.171.152.114 - - [19/Mar/2019:10:59:29 -0300] "POST /cormun/servlet/solicitudot?1489b134a99e375eb12ac0a88c6e007e,INS,0,0,,gx-no-cache=1553003751020 HTTP/1.1" 200 11888
192.168.10.96 - - [19/Mar/2019:10:59:44 -0300] "POST /cormun/servlet/trautorizarot?c7877f8131ddb7049e3d4ce02de46271,,gx-no-cache=1553010788840 HTTP/1.1" 200 6549
192.168.10.96 - - [19/Mar/2019:10:59:54 -0300] "POST /cormun/servlet/trautorizarot?c7877f8131ddb7049e3d4ce02de46271,,gx-no-cache=1553010798193 HTTP/1.1" 200 5174
192.168.10.96 - - [19/Mar/2019:10:59:55 -0300] "POST /cormun/servlet/trautorizarot?c7877f8131ddb7049e3d4ce02de46271,,gx-no-cache=1553010799016 HTTP/1.1" 200 5174
200.54.107.2 - - [19/Mar/2019:11:00:01 -0300] "GET /cormun/servlet/trpermisosgoce HTTP/1.1" 200 6106
192.168.10.96 - - [19/Mar/2019:11:00:03 -0300] "POST /cormun/servlet/trautorizarot?c7877f8131ddb7049e3d4ce02de46271,,gx-no-cache=1553010806681 HTTP/1.1" 200 23472
200.54.107.2 - - [19/Mar/2019:11:00:03 -0300] "GET /cormun/servlet/trpermisosgoce HTTP/1.1" 200 6116
200.54.107.2 - - [19/Mar/2019:11:00:03 -0300] "GET /cormun/servlet/hlogin HTTP/1.1" 200 1739
200.54.107.2 - - [19/Mar/2019:11:00:03 -0300] "GET /cormun/static/gxcfg.js?20177612122725 HTTP/1.1" 304 -
192.168.10.96 - - [19/Mar/2019:11:00:08 -0300] "GET /cormun/servlet/trsolicitudgral? HTTP/1.1" 200 25923
200.54.107.2 - - [19/Mar/2019:11:00:08 -0300] "POST /cormun/servlet/hlogin?9f5a2d6c5f0e2d855f41fc47ec184f57,gx-no-cache=1553003789062 HTTP/1.1" 200 90
200.54.107.2 - - [19/Mar/2019:11:00:08 -0300] "GET /cormun/servlet/hpexe_link HTTP/1.1" 200 954
200.54.107.2 - - [19/Mar/2019:11:00:08 -0300] "GET /cormun/static/gxcfg.js?20177612121792 HTTP/1.1" 304 -
200.54.107.2 - - [19/Mar/2019:11:00:09 -0300] "GET /cormun/servlet/trpermisosgoce HTTP/1.1" 200 6988
200.54.107.2 - - [19/Mar/2019:11:00:09 -0300] "GET /cormun/servlet/trpermisosgoce HTTP/1.1" 200 6986
192.168.10.96 - - [19/Mar/2019:11:00:09 -0300] "GET /cormun/servlet/trsolicitudgral? HTTP/1.1" 200 25922
200.54.107.2 - - [19/Mar/2019:11:00:19 -0300] "GET /cormun/servlet/trsolicitudot? HTTP/1.1" 200 7457
200.54.107.2 - - [19/Mar/2019:11:00:20 -0300] "GET /cormun/servlet/trsolicitudot? HTTP/1.1" 200 7456
200.54.107.2 - - [19/Mar/2019:11:00:23 -0300] "GET /cormun/static/menuarrow.gif HTTP/1.1" 404 1015
192.168.10.96 - - [19/Mar/2019:11:00:25 -0300] "GET /cormun/servlet/trautorizarot? HTTP/1.1" 200 25964
192.168.10.96 - - [19/Mar/2019:11:00:26 -0300] "GET /cormun/servlet/trautorizarot? HTTP/1.1" 200 25963
192.168.10.96 - - [19/Mar/2019:11:00:33 -0300] "POST /cormun/servlet/trautorizarot?c7877f8131ddb7049e3d4ce02de46271,,gx-no-cache=1553010837393 HTTP/1.1" 200 14462
200.54.107.2 - - [19/Mar/2019:11:00:40 -0300] "GET /cormun/servlet/trsolicitudot? HTTP/1.1" 200 7456
200.54.107.2 - - [19/Mar/2019:11:00:40 -0300] "GET /cormun/servlet/trsolicitudot? HTTP/1.1" 200 7456
200.54.107.2 - - [19/Mar/2019:11:00:50 -0300] "GET /cormun/static/menuarrow.gif HTTP/1.1" 404 1015
200.54.107.2 - - [19/Mar/2019:11:00:57 -0300] "GET /cormun/servlet/solicitudot?INS,0,0, HTTP/1.1" 200 15088
200.54.107.2 - - [19/Mar/2019:11:00:58 -0300] "GET /cormun/servlet/solicitudot?INS,0,0, HTTP/1.1" 200 15093
200.54.107.2 - - [19/Mar/2019:11:01:02 -0300] "GET /cormun/servlet/trsolicitudot? HTTP/1.1" 200 7457
200.54.107.2 - - [19/Mar/2019:11:01:03 -0300] "GET /cormun/servlet/trsolicitudot? HTTP/1.1" 200 7456
200.54.107.2 - - [19/Mar/2019:11:01:05 -0300] "GET /cormun/static/menuarrow.gif HTTP/1.1" 404 1015
200.54.107.2 - - [19/Mar/2019:11:01:19 -0300] "POST /cormun/servlet/trsolicitudot?9f5a2d6c5f0e2d855f41fc47ec184f57,,gx-no-cache=1553003859719 HTTP/1.1" 200 19613
190.171.152.114 - - [19/Mar/2019:11:01:52 -0300] "GET /cormun/servlet/solicitudot?d68432e868db7c04c9700dee4982e178ed8029d3fcec45818fee84dcb1125e6bf2408e80cb56e04d56541de70295838c,gx-no-cache=1553003894143 HTTP/1.1" 200 30
186.67.164.138 - - [19/Mar/2019:11:02:11 -0300] "GET /cormun/servlet/hlogin HTTP/1.1" 200 1716
200.54.107.2 - - [19/Mar/2019:11:02:30 -0300] "GET /cormun/servlet/trsolicitudot? HTTP/1.1" 200 22265
200.54.107.2 - - [19/Mar/2019:11:02:31 -0300] "GET /cormun/servlet/trsolicitudot? HTTP/1.1" 200 22265
200.54.107.2 - - [19/Mar/2019:11:02:34 -0300] "GET /cormun/static/menuarrow.gif HTTP/1.1" 404 1015
207.46.13.53 - - [19/Mar/2019:11:02:43 -0300] "GET /cormun/servlet/trautorizarsolicitud HTTP/1.1" 200 6295
200.54.107.2 - - [19/Mar/2019:11:03:03 -0300] "GET /cormun/servlet/solicitudot?INS,0,0, HTTP/1.1" 200 15088
200.54.107.2 - - [19/Mar/2019:11:03:04 -0300] "GET /cormun/servlet/solicitudot?INS,0,0, HTTP/1.1" 200 15093
186.67.164.138 - - [19/Mar/2019:11:03:04 -0300] "POST /cormun/servlet/hlogin?641bdf8eaa219ee0ed714095c5a49a42,gx-no-cache=1553003964920 HTTP/1.1" 200 90
186.67.164.138 - - [19/Mar/2019:11:03:04 -0300] "GET /cormun/servlet/hpexe_link HTTP/1.1" 200 947
186.67.164.138 - - [19/Mar/2019:11:03:04 -0300] "GET /cormun/servlet/hhome HTTP/1.1" 200 4045
186.67.164.138 - - [19/Mar/2019:11:03:05 -0300] "GET /cormun/servlet/hhome HTTP/1.1" 200 4041
40.77.189.77 - - [19/Mar/2019:11:03:14 -0300] "GET /cormun/static/gxui/gxui-all.css?120300 HTTP/1.1" 200 2179
40.77.189.77 - - [19/Mar/2019:11:03:14 -0300] "GET /cormun/static/calendar-system.css?85620 HTTP/1.1" 200 5572
40.77.189.77 - - [19/Mar/2019:11:03:14 -0300] "GET /cormun/static/Resources/Spanish/PXTools.css?1255365 HTTP/1.1" 200 89042
40.77.189.77 - - [19/Mar/2019:11:03:15 -0300] "GET /cormun/static/Shared/ext/resources/css/ext-all.css?215870 HTTP/1.1" 200 416045
40.77.189.77 - - [19/Mar/2019:11:03:17 -0300] "GET /cormun/static/gxcfg.js?2017111423403364 HTTP/1.1" 200 953
40.77.189.77 - - [19/Mar/2019:11:03:23 -0300] "GET /cormun/static/trautorizarsolicitud.js?201711142340425 HTTP/1.1" 200 53910
40.77.189.77 - - [19/Mar/2019:11:03:32 -0300] "GET /cormun/static/JavaScripTableSD.js?85251 HTTP/1.1" 200 25100
186.67.164.138 - - [19/Mar/2019:11:03:38 -0300] "GET /cormun/servlet/trlicencias? HTTP/1.1" 200 9533
186.67.164.138 - - [19/Mar/2019:11:03:39 -0300] "GET /cormun/servlet/trlicencias? HTTP/1.1" 200 9530
157.55.39.246 - - [19/Mar/2019:11:03:39 -0300] "GET /cormun/static/Shared/ext/resources/css/ext-all.css?215870 HTTP/1.1" 200 416045
157.55.39.246 - - [19/Mar/2019:11:03:40 -0300] "GET /cormun/static/calendar-system.css?85620 HTTP/1.1" 200 5572
207.46.13.53 - - [19/Mar/2019:11:03:40 -0300] "GET /cormun/static/trautorizarsolicitud.js?201711142340425 HTTP/1.1" 200 53910
157.55.39.246 - - [19/Mar/2019:11:03:41 -0300] "GET /cormun/static/gxcfg.js?2017111423403364 HTTP/1.1" 200 953
207.46.13.154 - - [19/Mar/2019:11:03:46 -0300] "GET /cormun/static/Resources/Spanish/PXTools.css?1255365 HTTP/1.1" 200 89042
200.54.107.2 - - [19/Mar/2019:11:03:50 -0300] "GET /cormun/servlet/trfichaempleado? HTTP/1.1" 200 12287
200.54.107.2 - - [19/Mar/2019:11:04:24 -0300] "POST /cormun/servlet/solicitudot?gx-no-cache=1553004044542 HTTP/1.1" 200 3450
200.54.107.2 - - [19/Mar/2019:11:04:24 -0300] "POST /cormun/servlet/solicitudot?9f5a2d6c5f0e2d855f41fc47ec184f57,INS,0,0,,gx-no-cache=1553004044699 HTTP/1.1" 200 11814
200.54.107.2 - - [19/Mar/2019:11:04:26 -0300] "POST /cormun/servlet/solicitudot?9f5a2d6c5f0e2d855f41fc47ec184f57,INS,0,0,,gx-no-cache=1553004046245 HTTP/1.1" 200 12172
200.54.107.2 - - [19/Mar/2019:11:04:26 -0300] "GET /cormun/static/Shared/jqueryui/images/ui-bg_flat_55_994d53_40x100.png HTTP/1.1" 404 1097
200.54.107.2 - - [19/Mar/2019:11:04:26 -0300] "GET /cormun/static/Shared/jqueryui/images/ui-icons_82798d_256x240.png HTTP/1.1" 404 1089
200.54.107.2 - - [19/Mar/2019:11:04:26 -0300] "GET /cormun/static/Shared/jqueryui/images/ui-icons_ebccce_256x240.png HTTP/1.1" 404 1089
200.54.107.2 - - [19/Mar/2019:11:04:26 -0300] "GET /cormun/static/Shared/jqueryui/images/ui-bg_highlight-soft_100_c6c2c8_1x100.png HTTP/1.1" 404 1117
200.54.107.2 - - [19/Mar/2019:11:04:28 -0300] "GET /cormun/servlet/solicitudot?08d47aff4059a0b14ca294c61322ed7863cef4b6b7cd85c26cc3b45d5705a2efac22f307ed58cf678bb3a25cbc6e03ff,gx-no-cache=1553004048396 HTTP/1.1" 200 30
192.168.10.96 - - [19/Mar/2019:11:04:54 -0300] "POST /cormun/servlet/trautorizarot?c7877f8131ddb7049e3d4ce02de46271,,gx-no-cache=1553011097939 HTTP/1.1" 200 14218
192.168.10.96 - - [19/Mar/2019:11:04:59 -0300] "POST /cormun/servlet/trautorizarot?c7877f8131ddb7049e3d4ce02de46271,,gx-no-cache=1553011103028 HTTP/1.1" 200 7155
190.171.152.114 - - [19/Mar/2019:11:05:03 -0300] "GET /cormun/servlet/prbanco?,MD,,gxPopupLevel%3D0%3B HTTP/1.1" 200 6626
190.171.152.114 - - [19/Mar/2019:11:05:07 -0300] "GET /cormun/servlet/solicitudot?d68432e868db7c04c9700dee4982e178df059848ab7ec41de3477b0ec86ab0be0fb7c6aec6bf904e1ea8c33c242b714ef0a338b784b799f8ccf9bb97bec638d5,gx-no-cache=1553004088330 HTTP/1.1" 200 30
200.54.107.2 - - [19/Mar/2019:11:05:15 -0300] "GET /cormun/servlet/solicitudot?08d47aff4059a0b14ca294c61322ed78c9775a3d803eee1ddcce2d4564e257f3,gx-no-cache=1553004095338 HTTP/1.1" 200 94
200.54.107.2 - - [19/Mar/2019:11:05:15 -0300] "GET /cormun/servlet/solicitudot?08d47aff4059a0b14ca294c61322ed78a68da6240c28c2e30ce14abc1880e44e,gx-no-cache=1553004095389 HTTP/1.1" 200 29
190.171.152.114 - - [19/Mar/2019:11:05:16 -0300] "GET /cormun/servlet/solicitudot?d68432e868db7c04c9700dee4982e17863a069019b3edf030d1bf0c775f7f6ba,gx-no-cache=1553004097868 HTTP/1.1" 200 53
200.54.107.2 - - [19/Mar/2019:11:05:17 -0300] "GET /cormun/servlet/prbanco?,MD,,gxPopupLevel%3D0%3B HTTP/1.1" 200 6593
200.54.107.2 - - [19/Mar/2019:11:05:17 -0300] "GET /cormun/static/gxcfg.js?20181161016094 HTTP/1.1" 200 953
200.54.107.2 - - [19/Mar/2019:11:05:17 -0300] "GET /cormun/static/prbanco.js?2018116101633 HTTP/1.1" 200 10693
186.67.164.138 - - [19/Mar/2019:11:06:45 -0300] "GET /cormun/servlet/licenciaspermisos?INS,0,,, HTTP/1.1" 200 7571
186.67.164.138 - - [19/Mar/2019:11:06:46 -0300] "GET /cormun/servlet/licenciaspermisos?INS,0,,, HTTP/1.1" 200 7579
186.67.164.138 - - [19/Mar/2019:11:06:54 -0300] "GET /cormun/servlet/licenciaspermisos?d53d591ffd76baaa1fe909ac4ec98e923d2de405adec24318c358ff24dc15261c326fed4e92d1e08c5f62a99623cb8b1,gx-no-cache=1553004195334 HTTP/1.1" 200 106
186.67.164.138 - - [19/Mar/2019:11:06:55 -0300] "POST /cormun/servlet/licenciaspermisos?641bdf8eaa219ee0ed714095c5a49a42,INS,0,,,,gx-no-cache=1553004195396 HTTP/1.1" 200 4762
192.168.10.96 - - [19/Mar/2019:11:07:03 -0300] "POST /cormun/servlet/trautorizarot?c7877f8131ddb7049e3d4ce02de46271,,gx-no-cache=1553011227546 HTTP/1.1" 200 5362
192.168.10.96 - - [19/Mar/2019:11:07:10 -0300] "POST /cormun/servlet/trautorizarot?c7877f8131ddb7049e3d4ce02de46271,,gx-no-cache=1553011234098 HTTP/1.1" 200 13291
190.171.152.114 - - [19/Mar/2019:11:07:12 -0300] "POST /cormun/servlet/solicitudot?gx-no-cache=1553004213433 HTTP/1.1" 200 255
190.171.152.114 - - [19/Mar/2019:11:07:12 -0300] "GET /cormun/servlet/solicitudot?d68432e868db7c04c9700dee4982e1787d3e7a2e0b5a5ba367774b5735b15e46c0b4eb43bee2473e80df02e075de84434e5b80b7799b11f5618170490b63002434992542795ad06fdc3932d7b1b06817636142d464486512226c635be5ba259e62721cda4b7f5e39f463b33ada27a4832fb5c0ab9fa67fe8430d0a40d6396126a8942721717d52bcd0f3325713e3c0ca2a7527830cca23e4c69a66b949a0137ce1fb8aad5f91b40b41870efa7cb794e9119a72e27f36b451e9672f60d690098a5b2f3fa49ec529b93af2072c798d08e007c9d0eb5aa48b4300353614b69859f496c5d3434de78d3143ab87887934a5346fed285776518ff6b281d7fc05307f22bff3eae829079ac899e13eb6ba31a56b19bd956d77fb17cb0278c0ddee6050f05c51547495f2e71b2b265d293752aeb2becce53b4f0b9bba9452cd16243d01a981bdbc886a89b5be57dea9d2425d726c88a666322b9109d1b67bd6a1dfd6f2bf9c7d5629a50f77b680c6932464063c5424ddce7058844bf325e3aa705e7832d0,gx-no-cache=1553004213481 HTTP/1.1" 200 30
190.171.152.114 - - [19/Mar/2019:11:07:15 -0300] "POST /cormun/servlet/solicitudot?gx-no-cache=1553004216439 HTTP/1.1" 200 30
190.171.152.114 - - [19/Mar/2019:11:07:17 -0300] "POST /cormun/servlet/solicitudot?gx-no-cache=1553004219012 HTTP/1.1" 200 1290
190.171.152.114 - - [19/Mar/2019:11:07:17 -0300] "POST /cormun/servlet/solicitudot?gx-no-cache=1553004219082 HTTP/1.1" 200 38
190.171.152.114 - - [19/Mar/2019:11:07:17 -0300] "GET /cormun/servlet/solicitudot?d68432e868db7c04c9700dee4982e1780542a5c95da84f767090ca986901c809d0f24204a549363504b2eb4f950b246fc1db40ff9d02c07962822f2fe4b093b2a387fc79f082410575001a29d05550b1bcf4585f1d9b8fbd5b8b4a7da132d471e1c12cbe988a25d1373460ff9b90c247,gx-no-cache=1553004219114 HTTP/1.1" 200 110
192.168.10.96 - - [19/Mar/2019:11:07:20 -0300] "POST /cormun/servlet/trautorizarot?c7877f8131ddb7049e3d4ce02de46271,,gx-no-cache=1553011244604 HTTP/1.1" 200 7133
186.67.164.138 - - [19/Mar/2019:11:07:34 -0300] "GET /cormun/static/menuarrow.gif HTTP/1.1" 404 1015
192.168.10.96 - - [19/Mar/2019:11:07:59 -0300] "POST /cormun/servlet/trautorizarot?c7877f8131ddb7049e3d4ce02de46271,,gx-no-cache=1553011283819 HTTP/1.1" 200 5361
190.171.152.114 - - [19/Mar/2019:11:08:03 -0300] "POST /cormun/servlet/solicitudot?gx-no-cache=1553004265238 HTTP/1.1" 200 97
192.168.10.96 - - [19/Mar/2019:11:08:04 -0300] "POST /cormun/servlet/trautorizarot?c7877f8131ddb7049e3d4ce02de46271,,gx-no-cache=1553011287850 HTTP/1.1" 200 12376
192.168.10.96 - - [19/Mar/2019:11:08:32 -0300] "POST /cormun/servlet/trautorizarot?c7877f8131ddb7049e3d4ce02de46271,,gx-no-cache=1553011315765 HTTP/1.1" 200 12084
186.67.164.138 - - [19/Mar/2019:11:08:41 -0300] "GET /cormun/servlet/licenciaspermisos?d53d591ffd76baaa1fe909ac4ec98e9277c316c42294872b5f23705d98fea4752cd48c4d2b398e618e6dda76465b960f918e3a33d3e1fc592089121a4ab6e36620de741a8cab6fbcf7f4f203b999c69bd11080735a96fe57157fc615d2eef249bd1a774a4e27ff0cfd0135204d6e1a17acadff595ba9cc73a258bf3b0a3ce3f3fd0bcf841078a944c40246e5ea157b2a049ec446c54ee11c3e7d0e95c956d0f9c89649943e15300f95eb8de4d04d6d06,gx-no-cache=1553004301604 HTTP/1.1" 200 30
186.67.164.138 - - [19/Mar/2019:11:08:41 -0300] "GET /cormun/servlet/licenciaspermisos?d53d591ffd76baaa1fe909ac4ec98e928a40349173c8a9fc4cb8be61c6577d171494e8d5794ebd11650af9c634c04bcfed7a12e26ca205b70cce4015343f6757a53ca10bff27b3bdf174983d7212adf5cc6839f8f50a0ae6c0e3db61613433caba80d1eb5c629e6ce01535132ba7b775e225d91c389b52158374aa409f25606d6792346959b8a747b39d256d29553d7db198cd5d8d88dae8f49db5e42830d4edaddf3d67e3a5b1a31627d0d582cf2d7f,gx-no-cache=1553004301824 HTTP/1.1" 200 29
186.67.164.138 - - [19/Mar/2019:11:08:41 -0300] "POST /cormun/servlet/licenciaspermisos?641bdf8eaa219ee0ed714095c5a49a42,INS,0,,,,gx-no-cache=1553004301900 HTTP/1.1" 200 93
186.67.164.138 - - [19/Mar/2019:11:08:41 -0300] "GET /cormun/servlet/hpexe_return? HTTP/1.1" 200 1008
186.67.164.138 - - [19/Mar/2019:11:08:42 -0300] "GET /cormun/servlet/trlicencias HTTP/1.1" 200 9986
186.67.164.138 - - [19/Mar/2019:11:08:43 -0300] "GET /cormun/servlet/trlicencias HTTP/1.1" 200 9981
186.67.164.138 - - [19/Mar/2019:11:08:47 -0300] "GET /cormun/servlet/trlicenciaspermisosadjuntos?16494232,20190319000000,L, HTTP/1.1" 200 6398
186.67.164.138 - - [19/Mar/2019:11:08:48 -0300] "GET /cormun/servlet/trlicenciaspermisosadjuntos?16494232,20190319000000,L, HTTP/1.1" 200 6398
186.67.164.138 - - [19/Mar/2019:11:08:49 -0300] "GET /cormun/servlet/licenciaspermisosadjuntos?INS,16494232,L,20190319000000,, HTTP/1.1" 200 5696
192.168.10.96 - - [19/Mar/2019:11:08:50 -0300] "POST /cormun/servlet/trautorizarot?c7877f8131ddb7049e3d4ce02de46271,,gx-no-cache=1553011333755 HTTP/1.1" 200 11695
186.67.164.138 - - [19/Mar/2019:11:08:50 -0300] "GET /cormun/static/about:blank HTTP/1.1" 404 1011
186.67.164.138 - - [19/Mar/2019:11:08:50 -0300] "GET /cormun/servlet/licenciaspermisosadjuntos?INS,16494232,L,20190319000000,, HTTP/1.1" 200 5685
190.171.152.114 - - [19/Mar/2019:11:08:57 -0300] "GET /cormun/servlet/solicitudot?d68432e868db7c04c9700dee4982e178a8c636f95a5c66be7891cde44779be1497a5458b1a9ed5ae77306b8f4e76d28cbb32a032fbe0525630f820c190f742f45e316281338601b6a2a514e26378baffb96aca4f06ba69ee78b0a99af317c73fe72076fc4840e96b39ecdd56abbd02c0f7cccb5b97192e28f37029c0ade4680cc42992f38217a36f9f64a901263b9fc82e23d22a91052300a2960163ff1baa54,gx-no-cache=1553004318773 HTTP/1.1" 200 29
190.171.152.114 - - [19/Mar/2019:11:08:57 -0300] "GET /cormun/static/menuarrow.gif HTTP/1.1" 404 1015
186.67.172.234 - - [19/Mar/2019:11:08:59 -0300] "GET /cormun/servlet/hlogin HTTP/1.1" 200 1723
190.171.152.114 - - [19/Mar/2019:11:09:01 -0300] "GET /cormun/servlet/solicitudot?d68432e868db7c04c9700dee4982e17822dc80d127f448c5ece2261551fcdd1daf6c1c2ae1dc7d198679e5eeb624fa9e,gx-no-cache=1553004323017 HTTP/1.1" 200 30
186.67.172.234 - - [19/Mar/2019:11:09:06 -0300] "POST /cormun/servlet/hlogin?1748728276af4f31ad338aa5f783388d,gx-no-cache=1553004326887 HTTP/1.1" 200 90
186.67.172.234 - - [19/Mar/2019:11:09:06 -0300] "GET /cormun/servlet/hpexe_link HTTP/1.1" 200 960
186.67.172.234 - - [19/Mar/2019:11:09:06 -0300] "GET /cormun/servlet/prbanco?,MD, HTTP/1.1" 200 6730
190.171.152.114 - - [19/Mar/2019:11:09:12 -0300] "POST /cormun/servlet/solicitudot?gx-no-cache=1553004333820 HTTP/1.1" 200 30
190.171.152.114 - - [19/Mar/2019:11:09:38 -0300] "POST /cormun/servlet/solicitudot?1489b134a99e375eb12ac0a88c6e007e,INS,0,0,,gx-no-cache=1553004359656 HTTP/1.1" 200 93
190.171.152.114 - - [19/Mar/2019:11:09:38 -0300] "GET /cormun/servlet/hpexe_return? HTTP/1.1" 200 1007
190.171.152.114 - - [19/Mar/2019:11:09:38 -0300] "GET /cormun/servlet/trsolicitudot HTTP/1.1" 200 9554
192.168.10.96 - - [19/Mar/2019:11:09:41 -0300] "POST /cormun/servlet/trautorizarot?c7877f8131ddb7049e3d4ce02de46271,,gx-no-cache=1553011384952 HTTP/1.1" 200 11209
192.168.10.96 - - [19/Mar/2019:11:09:41 -0300] "POST /cormun/servlet/trautorizarot?c7877f8131ddb7049e3d4ce02de46271,,gx-no-cache=1553011385436 HTTP/1.1" 200 11209
186.67.164.138 - - [19/Mar/2019:11:10:01 -0300] "POST /cormun/servlet/licenciaspermisosadjuntos?641bdf8eaa219ee0ed714095c5a49a42,INS,16494232,L,20190319000000,, HTTP/1.1" 200 116
186.67.164.138 - - [19/Mar/2019:11:10:02 -0300] "GET /cormun/servlet/hpexe_return? HTTP/1.1" 200 1037
186.67.164.138 - - [19/Mar/2019:11:10:02 -0300] "GET /cormun/servlet/trlicenciaspermisosadjuntos?16494232,20190319000000,L, HTTP/1.1" 200 6885
186.67.164.138 - - [19/Mar/2019:11:10:03 -0300] "GET /cormun/servlet/trlicenciaspermisosadjuntos?16494232,20190319000000,L, HTTP/1.1" 200 6880
186.67.164.138 - - [19/Mar/2019:11:10:06 -0300] "POST /cormun/servlet/trlicenciaspermisosadjuntos?641bdf8eaa219ee0ed714095c5a49a42,16494232,20190319000000,L,,gx-no-cache=1553004386539 HTTP/1.1" 200 90
186.67.164.138 - - [19/Mar/2019:11:10:06 -0300] "GET /cormun/servlet/hpexe_link HTTP/1.1" 200 980
186.67.164.138 - - [19/Mar/2019:11:10:06 -0300] "GET /cormun/servlet/trlicencias HTTP/1.1" 200 9983
186.67.164.138 - - [19/Mar/2019:11:10:07 -0300] "GET /cormun/servlet/trlicencias HTTP/1.1" 200 9981
190.171.152.114 - - [19/Mar/2019:11:10:09 -0300] "POST /cormun/servlet/trsolicitudot?1489b134a99e375eb12ac0a88c6e007e,gx-no-cache=1553004391039 HTTP/1.1" 200 107
190.171.152.114 - - [19/Mar/2019:11:10:10 -0300] "GET /cormun/servlet/trsolicitudadjuntos?2019,14773, HTTP/1.1" 200 10253
192.168.10.96 - - [19/Mar/2019:11:10:18 -0300] "POST /cormun/servlet/trautorizarot?c7877f8131ddb7049e3d4ce02de46271,,gx-no-cache=1553011422602 HTTP/1.1" 200 10136
190.171.152.114 - - [19/Mar/2019:11:10:19 -0300] "GET /cormun/servlet/trsolicitudot? HTTP/1.1" 200 9556
186.67.164.138 - - [19/Mar/2019:11:10:23 -0300] "GET /cormun/servlet/alicenciaprn?16494232,L,20190319000000,PU HTTP/1.1" 200 1538
190.171.152.114 - - [19/Mar/2019:11:10:24 -0300] "POST /cormun/servlet/trsolicitudot?1489b134a99e375eb12ac0a88c6e007e,,gx-no-cache=1553004405849 HTTP/1.1" 200 107
190.171.152.114 - - [19/Mar/2019:11:10:24 -0300] "GET /cormun/servlet/trsolicitudadjuntos?2019,14777, HTTP/1.1" 200 6370
190.171.152.114 - - [19/Mar/2019:11:10:28 -0300] "GET /cormun/servlet/solicitudotadjuntos?INS,2019,14777,,1, HTTP/1.1" 200 6315
190.171.152.114 - - [19/Mar/2019:11:10:28 -0300] "HEAD /cormun/static/about:blank HTTP/1.1" 404 -
190.171.152.114 - - [19/Mar/2019:11:10:29 -0300] "GET /cormun/servlet/solicitudotadjuntos?d68432e868db7c04c9700dee4982e178a9bf896af2c0d72abc79927919b9ffcab782d3fa23f5bbdf9a1b2263f836183b,gx-no-cache=1553004411256 HTTP/1.1" 200 30
190.171.152.114 - - [19/Mar/2019:11:10:29 -0300] "POST /cormun/servlet/solicitudotadjuntos?1489b134a99e375eb12ac0a88c6e007e,INS,2019,14777,,1,,gx-no-cache=1553004411307 HTTP/1.1" 200 4099
200.54.107.2 - - [19/Mar/2019:11:10:31 -0300] "GET /cormun/servlet/solicitudot?08d47aff4059a0b14ca294c61322ed788d368e2143197fc4957981767eef98d870dc5007db06ce49ac1b30fbac867d46033cbd2f951a7b22c73192ad8ac4a962,gx-no-cache=1553004411524 HTTP/1.1" 200 30
200.54.107.2 - - [19/Mar/2019:11:10:32 -0300] "GET /cormun/servlet/prbanco?,MD,,gxPopupLevel%3D0%3B HTTP/1.1" 200 6593
190.171.152.114 - - [19/Mar/2019:11:10:35 -0300] "POST /cormun/servlet/solicitudotadjuntos?gx-no-cache=1553004416973 HTTP/1.1" 200 26
186.67.164.138 - - [19/Mar/2019:11:10:38 -0300] "POST /cormun/servlet/trlicencias?641bdf8eaa219ee0ed714095c5a49a42,gx-no-cache=1553004418605 HTTP/1.1" 200 7328
186.67.164.138 - - [19/Mar/2019:11:10:38 -0300] "GET /cormun/static/Shared/jqueryui/images/ui-bg_highlight-soft_100_c6c2c8_1x100.png HTTP/1.1" 404 1117
186.67.164.138 - - [19/Mar/2019:11:10:38 -0300] "GET /cormun/static/Shared/jqueryui/images/ui-bg_flat_55_fafafa_40x100.png HTTP/1.1" 404 1097
186.67.164.138 - - [19/Mar/2019:11:10:38 -0300] "GET /cormun/static/Shared/jqueryui/images/ui-icons_8d78a5_256x240.png HTTP/1.1" 404 1089
186.67.164.138 - - [19/Mar/2019:11:10:38 -0300] "GET /cormun/static/Shared/jqueryui/images/ui-icons_82798d_256x240.png HTTP/1.1" 404 1089
