190.171.152.114 - - [19/Mar/2019:16:19:11 -0300] "GET /cormun/servlet/solicitudot?6259a371b595ce817b28f21870159b6f993bfa836be96166f32a086143760b28db94d386a71dea88dfc4e48539824165,gx-no-cache=1553022933408 HTTP/1.1" 200 30
190.171.152.114 - - [19/Mar/2019:16:19:26 -0300] "POST /cormun/servlet/solicitudot?gx-no-cache=1553022948335 HTTP/1.1" 200 30
190.171.143.106 - - [19/Mar/2019:16:20:03 -0300] "GET /cormun/servlet/hlogin HTTP/1.1" 200 1721
190.171.143.106 - - [19/Mar/2019:16:20:06 -0300] "POST /cormun/servlet/hlogin?c3b3210e56a7f30b963cae820590296c,gx-no-cache=1553022986890 HTTP/1.1" 200 90
190.171.143.106 - - [19/Mar/2019:16:20:06 -0300] "GET /cormun/servlet/hpexe_link HTTP/1.1" 200 949
190.171.143.106 - - [19/Mar/2019:16:20:06 -0300] "GET /cormun/servlet/hhome HTTP/1.1" 200 4067
190.171.143.106 - - [19/Mar/2019:16:20:07 -0300] "GET /cormun/servlet/hhome HTTP/1.1" 200 4063
190.171.143.106 - - [19/Mar/2019:16:20:08 -0300] "GET /cormun/servlet/trsolicitudot? HTTP/1.1" 200 7286
190.171.143.106 - - [19/Mar/2019:16:20:09 -0300] "GET /cormun/servlet/trsolicitudot? HTTP/1.1" 200 7285
190.171.143.106 - - [19/Mar/2019:16:20:11 -0300] "GET /cormun/servlet/solicitudot?INS,0,0, HTTP/1.1" 200 14921
190.171.143.106 - - [19/Mar/2019:16:20:11 -0300] "GET /cormun/static/gxcfg.js?20189101114418 HTTP/1.1" 304 -
190.171.143.106 - - [19/Mar/2019:16:20:11 -0300] "GET /cormun/static/solicitudot.js?20189101114718 HTTP/1.1" 304 -
190.171.143.106 - - [19/Mar/2019:16:20:12 -0300] "GET /cormun/servlet/solicitudot?INS,0,0, HTTP/1.1" 200 14926
190.171.143.106 - - [19/Mar/2019:16:20:13 -0300] "GET /cormun/static/Resources/resize.gif HTTP/1.1" 200 77
190.171.143.106 - - [19/Mar/2019:16:20:14 -0300] "GET /cormun/servlet/prfichaempleado?,MD,,gxPopupLevel%3D0%3B HTTP/1.1" 200 9368
190.171.143.106 - - [19/Mar/2019:16:20:14 -0300] "GET /cormun/static/gxcfg.js?20177612134814 HTTP/1.1" 200 953
190.171.143.106 - - [19/Mar/2019:16:20:14 -0300] "GET /cormun/static/Resources/PXToolsMenuSearchCancel.png HTTP/1.1" 200 2972
190.171.143.106 - - [19/Mar/2019:16:20:14 -0300] "GET /cormun/static/Resources/PXToolsMenuSearch.png HTTP/1.1" 200 2914
190.171.143.106 - - [19/Mar/2019:16:20:14 -0300] "GET /cormun/static/menusearch.js?201610171694467 HTTP/1.1" 200 1424
190.171.143.106 - - [19/Mar/2019:16:20:14 -0300] "GET /cormun/static/prfichaempleado.js?20177612134999 HTTP/1.1" 200 16006
190.171.143.106 - - [19/Mar/2019:16:20:14 -0300] "GET /cormun/static/hmpwkw011.js?20177612121862 HTTP/1.1" 200 1968
190.171.143.106 - - [19/Mar/2019:16:20:22 -0300] "POST /cormun/servlet/prfichaempleado?c3b3210e56a7f30b963cae820590296c,,MD,,gxPopupLevel%3D0%3B,gx-no-cache=1553023003555 HTTP/1.1" 200 3482
190.171.141.138 - - [19/Mar/2019:16:20:26 -0300] "GET /cormun/servlet/solicitudot?d17b17b4f732dc5becd29e1a236403be8e1752e32891ec6b427f41c9500ce1e2d061d134d8759e682d94ab5308c5744b911548616b42b4b3bf0994e5171b48b7,gx-no-cache=1553023005769 HTTP/1.1" 200 30
190.171.143.106 - - [19/Mar/2019:16:20:27 -0300] "POST /cormun/servlet/solicitudot?gx-no-cache=1553023008628 HTTP/1.1" 200 3563
190.171.143.106 - - [19/Mar/2019:16:20:28 -0300] "POST /cormun/servlet/solicitudot?c3b3210e56a7f30b963cae820590296c,INS,0,0,,gx-no-cache=1553023008838 HTTP/1.1" 200 11731
190.171.143.106 - - [19/Mar/2019:16:20:28 -0300] "GET /cormun/servlet/solicitudot?7b01d15b4fbe3e1ca74fc1daa8395edfdb2ce9b7503f7d33b11eb2d2cd6086193462f3a1c5a98d66ccb7e0e3144771d2,gx-no-cache=1553023009121 HTTP/1.1" 200 30
190.171.143.106 - - [19/Mar/2019:16:20:28 -0300] "GET /cormun/servlet/solicitudot?7b01d15b4fbe3e1ca74fc1daa8395edf44e9148bb4bb460f5852fd3cb6448543ed75dc00d61b96277ec75ce09f6e31a0,gx-no-cache=1553023009261 HTTP/1.1" 200 30
190.171.143.106 - - [19/Mar/2019:16:20:28 -0300] "GET /cormun/servlet/solicitudot?7b01d15b4fbe3e1ca74fc1daa8395edf545fbc12869334d583a04d335f127061,gx-no-cache=1553023009350 HTTP/1.1" 200 51
190.171.152.114 - - [19/Mar/2019:16:21:28 -0300] "POST /cormun/servlet/solicitudot?gx-no-cache=1553023070297 HTTP/1.1" 200 30
190.171.152.114 - - [19/Mar/2019:16:21:56 -0300] "POST /cormun/servlet/solicitudot?gx-no-cache=1553023097720 HTTP/1.1" 200 1287
190.171.144.234 - - [19/Mar/2019:16:21:58 -0300] "GET /cormun/servlet/hlogin HTTP/1.1" 200 1717
190.171.152.114 - - [19/Mar/2019:16:22:01 -0300] "GET /cormun/servlet/prfichaempleado?,MD,,gxPopupLevel%3D0%3B HTTP/1.1" 200 9355
190.171.152.114 - - [19/Mar/2019:16:22:01 -0300] "GET /cormun/static/gxcfg.js?20177612134814 HTTP/1.1" 200 953
190.171.152.114 - - [19/Mar/2019:16:22:01 -0300] "GET /cormun/static/prfichaempleado.js?20177612134999 HTTP/1.1" 200 16006
190.171.144.234 - - [19/Mar/2019:16:22:07 -0300] "POST /cormun/servlet/hlogin?e86017d43befe6557bf4eb141bcba008,gx-no-cache=1553023109212 HTTP/1.1" 200 90
190.171.144.234 - - [19/Mar/2019:16:22:07 -0300] "GET /cormun/servlet/hpexe_link HTTP/1.1" 200 946
190.171.144.234 - - [19/Mar/2019:16:22:07 -0300] "GET /cormun/servlet/hhome HTTP/1.1" 200 4011
190.171.144.234 - - [19/Mar/2019:16:22:07 -0300] "GET /cormun/servlet/hhome HTTP/1.1" 200 4008
164.77.113.188 - - [19/Mar/2019:16:23:19 -0300] "POST /cormun/servlet/trcontratounov2?8e2837cd9c185dca211cdce718b2611e,,gx-no-cache=1553023177316 HTTP/1.1" 200 15858
164.77.113.188 - - [19/Mar/2019:16:23:19 -0300] "GET /cormun/static/Resources/PXToolsGridNext.gif HTTP/1.1" 200 369
164.77.113.188 - - [19/Mar/2019:16:23:19 -0300] "GET /cormun/static/Resources/PXToolsGridLast.gif HTTP/1.1" 200 370
190.171.144.234 - - [19/Mar/2019:16:23:40 -0300] "GET /cormun/servlet/trlicencias? HTTP/1.1" 200 8372
190.171.144.234 - - [19/Mar/2019:16:23:41 -0300] "GET /cormun/servlet/trlicencias? HTTP/1.1" 200 8369
190.171.152.114 - - [19/Mar/2019:16:24:27 -0300] "POST /cormun/servlet/solicitudot?gx-no-cache=1553023249616 HTTP/1.1" 200 30
190.171.152.114 - - [19/Mar/2019:16:24:28 -0300] "POST /cormun/servlet/solicitudot?gx-no-cache=1553023249680 HTTP/1.1" 200 1287
190.171.152.114 - - [19/Mar/2019:16:24:28 -0300] "POST /cormun/servlet/solicitudot?gx-no-cache=1553023249767 HTTP/1.1" 200 120
190.171.152.114 - - [19/Mar/2019:16:24:28 -0300] "GET /cormun/servlet/solicitudot?6259a371b595ce817b28f21870159b6f4afcef1ff4987555784960b7a978f0080cc7c054d3236bab6af14e86400bc4900ec80017f6cee38636a8671de55aa97e6c324faed8aa8349d3340a12a425c7b8a9241ca3b0ef865c50fbff30d893aac788e2520f2ed05b88d4d2b8339bbce818,gx-no-cache=1553023249808 HTTP/1.1" 200 110
190.171.152.114 - - [19/Mar/2019:16:24:28 -0300] "POST /cormun/servlet/solicitudot?gx-no-cache=1553023249847 HTTP/1.1" 200 100
190.171.152.114 - - [19/Mar/2019:16:24:28 -0300] "GET /cormun/servlet/solicitudot?6259a371b595ce817b28f21870159b6f993bfa836be96166f32a086143760b28cd620540cb8b08b499616397f7c63f37,gx-no-cache=1553023249921 HTTP/1.1" 200 30
190.171.152.114 - - [19/Mar/2019:16:24:28 -0300] "POST /cormun/servlet/solicitudot?gx-no-cache=1553023249952 HTTP/1.1" 200 120
190.171.152.114 - - [19/Mar/2019:16:24:28 -0300] "POST /cormun/servlet/solicitudot?32a734948ab84717b29401b1d6530efa,INS,0,0,,gx-no-cache=1553023250006 HTTP/1.1" 200 12314
190.171.152.114 - - [19/Mar/2019:16:24:47 -0300] "GET /cormun/servlet/prlicenciaspermisos?18039338,L,,MD,,gxPopupLevel%3D0%3B HTTP/1.1" 200 5770
190.171.152.114 - - [19/Mar/2019:16:24:47 -0300] "GET /cormun/static/gxcfg.js?20176272053834 HTTP/1.1" 200 953
190.171.152.114 - - [19/Mar/2019:16:24:47 -0300] "GET /cormun/static/prlicenciaspermisos.js?20176272054050 HTTP/1.1" 200 13379
190.171.152.114 - - [19/Mar/2019:16:24:47 -0300] "GET /cormun/static/Resources/Spanish/PXTools.css?17315867 HTTP/1.1" 200 89042
190.171.152.114 - - [19/Mar/2019:16:25:04 -0300] "POST /cormun/servlet/solicitudot?gx-no-cache=1553023286417 HTTP/1.1" 200 40
190.171.152.114 - - [19/Mar/2019:16:25:04 -0300] "GET /cormun/servlet/solicitudot?6259a371b595ce817b28f21870159b6f4afcef1ff4987555784960b7a978f0080cc7c054d3236bab6af14e86400bc4900ec80017f6cee38636a8671de55aa97e6c324faed8aa8349d3340a12a425c7b8a9241ca3b0ef865c50fbff30d893aac788e2520f2ed05b88d4d2b8339bbce818,gx-no-cache=1553023286446 HTTP/1.1" 200 110
190.171.152.114 - - [19/Mar/2019:16:25:04 -0300] "POST /cormun/servlet/solicitudot?gx-no-cache=1553023286491 HTTP/1.1" 200 120
190.171.152.114 - - [19/Mar/2019:16:25:05 -0300] "POST /cormun/servlet/solicitudot?32a734948ab84717b29401b1d6530efa,INS,0,0,,gx-no-cache=1553023286546 HTTP/1.1" 200 12356
190.171.152.114 - - [19/Mar/2019:16:25:12 -0300] "POST /cormun/servlet/solicitudot?gx-no-cache=1553023294401 HTTP/1.1" 200 34
190.171.152.114 - - [19/Mar/2019:16:25:13 -0300] "POST /cormun/servlet/solicitudot?32a734948ab84717b29401b1d6530efa,INS,0,0,,gx-no-cache=1553023294453 HTTP/1.1" 200 93
190.171.152.114 - - [19/Mar/2019:16:25:13 -0300] "GET /cormun/servlet/hpexe_return? HTTP/1.1" 200 1007
190.171.152.114 - - [19/Mar/2019:16:25:13 -0300] "GET /cormun/servlet/trsolicitudot HTTP/1.1" 200 8882
190.171.152.114 - - [19/Mar/2019:16:26:14 -0300] "GET /cormun/servlet/solicitudot?INS,0,0, HTTP/1.1" 200 15108
190.171.152.114 - - [19/Mar/2019:16:29:12 -0300] "POST /cormun/servlet/solicitudot?gx-no-cache=1553023534342 HTTP/1.1" 200 3450
190.171.152.114 - - [19/Mar/2019:16:29:13 -0300] "POST /cormun/servlet/solicitudot?32a734948ab84717b29401b1d6530efa,INS,0,0,,gx-no-cache=1553023534742 HTTP/1.1" 200 11811
190.171.152.114 - - [19/Mar/2019:16:29:13 -0300] "GET /cormun/servlet/solicitudot?6259a371b595ce817b28f21870159b6fb4fd892902ab6aa0b85307776c125027781617410c4082fe21d215ed8a35626a,gx-no-cache=1553023535175 HTTP/1.1" 200 30
66.249.69.252 - - [19/Mar/2019:16:31:45 -0300] "GET /cormun/servlet/hlogin HTTP/1.1" 200 1721
190.171.152.114 - - [19/Mar/2019:16:32:09 -0300] "GET /cormun/servlet/prbanco?,MD,,gxPopupLevel%3D0%3B HTTP/1.1" 200 6627
190.171.152.114 - - [19/Mar/2019:16:32:13 -0300] "GET /cormun/servlet/solicitudot?6259a371b595ce817b28f21870159b6fd254e8045a072df3e382cb235aa8950bdedbc328e2e36a6e8b33b5b7b8e5b5741b07efd70bba71ed00bf0a1f8dcde845,gx-no-cache=1553023714844 HTTP/1.1" 200 30
190.171.152.114 - - [19/Mar/2019:16:32:15 -0300] "GET /cormun/servlet/solicitudot?6259a371b595ce817b28f21870159b6fd509e72ab81c91ed755286eb57818a43,gx-no-cache=1553023716753 HTTP/1.1" 200 53
190.171.152.114 - - [19/Mar/2019:16:32:31 -0300] "POST /cormun/servlet/solicitudot?gx-no-cache=1553023733404 HTTP/1.1" 200 297
190.171.152.114 - - [19/Mar/2019:16:32:31 -0300] "GET /cormun/servlet/solicitudot?6259a371b595ce817b28f21870159b6fea190688ca73e1134be86888c3e3d179aca10f99341dc43ad452e5d5f47404ceef1c036ad6ca06995341e751835ba290fe075d30023b8ceb76829c176f48948fc82df941c65bf7c595072dc4fd357763bb7962c7cec0672b5c6bd7af8dab1c93c631d53c2fdb4b38ca76a9ab37b5467a883d4b87dea12691a4eefafc874a058a545c472618091b52b459e6a30823527e035ab3e01dc1b954587591b87cd816c4ec30810225852d50c4bea72a6d3eb4beac0d5541c323a17f1bc1fdeebbcd56aa5b0a4df8524da36b31cc4f661601bb66e774c57e84dd4b44810d6cc4d3638e0941091d71ed781a888503e0b555bd437dd2226682fe44bb6faa68400ebf27a27a0f8ef00fe19eee09ca8db04259f6756ee1a485709ead894052c8621ae646a9eca1bd942d6d3c719c1c5d228d54ee29dd622421d7095eedd19d6715666461425565678c4d32c96bc2cc83e53833083d0dcd5973fbe7041cb9114363c3c265cd93dc521ef75e9bae7fdfc7f00ea0b8ccf71b07efd70bba71ed00bf0a1f8dcde845,gx-no-cache=1553023733468 HTTP/1.1" 200 30
190.171.152.114 - - [19/Mar/2019:16:32:34 -0300] "POST /cormun/servlet/solicitudot?gx-no-cache=1553023736307 HTTP/1.1" 200 30
192.168.10.89 - - [19/Mar/2019:16:34:02 -0300] "GET /digitalizacion/servlet/wblogin? HTTP/1.1" 200 2310
192.168.10.89 - - [19/Mar/2019:16:34:05 -0300] "POST /digitalizacion/servlet/wblogin?ae27aeafbec028f2585dd26062007cb4,,gx-no-cache=1553030849292 HTTP/1.1" 200 65
192.168.10.89 - - [19/Mar/2019:16:34:05 -0300] "GET /digitalizacion/servlet/hhome HTTP/1.1" 200 2825
192.168.10.89 - - [19/Mar/2019:16:34:06 -0300] "GET /digitalizacion/servlet/hhome HTTP/1.1" 200 2824
192.168.10.89 - - [19/Mar/2019:16:34:21 -0300] "GET /digitalizacion/servlet/trdocumentos? HTTP/1.1" 200 9884
192.168.10.89 - - [19/Mar/2019:16:34:21 -0300] "GET /digitalizacion/servlet/trdocumentos? HTTP/1.1" 200 9881
190.171.152.114 - - [19/Mar/2019:16:34:21 -0300] "POST /cormun/servlet/solicitudot?gx-no-cache=1553023843663 HTTP/1.1" 200 30
192.168.10.89 - - [19/Mar/2019:16:34:22 -0300] "POST /digitalizacion/servlet/trdocumentos?gx-no-cache=1553030865915 HTTP/1.1" 200 449
192.168.10.89 - - [19/Mar/2019:16:34:22 -0300] "POST /digitalizacion/servlet/trdocumentos?gx-no-cache=1553030865968 HTTP/1.1" 200 78
192.168.10.89 - - [19/Mar/2019:16:34:31 -0300] "POST /digitalizacion/servlet/trdocumentos?gx-no-cache=1553030875833 HTTP/1.1" 200 234
190.171.152.114 - - [19/Mar/2019:16:34:39 -0300] "POST /cormun/servlet/solicitudot?gx-no-cache=1553023861537 HTTP/1.1" 200 1288
192.168.10.89 - - [19/Mar/2019:16:35:42 -0300] "POST /digitalizacion/servlet/trdocumentos?ae27aeafbec028f2585dd26062007cb4,,gx-no-cache=1553030945582 HTTP/1.1" 200 4016
190.171.152.114 - - [19/Mar/2019:16:35:45 -0300] "GET /cormun/servlet/prfichaempleado?,MD,,gxPopupLevel%3D0%3B HTTP/1.1" 200 9355
192.168.10.89 - - [19/Mar/2019:16:35:48 -0300] "GET /digitalizacion/servlet/wbadjunto?46735,PU HTTP/1.1" 302 -
192.168.10.89 - - [19/Mar/2019:16:35:48 -0300] "GET /digitalizacion/PublicTempStorage/3100058.tmp HTTP/1.1" 200 403854
190.171.152.114 - - [19/Mar/2019:16:35:52 -0300] "GET /cormun/servlet/prlicenciaspermisos?16792301,L,,MD,,gxPopupLevel%3D0%3B HTTP/1.1" 200 5473
192.168.10.89 - - [19/Mar/2019:16:35:55 -0300] "GET /digitalizacion/servlet/wbadjunto?43021,PU HTTP/1.1" 302 -
192.168.10.89 - - [19/Mar/2019:16:35:55 -0300] "GET /digitalizacion/PublicTempStorage/8483954.tmp HTTP/1.1" 200 387668
192.168.10.89 - - [19/Mar/2019:16:35:58 -0300] "GET /digitalizacion/servlet/wbadjunto?40113,PU HTTP/1.1" 302 -
192.168.10.89 - - [19/Mar/2019:16:35:58 -0300] "GET /digitalizacion/PublicTempStorage/2126790.tmp HTTP/1.1" 200 451462
190.171.152.114 - - [19/Mar/2019:16:36:00 -0300] "POST /cormun/servlet/solicitudot?gx-no-cache=1553023942147 HTTP/1.1" 200 41
192.168.10.89 - - [19/Mar/2019:16:36:02 -0300] "GET /digitalizacion/servlet/wbadjunto?40017,PU HTTP/1.1" 302 -
192.168.10.89 - - [19/Mar/2019:16:36:02 -0300] "GET /digitalizacion/PublicTempStorage/5579194.tmp HTTP/1.1" 200 474016
192.168.10.89 - - [19/Mar/2019:16:36:07 -0300] "GET /digitalizacion/servlet/wbadjunto?39738,PU HTTP/1.1" 302 -
192.168.10.89 - - [19/Mar/2019:16:36:07 -0300] "GET /digitalizacion/PublicTempStorage/2615199.tmp HTTP/1.1" 200 417416
190.171.152.114 - - [19/Mar/2019:16:36:13 -0300] "GET /cormun/servlet/solicitudot?6259a371b595ce817b28f21870159b6f4afcef1ff4987555784960b7a978f0080cc7c054d3236bab6af14e86400bc4900ec80017f6cee38636a8671de55aa97e6c324faed8aa8349d3340a12a425c7b8a9241ca3b0ef865c50fbff30d893aac788e2520f2ed05b88d4d2b8339bbce818,gx-no-cache=1553023955492 HTTP/1.1" 200 110
190.171.152.114 - - [19/Mar/2019:16:36:13 -0300] "POST /cormun/servlet/solicitudot?gx-no-cache=1553023955535 HTTP/1.1" 200 110
190.171.152.114 - - [19/Mar/2019:16:36:24 -0300] "GET /cormun/servlet/solicitudot?6259a371b595ce817b28f21870159b6f237331a817a975bc93e45e1819d7079cf3fffc4c89a3a6b09a9ee61c2c443d83b7ce8fec735236efd04cad60a14d211a0aeff9330bbea9c1bcca11e87380cf64c0d2d20bf553b5dfde33138893e79fc2552b771a612ca80f35699f3e83188669,gx-no-cache=1553023966130 HTTP/1.1" 200 29
190.171.152.114 - - [19/Mar/2019:16:36:24 -0300] "GET /cormun/static/menuarrow.gif HTTP/1.1" 404 1015
190.171.152.114 - - [19/Mar/2019:16:36:27 -0300] "GET /cormun/servlet/solicitudot?6259a371b595ce817b28f21870159b6f999c0ec53a3849879ed8d2762b2141c6535fe1c4552c3f0f98d37778c346eb02,gx-no-cache=1553023969278 HTTP/1.1" 200 30
190.171.152.114 - - [19/Mar/2019:16:36:27 -0300] "POST /cormun/servlet/solicitudot?gx-no-cache=1553023969390 HTTP/1.1" 200 34
190.171.152.114 - - [19/Mar/2019:16:36:39 -0300] "POST /cormun/servlet/solicitudot?32a734948ab84717b29401b1d6530efa,INS,0,0,,gx-no-cache=1553023980912 HTTP/1.1" 200 93
190.171.152.114 - - [19/Mar/2019:16:36:39 -0300] "GET /cormun/servlet/hpexe_return? HTTP/1.1" 200 1007
190.171.152.114 - - [19/Mar/2019:16:36:40 -0300] "GET /cormun/servlet/trsolicitudot HTTP/1.1" 200 9325
192.168.10.89 - - [19/Mar/2019:16:37:06 -0300] "POST /digitalizacion/servlet/trdocumentos?gx-no-cache=1553031030381 HTTP/1.1" 200 147
192.168.10.89 - - [19/Mar/2019:16:37:08 -0300] "POST /digitalizacion/servlet/trdocumentos?ae27aeafbec028f2585dd26062007cb4,,gx-no-cache=1553031031670 HTTP/1.1" 200 3100
190.171.152.114 - - [19/Mar/2019:16:37:10 -0300] "POST /cormun/servlet/trsolicitudot?32a734948ab84717b29401b1d6530efa,gx-no-cache=1553024012269 HTTP/1.1" 200 107
190.171.152.114 - - [19/Mar/2019:16:37:10 -0300] "GET /cormun/servlet/trsolicitudadjuntos?2019,14811, HTTP/1.1" 200 6375
190.171.152.114 - - [19/Mar/2019:16:37:13 -0300] "GET /cormun/servlet/solicitudotadjuntos?INS,2019,14811,,1, HTTP/1.1" 200 6318
190.171.152.114 - - [19/Mar/2019:16:37:14 -0300] "HEAD /cormun/static/about:blank HTTP/1.1" 404 -
190.171.152.114 - - [19/Mar/2019:16:37:15 -0300] "GET /cormun/servlet/solicitudotadjuntos?6259a371b595ce817b28f21870159b6fd0735d24ffa0bbd84cd0532dfb74ffe89658833f8350dfe5c203d9e3bb57d5b9,gx-no-cache=1553024017062 HTTP/1.1" 200 30
190.171.152.114 - - [19/Mar/2019:16:37:15 -0300] "POST /cormun/servlet/solicitudotadjuntos?32a734948ab84717b29401b1d6530efa,INS,2019,14811,,1,,gx-no-cache=1553024017158 HTTP/1.1" 200 4067
192.168.10.89 - - [19/Mar/2019:16:37:16 -0300] "POST /digitalizacion/servlet/trdocumentos?gx-no-cache=1553031040173 HTTP/1.1" 200 237
190.171.152.114 - - [19/Mar/2019:16:37:17 -0300] "POST /cormun/servlet/solicitudotadjuntos?32a734948ab84717b29401b1d6530efa,INS,2019,14811,,1,,gx-no-cache=1553024019049 HTTP/1.1" 200 93
190.171.152.114 - - [19/Mar/2019:16:37:17 -0300] "GET /cormun/servlet/hpexe_return? HTTP/1.1" 200 1026
192.168.10.89 - - [19/Mar/2019:16:37:17 -0300] "POST /digitalizacion/servlet/trdocumentos?ae27aeafbec028f2585dd26062007cb4,,gx-no-cache=1553031041021 HTTP/1.1" 200 4399
190.171.152.114 - - [19/Mar/2019:16:37:18 -0300] "GET /cormun/servlet/trsolicitudadjuntos?2019,14811, HTTP/1.1" 200 6378
192.168.10.89 - - [19/Mar/2019:16:37:23 -0300] "GET /digitalizacion/servlet/wbadjunto?16355,PU HTTP/1.1" 302 -
192.168.10.89 - - [19/Mar/2019:16:37:23 -0300] "GET /digitalizacion/PublicTempStorage/6100002.tmp HTTP/1.1" 200 983885
190.171.152.114 - - [19/Mar/2019:16:37:59 -0300] "GET /cormun/servlet/trsolicitudot? HTTP/1.1" 200 9330
190.171.152.114 - - [19/Mar/2019:16:38:03 -0300] "GET /cormun/servlet/solicitudot?INS,0,0, HTTP/1.1" 200 15111
192.168.10.89 - - [19/Mar/2019:16:38:10 -0300] "POST /digitalizacion/servlet/trdocumentos?gx-no-cache=1553031094722 HTTP/1.1" 200 234
192.168.10.89 - - [19/Mar/2019:16:38:12 -0300] "POST /digitalizacion/servlet/trdocumentos?ae27aeafbec028f2585dd26062007cb4,,gx-no-cache=1553031096219 HTTP/1.1" 200 4036
190.171.152.114 - - [19/Mar/2019:16:38:12 -0300] "POST /cormun/servlet/solicitudot?gx-no-cache=1553024074486 HTTP/1.1" 200 3450
190.171.152.114 - - [19/Mar/2019:16:38:13 -0300] "POST /cormun/servlet/solicitudot?32a734948ab84717b29401b1d6530efa,INS,0,0,,gx-no-cache=1553024074900 HTTP/1.1" 200 11816
190.171.152.114 - - [19/Mar/2019:16:38:14 -0300] "GET /cormun/servlet/solicitudot?6259a371b595ce817b28f21870159b6f8a3bf7bc508acf45e9be22b4757ee39e781617410c4082fe21d215ed8a35626a,gx-no-cache=1553024076031 HTTP/1.1" 200 30
192.168.10.89 - - [19/Mar/2019:16:38:15 -0300] "GET /digitalizacion/servlet/wbadjunto?46735,PU HTTP/1.1" 302 -
192.168.10.89 - - [19/Mar/2019:16:38:15 -0300] "GET /digitalizacion/PublicTempStorage/3480765.tmp HTTP/1.1" 200 403854
190.171.144.234 - - [19/Mar/2019:16:40:08 -0300] "GET /cormun/servlet/hlogin HTTP/1.1" 200 1715
190.171.152.114 - - [19/Mar/2019:16:40:18 -0300] "GET /cormun/servlet/solicitudot?6259a371b595ce817b28f21870159b6f4605a743e11a4d804aa277eb29844bc7,gx-no-cache=1553024200310 HTTP/1.1" 200 94
190.171.152.114 - - [19/Mar/2019:16:40:18 -0300] "GET /cormun/static/Shared/jqueryui/images/ui-icons_ebccce_256x240.png HTTP/1.1" 404 1089
190.171.152.114 - - [19/Mar/2019:16:40:18 -0300] "GET /cormun/static/Shared/jqueryui/images/ui-bg_flat_55_994d53_40x100.png HTTP/1.1" 404 1097
190.171.152.114 - - [19/Mar/2019:16:40:18 -0300] "GET /cormun/static/Shared/jqueryui/images/ui-icons_82798d_256x240.png HTTP/1.1" 404 1089
190.171.152.114 - - [19/Mar/2019:16:40:18 -0300] "GET /cormun/static/Shared/jqueryui/images/ui-bg_highlight-soft_100_c6c2c8_1x100.png HTTP/1.1" 404 1117
190.171.144.234 - - [19/Mar/2019:16:40:20 -0300] "POST /cormun/servlet/hlogin?e74a0224c11937cdd807931a2ca65170,gx-no-cache=1553024202662 HTTP/1.1" 200 90
190.171.144.234 - - [19/Mar/2019:16:40:20 -0300] "GET /cormun/servlet/hpexe_link HTTP/1.1" 200 946
190.171.144.234 - - [19/Mar/2019:16:40:20 -0300] "GET /cormun/servlet/hhome HTTP/1.1" 200 4011
190.171.144.234 - - [19/Mar/2019:16:40:21 -0300] "GET /cormun/servlet/hhome HTTP/1.1" 200 4007
190.171.144.234 - - [19/Mar/2019:16:40:24 -0300] "GET /cormun/servlet/trlicencias? HTTP/1.1" 200 8370
190.171.144.234 - - [19/Mar/2019:16:40:25 -0300] "GET /cormun/servlet/trlicencias? HTTP/1.1" 200 8367
186.79.128.234 - - [19/Mar/2019:16:40:41 -0300] "GET /cormun/servlet/hlogin HTTP/1.1" 200 1718
186.79.128.234 - - [19/Mar/2019:16:40:54 -0300] "POST /cormun/servlet/hlogin?358ea2f2c82b607aa0b30ebe55131811,gx-no-cache=1553024235359 HTTP/1.1" 200 90
186.79.128.234 - - [19/Mar/2019:16:40:54 -0300] "GET /cormun/servlet/hpexe_link HTTP/1.1" 200 948
186.79.128.234 - - [19/Mar/2019:16:40:54 -0300] "GET /cormun/servlet/hhome HTTP/1.1" 200 4331
186.79.128.234 - - [19/Mar/2019:16:40:55 -0300] "GET /cormun/servlet/hhome HTTP/1.1" 200 4327
190.171.152.114 - - [19/Mar/2019:16:41:11 -0300] "GET /cormun/servlet/prbanco?,MD,,gxPopupLevel%3D0%3B HTTP/1.1" 200 6627
186.79.128.234 - - [19/Mar/2019:16:41:12 -0300] "GET /cormun/servlet/trpermisosgoce? HTTP/1.1" 200 8401
186.79.128.234 - - [19/Mar/2019:16:41:12 -0300] "GET /cormun/servlet/trpermisosgoce? HTTP/1.1" 200 8399
190.171.152.114 - - [19/Mar/2019:16:41:18 -0300] "GET /cormun/servlet/solicitudot?6259a371b595ce817b28f21870159b6fedac5fbeee9037235bf0b5898a1b0eb2cbaecb210eb73638b8855c48aba731ce83506c600c8a51c577ac69ca98f4798b,gx-no-cache=1553024259999 HTTP/1.1" 200 30
190.171.152.114 - - [19/Mar/2019:16:41:19 -0300] "GET /cormun/servlet/solicitudot?6259a371b595ce817b28f21870159b6fd509e72ab81c91ed755286eb57818a43,gx-no-cache=1553024261373 HTTP/1.1" 200 53
190.171.152.114 - - [19/Mar/2019:16:41:37 -0300] "POST /cormun/servlet/solicitudot?gx-no-cache=1553024279034 HTTP/1.1" 200 297
190.171.152.114 - - [19/Mar/2019:16:41:37 -0300] "GET /cormun/servlet/solicitudot?6259a371b595ce817b28f21870159b6fea190688ca73e1134be86888c3e3d179aca10f99341dc43ad452e5d5f47404ceef1c036ad6ca06995341e751835ba290fe075d30023b8ceb76829c176f48948fc82df941c65bf7c595072dc4fd357763bb7962c7cec0672b5c6bd7af8dab1c93c631d53c2fdb4b38ca76a9ab37b5467a883d4b87dea12691a4eefafc874a058a545c472618091b52b459e6a30823527e035ab3e01dc1b954587591b87cd816c4ec30810225852d50c4bea72a6d3eb4beac0d5541c323a17f1bc1fdeebbcd56aa5b0a4df8524da36b31cc4f661601bb66e774c57e84dd4b44810d6cc4d3638e0941091d71ed781a888503e0b555bd437dd2226682fe44bb6faa68400ebf27a27a0f8ef00fe19eee09ca8db04259f6756ee1a485709ead894052c8621ae646a9eca1bd942d6d3c719c1c5d228d54ee29dd622421d7095eedd19d6715666461425565678c4d32c96bc2cc83e53833083d0dcd5973fbe7041cb9114363c3c265cd93dc521ef75e9bae7fdfc7f00ea0b8ccf71b07efd70bba71ed00bf0a1f8dcde845,gx-no-cache=1553024279140 HTTP/1.1" 200 30
190.171.152.114 - - [19/Mar/2019:16:41:39 -0300] "POST /cormun/servlet/solicitudot?gx-no-cache=1553024281270 HTTP/1.1" 200 30
190.171.152.114 - - [19/Mar/2019:16:42:35 -0300] "POST /cormun/servlet/solicitudot?gx-no-cache=1553024337163 HTTP/1.1" 200 1288
190.171.152.114 - - [19/Mar/2019:16:42:46 -0300] "GET /cormun/servlet/prlicenciaspermisos?11276668,L,,MD,,gxPopupLevel%3D0%3B HTTP/1.1" 200 5855
190.171.152.114 - - [19/Mar/2019:16:42:55 -0300] "POST /cormun/servlet/solicitudot?gx-no-cache=1553024357632 HTTP/1.1" 200 41
190.171.152.114 - - [19/Mar/2019:16:43:14 -0300] "GET /cormun/servlet/solicitudot?6259a371b595ce817b28f21870159b6f4afcef1ff4987555784960b7a978f0080cc7c054d3236bab6af14e86400bc4900ec80017f6cee38636a8671de55aa97e6c324faed8aa8349d3340a12a425c7b8a9241ca3b0ef865c50fbff30d893aac788e2520f2ed05b88d4d2b8339bbce818,gx-no-cache=1553024376081 HTTP/1.1" 200 110
190.171.152.114 - - [19/Mar/2019:16:43:14 -0300] "POST /cormun/servlet/solicitudot?gx-no-cache=1553024376118 HTTP/1.1" 200 79
186.79.128.234 - - [19/Mar/2019:16:43:14 -0300] "GET /cormun/static/menuarrow.gif HTTP/1.1" 404 1015
186.79.128.234 - - [19/Mar/2019:16:43:22 -0300] "POST /cormun/servlet/trpermisosgoce?358ea2f2c82b607aa0b30ebe55131811,,gx-no-cache=1553024382968 HTTP/1.1" 200 5495
190.171.152.114 - - [19/Mar/2019:16:43:26 -0300] "GET /cormun/servlet/solicitudot?6259a371b595ce817b28f21870159b6f237331a817a975bc93e45e1819d7079cf3fffc4c89a3a6b09a9ee61c2c443d83b7ce8fec735236efd04cad60a14d211a0aeff9330bbea9c1bcca11e87380cf64c0d2d20bf553b5dfde33138893e79fc2552b771a612ca80f35699f3e83188669,gx-no-cache=1553024388542 HTTP/1.1" 200 29
190.171.152.114 - - [19/Mar/2019:16:43:26 -0300] "GET /cormun/static/menuarrow.gif HTTP/1.1" 404 1015
190.171.152.114 - - [19/Mar/2019:16:43:29 -0300] "GET /cormun/servlet/solicitudot?6259a371b595ce817b28f21870159b6f999c0ec53a3849879ed8d2762b2141c6535fe1c4552c3f0f98d37778c346eb02,gx-no-cache=1553024391435 HTTP/1.1" 200 30
190.171.152.114 - - [19/Mar/2019:16:43:29 -0300] "POST /cormun/servlet/solicitudot?gx-no-cache=1553024391486 HTTP/1.1" 200 34
190.171.153.218 - - [19/Mar/2019:16:43:40 -0300] "POST /cormun/servlet/trcontratounov2?8e2837cd9c185dca211cdce718b2611e,,gx-no-cache=1553024398452 HTTP/1.1" 200 10270
192.168.10.89 - - [19/Mar/2019:16:44:32 -0300] "POST /digitalizacion/servlet/trdocumentos?ae27aeafbec028f2585dd26062007cb4,,gx-no-cache=1553031475389 HTTP/1.1" 200 4599
192.168.10.89 - - [19/Mar/2019:16:44:38 -0300] "POST /digitalizacion/servlet/trdocumentos?ae27aeafbec028f2585dd26062007cb4,,gx-no-cache=1553031481925 HTTP/1.1" 200 4499
190.171.152.114 - - [19/Mar/2019:16:44:42 -0300] "POST /cormun/servlet/solicitudot?32a734948ab84717b29401b1d6530efa,INS,0,0,,gx-no-cache=1553024463852 HTTP/1.1" 200 93
190.171.152.114 - - [19/Mar/2019:16:44:42 -0300] "GET /cormun/servlet/hpexe_return? HTTP/1.1" 200 1007
190.171.152.114 - - [19/Mar/2019:16:44:43 -0300] "GET /cormun/servlet/trsolicitudot HTTP/1.1" 200 9763
192.168.10.89 - - [19/Mar/2019:16:44:46 -0300] "GET /digitalizacion/servlet/wbadjunto?38079,PU HTTP/1.1" 302 -
192.168.10.89 - - [19/Mar/2019:16:44:46 -0300] "GET /digitalizacion/PublicTempStorage/5128833.tmp HTTP/1.1" 200 421539
192.168.10.89 - - [19/Mar/2019:16:44:56 -0300] "GET /digitalizacion/servlet/wbadjunto?40919,PU HTTP/1.1" 302 -
192.168.10.89 - - [19/Mar/2019:16:44:56 -0300] "GET /digitalizacion/PublicTempStorage/1236229.tmp HTTP/1.1" 200 455274
190.171.152.114 - - [19/Mar/2019:16:45:49 -0300] "POST /cormun/servlet/trsolicitudot?32a734948ab84717b29401b1d6530efa,gx-no-cache=1553024530723 HTTP/1.1" 200 107
190.171.152.114 - - [19/Mar/2019:16:45:49 -0300] "GET /cormun/servlet/trsolicitudadjuntos?2019,14812, HTTP/1.1" 200 6374
192.168.10.89 - - [19/Mar/2019:16:46:11 -0300] "GET /digitalizacion/servlet/wbadjunto?38079,PU HTTP/1.1" 302 -
192.168.10.89 - - [19/Mar/2019:16:46:11 -0300] "GET /digitalizacion/PublicTempStorage/9506651.tmp HTTP/1.1" 200 421539
192.168.10.89 - - [19/Mar/2019:16:47:25 -0300] "GET /cormun/servlet/hlogin HTTP/1.1" 200 1722
190.171.153.218 - - [19/Mar/2019:16:48:29 -0300] "POST /cormun/servlet/trcontratounov2?8e2837cd9c185dca211cdce718b2611e,,gx-no-cache=1553024687624 HTTP/1.1" 200 15845
192.168.10.89 - - [19/Mar/2019:16:48:42 -0300] "POST /cormun/servlet/hlogin?472d285873e87f12c71b9aee91ce9d6c,gx-no-cache=1553031726388 HTTP/1.1" 200 90
192.168.10.89 - - [19/Mar/2019:16:48:42 -0300] "GET /cormun/servlet/hpexe_link HTTP/1.1" 200 951
192.168.10.89 - - [19/Mar/2019:16:48:42 -0300] "GET /cormun/servlet/hhome HTTP/1.1" 200 3826
192.168.10.89 - - [19/Mar/2019:16:48:47 -0300] "GET /cormun/servlet/trsolicitudgral? HTTP/1.1" 200 27212
190.171.153.218 - - [19/Mar/2019:16:48:57 -0300] "GET /cormun/servlet/trsolicitudot? HTTP/1.1" 200 7536
190.171.153.218 - - [19/Mar/2019:16:48:57 -0300] "GET /cormun/static/Resources/PXTools/calendar.png HTTP/1.1" 200 1306
190.171.153.218 - - [19/Mar/2019:16:48:57 -0300] "GET /cormun/static/calendar-system.css?85620 HTTP/1.1" 200 5572
190.171.153.218 - - [19/Mar/2019:16:48:57 -0300] "GET /cormun/static/gxui/gxui-all.css?120300 HTTP/1.1" 200 2179
186.103.196.84 - - [19/Mar/2019:16:48:57 -0300] "GET /cormun/static/gxcfg.js?2017111422585916 HTTP/1.1" 200 953
190.171.153.218 - - [19/Mar/2019:16:48:57 -0300] "GET /cormun/static/trsolicitudot.js?201711142259839 HTTP/1.1" 200 54041
190.171.153.218 - - [19/Mar/2019:16:48:57 -0300] "GET /cormun/static/Resources/Spanish/PXTools.css?1255365 HTTP/1.1" 200 89042
190.151.99.26 - - [19/Mar/2019:16:48:58 -0300] "GET /cormun/static/Shared/ext/resources/css/ext-all.css?215870 HTTP/1.1" 200 416045
190.151.99.26 - - [19/Mar/2019:16:48:58 -0300] "GET /cormun/servlet/trsolicitudot? HTTP/1.1" 200 7536
190.171.153.218 - - [19/Mar/2019:16:49:00 -0300] "GET /cormun/servlet/solicitudot?INS,0,0, HTTP/1.1" 200 15166
190.171.153.218 - - [19/Mar/2019:16:49:00 -0300] "GET /cormun/static/gxcfg.js?20189101114418 HTTP/1.1" 200 953
186.103.196.84 - - [19/Mar/2019:16:49:00 -0300] "GET /cormun/static/Resources/prompt.gif HTTP/1.1" 200 902
190.171.153.218 - - [19/Mar/2019:16:49:01 -0300] "GET /cormun/static/solicitudot.js?20189101114718 HTTP/1.1" 200 71883
190.171.153.218 - - [19/Mar/2019:16:49:01 -0300] "GET /cormun/servlet/solicitudot?INS,0,0, HTTP/1.1" 200 15171
192.168.10.89 - - [19/Mar/2019:16:49:01 -0300] "POST /cormun/servlet/trsolicitudgral?472d285873e87f12c71b9aee91ce9d6c,,gx-no-cache=1553031745625 HTTP/1.1" 200 5277
186.103.196.84 - - [19/Mar/2019:16:49:04 -0300] "GET /cormun/static/Resources/resize.gif HTTP/1.1" 200 77
190.171.153.218 - - [19/Mar/2019:16:49:05 -0300] "GET /cormun/servlet/prfichaempleado?,MD,,gxPopupLevel%3D0%3B HTTP/1.1" 200 9416
186.103.196.84 - - [19/Mar/2019:16:49:05 -0300] "GET /cormun/static/gxcfg.js?20177612134814 HTTP/1.1" 200 953
190.171.153.218 - - [19/Mar/2019:16:49:05 -0300] "GET /cormun/static/Resources/PXToolsMenuSearchCancel.png HTTP/1.1" 200 2972
190.171.153.218 - - [19/Mar/2019:16:49:05 -0300] "GET /cormun/static/Resources/PXToolsMenuSearch.png HTTP/1.1" 200 2914
190.171.153.218 - - [19/Mar/2019:16:49:05 -0300] "GET /cormun/static/prfichaempleado.js?20177612134999 HTTP/1.1" 200 16006
190.171.153.218 - - [19/Mar/2019:16:49:05 -0300] "GET /cormun/static/menusearch.js?201610171694467 HTTP/1.1" 200 1424
186.103.196.84 - - [19/Mar/2019:16:49:05 -0300] "GET /cormun/static/hmpwkw011.js?20177612121862 HTTP/1.1" 200 1968
192.168.10.89 - - [19/Mar/2019:16:49:12 -0300] "POST /cormun/servlet/trsolicitudgral?472d285873e87f12c71b9aee91ce9d6c,,gx-no-cache=1553031756443 HTTP/1.1" 200 6946
190.171.153.218 - - [19/Mar/2019:16:49:15 -0300] "POST /cormun/servlet/prfichaempleado?8e2837cd9c185dca211cdce718b2611e,,MD,,gxPopupLevel%3D0%3B,gx-no-cache=1553024733921 HTTP/1.1" 200 3415
190.171.153.218 - - [19/Mar/2019:16:49:20 -0300] "POST /cormun/servlet/solicitudot?gx-no-cache=1553024738670 HTTP/1.1" 200 3546
190.171.153.218 - - [19/Mar/2019:16:49:20 -0300] "POST /cormun/servlet/solicitudot?8e2837cd9c185dca211cdce718b2611e,INS,0,0,,gx-no-cache=1553024738835 HTTP/1.1" 200 11922
192.168.10.89 - - [19/Mar/2019:16:49:20 -0300] "GET /cormun/servlet/solicitudgral?UPD,2019,14172, HTTP/1.1" 200 12444
190.171.153.218 - - [19/Mar/2019:16:49:20 -0300] "GET /cormun/servlet/solicitudot?dbd36ae4eaec1a876b6740e2f8ac2b284317e6089d89de20d50296925cad1f81ae529562e40ddcc35561ff74473377bf,gx-no-cache=1553024739122 HTTP/1.1" 200 30
192.168.10.89 - - [19/Mar/2019:16:49:21 -0300] "POST /cormun/servlet/solicitudgral?gx-no-cache=1553031765681 HTTP/1.1" 200 4065
192.168.10.89 - - [19/Mar/2019:16:49:21 -0300] "GET /cormun/servlet/solicitudgral?6d2de5ec1cf21689bb3caa96b842dce33c12643fcfd427b0e7c26ed63f7a959de047be9ffc748753e93145b019f24af212f6540e6db64a4c9540546af3d135587a42826ac83f97f1b5c39ea3eef83d1ed1f99a4313aa3b51608fe9c7d17a1e78537164835b8d876f011ecb12999762abf7f6482e618c4cdd62f34bd6aa5cc05ee1676c9b8a43009996e494fdfc9079afbb062f9646d1834202ba408328abfea30a9584918831da555aa505eebc6c2983ed94a9dc9528a0c906bcc5ea43e210b83f92b26f94f32b100f18579250578b91359e498f19cdf82f1b06cf734d74c55a92b048b7ef945000ea8827a139537acfa7bb275c0f13828d44dfbd69a67c560579b8f1bcb66834a76e1a835a21ec9958a3f89b78cda61790cbfff8cba95a58127b34b1103a9e42337c4707c461ee80e767a33fc7aeb518705f020f098ac9221498075e8faeebfd7f440f49ee481b83fa,gx-no-cache=1553031765881 HTTP/1.1" 200 255
192.168.10.89 - - [19/Mar/2019:16:49:23 -0300] "GET /cormun/servlet/solicitudgral?6d2de5ec1cf21689bb3caa96b842dce31b903ba9164d29d049b2feb023e6390de047be9ffc748753e93145b019f24af212f6540e6db64a4c9540546af3d135582f23d2d6df7aa84a3ba38cd792199c095157820555e3c482bffaef59476e6f7e,gx-no-cache=1553031767011 HTTP/1.1" 200 30
192.168.10.89 - - [19/Mar/2019:16:49:23 -0300] "POST /cormun/servlet/solicitudgral?gx-no-cache=1553031767252 HTTP/1.1" 200 97
192.168.10.89 - - [19/Mar/2019:16:49:23 -0300] "GET /cormun/servlet/solicitudgral?6d2de5ec1cf21689bb3caa96b842dce3d6cea33f79e1e39445f9f1a8174334439985ec2179150d6c4b071562273b6ab179b8f1bcb66834a76e1a835a21ec99587fb6e6852d4635214fb4fad4b6632e6ebb1b2da20721f4ae5cf8ab667878614f02a6d00fc4457e99d28577c4e91dd51ce02b70e4746d66ce6a22acbb5bcabf897399cc40c55ccfaec1a777b6c8eb97f1b2e2da63efba3a33f49b40b7b28deb94de4ac62ef83e9bc834a59ae5de9dc14db837da59524c2b95491ccdaddc579be5ba4b2fda3dcd11bc99bc1bb92ae32f22,gx-no-cache=1553031767472 HTTP/1.1" 200 49
192.168.10.89 - - [19/Mar/2019:16:49:23 -0300] "POST /cormun/servlet/solicitudgral?472d285873e87f12c71b9aee91ce9d6c,UPD,2019,14172,,gx-no-cache=1553031767706 HTTP/1.1" 200 11384
192.168.10.89 - - [19/Mar/2019:16:49:24 -0300] "GET /cormun/servlet/solicitudgral?6d2de5ec1cf21689bb3caa96b842dce3489ff6fe6fa9b1d31b582f09c34873572e368bba4f456879b3c9b406ee29904e60605c4ebb821f1318bea35940e2a9b4f000049cda514bbc81700b8288f18e3d044eea56a10f040f146976d151e31354d408e51c5195891877abc71c0cc1d2e30d1b78dbeee05021fa5edc6293582073d451d66457c159bf801e079ec40352046986751083ab55bb1a261f48dad52527,gx-no-cache=1553031768766 HTTP/1.1" 200 29
192.168.10.89 - - [19/Mar/2019:16:49:29 -0300] "POST /cormun/servlet/solicitudgral?472d285873e87f12c71b9aee91ce9d6c,UPD,2019,14172,,gx-no-cache=1553031772913 HTTP/1.1" 200 93
192.168.10.89 - - [19/Mar/2019:16:49:29 -0300] "GET /cormun/servlet/hpexe_return? HTTP/1.1" 200 1015
192.168.10.89 - - [19/Mar/2019:16:49:29 -0300] "GET /cormun/servlet/trsolicitudgral? HTTP/1.1" 200 10004
190.171.153.218 - - [19/Mar/2019:16:49:29 -0300] "GET /cormun/servlet/solicitudot?dbd36ae4eaec1a876b6740e2f8ac2b28542f8dc14fd5896c327e356be3ab7dc7ca892c23bf7fd1f5a2409d0d5d4ba278,gx-no-cache=1553024748017 HTTP/1.1" 200 30
190.171.153.218 - - [19/Mar/2019:16:49:29 -0300] "GET /cormun/servlet/solicitudot?dbd36ae4eaec1a876b6740e2f8ac2b28d200dc7ba7e1e6096d04486fb3633ed9,gx-no-cache=1553024748053 HTTP/1.1" 200 45
190.171.153.218 - - [19/Mar/2019:16:49:29 -0300] "POST /cormun/servlet/solicitudot?gx-no-cache=1553024748085 HTTP/1.1" 200 255
190.171.153.218 - - [19/Mar/2019:16:49:29 -0300] "GET /cormun/servlet/solicitudot?dbd36ae4eaec1a876b6740e2f8ac2b284003ca83b273315e9a8bb0c59b5de8a45648208e2d871a4cd57cdc887df664974b06f678b7621dc70fcbe28c043cbe0338a21a97bf0fdd8a3af41710d6338b0e407bfbf9c01ee261e1d0d7f20519cf02e8d7d3625f4f7cd65c6ef7dcb39402e7717c8524023629d111acfa4e7823e929bce8e53891687fdf3c13e7a524f5fbc4f985548bc51d98dcff57de64b08c22c1bbcea1c6eccde6db49a50a40ae3adcf88f4ecd08e8617ef13e06b121512fa92b7c9a1c454eda143cac63c43bcd9325cdfd1d805f3f9801073033c1173ee86b01abf7b64d71f6799a3d9718d9f3a033db567c69cfd8a6656ee48dfc5e0093bad43f9d7001075f2e8227263f2c0991b2a6db65d27095d358f80b1f9501a0a14a874ff76c242c3b6d03538b2a0b36347b26d5aace39f0c16ab47c36ca88becf77c208ec8ac76985895b825568e3b0b6e30817cf6d685ea1700183d5cc2aa476e8d05913e8058709d18e0dfa9682552b1915d0c0bed14258efb6a23a0463da0ffa7e,gx-no-cache=1553024748136 HTTP/1.1" 200 30
192.168.10.89 - - [19/Mar/2019:16:49:31 -0300] "GET /cormun/servlet/solicitudgral2?UPD,2019,14173, HTTP/1.1" 200 12450
192.168.10.89 - - [19/Mar/2019:16:49:33 -0300] "POST /cormun/servlet/solicitudgral2?gx-no-cache=1553031776927 HTTP/1.1" 200 4065
192.168.10.89 - - [19/Mar/2019:16:49:33 -0300] "GET /cormun/servlet/solicitudgral2?6d2de5ec1cf21689bb3caa96b842dce33c12643fcfd427b0e7c26ed63f7a959de047be9ffc748753e93145b019f24af212f6540e6db64a4c9540546af3d135587a42826ac83f97f1b5c39ea3eef83d1ed1f99a4313aa3b51608fe9c7d17a1e78537164835b8d876f011ecb12999762abf7f6482e618c4cdd62f34bd6aa5cc05ee1676c9b8a43009996e494fdfc9079afbb062f9646d1834202ba408328abfea30a9584918831da555aa505eebc6c2983ed94a9dc9528a0c906bcc5ea43e210b83f92b26f94f32b100f18579250578b91359e498f19cdf82f1b06cf734d74c55a92b048b7ef945000ea8827a139537acfa7bb275c0f13828d44dfbd69a67c560579b8f1bcb66834a76e1a835a21ec9958a3f89b78cda61790cbfff8cba95a58127b34b1103a9e42337c4707c461ee80e767a33fc7aeb518705f020f098ac9221498075e8faeebfd7f440f49ee481b83fa,gx-no-cache=1553031777106 HTTP/1.1" 200 255
192.168.10.89 - - [19/Mar/2019:16:49:33 -0300] "GET /cormun/servlet/solicitudgral2?6d2de5ec1cf21689bb3caa96b842dce376c5c532f5fbbe6c14cd0d2b0031c289bd226b63b7814312fef995082b9250d9e332530485092eaf7c5fe2996bc96667b15c79195f8e1e5cf35a9bc42d92e9bda8253b5f96dc8d26a0ed845a31478cea,gx-no-cache=1553031777124 HTTP/1.1" 200 33
192.168.10.89 - - [19/Mar/2019:16:49:33 -0300] "GET /cormun/servlet/solicitudgral2?6d2de5ec1cf21689bb3caa96b842dce3c08db7fbb6b3561bf987e4050946ecd82e0f69e52555f6650f5ab050a06d82b9606f2347a1d21e3b2c721a0cc2d32ee4142b8a9293ce708954a47e11ce96db7da3196794aaaea66b56f105492fddd4a23ed3e779b0536f290e26ac0e96697c0e,gx-no-cache=1553031777142 HTTP/1.1" 200 40
192.168.10.89 - - [19/Mar/2019:16:49:33 -0300] "GET /cormun/servlet/solicitudgral2?6d2de5ec1cf21689bb3caa96b842dce31b903ba9164d29d049b2feb023e6390de047be9ffc748753e93145b019f24af212f6540e6db64a4c9540546af3d135582f23d2d6df7aa84a3ba38cd792199c095157820555e3c482bffaef59476e6f7e,gx-no-cache=1553031777225 HTTP/1.1" 200 30
192.168.10.89 - - [19/Mar/2019:16:49:33 -0300] "POST /cormun/servlet/solicitudgral2?gx-no-cache=1553031777655 HTTP/1.1" 200 97
192.168.10.89 - - [19/Mar/2019:16:49:34 -0300] "POST /cormun/servlet/solicitudgral2?472d285873e87f12c71b9aee91ce9d6c,UPD,2019,14173,,gx-no-cache=1553031778211 HTTP/1.1" 200 11421
192.168.10.89 - - [19/Mar/2019:16:49:35 -0300] "GET /cormun/servlet/solicitudgral2?6d2de5ec1cf21689bb3caa96b842dce3489ff6fe6fa9b1d31b582f09c34873572e368bba4f456879b3c9b406ee29904e60605c4ebb821f1318bea35940e2a9b4f000049cda514bbc81700b8288f18e3d044eea56a10f040f146976d151e31354d408e51c5195891877abc71c0cc1d2e30d1b78dbeee05021fa5edc6293582073d451d66457c159bf801e079ec40352046986751083ab55bb1a261f48dad52527,gx-no-cache=1553031778996 HTTP/1.1" 200 29
190.171.153.218 - - [19/Mar/2019:16:49:35 -0300] "POST /cormun/servlet/solicitudot?gx-no-cache=1553024753591 HTTP/1.1" 200 30
190.171.153.218 - - [19/Mar/2019:16:49:36 -0300] "GET /cormun/servlet/prcontratosol?15173149,,,,,MD,,gxPopupLevel%3D0%3B HTTP/1.1" 200 7861
164.77.113.188 - - [19/Mar/2019:16:49:37 -0300] "GET /cormun/static/prcontratosol.js?201761413224174 HTTP/1.1" 200 15806
190.171.153.218 - - [19/Mar/2019:16:49:37 -0300] "GET /cormun/static/gxcfg.js?201761413223964 HTTP/1.1" 200 953
192.168.10.89 - - [19/Mar/2019:16:49:37 -0300] "GET /cormun/servlet/solicitudgral2?6d2de5ec1cf21689bb3caa96b842dce3e50b72ddae0646f39f9b94b72f003634639400fd8e56e6d2b94535017f459184d6bba38c798002f0aa80b92f5249afaa272cc72020b4a66025f599bee418cc3b5b02d2cbcbe1784335ea552fd4d9456f9cd9e74315f38e4153d71f2da1706b3b4bf61f1930f52e58462d6b2600aabb2b,gx-no-cache=1553031781450 HTTP/1.1" 200 30
192.168.10.89 - - [19/Mar/2019:16:49:38 -0300] "POST /cormun/servlet/solicitudgral2?472d285873e87f12c71b9aee91ce9d6c,UPD,2019,14173,,gx-no-cache=1553031782651 HTTP/1.1" 200 93
192.168.10.89 - - [19/Mar/2019:16:49:38 -0300] "GET /cormun/servlet/hpexe_return? HTTP/1.1" 200 1016
192.168.10.89 - - [19/Mar/2019:16:49:39 -0300] "GET /cormun/servlet/trsolicitudgral HTTP/1.1" 200 9998
192.168.10.89 - - [19/Mar/2019:16:49:53 -0300] "POST /cormun/servlet/trsolicitudgral?472d285873e87f12c71b9aee91ce9d6c,gx-no-cache=1553031797293 HTTP/1.1" 200 6987
192.168.10.89 - - [19/Mar/2019:16:49:55 -0300] "GET /cormun/servlet/solicitudgral?UPD,2019,14779, HTTP/1.1" 200 12459
192.168.10.89 - - [19/Mar/2019:16:49:57 -0300] "POST /cormun/servlet/solicitudgral?gx-no-cache=1553031800836 HTTP/1.1" 200 4035
192.168.10.89 - - [19/Mar/2019:16:49:57 -0300] "GET /cormun/servlet/solicitudgral?6d2de5ec1cf21689bb3caa96b842dce33c12643fcfd427b0e7c26ed63f7a959de047be9ffc748753e93145b019f24af212f6540e6db64a4c9540546af3d135587a42826ac83f97f1b5c39ea3eef83d1ed1f99a4313aa3b51608fe9c7d17a1e78537164835b8d876f011ecb12999762abf7f6482e618c4cdd62f34bd6aa5cc05ee1676c9b8a43009996e494fdfc9079afbb062f9646d1834202ba408328abfea30a9584918831da555aa505eebc6c2983ed94a9dc9528a0c906bcc5ea43e210b83f92b26f94f32b100f18579250578b91359e498f19cdf82f1b06cf734d74c55a92b048b7ef945000ea8827a139537acfa7bb275c0f13828d44dfbd69a67c560579b8f1bcb66834a76e1a835a21ec9958a3f89b78cda61790cbfff8cba95a58127b34b1103a9e42337c4707c461ee80e767a33fc7aeb518705f020f098ac9221498075e8faeebfd7f440f49ee481b83fa,gx-no-cache=1553031801003 HTTP/1.1" 200 255
192.168.10.89 - - [19/Mar/2019:16:49:57 -0300] "GET /cormun/servlet/solicitudgral?6d2de5ec1cf21689bb3caa96b842dce31b903ba9164d29d049b2feb023e6390de047be9ffc748753e93145b019f24af212f6540e6db64a4c9540546af3d135582f23d2d6df7aa84a3ba38cd792199c095157820555e3c482bffaef59476e6f7e,gx-no-cache=1553031801494 HTTP/1.1" 200 30
192.168.10.89 - - [19/Mar/2019:16:49:57 -0300] "POST /cormun/servlet/solicitudgral?gx-no-cache=1553031801780 HTTP/1.1" 200 97
192.168.10.89 - - [19/Mar/2019:16:49:58 -0300] "GET /cormun/servlet/solicitudgral?6d2de5ec1cf21689bb3caa96b842dce3d6cea33f79e1e39445f9f1a8174334439985ec2179150d6c4b071562273b6ab179b8f1bcb66834a76e1a835a21ec99587fb6e6852d4635214fb4fad4b6632e6ebb1b2da20721f4ae5cf8ab667878614f02a6d00fc4457e99d28577c4e91dd51ce02b70e4746d66ce6a22acbb5bcabf897399cc40c55ccfaec1a777b6c8eb97f1b2e2da63efba3a33f49b40b7b28deb94de4ac62ef83e9bc834a59ae5de9dc14db837da59524c2b95491ccdaddc579be5ba4b2fda3dcd11bc99bc1bb92ae32f22,gx-no-cache=1553031802029 HTTP/1.1" 200 49
192.168.10.89 - - [19/Mar/2019:16:49:58 -0300] "POST /cormun/servlet/solicitudgral?472d285873e87f12c71b9aee91ce9d6c,UPD,2019,14779,,gx-no-cache=1553031802362 HTTP/1.1" 200 11368
192.168.10.89 - - [19/Mar/2019:16:50:01 -0300] "GET /cormun/servlet/solicitudgral?6d2de5ec1cf21689bb3caa96b842dce34aeca9d44c7a6dafac476a894bda497c2e368bba4f456879b3c9b406ee29904e60605c4ebb821f1318bea35940e2a9b4f000049cda514bbc81700b8288f18e3d044eea56a10f040f146976d151e31354d408e51c5195891877abc71c0cc1d2e30d1b78dbeee05021fa5edc6293582073d451d66457c159bf801e079ec40352046986751083ab55bb1a261f48dad52527,gx-no-cache=1553031805255 HTTP/1.1" 200 30
192.168.10.89 - - [19/Mar/2019:16:50:04 -0300] "POST /cormun/servlet/solicitudgral?472d285873e87f12c71b9aee91ce9d6c,UPD,2019,14779,,gx-no-cache=1553031808075 HTTP/1.1" 200 93
192.168.10.89 - - [19/Mar/2019:16:50:04 -0300] "GET /cormun/servlet/hpexe_return? HTTP/1.1" 200 1035
192.168.10.89 - - [19/Mar/2019:16:50:04 -0300] "GET /cormun/servlet/trsolicitudgral?gx-no-cache=1553031797293 HTTP/1.1" 200 10029
192.168.10.89 - - [19/Mar/2019:16:50:07 -0300] "GET /cormun/servlet/solicitudgral2?UPD,2019,14778, HTTP/1.1" 200 12517
192.168.10.89 - - [19/Mar/2019:16:50:08 -0300] "POST /cormun/servlet/solicitudgral2?gx-no-cache=1553031812105 HTTP/1.1" 200 4032
192.168.10.89 - - [19/Mar/2019:16:50:08 -0300] "GET /cormun/servlet/solicitudgral2?6d2de5ec1cf21689bb3caa96b842dce33c12643fcfd427b0e7c26ed63f7a959de047be9ffc748753e93145b019f24af212f6540e6db64a4c9540546af3d135587a42826ac83f97f1b5c39ea3eef83d1ed1f99a4313aa3b51608fe9c7d17a1e78537164835b8d876f011ecb12999762abf7f6482e618c4cdd62f34bd6aa5cc05ee1676c9b8a43009996e494fdfc9079afbb062f9646d1834202ba408328abfea30a9584918831da555aa505eebc6c2983ed94a9dc9528a0c906bcc5ea43e210b83f92b26f94f32b100f18579250578b91359e498f19cdf82f1b06cf734d74c55a92b048b7ef945000ea8827a139537acfa7bb275c0f13828d44dfbd69a67c560579b8f1bcb66834a76e1a835a21ec9958a3f89b78cda61790cbfff8cba95a58127b34b1103a9e42337c4707c461ee80e767a33fc7aeb518705f020f098ac9221498075e8faeebfd7f440f49ee481b83fa,gx-no-cache=1553031812279 HTTP/1.1" 200 255
192.168.10.89 - - [19/Mar/2019:16:50:08 -0300] "GET /cormun/servlet/solicitudgral2?6d2de5ec1cf21689bb3caa96b842dce398699f5598f67e28caa560bb8a48e2cf8e11018f4c4058edf729d3c91dfbf1c0e332530485092eaf7c5fe2996bc96667b15c79195f8e1e5cf35a9bc42d92e9bda8253b5f96dc8d26a0ed845a31478cea,gx-no-cache=1553031812297 HTTP/1.1" 200 33
192.168.10.89 - - [19/Mar/2019:16:50:08 -0300] "GET /cormun/servlet/solicitudgral2?6d2de5ec1cf21689bb3caa96b842dce3c08db7fbb6b3561bf987e4050946ecd82e0f69e52555f6650f5ab050a06d82b9606f2347a1d21e3b2c721a0cc2d32ee4142b8a9293ce708954a47e11ce96db7da3196794aaaea66b56f105492fddd4a23ed3e779b0536f290e26ac0e96697c0e,gx-no-cache=1553031812311 HTTP/1.1" 200 40
192.168.10.89 - - [19/Mar/2019:16:50:08 -0300] "GET /cormun/servlet/solicitudgral2?6d2de5ec1cf21689bb3caa96b842dce31b903ba9164d29d049b2feb023e6390de047be9ffc748753e93145b019f24af212f6540e6db64a4c9540546af3d135582f23d2d6df7aa84a3ba38cd792199c095157820555e3c482bffaef59476e6f7e,gx-no-cache=1553031812339 HTTP/1.1" 200 30
192.168.10.89 - - [19/Mar/2019:16:50:09 -0300] "POST /cormun/servlet/solicitudgral2?gx-no-cache=1553031812917 HTTP/1.1" 200 97
192.168.10.89 - - [19/Mar/2019:16:50:10 -0300] "POST /cormun/servlet/solicitudgral2?472d285873e87f12c71b9aee91ce9d6c,UPD,2019,14778,,gx-no-cache=1553031814051 HTTP/1.1" 200 11450
192.168.10.89 - - [19/Mar/2019:16:50:10 -0300] "GET /cormun/servlet/solicitudgral2?6d2de5ec1cf21689bb3caa96b842dce34aeca9d44c7a6dafac476a894bda497c2e368bba4f456879b3c9b406ee29904ece46c74fbadce04c66298a4ea8b58fd5f000049cda514bbc81700b8288f18e3d044eea56a10f040f146976d151e31354d408e51c5195891877abc71c0cc1d2e30d1b78dbeee05021fa5edc6293582073d451d66457c159bf801e079ec40352046986751083ab55bb1a261f48dad52527,gx-no-cache=1553031814549 HTTP/1.1" 200 29
192.168.10.89 - - [19/Mar/2019:16:50:11 -0300] "GET /cormun/servlet/solicitudgral2?6d2de5ec1cf21689bb3caa96b842dce33341aaf9145427dc90e1031671a8edd7639400fd8e56e6d2b94535017f459184d6bba38c798002f0aa80b92f5249afaa272cc72020b4a66025f599bee418cc3b5b02d2cbcbe1784335ea552fd4d9456f9cd9e74315f38e4153d71f2da1706b3b4bf61f1930f52e58462d6b2600aabb2b,gx-no-cache=1553031815405 HTTP/1.1" 200 30
190.171.153.218 - - [19/Mar/2019:16:50:13 -0300] "POST /cormun/servlet/solicitudot?gx-no-cache=1553024792183 HTTP/1.1" 200 1289
190.171.153.218 - - [19/Mar/2019:16:50:13 -0300] "POST /cormun/servlet/solicitudot?gx-no-cache=1553024792318 HTTP/1.1" 200 38
190.171.153.218 - - [19/Mar/2019:16:50:14 -0300] "GET /cormun/servlet/solicitudot?dbd36ae4eaec1a876b6740e2f8ac2b28410e35ef3284e4699a08365e2ffaee3c13c27ebdefcb469bdc27da27e5eeb4008f00689643abf415d15d4beef8d4d4e363f3018b1ea6f89d94754d1f25e03b347056a1a567728e7bb80f5e7f2e2c507f0e5803515ea1852f2e997f2cf3ee9a6e,gx-no-cache=1553024792397 HTTP/1.1" 200 110
190.171.153.218 - - [19/Mar/2019:16:50:14 -0300] "POST /cormun/servlet/solicitudot?gx-no-cache=1553024792452 HTTP/1.1" 200 97
190.171.153.218 - - [19/Mar/2019:16:50:14 -0300] "GET /cormun/servlet/solicitudot?dbd36ae4eaec1a876b6740e2f8ac2b28a249e7786a17cee4b32f3e1e5de7792da486014b6a409d8ab8b5ef63159788842ce99fd959b9418fdfa43a6f661063cd5c095bb9f9d8459b59724a9d403c8a0ed833ea6c5843a2019fd87e7cb2fff723b1170129d4d0dea79e29fae207963f4603305c7ed340014fac4887181b8678336c5da7eebe6181b4ad5720890bb00215de0a3b4dae3fa19b62b4c9898c9b7bed,gx-no-cache=1553024792559 HTTP/1.1" 200 29
190.171.153.218 - - [19/Mar/2019:16:50:14 -0300] "GET /cormun/servlet/solicitudot?dbd36ae4eaec1a876b6740e2f8ac2b28b98750cad9685d642f9943073c83c1e1,gx-no-cache=1553024792633 HTTP/1.1" 200 30
192.168.10.89 - - [19/Mar/2019:16:50:16 -0300] "GET /cormun/servlet/solicitudgral2?6d2de5ec1cf21689bb3caa96b842dce34aeca9d44c7a6dafac476a894bda497c2e368bba4f456879b3c9b406ee29904e60605c4ebb821f1318bea35940e2a9b4f000049cda514bbc81700b8288f18e3d044eea56a10f040f146976d151e31354d408e51c5195891877abc71c0cc1d2e30d1b78dbeee05021fa5edc6293582073d451d66457c159bf801e079ec40352046986751083ab55bb1a261f48dad52527,gx-no-cache=1553031820128 HTTP/1.1" 200 30
192.168.10.89 - - [19/Mar/2019:16:50:24 -0300] "GET /cormun/servlet/solicitudgral2?6d2de5ec1cf21689bb3caa96b842dce33341aaf9145427dc90e1031671a8edd7639400fd8e56e6d2b94535017f459184d6bba38c798002f0aa80b92f5249afaa272cc72020b4a66025f599bee418cc3b5b02d2cbcbe1784335ea552fd4d9456f9cd9e74315f38e4153d71f2da1706b3b4bf61f1930f52e58462d6b2600aabb2b,gx-no-cache=1553031828431 HTTP/1.1" 200 30
190.171.153.218 - - [19/Mar/2019:16:50:29 -0300] "GET /cormun/servlet/trsolicitudot? HTTP/1.1" 200 7536
190.171.153.218 - - [19/Mar/2019:16:50:29 -0300] "GET /cormun/servlet/trsolicitudot? HTTP/1.1" 200 7536
186.103.196.84 - - [19/Mar/2019:16:50:33 -0300] "GET /cormun/servlet/trcontratounov2? HTTP/1.1" 200 17344
186.103.196.84 - - [19/Mar/2019:16:50:33 -0300] "GET /cormun/servlet/trcontratounov2? HTTP/1.1" 200 17342
190.171.153.218 - - [19/Mar/2019:16:50:42 -0300] "GET /cormun/servlet/trsolicitudot? HTTP/1.1" 200 7536
190.171.153.218 - - [19/Mar/2019:16:50:43 -0300] "GET /cormun/servlet/trsolicitudot? HTTP/1.1" 200 7536
190.171.153.218 - - [19/Mar/2019:16:50:44 -0300] "GET /cormun/servlet/solicitudot?INS,0,0, HTTP/1.1" 200 15166
190.171.153.218 - - [19/Mar/2019:16:50:45 -0300] "GET /cormun/servlet/solicitudot?INS,0,0, HTTP/1.1" 200 15171
164.77.113.188 - - [19/Mar/2019:16:50:47 -0300] "GET /cormun/servlet/prfichaempleado?,MD,,gxPopupLevel%3D0%3B HTTP/1.1" 200 9416
164.77.113.188 - - [19/Mar/2019:16:50:52 -0300] "POST /cormun/servlet/prfichaempleado?8e2837cd9c185dca211cdce718b2611e,,MD,,gxPopupLevel%3D0%3B,gx-no-cache=1553024830857 HTTP/1.1" 200 3415
164.77.113.188 - - [19/Mar/2019:16:50:56 -0300] "POST /cormun/servlet/solicitudot?gx-no-cache=1553024834583 HTTP/1.1" 200 3546
