200.54.107.2 - - [19/Mar/2019:11:56:32 -0300] "POST /cormun/servlet/solicitudot?gx-no-cache=1553007172775 HTTP/1.1" 200 30
200.54.107.2 - - [19/Mar/2019:11:56:34 -0300] "GET /cormun/servlet/prcontratosol?9237965,,,,,MD,,gxPopupLevel%3D0%3B HTTP/1.1" 200 9181
200.54.107.2 - - [19/Mar/2019:11:56:37 -0300] "POST /cormun/servlet/solicitudot?gx-no-cache=1553007177636 HTTP/1.1" 200 1289
200.54.107.2 - - [19/Mar/2019:11:56:37 -0300] "POST /cormun/servlet/solicitudot?gx-no-cache=1553007177712 HTTP/1.1" 200 38
200.54.107.2 - - [19/Mar/2019:11:56:37 -0300] "GET /cormun/servlet/solicitudot?08d47aff4059a0b14ca294c61322ed78b01f6166418dca3029741dc3989691dc9b2999357496c82f258d1d585bc6b9acbb335d624c5c8c4e32f3b694779d8a9d341ab5061be7872c8038554070a8c365bad0853efeb5c2237d75f117d197f406960d707758818f8671cd3cd7a253a092,gx-no-cache=1553007177763 HTTP/1.1" 200 110
200.54.107.2 - - [19/Mar/2019:11:56:37 -0300] "POST /cormun/servlet/solicitudot?gx-no-cache=1553007177827 HTTP/1.1" 200 110
200.54.107.2 - - [19/Mar/2019:11:56:37 -0300] "GET /cormun/servlet/solicitudot?08d47aff4059a0b14ca294c61322ed78bc4a5a35eea81207edb775ff2ca6a867b191d1bbda5a64179047b95b70b2dbeb09fa7c3ed9ea0fceaa79119a5b1f204bab3c7488e3428d7a5929bd125126c9956a097d72774c0f940b46b6b9d30485a30bcf06d77a8efda044d6adc194e85c280d90f675972aa4534d7335b3b3a1d630908bbf98e340ab95ed89ad3a7865e7348a2c728cc659283f658dfec73cd2dbd0,gx-no-cache=1553007177900 HTTP/1.1" 200 29
200.54.107.2 - - [19/Mar/2019:11:56:37 -0300] "GET /cormun/servlet/solicitudot?08d47aff4059a0b14ca294c61322ed78cb7e380951b854150f5030d41eb052523bda040a684defa5893e94b3c89993e4,gx-no-cache=1553007177947 HTTP/1.1" 200 30
192.168.10.96 - - [19/Mar/2019:11:56:38 -0300] "GET /digitalizacion/servlet/hhome HTTP/1.1" 200 2610
192.168.10.96 - - [19/Mar/2019:11:56:39 -0300] "GET /digitalizacion/servlet/hlogin HTTP/1.1" 302 -
192.168.10.96 - - [19/Mar/2019:11:56:39 -0300] "GET /digitalizacion/servlet/hhome HTTP/1.1" 200 2635
192.168.10.96 - - [19/Mar/2019:11:56:39 -0300] "GET /digitalizacion/servlet/wblogin? HTTP/1.1" 200 2322
200.54.107.2 - - [19/Mar/2019:11:56:43 -0300] "POST /cormun/servlet/solicitudot?gx-no-cache=1553007183871 HTTP/1.1" 200 33
192.168.10.96 - - [19/Mar/2019:11:56:45 -0300] "POST /digitalizacion/servlet/wblogin?6a31f9af45cae3c2163c85ad77e7afd0,,gx-no-cache=1553014209671 HTTP/1.1" 200 65
192.168.10.96 - - [19/Mar/2019:11:56:45 -0300] "GET /digitalizacion/servlet/hhome HTTP/1.1" 200 2820
192.168.10.96 - - [19/Mar/2019:11:56:46 -0300] "GET /digitalizacion/servlet/hhome HTTP/1.1" 200 2818
192.168.10.96 - - [19/Mar/2019:11:56:48 -0300] "GET /digitalizacion/servlet/trdocumentos? HTTP/1.1" 200 9871
192.168.10.96 - - [19/Mar/2019:11:56:49 -0300] "GET /digitalizacion/servlet/trdocumentos? HTTP/1.1" 200 9869
192.168.10.96 - - [19/Mar/2019:11:56:49 -0300] "POST /digitalizacion/servlet/trdocumentos?gx-no-cache=1553014213778 HTTP/1.1" 200 449
192.168.10.96 - - [19/Mar/2019:11:56:49 -0300] "POST /digitalizacion/servlet/trdocumentos?gx-no-cache=1553014213807 HTTP/1.1" 200 78
200.54.107.2 - - [19/Mar/2019:11:56:53 -0300] "POST /cormun/servlet/solicitudot?9f5a2d6c5f0e2d855f41fc47ec184f57,INS,0,0,,gx-no-cache=1553007193635 HTTP/1.1" 200 12310
200.54.107.2 - - [19/Mar/2019:11:56:53 -0300] "GET /cormun/static/Shared/jqueryui/images/ui-bg_highlight-soft_100_c6c2c8_1x100.png HTTP/1.1" 404 1117
200.54.107.2 - - [19/Mar/2019:11:56:53 -0300] "GET /cormun/static/Shared/jqueryui/images/ui-bg_flat_55_994d53_40x100.png HTTP/1.1" 404 1097
200.54.107.2 - - [19/Mar/2019:11:56:53 -0300] "GET /cormun/static/Shared/jqueryui/images/ui-icons_ebccce_256x240.png HTTP/1.1" 404 1089
200.54.107.2 - - [19/Mar/2019:11:56:53 -0300] "GET /cormun/static/Shared/jqueryui/images/ui-icons_82798d_256x240.png HTTP/1.1" 404 1089
192.168.10.96 - - [19/Mar/2019:11:56:55 -0300] "POST /digitalizacion/servlet/trdocumentos?gx-no-cache=1553014219502 HTTP/1.1" 200 237
200.54.107.2 - - [19/Mar/2019:11:57:05 -0300] "GET /cormun/servlet/solicitudot?08d47aff4059a0b14ca294c61322ed78cb7e380951b854150f5030d41eb052523bda040a684defa5893e94b3c89993e4,gx-no-cache=1553007206216 HTTP/1.1" 200 30
200.54.107.2 - - [19/Mar/2019:11:57:05 -0300] "POST /cormun/servlet/solicitudot?gx-no-cache=1553007206239 HTTP/1.1" 200 33
200.54.107.2 - - [19/Mar/2019:11:57:06 -0300] "POST /cormun/servlet/solicitudot?9f5a2d6c5f0e2d855f41fc47ec184f57,INS,0,0,,gx-no-cache=1553007206294 HTTP/1.1" 200 93
192.168.10.96 - - [19/Mar/2019:11:57:06 -0300] "POST /digitalizacion/servlet/trdocumentos?6a31f9af45cae3c2163c85ad77e7afd0,,gx-no-cache=1553014229886 HTTP/1.1" 200 3172
200.54.107.2 - - [19/Mar/2019:11:57:06 -0300] "GET /cormun/servlet/hpexe_return? HTTP/1.1" 200 1027
200.54.107.2 - - [19/Mar/2019:11:57:07 -0300] "GET /cormun/servlet/trsolicitudot?gx-no-cache=1553005433590 HTTP/1.1" 200 24355
200.54.107.2 - - [19/Mar/2019:11:57:08 -0300] "GET /cormun/servlet/trsolicitudot?gx-no-cache=1553005433590 HTTP/1.1" 200 24371
192.168.10.96 - - [19/Mar/2019:11:57:08 -0300] "POST /digitalizacion/servlet/trdocumentos?6a31f9af45cae3c2163c85ad77e7afd0,,gx-no-cache=1553014231309 HTTP/1.1" 200 3172
192.168.10.96 - - [19/Mar/2019:11:57:11 -0300] "POST /digitalizacion/servlet/trdocumentos?gx-no-cache=1553014235549 HTTP/1.1" 200 218
200.54.107.2 - - [19/Mar/2019:11:57:13 -0300] "POST /cormun/servlet/trsolicitudot?9f5a2d6c5f0e2d855f41fc47ec184f57,gx-no-cache=1553005433590,gx-no-cache=1553007211746 HTTP/1.1" 200 21892
200.54.107.2 - - [19/Mar/2019:11:57:13 -0300] "GET /cormun/static/Shared/jqueryui/images/ui-bg_highlight-soft_100_c6c2c8_1x100.png HTTP/1.1" 404 1117
200.54.107.2 - - [19/Mar/2019:11:57:13 -0300] "GET /cormun/static/Shared/jqueryui/images/ui-icons_82798d_256x240.png HTTP/1.1" 404 1089
200.54.107.2 - - [19/Mar/2019:11:57:13 -0300] "GET /cormun/static/Shared/jqueryui/images/ui-icons_8d78a5_256x240.png HTTP/1.1" 404 1089
200.54.107.2 - - [19/Mar/2019:11:57:13 -0300] "GET /cormun/static/Shared/jqueryui/images/ui-bg_flat_55_fafafa_40x100.png HTTP/1.1" 404 1097
200.54.107.2 - - [19/Mar/2019:11:57:14 -0300] "POST /cormun/servlet/trsolicitudot?9f5a2d6c5f0e2d855f41fc47ec184f57,gx-no-cache=1553005433590,gx-no-cache=1553007214336 HTTP/1.1" 200 21830
192.168.10.96 - - [19/Mar/2019:11:57:16 -0300] "POST /digitalizacion/servlet/trdocumentos?gx-no-cache=1553014240616 HTTP/1.1" 200 94
192.168.10.96 - - [19/Mar/2019:11:57:19 -0300] "POST /digitalizacion/servlet/trdocumentos?6a31f9af45cae3c2163c85ad77e7afd0,,gx-no-cache=1553014242709 HTTP/1.1" 200 3861
200.54.107.2 - - [19/Mar/2019:11:57:20 -0300] "POST /cormun/servlet/trsolicitudot?9f5a2d6c5f0e2d855f41fc47ec184f57,gx-no-cache=1553005433590,gx-no-cache=1553007219731 HTTP/1.1" 200 21891
200.54.107.2 - - [19/Mar/2019:11:57:22 -0300] "POST /cormun/servlet/trsolicitudot?9f5a2d6c5f0e2d855f41fc47ec184f57,gx-no-cache=1553005433590,gx-no-cache=1553007221053 HTTP/1.1" 200 21827
192.168.10.96 - - [19/Mar/2019:11:57:24 -0300] "GET /digitalizacion/servlet/wbadjunto?80574,PU HTTP/1.1" 302 -
192.168.10.96 - - [19/Mar/2019:11:57:24 -0300] "GET /digitalizacion/PublicTempStorage/6752052.tmp HTTP/1.1" 200 5368141
190.171.152.114 - - [19/Mar/2019:11:58:04 -0300] "GET /cormun/servlet/prbanco?,MD,,gxPopupLevel%3D0%3B HTTP/1.1" 200 6626
190.171.152.114 - - [19/Mar/2019:11:58:07 -0300] "GET /cormun/servlet/solicitudot?d68432e868db7c04c9700dee4982e17830ca278c7c1fb4ea686808e3deb4043558c71030672a9733f45f9234abc03805b2a0f7e6607e682583ce3f32c16b59c6,gx-no-cache=1553007269246 HTTP/1.1" 200 30
190.171.152.114 - - [19/Mar/2019:11:58:09 -0300] "GET /cormun/servlet/solicitudot?d68432e868db7c04c9700dee4982e17863a069019b3edf030d1bf0c775f7f6ba,gx-no-cache=1553007270766 HTTP/1.1" 200 53
192.168.10.96 - - [19/Mar/2019:11:58:38 -0300] "POST /digitalizacion/servlet/trdocumentos?gx-no-cache=1553014321982 HTTP/1.1" 200 455
192.168.10.96 - - [19/Mar/2019:11:58:39 -0300] "POST /digitalizacion/servlet/trdocumentos?gx-no-cache=1553014323466 HTTP/1.1" 200 78
192.168.10.96 - - [19/Mar/2019:11:58:48 -0300] "POST /digitalizacion/servlet/trdocumentos?gx-no-cache=1553014332205 HTTP/1.1" 200 78
192.168.10.96 - - [19/Mar/2019:11:58:49 -0300] "POST /digitalizacion/servlet/trdocumentos?6a31f9af45cae3c2163c85ad77e7afd0,,gx-no-cache=1553014333302 HTTP/1.1" 200 2981
192.168.10.96 - - [19/Mar/2019:11:58:55 -0300] "POST /digitalizacion/servlet/trdocumentos?gx-no-cache=1553014338997 HTTP/1.1" 200 176
192.168.10.96 - - [19/Mar/2019:11:58:56 -0300] "POST /digitalizacion/servlet/trdocumentos?6a31f9af45cae3c2163c85ad77e7afd0,,gx-no-cache=1553014340167 HTTP/1.1" 200 3084
192.168.10.96 - - [19/Mar/2019:11:59:09 -0300] "POST /digitalizacion/servlet/trdocumentos?gx-no-cache=1553014353758 HTTP/1.1" 200 78
192.168.10.96 - - [19/Mar/2019:11:59:11 -0300] "POST /digitalizacion/servlet/trdocumentos?6a31f9af45cae3c2163c85ad77e7afd0,,gx-no-cache=1553014355406 HTTP/1.1" 200 2962
200.54.107.2 - - [19/Mar/2019:11:59:37 -0300] "GET /cormun/servlet/solicitudot?INS,0,0, HTTP/1.1" 200 15109
200.54.107.2 - - [19/Mar/2019:11:59:38 -0300] "GET /cormun/servlet/solicitudot?INS,0,0, HTTP/1.1" 200 15093
200.54.107.2 - - [19/Mar/2019:11:59:48 -0300] "POST /cormun/servlet/solicitudot?gx-no-cache=1553007369078 HTTP/1.1" 200 3572
200.54.107.2 - - [19/Mar/2019:11:59:49 -0300] "POST /cormun/servlet/solicitudot?9f5a2d6c5f0e2d855f41fc47ec184f57,INS,0,0,,gx-no-cache=1553007369252 HTTP/1.1" 200 11964
200.54.107.2 - - [19/Mar/2019:11:59:49 -0300] "GET /cormun/servlet/solicitudot?08d47aff4059a0b14ca294c61322ed78a5c97bdf1004d6ea44481b50cbe39a17152a9cc6acf88c2f0abfaf7d1aa7d8b4,gx-no-cache=1553007370259 HTTP/1.1" 200 30
190.171.152.242 - - [19/Mar/2019:12:01:12 -0300] "GET /cormun/servlet/hlogin HTTP/1.1" 200 1723
190.171.152.242 - - [19/Mar/2019:12:01:12 -0300] "GET /cormun/static/gxtimezone.js?85251 HTTP/1.1" 200 5781
190.171.152.242 - - [19/Mar/2019:12:01:12 -0300] "GET /cormun/static/gxcfg.js?20177612122725 HTTP/1.1" 200 953
190.171.152.242 - - [19/Mar/2019:12:01:12 -0300] "GET /cormun/static/Resources/Spanish/PXTools.css?1155365 HTTP/1.1" 200 89042
190.171.152.242 - - [19/Mar/2019:12:01:12 -0300] "GET /cormun/static/messages.spa.js?85251 HTTP/1.1" 200 30736
190.171.152.242 - - [19/Mar/2019:12:01:12 -0300] "GET /cormun/static/Resources/ComunLogin.png HTTP/1.1" 200 17326
190.171.152.242 - - [19/Mar/2019:12:01:12 -0300] "GET /cormun/static/hlogin.js?20177612122738 HTTP/1.1" 200 2136
190.171.152.242 - - [19/Mar/2019:12:01:13 -0300] "GET /cormun/static/gxgral.js?85251 HTTP/1.1" 200 384558
190.171.152.242 - - [19/Mar/2019:12:01:13 -0300] "GET /cormun/static/Resources/PXToolsLoginTop.png HTTP/1.1" 200 1337
190.171.152.242 - - [19/Mar/2019:12:01:13 -0300] "GET /cormun/static/Resources/PXToolsLoginBackground.png HTTP/1.1" 200 1164
190.171.152.242 - - [19/Mar/2019:12:01:13 -0300] "GET /cormun/static/Resources/PXToolsButtonLeft21.png HTTP/1.1" 200 1287
190.171.152.242 - - [19/Mar/2019:12:01:13 -0300] "GET /cormun/static/Resources/PXToolsLoginBottom.png HTTP/1.1" 200 1389
190.171.152.242 - - [19/Mar/2019:12:01:13 -0300] "GET /cormun/static/Resources/PXToolsButtonRight21.png HTTP/1.1" 200 1283
190.171.152.242 - - [19/Mar/2019:12:01:13 -0300] "GET /cormun/static/Resources/PXToolsButtonBackground2.png HTTP/1.1" 200 1181
190.171.152.242 - - [19/Mar/2019:12:01:13 -0300] "GET /cormun/servlet/hlogin HTTP/1.1" 200 1730
190.171.152.242 - - [19/Mar/2019:12:01:13 -0300] "GET /cormun/static/Resources/indicator.gif HTTP/1.1" 200 1553
190.171.152.242 - - [19/Mar/2019:12:01:13 -0300] "GET /cormun/static/Resources/indicator.gif HTTP/1.1" 200 1553
190.171.152.242 - - [19/Mar/2019:12:01:13 -0300] "GET /favicon.ico HTTP/1.1" 200 21630
200.54.107.2 - - [19/Mar/2019:12:01:30 -0300] "GET /cormun/servlet/trpermisosgoce HTTP/1.1" 200 6104
200.54.107.2 - - [19/Mar/2019:12:01:31 -0300] "GET /cormun/servlet/hlogin HTTP/1.1" 200 1737
200.54.107.2 - - [19/Mar/2019:12:01:31 -0300] "GET /cormun/servlet/trpermisosgoce HTTP/1.1" 200 6113
200.54.107.2 - - [19/Mar/2019:12:01:33 -0300] "POST /cormun/servlet/hlogin?1fc85b95a6dfd90107e9fa0fdaf4b231,gx-no-cache=1553007473903 HTTP/1.1" 200 90
200.54.107.2 - - [19/Mar/2019:12:01:33 -0300] "GET /cormun/servlet/hpexe_link HTTP/1.1" 200 954
200.54.107.2 - - [19/Mar/2019:12:01:33 -0300] "GET /cormun/servlet/trpermisosgoce HTTP/1.1" 200 6986
200.54.107.2 - - [19/Mar/2019:12:01:34 -0300] "GET /cormun/servlet/trpermisosgoce HTTP/1.1" 200 6984
190.171.152.242 - - [19/Mar/2019:12:01:59 -0300] "POST /cormun/servlet/hlogin?5c3707cca157129790fc40acc2f3afff,gx-no-cache=1553007500982 HTTP/1.1" 200 443
200.54.107.2 - - [19/Mar/2019:12:02:24 -0300] "GET /cormun/servlet/trsolicitudot? HTTP/1.1" 200 9167
200.54.107.2 - - [19/Mar/2019:12:02:24 -0300] "GET /cormun/servlet/trsolicitudot? HTTP/1.1" 200 9167
200.54.107.2 - - [19/Mar/2019:12:02:30 -0300] "GET /cormun/servlet/solicitudot?INS,0,0, HTTP/1.1" 200 15089
200.54.107.2 - - [19/Mar/2019:12:02:31 -0300] "GET /cormun/servlet/solicitudot?INS,0,0, HTTP/1.1" 200 15094
190.171.152.114 - - [19/Mar/2019:12:02:35 -0300] "POST /cormun/servlet/solicitudot?gx-no-cache=1553007537192 HTTP/1.1" 200 255
190.171.152.114 - - [19/Mar/2019:12:02:37 -0300] "GET /cormun/servlet/solicitudot?d68432e868db7c04c9700dee4982e1787d3e7a2e0b5a5ba367774b5735b15e46c0b4eb43bee2473e80df02e075de84434e5b80b7799b11f5618170490b63002434992542795ad06fdc3932d7b1b06817636142d464486512226c635be5ba259e62721cda4b7f5e39f463b33ada27a4832fb5c0ab9fa67fe8430d0a40d6396126a8942721717d52bcd0f3325713e3c0ca2a7527830cca23e4c69a66b949a0137ce1fb8aad5f91b40b41870efa7cb794e9119a72e27f36b451e9672f60d690098a5b2f3fa49ec529b93af2072c798d08e007c9d0eb5aa48b4300353614b69859f496c5d3434de78d3143ab87887934a5346fed285776518ff6b281d7fc05307f22bff3eae829079ac899e13eb6ba31a56b19bd956d77fb17cb0278c0ddee6050f05c51547495f2e71b2b265d293752aeb2becce53b4f0b9bba9452cd16243d01a981bdbc886a89b5be57dea9d2425d726c88a666322b9109d1b67bd6a1dfd6f2bf9c7d5629a50f77b680c6932464063c5424ddce7058844bf325e3aa705e7832d0,gx-no-cache=1553007539024 HTTP/1.1" 200 30
46.174.191.28 - - [19/Mar/2019:12:02:39 -0300] "GET / HTTP/1.0" 200 11197
190.171.152.114 - - [19/Mar/2019:12:02:41 -0300] "POST /cormun/servlet/solicitudot?gx-no-cache=1553007542575 HTTP/1.1" 200 30
190.171.152.114 - - [19/Mar/2019:12:02:42 -0300] "GET /cormun/servlet/prcontratosol?16739952,,,,,MD,,gxPopupLevel%3D0%3B HTTP/1.1" 200 5686
190.171.152.114 - - [19/Mar/2019:12:02:42 -0300] "GET /cormun/static/gxcfg.js?201761413223964 HTTP/1.1" 200 953
190.171.152.114 - - [19/Mar/2019:12:02:42 -0300] "GET /cormun/static/Resources/Spanish/PXTools.css?11423723 HTTP/1.1" 200 89042
190.171.152.114 - - [19/Mar/2019:12:02:42 -0300] "GET /cormun/static/prcontratosol.js?201761413224174 HTTP/1.1" 200 15806
200.54.107.2 - - [19/Mar/2019:12:02:45 -0300] "POST /cormun/servlet/solicitudot?gx-no-cache=1553007545429 HTTP/1.1" 200 3572
200.54.107.2 - - [19/Mar/2019:12:02:45 -0300] "POST /cormun/servlet/solicitudot?1fc85b95a6dfd90107e9fa0fdaf4b231,INS,0,0,,gx-no-cache=1553007545705 HTTP/1.1" 200 11945
190.171.152.114 - - [19/Mar/2019:12:02:45 -0300] "POST /cormun/servlet/solicitudot?gx-no-cache=1553007547383 HTTP/1.1" 200 1285
190.171.152.114 - - [19/Mar/2019:12:02:46 -0300] "POST /cormun/servlet/solicitudot?gx-no-cache=1553007547480 HTTP/1.1" 200 38
190.171.152.114 - - [19/Mar/2019:12:02:46 -0300] "GET /cormun/servlet/solicitudot?d68432e868db7c04c9700dee4982e1780542a5c95da84f767090ca986901c809d0f24204a549363504b2eb4f950b246fc1db40ff9d02c07962822f2fe4b093b2a387fc79f082410575001a29d05550b1bcf4585f1d9b8fbd5b8b4a7da132d471e1c12cbe988a25d1373460ff9b90c247,gx-no-cache=1553007547527 HTTP/1.1" 200 110
190.171.152.114 - - [19/Mar/2019:12:02:46 -0300] "POST /cormun/servlet/solicitudot?gx-no-cache=1553007547582 HTTP/1.1" 200 64
190.171.152.114 - - [19/Mar/2019:12:02:46 -0300] "GET /cormun/servlet/solicitudot?d68432e868db7c04c9700dee4982e178a8c636f95a5c66be7891cde44779be1497a5458b1a9ed5ae77306b8f4e76d28c4aa4592274edcfe619a4730a2847b65d5223a3c5886e5ed5f76da1dfe58e5c13faf8edc507fc71b7e76c67e5e644580cd26bb596a2ff0b8ecedde2fe58cb3275,gx-no-cache=1553007547636 HTTP/1.1" 200 29
190.171.152.114 - - [19/Mar/2019:12:02:46 -0300] "GET /cormun/servlet/solicitudot?d68432e868db7c04c9700dee4982e1786c9229fee5722f92daf83798bfb22fd5,gx-no-cache=1553007547671 HTTP/1.1" 200 30
200.54.107.2 - - [19/Mar/2019:12:02:46 -0300] "POST /cormun/servlet/solicitudot?1fc85b95a6dfd90107e9fa0fdaf4b231,INS,0,0,,gx-no-cache=1553007546982 HTTP/1.1" 200 12262
200.54.107.2 - - [19/Mar/2019:12:02:47 -0300] "GET /cormun/static/Shared/jqueryui/images/ui-bg_highlight-soft_100_c6c2c8_1x100.png HTTP/1.1" 404 1117
200.54.107.2 - - [19/Mar/2019:12:02:47 -0300] "GET /cormun/static/Shared/jqueryui/images/ui-bg_flat_55_994d53_40x100.png HTTP/1.1" 404 1097
200.54.107.2 - - [19/Mar/2019:12:02:47 -0300] "GET /cormun/static/Shared/jqueryui/images/ui-icons_82798d_256x240.png HTTP/1.1" 404 1089
200.54.107.2 - - [19/Mar/2019:12:02:47 -0300] "GET /cormun/static/Shared/jqueryui/images/ui-icons_ebccce_256x240.png HTTP/1.1" 404 1089
200.54.107.2 - - [19/Mar/2019:12:02:52 -0300] "GET /cormun/servlet/solicitudot?3819b2d2b4521297fc3ad1156e87587c064f95260fa9de0c75b230b258edb3b2fe1449e85b615dae298478a2838d1e98,gx-no-cache=1553007552294 HTTP/1.1" 200 30
200.54.107.2 - - [19/Mar/2019:12:02:52 -0300] "GET /cormun/servlet/solicitudot?3819b2d2b4521297fc3ad1156e87587c45db20991f6e01291072b957e71765e948e245bcdfeb4a8e25840cefa2405575fe1449e85b615dae298478a2838d1e98,gx-no-cache=1553007552347 HTTP/1.1" 200 30
200.54.107.2 - - [19/Mar/2019:12:02:52 -0300] "GET /cormun/servlet/solicitudot?3819b2d2b4521297fc3ad1156e87587ce89153f70615bf4d82f00908be1f6ea7b60092312fca987ca5fb87c7ff748285455d64f42634bdeffa6eb9b1d6f76a352f522e62746f81fbc73e25a072b938031fbbdb2ba2eb247c1ad76fab53fe340cf449750aef87e3c4c6cbf36db893a6e4,gx-no-cache=1553007552375 HTTP/1.1" 200 53
200.54.107.2 - - [19/Mar/2019:12:02:52 -0300] "POST /cormun/servlet/solicitudot?gx-no-cache=1553007552405 HTTP/1.1" 200 255
200.54.107.2 - - [19/Mar/2019:12:02:52 -0300] "GET /cormun/servlet/solicitudot?3819b2d2b4521297fc3ad1156e87587cd44f84a968a643b1a2dace2d48d85f65b4d7f9b2e1974bf60acb2dd158cc3a7231f2105f151d8a3be7b153b6a875d3cd0cd052a0e57a1b07d06aab091635f58d463d8d447d7f246b5f526aac8309084296b6377b7a411b5b5729752b752e3e5f14832c17b4fbadbd7ebeb1f4832a676c59d8d3daa22f4b1d0b41310bd2702ca68ed50face1b85a824e7d391340517f1edd7ad9929f96306e3432d464e34e3acc913ff7f22c63bcc3549b523e60e6f80cbc9c0dfd6edd0409efdb7e2a4087d1867710a6bb22355a5f63a1c80257f7e5d66468adf2fa277192c37f12d63f0be5a593a4f9c2000c032971692e0cf4ca2d29ce9989795092b73f3736da2b764005eb0d283b278146fe6b5eb7e2ff104573cd61f8be9adcfaf1e8fd24bb28a6f55740a35ad2edffa1dd6b4d6cdf63bd8cc4dccd9259cc530bc657c4366e9a55b3b50d463c42239a78ae79be44a05c42b290176da2741f38aad75a37108fe42a5c281b07ff3bdf4e0ff8722abc07dd0a27910f,gx-no-cache=1553007552434 HTTP/1.1" 200 30
200.54.107.2 - - [19/Mar/2019:12:02:55 -0300] "POST /cormun/servlet/solicitudot?gx-no-cache=1553007555484 HTTP/1.1" 200 30
190.171.152.114 - - [19/Mar/2019:12:02:59 -0300] "POST /cormun/servlet/solicitudot?gx-no-cache=1553007560406 HTTP/1.1" 200 1285
190.171.152.114 - - [19/Mar/2019:12:02:59 -0300] "POST /cormun/servlet/solicitudot?gx-no-cache=1553007560559 HTTP/1.1" 200 38
190.171.152.114 - - [19/Mar/2019:12:03:09 -0300] "GET /cormun/servlet/solicitudot?d68432e868db7c04c9700dee4982e1780542a5c95da84f767090ca986901c809d0f24204a549363504b2eb4f950b246fc1db40ff9d02c07962822f2fe4b093b2a387fc79f082410575001a29d05550b1bcf4585f1d9b8fbd5b8b4a7da132d471e1c12cbe988a25d1373460ff9b90c247,gx-no-cache=1553007570627 HTTP/1.1" 200 110
200.54.107.2 - - [19/Mar/2019:12:03:13 -0300] "POST /cormun/servlet/solicitudot?gx-no-cache=1553007573511 HTTP/1.1" 200 1290
200.54.107.2 - - [19/Mar/2019:12:03:13 -0300] "POST /cormun/servlet/solicitudot?gx-no-cache=1553007573558 HTTP/1.1" 200 38
200.54.107.2 - - [19/Mar/2019:12:03:13 -0300] "GET /cormun/servlet/solicitudot?3819b2d2b4521297fc3ad1156e87587c195248a198442c3d12f614cf7de157fbe51cc7a39a596a7edae5eb9d44c413e20985dd2f68e46b770d9d2fb9a7aa54b5b747ac18cb8b718691d026e72e22d5c584788a6648e5011e9d4cab032e672b596a9649f566ade4f2ec9e948bf1a38596,gx-no-cache=1553007573589 HTTP/1.1" 200 110
200.54.107.2 - - [19/Mar/2019:12:03:13 -0300] "POST /cormun/servlet/solicitudot?gx-no-cache=1553007573630 HTTP/1.1" 200 97
190.171.152.114 - - [19/Mar/2019:12:03:14 -0300] "POST /cormun/servlet/solicitudot?gx-no-cache=1553007575653 HTTP/1.1" 200 97
190.171.152.242 - - [19/Mar/2019:12:03:25 -0300] "GET /cormun/servlet/hlogin HTTP/1.1" 200 1717
190.171.152.242 - - [19/Mar/2019:12:03:25 -0300] "GET /cormun/static/gxcfg.js?20177612122725 HTTP/1.1" 304 -
190.171.152.242 - - [19/Mar/2019:12:03:26 -0300] "GET /cormun/servlet/hlogin HTTP/1.1" 200 1725
190.171.152.114 - - [19/Mar/2019:12:03:34 -0300] "GET /cormun/static/menuarrow.gif HTTP/1.1" 404 1015
190.171.152.114 - - [19/Mar/2019:12:03:41 -0300] "GET /cormun/servlet/solicitudot?d68432e868db7c04c9700dee4982e17822dc80d127f448c5ece2261551fcdd1daf6c1c2ae1dc7d198679e5eeb624fa9e,gx-no-cache=1553007602605 HTTP/1.1" 200 30
200.54.107.2 - - [19/Mar/2019:12:03:45 -0300] "POST /cormun/servlet/solicitudot?gx-no-cache=1553007605762 HTTP/1.1" 200 30
190.171.152.114 - - [19/Mar/2019:12:03:47 -0300] "POST /cormun/servlet/solicitudot?gx-no-cache=1553007609105 HTTP/1.1" 200 33
200.54.107.2 - - [19/Mar/2019:12:03:47 -0300] "GET /cormun/servlet/prcontratosol?14201838,,,,,MD,,gxPopupLevel%3D0%3B HTTP/1.1" 200 9070
200.54.107.2 - - [19/Mar/2019:12:03:52 -0300] "POST /cormun/servlet/solicitudot?gx-no-cache=1553007612397 HTTP/1.1" 200 1290
200.54.107.2 - - [19/Mar/2019:12:03:52 -0300] "POST /cormun/servlet/solicitudot?gx-no-cache=1553007612433 HTTP/1.1" 200 38
200.54.107.2 - - [19/Mar/2019:12:03:52 -0300] "GET /cormun/servlet/solicitudot?3819b2d2b4521297fc3ad1156e87587c195248a198442c3d12f614cf7de157fbe51cc7a39a596a7edae5eb9d44c413e20985dd2f68e46b770d9d2fb9a7aa54b5b747ac18cb8b718691d026e72e22d5c584788a6648e5011e9d4cab032e672b596a9649f566ade4f2ec9e948bf1a38596,gx-no-cache=1553007612459 HTTP/1.1" 200 110
200.54.107.2 - - [19/Mar/2019:12:03:52 -0300] "POST /cormun/servlet/solicitudot?gx-no-cache=1553007612489 HTTP/1.1" 200 97
200.54.107.2 - - [19/Mar/2019:12:03:52 -0300] "GET /cormun/servlet/solicitudot?3819b2d2b4521297fc3ad1156e87587c6c5b0cb97138166698ce1b7ceb120793f5be30da257ec1817e4d77eb714f7263966ba88d6708575c688275567350055aa9907eb5da3f8d22ae711dd74157d88e2c7e70559f9b0c0d1b33531a8d2db6c22a12983147a225d80635b643db3cacaf9371a12424f62ddecbed9ee7a6df5586d895b0502b2dacca44392de46d5d3dfacb778067d756ad9993890426f794756c,gx-no-cache=1553007612528 HTTP/1.1" 200 29
200.54.107.2 - - [19/Mar/2019:12:03:52 -0300] "GET /cormun/servlet/solicitudot?3819b2d2b4521297fc3ad1156e87587c1126748b579d2b3f4e23e595ff015b8b9759595664f41d4f0fb231023a5c51a0,gx-no-cache=1553007612559 HTTP/1.1" 200 30
200.54.107.2 - - [19/Mar/2019:12:04:05 -0300] "GET /cormun/servlet/trsolicitudot? HTTP/1.1" 200 9167
200.54.107.2 - - [19/Mar/2019:12:04:06 -0300] "GET /cormun/servlet/trsolicitudot? HTTP/1.1" 200 9167
190.171.152.242 - - [19/Mar/2019:12:04:07 -0300] "POST /cormun/servlet/hlogin?9283602057f01365eb871708d5c6de5e,gx-no-cache=1553007629487 HTTP/1.1" 200 438
190.171.152.114 - - [19/Mar/2019:12:04:08 -0300] "POST /cormun/servlet/solicitudot?1489b134a99e375eb12ac0a88c6e007e,INS,0,0,,gx-no-cache=1553007629675 HTTP/1.1" 200 93
190.171.152.114 - - [19/Mar/2019:12:04:08 -0300] "GET /cormun/servlet/hpexe_return? HTTP/1.1" 200 1007
190.171.152.114 - - [19/Mar/2019:12:04:09 -0300] "GET /cormun/servlet/trsolicitudot HTTP/1.1" 200 10490
200.54.107.2 - - [19/Mar/2019:12:04:11 -0300] "GET /cormun/servlet/solicitudot?INS,0,0, HTTP/1.1" 200 15089
200.54.107.2 - - [19/Mar/2019:12:04:11 -0300] "GET /cormun/servlet/solicitudot?INS,0,0, HTTP/1.1" 200 15094
200.54.107.2 - - [19/Mar/2019:12:04:25 -0300] "POST /cormun/servlet/solicitudot?gx-no-cache=1553007645474 HTTP/1.1" 200 3572
200.54.107.2 - - [19/Mar/2019:12:04:25 -0300] "POST /cormun/servlet/solicitudot?1fc85b95a6dfd90107e9fa0fdaf4b231,INS,0,0,,gx-no-cache=1553007645881 HTTP/1.1" 200 11945
190.171.152.242 - - [19/Mar/2019:12:04:33 -0300] "POST /cormun/servlet/hlogin?9283602057f01365eb871708d5c6de5e,gx-no-cache=1553007655832 HTTP/1.1" 200 438
200.54.107.2 - - [19/Mar/2019:12:04:37 -0300] "GET /cormun/servlet/solicitudot?3819b2d2b4521297fc3ad1156e87587c064f95260fa9de0c75b230b258edb3b2179e7b9debd8cf6c2943a886f458de13,gx-no-cache=1553007657732 HTTP/1.1" 200 30
200.54.107.2 - - [19/Mar/2019:12:04:37 -0300] "GET /cormun/servlet/solicitudot?3819b2d2b4521297fc3ad1156e87587ca9aedca04bc983f4dc8adf8ca4e84a4007c6a0e4deff0e360af6346258c213e6179e7b9debd8cf6c2943a886f458de13,gx-no-cache=1553007657779 HTTP/1.1" 200 30
200.54.107.2 - - [19/Mar/2019:12:04:37 -0300] "GET /cormun/servlet/solicitudot?3819b2d2b4521297fc3ad1156e87587cd1e03e63a11c7130222340105d391500,gx-no-cache=1553007657805 HTTP/1.1" 200 53
200.54.107.2 - - [19/Mar/2019:12:04:37 -0300] "POST /cormun/servlet/solicitudot?gx-no-cache=1553007657833 HTTP/1.1" 200 255
200.54.107.2 - - [19/Mar/2019:12:04:37 -0300] "GET /cormun/servlet/solicitudot?3819b2d2b4521297fc3ad1156e87587cd44f84a968a643b1a2dace2d48d85f65b4d7f9b2e1974bf60acb2dd158cc3a7231f2105f151d8a3be7b153b6a875d3cd0cd052a0e57a1b07d06aab091635f58d463d8d447d7f246b5f526aac8309084296b6377b7a411b5b5729752b752e3e5f14832c17b4fbadbd7ebeb1f4832a676c59d8d3daa22f4b1d0b41310bd2702ca68ed50face1b85a824e7d391340517f1edd7ad9929f96306e3432d464e34e3acc913ff7f22c63bcc3549b523e60e6f80cbc9c0dfd6edd0409efdb7e2a4087d1867710a6bb22355a5f63a1c80257f7e5d66468adf2fa277192c37f12d63f0be5a593a4f9c2000c032971692e0cf4ca2d29ce9989795092b73f3736da2b764005eb0d283b278146fe6b5eb7e2ff104573cd61f8be9adcfaf1e8fd24bb28a6f55740a35ad2edffa1dd6b4d6cdf63bd8cc4dccd9259cc530bc657c4366e9a55b3b50d463c42239a78ae79be44a05c42b290176da2741f38aad75a37108fe42a5c281ba0fdfce59086d760d1fe5f21d18fa646,gx-no-cache=1553007657862 HTTP/1.1" 200 30
200.54.107.2 - - [19/Mar/2019:12:04:37 -0300] "POST /cormun/servlet/solicitudot?gx-no-cache=1553007657884 HTTP/1.1" 200 30
200.54.107.2 - - [19/Mar/2019:12:04:37 -0300] "POST /cormun/servlet/solicitudot?gx-no-cache=1553007657910 HTTP/1.1" 200 1290
200.54.107.2 - - [19/Mar/2019:12:04:37 -0300] "POST /cormun/servlet/solicitudot?gx-no-cache=1553007657943 HTTP/1.1" 200 38
200.54.107.2 - - [19/Mar/2019:12:04:37 -0300] "GET /cormun/servlet/solicitudot?3819b2d2b4521297fc3ad1156e87587c195248a198442c3d12f614cf7de157fbe51cc7a39a596a7edae5eb9d44c413e20985dd2f68e46b770d9d2fb9a7aa54b5b747ac18cb8b718691d026e72e22d5c584788a6648e5011e9d4cab032e672b596a9649f566ade4f2ec9e948bf1a38596,gx-no-cache=1553007657966 HTTP/1.1" 200 110
190.171.152.242 - - [19/Mar/2019:12:04:41 -0300] "POST /cormun/servlet/hlogin?9283602057f01365eb871708d5c6de5e,gx-no-cache=1553007663303 HTTP/1.1" 200 438
200.54.107.2 - - [19/Mar/2019:12:05:01 -0300] "POST /cormun/servlet/solicitudot?gx-no-cache=1553007681343 HTTP/1.1" 200 30
190.171.152.114 - - [19/Mar/2019:12:05:15 -0300] "POST /cormun/servlet/trsolicitudot?1489b134a99e375eb12ac0a88c6e007e,gx-no-cache=1553007696678 HTTP/1.1" 200 7277
190.171.152.114 - - [19/Mar/2019:12:05:16 -0300] "POST /cormun/servlet/trsolicitudot?1489b134a99e375eb12ac0a88c6e007e,gx-no-cache=1553007697366 HTTP/1.1" 200 7219
190.171.152.114 - - [19/Mar/2019:12:05:16 -0300] "GET /cormun/static/Shared/jqueryui/images/ui-bg_highlight-soft_100_c6c2c8_1x100.png HTTP/1.1" 404 1117
190.171.152.114 - - [19/Mar/2019:12:05:16 -0300] "GET /cormun/static/Shared/jqueryui/images/ui-bg_flat_55_fafafa_40x100.png HTTP/1.1" 404 1097
190.171.152.114 - - [19/Mar/2019:12:05:16 -0300] "GET /cormun/static/Shared/jqueryui/images/ui-icons_8d78a5_256x240.png HTTP/1.1" 404 1089
190.171.152.114 - - [19/Mar/2019:12:05:16 -0300] "GET /cormun/static/Shared/jqueryui/images/ui-icons_82798d_256x240.png HTTP/1.1" 404 1089
190.171.152.114 - - [19/Mar/2019:12:05:17 -0300] "POST /cormun/servlet/trsolicitudot?1489b134a99e375eb12ac0a88c6e007e,gx-no-cache=1553007698971 HTTP/1.1" 200 6928
190.171.152.114 - - [19/Mar/2019:12:05:18 -0300] "POST /cormun/servlet/trsolicitudot?1489b134a99e375eb12ac0a88c6e007e,gx-no-cache=1553007699659 HTTP/1.1" 200 6873
190.171.152.114 - - [19/Mar/2019:12:05:19 -0300] "POST /cormun/servlet/trsolicitudot?1489b134a99e375eb12ac0a88c6e007e,gx-no-cache=1553007701131 HTTP/1.1" 200 6666
190.171.152.114 - - [19/Mar/2019:12:05:20 -0300] "POST /cormun/servlet/trsolicitudot?1489b134a99e375eb12ac0a88c6e007e,gx-no-cache=1553007701894 HTTP/1.1" 200 6610
190.171.152.114 - - [19/Mar/2019:12:05:22 -0300] "POST /cormun/servlet/trsolicitudot?1489b134a99e375eb12ac0a88c6e007e,gx-no-cache=1553007703528 HTTP/1.1" 200 6311
190.171.152.114 - - [19/Mar/2019:12:05:23 -0300] "POST /cormun/servlet/trsolicitudot?1489b134a99e375eb12ac0a88c6e007e,gx-no-cache=1553007704273 HTTP/1.1" 200 6255
190.171.152.114 - - [19/Mar/2019:12:05:25 -0300] "POST /cormun/servlet/trsolicitudot?1489b134a99e375eb12ac0a88c6e007e,gx-no-cache=1553007707041 HTTP/1.1" 200 5965
190.171.152.114 - - [19/Mar/2019:12:05:26 -0300] "POST /cormun/servlet/trsolicitudot?1489b134a99e375eb12ac0a88c6e007e,gx-no-cache=1553007707855 HTTP/1.1" 200 5908
190.171.152.114 - - [19/Mar/2019:12:05:28 -0300] "POST /cormun/servlet/trsolicitudot?1489b134a99e375eb12ac0a88c6e007e,gx-no-cache=1553007709814 HTTP/1.1" 200 4763
190.171.152.114 - - [19/Mar/2019:12:05:29 -0300] "POST /cormun/servlet/trsolicitudot?1489b134a99e375eb12ac0a88c6e007e,gx-no-cache=1553007710522 HTTP/1.1" 200 4528
200.54.107.2 - - [19/Mar/2019:12:05:29 -0300] "POST /cormun/servlet/solicitudot?gx-no-cache=1553007709415 HTTP/1.1" 200 30
190.171.152.114 - - [19/Mar/2019:12:05:32 -0300] "GET /cormun/servlet/trautorizarsolicitud? HTTP/1.1" 200 10368
190.171.152.114 - - [19/Mar/2019:12:05:32 -0300] "GET /cormun/static/gxcfg.js?2017111423403364 HTTP/1.1" 200 953
190.171.152.114 - - [19/Mar/2019:12:05:32 -0300] "GET /cormun/static/trautorizarsolicitud.js?201711142340425 HTTP/1.1" 200 53910
200.54.107.2 - - [19/Mar/2019:12:05:35 -0300] "GET /cormun/servlet/prcontratosol?14201838,,,,,MD,,gxPopupLevel%3D0%3B HTTP/1.1" 200 9070
200.54.107.2 - - [19/Mar/2019:12:05:37 -0300] "POST /cormun/servlet/solicitudot?gx-no-cache=1553007718193 HTTP/1.1" 200 1290
200.54.107.2 - - [19/Mar/2019:12:05:37 -0300] "POST /cormun/servlet/solicitudot?gx-no-cache=1553007718228 HTTP/1.1" 200 38
200.54.107.2 - - [19/Mar/2019:12:05:37 -0300] "GET /cormun/servlet/solicitudot?3819b2d2b4521297fc3ad1156e87587c195248a198442c3d12f614cf7de157fbe51cc7a39a596a7edae5eb9d44c413e20985dd2f68e46b770d9d2fb9a7aa54b5b747ac18cb8b718691d026e72e22d5c584788a6648e5011e9d4cab032e672b596a9649f566ade4f2ec9e948bf1a38596,gx-no-cache=1553007718248 HTTP/1.1" 200 110
200.54.107.2 - - [19/Mar/2019:12:05:38 -0300] "POST /cormun/servlet/solicitudot?gx-no-cache=1553007718277 HTTP/1.1" 200 97
200.54.107.2 - - [19/Mar/2019:12:05:38 -0300] "GET /cormun/servlet/solicitudot?3819b2d2b4521297fc3ad1156e87587c6c5b0cb97138166698ce1b7ceb120793f5be30da257ec1817e4d77eb714f7263966ba88d6708575c688275567350055aa9907eb5da3f8d22ae711dd74157d88e2c7e70559f9b0c0d1b33531a8d2db6c22a12983147a225d80635b643db3cacaf9371a12424f62ddecbed9ee7a6df5586d895b0502b2dacca44392de46d5d3dfacb778067d756ad9993890426f794756c,gx-no-cache=1553007718314 HTTP/1.1" 200 29
200.54.107.2 - - [19/Mar/2019:12:05:38 -0300] "GET /cormun/servlet/solicitudot?3819b2d2b4521297fc3ad1156e87587c1126748b579d2b3f4e23e595ff015b8b9759595664f41d4f0fb231023a5c51a0,gx-no-cache=1553007718341 HTTP/1.1" 200 30
200.54.107.2 - - [19/Mar/2019:12:05:41 -0300] "POST /cormun/servlet/solicitudot?gx-no-cache=1553007722231 HTTP/1.1" 200 33
200.54.107.2 - - [19/Mar/2019:12:05:48 -0300] "GET /cormun/servlet/solicitudot?3819b2d2b4521297fc3ad1156e87587c1126748b579d2b3f4e23e595ff015b8b9759595664f41d4f0fb231023a5c51a0,gx-no-cache=1553007728724 HTTP/1.1" 200 30
200.54.107.2 - - [19/Mar/2019:12:05:48 -0300] "POST /cormun/servlet/solicitudot?gx-no-cache=1553007728820 HTTP/1.1" 200 33
190.171.152.114 - - [19/Mar/2019:12:05:56 -0300] "POST /cormun/servlet/trautorizarsolicitud?1489b134a99e375eb12ac0a88c6e007e,,gx-no-cache=1553007738103 HTTP/1.1" 200 7195
190.171.152.114 - - [19/Mar/2019:12:05:57 -0300] "POST /cormun/servlet/trautorizarsolicitud?1489b134a99e375eb12ac0a88c6e007e,,gx-no-cache=1553007738739 HTTP/1.1" 200 7137
190.171.152.114 - - [19/Mar/2019:12:05:57 -0300] "GET /cormun/static/Shared/jqueryui/images/ui-bg_flat_55_fafafa_40x100.png HTTP/1.1" 404 1097
190.171.152.114 - - [19/Mar/2019:12:05:57 -0300] "GET /cormun/static/Shared/jqueryui/images/ui-bg_highlight-soft_100_c6c2c8_1x100.png HTTP/1.1" 404 1117
190.171.152.114 - - [19/Mar/2019:12:05:57 -0300] "GET /cormun/static/Shared/jqueryui/images/ui-icons_82798d_256x240.png HTTP/1.1" 404 1089
190.171.152.114 - - [19/Mar/2019:12:05:57 -0300] "GET /cormun/static/Shared/jqueryui/images/ui-icons_8d78a5_256x240.png HTTP/1.1" 404 1089
190.171.152.114 - - [19/Mar/2019:12:05:59 -0300] "POST /cormun/servlet/trautorizarsolicitud?1489b134a99e375eb12ac0a88c6e007e,,gx-no-cache=1553007740443 HTTP/1.1" 200 6849
190.171.152.114 - - [19/Mar/2019:12:05:59 -0300] "POST /cormun/servlet/trautorizarsolicitud?1489b134a99e375eb12ac0a88c6e007e,,gx-no-cache=1553007741139 HTTP/1.1" 200 6794
190.171.152.114 - - [19/Mar/2019:12:06:01 -0300] "POST /cormun/servlet/trautorizarsolicitud?1489b134a99e375eb12ac0a88c6e007e,,gx-no-cache=1553007742580 HTTP/1.1" 200 6586
190.171.152.114 - - [19/Mar/2019:12:06:02 -0300] "POST /cormun/servlet/trautorizarsolicitud?1489b134a99e375eb12ac0a88c6e007e,,gx-no-cache=1553007743306 HTTP/1.1" 200 6531
190.171.152.114 - - [19/Mar/2019:12:06:03 -0300] "POST /cormun/servlet/trautorizarsolicitud?1489b134a99e375eb12ac0a88c6e007e,,gx-no-cache=1553007744991 HTTP/1.1" 200 6237
190.171.152.114 - - [19/Mar/2019:12:06:04 -0300] "POST /cormun/servlet/trautorizarsolicitud?1489b134a99e375eb12ac0a88c6e007e,,gx-no-cache=1553007745723 HTTP/1.1" 200 6182
190.171.152.114 - - [19/Mar/2019:12:06:06 -0300] "POST /cormun/servlet/trautorizarsolicitud?1489b134a99e375eb12ac0a88c6e007e,,gx-no-cache=1553007747527 HTTP/1.1" 200 5888
190.171.152.114 - - [19/Mar/2019:12:06:06 -0300] "POST /cormun/servlet/trautorizarsolicitud?1489b134a99e375eb12ac0a88c6e007e,,gx-no-cache=1553007748284 HTTP/1.1" 200 5833
190.171.152.114 - - [19/Mar/2019:12:06:08 -0300] "POST /cormun/servlet/trautorizarsolicitud?1489b134a99e375eb12ac0a88c6e007e,,gx-no-cache=1553007750246 HTTP/1.1" 200 4693
190.171.152.114 - - [19/Mar/2019:12:06:09 -0300] "POST /cormun/servlet/trautorizarsolicitud?1489b134a99e375eb12ac0a88c6e007e,,gx-no-cache=1553007750982 HTTP/1.1" 200 4460
200.54.107.2 - - [19/Mar/2019:12:06:16 -0300] "POST /cormun/servlet/solicitudot?1fc85b95a6dfd90107e9fa0fdaf4b231,INS,0,0,,gx-no-cache=1553007756515 HTTP/1.1" 200 93
200.54.107.2 - - [19/Mar/2019:12:06:16 -0300] "GET /cormun/servlet/hpexe_return? HTTP/1.1" 200 1003
200.54.107.2 - - [19/Mar/2019:12:06:16 -0300] "GET /cormun/servlet/trsolicitudot HTTP/1.1" 200 9610
200.54.107.2 - - [19/Mar/2019:12:06:17 -0300] "GET /cormun/servlet/trsolicitudot HTTP/1.1" 200 9605
200.54.107.2 - - [19/Mar/2019:12:06:21 -0300] "POST /cormun/servlet/trsolicitudot?1fc85b95a6dfd90107e9fa0fdaf4b231,gx-no-cache=1553007761260 HTTP/1.1" 200 6313
200.54.107.2 - - [19/Mar/2019:12:06:21 -0300] "GET /cormun/static/Shared/jqueryui/images/ui-bg_highlight-soft_100_c6c2c8_1x100.png HTTP/1.1" 404 1117
200.54.107.2 - - [19/Mar/2019:12:06:21 -0300] "GET /cormun/static/Shared/jqueryui/images/ui-icons_82798d_256x240.png HTTP/1.1" 404 1089
200.54.107.2 - - [19/Mar/2019:12:06:21 -0300] "GET /cormun/static/Shared/jqueryui/images/ui-icons_8d78a5_256x240.png HTTP/1.1" 404 1089
200.54.107.2 - - [19/Mar/2019:12:06:21 -0300] "GET /cormun/static/Shared/jqueryui/images/ui-bg_flat_55_fafafa_40x100.png HTTP/1.1" 404 1097
200.54.107.2 - - [19/Mar/2019:12:06:21 -0300] "POST /cormun/servlet/trsolicitudot?1fc85b95a6dfd90107e9fa0fdaf4b231,gx-no-cache=1553007761568 HTTP/1.1" 200 6255
200.54.107.2 - - [19/Mar/2019:12:06:32 -0300] "GET /cormun/servlet/solicitudot?INS,0,0, HTTP/1.1" 200 15089
200.54.107.2 - - [19/Mar/2019:12:06:32 -0300] "GET /cormun/servlet/solicitudot?INS,0,0, HTTP/1.1" 200 15093
200.54.107.2 - - [19/Mar/2019:12:08:47 -0300] "GET /cormun/servlet/trautorizarsolicitud? HTTP/1.1" 200 10446
200.54.107.2 - - [19/Mar/2019:12:08:48 -0300] "GET /cormun/servlet/trautorizarsolicitud? HTTP/1.1" 200 10440
200.54.107.2 - - [19/Mar/2019:12:08:54 -0300] "POST /cormun/servlet/trautorizarsolicitud?1fc85b95a6dfd90107e9fa0fdaf4b231,,gx-no-cache=1553007914452 HTTP/1.1" 200 7253
200.54.107.2 - - [19/Mar/2019:12:08:54 -0300] "GET /cormun/static/Shared/jqueryui/images/ui-bg_highlight-soft_100_c6c2c8_1x100.png HTTP/1.1" 404 1117
200.54.107.2 - - [19/Mar/2019:12:08:54 -0300] "GET /cormun/static/Shared/jqueryui/images/ui-icons_82798d_256x240.png HTTP/1.1" 404 1089
200.54.107.2 - - [19/Mar/2019:12:08:54 -0300] "GET /cormun/static/Shared/jqueryui/images/ui-bg_flat_55_fafafa_40x100.png HTTP/1.1" 404 1097
200.54.107.2 - - [19/Mar/2019:12:08:54 -0300] "GET /cormun/static/Shared/jqueryui/images/ui-icons_8d78a5_256x240.png HTTP/1.1" 404 1089
200.54.107.2 - - [19/Mar/2019:12:08:54 -0300] "POST /cormun/servlet/trautorizarsolicitud?1fc85b95a6dfd90107e9fa0fdaf4b231,,gx-no-cache=1553007914802 HTTP/1.1" 200 7197
200.54.107.2 - - [19/Mar/2019:12:08:56 -0300] "POST /cormun/servlet/trautorizarsolicitud?1fc85b95a6dfd90107e9fa0fdaf4b231,,gx-no-cache=1553007916591 HTTP/1.1" 200 6991
200.54.107.2 - - [19/Mar/2019:12:08:56 -0300] "POST /cormun/servlet/trautorizarsolicitud?1fc85b95a6dfd90107e9fa0fdaf4b231,,gx-no-cache=1553007916910 HTTP/1.1" 200 6933
200.54.107.2 - - [19/Mar/2019:12:08:57 -0300] "POST /cormun/servlet/trautorizarsolicitud?1fc85b95a6dfd90107e9fa0fdaf4b231,,gx-no-cache=1553007917902 HTTP/1.1" 200 6584
200.54.107.2 - - [19/Mar/2019:12:08:58 -0300] "POST /cormun/servlet/trautorizarsolicitud?1fc85b95a6dfd90107e9fa0fdaf4b231,,gx-no-cache=1553007918156 HTTP/1.1" 200 6527
200.54.107.2 - - [19/Mar/2019:12:08:59 -0300] "POST /cormun/servlet/trautorizarsolicitud?1fc85b95a6dfd90107e9fa0fdaf4b231,,gx-no-cache=1553007919254 HTTP/1.1" 200 6208
200.54.107.2 - - [19/Mar/2019:12:08:59 -0300] "POST /cormun/servlet/trautorizarsolicitud?1fc85b95a6dfd90107e9fa0fdaf4b231,,gx-no-cache=1553007919588 HTTP/1.1" 200 6153
200.54.107.2 - - [19/Mar/2019:12:09:02 -0300] "POST /cormun/servlet/trautorizarsolicitud?1fc85b95a6dfd90107e9fa0fdaf4b231,,gx-no-cache=1553007920486 HTTP/1.1" 200 5919
200.54.107.2 - - [19/Mar/2019:12:09:02 -0300] "POST /cormun/servlet/trautorizarsolicitud?1fc85b95a6dfd90107e9fa0fdaf4b231,,gx-no-cache=1553007922583 HTTP/1.1" 200 5863
200.54.107.2 - - [19/Mar/2019:12:09:04 -0300] "POST /cormun/servlet/trautorizarsolicitud?1fc85b95a6dfd90107e9fa0fdaf4b231,,gx-no-cache=1553007924110 HTTP/1.1" 200 4713
200.54.107.2 - - [19/Mar/2019:12:09:05 -0300] "POST /cormun/servlet/trautorizarsolicitud?1fc85b95a6dfd90107e9fa0fdaf4b231,,gx-no-cache=1553007924483 HTTP/1.1" 200 4471
190.171.152.114 - - [19/Mar/2019:12:09:44 -0300] "GET /cormun/servlet/trsolicitudot? HTTP/1.1" 200 7486
190.171.152.114 - - [19/Mar/2019:12:09:48 -0300] "GET /cormun/servlet/solicitudot?INS,0,0, HTTP/1.1" 200 15110
192.168.10.96 - - [19/Mar/2019:12:09:54 -0300] "POST /digitalizacion/servlet/trdocumentos?gx-no-cache=1553014998149 HTTP/1.1" 200 78
192.168.10.96 - - [19/Mar/2019:12:09:59 -0300] "POST /digitalizacion/servlet/trdocumentos?6a31f9af45cae3c2163c85ad77e7afd0,,gx-no-cache=1553015003389 HTTP/1.1" 200 3715
190.171.152.114 - - [19/Mar/2019:12:10:02 -0300] "POST /cormun/servlet/solicitudot?gx-no-cache=1553007983659 HTTP/1.1" 200 3450
190.171.152.114 - - [19/Mar/2019:12:10:02 -0300] "POST /cormun/servlet/solicitudot?1489b134a99e375eb12ac0a88c6e007e,INS,0,0,,gx-no-cache=1553007984002 HTTP/1.1" 200 11812
190.171.152.114 - - [19/Mar/2019:12:10:03 -0300] "GET /cormun/servlet/solicitudot?d68432e868db7c04c9700dee4982e1782ccf0c4b1d251f2f39c1bed5e7585f31f2408e80cb56e04d56541de70295838c,gx-no-cache=1553007985315 HTTP/1.1" 200 30
192.168.10.96 - - [19/Mar/2019:12:10:06 -0300] "GET /digitalizacion/servlet/wbadjunto?50398,PU HTTP/1.1" 302 -
192.168.10.96 - - [19/Mar/2019:12:10:06 -0300] "GET /digitalizacion/PublicTempStorage/6291710.tmp HTTP/1.1" 200 801743
190.171.141.138 - - [19/Mar/2019:12:10:49 -0300] "GET /cormun/servlet/hlogin HTTP/1.1" 200 1723
190.171.141.138 - - [19/Mar/2019:12:10:51 -0300] "POST /cormun/servlet/hlogin?b10139248114f078480afd344a1b23fc,gx-no-cache=1553008030686 HTTP/1.1" 200 90
190.171.141.138 - - [19/Mar/2019:12:10:51 -0300] "GET /cormun/servlet/hpexe_link HTTP/1.1" 200 952
190.171.141.138 - - [19/Mar/2019:12:10:51 -0300] "GET /cormun/servlet/hhome HTTP/1.1" 200 4458
190.171.141.138 - - [19/Mar/2019:12:10:51 -0300] "GET /cormun/servlet/hhome HTTP/1.1" 200 4454
190.171.141.138 - - [19/Mar/2019:12:10:57 -0300] "GET /cormun/servlet/trcontratounov2? HTTP/1.1" 200 17927
190.171.141.138 - - [19/Mar/2019:12:10:57 -0300] "GET /cormun/servlet/trcontratounov2? HTTP/1.1" 200 17964
190.171.141.138 - - [19/Mar/2019:12:11:20 -0300] "POST /cormun/servlet/trcontratounov2?b10139248114f078480afd344a1b23fc,,gx-no-cache=1553008058195 HTTP/1.1" 200 7470
190.171.152.114 - - [19/Mar/2019:12:12:04 -0300] "GET /cormun/servlet/prbanco?,MD,,gxPopupLevel%3D0%3B HTTP/1.1" 200 6626
190.171.152.114 - - [19/Mar/2019:12:12:07 -0300] "GET /cormun/servlet/solicitudot?d68432e868db7c04c9700dee4982e178dbdad9f254a3f8c2a3092abd7239d191fdd8dedfb5d9782b2773ec0fb9a68b11b2a0f7e6607e682583ce3f32c16b59c6,gx-no-cache=1553008108707 HTTP/1.1" 200 30
190.171.152.114 - - [19/Mar/2019:12:12:08 -0300] "GET /cormun/servlet/solicitudot?d68432e868db7c04c9700dee4982e17863a069019b3edf030d1bf0c775f7f6ba,gx-no-cache=1553008110313 HTTP/1.1" 200 53
190.171.152.114 - - [19/Mar/2019:12:12:28 -0300] "POST /cormun/servlet/solicitudot?gx-no-cache=1553008129475 HTTP/1.1" 200 256
190.171.152.114 - - [19/Mar/2019:12:12:31 -0300] "GET /cormun/servlet/solicitudot?d68432e868db7c04c9700dee4982e1787d3e7a2e0b5a5ba367774b5735b15e463d41df1579879d5d553872373ad97b8a4e5b80b7799b11f5618170490b63002434992542795ad06fdc3932d7b1b06817636142d464486512226c635be5ba259e62721cda4b7f5e39f463b33ada27a4832fb5c0ab9fa67fe8430d0a40d6396126a8942721717d52bcd0f3325713e3c0ca2a7527830cca23e4c69a66b949a0137ce1fb8aad5f91b40b41870efa7cb794e9119a72e27f36b451e9672f60d690098a5b2f3fa49ec529b93af2072c798d08e007c9d0eb5aa48b4300353614b69859f496c5d3434de78d3143ab87887934a5346fed285776518ff6b281d7fc05307f22bff3eae829079ac899e13eb6ba31a56b42444f8923f735c7c251250b74e312b8a38ebb1d9ffdf25c78d19178cdfc6a374217939632271703bf7627e57285d092c4c02e3a158a718d1030130c0091dc1132dff246af63585f9b1cf5da6a3dbbfa323dbf28c1e8bee9b6017362f866390d18141f1c878c273e77e706d2eb854814,gx-no-cache=1553008133411 HTTP/1.1" 200 30
190.171.152.114 - - [19/Mar/2019:12:12:35 -0300] "POST /cormun/servlet/solicitudot?gx-no-cache=1553008136498 HTTP/1.1" 200 30
192.168.10.96 - - [19/Mar/2019:12:12:57 -0300] "GET /cormun/servlet/trsolicitudgral? HTTP/1.1" 500 10
192.168.10.96 - - [19/Mar/2019:12:13:01 -0300] "GET /cormun/servlet/trsolicitudgral?H HTTP/1.1" 500 10
192.168.10.96 - - [19/Mar/2019:12:13:06 -0300] "GET /cormun/servlet/hlogin HTTP/1.1" 200 1711
190.171.152.114 - - [19/Mar/2019:12:13:09 -0300] "POST /cormun/servlet/solicitudot?gx-no-cache=1553008170622 HTTP/1.1" 200 1285
190.171.152.114 - - [19/Mar/2019:12:13:09 -0300] "POST /cormun/servlet/solicitudot?gx-no-cache=1553008170937 HTTP/1.1" 200 38
192.168.10.96 - - [19/Mar/2019:12:13:18 -0300] "POST /cormun/servlet/hlogin?9f2da3f0d742fde22cdf0fa52c705a90,gx-no-cache=1553015202823 HTTP/1.1" 200 90
192.168.10.96 - - [19/Mar/2019:12:13:18 -0300] "GET /cormun/servlet/hpexe_link HTTP/1.1" 200 941
192.168.10.96 - - [19/Mar/2019:12:13:19 -0300] "GET /cormun/servlet/hhome HTTP/1.1" 200 4762
192.168.10.96 - - [19/Mar/2019:12:13:19 -0300] "GET /cormun/servlet/hhome HTTP/1.1" 200 4759
190.171.152.114 - - [19/Mar/2019:12:13:23 -0300] "GET /cormun/servlet/solicitudot?d68432e868db7c04c9700dee4982e1780542a5c95da84f767090ca986901c809d0f24204a549363504b2eb4f950b246fc1db40ff9d02c07962822f2fe4b093b2a387fc79f082410575001a29d05550b1bcf4585f1d9b8fbd5b8b4a7da132d471e1c12cbe988a25d1373460ff9b90c247,gx-no-cache=1553008184454 HTTP/1.1" 200 110
190.171.152.114 - - [19/Mar/2019:12:13:27 -0300] "POST /cormun/servlet/solicitudot?gx-no-cache=1553008189073 HTTP/1.1" 200 97
192.168.10.96 - - [19/Mar/2019:12:13:27 -0300] "GET /cormun/servlet/trsolicitudgral? HTTP/1.1" 200 28122
192.168.10.96 - - [19/Mar/2019:12:13:29 -0300] "GET /cormun/servlet/trsolicitudgral? HTTP/1.1" 200 28120
192.168.10.96 - - [19/Mar/2019:12:13:39 -0300] "POST /cormun/servlet/trsolicitudgral?9f2da3f0d742fde22cdf0fa52c705a90,,gx-no-cache=1553015223589 HTTP/1.1" 200 7289
190.171.152.114 - - [19/Mar/2019:12:13:40 -0300] "POST /cormun/servlet/solicitudot?gx-no-cache=1553008201623 HTTP/1.1" 200 72
192.168.10.96 - - [19/Mar/2019:12:13:47 -0300] "POST /cormun/servlet/trsolicitudgral?9f2da3f0d742fde22cdf0fa52c705a90,,gx-no-cache=1553015231688 HTTP/1.1" 200 5948
192.168.10.96 - - [19/Mar/2019:12:13:55 -0300] "POST /cormun/servlet/trsolicitudgral?9f2da3f0d742fde22cdf0fa52c705a90,,gx-no-cache=1553015239569 HTTP/1.1" 200 5948
201.13.88.69 - - [19/Mar/2019:12:13:56 -0300] "GET / HTTP/1.1" 200 11217
192.168.10.96 - - [19/Mar/2019:12:13:59 -0300] "POST /cormun/servlet/trsolicitudgral?9f2da3f0d742fde22cdf0fa52c705a90,,gx-no-cache=1553015242976 HTTP/1.1" 200 7291
190.171.152.114 - - [19/Mar/2019:12:14:01 -0300] "GET /cormun/servlet/solicitudot?d68432e868db7c04c9700dee4982e178a8c636f95a5c66be7891cde44779be1497a5458b1a9ed5ae77306b8f4e76d28c4aa4592274edcfe619a4730a2847b65d5223a3c5886e5ed5f76da1dfe58e5c13faf8edc507fc71b7e76c67e5e644580cd26bb596a2ff0b8ecedde2fe58cb3275,gx-no-cache=1553008222403 HTTP/1.1" 200 29
190.171.152.114 - - [19/Mar/2019:12:14:01 -0300] "GET /cormun/static/menuarrow.gif HTTP/1.1" 404 1015
192.168.10.96 - - [19/Mar/2019:12:14:02 -0300] "POST /cormun/servlet/trsolicitudgral?9f2da3f0d742fde22cdf0fa52c705a90,,gx-no-cache=1553015246296 HTTP/1.1" 200 5945
190.171.152.114 - - [19/Mar/2019:12:14:03 -0300] "GET /cormun/servlet/solicitudot?d68432e868db7c04c9700dee4982e1789ecb8b4003c52016d6a030038cf8cd6daf6c1c2ae1dc7d198679e5eeb624fa9e,gx-no-cache=1553008225375 HTTP/1.1" 200 30
192.168.10.96 - - [19/Mar/2019:12:14:05 -0300] "POST /cormun/servlet/trsolicitudgral?9f2da3f0d742fde22cdf0fa52c705a90,,gx-no-cache=1553015249088 HTTP/1.1" 200 5947
192.168.10.96 - - [19/Mar/2019:12:14:09 -0300] "POST /cormun/servlet/trsolicitudgral?9f2da3f0d742fde22cdf0fa52c705a90,,gx-no-cache=1553015252712 HTTP/1.1" 200 16115
190.171.152.114 - - [19/Mar/2019:12:14:13 -0300] "POST /cormun/servlet/solicitudot?gx-no-cache=1553008234594 HTTP/1.1" 200 33
190.171.152.114 - - [19/Mar/2019:12:14:23 -0300] "POST /cormun/servlet/solicitudot?1489b134a99e375eb12ac0a88c6e007e,INS,0,0,,gx-no-cache=1553008244725 HTTP/1.1" 200 93
190.171.152.114 - - [19/Mar/2019:12:14:23 -0300] "GET /cormun/servlet/hpexe_return? HTTP/1.1" 200 1007
190.171.152.114 - - [19/Mar/2019:12:14:24 -0300] "GET /cormun/servlet/trsolicitudot HTTP/1.1" 200 8869
190.171.152.114 - - [19/Mar/2019:12:14:27 -0300] "GET /cormun/servlet/solicitudot?INS,0,0, HTTP/1.1" 200 15110
190.171.141.138 - - [19/Mar/2019:12:14:44 -0300] "GET /cormun/servlet/trfichaempleado? HTTP/1.1" 200 15469
190.171.152.114 - - [19/Mar/2019:12:14:55 -0300] "POST /cormun/servlet/solicitudot?gx-no-cache=1553008277039 HTTP/1.1" 200 3525
190.171.152.114 - - [19/Mar/2019:12:14:56 -0300] "POST /cormun/servlet/solicitudot?1489b134a99e375eb12ac0a88c6e007e,INS,0,0,,gx-no-cache=1553008277682 HTTP/1.1" 200 11886
190.171.152.114 - - [19/Mar/2019:12:15:00 -0300] "GET /cormun/servlet/prbanco?,MD,,gxPopupLevel%3D0%3B HTTP/1.1" 200 6626
190.171.152.114 - - [19/Mar/2019:12:15:03 -0300] "GET /cormun/servlet/solicitudot?d68432e868db7c04c9700dee4982e178ed8029d3fcec45818fee84dcb1125e6bf2408e80cb56e04d56541de70295838c,gx-no-cache=1553008285270 HTTP/1.1" 200 30
190.171.152.114 - - [19/Mar/2019:12:15:04 -0300] "GET /cormun/servlet/solicitudot?d68432e868db7c04c9700dee4982e1781d9ddbd90d84577121389faa0d5df069,gx-no-cache=1553008285459 HTTP/1.1" 200 94
190.171.152.114 - - [19/Mar/2019:12:15:04 -0300] "GET /cormun/static/Shared/jqueryui/images/ui-bg_flat_55_994d53_40x100.png HTTP/1.1" 404 1097
190.171.152.114 - - [19/Mar/2019:12:15:04 -0300] "GET /cormun/static/Shared/jqueryui/images/ui-icons_82798d_256x240.png HTTP/1.1" 404 1089
190.171.152.114 - - [19/Mar/2019:12:15:04 -0300] "GET /cormun/static/Shared/jqueryui/images/ui-bg_highlight-soft_100_c6c2c8_1x100.png HTTP/1.1" 404 1117
190.171.152.114 - - [19/Mar/2019:12:15:04 -0300] "GET /cormun/static/Shared/jqueryui/images/ui-icons_ebccce_256x240.png HTTP/1.1" 404 1089
190.171.152.114 - - [19/Mar/2019:12:15:09 -0300] "GET /cormun/servlet/solicitudot?d68432e868db7c04c9700dee4982e17863a069019b3edf030d1bf0c775f7f6ba,gx-no-cache=1553008290848 HTTP/1.1" 200 53
192.168.10.96 - - [19/Mar/2019:12:15:28 -0300] "POST /cormun/servlet/trsolicitudgral?9f2da3f0d742fde22cdf0fa52c705a90,,gx-no-cache=1553015332298 HTTP/1.1" 200 5947
192.168.10.96 - - [19/Mar/2019:12:15:29 -0300] "POST /cormun/servlet/trsolicitudgral?9f2da3f0d742fde22cdf0fa52c705a90,,gx-no-cache=1553015333038 HTTP/1.1" 200 5947
192.168.10.96 - - [19/Mar/2019:12:15:29 -0300] "POST /cormun/servlet/trsolicitudgral?9f2da3f0d742fde22cdf0fa52c705a90,,gx-no-cache=1553015333238 HTTP/1.1" 200 5947
192.168.10.96 - - [19/Mar/2019:12:15:29 -0300] "POST /cormun/servlet/trsolicitudgral?9f2da3f0d742fde22cdf0fa52c705a90,,gx-no-cache=1553015333446 HTTP/1.1" 200 5947
192.168.10.96 - - [19/Mar/2019:12:15:29 -0300] "POST /cormun/servlet/trsolicitudgral?9f2da3f0d742fde22cdf0fa52c705a90,,gx-no-cache=1553015333695 HTTP/1.1" 200 5948
190.171.152.114 - - [19/Mar/2019:12:15:48 -0300] "GET /cormun/servlet/solicitudot?d68432e868db7c04c9700dee4982e178df059848ab7ec41de3477b0ec86ab0be0fb7c6aec6bf904e1ea8c33c242b714ef0a338b784b799f8ccf9bb97bec638d5,gx-no-cache=1553008330199 HTTP/1.1" 200 30
190.171.141.138 - - [19/Mar/2019:12:17:26 -0300] "POST /cormun/servlet/trfichaempleado?b10139248114f078480afd344a1b23fc,,gx-no-cache=1553008424511 HTTP/1.1" 200 4549
200.54.103.162 - - [19/Mar/2019:12:17:37 -0300] "GET /cormun/servlet/hlogin HTTP/1.1" 200 1724
