190.171.141.138 - - [19/Mar/2019:13:21:01 -0300] "GET /cormun/servlet/solicitudot?d9041ba5f48b3e7ec02cd1db4bd4c2f589d44d685e93d453f924b7fa8d2a6e3120496ee0d613056fa4c6552cb45ae5f2f46ac8b0193129e18aaecbca536a707e9318109c4d5e6e5e3cc5beec8f831096137b03c92361736e0c7a468e36361432b14d618903e585c1c3e694c774293f22,gx-no-cache=1553012241934 HTTP/1.1" 200 110
190.171.141.138 - - [19/Mar/2019:13:21:05 -0300] "POST /cormun/servlet/solicitudot?gx-no-cache=1553012245851 HTTP/1.1" 200 97
186.103.159.187 - - [19/Mar/2019:13:21:10 -0300] "GET /cormun/servlet/solicitudot?69d202e9500a3e687e92cb3daff2e4e5130596d1308f2df1e64a0d29700d9114101a2029be295fe31750b7d11441059e,gx-no-cache=1553015990533 HTTP/1.1" 200 30
186.103.159.187 - - [19/Mar/2019:13:21:10 -0300] "POST /cormun/servlet/solicitudot?gx-no-cache=1553015990569 HTTP/1.1" 200 32
186.103.159.187 - - [19/Mar/2019:13:21:10 -0300] "POST /cormun/servlet/solicitudot?f03167d48ea9fe05e885cfe27e3e9914,INS,0,0,,gx-no-cache=1553015990631 HTTP/1.1" 200 93
186.103.159.187 - - [19/Mar/2019:13:21:10 -0300] "GET /cormun/servlet/hpexe_return? HTTP/1.1" 200 1006
192.168.10.60 - - [19/Mar/2019:13:21:10 -0300] "POST /cormun/servlet/solicitudgral?cc86729b69e0b8eaea17401c38682e94,UPD,2019,14724,,gx-no-cache=1553019274470 HTTP/1.1" 200 93
192.168.10.60 - - [19/Mar/2019:13:21:10 -0300] "GET /cormun/servlet/hpexe_return? HTTP/1.1" 200 1032
186.103.159.187 - - [19/Mar/2019:13:21:10 -0300] "GET /cormun/servlet/trsolicitudot HTTP/1.1" 200 9051
190.171.141.138 - - [19/Mar/2019:13:21:11 -0300] "GET /cormun/servlet/solicitudot?d9041ba5f48b3e7ec02cd1db4bd4c2f5f311690a5c8457bb538ecbcb52238a9e8e789fa2b1254dbb66d909d351e60ca4c60c8416f050ab594f1dd69dc1b8caed7bf8ccb6b0ad12c087b44492a806fca9f40a94a01645488eb77fc2a83f5cb5e97501d2e537ce70fb61e53ca239f2be4933a46a3663f00d165385cffb6934a2c3077c04f6f2ec166b6e65c170059f00100cfba0f036df9f28a1009a58a6142224,gx-no-cache=1553012251772 HTTP/1.1" 200 29
190.171.141.138 - - [19/Mar/2019:13:21:11 -0300] "GET /cormun/static/menuarrow.gif HTTP/1.1" 404 1015
192.168.10.60 - - [19/Mar/2019:13:21:11 -0300] "GET /cormun/servlet/trsolicitudgral?gx-no-cache=1553019130722 HTTP/1.1" 200 27278
186.103.159.187 - - [19/Mar/2019:13:21:12 -0300] "GET /cormun/servlet/trsolicitudot HTTP/1.1" 200 9047
192.168.10.60 - - [19/Mar/2019:13:21:13 -0300] "GET /cormun/servlet/trsolicitudgral?gx-no-cache=1553019130722 HTTP/1.1" 200 27298
190.171.141.138 - - [19/Mar/2019:13:21:15 -0300] "GET /cormun/servlet/solicitudot?d9041ba5f48b3e7ec02cd1db4bd4c2f5a466aacc6cb77cb7817fca5087e1642dc07be22b0fd372ac4bfdac426d86d165,gx-no-cache=1553012256010 HTTP/1.1" 200 30
186.103.159.187 - - [19/Mar/2019:13:21:21 -0300] "POST /cormun/servlet/trsolicitudot?f03167d48ea9fe05e885cfe27e3e9914,gx-no-cache=1553016001427 HTTP/1.1" 200 5736
186.103.159.187 - - [19/Mar/2019:13:21:21 -0300] "GET /cormun/static/Shared/jqueryui/images/ui-bg_highlight-soft_100_c6c2c8_1x100.png HTTP/1.1" 404 1117
186.103.159.187 - - [19/Mar/2019:13:21:21 -0300] "GET /cormun/static/Shared/jqueryui/images/ui-icons_82798d_256x240.png HTTP/1.1" 404 1089
186.103.159.187 - - [19/Mar/2019:13:21:21 -0300] "GET /cormun/static/Shared/jqueryui/images/ui-bg_flat_55_fafafa_40x100.png HTTP/1.1" 404 1097
186.103.159.187 - - [19/Mar/2019:13:21:21 -0300] "GET /cormun/static/Shared/jqueryui/images/ui-icons_8d78a5_256x240.png HTTP/1.1" 404 1089
186.103.159.187 - - [19/Mar/2019:13:21:21 -0300] "POST /cormun/servlet/trsolicitudot?f03167d48ea9fe05e885cfe27e3e9914,gx-no-cache=1553016001733 HTTP/1.1" 200 5681
186.103.159.187 - - [19/Mar/2019:13:21:22 -0300] "POST /cormun/servlet/trsolicitudot?f03167d48ea9fe05e885cfe27e3e9914,gx-no-cache=1553016002805 HTTP/1.1" 200 4531
190.171.141.138 - - [19/Mar/2019:13:21:22 -0300] "POST /cormun/servlet/solicitudot?gx-no-cache=1553012262810 HTTP/1.1" 200 33
186.103.159.187 - - [19/Mar/2019:13:21:22 -0300] "POST /cormun/servlet/trsolicitudot?f03167d48ea9fe05e885cfe27e3e9914,gx-no-cache=1553016003020 HTTP/1.1" 200 4314
186.103.159.187 - - [19/Mar/2019:13:21:27 -0300] "POST /cormun/servlet/trsolicitudot?f03167d48ea9fe05e885cfe27e3e9914,gx-no-cache=1553016008200 HTTP/1.1" 200 90
186.103.159.187 - - [19/Mar/2019:13:21:27 -0300] "GET /cormun/servlet/hpexe_link HTTP/1.1" 200 955
186.103.159.187 - - [19/Mar/2019:13:21:28 -0300] "GET /cormun/servlet/hhome HTTP/1.1" 200 4008
190.171.141.138 - - [19/Mar/2019:13:21:28 -0300] "POST /cormun/servlet/solicitudot?72e58574243a980533794b966ed3411e,INS,0,0,,gx-no-cache=1553012268757 HTTP/1.1" 200 93
190.171.141.138 - - [19/Mar/2019:13:21:28 -0300] "GET /cormun/servlet/hpexe_return? HTTP/1.1" 200 1009
186.103.159.187 - - [19/Mar/2019:13:21:28 -0300] "GET /cormun/servlet/hhome HTTP/1.1" 200 4005
190.171.141.138 - - [19/Mar/2019:13:21:28 -0300] "GET /cormun/servlet/trsolicitudot HTTP/1.1" 200 9624
190.171.141.138 - - [19/Mar/2019:13:21:29 -0300] "GET /cormun/servlet/trsolicitudot HTTP/1.1" 200 9620
186.103.159.187 - - [19/Mar/2019:13:21:30 -0300] "GET /cormun/servlet/hlogin HTTP/1.1" 200 1732
186.103.159.187 - - [19/Mar/2019:13:21:38 -0300] "POST /cormun/servlet/hlogin?f03167d48ea9fe05e885cfe27e3e9914,gx-no-cache=1553016019144 HTTP/1.1" 200 443
186.103.159.187 - - [19/Mar/2019:13:21:44 -0300] "POST /cormun/servlet/hlogin?f03167d48ea9fe05e885cfe27e3e9914,gx-no-cache=1553016025083 HTTP/1.1" 200 90
186.103.159.187 - - [19/Mar/2019:13:21:44 -0300] "GET /cormun/servlet/hpexe_link HTTP/1.1" 200 951
186.103.159.187 - - [19/Mar/2019:13:21:44 -0300] "GET /cormun/servlet/hhome HTTP/1.1" 200 4240
186.103.159.187 - - [19/Mar/2019:13:21:46 -0300] "GET /cormun/servlet/hhome HTTP/1.1" 200 4236
186.103.159.187 - - [19/Mar/2019:13:21:51 -0300] "GET /cormun/servlet/trautorizarsolicitud? HTTP/1.1" 200 9170
186.103.159.187 - - [19/Mar/2019:13:21:52 -0300] "GET /cormun/servlet/trautorizarsolicitud? HTTP/1.1" 200 9168
186.103.159.187 - - [19/Mar/2019:13:21:56 -0300] "POST /cormun/servlet/trautorizarsolicitud?f03167d48ea9fe05e885cfe27e3e9914,,gx-no-cache=1553016037083 HTTP/1.1" 200 5863
186.103.159.187 - - [19/Mar/2019:13:21:56 -0300] "GET /cormun/static/Shared/jqueryui/images/ui-bg_highlight-soft_100_c6c2c8_1x100.png HTTP/1.1" 404 1117
186.103.159.187 - - [19/Mar/2019:13:21:56 -0300] "GET /cormun/static/Shared/jqueryui/images/ui-icons_82798d_256x240.png HTTP/1.1" 404 1089
186.103.159.187 - - [19/Mar/2019:13:21:56 -0300] "GET /cormun/static/Shared/jqueryui/images/ui-bg_flat_55_fafafa_40x100.png HTTP/1.1" 404 1097
186.103.159.187 - - [19/Mar/2019:13:21:56 -0300] "GET /cormun/static/Shared/jqueryui/images/ui-icons_8d78a5_256x240.png HTTP/1.1" 404 1089
186.103.159.187 - - [19/Mar/2019:13:21:57 -0300] "POST /cormun/servlet/trautorizarsolicitud?f03167d48ea9fe05e885cfe27e3e9914,,gx-no-cache=1553016037357 HTTP/1.1" 200 5809
186.103.159.187 - - [19/Mar/2019:13:21:58 -0300] "POST /cormun/servlet/trautorizarsolicitud?f03167d48ea9fe05e885cfe27e3e9914,,gx-no-cache=1553016038899 HTTP/1.1" 200 4669
186.103.159.187 - - [19/Mar/2019:13:21:58 -0300] "POST /cormun/servlet/trautorizarsolicitud?f03167d48ea9fe05e885cfe27e3e9914,,gx-no-cache=1553016039125 HTTP/1.1" 200 4454
192.168.10.60 - - [19/Mar/2019:13:22:27 -0300] "GET /cormun/servlet/solicitudgral?UPD,2019,14765, HTTP/1.1" 200 12452
192.168.10.60 - - [19/Mar/2019:13:22:27 -0300] "GET /cormun/servlet/solicitudgral?UPD,2019,14765, HTTP/1.1" 200 12440
192.168.10.60 - - [19/Mar/2019:13:22:27 -0300] "POST /cormun/servlet/solicitudgral?gx-no-cache=1553019351794 HTTP/1.1" 200 4063
192.168.10.60 - - [19/Mar/2019:13:22:28 -0300] "GET /cormun/servlet/solicitudgral?9f492d721f57cfeabb1d685eb29eb3d8b1dc4f050ae2ca639739f4a18082ec6acfbf694e00b00d19fa0d5c965e6513430430ee1e9cd3360dc34781cd64158f2f17bd2251e9be842ade493188c45bc8089405ae3ea54103fd331649cb7a90c47fe5fd9a2b8c9c64bb71038dac653541ff8992a0d4d5223f1faaba1d5671f10b2a80357755f477e28a1475a4ef850547af7cbb32799e69c8305de002cd4e7da6d4a1402ca1a700b743059e06e392f360a76f7c63d0f322f4e35c4d861cceb72d41ca0196a7a02d651c02c19b5d3df987853200bdcfc0b2d7bbab9d62550a4cd639a2c278722ecd1746cabb40e8af3747ceeea654cce766379b2dc9697724797f097f7491077e4d427949c26aa2bae81aec319c525f4b79740f4804645e92d1d85d57c892a3afa272ce261a4bb36d6bbd01075f309e4ed478d9f3c0021bc37a0e81250274619000a2a4daf87ae6674a5512,gx-no-cache=1553019351931 HTTP/1.1" 200 255
190.171.141.138 - - [19/Mar/2019:13:22:33 -0300] "POST /cormun/servlet/trsolicitudot?72e58574243a980533794b966ed3411e,gx-no-cache=1553012333348 HTTP/1.1" 200 107
190.171.141.138 - - [19/Mar/2019:13:22:33 -0300] "GET /cormun/servlet/trsolicitudadjuntos?2019,14802, HTTP/1.1" 200 6550
190.171.141.138 - - [19/Mar/2019:13:22:33 -0300] "GET /cormun/servlet/trsolicitudadjuntos?2019,14802, HTTP/1.1" 200 6550
192.168.10.60 - - [19/Mar/2019:13:23:31 -0300] "POST /cormun/servlet/solicitudgral?cc86729b69e0b8eaea17401c38682e94,UPD,2019,14765,,gx-no-cache=1553019414941 HTTP/1.1" 200 93
192.168.10.60 - - [19/Mar/2019:13:23:31 -0300] "GET /cormun/servlet/hpexe_return? HTTP/1.1" 200 1032
192.168.10.60 - - [19/Mar/2019:13:23:32 -0300] "GET /cormun/servlet/trsolicitudgral?gx-no-cache=1553019130722 HTTP/1.1" 200 27341
192.168.10.60 - - [19/Mar/2019:13:23:33 -0300] "GET /cormun/servlet/trsolicitudgral?gx-no-cache=1553019130722 HTTP/1.1" 200 27358
192.168.10.60 - - [19/Mar/2019:13:23:42 -0300] "POST /cormun/servlet/trsolicitudgral?cc86729b69e0b8eaea17401c38682e94,gx-no-cache=1553019130722,gx-no-cache=1553019425524 HTTP/1.1" 200 24849
192.168.10.60 - - [19/Mar/2019:13:23:43 -0300] "GET /cormun/static/Shared/jqueryui/images/ui-bg_highlight-soft_100_c6c2c8_1x100.png HTTP/1.1" 404 1117
192.168.10.60 - - [19/Mar/2019:13:23:43 -0300] "GET /cormun/static/Shared/jqueryui/images/ui-icons_82798d_256x240.png HTTP/1.1" 404 1089
192.168.10.60 - - [19/Mar/2019:13:23:43 -0300] "GET /cormun/static/Shared/jqueryui/images/ui-bg_flat_55_fafafa_40x100.png HTTP/1.1" 404 1097
192.168.10.60 - - [19/Mar/2019:13:23:43 -0300] "GET /cormun/static/Shared/jqueryui/images/ui-icons_8d78a5_256x240.png HTTP/1.1" 404 1089
192.168.10.60 - - [19/Mar/2019:13:23:49 -0300] "GET /cormun/servlet/solicitudgral?UPD,2019,14801, HTTP/1.1" 200 12452
192.168.10.60 - - [19/Mar/2019:13:23:49 -0300] "GET /cormun/servlet/solicitudgral?UPD,2019,14801, HTTP/1.1" 200 12440
192.168.10.60 - - [19/Mar/2019:13:23:49 -0300] "POST /cormun/servlet/solicitudgral?gx-no-cache=1553019433803 HTTP/1.1" 200 4045
192.168.10.60 - - [19/Mar/2019:13:23:50 -0300] "GET /cormun/servlet/solicitudgral?9f492d721f57cfeabb1d685eb29eb3d8b1dc4f050ae2ca639739f4a18082ec6acfbf694e00b00d19fa0d5c965e6513430430ee1e9cd3360dc34781cd64158f2f17bd2251e9be842ade493188c45bc8089405ae3ea54103fd331649cb7a90c47fe5fd9a2b8c9c64bb71038dac653541ff8992a0d4d5223f1faaba1d5671f10b2a80357755f477e28a1475a4ef850547af7cbb32799e69c8305de002cd4e7da6d4a1402ca1a700b743059e06e392f360a76f7c63d0f322f4e35c4d861cceb72d41ca0196a7a02d651c02c19b5d3df987853200bdcfc0b2d7bbab9d62550a4cd639a2c278722ecd1746cabb40e8af3747ceeea654cce766379b2dc9697724797f097f7491077e4d427949c26aa2bae81aec319c525f4b79740f4804645e92d1d85d57c892a3afa272ce261a4bb36d6bbd01075f309e4ed478d9f3c0021bc37a0e81250274619000a2a4daf87ae6674a5512,gx-no-cache=1553019433945 HTTP/1.1" 200 255
192.168.10.60 - - [19/Mar/2019:13:24:48 -0300] "POST /cormun/servlet/solicitudgral?cc86729b69e0b8eaea17401c38682e94,UPD,2019,14801,,gx-no-cache=1553019492661 HTTP/1.1" 200 93
192.168.10.60 - - [19/Mar/2019:13:24:48 -0300] "GET /cormun/servlet/hpexe_return? HTTP/1.1" 200 1032
192.168.10.60 - - [19/Mar/2019:13:24:49 -0300] "GET /cormun/servlet/trsolicitudgral?gx-no-cache=1553019130722 HTTP/1.1" 200 27227
192.168.10.60 - - [19/Mar/2019:13:24:51 -0300] "GET /cormun/servlet/trsolicitudgral?gx-no-cache=1553019130722 HTTP/1.1" 200 27245
192.168.10.60 - - [19/Mar/2019:13:25:28 -0300] "GET /cormun/servlet/solicitudgral?UPD,2019,14724, HTTP/1.1" 200 12472
192.168.10.60 - - [19/Mar/2019:13:25:29 -0300] "GET /cormun/servlet/solicitudgral?UPD,2019,14724, HTTP/1.1" 200 12460
192.168.10.60 - - [19/Mar/2019:13:25:29 -0300] "POST /cormun/servlet/solicitudgral?gx-no-cache=1553019533435 HTTP/1.1" 200 4068
192.168.10.60 - - [19/Mar/2019:13:25:29 -0300] "GET /cormun/servlet/solicitudgral?9f492d721f57cfeabb1d685eb29eb3d8b1dc4f050ae2ca639739f4a18082ec6a7fa12d48fa97e39ff1bd9e74e76cf0f10430ee1e9cd3360dc34781cd64158f2f17bd2251e9be842ade493188c45bc8089405ae3ea54103fd331649cb7a90c47fe5fd9a2b8c9c64bb71038dac653541ff8992a0d4d5223f1faaba1d5671f10b2a80357755f477e28a1475a4ef850547af7cbb32799e69c8305de002cd4e7da6d4a1402ca1a700b743059e06e392f360a76f7c63d0f322f4e35c4d861cceb72d41ca0196a7a02d651c02c19b5d3df987853200bdcfc0b2d7bbab9d62550a4cd639a2c278722ecd1746cabb40e8af3747ceeea654cce766379b2dc9697724797f097f7491077e4d427949c26aa2bae81aec319c525f4b79740f4804645e92d1d85d57c892a3afa272ce261a4bb36d6bbd01075f309e4ed478d9f3c0021bc37a0e81250274619000a2a4daf87ae6674a5512,gx-no-cache=1553019533542 HTTP/1.1" 200 240
186.103.159.46 - - [19/Mar/2019:13:25:50 -0300] "GET /cormun/servlet/solicitudot?021e999b2caebb2e675df5d046d6a08c082e740ee8ed1ea1cde514b7a0b991d30bff62bbd8877b0fac83d26110cd7416f8d264e97c114b4d7d6ab349927987a9e785044694a57b82199816e5b8caac4006541edb9d09d1de223488d94191066d9cc7e2ec861cf5e485fd00508712fa1b,gx-no-cache=1553012531548 HTTP/1.1" 200 29
186.103.159.46 - - [19/Mar/2019:13:25:50 -0300] "GET /cormun/servlet/solicitudot?021e999b2caebb2e675df5d046d6a08c2857e868ab8ab02d21fff272a04f4e10,gx-no-cache=1553012531639 HTTP/1.1" 200 30
186.103.159.46 - - [19/Mar/2019:13:25:50 -0300] "POST /cormun/servlet/solicitudot?gx-no-cache=1553012531716 HTTP/1.1" 200 30
186.103.159.46 - - [19/Mar/2019:13:26:07 -0300] "POST /cormun/servlet/solicitudot?52d5339257500389f839e9d80899ca27,INS,0,0,,gx-no-cache=1553012547722 HTTP/1.1" 200 12063
186.103.159.46 - - [19/Mar/2019:13:26:07 -0300] "GET /cormun/static/Shared/jqueryui/images/ui-bg_highlight-soft_100_c6c2c8_1x100.png HTTP/1.1" 404 1117
186.103.159.46 - - [19/Mar/2019:13:26:07 -0300] "GET /cormun/static/Shared/jqueryui/images/ui-icons_82798d_256x240.png HTTP/1.1" 404 1089
186.103.159.46 - - [19/Mar/2019:13:26:07 -0300] "GET /cormun/static/Shared/jqueryui/images/ui-bg_flat_55_994d53_40x100.png HTTP/1.1" 404 1097
186.103.159.46 - - [19/Mar/2019:13:26:07 -0300] "GET /cormun/static/Shared/jqueryui/images/ui-icons_ebccce_256x240.png HTTP/1.1" 404 1089
192.168.10.60 - - [19/Mar/2019:13:26:21 -0300] "POST /cormun/servlet/solicitudgral?cc86729b69e0b8eaea17401c38682e94,UPD,2019,14724,,gx-no-cache=1553019584910 HTTP/1.1" 200 93
192.168.10.60 - - [19/Mar/2019:13:26:21 -0300] "GET /cormun/servlet/hpexe_return? HTTP/1.1" 200 1032
192.168.10.60 - - [19/Mar/2019:13:26:22 -0300] "GET /cormun/servlet/trsolicitudgral?gx-no-cache=1553019130722 HTTP/1.1" 200 27227
190.171.141.138 - - [19/Mar/2019:13:26:22 -0300] "GET /cormun/servlet/trsolicitudot? HTTP/1.1" 200 9626
190.171.141.138 - - [19/Mar/2019:13:26:23 -0300] "GET /cormun/servlet/trsolicitudot? HTTP/1.1" 200 9620
192.168.10.60 - - [19/Mar/2019:13:26:23 -0300] "GET /cormun/servlet/trsolicitudgral?gx-no-cache=1553019130722 HTTP/1.1" 200 27245
190.171.141.138 - - [19/Mar/2019:13:26:33 -0300] "POST /cormun/servlet/trsolicitudot?72e58574243a980533794b966ed3411e,,gx-no-cache=1553012574138 HTTP/1.1" 200 106
190.171.141.138 - - [19/Mar/2019:13:26:34 -0300] "GET /cormun/servlet/solicitudot?UPD,2019,14800, HTTP/1.1" 200 15900
190.171.141.138 - - [19/Mar/2019:13:26:34 -0300] "GET /cormun/servlet/solicitudot?UPD,2019,14800, HTTP/1.1" 200 15910
190.171.141.138 - - [19/Mar/2019:13:26:34 -0300] "POST /cormun/servlet/solicitudot?gx-no-cache=1553012575173 HTTP/1.1" 200 3541
190.171.141.138 - - [19/Mar/2019:13:26:35 -0300] "POST /cormun/servlet/solicitudot?72e58574243a980533794b966ed3411e,UPD,2019,14800,,gx-no-cache=1553012575325 HTTP/1.1" 200 12000
190.171.141.138 - - [19/Mar/2019:13:26:35 -0300] "GET /cormun/servlet/solicitudot?d9041ba5f48b3e7ec02cd1db4bd4c2f58e28e3f9b85da1c368ef7aaf793114cbc34ab583f63fffe7eead2d1958f5e9e0,gx-no-cache=1553012575565 HTTP/1.1" 200 30
190.171.141.138 - - [19/Mar/2019:13:26:35 -0300] "GET /cormun/servlet/solicitudot?d9041ba5f48b3e7ec02cd1db4bd4c2f5b891c59798babbdcfe8675c44f33b99b6bca9c4fea0d06f47b2c261aca0e11c03ca80b3b9fd8a13e80f7349d6c3d3749,gx-no-cache=1553012575592 HTTP/1.1" 200 30
190.171.141.138 - - [19/Mar/2019:13:26:35 -0300] "GET /cormun/servlet/solicitudot?d9041ba5f48b3e7ec02cd1db4bd4c2f5c75938fb89752529971dd543eb687952b7701de773b591bb047ea034ec35346691822ed902cbc474ddc35898b8f2de2e,gx-no-cache=1553012575612 HTTP/1.1" 200 53
190.171.141.138 - - [19/Mar/2019:13:26:35 -0300] "POST /cormun/servlet/solicitudot?gx-no-cache=1553012575634 HTTP/1.1" 200 254
190.171.141.138 - - [19/Mar/2019:13:26:35 -0300] "GET /cormun/servlet/solicitudot?d9041ba5f48b3e7ec02cd1db4bd4c2f5afb0d71c47b36867a6850725c204ecf3d37fdfcbe9561849e9ea7a0a3ca586fe5970f8e1d72b7f867ae075f5786d181e3b8c851fb46e0b6b56151857cdde32a9fdc01225f8e2602627054af2e26203d90438d1b881c0b314cd506d7156dfb7569b32191ff815349d1206501f876f5bebe82d2e92a151ef5dde8d1713da1b8d04bcf1870a964f4aec40f8e37acb72c5c96caeb3af1f5a485fb97abc56c1bd199d9dcda77d1cbdca4746f11d61d22f8657fe5b82e902f3c378eaef3f483e215a3e7186ee17a3521458a5f6137f01608375f1a53f4317635ffbd2cc8423a6e9b9ea053a8660f2ec8f6aeb1370360be786056d5a4dc318420f2b7fdbb602e05097761212947fe86fcc04b61c2e6a78c5927345860929dc3466dc8efa6f6a6419ddbbd3bcbcba2dda27955835fa615757595761598f51d4fe60db162d9f043d7787219bae96ff17809eb453cd49634e6179dd0acda76f934f4206b0e0024fff199bf00be274031547bdb2051a5d3d5fd0199d,gx-no-cache=1553012575660 HTTP/1.1" 200 30
190.171.141.138 - - [19/Mar/2019:13:26:35 -0300] "POST /cormun/servlet/solicitudot?gx-no-cache=1553012575683 HTTP/1.1" 200 30
190.171.141.138 - - [19/Mar/2019:13:26:35 -0300] "POST /cormun/servlet/solicitudot?gx-no-cache=1553012575725 HTTP/1.1" 200 1288
190.171.141.138 - - [19/Mar/2019:13:26:35 -0300] "POST /cormun/servlet/solicitudot?gx-no-cache=1553012575774 HTTP/1.1" 200 40
190.171.141.138 - - [19/Mar/2019:13:26:37 -0300] "GET /cormun/servlet/solicitudot?d9041ba5f48b3e7ec02cd1db4bd4c2f589d44d685e93d453f924b7fa8d2a6e3120496ee0d613056fa4c6552cb45ae5f2f46ac8b0193129e18aaecbca536a707e9318109c4d5e6e5e3cc5beec8f831096137b03c92361736e0c7a468e36361432b14d618903e585c1c3e694c774293f22,gx-no-cache=1553012577383 HTTP/1.1" 200 110
190.171.141.138 - - [19/Mar/2019:13:26:37 -0300] "POST /cormun/servlet/solicitudot?gx-no-cache=1553012577416 HTTP/1.1" 200 97
190.171.141.138 - - [19/Mar/2019:13:26:37 -0300] "GET /cormun/servlet/solicitudot?d9041ba5f48b3e7ec02cd1db4bd4c2f54a3ce241e87763c01e75c1fe5f7b6d0bf8020f1995ce16a149d8619dace8dc4986d06b16d2d5d4d6d1c7dcb2b6bd6b42d9a67b75950bd2b8995a092095b8dc48b4b96eed91e790f60cceb87e6f5a20327fcbbb59c24137053fb5775d1947e541f131c0d0a764bd31f7ab5f0dbcfc9476fc6ec3c5302f5dd3476320d68cb88f567045b4f346cf7fc2aa3bbc7659abd3f6,gx-no-cache=1553012578302 HTTP/1.1" 200 30
190.171.141.138 - - [19/Mar/2019:13:26:38 -0300] "GET /cormun/servlet/solicitudot?d9041ba5f48b3e7ec02cd1db4bd4c2f5384beddc8a02feb905caa55841a3ddaf9a4164b763cf31de8c82bcc320fcd9fa,gx-no-cache=1553012579101 HTTP/1.1" 200 30
190.171.141.138 - - [19/Mar/2019:13:26:38 -0300] "POST /cormun/servlet/solicitudot?gx-no-cache=1553012579122 HTTP/1.1" 200 30
190.171.141.138 - - [19/Mar/2019:13:26:39 -0300] "POST /cormun/servlet/solicitudot?72e58574243a980533794b966ed3411e,UPD,2019,14800,,gx-no-cache=1553012579143 HTTP/1.1" 200 93
190.171.141.138 - - [19/Mar/2019:13:26:39 -0300] "GET /cormun/servlet/hpexe_return? HTTP/1.1" 200 1014
190.171.141.138 - - [19/Mar/2019:13:26:39 -0300] "GET /cormun/servlet/trsolicitudot HTTP/1.1" 200 9618
190.171.141.138 - - [19/Mar/2019:13:26:39 -0300] "GET /cormun/servlet/trsolicitudot HTTP/1.1" 200 9613
186.103.159.46 - - [19/Mar/2019:13:26:46 -0300] "POST /cormun/servlet/solicitudot?gx-no-cache=1553012587317 HTTP/1.1" 200 30
186.103.159.46 - - [19/Mar/2019:13:26:46 -0300] "POST /cormun/servlet/solicitudot?gx-no-cache=1553012587462 HTTP/1.1" 200 1288
186.103.159.46 - - [19/Mar/2019:13:26:46 -0300] "POST /cormun/servlet/solicitudot?gx-no-cache=1553012587661 HTTP/1.1" 200 38
186.103.159.46 - - [19/Mar/2019:13:26:46 -0300] "GET /cormun/servlet/solicitudot?021e999b2caebb2e675df5d046d6a08ccf600615193a5c3a6add9f6c9c78ac0480cd62a953ac277b4ec5ea077e14b4d63541826058cbb6bfc14a0ff5088006beebe140f04c52050add61711cbf6164bdfe3eaed817adace64e3147bab93a7ce348fded64bb38e9a17d833f87b875d3e1,gx-no-cache=1553012587748 HTTP/1.1" 200 110
186.103.159.46 - - [19/Mar/2019:13:26:46 -0300] "POST /cormun/servlet/solicitudot?gx-no-cache=1553012587831 HTTP/1.1" 200 97
186.103.159.46 - - [19/Mar/2019:13:26:47 -0300] "GET /cormun/static/menuarrow.gif HTTP/1.1" 404 1015
186.103.159.46 - - [19/Mar/2019:13:26:49 -0300] "POST /cormun/servlet/solicitudot?gx-no-cache=1553012590093 HTTP/1.1" 200 30
186.103.159.46 - - [19/Mar/2019:13:26:49 -0300] "POST /cormun/servlet/solicitudot?gx-no-cache=1553012590200 HTTP/1.1" 200 1288
186.103.159.46 - - [19/Mar/2019:13:26:49 -0300] "POST /cormun/servlet/solicitudot?gx-no-cache=1553012590337 HTTP/1.1" 200 38
186.103.159.46 - - [19/Mar/2019:13:26:49 -0300] "GET /cormun/servlet/solicitudot?021e999b2caebb2e675df5d046d6a08ccf600615193a5c3a6add9f6c9c78ac0480cd62a953ac277b4ec5ea077e14b4d63541826058cbb6bfc14a0ff5088006beebe140f04c52050add61711cbf6164bdfe3eaed817adace64e3147bab93a7ce348fded64bb38e9a17d833f87b875d3e1,gx-no-cache=1553012590416 HTTP/1.1" 200 110
186.103.159.46 - - [19/Mar/2019:13:26:49 -0300] "POST /cormun/servlet/solicitudot?gx-no-cache=1553012590490 HTTP/1.1" 200 97
190.171.141.138 - - [19/Mar/2019:13:26:49 -0300] "POST /cormun/servlet/trsolicitudot?72e58574243a980533794b966ed3411e,gx-no-cache=1553012590217 HTTP/1.1" 200 107
190.171.141.138 - - [19/Mar/2019:13:26:50 -0300] "GET /cormun/servlet/trsolicitudadjuntos?2019,14802, HTTP/1.1" 200 6550
190.171.141.138 - - [19/Mar/2019:13:26:50 -0300] "GET /cormun/servlet/trsolicitudadjuntos?2019,14802, HTTP/1.1" 200 6550
186.103.159.46 - - [19/Mar/2019:13:26:51 -0300] "GET /cormun/servlet/solicitudot?021e999b2caebb2e675df5d046d6a08c70c4631a345aee769bb8104cf91d732a72dc98c5428fb3f44991abab99b1a446,gx-no-cache=1553012592169 HTTP/1.1" 200 30
190.171.141.138 - - [19/Mar/2019:13:26:52 -0300] "GET /cormun/servlet/solicitudotadjuntos?INS,2019,14802,,1, HTTP/1.1" 200 6492
190.171.141.138 - - [19/Mar/2019:13:26:52 -0300] "GET /cormun/static/about:blank HTTP/1.1" 404 1011
190.171.141.138 - - [19/Mar/2019:13:26:52 -0300] "GET /cormun/servlet/solicitudotadjuntos?INS,2019,14802,,1, HTTP/1.1" 200 6485
190.171.141.138 - - [19/Mar/2019:13:26:53 -0300] "GET /cormun/servlet/solicitudotadjuntos?d9041ba5f48b3e7ec02cd1db4bd4c2f540b2ec38e92575517661da6fbe399899d8da9d3ba01064bfbeb0c445f8eda965,gx-no-cache=1553012593424 HTTP/1.1" 200 30
190.171.141.138 - - [19/Mar/2019:13:26:53 -0300] "POST /cormun/servlet/solicitudotadjuntos?72e58574243a980533794b966ed3411e,INS,2019,14802,,1,,gx-no-cache=1553012593449 HTTP/1.1" 200 4106
190.171.141.138 - - [19/Mar/2019:13:26:58 -0300] "POST /cormun/servlet/solicitudotadjuntos?gx-no-cache=1553012599277 HTTP/1.1" 200 26
190.171.141.138 - - [19/Mar/2019:13:27:15 -0300] "GET /cormun/servlet/solicitudotadjuntos?d9041ba5f48b3e7ec02cd1db4bd4c2f55b8c55cbec74157c360254585b90569f,gx-no-cache=1553012615829 HTTP/1.1" 200 30
190.171.141.138 - - [19/Mar/2019:13:27:15 -0300] "GET /cormun/servlet/solicitudotadjuntos?d9041ba5f48b3e7ec02cd1db4bd4c2f55b8c55cbec74157c360254585b90569f,gx-no-cache=1553012615845 HTTP/1.1" 200 30
190.171.141.138 - - [19/Mar/2019:13:27:15 -0300] "POST /cormun/servlet/solicitudotadjuntos?72e58574243a980533794b966ed3411e,INS,2019,14802,,1, HTTP/1.1" 200 116
190.171.141.138 - - [19/Mar/2019:13:27:15 -0300] "GET /cormun/servlet/hpexe_return? HTTP/1.1" 200 1027
190.171.141.138 - - [19/Mar/2019:13:27:15 -0300] "GET /cormun/servlet/trsolicitudadjuntos?2019,14802, HTTP/1.1" 200 9156
190.171.141.138 - - [19/Mar/2019:13:27:16 -0300] "GET /cormun/servlet/trsolicitudadjuntos?2019,14802, HTTP/1.1" 200 9155
190.171.141.138 - - [19/Mar/2019:13:27:18 -0300] "GET /cormun/servlet/solicitudotadjuntos?INS,2019,14802,,1, HTTP/1.1" 200 6492
190.171.141.138 - - [19/Mar/2019:13:27:18 -0300] "GET /cormun/static/about:blank HTTP/1.1" 404 1011
190.171.141.138 - - [19/Mar/2019:13:27:18 -0300] "GET /cormun/servlet/solicitudotadjuntos?INS,2019,14802,,1, HTTP/1.1" 200 6485
186.103.159.46 - - [19/Mar/2019:13:27:18 -0300] "POST /cormun/servlet/solicitudot?gx-no-cache=1553012619529 HTTP/1.1" 200 30
190.171.141.138 - - [19/Mar/2019:13:27:18 -0300] "GET /cormun/servlet/solicitudotadjuntos?d9041ba5f48b3e7ec02cd1db4bd4c2f540b2ec38e92575517661da6fbe399899d8da9d3ba01064bfbeb0c445f8eda965,gx-no-cache=1553012619291 HTTP/1.1" 200 30
190.171.141.138 - - [19/Mar/2019:13:27:19 -0300] "POST /cormun/servlet/solicitudotadjuntos?72e58574243a980533794b966ed3411e,INS,2019,14802,,1,,gx-no-cache=1553012619324 HTTP/1.1" 200 4106
186.103.159.46 - - [19/Mar/2019:13:27:19 -0300] "POST /cormun/servlet/solicitudot?52d5339257500389f839e9d80899ca27,INS,0,0,,gx-no-cache=1553012619644 HTTP/1.1" 200 93
186.103.159.46 - - [19/Mar/2019:13:27:19 -0300] "GET /cormun/servlet/hpexe_return? HTTP/1.1" 200 1012
186.103.159.46 - - [19/Mar/2019:13:27:19 -0300] "GET /cormun/static/Resources/Spanish/PXTools.css?167811 HTTP/1.1" 200 89042
186.103.159.46 - - [19/Mar/2019:13:27:19 -0300] "GET /cormun/static/gxcfg.js?2016101716175148 HTTP/1.1" 200 953
186.103.159.46 - - [19/Mar/2019:13:27:19 -0300] "GET /cormun/static/hpexe_return.js?2016101716175153 HTTP/1.1" 200 1633
186.103.159.46 - - [19/Mar/2019:13:27:20 -0300] "GET /cormun/servlet/trsolicitudot HTTP/1.1" 200 8541
190.171.141.138 - - [19/Mar/2019:13:27:21 -0300] "POST /cormun/servlet/solicitudotadjuntos?gx-no-cache=1553012621533 HTTP/1.1" 200 26
186.103.159.46 - - [19/Mar/2019:13:27:22 -0300] "GET /cormun/servlet/trsolicitudot HTTP/1.1" 200 8537
186.103.159.46 - - [19/Mar/2019:13:27:22 -0300] "GET /cormun//static/Resources/PXToolsActionView.png HTTP/1.1" 200 2995
186.103.159.46 - - [19/Mar/2019:13:27:22 -0300] "GET /cormun//static/Resources/PXToolsGridDelete.png HTTP/1.1" 200 357
186.103.159.46 - - [19/Mar/2019:13:27:23 -0300] "GET /cormun//static/Resources/PXToolsRemoveAllAction.png HTTP/1.1" 200 3558
190.171.141.138 - - [19/Mar/2019:13:27:28 -0300] "GET /cormun/servlet/solicitudotadjuntos?d9041ba5f48b3e7ec02cd1db4bd4c2f55b8c55cbec74157c360254585b90569f,gx-no-cache=1553012629069 HTTP/1.1" 200 30
190.171.141.138 - - [19/Mar/2019:13:27:28 -0300] "GET /cormun/servlet/solicitudotadjuntos?d9041ba5f48b3e7ec02cd1db4bd4c2f55b8c55cbec74157c360254585b90569f,gx-no-cache=1553012629082 HTTP/1.1" 200 30
190.171.141.138 - - [19/Mar/2019:13:27:28 -0300] "POST /cormun/servlet/solicitudotadjuntos?72e58574243a980533794b966ed3411e,INS,2019,14802,,1, HTTP/1.1" 200 116
190.171.141.138 - - [19/Mar/2019:13:27:28 -0300] "GET /cormun/servlet/hpexe_return? HTTP/1.1" 200 1027
190.171.141.138 - - [19/Mar/2019:13:27:29 -0300] "GET /cormun/servlet/trsolicitudadjuntos?2019,14802, HTTP/1.1" 200 9396
190.171.141.138 - - [19/Mar/2019:13:27:29 -0300] "GET /cormun/servlet/trsolicitudadjuntos?2019,14802, HTTP/1.1" 200 9394
186.103.159.46 - - [19/Mar/2019:13:27:29 -0300] "POST /cormun/servlet/trsolicitudot?52d5339257500389f839e9d80899ca27,gx-no-cache=1553012630498 HTTP/1.1" 200 5753
186.103.159.46 - - [19/Mar/2019:13:27:29 -0300] "GET /cormun/static/Shared/jqueryui/images/ui-bg_highlight-soft_100_c6c2c8_1x100.png HTTP/1.1" 404 1117
186.103.159.46 - - [19/Mar/2019:13:27:29 -0300] "GET /cormun/static/Shared/jqueryui/images/ui-icons_82798d_256x240.png HTTP/1.1" 404 1089
186.103.159.46 - - [19/Mar/2019:13:27:30 -0300] "GET /cormun/static/Shared/jqueryui/images/ui-bg_flat_55_fafafa_40x100.png HTTP/1.1" 404 1097
186.103.159.46 - - [19/Mar/2019:13:27:30 -0300] "GET /cormun/static/Shared/jqueryui/images/ui-icons_8d78a5_256x240.png HTTP/1.1" 404 1089
190.171.141.138 - - [19/Mar/2019:13:27:32 -0300] "GET /cormun/servlet/solicitudotadjuntos?INS,2019,14802,,1, HTTP/1.1" 200 6492
190.171.141.138 - - [19/Mar/2019:13:27:32 -0300] "GET /cormun/static/about:blank HTTP/1.1" 404 1011
190.171.141.138 - - [19/Mar/2019:13:27:32 -0300] "GET /cormun/servlet/solicitudotadjuntos?INS,2019,14802,,1, HTTP/1.1" 200 6485
190.171.141.138 - - [19/Mar/2019:13:27:33 -0300] "GET /cormun/servlet/solicitudotadjuntos?d9041ba5f48b3e7ec02cd1db4bd4c2f540b2ec38e92575517661da6fbe399899d8da9d3ba01064bfbeb0c445f8eda965,gx-no-cache=1553012633390 HTTP/1.1" 200 30
190.171.141.138 - - [19/Mar/2019:13:27:33 -0300] "POST /cormun/servlet/solicitudotadjuntos?72e58574243a980533794b966ed3411e,INS,2019,14802,,1,,gx-no-cache=1553012633423 HTTP/1.1" 200 4106
190.171.141.138 - - [19/Mar/2019:13:27:35 -0300] "POST /cormun/servlet/solicitudotadjuntos?gx-no-cache=1553012635853 HTTP/1.1" 200 26
186.103.159.46 - - [19/Mar/2019:13:27:42 -0300] "POST /cormun/servlet/trsolicitudot?52d5339257500389f839e9d80899ca27,gx-no-cache=1553012643207 HTTP/1.1" 200 107
190.171.141.138 - - [19/Mar/2019:13:27:42 -0300] "GET /cormun/servlet/solicitudotadjuntos?d9041ba5f48b3e7ec02cd1db4bd4c2f55b8c55cbec74157c360254585b90569f,gx-no-cache=1553012642805 HTTP/1.1" 200 30
190.171.141.138 - - [19/Mar/2019:13:27:42 -0300] "GET /cormun/servlet/solicitudotadjuntos?d9041ba5f48b3e7ec02cd1db4bd4c2f55b8c55cbec74157c360254585b90569f,gx-no-cache=1553012642818 HTTP/1.1" 200 30
186.103.159.46 - - [19/Mar/2019:13:27:42 -0300] "GET /cormun/servlet/trsolicitudadjuntos?2019,14805, HTTP/1.1" 200 6162
186.103.159.46 - - [19/Mar/2019:13:27:42 -0300] "GET /cormun/static/gxcfg.js?20177612135366 HTTP/1.1" 200 953
190.171.141.138 - - [19/Mar/2019:13:27:42 -0300] "POST /cormun/servlet/solicitudotadjuntos?72e58574243a980533794b966ed3411e,INS,2019,14802,,1, HTTP/1.1" 200 116
190.171.141.138 - - [19/Mar/2019:13:27:42 -0300] "GET /cormun/servlet/hpexe_return? HTTP/1.1" 200 1027
186.103.159.46 - - [19/Mar/2019:13:27:42 -0300] "GET /cormun/static/trsolicitudadjuntos.js?20177612135632 HTTP/1.1" 200 17922
190.171.141.138 - - [19/Mar/2019:13:27:43 -0300] "GET /cormun/servlet/trsolicitudadjuntos?2019,14802, HTTP/1.1" 200 9609
190.171.141.138 - - [19/Mar/2019:13:27:43 -0300] "GET /cormun/servlet/trsolicitudadjuntos?2019,14802, HTTP/1.1" 200 9609
186.103.159.46 - - [19/Mar/2019:13:27:44 -0300] "GET /cormun/servlet/trsolicitudadjuntos?2019,14805, HTTP/1.1" 200 6162
190.171.141.138 - - [19/Mar/2019:13:27:46 -0300] "GET /cormun/servlet/solicitudotadjuntos?INS,2019,14802,,1, HTTP/1.1" 200 6491
190.171.141.138 - - [19/Mar/2019:13:27:46 -0300] "GET /cormun/static/about:blank HTTP/1.1" 404 1011
190.171.141.138 - - [19/Mar/2019:13:27:46 -0300] "GET /cormun/servlet/solicitudotadjuntos?INS,2019,14802,,1, HTTP/1.1" 200 6484
190.171.141.138 - - [19/Mar/2019:13:27:46 -0300] "GET /cormun/servlet/solicitudotadjuntos?d9041ba5f48b3e7ec02cd1db4bd4c2f540b2ec38e92575517661da6fbe399899d8da9d3ba01064bfbeb0c445f8eda965,gx-no-cache=1553012647095 HTTP/1.1" 200 30
190.171.141.138 - - [19/Mar/2019:13:27:46 -0300] "POST /cormun/servlet/solicitudotadjuntos?72e58574243a980533794b966ed3411e,INS,2019,14802,,1,,gx-no-cache=1553012647127 HTTP/1.1" 200 4106
186.103.159.46 - - [19/Mar/2019:13:27:48 -0300] "GET /cormun/servlet/solicitudotadjuntos?INS,2019,14805,,1, HTTP/1.1" 200 6108
186.103.159.46 - - [19/Mar/2019:13:27:49 -0300] "GET /cormun/static/gxcfg.js?2017761244068 HTTP/1.1" 200 953
186.103.159.46 - - [19/Mar/2019:13:27:49 -0300] "GET /cormun/static/solicitudotadjuntos.js?2017761244086 HTTP/1.1" 200 11771
190.171.141.138 - - [19/Mar/2019:13:27:49 -0300] "POST /cormun/servlet/solicitudotadjuntos?gx-no-cache=1553012649861 HTTP/1.1" 200 26
186.103.159.46 - - [19/Mar/2019:13:27:49 -0300] "GET /cormun/static/about:blank HTTP/1.1" 404 1011
186.103.159.46 - - [19/Mar/2019:13:27:50 -0300] "GET /cormun/servlet/solicitudotadjuntos?INS,2019,14805,,1, HTTP/1.1" 200 6102
186.103.159.46 - - [19/Mar/2019:13:27:51 -0300] "GET /cormun/servlet/solicitudotadjuntos?021e999b2caebb2e675df5d046d6a08c0acdea2b86c1362939ef89e77b15e31aa25c0273bc95d46cc2dd278ba2609d50,gx-no-cache=1553012652428 HTTP/1.1" 200 30
186.103.159.46 - - [19/Mar/2019:13:27:51 -0300] "POST /cormun/servlet/solicitudotadjuntos?52d5339257500389f839e9d80899ca27,INS,2019,14805,,1,,gx-no-cache=1553012652510 HTTP/1.1" 200 3892
190.171.141.138 - - [19/Mar/2019:13:27:54 -0300] "GET /cormun/servlet/solicitudotadjuntos?d9041ba5f48b3e7ec02cd1db4bd4c2f55b8c55cbec74157c360254585b90569f,gx-no-cache=1553012654485 HTTP/1.1" 200 30
190.171.141.138 - - [19/Mar/2019:13:27:54 -0300] "GET /cormun/servlet/solicitudotadjuntos?d9041ba5f48b3e7ec02cd1db4bd4c2f55b8c55cbec74157c360254585b90569f,gx-no-cache=1553012654551 HTTP/1.1" 200 30
190.171.141.138 - - [19/Mar/2019:13:27:54 -0300] "POST /cormun/servlet/solicitudotadjuntos?72e58574243a980533794b966ed3411e,INS,2019,14802,,1, HTTP/1.1" 200 116
190.171.141.138 - - [19/Mar/2019:13:27:55 -0300] "GET /cormun/servlet/hpexe_return? HTTP/1.1" 200 1027
190.171.141.138 - - [19/Mar/2019:13:27:55 -0300] "GET /cormun/servlet/trsolicitudadjuntos?2019,14802, HTTP/1.1" 200 9807
190.171.141.138 - - [19/Mar/2019:13:27:55 -0300] "GET /cormun/servlet/trsolicitudadjuntos?2019,14802, HTTP/1.1" 200 9804
186.103.159.46 - - [19/Mar/2019:13:27:57 -0300] "POST /cormun/servlet/solicitudotadjuntos?gx-no-cache=1553012658808 HTTP/1.1" 200 26
190.171.141.138 - - [19/Mar/2019:13:27:58 -0300] "GET /cormun/servlet/solicitudotadjuntos?INS,2019,14802,,1, HTTP/1.1" 200 6491
190.171.141.138 - - [19/Mar/2019:13:27:58 -0300] "GET /cormun/static/about:blank HTTP/1.1" 404 1011
190.171.141.138 - - [19/Mar/2019:13:27:58 -0300] "GET /cormun/servlet/solicitudotadjuntos?INS,2019,14802,,1, HTTP/1.1" 200 6484
190.171.141.138 - - [19/Mar/2019:13:27:59 -0300] "GET /cormun/servlet/solicitudotadjuntos?d9041ba5f48b3e7ec02cd1db4bd4c2f540b2ec38e92575517661da6fbe399899d8da9d3ba01064bfbeb0c445f8eda965,gx-no-cache=1553012659417 HTTP/1.1" 200 30
190.171.141.138 - - [19/Mar/2019:13:27:59 -0300] "POST /cormun/servlet/solicitudotadjuntos?72e58574243a980533794b966ed3411e,INS,2019,14802,,1,,gx-no-cache=1553012659451 HTTP/1.1" 200 4106
190.171.141.138 - - [19/Mar/2019:13:28:01 -0300] "POST /cormun/servlet/solicitudotadjuntos?gx-no-cache=1553012661461 HTTP/1.1" 200 26
190.171.141.138 - - [19/Mar/2019:13:28:07 -0300] "GET /cormun/servlet/solicitudotadjuntos?d9041ba5f48b3e7ec02cd1db4bd4c2f55b8c55cbec74157c360254585b90569f,gx-no-cache=1553012667341 HTTP/1.1" 200 30
190.171.141.138 - - [19/Mar/2019:13:28:07 -0300] "GET /cormun/servlet/solicitudotadjuntos?d9041ba5f48b3e7ec02cd1db4bd4c2f55b8c55cbec74157c360254585b90569f,gx-no-cache=1553012667354 HTTP/1.1" 200 30
190.171.141.138 - - [19/Mar/2019:13:28:07 -0300] "POST /cormun/servlet/solicitudotadjuntos?72e58574243a980533794b966ed3411e,INS,2019,14802,,1, HTTP/1.1" 200 116
190.171.141.138 - - [19/Mar/2019:13:28:07 -0300] "GET /cormun/servlet/hpexe_return? HTTP/1.1" 200 1027
190.171.141.138 - - [19/Mar/2019:13:28:07 -0300] "GET /cormun/servlet/trsolicitudadjuntos?2019,14802, HTTP/1.1" 200 10048
190.171.141.138 - - [19/Mar/2019:13:28:08 -0300] "GET /cormun/servlet/trsolicitudadjuntos?2019,14802, HTTP/1.1" 200 10044
186.103.159.46 - - [19/Mar/2019:13:28:09 -0300] "GET /cormun/servlet/solicitudotadjuntos?021e999b2caebb2e675df5d046d6a08c9d3cd69d325c45c45f64fe33352a12a7,gx-no-cache=1553012670060 HTTP/1.1" 200 30
186.103.159.46 - - [19/Mar/2019:13:28:09 -0300] "GET /cormun/servlet/solicitudotadjuntos?021e999b2caebb2e675df5d046d6a08c9d3cd69d325c45c45f64fe33352a12a7,gx-no-cache=1553012670132 HTTP/1.1" 200 30
186.103.159.46 - - [19/Mar/2019:13:28:10 -0300] "POST /cormun/servlet/solicitudotadjuntos?52d5339257500389f839e9d80899ca27,INS,2019,14805,,1, HTTP/1.1" 200 116
186.103.159.46 - - [19/Mar/2019:13:28:10 -0300] "GET /cormun/servlet/hpexe_return? HTTP/1.1" 200 1032
190.171.141.138 - - [19/Mar/2019:13:28:11 -0300] "GET /cormun/servlet/solicitudotadjuntos?INS,2019,14802,,1, HTTP/1.1" 200 6491
190.171.141.138 - - [19/Mar/2019:13:28:11 -0300] "GET /cormun/static/about:blank HTTP/1.1" 404 1011
186.103.159.46 - - [19/Mar/2019:13:28:11 -0300] "GET /cormun/servlet/trsolicitudadjuntos?2019,14805, HTTP/1.1" 200 8757
190.171.141.138 - - [19/Mar/2019:13:28:11 -0300] "GET /cormun/servlet/solicitudotadjuntos?INS,2019,14802,,1, HTTP/1.1" 200 6484
190.171.141.138 - - [19/Mar/2019:13:28:11 -0300] "GET /cormun/servlet/solicitudotadjuntos?d9041ba5f48b3e7ec02cd1db4bd4c2f540b2ec38e92575517661da6fbe399899d8da9d3ba01064bfbeb0c445f8eda965,gx-no-cache=1553012672125 HTTP/1.1" 200 30
190.171.141.138 - - [19/Mar/2019:13:28:11 -0300] "POST /cormun/servlet/solicitudotadjuntos?72e58574243a980533794b966ed3411e,INS,2019,14802,,1,,gx-no-cache=1553012672161 HTTP/1.1" 200 4106
190.171.141.138 - - [19/Mar/2019:13:28:14 -0300] "POST /cormun/servlet/solicitudotadjuntos?gx-no-cache=1553012674453 HTTP/1.1" 200 26
186.103.159.46 - - [19/Mar/2019:13:28:14 -0300] "GET /cormun/servlet/trsolicitudadjuntos?2019,14805, HTTP/1.1" 200 8750
186.103.159.46 - - [19/Mar/2019:13:28:17 -0300] "GET /cormun/servlet/solicitudotadjuntos?INS,2019,14805,,1, HTTP/1.1" 200 6108
186.103.159.46 - - [19/Mar/2019:13:28:18 -0300] "GET /cormun/static/about:blank HTTP/1.1" 404 1011
190.171.141.138 - - [19/Mar/2019:13:28:18 -0300] "GET /cormun/servlet/solicitudotadjuntos?d9041ba5f48b3e7ec02cd1db4bd4c2f55b8c55cbec74157c360254585b90569f,gx-no-cache=1553012678485 HTTP/1.1" 200 30
190.171.141.138 - - [19/Mar/2019:13:28:18 -0300] "GET /cormun/servlet/solicitudotadjuntos?d9041ba5f48b3e7ec02cd1db4bd4c2f55b8c55cbec74157c360254585b90569f,gx-no-cache=1553012678498 HTTP/1.1" 200 30
190.171.141.138 - - [19/Mar/2019:13:28:18 -0300] "POST /cormun/servlet/solicitudotadjuntos?72e58574243a980533794b966ed3411e,INS,2019,14802,,1, HTTP/1.1" 200 116
190.171.141.138 - - [19/Mar/2019:13:28:18 -0300] "GET /cormun/servlet/hpexe_return? HTTP/1.1" 200 1027
190.171.141.138 - - [19/Mar/2019:13:28:19 -0300] "GET /cormun/servlet/trsolicitudadjuntos?2019,14802, HTTP/1.1" 200 10285
186.103.159.46 - - [19/Mar/2019:13:28:19 -0300] "GET /cormun/servlet/solicitudotadjuntos?INS,2019,14805,,1, HTTP/1.1" 200 6102
190.171.141.138 - - [19/Mar/2019:13:28:19 -0300] "GET /cormun/servlet/trsolicitudadjuntos?2019,14802, HTTP/1.1" 200 10280
186.103.159.46 - - [19/Mar/2019:13:28:19 -0300] "GET /cormun/servlet/solicitudotadjuntos?021e999b2caebb2e675df5d046d6a08c0acdea2b86c1362939ef89e77b15e31aa25c0273bc95d46cc2dd278ba2609d50,gx-no-cache=1553012680705 HTTP/1.1" 200 30
186.103.159.46 - - [19/Mar/2019:13:28:19 -0300] "POST /cormun/servlet/solicitudotadjuntos?52d5339257500389f839e9d80899ca27,INS,2019,14805,,1,,gx-no-cache=1553012680836 HTTP/1.1" 200 3892
190.171.141.138 - - [19/Mar/2019:13:28:22 -0300] "GET /cormun/servlet/trsolicitudot? HTTP/1.1" 200 9620
190.171.141.138 - - [19/Mar/2019:13:28:22 -0300] "GET /cormun/servlet/trsolicitudot? HTTP/1.1" 200 9613
186.103.159.46 - - [19/Mar/2019:13:28:23 -0300] "POST /cormun/servlet/solicitudotadjuntos?gx-no-cache=1553012684361 HTTP/1.1" 200 26
190.171.141.138 - - [19/Mar/2019:13:28:28 -0300] "POST /cormun/servlet/trsolicitudot?72e58574243a980533794b966ed3411e,,gx-no-cache=1553012688360 HTTP/1.1" 200 6151
190.171.141.138 - - [19/Mar/2019:13:28:28 -0300] "GET /cormun/static/Shared/jqueryui/images/ui-bg_highlight-soft_100_c6c2c8_1x100.png HTTP/1.1" 404 1117
190.171.141.138 - - [19/Mar/2019:13:28:28 -0300] "GET /cormun/static/Shared/jqueryui/images/ui-icons_82798d_256x240.png HTTP/1.1" 404 1089
190.171.141.138 - - [19/Mar/2019:13:28:28 -0300] "GET /cormun/static/Shared/jqueryui/images/ui-bg_flat_55_fafafa_40x100.png HTTP/1.1" 404 1097
190.171.141.138 - - [19/Mar/2019:13:28:28 -0300] "GET /cormun/static/Shared/jqueryui/images/ui-icons_8d78a5_256x240.png HTTP/1.1" 404 1089
190.171.141.138 - - [19/Mar/2019:13:28:28 -0300] "POST /cormun/servlet/trsolicitudot?72e58574243a980533794b966ed3411e,,gx-no-cache=1553012688595 HTTP/1.1" 200 6094
190.171.141.138 - - [19/Mar/2019:13:28:29 -0300] "POST /cormun/servlet/trsolicitudot?72e58574243a980533794b966ed3411e,,gx-no-cache=1553012689622 HTTP/1.1" 200 5760
190.171.141.138 - - [19/Mar/2019:13:28:29 -0300] "POST /cormun/servlet/trsolicitudot?72e58574243a980533794b966ed3411e,,gx-no-cache=1553012689826 HTTP/1.1" 200 5704
190.171.141.138 - - [19/Mar/2019:13:28:30 -0300] "POST /cormun/servlet/trsolicitudot?72e58574243a980533794b966ed3411e,,gx-no-cache=1553012690606 HTTP/1.1" 200 4508
190.171.141.138 - - [19/Mar/2019:13:28:30 -0300] "POST /cormun/servlet/trsolicitudot?72e58574243a980533794b966ed3411e,,gx-no-cache=1553012690801 HTTP/1.1" 200 4284
190.171.141.138 - - [19/Mar/2019:13:28:33 -0300] "GET /cormun/servlet/trautorizarsolicitud? HTTP/1.1" 200 9641
190.171.141.138 - - [19/Mar/2019:13:28:33 -0300] "GET /cormun/static/gxcfg.js?2017111423403364 HTTP/1.1" 200 953
190.171.141.138 - - [19/Mar/2019:13:28:33 -0300] "GET /cormun/static/trautorizarsolicitud.js?201711142340425 HTTP/1.1" 200 53910
190.171.141.138 - - [19/Mar/2019:13:28:33 -0300] "GET /cormun/servlet/trautorizarsolicitud? HTTP/1.1" 200 9640
186.103.159.46 - - [19/Mar/2019:13:28:34 -0300] "GET /cormun/servlet/solicitudotadjuntos?021e999b2caebb2e675df5d046d6a08c9d3cd69d325c45c45f64fe33352a12a7,gx-no-cache=1553012695714 HTTP/1.1" 200 30
186.103.159.46 - - [19/Mar/2019:13:28:34 -0300] "GET /cormun/servlet/solicitudotadjuntos?021e999b2caebb2e675df5d046d6a08c9d3cd69d325c45c45f64fe33352a12a7,gx-no-cache=1553012695779 HTTP/1.1" 200 30
186.103.159.46 - - [19/Mar/2019:13:28:36 -0300] "POST /cormun/servlet/solicitudotadjuntos?52d5339257500389f839e9d80899ca27,INS,2019,14805,,1, HTTP/1.1" 200 116
186.103.159.46 - - [19/Mar/2019:13:28:36 -0300] "GET /cormun/servlet/hpexe_return? HTTP/1.1" 200 1032
186.103.159.46 - - [19/Mar/2019:13:28:37 -0300] "GET /cormun/servlet/trsolicitudadjuntos?2019,14805, HTTP/1.1" 200 8976
190.171.141.138 - - [19/Mar/2019:13:28:38 -0300] "POST /cormun/servlet/trautorizarsolicitud?72e58574243a980533794b966ed3411e,,gx-no-cache=1553012698640 HTTP/1.1" 200 6290
190.171.141.138 - - [19/Mar/2019:13:28:38 -0300] "GET /cormun/static/Shared/jqueryui/images/ui-icons_82798d_256x240.png HTTP/1.1" 404 1089
190.171.141.138 - - [19/Mar/2019:13:28:38 -0300] "GET /cormun/static/Shared/jqueryui/images/ui-bg_highlight-soft_100_c6c2c8_1x100.png HTTP/1.1" 404 1117
190.171.141.138 - - [19/Mar/2019:13:28:38 -0300] "GET /cormun/static/Shared/jqueryui/images/ui-bg_flat_55_fafafa_40x100.png HTTP/1.1" 404 1097
190.171.141.138 - - [19/Mar/2019:13:28:39 -0300] "GET /cormun/static/Shared/jqueryui/images/ui-icons_8d78a5_256x240.png HTTP/1.1" 404 1089
190.171.141.138 - - [19/Mar/2019:13:28:39 -0300] "POST /cormun/servlet/trautorizarsolicitud?72e58574243a980533794b966ed3411e,,gx-no-cache=1553012698916 HTTP/1.1" 200 6235
186.103.159.46 - - [19/Mar/2019:13:28:39 -0300] "GET /cormun/servlet/trsolicitudadjuntos?2019,14805, HTTP/1.1" 200 8975
186.103.159.46 - - [19/Mar/2019:13:28:42 -0300] "GET /cormun/servlet/solicitudotadjuntos?INS,2019,14805,,1, HTTP/1.1" 200 6109
186.103.159.46 - - [19/Mar/2019:13:28:43 -0300] "GET /cormun/static/about:blank HTTP/1.1" 404 1011
190.171.141.138 - - [19/Mar/2019:13:28:43 -0300] "POST /cormun/servlet/trautorizarsolicitud?72e58574243a980533794b966ed3411e,,gx-no-cache=1553012704158 HTTP/1.1" 200 5888
190.171.141.138 - - [19/Mar/2019:13:28:44 -0300] "POST /cormun/servlet/trautorizarsolicitud?72e58574243a980533794b966ed3411e,,gx-no-cache=1553012704401 HTTP/1.1" 200 5833
186.103.159.46 - - [19/Mar/2019:13:28:45 -0300] "GET /cormun/servlet/solicitudotadjuntos?INS,2019,14805,,1, HTTP/1.1" 200 6103
186.103.159.46 - - [19/Mar/2019:13:28:45 -0300] "GET /cormun/servlet/solicitudotadjuntos?021e999b2caebb2e675df5d046d6a08c0acdea2b86c1362939ef89e77b15e31aa25c0273bc95d46cc2dd278ba2609d50,gx-no-cache=1553012706629 HTTP/1.1" 200 30
186.103.159.46 - - [19/Mar/2019:13:28:46 -0300] "POST /cormun/servlet/solicitudotadjuntos?52d5339257500389f839e9d80899ca27,INS,2019,14805,,1,,gx-no-cache=1553012706825 HTTP/1.1" 200 3892
190.171.141.138 - - [19/Mar/2019:13:28:47 -0300] "POST /cormun/servlet/trautorizarsolicitud?72e58574243a980533794b966ed3411e,,gx-no-cache=1553012707654 HTTP/1.1" 200 4695
190.171.141.138 - - [19/Mar/2019:13:28:47 -0300] "POST /cormun/servlet/trautorizarsolicitud?72e58574243a980533794b966ed3411e,,gx-no-cache=1553012707851 HTTP/1.1" 200 4472
186.103.159.46 - - [19/Mar/2019:13:28:49 -0300] "POST /cormun/servlet/solicitudotadjuntos?gx-no-cache=1553012710893 HTTP/1.1" 200 26
186.103.159.46 - - [19/Mar/2019:13:28:58 -0300] "GET /cormun/servlet/solicitudotadjuntos?021e999b2caebb2e675df5d046d6a08c9d3cd69d325c45c45f64fe33352a12a7,gx-no-cache=1553012719340 HTTP/1.1" 200 30
186.103.159.46 - - [19/Mar/2019:13:28:58 -0300] "GET /cormun/servlet/solicitudotadjuntos?021e999b2caebb2e675df5d046d6a08c9d3cd69d325c45c45f64fe33352a12a7,gx-no-cache=1553012719481 HTTP/1.1" 200 30
186.103.159.46 - - [19/Mar/2019:13:29:00 -0300] "POST /cormun/servlet/solicitudotadjuntos?52d5339257500389f839e9d80899ca27,INS,2019,14805,,1, HTTP/1.1" 200 116
186.103.159.46 - - [19/Mar/2019:13:29:00 -0300] "GET /cormun/servlet/hpexe_return? HTTP/1.1" 200 1032
186.103.159.46 - - [19/Mar/2019:13:29:01 -0300] "GET /cormun/servlet/trsolicitudadjuntos?2019,14805, HTTP/1.1" 200 9162
186.103.159.46 - - [19/Mar/2019:13:29:03 -0300] "GET /cormun/servlet/trsolicitudadjuntos?2019,14805, HTTP/1.1" 200 9160
186.103.159.46 - - [19/Mar/2019:13:29:06 -0300] "GET /cormun/servlet/solicitudotadjuntos?INS,2019,14805,,1, HTTP/1.1" 200 6109
186.103.159.46 - - [19/Mar/2019:13:29:07 -0300] "GET /cormun/static/about:blank HTTP/1.1" 404 1011
186.103.159.46 - - [19/Mar/2019:13:29:08 -0300] "GET /cormun/servlet/solicitudotadjuntos?INS,2019,14805,,1, HTTP/1.1" 200 6103
186.103.159.46 - - [19/Mar/2019:13:29:08 -0300] "GET /cormun/servlet/solicitudotadjuntos?021e999b2caebb2e675df5d046d6a08c0acdea2b86c1362939ef89e77b15e31aa25c0273bc95d46cc2dd278ba2609d50,gx-no-cache=1553012729795 HTTP/1.1" 200 30
186.103.159.46 - - [19/Mar/2019:13:29:09 -0300] "POST /cormun/servlet/solicitudotadjuntos?52d5339257500389f839e9d80899ca27,INS,2019,14805,,1,,gx-no-cache=1553012729953 HTTP/1.1" 200 3892
186.103.159.46 - - [19/Mar/2019:13:29:12 -0300] "POST /cormun/servlet/solicitudotadjuntos?gx-no-cache=1553012733218 HTTP/1.1" 200 26
186.103.159.46 - - [19/Mar/2019:13:29:20 -0300] "GET /cormun/servlet/solicitudotadjuntos?021e999b2caebb2e675df5d046d6a08c9d3cd69d325c45c45f64fe33352a12a7,gx-no-cache=1553012741531 HTTP/1.1" 200 30
186.103.159.46 - - [19/Mar/2019:13:29:20 -0300] "GET /cormun/servlet/solicitudotadjuntos?021e999b2caebb2e675df5d046d6a08c9d3cd69d325c45c45f64fe33352a12a7,gx-no-cache=1553012741580 HTTP/1.1" 200 30
186.103.159.46 - - [19/Mar/2019:13:29:21 -0300] "POST /cormun/servlet/solicitudotadjuntos?52d5339257500389f839e9d80899ca27,INS,2019,14805,,1, HTTP/1.1" 200 116
186.103.159.46 - - [19/Mar/2019:13:29:21 -0300] "GET /cormun/servlet/hpexe_return? HTTP/1.1" 200 1032
186.103.159.46 - - [19/Mar/2019:13:29:22 -0300] "GET /cormun/servlet/trsolicitudadjuntos?2019,14805, HTTP/1.1" 200 9386
186.103.159.46 - - [19/Mar/2019:13:29:25 -0300] "GET /cormun/servlet/trsolicitudadjuntos?2019,14805, HTTP/1.1" 200 9386
186.103.159.46 - - [19/Mar/2019:13:29:27 -0300] "GET /cormun/servlet/solicitudotadjuntos?INS,2019,14805,,1, HTTP/1.1" 200 6109
186.103.159.46 - - [19/Mar/2019:13:29:28 -0300] "GET /cormun/static/about:blank HTTP/1.1" 404 1011
186.103.159.46 - - [19/Mar/2019:13:29:29 -0300] "GET /cormun/servlet/solicitudotadjuntos?INS,2019,14805,,1, HTTP/1.1" 200 6103
186.103.159.46 - - [19/Mar/2019:13:29:30 -0300] "GET /cormun/servlet/solicitudotadjuntos?021e999b2caebb2e675df5d046d6a08c0acdea2b86c1362939ef89e77b15e31aa25c0273bc95d46cc2dd278ba2609d50,gx-no-cache=1553012751138 HTTP/1.1" 200 30
186.103.159.46 - - [19/Mar/2019:13:29:30 -0300] "POST /cormun/servlet/solicitudotadjuntos?52d5339257500389f839e9d80899ca27,INS,2019,14805,,1,,gx-no-cache=1553012751210 HTTP/1.1" 200 3892
186.103.159.46 - - [19/Mar/2019:13:29:36 -0300] "POST /cormun/servlet/solicitudotadjuntos?gx-no-cache=1553012757127 HTTP/1.1" 200 26
186.103.159.46 - - [19/Mar/2019:13:29:43 -0300] "GET /cormun/servlet/solicitudotadjuntos?021e999b2caebb2e675df5d046d6a08c9d3cd69d325c45c45f64fe33352a12a7,gx-no-cache=1553012764853 HTTP/1.1" 200 30
186.103.159.46 - - [19/Mar/2019:13:29:44 -0300] "GET /cormun/servlet/solicitudotadjuntos?021e999b2caebb2e675df5d046d6a08c9d3cd69d325c45c45f64fe33352a12a7,gx-no-cache=1553012764923 HTTP/1.1" 200 30
186.103.159.46 - - [19/Mar/2019:13:29:44 -0300] "POST /cormun/servlet/solicitudotadjuntos?52d5339257500389f839e9d80899ca27,INS,2019,14805,,1, HTTP/1.1" 200 116
186.103.159.46 - - [19/Mar/2019:13:29:44 -0300] "GET /cormun/servlet/hpexe_return? HTTP/1.1" 200 1032
186.103.159.46 - - [19/Mar/2019:13:29:46 -0300] "GET /cormun/servlet/trsolicitudadjuntos?2019,14805, HTTP/1.1" 200 9660
186.103.159.46 - - [19/Mar/2019:13:29:48 -0300] "GET /cormun/servlet/trsolicitudadjuntos?2019,14805, HTTP/1.1" 200 9659
186.103.159.46 - - [19/Mar/2019:13:29:54 -0300] "GET /cormun/servlet/solicitudotadjuntos?INS,2019,14805,,1, HTTP/1.1" 200 6108
186.103.159.46 - - [19/Mar/2019:13:29:54 -0300] "GET /cormun/static/about:blank HTTP/1.1" 404 1011
186.103.159.46 - - [19/Mar/2019:13:29:55 -0300] "GET /cormun/servlet/solicitudotadjuntos?INS,2019,14805,,1, HTTP/1.1" 200 6102
186.103.159.46 - - [19/Mar/2019:13:29:56 -0300] "GET /cormun/servlet/solicitudotadjuntos?021e999b2caebb2e675df5d046d6a08c0acdea2b86c1362939ef89e77b15e31aa25c0273bc95d46cc2dd278ba2609d50,gx-no-cache=1553012777294 HTTP/1.1" 200 30
186.103.159.46 - - [19/Mar/2019:13:29:56 -0300] "POST /cormun/servlet/solicitudotadjuntos?52d5339257500389f839e9d80899ca27,INS,2019,14805,,1,,gx-no-cache=1553012777369 HTTP/1.1" 200 3891
186.103.159.46 - - [19/Mar/2019:13:30:00 -0300] "POST /cormun/servlet/solicitudotadjuntos?gx-no-cache=1553012781823 HTTP/1.1" 200 26
186.103.159.46 - - [19/Mar/2019:13:30:08 -0300] "GET /cormun/servlet/solicitudotadjuntos?021e999b2caebb2e675df5d046d6a08c9d3cd69d325c45c45f64fe33352a12a7,gx-no-cache=1553012789584 HTTP/1.1" 200 30
186.103.159.46 - - [19/Mar/2019:13:30:08 -0300] "GET /cormun/servlet/solicitudotadjuntos?021e999b2caebb2e675df5d046d6a08c9d3cd69d325c45c45f64fe33352a12a7,gx-no-cache=1553012789639 HTTP/1.1" 200 30
