186.103.196.84 - - [19/Mar/2019:17:42:35 -0300] "GET /cormun/servlet/solicitudot?dbd36ae4eaec1a876b6740e2f8ac2b2805951401a48bf25a8c7545f8e05ea8d8ea64d862b7de45a338f2e55d612f4b34ce1a012d8ca8c0ebf2f503e9b700c05d,gx-no-cache=1553027933740 HTTP/1.1" 200 30
186.103.159.186 - - [19/Mar/2019:17:42:36 -0300] "POST /cormun/servlet/hlogin?5bcb773c301bce039c9e37128eab36d3,gx-no-cache=1553027938451 HTTP/1.1" 200 90
186.103.159.186 - - [19/Mar/2019:17:42:36 -0300] "GET /cormun/servlet/hpexe_link HTTP/1.1" 200 951
186.103.159.186 - - [19/Mar/2019:17:42:37 -0300] "GET /cormun/servlet/hhome HTTP/1.1" 200 4026
186.103.159.46 - - [19/Mar/2019:17:42:37 -0300] "GET /cormun/servlet/solicitudot?d147ffbd161a71af3db91853617cf77f1f4e4174d0a7074a64ef322db88a4e59049546ff9a19f57b29924da7efbcfc71fd6719f847d13b7544311e36188c1370eab484aead6ecf1b7ffc4af0b79d568de9baefd8908f9c0d406d9ac8289a747128ab0b85754f14fc5cb6b26c27a9913b3252610d80b6695a4feebee4fc3a9b7ca1b3d927f5c84aaef69c14cd09bf425ef8e321650a806586bf7af06c85a2a55b,gx-no-cache=1553027938287 HTTP/1.1" 200 29
186.103.159.186 - - [19/Mar/2019:17:42:38 -0300] "GET /cormun/servlet/hhome HTTP/1.1" 200 4024
186.103.196.84 - - [19/Mar/2019:17:42:39 -0300] "GET /cormun/servlet/solicitudot?dbd36ae4eaec1a876b6740e2f8ac2b282cbcd43f8382badb9484dfbb41170350,gx-no-cache=1553027937538 HTTP/1.1" 200 53
186.103.159.46 - - [19/Mar/2019:17:42:39 -0300] "GET /cormun/static/menuarrow.gif HTTP/1.1" 404 1015
186.103.196.84 - - [19/Mar/2019:17:42:39 -0300] "POST /cormun/servlet/solicitudot?gx-no-cache=1553027937645 HTTP/1.1" 200 297
186.103.196.84 - - [19/Mar/2019:17:42:39 -0300] "GET /cormun/servlet/solicitudot?dbd36ae4eaec1a876b6740e2f8ac2b284003ca83b273315e9a8bb0c59b5de8a4cf19882bced5b3456120f802fbb4b3ce4b06f678b7621dc70fcbe28c043cbe0338a21a97bf0fdd8a3af41710d6338b0e407bfbf9c01ee261e1d0d7f20519cf02e8d7d3625f4f7cd65c6ef7dcb39402e7717c8524023629d111acfa4e7823e929bce8e53891687fdf3c13e7a524f5fbc4f985548bc51d98dcff57de64b08c22c1bbcea1c6eccde6db49a50a40ae3adcf88f4ecd08e8617ef13e06b121512fa92b7c9a1c454eda143cac63c43bcd9325cdfd1d805f3f9801073033c1173ee86b01abf7b64d71f6799a3d9718d9f3a033dbc4f2ce736313a17dfb22c02c4cd644ef3f9d7001075f2e8227263f2c0991b2a6b15d256005662cb5b22fe1bc50fe2b8000b0b2189685271a8f63c6d2f2c86def8010adde126acac6aa80272a98078a2de7a81ec0cd57b300e62acd5a73ed021bac1ac091e5b4cdc924f8c289caee95caf999ba4de82a25cdc4c2e14d68e0da864df9805c9620ff5a4c4a26eecaad155827716262bf350f69d0d749e34dd4238a,gx-no-cache=1553027937838 HTTP/1.1" 200 30
186.103.159.186 - - [19/Mar/2019:17:42:41 -0300] "GET /cormun/servlet/trsolicitudot? HTTP/1.1" 200 7244
186.103.196.84 - - [19/Mar/2019:17:42:42 -0300] "POST /cormun/servlet/solicitudot?gx-no-cache=1553027940978 HTTP/1.1" 200 30
186.103.159.186 - - [19/Mar/2019:17:42:43 -0300] "GET /cormun/servlet/trsolicitudot? HTTP/1.1" 200 7244
186.103.159.186 - - [19/Mar/2019:17:42:45 -0300] "GET /cormun/servlet/solicitudot?INS,0,0, HTTP/1.1" 200 14869
186.103.159.46 - - [19/Mar/2019:17:42:46 -0300] "GET /cormun/servlet/solicitudot?d147ffbd161a71af3db91853617cf77f87bf1fa8819afd82acfdfa3222e0266162cbabc4dec892672300cebe0cff1666,gx-no-cache=1553027947248 HTTP/1.1" 200 30
186.103.196.84 - - [19/Mar/2019:17:42:46 -0300] "POST /cormun/servlet/solicitudot?gx-no-cache=1553027945022 HTTP/1.1" 200 1288
186.103.196.84 - - [19/Mar/2019:17:42:46 -0300] "POST /cormun/servlet/solicitudot?gx-no-cache=1553027945203 HTTP/1.1" 200 38
186.103.159.186 - - [19/Mar/2019:17:42:47 -0300] "GET /cormun/servlet/solicitudot?INS,0,0, HTTP/1.1" 200 14873
186.103.196.84 - - [19/Mar/2019:17:42:53 -0300] "GET /cormun/servlet/solicitudot?dbd36ae4eaec1a876b6740e2f8ac2b28410e35ef3284e4699a08365e2ffaee3c13c27ebdefcb469bdc27da27e5eeb4008f00689643abf415d15d4beef8d4d4e363f3018b1ea6f89d94754d1f25e03b347056a1a567728e7bb80f5e7f2e2c507f0e5803515ea1852f2e997f2cf3ee9a6e,gx-no-cache=1553027951843 HTTP/1.1" 200 110
186.103.196.84 - - [19/Mar/2019:17:42:53 -0300] "POST /cormun/servlet/solicitudot?gx-no-cache=1553027951885 HTTP/1.1" 200 72
186.103.159.186 - - [19/Mar/2019:17:42:56 -0300] "POST /cormun/servlet/solicitudot?gx-no-cache=1553027957609 HTTP/1.1" 200 3450
186.103.159.46 - - [19/Mar/2019:17:42:56 -0300] "POST /cormun/servlet/solicitudot?gx-no-cache=1553027956811 HTTP/1.1" 200 30
186.103.159.186 - - [19/Mar/2019:17:42:57 -0300] "POST /cormun/servlet/solicitudot?5bcb773c301bce039c9e37128eab36d3,INS,0,0,,gx-no-cache=1553027957819 HTTP/1.1" 200 11601
186.103.196.84 - - [19/Mar/2019:17:42:59 -0300] "GET /cormun/servlet/solicitudot?dbd36ae4eaec1a876b6740e2f8ac2b28a249e7786a17cee4b32f3e1e5de7792da486014b6a409d8ab8b5ef6315978884ca33d32ed24660e7ad29dd071a3ea6abc0ade03cadfb9063e4ccb33524dbaa8dbd6a0a78d78569af779b5be7031cdec6e2c75dce65512fde957354932485dfdf,gx-no-cache=1553027957515 HTTP/1.1" 200 29
186.103.196.84 - - [19/Mar/2019:17:42:59 -0300] "GET /cormun/static/menuarrow.gif HTTP/1.1" 404 1015
186.103.159.186 - - [19/Mar/2019:17:42:59 -0300] "GET /cormun/servlet/solicitudot?9c23948c0b6195f558cf56936ff3fe34993f20ddca3f509784cd89f1ae7456b6a337097cdddb09a60aaaf164f7cec29a,gx-no-cache=1553027960942 HTTP/1.1" 200 30
186.103.196.84 - - [19/Mar/2019:17:43:03 -0300] "GET /cormun/servlet/solicitudot?dbd36ae4eaec1a876b6740e2f8ac2b282fc2710b393d2533331784755c2960f665673813bb9dd1ce1ebc47d23669a242,gx-no-cache=1553027961729 HTTP/1.1" 200 30
186.103.196.84 - - [19/Mar/2019:17:43:16 -0300] "POST /cormun/servlet/solicitudot?gx-no-cache=1553027974419 HTTP/1.1" 200 30
186.103.196.84 - - [19/Mar/2019:17:43:30 -0300] "POST /cormun/servlet/solicitudot?8e2837cd9c185dca211cdce718b2611e,INS,0,0,,gx-no-cache=1553027988444 HTTP/1.1" 200 93
186.103.196.84 - - [19/Mar/2019:17:43:30 -0300] "GET /cormun/servlet/hpexe_return? HTTP/1.1" 200 1005
186.103.196.84 - - [19/Mar/2019:17:43:30 -0300] "GET /cormun/servlet/trsolicitudot HTTP/1.1" 200 7539
186.103.196.84 - - [19/Mar/2019:17:43:31 -0300] "GET /cormun/servlet/trsolicitudot HTTP/1.1" 200 7535
164.77.113.188 - - [19/Mar/2019:17:43:37 -0300] "POST /cormun/servlet/trsolicitudot?8e2837cd9c185dca211cdce718b2611e,gx-no-cache=1553027995294 HTTP/1.1" 200 5913
186.103.159.186 - - [19/Mar/2019:17:44:03 -0300] "GET /cormun/servlet/solicitudot?9c23948c0b6195f558cf56936ff3fe34ca9e032190c96aaae3aeab98749c3a90d6acb018ed2fc63187986453e20a82cc99829224618cea814240b8fd26cbc264,gx-no-cache=1553028024683 HTTP/1.1" 200 30
186.103.159.186 - - [19/Mar/2019:17:44:03 -0300] "GET /cormun/servlet/solicitudot?9c23948c0b6195f558cf56936ff3fe3464ecb7828e08ab3fb2ecd7a7b56bda07,gx-no-cache=1553028024730 HTTP/1.1" 200 29
186.103.159.186 - - [19/Mar/2019:17:44:03 -0300] "POST /cormun/servlet/solicitudot?gx-no-cache=1553028024772 HTTP/1.1" 200 297
186.103.159.186 - - [19/Mar/2019:17:44:03 -0300] "GET /cormun/servlet/solicitudot?9c23948c0b6195f558cf56936ff3fe3427266cf41983b80423707b107270a074629bb315329c2e0661df78f9bfe7941231da8f145ed12e7a62e1a400b742d55be4043bbc572551c2c19024da0a8714434cb5f5af3dfea27dce78261a67d501045ea75f193765b59aaf76c1cce5d7a2b8e1881c2b1d602be478c814bc38719507cabd7bf911ca79fd5f99752b5fa687a34776030c75a7df4be016f1534913c2a74a9bcd46b00a09c05e35e1cee880356683546d31387168119f1d602408b836447b3e9ce46604ef9aabe085eb0c1f51c98632616bd8b82f37a1a185b6697c1e6362ba6a48991fcff1d704ea4785a2b7c0c2e04b35f31c8cc7b48010bc30b5c0a88b11d510857905d3235a8a9d6466f474d29f30e05964adf1aa945911659164232ed3b2b993e897efc74a4cdaebb931a162aaabe5d62001555ec99ed16a45ae1a6f0efbbeb9c23845fcd38e87511feb000b4be3c1f9fc69c7953080cab18a3dec714668a51b43cb410f4704e991ec14bbf928786ce3558d6631670de5b4d491605097ea4f0468e106d8b0ca7f4fd32ff8,gx-no-cache=1553028024833 HTTP/1.1" 200 30
186.103.159.186 - - [19/Mar/2019:17:44:05 -0300] "POST /cormun/servlet/solicitudot?gx-no-cache=1553028027136 HTTP/1.1" 200 30
186.103.159.186 - - [19/Mar/2019:17:44:07 -0300] "POST /cormun/servlet/solicitudot?gx-no-cache=1553028029340 HTTP/1.1" 200 1285
186.103.159.186 - - [19/Mar/2019:17:44:07 -0300] "POST /cormun/servlet/solicitudot?gx-no-cache=1553028029415 HTTP/1.1" 200 38
164.77.113.188 - - [19/Mar/2019:17:44:15 -0300] "POST /cormun/servlet/trsolicitudot?8e2837cd9c185dca211cdce718b2611e,gx-no-cache=1553028033477 HTTP/1.1" 200 4776
164.77.113.188 - - [19/Mar/2019:17:44:15 -0300] "GET /cormun/static/Shared/jqueryui/images/ui-bg_highlight-soft_100_c6c2c8_1x100.png HTTP/1.1" 404 1117
186.103.196.84 - - [19/Mar/2019:17:44:15 -0300] "GET /cormun/static/Shared/jqueryui/images/ui-bg_flat_55_fafafa_40x100.png HTTP/1.1" 404 1097
190.151.99.26 - - [19/Mar/2019:17:44:15 -0300] "GET /cormun/static/Shared/jqueryui/images/ui-icons_82798d_256x240.png HTTP/1.1" 404 1089
164.77.113.188 - - [19/Mar/2019:17:44:15 -0300] "GET /cormun/static/Shared/jqueryui/images/ui-icons_8d78a5_256x240.png HTTP/1.1" 404 1089
186.67.84.236 - - [19/Mar/2019:17:44:15 -0300] "POST /cormun/servlet/trsolicitudot?8e2837cd9c185dca211cdce718b2611e,gx-no-cache=1553028033736 HTTP/1.1" 200 4531
186.67.84.236 - - [19/Mar/2019:17:44:20 -0300] "POST /cormun/servlet/trsolicitudot?8e2837cd9c185dca211cdce718b2611e,gx-no-cache=1553028038842 HTTP/1.1" 200 5913
186.67.84.236 - - [19/Mar/2019:17:44:26 -0300] "POST /cormun/servlet/trsolicitudot?8e2837cd9c185dca211cdce718b2611e,gx-no-cache=1553028044524 HTTP/1.1" 200 5891
186.67.84.236 - - [19/Mar/2019:17:44:28 -0300] "POST /cormun/servlet/trsolicitudot?8e2837cd9c185dca211cdce718b2611e,gx-no-cache=1553028046330 HTTP/1.1" 200 5890
186.103.159.46 - - [19/Mar/2019:17:44:31 -0300] "POST /cormun/servlet/solicitudot?gx-no-cache=1553028052573 HTTP/1.1" 200 30
186.103.159.46 - - [19/Mar/2019:17:44:32 -0300] "POST /cormun/servlet/solicitudot?gx-no-cache=1553028052708 HTTP/1.1" 200 1289
186.103.159.46 - - [19/Mar/2019:17:44:32 -0300] "POST /cormun/servlet/solicitudot?gx-no-cache=1553028052853 HTTP/1.1" 200 40
186.103.159.46 - - [19/Mar/2019:17:44:32 -0300] "GET /cormun/servlet/solicitudot?d147ffbd161a71af3db91853617cf77f9aca3f236cf8e5b5b64b7b5b9660b1f4e49c6bb77684c5d9e940b03d07cb26c955ebb62c4763725763a39291c490bdf490c9cd177720e690d7851ec7014ac4a907faa6c5bb1834b4d99bfa9b415bee3cd45f88f025d029a1b73daf3c11b63aaa,gx-no-cache=1553028052934 HTTP/1.1" 200 110
186.103.159.46 - - [19/Mar/2019:17:44:32 -0300] "POST /cormun/servlet/solicitudot?gx-no-cache=1553028053007 HTTP/1.1" 200 97
164.77.113.188 - - [19/Mar/2019:17:44:52 -0300] "POST /cormun/servlet/trsolicitudot?8e2837cd9c185dca211cdce718b2611e,gx-no-cache=1553028070443 HTTP/1.1" 200 5891
164.77.113.188 - - [19/Mar/2019:17:44:53 -0300] "POST /cormun/servlet/trsolicitudot?8e2837cd9c185dca211cdce718b2611e,gx-no-cache=1553028071890 HTTP/1.1" 200 5890
164.77.113.188 - - [19/Mar/2019:17:44:56 -0300] "GET /cormun/servlet/trautorizarsolicitud? HTTP/1.1" 200 7444
164.77.113.188 - - [19/Mar/2019:17:44:56 -0300] "GET /cormun/servlet/trautorizarsolicitud? HTTP/1.1" 200 7443
190.171.153.218 - - [19/Mar/2019:17:45:01 -0300] "POST /cormun/servlet/trautorizarsolicitud?8e2837cd9c185dca211cdce718b2611e,,gx-no-cache=1553028079229 HTTP/1.1" 200 5839
190.171.153.218 - - [19/Mar/2019:17:45:04 -0300] "POST /cormun/servlet/trautorizarsolicitud?8e2837cd9c185dca211cdce718b2611e,,gx-no-cache=1553028082509 HTTP/1.1" 200 4706
190.171.153.218 - - [19/Mar/2019:17:45:04 -0300] "GET /cormun/static/Shared/jqueryui/images/ui-bg_highlight-soft_100_c6c2c8_1x100.png HTTP/1.1" 404 1117
190.171.153.218 - - [19/Mar/2019:17:45:04 -0300] "GET /cormun/static/Shared/jqueryui/images/ui-icons_8d78a5_256x240.png HTTP/1.1" 404 1089
190.171.153.218 - - [19/Mar/2019:17:45:04 -0300] "GET /cormun/static/Shared/jqueryui/images/ui-bg_flat_55_fafafa_40x100.png HTTP/1.1" 404 1097
190.171.153.218 - - [19/Mar/2019:17:45:04 -0300] "GET /cormun/static/Shared/jqueryui/images/ui-icons_82798d_256x240.png HTTP/1.1" 404 1089
190.171.153.218 - - [19/Mar/2019:17:45:04 -0300] "POST /cormun/servlet/trautorizarsolicitud?8e2837cd9c185dca211cdce718b2611e,,gx-no-cache=1553028082688 HTTP/1.1" 200 4463
186.103.159.186 - - [19/Mar/2019:17:45:20 -0300] "GET /cormun/servlet/solicitudot?9c23948c0b6195f558cf56936ff3fe34bb5f84674dc6e5b7fa41f76756a0140ac3a29f4856427450b8a193a0e84f19d27d8fb526831047bc30b748aa2364f29a134eb701737f76dfb3113b63c0a2c091d1f0a7f2ec32e65d26ff16fd7948bbae6f345c35015ae60ed76540579bebc17e,gx-no-cache=1553028102472 HTTP/1.1" 200 110
186.103.159.186 - - [19/Mar/2019:17:45:30 -0300] "POST /cormun/servlet/solicitudot?gx-no-cache=1553028112202 HTTP/1.1" 200 97
186.103.159.186 - - [19/Mar/2019:17:45:38 -0300] "GET /cormun/servlet/solicitudot?9c23948c0b6195f558cf56936ff3fe3414d3422ea1ea6ed1aaa7f098d19fcea7cc8a83859778676aa279c7576682a86a64e33ea17d174f4ed8b4ec25225ab615b4df78473d947a4474425953396574d5e03df1847e550f5b11c7040bd578b20243a701320e3307f8b20c4d1d661c7a34,gx-no-cache=1553028120408 HTTP/1.1" 200 29
186.103.159.186 - - [19/Mar/2019:17:45:38 -0300] "GET /cormun/static/menuarrow.gif HTTP/1.1" 404 1015
186.103.159.186 - - [19/Mar/2019:17:45:41 -0300] "GET /cormun/servlet/solicitudot?9c23948c0b6195f558cf56936ff3fe34c8022ccc48166c9373e99e9004e4e4392e6b52c10f97ecd2907e9b924b7f9d43,gx-no-cache=1553028123409 HTTP/1.1" 200 30
186.103.159.186 - - [19/Mar/2019:17:45:51 -0300] "POST /cormun/servlet/solicitudot?gx-no-cache=1553028133304 HTTP/1.1" 200 30
186.103.159.186 - - [19/Mar/2019:17:45:51 -0300] "POST /cormun/servlet/solicitudot?5bcb773c301bce039c9e37128eab36d3,INS,0,0,,gx-no-cache=1553028133356 HTTP/1.1" 200 93
186.103.159.186 - - [19/Mar/2019:17:45:51 -0300] "GET /cormun/servlet/hpexe_return? HTTP/1.1" 200 1006
186.103.159.186 - - [19/Mar/2019:17:45:52 -0300] "GET /cormun/servlet/trsolicitudot HTTP/1.1" 200 8598
186.103.159.186 - - [19/Mar/2019:17:45:53 -0300] "GET /cormun/servlet/trsolicitudot HTTP/1.1" 200 8594
189.68.210.58 - - [19/Mar/2019:17:46:02 -0300] "GET / HTTP/1.1" 200 11217
186.103.159.186 - - [19/Mar/2019:17:46:08 -0300] "POST /cormun/servlet/trsolicitudot?5bcb773c301bce039c9e37128eab36d3,gx-no-cache=1553028149853 HTTP/1.1" 200 107
186.103.159.186 - - [19/Mar/2019:17:46:08 -0300] "GET /cormun/servlet/trsolicitudadjuntos?2019,14817, HTTP/1.1" 200 6133
186.103.159.186 - - [19/Mar/2019:17:46:09 -0300] "GET /cormun/servlet/trsolicitudadjuntos?2019,14817, HTTP/1.1" 200 6133
186.103.159.186 - - [19/Mar/2019:17:46:11 -0300] "GET /cormun/servlet/solicitudotadjuntos?INS,2019,14817,,1, HTTP/1.1" 200 6078
186.103.159.186 - - [19/Mar/2019:17:46:11 -0300] "GET /cormun/static/about:blank HTTP/1.1" 404 1011
186.103.159.186 - - [19/Mar/2019:17:46:12 -0300] "GET /cormun/servlet/solicitudotadjuntos?INS,2019,14817,,1, HTTP/1.1" 200 6072
186.103.159.186 - - [19/Mar/2019:17:46:12 -0300] "GET /cormun/servlet/solicitudotadjuntos?9c23948c0b6195f558cf56936ff3fe34e0d47054feda511e7feb1a86a8ce9468d14feeac174fdc6f3f58c63682736249,gx-no-cache=1553028154566 HTTP/1.1" 200 30
186.103.159.186 - - [19/Mar/2019:17:46:13 -0300] "POST /cormun/servlet/solicitudotadjuntos?5bcb773c301bce039c9e37128eab36d3,INS,2019,14817,,1,,gx-no-cache=1553028154607 HTTP/1.1" 200 3858
186.103.159.186 - - [19/Mar/2019:17:46:15 -0300] "POST /cormun/servlet/solicitudotadjuntos?gx-no-cache=1553028156907 HTTP/1.1" 200 26
186.103.159.186 - - [19/Mar/2019:17:46:30 -0300] "GET /cormun/servlet/solicitudotadjuntos?9c23948c0b6195f558cf56936ff3fe34aa5666f3e2314f6794e52dc0fb05b114,gx-no-cache=1553028172359 HTTP/1.1" 200 30
186.103.159.186 - - [19/Mar/2019:17:46:30 -0300] "GET /cormun/servlet/solicitudotadjuntos?9c23948c0b6195f558cf56936ff3fe34aa5666f3e2314f6794e52dc0fb05b114,gx-no-cache=1553028172441 HTTP/1.1" 200 30
186.103.159.186 - - [19/Mar/2019:17:46:36 -0300] "POST /cormun/servlet/solicitudotadjuntos?5bcb773c301bce039c9e37128eab36d3,INS,2019,14817,,1, HTTP/1.1" 200 116
186.103.159.186 - - [19/Mar/2019:17:46:36 -0300] "GET /cormun/servlet/hpexe_return? HTTP/1.1" 200 1025
186.103.159.186 - - [19/Mar/2019:17:46:36 -0300] "GET /cormun/servlet/trsolicitudadjuntos?2019,14817, HTTP/1.1" 200 8710
186.103.159.186 - - [19/Mar/2019:17:46:38 -0300] "GET /cormun/servlet/trsolicitudadjuntos?2019,14817, HTTP/1.1" 200 8706
186.103.159.186 - - [19/Mar/2019:17:46:41 -0300] "GET /cormun/servlet/solicitudotadjuntos?INS,2019,14817,,1, HTTP/1.1" 200 6080
186.103.159.186 - - [19/Mar/2019:17:46:42 -0300] "GET /cormun/servlet/solicitudotadjuntos?INS,2019,14817,,1, HTTP/1.1" 200 6073
186.103.159.186 - - [19/Mar/2019:17:46:43 -0300] "GET /cormun/static/about:blank HTTP/1.1" 404 1011
186.103.159.186 - - [19/Mar/2019:17:46:43 -0300] "GET /cormun/servlet/solicitudotadjuntos?9c23948c0b6195f558cf56936ff3fe34e0d47054feda511e7feb1a86a8ce9468d14feeac174fdc6f3f58c63682736249,gx-no-cache=1553028184865 HTTP/1.1" 200 30
186.103.159.186 - - [19/Mar/2019:17:46:43 -0300] "POST /cormun/servlet/solicitudotadjuntos?5bcb773c301bce039c9e37128eab36d3,INS,2019,14817,,1,,gx-no-cache=1553028184966 HTTP/1.1" 200 3859
186.103.159.186 - - [19/Mar/2019:17:46:45 -0300] "POST /cormun/servlet/solicitudotadjuntos?gx-no-cache=1553028187501 HTTP/1.1" 200 26
186.103.159.186 - - [19/Mar/2019:17:46:54 -0300] "GET /cormun/servlet/solicitudotadjuntos?9c23948c0b6195f558cf56936ff3fe34aa5666f3e2314f6794e52dc0fb05b114,gx-no-cache=1553028196469 HTTP/1.1" 200 30
186.103.159.186 - - [19/Mar/2019:17:46:55 -0300] "GET /cormun/servlet/solicitudotadjuntos?9c23948c0b6195f558cf56936ff3fe34aa5666f3e2314f6794e52dc0fb05b114,gx-no-cache=1553028196585 HTTP/1.1" 200 30
190.171.141.98 - - [19/Mar/2019:17:47:10 -0300] "GET /cormun/servlet/licenciaspermisos?INS,0,,, HTTP/1.1" 200 6773
190.171.141.98 - - [19/Mar/2019:17:47:11 -0300] "GET /cormun/servlet/licenciaspermisos?INS,0,,, HTTP/1.1" 200 6784
190.171.141.98 - - [19/Mar/2019:17:47:12 -0300] "GET /cormun/servlet/hlogin HTTP/1.1" 200 1745
186.103.159.46 - - [19/Mar/2019:17:47:19 -0300] "POST /cormun/servlet/solicitudot?gx-no-cache=1553028220052 HTTP/1.1" 200 30
186.103.159.46 - - [19/Mar/2019:17:47:28 -0300] "GET /cormun/static/Resources/resize.gif HTTP/1.1" 200 77
186.103.159.46 - - [19/Mar/2019:17:47:28 -0300] "GET /cormun/servlet/prcontratosol?9187329,,,,,MD,,gxPopupLevel%3D0%3B HTTP/1.1" 200 7581
190.171.141.98 - - [19/Mar/2019:17:47:29 -0300] "POST /cormun/servlet/hlogin?c0258e7801e1b1fc117771bca78c7f54,gx-no-cache=1553028229777 HTTP/1.1" 200 90
186.103.159.46 - - [19/Mar/2019:17:47:29 -0300] "GET /cormun/static/gxcfg.js?201761413223964 HTTP/1.1" 200 953
186.103.159.46 - - [19/Mar/2019:17:47:29 -0300] "GET /cormun/static/Resources/PXToolsMenuSearch.png HTTP/1.1" 200 2914
190.171.141.98 - - [19/Mar/2019:17:47:29 -0300] "GET /cormun/servlet/hpexe_link HTTP/1.1" 200 964
186.103.159.46 - - [19/Mar/2019:17:47:29 -0300] "GET /cormun/static/Resources/PXToolsMenuSearchCancel.png HTTP/1.1" 200 2972
186.103.159.46 - - [19/Mar/2019:17:47:29 -0300] "GET /cormun/static/prcontratosol.js?201761413224174 HTTP/1.1" 200 15806
190.171.141.98 - - [19/Mar/2019:17:47:29 -0300] "GET /cormun/servlet/licenciaspermisos?INS,0,,, HTTP/1.1" 200 7582
186.103.159.46 - - [19/Mar/2019:17:47:29 -0300] "GET /cormun/static/menusearch.js?201610171694467 HTTP/1.1" 200 1424
186.103.159.46 - - [19/Mar/2019:17:47:30 -0300] "GET /cormun/static/hmpwkw011.js?20177612121862 HTTP/1.1" 200 1968
190.171.141.98 - - [19/Mar/2019:17:47:30 -0300] "GET /cormun/servlet/licenciaspermisos?INS,0,,, HTTP/1.1" 200 7589
186.103.159.186 - - [19/Mar/2019:17:47:36 -0300] "POST /cormun/servlet/solicitudotadjuntos?5bcb773c301bce039c9e37128eab36d3,INS,2019,14817,,1, HTTP/1.1" 200 116
186.103.159.186 - - [19/Mar/2019:17:47:36 -0300] "GET /cormun/servlet/hpexe_return? HTTP/1.1" 200 1025
186.103.159.186 - - [19/Mar/2019:17:47:37 -0300] "GET /cormun/servlet/trsolicitudadjuntos?2019,14817, HTTP/1.1" 200 8931
186.103.159.46 - - [19/Mar/2019:17:47:38 -0300] "POST /cormun/servlet/solicitudot?gx-no-cache=1553028238580 HTTP/1.1" 200 1289
186.103.159.46 - - [19/Mar/2019:17:47:38 -0300] "POST /cormun/servlet/solicitudot?gx-no-cache=1553028238934 HTTP/1.1" 200 40
186.103.159.46 - - [19/Mar/2019:17:47:38 -0300] "GET /cormun/servlet/solicitudot?d147ffbd161a71af3db91853617cf77f9aca3f236cf8e5b5b64b7b5b9660b1f4e49c6bb77684c5d9e940b03d07cb26c955ebb62c4763725763a39291c490bdf490c9cd177720e690d7851ec7014ac4a907faa6c5bb1834b4d99bfa9b415bee3cd45f88f025d029a1b73daf3c11b63aaa,gx-no-cache=1553028239105 HTTP/1.1" 200 110
186.103.159.46 - - [19/Mar/2019:17:47:38 -0300] "POST /cormun/servlet/solicitudot?gx-no-cache=1553028239272 HTTP/1.1" 200 97
186.103.159.46 - - [19/Mar/2019:17:47:38 -0300] "GET /cormun/servlet/solicitudot?d147ffbd161a71af3db91853617cf77f87bf1fa8819afd82acfdfa3222e0266162cbabc4dec892672300cebe0cff1666,gx-no-cache=1553028239499 HTTP/1.1" 200 30
186.103.159.186 - - [19/Mar/2019:17:47:39 -0300] "GET /cormun/servlet/trsolicitudadjuntos?2019,14817, HTTP/1.1" 200 8928
190.171.141.98 - - [19/Mar/2019:17:47:40 -0300] "GET /cormun/servlet/trlicencias? HTTP/1.1" 200 8502
190.171.141.98 - - [19/Mar/2019:17:47:40 -0300] "GET /cormun/static/gxui/gxui-all.css?110300 HTTP/1.1" 200 2179
190.171.141.98 - - [19/Mar/2019:17:47:40 -0300] "GET /cormun/static/gxcfg.js?20176272054169 HTTP/1.1" 200 953
190.171.141.98 - - [19/Mar/2019:17:47:40 -0300] "GET /cormun/static/Resources/PXToolsGridNew.png HTTP/1.1" 200 2949
190.171.141.98 - - [19/Mar/2019:17:47:40 -0300] "GET /cormun/static/trlicencias.js?20176272054837 HTTP/1.1" 200 41883
186.103.159.46 - - [19/Mar/2019:17:47:41 -0300] "GET /cormun/servlet/prsolicitudot?9187329,,,,,MD,,gxPopupLevel%3D0%3B HTTP/1.1" 200 6233
186.103.159.46 - - [19/Mar/2019:17:47:41 -0300] "GET /cormun/static/gxcfg.js?2017111422591492 HTTP/1.1" 200 953
186.103.159.46 - - [19/Mar/2019:17:47:41 -0300] "GET /cormun/static/prsolicitudot.js?2017111422591715 HTTP/1.1" 200 13680
190.171.141.98 - - [19/Mar/2019:17:47:41 -0300] "GET /cormun/static/Shared/ext/resources/css/ext-all.css?205870 HTTP/1.1" 200 416045
190.171.141.98 - - [19/Mar/2019:17:47:42 -0300] "GET /cormun//static/Resources/PXToolsActionDisabled.gif HTTP/1.1" 200 53
190.171.141.98 - - [19/Mar/2019:17:47:42 -0300] "GET /cormun/servlet/trlicencias? HTTP/1.1" 200 8500
190.171.141.98 - - [19/Mar/2019:17:47:42 -0300] "GET /cormun//static/Resources/PXToolsGridDisplay.png HTTP/1.1" 200 362
190.171.141.98 - - [19/Mar/2019:17:47:42 -0300] "GET /cormun//static/Resources/PXToolsActionPrint.png HTTP/1.1" 200 3317
190.171.141.98 - - [19/Mar/2019:17:47:42 -0300] "GET /cormun//static/Resources/PXToolsHeaderHelp.png HTTP/1.1" 200 4055
190.171.141.98 - - [19/Mar/2019:17:47:42 -0300] "GET /cormun//static/Resources/PXToolsHeaderFavorites.png HTTP/1.1" 200 2744
190.171.152.114 - - [19/Mar/2019:17:47:57 -0300] "GET /cormun/servlet/trsolicitudot? HTTP/1.1" 200 7487
186.103.159.186 - - [19/Mar/2019:17:47:57 -0300] "GET /cormun/servlet/solicitudotadjuntos?INS,2019,14817,,1, HTTP/1.1" 200 6078
186.103.159.186 - - [19/Mar/2019:17:47:58 -0300] "GET /cormun/static/about:blank HTTP/1.1" 404 1011
186.103.159.186 - - [19/Mar/2019:17:47:58 -0300] "GET /cormun/servlet/solicitudotadjuntos?INS,2019,14817,,1, HTTP/1.1" 200 6072
186.103.159.186 - - [19/Mar/2019:17:47:59 -0300] "GET /cormun/servlet/solicitudotadjuntos?9c23948c0b6195f558cf56936ff3fe34e0d47054feda511e7feb1a86a8ce9468d14feeac174fdc6f3f58c63682736249,gx-no-cache=1553028260963 HTTP/1.1" 200 30
186.103.159.186 - - [19/Mar/2019:17:48:00 -0300] "POST /cormun/servlet/solicitudotadjuntos?5bcb773c301bce039c9e37128eab36d3,INS,2019,14817,,1,,gx-no-cache=1553028261072 HTTP/1.1" 200 3859
186.103.159.46 - - [19/Mar/2019:17:48:38 -0300] "GET /cormun/servlet/prpersonalsolicitud?9187329,,,,,MD,,gxPopupLevel%3D0%3B HTTP/1.1" 200 5692
186.103.159.46 - - [19/Mar/2019:17:48:38 -0300] "GET /cormun/static/gxcfg.js?20175251253686 HTTP/1.1" 200 953
186.103.159.46 - - [19/Mar/2019:17:48:39 -0300] "GET /cormun/static/prpersonalsolicitud.js?20175251253921 HTTP/1.1" 200 13873
186.103.159.186 - - [19/Mar/2019:17:48:41 -0300] "POST /cormun/servlet/solicitudotadjuntos?gx-no-cache=1553028302692 HTTP/1.1" 200 26
186.103.159.186 - - [19/Mar/2019:17:48:48 -0300] "GET /cormun/servlet/solicitudotadjuntos?9c23948c0b6195f558cf56936ff3fe34aa5666f3e2314f6794e52dc0fb05b114,gx-no-cache=1553028309661 HTTP/1.1" 200 30
186.103.159.186 - - [19/Mar/2019:17:48:48 -0300] "GET /cormun/servlet/solicitudotadjuntos?9c23948c0b6195f558cf56936ff3fe34aa5666f3e2314f6794e52dc0fb05b114,gx-no-cache=1553028309687 HTTP/1.1" 200 30
186.103.159.186 - - [19/Mar/2019:17:48:50 -0300] "POST /cormun/servlet/solicitudotadjuntos?5bcb773c301bce039c9e37128eab36d3,INS,2019,14817,,1, HTTP/1.1" 200 116
186.103.159.186 - - [19/Mar/2019:17:48:50 -0300] "GET /cormun/servlet/hpexe_return? HTTP/1.1" 200 1025
186.103.159.186 - - [19/Mar/2019:17:48:50 -0300] "GET /cormun/servlet/trsolicitudadjuntos?2019,14817, HTTP/1.1" 200 9113
186.103.159.186 - - [19/Mar/2019:17:48:52 -0300] "GET /cormun/servlet/trsolicitudadjuntos?2019,14817, HTTP/1.1" 200 9111
186.103.159.186 - - [19/Mar/2019:17:48:57 -0300] "GET /cormun/servlet/solicitudotadjuntos?INS,2019,14817,,1, HTTP/1.1" 200 6079
186.103.159.186 - - [19/Mar/2019:17:48:58 -0300] "GET /cormun/static/about:blank HTTP/1.1" 404 1011
186.103.159.186 - - [19/Mar/2019:17:48:59 -0300] "GET /cormun/servlet/solicitudotadjuntos?INS,2019,14817,,1, HTTP/1.1" 200 6073
186.103.159.186 - - [19/Mar/2019:17:48:59 -0300] "GET /cormun/servlet/solicitudotadjuntos?9c23948c0b6195f558cf56936ff3fe34e0d47054feda511e7feb1a86a8ce9468d14feeac174fdc6f3f58c63682736249,gx-no-cache=1553028320771 HTTP/1.1" 200 30
186.103.159.186 - - [19/Mar/2019:17:48:59 -0300] "POST /cormun/servlet/solicitudotadjuntos?5bcb773c301bce039c9e37128eab36d3,INS,2019,14817,,1,,gx-no-cache=1553028320825 HTTP/1.1" 200 3859
190.171.141.98 - - [19/Mar/2019:17:49:00 -0300] "GET /cormun/servlet/trlicencias? HTTP/1.1" 200 8500
190.171.141.98 - - [19/Mar/2019:17:49:01 -0300] "GET /cormun/servlet/trlicencias? HTTP/1.1" 200 8500
186.103.159.186 - - [19/Mar/2019:17:49:02 -0300] "POST /cormun/servlet/solicitudotadjuntos?gx-no-cache=1553028323668 HTTP/1.1" 200 26
190.171.141.98 - - [19/Mar/2019:17:49:11 -0300] "GET /cormun/servlet/licenciaspermisos?INS,0,,, HTTP/1.1" 200 7581
190.171.141.98 - - [19/Mar/2019:17:49:12 -0300] "GET /cormun/servlet/licenciaspermisos?INS,0,,, HTTP/1.1" 200 7589
186.103.159.46 - - [19/Mar/2019:17:49:15 -0300] "GET /cormun/servlet/prcontratosol?9187329,,,,,MD,,gxPopupLevel%3D0%3B HTTP/1.1" 200 7581
186.103.159.46 - - [19/Mar/2019:17:49:26 -0300] "GET /cormun/servlet/prsolicitudot?9187329,,,,,MD,,gxPopupLevel%3D0%3B HTTP/1.1" 200 6233
190.171.141.98 - - [19/Mar/2019:17:49:30 -0300] "POST /cormun/servlet/licenciaspermisos?c0258e7801e1b1fc117771bca78c7f54,INS,0,,,,gx-no-cache=1553028350787 HTTP/1.1" 200 4909
190.171.141.98 - - [19/Mar/2019:17:49:30 -0300] "GET /cormun/static/Shared/jqueryui/images/ui-bg_highlight-soft_100_c6c2c8_1x100.png HTTP/1.1" 404 1117
190.171.141.98 - - [19/Mar/2019:17:49:30 -0300] "GET /cormun/static/Shared/jqueryui/images/ui-bg_flat_55_994d53_40x100.png HTTP/1.1" 404 1097
190.171.141.98 - - [19/Mar/2019:17:49:30 -0300] "GET /cormun/static/Shared/jqueryui/images/ui-icons_82798d_256x240.png HTTP/1.1" 404 1089
190.171.141.98 - - [19/Mar/2019:17:49:30 -0300] "GET /cormun/static/Shared/jqueryui/images/ui-icons_ebccce_256x240.png HTTP/1.1" 404 1089
190.171.141.98 - - [19/Mar/2019:17:49:33 -0300] "GET /cormun/servlet/licenciaspermisos?658891d0b19835880f81faab03cff274ddba069e45a4b5864ca69f5a0d8fd5bc6729100d15faeba0de535580374a2047ed9587055f1d14c046317a9e6261bfaf4100c55c227b799b7ec8a395b08518015e2e2df417303eed67db6bd006f40fc6fe0e5acf0b35ff9b6fa18db78672b720ed9587055f1d14c046317a9e6261bfafe456e6b2e24eebb8927fb30b4bc5c9fd1ee6d62bd4c4805d78bd48962253cf162f2f36406f6e9582c1fed0ae48b196399df2d2b8e27ad9341c78436acfe34f8330cf9a78b418253370d660c69114b49c,gx-no-cache=1553028354699 HTTP/1.1" 200 88
190.171.141.98 - - [19/Mar/2019:17:49:34 -0300] "POST /cormun/servlet/licenciaspermisos?c0258e7801e1b1fc117771bca78c7f54,INS,0,,,,gx-no-cache=1553028354774 HTTP/1.1" 200 4693
186.103.159.186 - - [19/Mar/2019:17:49:58 -0300] "GET /cormun/servlet/solicitudotadjuntos?9c23948c0b6195f558cf56936ff3fe34aa5666f3e2314f6794e52dc0fb05b114,gx-no-cache=1553028380254 HTTP/1.1" 200 30
186.103.159.186 - - [19/Mar/2019:17:49:58 -0300] "GET /cormun/servlet/solicitudotadjuntos?9c23948c0b6195f558cf56936ff3fe34aa5666f3e2314f6794e52dc0fb05b114,gx-no-cache=1553028380292 HTTP/1.1" 200 30
186.103.159.186 - - [19/Mar/2019:17:50:00 -0300] "POST /cormun/servlet/solicitudotadjuntos?5bcb773c301bce039c9e37128eab36d3,INS,2019,14817,,1, HTTP/1.1" 200 116
186.103.159.186 - - [19/Mar/2019:17:50:00 -0300] "GET /cormun/servlet/hpexe_return? HTTP/1.1" 200 1025
186.103.159.186 - - [19/Mar/2019:17:50:01 -0300] "GET /cormun/servlet/trsolicitudadjuntos?2019,14817, HTTP/1.1" 200 9322
186.103.159.46 - - [19/Mar/2019:17:50:03 -0300] "POST /cormun/servlet/solicitudot?45f6075607bbf551dc3b03448796a856,INS,0,0,,gx-no-cache=1553028381971 HTTP/1.1" 200 93
186.103.159.46 - - [19/Mar/2019:17:50:03 -0300] "GET /cormun/servlet/hpexe_return? HTTP/1.1" 200 1006
186.103.159.186 - - [19/Mar/2019:17:50:03 -0300] "GET /cormun/servlet/trsolicitudadjuntos?2019,14817, HTTP/1.1" 200 9321
186.103.159.46 - - [19/Mar/2019:17:50:03 -0300] "GET /cormun/servlet/trsolicitudot? HTTP/1.1" 200 7272
186.103.159.186 - - [19/Mar/2019:17:50:05 -0300] "GET /cormun/servlet/solicitudotadjuntos?INS,2019,14817,,1, HTTP/1.1" 200 6079
186.103.159.46 - - [19/Mar/2019:17:50:06 -0300] "GET /cormun/servlet/trsolicitudot? HTTP/1.1" 200 7269
186.103.159.186 - - [19/Mar/2019:17:50:06 -0300] "GET /cormun/static/about:blank HTTP/1.1" 404 1011
186.103.159.186 - - [19/Mar/2019:17:50:06 -0300] "GET /cormun/servlet/solicitudotadjuntos?INS,2019,14817,,1, HTTP/1.1" 200 6073
186.103.159.186 - - [19/Mar/2019:17:50:06 -0300] "GET /cormun/servlet/solicitudotadjuntos?9c23948c0b6195f558cf56936ff3fe34e0d47054feda511e7feb1a86a8ce9468d14feeac174fdc6f3f58c63682736249,gx-no-cache=1553028388386 HTTP/1.1" 200 30
186.103.159.186 - - [19/Mar/2019:17:50:06 -0300] "POST /cormun/servlet/solicitudotadjuntos?5bcb773c301bce039c9e37128eab36d3,INS,2019,14817,,1,,gx-no-cache=1553028388455 HTTP/1.1" 200 3859
190.171.141.98 - - [19/Mar/2019:17:50:07 -0300] "GET /cormun/static/menuarrow.gif HTTP/1.1" 404 1015
186.103.159.186 - - [19/Mar/2019:17:50:09 -0300] "POST /cormun/servlet/solicitudotadjuntos?gx-no-cache=1553028390792 HTTP/1.1" 200 26
186.103.159.46 - - [19/Mar/2019:17:50:10 -0300] "GET /cormun/servlet/trsolicitudot? HTTP/1.1" 200 7269
186.103.159.46 - - [19/Mar/2019:17:50:12 -0300] "GET /cormun/servlet/trsolicitudot? HTTP/1.1" 200 7269
186.103.159.186 - - [19/Mar/2019:17:50:15 -0300] "GET /cormun/servlet/solicitudotadjuntos?9c23948c0b6195f558cf56936ff3fe34aa5666f3e2314f6794e52dc0fb05b114,gx-no-cache=1553028397022 HTTP/1.1" 200 30
186.103.159.186 - - [19/Mar/2019:17:50:15 -0300] "GET /cormun/servlet/solicitudotadjuntos?9c23948c0b6195f558cf56936ff3fe34aa5666f3e2314f6794e52dc0fb05b114,gx-no-cache=1553028397045 HTTP/1.1" 200 30
186.103.159.46 - - [19/Mar/2019:17:50:15 -0300] "GET /cormun/servlet/solicitudot?INS,0,0, HTTP/1.1" 200 14892
186.103.159.46 - - [19/Mar/2019:17:50:18 -0300] "GET /cormun/servlet/solicitudot?INS,0,0, HTTP/1.1" 200 14897
186.103.159.186 - - [19/Mar/2019:17:50:21 -0300] "POST /cormun/servlet/solicitudotadjuntos?5bcb773c301bce039c9e37128eab36d3,INS,2019,14817,,1, HTTP/1.1" 200 116
186.103.159.186 - - [19/Mar/2019:17:50:21 -0300] "GET /cormun/servlet/hpexe_return? HTTP/1.1" 200 1025
186.103.159.186 - - [19/Mar/2019:17:50:22 -0300] "GET /cormun/servlet/trsolicitudadjuntos?2019,14817, HTTP/1.1" 200 9591
186.103.159.186 - - [19/Mar/2019:17:50:24 -0300] "GET /cormun/servlet/trsolicitudadjuntos?2019,14817, HTTP/1.1" 200 9588
186.103.159.186 - - [19/Mar/2019:17:50:25 -0300] "GET /cormun/servlet/solicitudotadjuntos?INS,2019,14817,,1, HTTP/1.1" 200 6079
186.103.159.186 - - [19/Mar/2019:17:50:26 -0300] "GET /cormun/static/about:blank HTTP/1.1" 404 1011
186.103.159.186 - - [19/Mar/2019:17:50:26 -0300] "GET /cormun/servlet/solicitudotadjuntos?INS,2019,14817,,1, HTTP/1.1" 200 6073
186.103.159.186 - - [19/Mar/2019:17:50:27 -0300] "GET /cormun/servlet/solicitudotadjuntos?9c23948c0b6195f558cf56936ff3fe34e0d47054feda511e7feb1a86a8ce9468d14feeac174fdc6f3f58c63682736249,gx-no-cache=1553028409003 HTTP/1.1" 200 30
186.103.159.186 - - [19/Mar/2019:17:50:27 -0300] "POST /cormun/servlet/solicitudotadjuntos?5bcb773c301bce039c9e37128eab36d3,INS,2019,14817,,1,,gx-no-cache=1553028409040 HTTP/1.1" 200 3859
186.103.159.186 - - [19/Mar/2019:17:50:29 -0300] "POST /cormun/servlet/solicitudotadjuntos?gx-no-cache=1553028411493 HTTP/1.1" 200 26
186.103.159.186 - - [19/Mar/2019:17:50:40 -0300] "GET /cormun/servlet/solicitudotadjuntos?9c23948c0b6195f558cf56936ff3fe34aa5666f3e2314f6794e52dc0fb05b114,gx-no-cache=1553028422197 HTTP/1.1" 200 30
186.103.159.186 - - [19/Mar/2019:17:50:40 -0300] "GET /cormun/servlet/solicitudotadjuntos?9c23948c0b6195f558cf56936ff3fe34aa5666f3e2314f6794e52dc0fb05b114,gx-no-cache=1553028422222 HTTP/1.1" 200 30
186.103.159.186 - - [19/Mar/2019:17:50:52 -0300] "POST /cormun/servlet/solicitudotadjuntos?5bcb773c301bce039c9e37128eab36d3,INS,2019,14817,,1, HTTP/1.1" 200 116
186.103.159.186 - - [19/Mar/2019:17:50:52 -0300] "GET /cormun/servlet/hpexe_return? HTTP/1.1" 200 1025
186.103.159.186 - - [19/Mar/2019:17:50:53 -0300] "GET /cormun/servlet/trsolicitudadjuntos?2019,14817, HTTP/1.1" 200 9833
186.103.159.186 - - [19/Mar/2019:17:50:56 -0300] "GET /cormun/servlet/trsolicitudadjuntos?2019,14817, HTTP/1.1" 200 9828
186.103.159.186 - - [19/Mar/2019:17:51:02 -0300] "POST /cormun/servlet/trsolicitudadjuntos?5bcb773c301bce039c9e37128eab36d3,2019,14817,,gx-no-cache=1553028443444 HTTP/1.1" 200 90
186.103.159.186 - - [19/Mar/2019:17:51:02 -0300] "GET /cormun/servlet/hpexe_link HTTP/1.1" 200 969
186.103.159.186 - - [19/Mar/2019:17:51:02 -0300] "GET /cormun/servlet/trsolicitudot HTTP/1.1" 200 8595
186.103.159.186 - - [19/Mar/2019:17:51:04 -0300] "GET /cormun/servlet/trsolicitudot HTTP/1.1" 200 8594
186.103.159.186 - - [19/Mar/2019:17:51:17 -0300] "POST /cormun/servlet/trsolicitudot?5bcb773c301bce039c9e37128eab36d3,gx-no-cache=1553028458915 HTTP/1.1" 200 4533
186.103.159.186 - - [19/Mar/2019:17:51:17 -0300] "GET /cormun/static/Shared/jqueryui/images/ui-bg_highlight-soft_100_c6c2c8_1x100.png HTTP/1.1" 404 1117
186.103.159.186 - - [19/Mar/2019:17:51:17 -0300] "GET /cormun/static/Shared/jqueryui/images/ui-icons_82798d_256x240.png HTTP/1.1" 404 1089
186.103.159.186 - - [19/Mar/2019:17:51:17 -0300] "GET /cormun/static/Shared/jqueryui/images/ui-bg_flat_55_fafafa_40x100.png HTTP/1.1" 404 1097
186.103.159.186 - - [19/Mar/2019:17:51:17 -0300] "GET /cormun/static/Shared/jqueryui/images/ui-icons_8d78a5_256x240.png HTTP/1.1" 404 1089
186.103.159.186 - - [19/Mar/2019:17:51:18 -0300] "POST /cormun/servlet/trsolicitudot?5bcb773c301bce039c9e37128eab36d3,gx-no-cache=1553028459315 HTTP/1.1" 200 4315
186.103.159.186 - - [19/Mar/2019:17:51:25 -0300] "GET /cormun/servlet/hlogin HTTP/1.1" 200 1722
186.103.159.186 - - [19/Mar/2019:17:51:32 -0300] "POST /cormun/servlet/hlogin?5bcb773c301bce039c9e37128eab36d3,gx-no-cache=1553028474215 HTTP/1.1" 200 90
186.103.159.186 - - [19/Mar/2019:17:51:32 -0300] "GET /cormun/servlet/hpexe_link HTTP/1.1" 200 951
186.103.159.186 - - [19/Mar/2019:17:51:32 -0300] "GET /cormun/servlet/hhome HTTP/1.1" 200 4206
186.103.159.186 - - [19/Mar/2019:17:51:34 -0300] "GET /cormun/servlet/hhome HTTP/1.1" 200 4203
186.103.159.186 - - [19/Mar/2019:17:51:37 -0300] "GET /cormun/servlet/trautorizarsolicitud? HTTP/1.1" 200 8663
186.103.159.186 - - [19/Mar/2019:17:51:38 -0300] "GET /cormun/servlet/trautorizarsolicitud? HTTP/1.1" 200 8660
186.103.159.186 - - [19/Mar/2019:17:51:41 -0300] "POST /cormun/servlet/trautorizarsolicitud?5bcb773c301bce039c9e37128eab36d3,,gx-no-cache=1553028482503 HTTP/1.1" 200 4679
186.103.159.186 - - [19/Mar/2019:17:51:41 -0300] "GET /cormun/static/Shared/jqueryui/images/ui-bg_highlight-soft_100_c6c2c8_1x100.png HTTP/1.1" 404 1117
186.103.159.186 - - [19/Mar/2019:17:51:41 -0300] "GET /cormun/static/Shared/jqueryui/images/ui-bg_flat_55_fafafa_40x100.png HTTP/1.1" 404 1097
186.103.159.186 - - [19/Mar/2019:17:51:41 -0300] "GET /cormun/static/Shared/jqueryui/images/ui-icons_8d78a5_256x240.png HTTP/1.1" 404 1089
186.103.159.186 - - [19/Mar/2019:17:51:41 -0300] "GET /cormun/static/Shared/jqueryui/images/ui-icons_82798d_256x240.png HTTP/1.1" 404 1089
186.103.159.186 - - [19/Mar/2019:17:51:42 -0300] "POST /cormun/servlet/trautorizarsolicitud?5bcb773c301bce039c9e37128eab36d3,,gx-no-cache=1553028483170 HTTP/1.1" 200 4456
186.103.159.46 - - [19/Mar/2019:17:55:18 -0300] "POST /cormun/servlet/solicitudot?gx-no-cache=1553028698764 HTTP/1.1" 200 3547
186.103.159.46 - - [19/Mar/2019:17:55:19 -0300] "POST /cormun/servlet/solicitudot?45f6075607bbf551dc3b03448796a856,INS,0,0,,gx-no-cache=1553028700046 HTTP/1.1" 200 11684
186.103.159.46 - - [19/Mar/2019:17:55:21 -0300] "GET /cormun/servlet/trfichaempleado? HTTP/1.1" 200 14996
186.103.159.46 - - [19/Mar/2019:17:55:31 -0300] "GET /cormun/servlet/solicitudot?d147ffbd161a71af3db91853617cf77ff335de140eb5cf5529762654f2b61c0fe0697e3240189aa9b9c4f46ecbd468d8,gx-no-cache=1553028712513 HTTP/1.1" 200 30
186.103.159.46 - - [19/Mar/2019:17:55:31 -0300] "GET /cormun/servlet/solicitudot?d147ffbd161a71af3db91853617cf77f79001032fa8abfdd5d70f1343419be341c1a67507908f539eb8efe89b17026a8e0697e3240189aa9b9c4f46ecbd468d8,gx-no-cache=1553028712670 HTTP/1.1" 200 30
186.103.159.46 - - [19/Mar/2019:17:55:32 -0300] "GET /cormun/servlet/solicitudot?d147ffbd161a71af3db91853617cf77f60e6118c5b43eaf5476221df2df826b5,gx-no-cache=1553028712799 HTTP/1.1" 200 70
186.103.159.46 - - [19/Mar/2019:17:55:32 -0300] "POST /cormun/servlet/solicitudot?gx-no-cache=1553028712895 HTTP/1.1" 200 255
186.103.159.46 - - [19/Mar/2019:17:55:32 -0300] "GET /cormun/servlet/solicitudot?d147ffbd161a71af3db91853617cf77fe87632d4dc66e08da56912dec5a4c7c5e3ee759877d96badb5184ca0974275bfe26442d5a2e699d8c75ec2c47267ca2652efd3cc830165933ab8102c3df8961230d02f29a2340658c54b79f4c75aa982ac476894bc43cdea1f19fa4a52d7253b8479c4f5e5fd7ada3e2f314165253f6248cc8e56b8a432fc87f793f429817268e4e4e9eb1bd2ff3796e3f5a4bdecac6038a5da299897244f7b5e892892c547fc14757832f9b428fb3246e0104dca2aa50836cfb7468a260d5f76657ac278816308bc141e21bab18f5a317f854822259fd54d6eb7c49c31401e991ddc6028986fb24ee48d6182d2fb10310ef573378207bf8d7c1ee9124cf7ef3ecd52481dd0edacf62f44054974c5ffb3ddd3d1058b7bf46c671e853ec86b447139bad5ca99c46aa925c88c04f6f9bad28f992a6ac2a89cb1c3c7fbc3e2d2195ef1492fa417a9049264dcc9a6742ec9456ca5e6d96c6e2fbd075f78ecd9df77f4b81dca812e6fbb9e7b1108e0c39fa6965419954be3a6,gx-no-cache=1553028713076 HTTP/1.1" 200 30
186.103.159.46 - - [19/Mar/2019:17:55:35 -0300] "POST /cormun/servlet/solicitudot?gx-no-cache=1553028715898 HTTP/1.1" 200 30
186.103.159.46 - - [19/Mar/2019:17:56:11 -0300] "POST /cormun/servlet/solicitudot?gx-no-cache=1553028752241 HTTP/1.1" 200 1288
186.103.159.46 - - [19/Mar/2019:17:56:11 -0300] "POST /cormun/servlet/solicitudot?gx-no-cache=1553028752441 HTTP/1.1" 200 38
186.103.159.46 - - [19/Mar/2019:17:56:11 -0300] "GET /cormun/servlet/solicitudot?d147ffbd161a71af3db91853617cf77f9aca3f236cf8e5b5b64b7b5b9660b1f4e49c6bb77684c5d9e940b03d07cb26c955ebb62c4763725763a39291c490bdf490c9cd177720e690d7851ec7014ac4a907faa6c5bb1834b4d99bfa9b415bee3cd45f88f025d029a1b73daf3c11b63aaa,gx-no-cache=1553028752536 HTTP/1.1" 200 110
186.103.159.46 - - [19/Mar/2019:17:56:19 -0300] "POST /cormun/servlet/solicitudot?gx-no-cache=1553028759667 HTTP/1.1" 200 97
186.103.159.46 - - [19/Mar/2019:17:56:29 -0300] "GET /cormun/servlet/solicitudot?d147ffbd161a71af3db91853617cf77f1f4e4174d0a7074a64ef322db88a4e59049546ff9a19f57b29924da7efbcfc71fd6719f847d13b7544311e36188c1370eab484aead6ecf1b7ffc4af0b79d568de9baefd8908f9c0d406d9ac8289a747128ab0b85754f14fc5cb6b26c27a9913b3252610d80b6695a4feebee4fc3a9b7ca1b3d927f5c84aaef69c14cd09bf425ef8e321650a806586bf7af06c85a2a55b,gx-no-cache=1553028770565 HTTP/1.1" 200 29
186.103.159.46 - - [19/Mar/2019:17:56:30 -0300] "GET /cormun/static/menuarrow.gif HTTP/1.1" 404 1015
186.103.159.46 - - [19/Mar/2019:17:56:34 -0300] "GET /cormun/servlet/solicitudot?d147ffbd161a71af3db91853617cf77f87bf1fa8819afd82acfdfa3222e0266162cbabc4dec892672300cebe0cff1666,gx-no-cache=1553028774859 HTTP/1.1" 200 30
186.103.159.46 - - [19/Mar/2019:17:56:40 -0300] "POST /cormun/servlet/solicitudot?gx-no-cache=1553028781431 HTTP/1.1" 200 30
186.103.159.46 - - [19/Mar/2019:17:56:42 -0300] "GET /cormun/servlet/trfichaempleado? HTTP/1.1" 200 14996
186.103.159.46 - - [19/Mar/2019:17:56:52 -0300] "GET /cormun/servlet/trsolicitudot? HTTP/1.1" 200 7269
186.103.159.46 - - [19/Mar/2019:17:56:55 -0300] "GET /cormun/servlet/trsolicitudot? HTTP/1.1" 200 7269
186.103.159.46 - - [19/Mar/2019:17:56:59 -0300] "GET /cormun/servlet/solicitudot?INS,0,0, HTTP/1.1" 200 14891
186.103.159.46 - - [19/Mar/2019:17:57:02 -0300] "GET /cormun/servlet/solicitudot?INS,0,0, HTTP/1.1" 200 14896
186.103.159.46 - - [19/Mar/2019:17:57:12 -0300] "POST /cormun/servlet/solicitudot?gx-no-cache=1553028812898 HTTP/1.1" 200 3547
186.103.159.46 - - [19/Mar/2019:17:57:13 -0300] "POST /cormun/servlet/solicitudot?45f6075607bbf551dc3b03448796a856,INS,0,0,,gx-no-cache=1553028813415 HTTP/1.1" 200 11687
186.103.159.46 - - [19/Mar/2019:17:57:15 -0300] "GET /cormun/servlet/solicitudot?d147ffbd161a71af3db91853617cf77ff335de140eb5cf5529762654f2b61c0fe0697e3240189aa9b9c4f46ecbd468d8,gx-no-cache=1553028816528 HTTP/1.1" 200 30
186.103.159.46 - - [19/Mar/2019:17:57:16 -0300] "GET /cormun/servlet/solicitudot?d147ffbd161a71af3db91853617cf77f79001032fa8abfdd5d70f1343419be341c1a67507908f539eb8efe89b17026a8e0697e3240189aa9b9c4f46ecbd468d8,gx-no-cache=1553028816739 HTTP/1.1" 200 30
186.103.159.46 - - [19/Mar/2019:17:57:16 -0300] "GET /cormun/servlet/solicitudot?d147ffbd161a71af3db91853617cf77f60e6118c5b43eaf5476221df2df826b5,gx-no-cache=1553028816906 HTTP/1.1" 200 70
186.103.159.46 - - [19/Mar/2019:17:57:17 -0300] "POST /cormun/servlet/solicitudot?gx-no-cache=1553028817557 HTTP/1.1" 200 255
186.103.159.46 - - [19/Mar/2019:17:57:17 -0300] "GET /cormun/servlet/solicitudot?d147ffbd161a71af3db91853617cf77fe87632d4dc66e08da56912dec5a4c7c5e3ee759877d96badb5184ca0974275bfe26442d5a2e699d8c75ec2c47267ca2652efd3cc830165933ab8102c3df8961230d02f29a2340658c54b79f4c75aa982ac476894bc43cdea1f19fa4a52d7253b8479c4f5e5fd7ada3e2f314165253f6248cc8e56b8a432fc87f793f429817268e4e4e9eb1bd2ff3796e3f5a4bdecac6038a5da299897244f7b5e892892c547fc14757832f9b428fb3246e0104dca2aa50836cfb7468a260d5f76657ac278816308bc141e21bab18f5a317f854822259fd54d6eb7c49c31401e991ddc6028986fb24ee48d6182d2fb10310ef573378207bf8d7c1ee9124cf7ef3ecd52481dd0edacf62f44054974c5ffb3ddd3d1058b7bf46c671e853ec86b447139bad5ca99c46aa925c88c04f6f9bad28f992a6ac2a89cb1c3c7fbc3e2d2195ef1492fa417a9049264dcc9a6742ec9456ca5e6d96c6e2fbd075f78ecd9df77f4b81dca812e6fbb9e7b1108e0c39fa6965419954be3a6,gx-no-cache=1553028817931 HTTP/1.1" 200 30
186.103.159.46 - - [19/Mar/2019:17:57:19 -0300] "POST /cormun/servlet/solicitudot?gx-no-cache=1553028820064 HTTP/1.1" 200 30
186.103.159.46 - - [19/Mar/2019:17:57:24 -0300] "POST /cormun/servlet/solicitudot?gx-no-cache=1553028824413 HTTP/1.1" 200 1288
186.103.159.46 - - [19/Mar/2019:17:57:24 -0300] "POST /cormun/servlet/solicitudot?gx-no-cache=1553028824971 HTTP/1.1" 200 38
186.103.159.46 - - [19/Mar/2019:17:57:24 -0300] "GET /cormun/servlet/solicitudot?d147ffbd161a71af3db91853617cf77f9aca3f236cf8e5b5b64b7b5b9660b1f4e49c6bb77684c5d9e940b03d07cb26c955ebb62c4763725763a39291c490bdf490c9cd177720e690d7851ec7014ac4a907faa6c5bb1834b4d99bfa9b415bee3cd45f88f025d029a1b73daf3c11b63aaa,gx-no-cache=1553028825124 HTTP/1.1" 200 110
186.103.159.46 - - [19/Mar/2019:17:57:30 -0300] "POST /cormun/servlet/solicitudot?gx-no-cache=1553028831327 HTTP/1.1" 200 97
186.103.159.46 - - [19/Mar/2019:17:57:42 -0300] "GET /cormun/servlet/solicitudot?d147ffbd161a71af3db91853617cf77f1f4e4174d0a7074a64ef322db88a4e59049546ff9a19f57b29924da7efbcfc71fd6719f847d13b7544311e36188c1370eab484aead6ecf1b7ffc4af0b79d568de9baefd8908f9c0d406d9ac8289a747128ab0b85754f14fc5cb6b26c27a9913b3252610d80b6695a4feebee4fc3a9b7ca1b3d927f5c84aaef69c14cd09bf425ef8e321650a806586bf7af06c85a2a55b,gx-no-cache=1553028842627 HTTP/1.1" 200 29
186.103.159.46 - - [19/Mar/2019:17:57:42 -0300] "GET /cormun/static/menuarrow.gif HTTP/1.1" 404 1015
186.103.159.46 - - [19/Mar/2019:17:57:45 -0300] "GET /cormun/servlet/solicitudot?d147ffbd161a71af3db91853617cf77f87bf1fa8819afd82acfdfa3222e0266162cbabc4dec892672300cebe0cff1666,gx-no-cache=1553028846518 HTTP/1.1" 200 30
186.103.159.46 - - [19/Mar/2019:17:57:53 -0300] "POST /cormun/servlet/solicitudot?gx-no-cache=1553028853846 HTTP/1.1" 200 30
186.103.159.46 - - [19/Mar/2019:17:58:02 -0300] "POST /cormun/servlet/solicitudot?45f6075607bbf551dc3b03448796a856,INS,0,0,,gx-no-cache=1553028860206 HTTP/1.1" 200 93
186.103.159.46 - - [19/Mar/2019:17:58:02 -0300] "GET /cormun/servlet/hpexe_return? HTTP/1.1" 200 1006
186.103.159.46 - - [19/Mar/2019:17:58:03 -0300] "GET /cormun/servlet/trsolicitudot HTTP/1.1" 200 7272
186.103.159.46 - - [19/Mar/2019:17:58:05 -0300] "GET /cormun/servlet/trsolicitudot HTTP/1.1" 200 7269
186.103.159.46 - - [19/Mar/2019:17:58:21 -0300] "POST /cormun/servlet/trsolicitudot?45f6075607bbf551dc3b03448796a856,gx-no-cache=1553028882290 HTTP/1.1" 200 5710
186.103.159.46 - - [19/Mar/2019:17:58:27 -0300] "GET /cormun/servlet/solicitudot?INS,0,0, HTTP/1.1" 200 14892
186.103.159.46 - - [19/Mar/2019:17:58:30 -0300] "GET /cormun/servlet/solicitudot?INS,0,0, HTTP/1.1" 200 14897
186.103.159.46 - - [19/Mar/2019:17:58:49 -0300] "POST /cormun/servlet/solicitudot?gx-no-cache=1553028909559 HTTP/1.1" 200 3559
186.103.159.46 - - [19/Mar/2019:17:58:49 -0300] "POST /cormun/servlet/solicitudot?45f6075607bbf551dc3b03448796a856,INS,0,0,,gx-no-cache=1553028910026 HTTP/1.1" 200 11709
186.103.159.46 - - [19/Mar/2019:17:59:41 -0300] "GET /cormun/servlet/solicitudot?d147ffbd161a71af3db91853617cf77fa9e585ef67fa87a318824d99eb987a32e0697e3240189aa9b9c4f46ecbd468d8,gx-no-cache=1553028962401 HTTP/1.1" 200 30
186.103.159.46 - - [19/Mar/2019:17:59:41 -0300] "GET /cormun/servlet/solicitudot?d147ffbd161a71af3db91853617cf77fcf632fb36e4cd73581b2f3f5f9ec26e959b7abf8e8f0784736272752ac7478638dac3baeedb304f6a50ae7a8c503b7a7,gx-no-cache=1553028962617 HTTP/1.1" 200 30
186.103.159.46 - - [19/Mar/2019:17:59:42 -0300] "GET /cormun/servlet/solicitudot?d147ffbd161a71af3db91853617cf77fd15d0dacb5d3350a6bd931ee15d6400a,gx-no-cache=1553028962733 HTTP/1.1" 200 51
186.103.159.46 - - [19/Mar/2019:17:59:42 -0300] "POST /cormun/servlet/solicitudot?gx-no-cache=1553028962871 HTTP/1.1" 200 255
186.103.159.46 - - [19/Mar/2019:17:59:42 -0300] "GET /cormun/servlet/solicitudot?d147ffbd161a71af3db91853617cf77fe87632d4dc66e08da56912dec5a4c7c5e3ee759877d96badb5184ca0974275bfe26442d5a2e699d8c75ec2c47267ca2652efd3cc830165933ab8102c3df8961230d02f29a2340658c54b79f4c75aa982ac476894bc43cdea1f19fa4a52d7253b8479c4f5e5fd7ada3e2f314165253f6248cc8e56b8a432fc87f793f429817268e4e4e9eb1bd2ff3796e3f5a4bdecac6038a5da299897244f7b5e892892c547fc14757832f9b428fb3246e0104dca2aa50836cfb7468a260d5f76657ac278816308bc141e21bab18f5a317f854822259fd54d6eb7c49c31401e991ddc6028986fb24ee48d6182d2fb10310ef573378207bf8d7c1ee9124cf7ef3ecd52481dd0edacf62f44054974c5ffb3ddd3d1058b7bf46c671e853ec86b447139bad5ca99c46aa925c88c04f6f9bad28f992a6ac2a89cb1c3c7fbc3e2d2195ef1492fa417a9049264dcc9a6742ec9456ca5e6d96c6e2fbd075f78ecd9df77f4b81dca812e6fbb9e7b1108e0c39fa6965419954be3a6,gx-no-cache=1553028963045 HTTP/1.1" 200 30
186.103.159.46 - - [19/Mar/2019:17:59:42 -0300] "POST /cormun/servlet/solicitudot?gx-no-cache=1553028963123 HTTP/1.1" 200 30
186.103.159.46 - - [19/Mar/2019:17:59:42 -0300] "POST /cormun/servlet/solicitudot?gx-no-cache=1553028963243 HTTP/1.1" 200 1289
186.103.159.46 - - [19/Mar/2019:17:59:42 -0300] "POST /cormun/servlet/solicitudot?gx-no-cache=1553028963414 HTTP/1.1" 200 38
186.103.159.46 - - [19/Mar/2019:17:59:42 -0300] "GET /cormun/servlet/solicitudot?d147ffbd161a71af3db91853617cf77f9aca3f236cf8e5b5b64b7b5b9660b1f4e49c6bb77684c5d9e940b03d07cb26c955ebb62c4763725763a39291c490bdf490c9cd177720e690d7851ec7014ac4a907faa6c5bb1834b4d99bfa9b415bee3cd45f88f025d029a1b73daf3c11b63aaa,gx-no-cache=1553028963507 HTTP/1.1" 200 110
186.103.159.46 - - [19/Mar/2019:17:59:59 -0300] "POST /cormun/servlet/solicitudot?gx-no-cache=1553028980122 HTTP/1.1" 200 97
186.103.159.46 - - [19/Mar/2019:18:00:11 -0300] "GET /cormun/servlet/solicitudot?d147ffbd161a71af3db91853617cf77f1f4e4174d0a7074a64ef322db88a4e59049546ff9a19f57b29924da7efbcfc71fd6719f847d13b7544311e36188c1370eab484aead6ecf1b7ffc4af0b79d568de9baefd8908f9c0d406d9ac8289a747128ab0b85754f14fc5cb6b26c27a9913b3252610d80b6695a4feebee4fc3a9b7ca1b3d927f5c84aaef69c14cd09bf425ef8e321650a806586bf7af06c85a2a55b,gx-no-cache=1553028992160 HTTP/1.1" 200 29
186.103.159.46 - - [19/Mar/2019:18:00:11 -0300] "GET /cormun/static/menuarrow.gif HTTP/1.1" 404 1015
186.103.159.46 - - [19/Mar/2019:18:00:14 -0300] "GET /cormun/servlet/solicitudot?d147ffbd161a71af3db91853617cf77f87bf1fa8819afd82acfdfa3222e0266162cbabc4dec892672300cebe0cff1666,gx-no-cache=1553028995445 HTTP/1.1" 200 30
186.103.159.46 - - [19/Mar/2019:18:00:22 -0300] "POST /cormun/servlet/solicitudot?gx-no-cache=1553029002779 HTTP/1.1" 200 30
186.103.159.46 - - [19/Mar/2019:18:00:28 -0300] "POST /cormun/servlet/solicitudot?gx-no-cache=1553029009390 HTTP/1.1" 200 30
186.103.159.46 - - [19/Mar/2019:18:01:08 -0300] "GET /cormun/servlet/trfichaempleado? HTTP/1.1" 200 14989
186.103.159.46 - - [19/Mar/2019:18:01:29 -0300] "GET /cormun/servlet/prcontratosol?9187329,,,,,MD,,gxPopupLevel%3D0%3B HTTP/1.1" 200 7581
186.103.159.46 - - [19/Mar/2019:18:01:37 -0300] "POST /cormun/servlet/solicitudot?gx-no-cache=1553029078258 HTTP/1.1" 200 1289
186.103.159.46 - - [19/Mar/2019:18:01:37 -0300] "POST /cormun/servlet/solicitudot?gx-no-cache=1553029078409 HTTP/1.1" 200 40
186.103.159.46 - - [19/Mar/2019:18:01:37 -0300] "GET /cormun/servlet/solicitudot?d147ffbd161a71af3db91853617cf77f9aca3f236cf8e5b5b64b7b5b9660b1f4e49c6bb77684c5d9e940b03d07cb26c955ebb62c4763725763a39291c490bdf490c9cd177720e690d7851ec7014ac4a907faa6c5bb1834b4d99bfa9b415bee3cd45f88f025d029a1b73daf3c11b63aaa,gx-no-cache=1553029078492 HTTP/1.1" 200 110
186.103.159.46 - - [19/Mar/2019:18:01:37 -0300] "POST /cormun/servlet/solicitudot?gx-no-cache=1553029078564 HTTP/1.1" 200 97
