200.54.107.2 - - [19/Mar/2019:11:25:35 -0300] "GET /cormun/servlet/solicitudot?08d47aff4059a0b14ca294c61322ed78c519e7cdd7fe00fbfd43e5bc25013a1b7da619b291fec549ebfae072a004c489fc32cad86bee3ea83d9f2ebcdceacd09f554484587835fefd5bd13f67bd529215a905762a42a5344b8143356d96ccd212debf58577b6fecfb549c9a228976bfa7dbe06ce484891379e28002f748b9aad7ae6424d39d63fe1620f8b80c9a541a20280ae963c08f47b949c9b17e698a9fb9216df6eca4141b7a3dfb42e29cf2b3c4aa12f44bdfeb520f3980883651885d312214947dcf006f76e54b5a8ef36ac30286454efd27a30077d083cdc44a352bdc4f10cdfe088863816075f895999aba51ac68f7c534e019d88a91d5903a8e162c2f7b2c7d87c73ed1b6345e07d3d4d337485b8e58bdf9d3dc4dc3802b9fd594e9af2de9c06e8e0c5ab1bab6c1309fb738bf78e86a19cd15d626ec9a22247252627183d9a961f78e93e4eb9568f86b60cfc7a118dbb9f0d9d99d33b72ff73634eae6a0c9c45b1f961a17b5419391beaa8d65ec5c6c61edee1e04b501ce9cf6038,gx-no-cache=1553005315872 HTTP/1.1" 200 30
200.54.246.54 - - [19/Mar/2019:11:25:37 -0300] "POST /cormun/servlet/solicitudot?gx-no-cache=1553005314157 HTTP/1.1" 200 97
186.103.159.188 - - [19/Mar/2019:11:25:38 -0300] "POST /cormun/servlet/hlogin?49b6565817db9a8029d998d415f96261,gx-no-cache=1553005319126 HTTP/1.1" 200 90
200.54.107.2 - - [19/Mar/2019:11:25:38 -0300] "POST /cormun/servlet/solicitudot?gx-no-cache=1553005318954 HTTP/1.1" 200 30
186.103.159.188 - - [19/Mar/2019:11:25:38 -0300] "GET /cormun/servlet/hpexe_link HTTP/1.1" 200 942
186.103.159.188 - - [19/Mar/2019:11:25:38 -0300] "GET /cormun/static/gxcfg.js?20177612121792 HTTP/1.1" 304 -
186.103.159.188 - - [19/Mar/2019:11:25:39 -0300] "GET /cormun/servlet/hhome HTTP/1.1" 200 4039
186.103.159.188 - - [19/Mar/2019:11:25:39 -0300] "GET /cormun/static/gxcfg.js?20175251212442 HTTP/1.1" 304 -
186.103.159.188 - - [19/Mar/2019:11:25:39 -0300] "GET /cormun/servlet/hhome HTTP/1.1" 200 4034
200.54.107.2 - - [19/Mar/2019:11:25:41 -0300] "GET /cormun/servlet/prcontratosol?14201339,,,,,MD,,gxPopupLevel%3D0%3B HTTP/1.1" 200 9326
200.54.246.54 - - [19/Mar/2019:11:25:44 -0300] "GET /cormun/servlet/solicitudot?d26350eedd1ada48b2410004e79b1a96864231390ced10c973097b89247e486b911ae2e40e01a984ef12ca1a001a2c4a519bee4f31636fba4ecdbc69ed0a33403a80d700dd034d65f403df26b90167e27c00972fa78cb987e1981b9f927f19c7dcba1de4f02055ce30c6470c786c43d6913439866aa70ca84eb7e92d63ef0e0fee93268514c769a1a14ac3b4e4808dff43fcd37eab9868b0cadca12557e585b9d0609a6f93b62006770355d921477287815ec3db0dbc833dc5b0028f035c08056ae1448e9b8351270f6f6c1954a534bc,gx-no-cache=1553005321885 HTTP/1.1" 200 29
200.54.246.54 - - [19/Mar/2019:11:25:47 -0300] "GET /cormun/static/menuarrow.gif HTTP/1.1" 404 1015
200.54.107.2 - - [19/Mar/2019:11:25:51 -0300] "POST /cormun/servlet/solicitudot?gx-no-cache=1553005331423 HTTP/1.1" 200 1290
200.54.107.2 - - [19/Mar/2019:11:25:51 -0300] "POST /cormun/servlet/solicitudot?gx-no-cache=1553005331547 HTTP/1.1" 200 38
200.54.107.2 - - [19/Mar/2019:11:25:51 -0300] "GET /cormun/servlet/solicitudot?08d47aff4059a0b14ca294c61322ed78b01f6166418dca3029741dc3989691dc9b2999357496c82f258d1d585bc6b9acbb335d624c5c8c4e32f3b694779d8a9d341ab5061be7872c8038554070a8c365bad0853efeb5c2237d75f117d197f406960d707758818f8671cd3cd7a253a092,gx-no-cache=1553005331645 HTTP/1.1" 200 110
200.54.107.2 - - [19/Mar/2019:11:25:51 -0300] "POST /cormun/servlet/solicitudot?gx-no-cache=1553005331724 HTTP/1.1" 200 97
200.54.107.2 - - [19/Mar/2019:11:25:51 -0300] "GET /cormun/servlet/solicitudot?08d47aff4059a0b14ca294c61322ed78bc4a5a35eea81207edb775ff2ca6a867b191d1bbda5a64179047b95b70b2dbeb09fa7c3ed9ea0fceaa79119a5b1f204bab3c7488e3428d7a5929bd125126c9956a097d72774c0f940b46b6b9d30485a30bcf06d77a8efda044d6adc194e85c280d90f675972aa4534d7335b3b3a1d630908bbf98e340ab95ed89ad3a7865e7348a2c728cc659283f658dfec73cd2dbd0,gx-no-cache=1553005331820 HTTP/1.1" 200 29
200.54.107.2 - - [19/Mar/2019:11:25:51 -0300] "GET /cormun/servlet/solicitudot?08d47aff4059a0b14ca294c61322ed78cb7e380951b854150f5030d41eb052523bda040a684defa5893e94b3c89993e4,gx-no-cache=1553005331904 HTTP/1.1" 200 30
200.54.246.54 - - [19/Mar/2019:11:26:07 -0300] "GET /cormun/servlet/solicitudot?d26350eedd1ada48b2410004e79b1a96a113625a998b9b9915f7e010c19de0f238d8d7cf6b02b9f99d65c62930772a45,gx-no-cache=1553005344612 HTTP/1.1" 200 30
200.54.107.2 - - [19/Mar/2019:11:27:02 -0300] "GET /cormun/servlet/solicitudot?08d47aff4059a0b14ca294c61322ed78b01f6166418dca3029741dc3989691dc9b2999357496c82f258d1d585bc6b9acbb335d624c5c8c4e32f3b694779d8a9d341ab5061be7872c8038554070a8c365bad0853efeb5c2237d75f117d197f406960d707758818f8671cd3cd7a253a092,gx-no-cache=1553005402288 HTTP/1.1" 200 110
200.54.107.2 - - [19/Mar/2019:11:27:02 -0300] "POST /cormun/servlet/solicitudot?gx-no-cache=1553005402422 HTTP/1.1" 200 33
192.168.10.96 - - [19/Mar/2019:11:27:15 -0300] "GET /cormun/servlet/trsolicitudgral? HTTP/1.1" 200 11279
200.54.107.2 - - [19/Mar/2019:11:27:16 -0300] "POST /cormun/servlet/solicitudot?9f5a2d6c5f0e2d855f41fc47ec184f57,INS,0,0,,gx-no-cache=1553005416419 HTTP/1.1" 200 93
200.54.107.2 - - [19/Mar/2019:11:27:16 -0300] "GET /cormun/servlet/hpexe_return? HTTP/1.1" 200 1005
192.168.10.96 - - [19/Mar/2019:11:27:16 -0300] "GET /cormun/servlet/trsolicitudgral? HTTP/1.1" 200 11279
200.54.107.2 - - [19/Mar/2019:11:27:16 -0300] "GET /cormun/servlet/trsolicitudot HTTP/1.1" 200 23451
200.54.107.2 - - [19/Mar/2019:11:27:17 -0300] "GET /cormun/servlet/trsolicitudot HTTP/1.1" 200 23446
200.54.107.2 - - [19/Mar/2019:11:27:26 -0300] "POST /cormun/servlet/trsolicitudot?9f5a2d6c5f0e2d855f41fc47ec184f57,gx-no-cache=1553005426115 HTTP/1.1" 200 20969
200.54.107.2 - - [19/Mar/2019:11:27:27 -0300] "GET /cormun/static/Shared/jqueryui/images/ui-bg_highlight-soft_100_c6c2c8_1x100.png HTTP/1.1" 404 1117
200.54.107.2 - - [19/Mar/2019:11:27:27 -0300] "GET /cormun/static/Shared/jqueryui/images/ui-icons_82798d_256x240.png HTTP/1.1" 404 1089
200.54.107.2 - - [19/Mar/2019:11:27:27 -0300] "GET /cormun/static/Shared/jqueryui/images/ui-icons_8d78a5_256x240.png HTTP/1.1" 404 1089
200.54.107.2 - - [19/Mar/2019:11:27:27 -0300] "GET /cormun/static/Shared/jqueryui/images/ui-bg_flat_55_fafafa_40x100.png HTTP/1.1" 404 1097
200.54.107.2 - - [19/Mar/2019:11:27:27 -0300] "POST /cormun/servlet/trsolicitudot?9f5a2d6c5f0e2d855f41fc47ec184f57,gx-no-cache=1553005427516 HTTP/1.1" 200 20907
192.168.10.96 - - [19/Mar/2019:11:27:31 -0300] "POST /cormun/servlet/trsolicitudgral?c7877f8131ddb7049e3d4ce02de46271,,gx-no-cache=1553012454999 HTTP/1.1" 200 7217
200.54.107.2 - - [19/Mar/2019:11:27:32 -0300] "POST /cormun/servlet/trsolicitudot?9f5a2d6c5f0e2d855f41fc47ec184f57,gx-no-cache=1553005432588 HTTP/1.1" 200 20971
200.54.107.2 - - [19/Mar/2019:11:27:33 -0300] "POST /cormun/servlet/trsolicitudot?9f5a2d6c5f0e2d855f41fc47ec184f57,gx-no-cache=1553005433590 HTTP/1.1" 200 20912
200.54.107.2 - - [19/Mar/2019:11:27:42 -0300] "GET /cormun/servlet/solicitudot?INS,0,0, HTTP/1.1" 200 15088
200.54.107.2 - - [19/Mar/2019:11:27:43 -0300] "GET /cormun/servlet/solicitudot?INS,0,0, HTTP/1.1" 200 15093
186.103.159.188 - - [19/Mar/2019:11:27:49 -0300] "GET /cormun/servlet/hlogin HTTP/1.1" 200 1716
200.54.107.2 - - [19/Mar/2019:11:27:55 -0300] "POST /cormun/servlet/solicitudot?gx-no-cache=1553005455873 HTTP/1.1" 200 3566
200.54.107.2 - - [19/Mar/2019:11:27:56 -0300] "POST /cormun/servlet/solicitudot?9f5a2d6c5f0e2d855f41fc47ec184f57,INS,0,0,,gx-no-cache=1553005456276 HTTP/1.1" 200 11926
200.54.246.54 - - [19/Mar/2019:11:27:57 -0300] "POST /cormun/servlet/solicitudot?gx-no-cache=1553005454376 HTTP/1.1" 200 30
200.54.246.54 - - [19/Mar/2019:11:27:57 -0300] "POST /cormun/servlet/solicitudot?5e61d19d64fee2f132ddb0c519e10d63,INS,0,0,,gx-no-cache=1553005454442 HTTP/1.1" 200 93
200.54.246.54 - - [19/Mar/2019:11:27:57 -0300] "GET /cormun/servlet/hpexe_return? HTTP/1.1" 200 1006
200.54.246.54 - - [19/Mar/2019:11:27:57 -0300] "GET /cormun/static/gxcfg.js?2016101716175148 HTTP/1.1" 200 953
200.54.246.54 - - [19/Mar/2019:11:27:57 -0300] "GET /cormun/static/hpexe_return.js?2016101716175153 HTTP/1.1" 200 1633
200.54.246.54 - - [19/Mar/2019:11:27:57 -0300] "GET /cormun/static/Resources/Spanish/PXTools.css?167811 HTTP/1.1" 200 89042
200.54.246.54 - - [19/Mar/2019:11:27:57 -0300] "GET /cormun/servlet/trsolicitudot HTTP/1.1" 200 8963
200.54.246.54 - - [19/Mar/2019:11:27:58 -0300] "GET /cormun//static/Resources/PXToolsActionView.png HTTP/1.1" 200 2995
200.54.246.54 - - [19/Mar/2019:11:27:58 -0300] "GET /cormun//static/Resources/PXToolsGridUpdate.png HTTP/1.1" 200 2984
200.54.246.54 - - [19/Mar/2019:11:27:58 -0300] "GET /cormun//static/Resources/PXToolsGridDelete.png HTTP/1.1" 200 357
200.54.246.54 - - [19/Mar/2019:11:27:58 -0300] "GET /cormun//static/Resources/PXToolsRemoveAllAction.png HTTP/1.1" 200 3558
200.54.246.54 - - [19/Mar/2019:11:27:58 -0300] "GET /cormun//static/Resources/PXTools/ActionInsert.png HTTP/1.1" 200 1482
200.54.246.54 - - [19/Mar/2019:11:27:58 -0300] "GET /cormun/servlet/trsolicitudot HTTP/1.1" 200 8959
186.103.159.188 - - [19/Mar/2019:11:28:00 -0300] "POST /cormun/servlet/hlogin?49b6565817db9a8029d998d415f96261,gx-no-cache=1553005461646 HTTP/1.1" 200 90
186.103.159.188 - - [19/Mar/2019:11:28:00 -0300] "GET /cormun/servlet/hpexe_link HTTP/1.1" 200 942
186.103.159.188 - - [19/Mar/2019:11:28:01 -0300] "GET /cormun/servlet/hhome HTTP/1.1" 200 4039
186.103.159.188 - - [19/Mar/2019:11:28:01 -0300] "GET /cormun/servlet/hhome HTTP/1.1" 200 4034
186.103.159.188 - - [19/Mar/2019:11:28:04 -0300] "GET /cormun/servlet/trsolicitudot? HTTP/1.1" 200 7257
186.103.159.188 - - [19/Mar/2019:11:28:04 -0300] "GET /cormun/static/gxcfg.js?2017111422585916 HTTP/1.1" 304 -
186.103.159.188 - - [19/Mar/2019:11:28:05 -0300] "GET /cormun/servlet/trsolicitudot? HTTP/1.1" 200 7256
186.103.159.188 - - [19/Mar/2019:11:28:08 -0300] "GET /cormun/servlet/solicitudot?INS,0,0, HTTP/1.1" 200 14890
186.103.159.188 - - [19/Mar/2019:11:28:09 -0300] "GET /cormun/servlet/solicitudot?INS,0,0, HTTP/1.1" 200 14895
200.54.107.2 - - [19/Mar/2019:11:28:10 -0300] "GET /cormun/servlet/solicitudot?08d47aff4059a0b14ca294c61322ed7882ba4696bac37869cba6739af02de490152a9cc6acf88c2f0abfaf7d1aa7d8b4,gx-no-cache=1553005471036 HTTP/1.1" 200 30
200.54.107.2 - - [19/Mar/2019:11:28:10 -0300] "GET /cormun/servlet/solicitudot?08d47aff4059a0b14ca294c61322ed781a2e029ff3e2886c4a16a8e5e9e1ca77eaba1bc25bc60247b9c6e7ec220532b6,gx-no-cache=1553005471098 HTTP/1.1" 200 30
200.54.107.2 - - [19/Mar/2019:11:28:10 -0300] "GET /cormun/servlet/solicitudot?08d47aff4059a0b14ca294c61322ed787b3640c3e3a90c6508e222bf92be7a17,gx-no-cache=1553005471144 HTTP/1.1" 200 51
200.54.107.2 - - [19/Mar/2019:11:28:10 -0300] "POST /cormun/servlet/solicitudot?gx-no-cache=1553005471167 HTTP/1.1" 200 256
200.54.107.2 - - [19/Mar/2019:11:28:10 -0300] "GET /cormun/servlet/solicitudot?08d47aff4059a0b14ca294c61322ed78c519e7cdd7fe00fbfd43e5bc25013a1b7da619b291fec549ebfae072a004c489fc32cad86bee3ea83d9f2ebcdceacd09f554484587835fefd5bd13f67bd529215a905762a42a5344b8143356d96ccd212debf58577b6fecfb549c9a228976bfa7dbe06ce484891379e28002f748b9aad7ae6424d39d63fe1620f8b80c9a541a20280ae963c08f47b949c9b17e698a9fb9216df6eca4141b7a3dfb42e29cf2b3c4aa12f44bdfeb520f3980883651885d312214947dcf006f76e54b5a8ef36ac30286454efd27a30077d083cdc44a352bdc4f10cdfe088863816075f895999aba51ac68f7c534e019d88a91d5903a8e162c2f7b2c7d87c73ed1b6345e07d3d4d337485b8e58bdf9d3dc4dc3802b9fd594e9af2de9c06e8e0c5ab1bab6c1309fb738bf78e86a19cd15d626ec9a22247252627183d9a961f78e93e4eb9568f86b60cfc7a118dbb9f0d9d99d33b72ff73634eae6a0c9c45b1f961a17b5419391beaa82b6b09b05ce2d3c9757eddab3704ccb0,gx-no-cache=1553005471220 HTTP/1.1" 200 30
200.54.107.2 - - [19/Mar/2019:11:28:10 -0300] "POST /cormun/servlet/solicitudot?gx-no-cache=1553005471251 HTTP/1.1" 200 30
200.54.107.2 - - [19/Mar/2019:11:28:11 -0300] "POST /cormun/servlet/solicitudot?gx-no-cache=1553005471294 HTTP/1.1" 200 1290
200.54.107.2 - - [19/Mar/2019:11:28:11 -0300] "POST /cormun/servlet/solicitudot?gx-no-cache=1553005471337 HTTP/1.1" 200 38
200.54.107.2 - - [19/Mar/2019:11:28:11 -0300] "GET /cormun/servlet/solicitudot?08d47aff4059a0b14ca294c61322ed78b01f6166418dca3029741dc3989691dc9b2999357496c82f258d1d585bc6b9acbb335d624c5c8c4e32f3b694779d8a9d341ab5061be7872c8038554070a8c365bad0853efeb5c2237d75f117d197f406960d707758818f8671cd3cd7a253a092,gx-no-cache=1553005471360 HTTP/1.1" 200 110
186.103.159.188 - - [19/Mar/2019:11:28:19 -0300] "POST /cormun/servlet/solicitudot?gx-no-cache=1553005479706 HTTP/1.1" 200 3450
186.103.159.188 - - [19/Mar/2019:11:28:19 -0300] "POST /cormun/servlet/solicitudot?49b6565817db9a8029d998d415f96261,INS,0,0,,gx-no-cache=1553005479955 HTTP/1.1" 200 11599
186.103.159.188 - - [19/Mar/2019:11:28:21 -0300] "GET /cormun/servlet/solicitudot?4dcdbae7179f5ca1722ab9bb2bb78e589026444e3b6e8002864e86acdab63d05853d4fedb00abd2a81037f822ded579c,gx-no-cache=1553005481839 HTTP/1.1" 200 30
192.168.10.96 - - [19/Mar/2019:11:28:27 -0300] "POST /cormun/servlet/trsolicitudgral?c7877f8131ddb7049e3d4ce02de46271,,gx-no-cache=1553012500421 HTTP/1.1" 200 24935
200.54.107.2 - - [19/Mar/2019:11:28:31 -0300] "POST /cormun/servlet/solicitudot?gx-no-cache=1553005492097 HTTP/1.1" 200 72
186.79.128.234 - - [19/Mar/2019:11:29:09 -0300] "GET /cormun/servlet/hlogin HTTP/1.1" 200 1719
186.79.128.234 - - [19/Mar/2019:11:29:09 -0300] "GET /cormun/static/messages.spa.js?85251 HTTP/1.1" 304 -
186.79.128.234 - - [19/Mar/2019:11:29:09 -0300] "GET /cormun/servlet/hlogin HTTP/1.1" 200 1730
186.79.128.234 - - [19/Mar/2019:11:29:17 -0300] "POST /cormun/servlet/hlogin?e868896db27f1b463c9a80152d8d6d20,gx-no-cache=1553005538736 HTTP/1.1" 200 90
186.79.128.234 - - [19/Mar/2019:11:29:17 -0300] "GET /cormun/servlet/hpexe_link HTTP/1.1" 200 950
186.79.128.234 - - [19/Mar/2019:11:29:17 -0300] "GET /cormun/servlet/hhome HTTP/1.1" 200 4329
186.79.128.234 - - [19/Mar/2019:11:29:17 -0300] "GET /cormun/static/hmpwkw03.js?20189613443875 HTTP/1.1" 304 -
186.79.128.234 - - [19/Mar/2019:11:29:18 -0300] "GET /cormun/servlet/hhome HTTP/1.1" 200 4325
186.79.128.234 - - [19/Mar/2019:11:29:22 -0300] "GET /cormun/servlet/trsolicitudot? HTTP/1.1" 200 7549
186.79.128.234 - - [19/Mar/2019:11:29:23 -0300] "GET /cormun/servlet/trsolicitudot? HTTP/1.1" 200 7547
186.79.128.234 - - [19/Mar/2019:11:29:25 -0300] "GET /cormun/servlet/solicitudot?INS,0,0, HTTP/1.1" 200 15172
186.79.128.234 - - [19/Mar/2019:11:29:25 -0300] "GET /cormun/servlet/solicitudot?INS,0,0, HTTP/1.1" 200 15177
186.79.128.234 - - [19/Mar/2019:11:29:44 -0300] "POST /cormun/servlet/solicitudot?gx-no-cache=1553005566033 HTTP/1.1" 200 3450
186.79.128.234 - - [19/Mar/2019:11:29:45 -0300] "POST /cormun/servlet/solicitudot?e868896db27f1b463c9a80152d8d6d20,INS,0,0,,gx-no-cache=1553005566501 HTTP/1.1" 200 11814
186.79.128.234 - - [19/Mar/2019:11:30:22 -0300] "GET /cormun/servlet/solicitudot?389fea3829f2b15de555541411dc1c496b35738012b3d04bb60adf843312d351316fbe214190ce901befca08e4211641,gx-no-cache=1553005603727 HTTP/1.1" 200 30
186.67.172.234 - - [19/Mar/2019:11:30:33 -0300] "GET /cormun/servlet/hlogin HTTP/1.1" 200 1723
186.67.172.234 - - [19/Mar/2019:11:30:41 -0300] "POST /cormun/servlet/hlogin?1748728276af4f31ad338aa5f783388d,gx-no-cache=1553005622590 HTTP/1.1" 200 90
186.67.172.234 - - [19/Mar/2019:11:30:41 -0300] "GET /cormun/servlet/hpexe_link HTTP/1.1" 200 960
186.67.172.234 - - [19/Mar/2019:11:30:42 -0300] "GET /cormun/servlet/prbanco?,MD, HTTP/1.1" 200 6730
192.168.10.96 - - [19/Mar/2019:11:30:44 -0300] "POST /cormun/servlet/trsolicitudgral?c7877f8131ddb7049e3d4ce02de46271,,gx-no-cache=1553012647778 HTTP/1.1" 200 23819
190.171.152.114 - - [19/Mar/2019:11:30:50 -0300] "GET /cormun/servlet/solicitudot?INS,0,0, HTTP/1.1" 200 15109
190.171.152.114 - - [19/Mar/2019:11:30:55 -0300] "POST /cormun/servlet/solicitudot?1489b134a99e375eb12ac0a88c6e007e,INS,0,0,,gx-no-cache=1553005637121 HTTP/1.1" 200 93
190.171.152.114 - - [19/Mar/2019:11:30:55 -0300] "GET /cormun/servlet/hpexe_return? HTTP/1.1" 200 1007
190.171.152.114 - - [19/Mar/2019:11:30:56 -0300] "GET /cormun/servlet/trsolicitudot HTTP/1.1" 200 9554
192.168.10.96 - - [19/Mar/2019:11:30:57 -0300] "GET /cormun/servlet/trautorizarot? HTTP/1.1" 200 10288
192.168.10.96 - - [19/Mar/2019:11:30:58 -0300] "GET /cormun/servlet/trautorizarot? HTTP/1.1" 200 10287
192.168.10.96 - - [19/Mar/2019:11:31:08 -0300] "POST /cormun/servlet/trautorizarot?c7877f8131ddb7049e3d4ce02de46271,,gx-no-cache=1553012671567 HTTP/1.1" 200 23821
190.171.152.114 - - [19/Mar/2019:11:31:14 -0300] "GET /cormun/servlet/solicitudot?INS,0,0, HTTP/1.1" 200 15110
192.168.10.96 - - [19/Mar/2019:11:31:18 -0300] "POST /cormun/servlet/trautorizarot?c7877f8131ddb7049e3d4ce02de46271,,gx-no-cache=1553012682483 HTTP/1.1" 200 16062
190.171.152.114 - - [19/Mar/2019:11:31:30 -0300] "POST /cormun/servlet/solicitudot?gx-no-cache=1553005671792 HTTP/1.1" 200 3525
190.171.152.114 - - [19/Mar/2019:11:31:30 -0300] "POST /cormun/servlet/solicitudot?1489b134a99e375eb12ac0a88c6e007e,INS,0,0,,gx-no-cache=1553005672144 HTTP/1.1" 200 11886
190.171.152.114 - - [19/Mar/2019:11:32:29 -0300] "GET /cormun/servlet/solicitudot?d68432e868db7c04c9700dee4982e178ed8029d3fcec45818fee84dcb1125e6bf2408e80cb56e04d56541de70295838c,gx-no-cache=1553005731247 HTTP/1.1" 200 30
190.171.152.114 - - [19/Mar/2019:11:32:29 -0300] "GET /cormun/servlet/solicitudot?d68432e868db7c04c9700dee4982e1781d9ddbd90d84577121389faa0d5df069,gx-no-cache=1553005731296 HTTP/1.1" 200 94
190.171.152.114 - - [19/Mar/2019:11:32:29 -0300] "GET /cormun/static/Shared/jqueryui/images/ui-icons_ebccce_256x240.png HTTP/1.1" 404 1089
190.171.152.114 - - [19/Mar/2019:11:32:29 -0300] "GET /cormun/static/Shared/jqueryui/images/ui-bg_highlight-soft_100_c6c2c8_1x100.png HTTP/1.1" 404 1117
190.171.152.114 - - [19/Mar/2019:11:32:29 -0300] "GET /cormun/static/Shared/jqueryui/images/ui-bg_flat_55_994d53_40x100.png HTTP/1.1" 404 1097
190.171.152.114 - - [19/Mar/2019:11:32:30 -0300] "GET /cormun/static/Shared/jqueryui/images/ui-icons_82798d_256x240.png HTTP/1.1" 404 1089
186.103.159.188 - - [19/Mar/2019:11:32:46 -0300] "GET /cormun/servlet/prbanco?,MD,,gxPopupLevel%3D0%3B HTTP/1.1" 200 6605
186.103.159.188 - - [19/Mar/2019:11:32:51 -0300] "GET /cormun/servlet/solicitudot?4dcdbae7179f5ca1722ab9bb2bb78e584f728e64c7f1fffa192f593fee9546a1,gx-no-cache=1553005752345 HTTP/1.1" 200 94
186.103.159.188 - - [19/Mar/2019:11:32:51 -0300] "GET /cormun/static/Shared/jqueryui/images/ui-bg_highlight-soft_100_c6c2c8_1x100.png HTTP/1.1" 404 1117
186.103.159.188 - - [19/Mar/2019:11:32:51 -0300] "GET /cormun/static/Shared/jqueryui/images/ui-icons_82798d_256x240.png HTTP/1.1" 404 1089
186.103.159.188 - - [19/Mar/2019:11:32:51 -0300] "GET /cormun/static/Shared/jqueryui/images/ui-icons_ebccce_256x240.png HTTP/1.1" 404 1089
186.103.159.188 - - [19/Mar/2019:11:32:51 -0300] "GET /cormun/static/Shared/jqueryui/images/ui-bg_flat_55_994d53_40x100.png HTTP/1.1" 404 1097
186.103.159.188 - - [19/Mar/2019:11:32:53 -0300] "GET /cormun/servlet/solicitudot?4dcdbae7179f5ca1722ab9bb2bb78e5823e987aa4bc8ecfe5909a273007d0e7a,gx-no-cache=1553005753885 HTTP/1.1" 200 53
190.171.152.114 - - [19/Mar/2019:11:33:20 -0300] "GET /cormun/servlet/prbanco?,MD,,gxPopupLevel%3D0%3B HTTP/1.1" 200 6626
190.171.152.114 - - [19/Mar/2019:11:33:26 -0300] "GET /cormun/servlet/solicitudot?d68432e868db7c04c9700dee4982e17863a069019b3edf030d1bf0c775f7f6ba,gx-no-cache=1553005787493 HTTP/1.1" 200 53
186.79.128.234 - - [19/Mar/2019:11:33:27 -0300] "GET /cormun/servlet/solicitudot?389fea3829f2b15de555541411dc1c49c07714cecb70f81af0ec5d01c0e877b333914f30cf62340ed867655771a34309ac7c929d446b28cd66e6879d0fad7911,gx-no-cache=1553005788975 HTTP/1.1" 200 30
186.79.128.234 - - [19/Mar/2019:11:33:27 -0300] "GET /cormun/servlet/solicitudot?389fea3829f2b15de555541411dc1c49b6c061f7f2a7ecb6c30ddb0fd6715ec6,gx-no-cache=1553005789084 HTTP/1.1" 200 29
186.79.128.234 - - [19/Mar/2019:11:33:27 -0300] "POST /cormun/servlet/solicitudot?gx-no-cache=1553005789169 HTTP/1.1" 200 297
186.79.128.234 - - [19/Mar/2019:11:33:27 -0300] "GET /cormun/servlet/solicitudot?389fea3829f2b15de555541411dc1c492d5178338d1ca19e4e0d089d9103dc6aa969793319d60fd4cf492daceb5240cd3c7373025b394a6f68a62aa8693a00ee7e5c125a68c4bf588fb5735851f0e93576cca4225a61927b8968c28a138483cc71862de8d9eb28e841f6c6f81f2e062de1b6bbb336161f3872bbf8bb201780b5152d350e01e90b94e15fb5deef16041e6748c1a5dd50755665a68ef4890e5c7b19ed0e8940098eed567576c235217158009b5e3a36ec86b07acc97fc1af720caee8aefccb8d70c0fa5d6335ca3c9149aaaae29ee2dd9b9d3b2ef977d7f78e342be24a9e3b93e0b0e84f7ab0a30c6960dca589bca43a939931b261b558c0e1b1e0217b5477b9215cc502075157b7ff48e4e8a2513c8e2e3c67c8cea62597bfb5e3d623b9bef840aaf1b8e2e81fffb9bf79392f0fac3e71ac7c397f162a33b7ea6ac843ec6234bce3dcbce5d0e773ad3180fd9e90ac0f772ddd03b6c4c6be552793188c63f5bfc2a9e27e1de26b602e24ffd71a51c2023a8605798b1514e1bee53f50c8d9d8626c53b7f72e4b3144afe23,gx-no-cache=1553005789287 HTTP/1.1" 200 30
186.103.159.188 - - [19/Mar/2019:11:33:41 -0300] "GET /cormun/servlet/solicitudot?4dcdbae7179f5ca1722ab9bb2bb78e58c31e694a5e2d9fa619d81bba5343eeeb051f74559eb212834db58f89eecbb9854ccb14bd2498b7bcac256b3daf7606e5,gx-no-cache=1553005802559 HTTP/1.1" 200 30
186.103.159.188 - - [19/Mar/2019:11:33:46 -0300] "POST /cormun/servlet/solicitudot?gx-no-cache=1553005807540 HTTP/1.1" 200 255
186.103.159.188 - - [19/Mar/2019:11:33:49 -0300] "GET /cormun/servlet/solicitudot?4dcdbae7179f5ca1722ab9bb2bb78e58045c57fdd12125f68322eaf223f646bb950546c5ddb14f50d9db9a276afaf1b17063d31600326af2460fb77c2ef644284b4abe68fb6bcb5f89b9d93a93923e27e5c32e0f8a6bd2c46037475d748b21911e0f6d7ecce854044282de90da1ab48e44e71a3976f1ab2f6d041a8c8e42d51098c9f66530cc247c781f351f4b5d8a13f30535822688f3ad1e7250295b0c892499045bde9d97d63f727915027bef2cd81fff77202d4259829028717403afc0162c81f96fc11e93a59c62de6a6b86e21e14acbc097b262c81f950ad015cd3a52ac3555d96cfea6ae238dc8614d940113999222dffa8838364c9007413f0bf0c6f470203c7fc84837876acd2aa7d467e056ef8e6cd90a44645e75e8f1085f57336644caf86021ccdde3ce915f1b8490016f90a146c077c9c394a83fb6d1c4f40a7fb2221d423eaff6edf419b3560d2b1211e4d36f3fee0ae5fa81e5fcb8cc75906e2eefd39b8906a7be5bef81724279a850f3e681fe6bf272ca64da5dbb978cd59,gx-no-cache=1553005810068 HTTP/1.1" 200 30
186.103.159.188 - - [19/Mar/2019:11:33:52 -0300] "POST /cormun/servlet/solicitudot?gx-no-cache=1553005813675 HTTP/1.1" 200 30
186.103.159.188 - - [19/Mar/2019:11:34:00 -0300] "POST /cormun/servlet/solicitudot?gx-no-cache=1553005820988 HTTP/1.1" 200 1285
186.103.159.188 - - [19/Mar/2019:11:34:00 -0300] "POST /cormun/servlet/solicitudot?gx-no-cache=1553005821115 HTTP/1.1" 200 38
192.168.10.96 - - [19/Mar/2019:11:34:01 -0300] "POST /cormun/servlet/trautorizarot?c7877f8131ddb7049e3d4ce02de46271,,gx-no-cache=1553012844754 HTTP/1.1" 200 15564
186.79.128.234 - - [19/Mar/2019:11:34:15 -0300] "POST /cormun/servlet/solicitudot?gx-no-cache=1553005836280 HTTP/1.1" 200 30
186.79.128.234 - - [19/Mar/2019:11:34:16 -0300] "POST /cormun/servlet/solicitudot?gx-no-cache=1553005838063 HTTP/1.1" 200 1285
186.79.128.234 - - [19/Mar/2019:11:34:16 -0300] "POST /cormun/servlet/solicitudot?gx-no-cache=1553005838313 HTTP/1.1" 200 38
192.168.10.96 - - [19/Mar/2019:11:34:23 -0300] "GET /cormun/servlet/trsolicitudgral? HTTP/1.1" 200 26277
192.168.10.96 - - [19/Mar/2019:11:34:24 -0300] "GET /cormun/servlet/trsolicitudgral? HTTP/1.1" 200 26276
186.103.159.188 - - [19/Mar/2019:11:34:30 -0300] "GET /cormun/servlet/solicitudot?4dcdbae7179f5ca1722ab9bb2bb78e58c9cfb82637fc210e070acd57a0890e418ae1cb193de82e186e40d016c952333a7871d2977078ae1f9b0dfcd5568a0d868d25fb3a052b09836c226fbbc98ce15d1bfb24e6635ea6603cb76f6e9a4e46d12b4ac8c9c97f2490ffa2d1c77855374f,gx-no-cache=1553005850658 HTTP/1.1" 200 110
186.103.159.188 - - [19/Mar/2019:11:34:33 -0300] "POST /cormun/servlet/solicitudot?gx-no-cache=1553005854435 HTTP/1.1" 200 79
186.79.128.234 - - [19/Mar/2019:11:34:36 -0300] "GET /cormun/servlet/solicitudot?389fea3829f2b15de555541411dc1c4924ad8fe330434411673401914e10fbed02be8ebf7757f29809772e6c5ae56571b4548150bf8d6c86c7006b772a39085b814f292741638f40c1412fde07280cdf5543c6fac880fe45ed09707171f66bdb529e08200b3effaa861d1e6895744179,gx-no-cache=1553005858199 HTTP/1.1" 200 110
186.103.159.188 - - [19/Mar/2019:11:34:43 -0300] "GET /cormun/servlet/solicitudot?4dcdbae7179f5ca1722ab9bb2bb78e58779ea3136f77987069c1bf8fda488fe36dfe545d2b06a525fc160b59035b1048b7bf1b3cc73df17407901b3692fc588d0c713818a7af885ea93de7c157b2a2a2f8ec725c599e1e389f4928c1d4cfcc11eaafb5ab7c34d395f39f8852e228bcec,gx-no-cache=1553005864090 HTTP/1.1" 200 29
186.103.159.188 - - [19/Mar/2019:11:34:43 -0300] "GET /cormun/static/menuarrow.gif HTTP/1.1" 404 1015
186.79.128.234 - - [19/Mar/2019:11:34:45 -0300] "POST /cormun/servlet/solicitudot?gx-no-cache=1553005866945 HTTP/1.1" 200 83
186.103.159.188 - - [19/Mar/2019:11:34:46 -0300] "GET /cormun/servlet/solicitudot?4dcdbae7179f5ca1722ab9bb2bb78e58b27567344e8cdd6d5fd38bca43063d030fe92a4ae914707ce2bc603335648117,gx-no-cache=1553005867729 HTTP/1.1" 200 30
186.79.128.234 - - [19/Mar/2019:11:34:54 -0300] "GET /cormun/servlet/solicitudot?389fea3829f2b15de555541411dc1c49d5e4ea93f786d6a254635480044f88384e1737e1de68201c8b2f65f0395d4a9c5bf5e48729aa6e5381e3431fcfc849bd013c1410874b52ca0785c735b3bb68c32ff0ae1b44a2a39079de915ede1d924b36b8a12918c4550a2be8c934af7144e5,gx-no-cache=1553005875681 HTTP/1.1" 200 29
186.79.128.234 - - [19/Mar/2019:11:34:55 -0300] "GET /cormun/static/menuarrow.gif HTTP/1.1" 404 1015
192.168.10.96 - - [19/Mar/2019:11:34:56 -0300] "POST /cormun/servlet/trsolicitudgral?c7877f8131ddb7049e3d4ce02de46271,,gx-no-cache=1553012900689 HTTP/1.1" 200 6620
186.79.128.234 - - [19/Mar/2019:11:34:59 -0300] "GET /cormun/servlet/solicitudot?389fea3829f2b15de555541411dc1c4915bee4760eeef079c2a2f2dd49c749f54d900d848aa4c73193b4c71d55aa5114,gx-no-cache=1553005880903 HTTP/1.1" 200 30
192.168.10.96 - - [19/Mar/2019:11:35:04 -0300] "POST /cormun/servlet/trsolicitudgral?c7877f8131ddb7049e3d4ce02de46271,,gx-no-cache=1553012908525 HTTP/1.1" 200 6626
186.103.159.188 - - [19/Mar/2019:11:35:05 -0300] "POST /cormun/servlet/solicitudot?gx-no-cache=1553005885740 HTTP/1.1" 200 30
186.103.159.188 - - [19/Mar/2019:11:35:06 -0300] "POST /cormun/servlet/solicitudot?49b6565817db9a8029d998d415f96261,INS,0,0,,gx-no-cache=1553005886292 HTTP/1.1" 200 93
186.103.159.188 - - [19/Mar/2019:11:35:06 -0300] "GET /cormun/servlet/hpexe_return? HTTP/1.1" 200 998
186.103.159.188 - - [19/Mar/2019:11:35:06 -0300] "GET /cormun/static/gxcfg.js?2016101716175148 HTTP/1.1" 304 -
186.103.159.188 - - [19/Mar/2019:11:35:06 -0300] "GET /cormun/servlet/trsolicitudot HTTP/1.1" 200 8646
186.103.159.188 - - [19/Mar/2019:11:35:07 -0300] "GET /cormun/servlet/trsolicitudot HTTP/1.1" 200 8642
186.79.128.234 - - [19/Mar/2019:11:35:10 -0300] "POST /cormun/servlet/solicitudot?gx-no-cache=1553005891510 HTTP/1.1" 200 30
192.168.10.96 - - [19/Mar/2019:11:35:12 -0300] "GET /cormun/servlet/trautorizarot? HTTP/1.1" 200 18590
186.103.159.188 - - [19/Mar/2019:11:35:13 -0300] "POST /cormun/servlet/trsolicitudot?49b6565817db9a8029d998d415f96261,gx-no-cache=1553005893776 HTTP/1.1" 200 107
186.103.159.188 - - [19/Mar/2019:11:35:13 -0300] "GET /cormun/servlet/trsolicitudadjuntos?2019,14783, HTTP/1.1" 200 6141
192.168.10.96 - - [19/Mar/2019:11:35:13 -0300] "GET /cormun/servlet/trautorizarot? HTTP/1.1" 200 18589
186.103.159.188 - - [19/Mar/2019:11:35:13 -0300] "GET /cormun/servlet/trsolicitudadjuntos?2019,14783, HTTP/1.1" 200 6141
186.103.159.188 - - [19/Mar/2019:11:35:15 -0300] "GET /cormun/servlet/solicitudotadjuntos?INS,2019,14783,,1, HTTP/1.1" 200 6087
186.103.159.188 - - [19/Mar/2019:11:35:15 -0300] "GET /cormun/static/about:blank HTTP/1.1" 404 1011
186.103.159.188 - - [19/Mar/2019:11:35:15 -0300] "GET /cormun/servlet/solicitudotadjuntos?INS,2019,14783,,1, HTTP/1.1" 200 6081
186.103.159.188 - - [19/Mar/2019:11:35:16 -0300] "GET /cormun/servlet/solicitudotadjuntos?4dcdbae7179f5ca1722ab9bb2bb78e58a5d121eef1188ab77bf494b7d258a7ce53930c682c3b20b5b0d957f7b02cfb16,gx-no-cache=1553005897075 HTTP/1.1" 200 30
186.103.159.188 - - [19/Mar/2019:11:35:16 -0300] "POST /cormun/servlet/solicitudotadjuntos?49b6565817db9a8029d998d415f96261,INS,2019,14783,,1,,gx-no-cache=1553005897130 HTTP/1.1" 200 3881
186.103.159.188 - - [19/Mar/2019:11:35:18 -0300] "POST /cormun/servlet/solicitudotadjuntos?gx-no-cache=1553005899441 HTTP/1.1" 200 26
186.103.159.188 - - [19/Mar/2019:11:35:29 -0300] "GET /cormun/servlet/solicitudotadjuntos?4dcdbae7179f5ca1722ab9bb2bb78e5896abcb2ae05ce0fa5dbf5d5b1aab4f70,gx-no-cache=1553005909947 HTTP/1.1" 200 30
186.103.159.188 - - [19/Mar/2019:11:35:29 -0300] "GET /cormun/servlet/solicitudotadjuntos?4dcdbae7179f5ca1722ab9bb2bb78e5896abcb2ae05ce0fa5dbf5d5b1aab4f70,gx-no-cache=1553005909973 HTTP/1.1" 200 30
186.103.159.188 - - [19/Mar/2019:11:35:31 -0300] "POST /cormun/servlet/solicitudotadjuntos?49b6565817db9a8029d998d415f96261,INS,2019,14783,,1, HTTP/1.1" 200 116
186.103.159.188 - - [19/Mar/2019:11:35:31 -0300] "GET /cormun/servlet/hpexe_return? HTTP/1.1" 200 1018
186.103.159.188 - - [19/Mar/2019:11:35:31 -0300] "GET /cormun/servlet/trsolicitudadjuntos?2019,14783, HTTP/1.1" 200 8719
186.103.159.188 - - [19/Mar/2019:11:35:32 -0300] "GET /cormun/servlet/trsolicitudadjuntos?2019,14783, HTTP/1.1" 200 8715
186.103.159.188 - - [19/Mar/2019:11:35:34 -0300] "GET /cormun/servlet/solicitudotadjuntos?INS,2019,14783,,1, HTTP/1.1" 200 6087
186.103.159.188 - - [19/Mar/2019:11:35:34 -0300] "GET /cormun/static/about:blank HTTP/1.1" 404 1011
186.103.159.188 - - [19/Mar/2019:11:35:35 -0300] "GET /cormun/servlet/solicitudotadjuntos?INS,2019,14783,,1, HTTP/1.1" 200 6081
186.103.159.188 - - [19/Mar/2019:11:35:35 -0300] "GET /cormun/servlet/solicitudotadjuntos?4dcdbae7179f5ca1722ab9bb2bb78e58a5d121eef1188ab77bf494b7d258a7ce53930c682c3b20b5b0d957f7b02cfb16,gx-no-cache=1553005916269 HTTP/1.1" 200 30
186.103.159.188 - - [19/Mar/2019:11:35:35 -0300] "POST /cormun/servlet/solicitudotadjuntos?49b6565817db9a8029d998d415f96261,INS,2019,14783,,1,,gx-no-cache=1553005916324 HTTP/1.1" 200 3881
186.103.159.188 - - [19/Mar/2019:11:35:38 -0300] "POST /cormun/servlet/solicitudotadjuntos?gx-no-cache=1553005918922 HTTP/1.1" 200 26
186.103.159.188 - - [19/Mar/2019:11:35:44 -0300] "GET /cormun/servlet/solicitudotadjuntos?4dcdbae7179f5ca1722ab9bb2bb78e5896abcb2ae05ce0fa5dbf5d5b1aab4f70,gx-no-cache=1553005925435 HTTP/1.1" 200 30
186.103.159.188 - - [19/Mar/2019:11:35:44 -0300] "GET /cormun/servlet/solicitudotadjuntos?4dcdbae7179f5ca1722ab9bb2bb78e5896abcb2ae05ce0fa5dbf5d5b1aab4f70,gx-no-cache=1553005925497 HTTP/1.1" 200 30
186.103.159.188 - - [19/Mar/2019:11:35:46 -0300] "POST /cormun/servlet/solicitudotadjuntos?49b6565817db9a8029d998d415f96261,INS,2019,14783,,1, HTTP/1.1" 200 116
186.103.159.188 - - [19/Mar/2019:11:35:46 -0300] "GET /cormun/servlet/hpexe_return? HTTP/1.1" 200 1018
186.103.159.188 - - [19/Mar/2019:11:35:46 -0300] "GET /cormun/servlet/trsolicitudadjuntos?2019,14783, HTTP/1.1" 200 8937
186.103.159.188 - - [19/Mar/2019:11:35:47 -0300] "GET /cormun/servlet/trsolicitudadjuntos?2019,14783, HTTP/1.1" 200 8934
186.103.159.188 - - [19/Mar/2019:11:35:50 -0300] "GET /cormun/servlet/solicitudotadjuntos?INS,2019,14783,,1, HTTP/1.1" 200 6087
186.103.159.188 - - [19/Mar/2019:11:35:50 -0300] "GET /cormun/static/about:blank HTTP/1.1" 404 1011
186.103.159.188 - - [19/Mar/2019:11:35:50 -0300] "GET /cormun/servlet/solicitudotadjuntos?INS,2019,14783,,1, HTTP/1.1" 200 6080
186.103.159.188 - - [19/Mar/2019:11:35:50 -0300] "GET /cormun/servlet/solicitudotadjuntos?4dcdbae7179f5ca1722ab9bb2bb78e58a5d121eef1188ab77bf494b7d258a7ce53930c682c3b20b5b0d957f7b02cfb16,gx-no-cache=1553005931683 HTTP/1.1" 200 30
186.103.159.188 - - [19/Mar/2019:11:35:51 -0300] "POST /cormun/servlet/solicitudotadjuntos?49b6565817db9a8029d998d415f96261,INS,2019,14783,,1,,gx-no-cache=1553005931737 HTTP/1.1" 200 3880
186.103.159.188 - - [19/Mar/2019:11:35:53 -0300] "POST /cormun/servlet/solicitudotadjuntos?gx-no-cache=1553005934338 HTTP/1.1" 200 26
186.103.159.188 - - [19/Mar/2019:11:35:59 -0300] "GET /cormun/servlet/solicitudotadjuntos?4dcdbae7179f5ca1722ab9bb2bb78e5896abcb2ae05ce0fa5dbf5d5b1aab4f70,gx-no-cache=1553005939683 HTTP/1.1" 200 30
186.103.159.188 - - [19/Mar/2019:11:35:59 -0300] "GET /cormun/servlet/solicitudotadjuntos?4dcdbae7179f5ca1722ab9bb2bb78e5896abcb2ae05ce0fa5dbf5d5b1aab4f70,gx-no-cache=1553005939796 HTTP/1.1" 200 30
186.103.159.188 - - [19/Mar/2019:11:36:00 -0300] "POST /cormun/servlet/solicitudotadjuntos?49b6565817db9a8029d998d415f96261,INS,2019,14783,,1, HTTP/1.1" 200 116
186.103.159.188 - - [19/Mar/2019:11:36:00 -0300] "GET /cormun/servlet/hpexe_return? HTTP/1.1" 200 1018
186.103.159.188 - - [19/Mar/2019:11:36:00 -0300] "GET /cormun/servlet/trsolicitudadjuntos?2019,14783, HTTP/1.1" 200 9113
186.103.159.188 - - [19/Mar/2019:11:36:01 -0300] "GET /cormun/servlet/trsolicitudadjuntos?2019,14783, HTTP/1.1" 200 9111
186.103.159.188 - - [19/Mar/2019:11:36:03 -0300] "GET /cormun/servlet/solicitudotadjuntos?INS,2019,14783,,1, HTTP/1.1" 200 6087
186.103.159.188 - - [19/Mar/2019:11:36:04 -0300] "GET /cormun/static/about:blank HTTP/1.1" 404 1011
186.103.159.188 - - [19/Mar/2019:11:36:04 -0300] "GET /cormun/servlet/solicitudotadjuntos?INS,2019,14783,,1, HTTP/1.1" 200 6080
186.103.159.188 - - [19/Mar/2019:11:36:04 -0300] "GET /cormun/servlet/solicitudotadjuntos?4dcdbae7179f5ca1722ab9bb2bb78e58a5d121eef1188ab77bf494b7d258a7ce53930c682c3b20b5b0d957f7b02cfb16,gx-no-cache=1553005945323 HTTP/1.1" 200 30
186.103.159.188 - - [19/Mar/2019:11:36:04 -0300] "POST /cormun/servlet/solicitudotadjuntos?49b6565817db9a8029d998d415f96261,INS,2019,14783,,1,,gx-no-cache=1553005945436 HTTP/1.1" 200 3880
186.103.159.188 - - [19/Mar/2019:11:36:07 -0300] "POST /cormun/servlet/solicitudotadjuntos?gx-no-cache=1553005948338 HTTP/1.1" 200 26
186.103.159.188 - - [19/Mar/2019:11:36:12 -0300] "GET /cormun/servlet/solicitudotadjuntos?4dcdbae7179f5ca1722ab9bb2bb78e5896abcb2ae05ce0fa5dbf5d5b1aab4f70,gx-no-cache=1553005953419 HTTP/1.1" 200 30
186.103.159.188 - - [19/Mar/2019:11:36:12 -0300] "GET /cormun/servlet/solicitudotadjuntos?4dcdbae7179f5ca1722ab9bb2bb78e5896abcb2ae05ce0fa5dbf5d5b1aab4f70,gx-no-cache=1553005953558 HTTP/1.1" 200 30
186.103.159.188 - - [19/Mar/2019:11:36:14 -0300] "POST /cormun/servlet/solicitudotadjuntos?49b6565817db9a8029d998d415f96261,INS,2019,14783,,1, HTTP/1.1" 200 116
186.103.159.188 - - [19/Mar/2019:11:36:14 -0300] "GET /cormun/servlet/hpexe_return? HTTP/1.1" 200 1018
186.103.159.188 - - [19/Mar/2019:11:36:14 -0300] "GET /cormun/servlet/trsolicitudadjuntos?2019,14783, HTTP/1.1" 200 9317
186.103.159.188 - - [19/Mar/2019:11:36:15 -0300] "GET /cormun/servlet/trsolicitudadjuntos?2019,14783, HTTP/1.1" 200 9314
186.103.159.188 - - [19/Mar/2019:11:36:18 -0300] "GET /cormun/servlet/solicitudotadjuntos?INS,2019,14783,,1, HTTP/1.1" 200 6087
186.103.159.188 - - [19/Mar/2019:11:36:19 -0300] "GET /cormun/static/about:blank HTTP/1.1" 404 1011
186.103.159.188 - - [19/Mar/2019:11:36:19 -0300] "GET /cormun/servlet/solicitudotadjuntos?INS,2019,14783,,1, HTTP/1.1" 200 6080
186.103.159.188 - - [19/Mar/2019:11:36:19 -0300] "GET /cormun/servlet/solicitudotadjuntos?4dcdbae7179f5ca1722ab9bb2bb78e58a5d121eef1188ab77bf494b7d258a7ce53930c682c3b20b5b0d957f7b02cfb16,gx-no-cache=1553005960299 HTTP/1.1" 200 30
186.103.159.188 - - [19/Mar/2019:11:36:19 -0300] "POST /cormun/servlet/solicitudotadjuntos?49b6565817db9a8029d998d415f96261,INS,2019,14783,,1,,gx-no-cache=1553005960361 HTTP/1.1" 200 3880
186.79.128.234 - - [19/Mar/2019:11:36:20 -0300] "POST /cormun/servlet/solicitudot?e868896db27f1b463c9a80152d8d6d20,INS,0,0,,gx-no-cache=1553005960857 HTTP/1.1" 200 93
186.79.128.234 - - [19/Mar/2019:11:36:20 -0300] "GET /cormun/servlet/hpexe_return? HTTP/1.1" 200 1005
186.79.128.234 - - [19/Mar/2019:11:36:20 -0300] "GET /cormun/servlet/trsolicitudot HTTP/1.1" 200 7550
186.79.128.234 - - [19/Mar/2019:11:36:20 -0300] "GET /cormun/servlet/trsolicitudot HTTP/1.1" 200 7547
190.171.152.114 - - [19/Mar/2019:11:36:21 -0300] "GET /cormun/servlet/solicitudot?d68432e868db7c04c9700dee4982e178df059848ab7ec41de3477b0ec86ab0be0fb7c6aec6bf904e1ea8c33c242b714ef0a338b784b799f8ccf9bb97bec638d5,gx-no-cache=1553005963223 HTTP/1.1" 200 30
190.171.152.114 - - [19/Mar/2019:11:36:21 -0300] "POST /cormun/servlet/solicitudot?gx-no-cache=1553005963286 HTTP/1.1" 200 255
190.171.152.114 - - [19/Mar/2019:11:36:21 -0300] "GET /cormun/servlet/solicitudot?d68432e868db7c04c9700dee4982e1787d3e7a2e0b5a5ba367774b5735b15e46c0b4eb43bee2473e80df02e075de84434e5b80b7799b11f5618170490b63002434992542795ad06fdc3932d7b1b06817636142d464486512226c635be5ba259e62721cda4b7f5e39f463b33ada27a4832fb5c0ab9fa67fe8430d0a40d6396126a8942721717d52bcd0f3325713e3c0ca2a7527830cca23e4c69a66b949a0137ce1fb8aad5f91b40b41870efa7cb794e9119a72e27f36b451e9672f60d690098a5b2f3fa49ec529b93af2072c798d08e007c9d0eb5aa48b4300353614b69859f496c5d3434de78d3143ab87887934a5346fed285776518ff6b281d7fc05307f22bff3eae829079ac899e13eb6ba31a56b19bd956d77fb17cb0278c0ddee6050f05c51547495f2e71b2b265d293752aeb2becce53b4f0b9bba9452cd16243d01a981bdbc886a89b5be57dea9d2425d726c88a666322b9109d1b67bd6a1dfd6f2bf9c7d5629a50f77b680c6932464063c5424ddce7058844bf325e3aa705e7832d0,gx-no-cache=1553005963324 HTTP/1.1" 200 30
186.103.159.188 - - [19/Mar/2019:11:36:22 -0300] "POST /cormun/servlet/solicitudotadjuntos?gx-no-cache=1553005963474 HTTP/1.1" 200 26
190.171.152.114 - - [19/Mar/2019:11:36:23 -0300] "POST /cormun/servlet/solicitudot?gx-no-cache=1553005964765 HTTP/1.1" 200 30
186.103.159.188 - - [19/Mar/2019:11:36:29 -0300] "GET /cormun/servlet/solicitudotadjuntos?4dcdbae7179f5ca1722ab9bb2bb78e5896abcb2ae05ce0fa5dbf5d5b1aab4f70,gx-no-cache=1553005969786 HTTP/1.1" 200 30
186.103.159.188 - - [19/Mar/2019:11:36:29 -0300] "GET /cormun/servlet/solicitudotadjuntos?4dcdbae7179f5ca1722ab9bb2bb78e5896abcb2ae05ce0fa5dbf5d5b1aab4f70,gx-no-cache=1553005969922 HTTP/1.1" 200 30
186.103.159.188 - - [19/Mar/2019:11:36:35 -0300] "POST /cormun/servlet/solicitudotadjuntos?49b6565817db9a8029d998d415f96261,INS,2019,14783,,1, HTTP/1.1" 200 116
186.103.159.188 - - [19/Mar/2019:11:36:35 -0300] "GET /cormun/servlet/hpexe_return? HTTP/1.1" 200 1018
186.103.159.188 - - [19/Mar/2019:11:36:36 -0300] "GET /cormun/servlet/trsolicitudadjuntos?2019,14783, HTTP/1.1" 200 9580
186.103.159.188 - - [19/Mar/2019:11:36:37 -0300] "GET /cormun/servlet/trsolicitudadjuntos?2019,14783, HTTP/1.1" 200 9577
186.103.159.188 - - [19/Mar/2019:11:36:39 -0300] "GET /cormun/servlet/solicitudotadjuntos?INS,2019,14783,,1, HTTP/1.1" 200 6087
186.103.159.188 - - [19/Mar/2019:11:36:39 -0300] "GET /cormun/static/about:blank HTTP/1.1" 404 1011
186.103.159.188 - - [19/Mar/2019:11:36:39 -0300] "GET /cormun/servlet/solicitudotadjuntos?INS,2019,14783,,1, HTTP/1.1" 200 6081
186.103.159.188 - - [19/Mar/2019:11:36:40 -0300] "GET /cormun/servlet/solicitudotadjuntos?4dcdbae7179f5ca1722ab9bb2bb78e58a5d121eef1188ab77bf494b7d258a7ce53930c682c3b20b5b0d957f7b02cfb16,gx-no-cache=1553005980781 HTTP/1.1" 200 30
186.103.159.188 - - [19/Mar/2019:11:36:41 -0300] "POST /cormun/servlet/solicitudotadjuntos?49b6565817db9a8029d998d415f96261,INS,2019,14783,,1,,gx-no-cache=1553005980953 HTTP/1.1" 200 3881
186.103.159.188 - - [19/Mar/2019:11:36:44 -0300] "POST /cormun/servlet/solicitudotadjuntos?gx-no-cache=1553005984874 HTTP/1.1" 200 26
186.103.159.188 - - [19/Mar/2019:11:36:50 -0300] "GET /cormun/servlet/solicitudotadjuntos?4dcdbae7179f5ca1722ab9bb2bb78e5896abcb2ae05ce0fa5dbf5d5b1aab4f70,gx-no-cache=1553005991314 HTTP/1.1" 200 30
186.103.159.188 - - [19/Mar/2019:11:36:50 -0300] "GET /cormun/servlet/solicitudotadjuntos?4dcdbae7179f5ca1722ab9bb2bb78e5896abcb2ae05ce0fa5dbf5d5b1aab4f70,gx-no-cache=1553005991358 HTTP/1.1" 200 30
186.103.159.188 - - [19/Mar/2019:11:36:51 -0300] "POST /cormun/servlet/solicitudotadjuntos?49b6565817db9a8029d998d415f96261,INS,2019,14783,,1, HTTP/1.1" 200 116
186.103.159.188 - - [19/Mar/2019:11:36:51 -0300] "GET /cormun/servlet/hpexe_return? HTTP/1.1" 200 1018
190.171.152.114 - - [19/Mar/2019:11:36:52 -0300] "POST /cormun/servlet/solicitudot?gx-no-cache=1553005993384 HTTP/1.1" 200 1290
190.171.152.114 - - [19/Mar/2019:11:36:52 -0300] "POST /cormun/servlet/solicitudot?gx-no-cache=1553005993544 HTTP/1.1" 200 38
190.171.152.114 - - [19/Mar/2019:11:36:52 -0300] "GET /cormun/servlet/solicitudot?d68432e868db7c04c9700dee4982e1780542a5c95da84f767090ca986901c809d0f24204a549363504b2eb4f950b246fc1db40ff9d02c07962822f2fe4b093b2a387fc79f082410575001a29d05550b1bcf4585f1d9b8fbd5b8b4a7da132d471e1c12cbe988a25d1373460ff9b90c247,gx-no-cache=1553005993573 HTTP/1.1" 200 110
186.103.159.188 - - [19/Mar/2019:11:36:52 -0300] "GET /cormun/servlet/trsolicitudadjuntos?2019,14783, HTTP/1.1" 200 9794
186.103.159.188 - - [19/Mar/2019:11:36:52 -0300] "GET /cormun/servlet/trsolicitudadjuntos?2019,14783, HTTP/1.1" 200 9788
186.103.159.188 - - [19/Mar/2019:11:37:06 -0300] "GET /cormun/servlet/solicitudotadjuntos?INS,2019,14783,,1, HTTP/1.1" 200 6087
186.103.159.188 - - [19/Mar/2019:11:37:06 -0300] "GET /cormun/static/about:blank HTTP/1.1" 404 1011
186.103.159.188 - - [19/Mar/2019:11:37:07 -0300] "GET /cormun/servlet/solicitudotadjuntos?INS,2019,14783,,1, HTTP/1.1" 200 6081
186.103.159.188 - - [19/Mar/2019:11:37:07 -0300] "GET /cormun/servlet/solicitudotadjuntos?4dcdbae7179f5ca1722ab9bb2bb78e58a5d121eef1188ab77bf494b7d258a7ce53930c682c3b20b5b0d957f7b02cfb16,gx-no-cache=1553006008409 HTTP/1.1" 200 30
186.103.159.188 - - [19/Mar/2019:11:37:07 -0300] "POST /cormun/servlet/solicitudotadjuntos?49b6565817db9a8029d998d415f96261,INS,2019,14783,,1,,gx-no-cache=1553006008450 HTTP/1.1" 200 3881
190.171.152.114 - - [19/Mar/2019:11:37:09 -0300] "POST /cormun/servlet/solicitudot?gx-no-cache=1553006011135 HTTP/1.1" 200 97
190.171.152.114 - - [19/Mar/2019:11:37:21 -0300] "GET /cormun/servlet/solicitudot?d68432e868db7c04c9700dee4982e178a8c636f95a5c66be7891cde44779be1497a5458b1a9ed5ae77306b8f4e76d28cbb32a032fbe0525630f820c190f742f45e316281338601b6a2a514e26378baffb96aca4f06ba69ee78b0a99af317c73fe72076fc4840e96b39ecdd56abbd02c0f7cccb5b97192e28f37029c0ade4680cc42992f38217a36f9f64a901263b9fc82e23d22a91052300a2960163ff1baa54,gx-no-cache=1553006022467 HTTP/1.1" 200 29
190.171.152.114 - - [19/Mar/2019:11:37:21 -0300] "GET /cormun/static/menuarrow.gif HTTP/1.1" 404 1015
190.171.152.114 - - [19/Mar/2019:11:37:24 -0300] "GET /cormun/servlet/solicitudot?d68432e868db7c04c9700dee4982e17822dc80d127f448c5ece2261551fcdd1daf6c1c2ae1dc7d198679e5eeb624fa9e,gx-no-cache=1553006026081 HTTP/1.1" 200 30
190.171.152.114 - - [19/Mar/2019:11:37:31 -0300] "POST /cormun/servlet/solicitudot?gx-no-cache=1553006032652 HTTP/1.1" 200 33
190.171.152.114 - - [19/Mar/2019:11:37:42 -0300] "POST /cormun/servlet/solicitudot?1489b134a99e375eb12ac0a88c6e007e,INS,0,0,,gx-no-cache=1553006043938 HTTP/1.1" 200 93
190.171.152.114 - - [19/Mar/2019:11:37:42 -0300] "GET /cormun/servlet/hpexe_return? HTTP/1.1" 200 1007
190.171.152.114 - - [19/Mar/2019:11:37:43 -0300] "GET /cormun/servlet/trsolicitudot HTTP/1.1" 200 9813
190.171.144.234 - - [19/Mar/2019:11:38:32 -0300] "GET /cormun/servlet/hlogin HTTP/1.1" 200 1723
190.171.144.234 - - [19/Mar/2019:11:38:32 -0300] "GET /cormun/static/messages.spa.js?85251 HTTP/1.1" 304 -
190.171.144.234 - - [19/Mar/2019:11:38:32 -0300] "GET /cormun/servlet/hlogin HTTP/1.1" 200 1733
190.171.144.234 - - [19/Mar/2019:11:38:41 -0300] "POST /cormun/servlet/hlogin?f34dc3edf135f9570b76dfca9f0345d7,gx-no-cache=1553006104214 HTTP/1.1" 200 90
190.171.144.234 - - [19/Mar/2019:11:38:41 -0300] "GET /cormun/servlet/hpexe_link HTTP/1.1" 200 954
190.171.144.234 - - [19/Mar/2019:11:38:42 -0300] "GET /cormun/servlet/hhome HTTP/1.1" 200 4017
190.171.144.234 - - [19/Mar/2019:11:38:42 -0300] "GET /cormun/static/hmpwkw03.js?20189613443875 HTTP/1.1" 304 -
190.171.144.234 - - [19/Mar/2019:11:38:42 -0300] "GET /cormun/servlet/hhome HTTP/1.1" 200 4014
186.103.159.188 - - [19/Mar/2019:11:38:47 -0300] "POST /cormun/servlet/solicitudotadjuntos?49b6565817db9a8029d998d415f96261,INS,2019,14783,,1,,gx-no-cache=1553006107741 HTTP/1.1" 200 93
186.103.159.188 - - [19/Mar/2019:11:38:47 -0300] "GET /cormun/servlet/hpexe_return? HTTP/1.1" 200 1018
186.103.159.188 - - [19/Mar/2019:11:38:47 -0300] "GET /cormun/servlet/trsolicitudadjuntos?2019,14783, HTTP/1.1" 200 9793
190.171.144.234 - - [19/Mar/2019:11:38:48 -0300] "GET /cormun/servlet/trlicencias? HTTP/1.1" 200 8377
186.103.159.188 - - [19/Mar/2019:11:38:48 -0300] "GET /cormun/servlet/trsolicitudadjuntos?2019,14783, HTTP/1.1" 200 9791
190.171.144.234 - - [19/Mar/2019:11:38:48 -0300] "GET /cormun/servlet/trlicencias? HTTP/1.1" 200 8375
186.103.159.188 - - [19/Mar/2019:11:38:52 -0300] "GET /cormun/servlet/trsolicitudot? HTTP/1.1" 200 8648
186.103.159.188 - - [19/Mar/2019:11:38:52 -0300] "GET /cormun/servlet/trsolicitudot? HTTP/1.1" 200 8642
190.171.141.138 - - [19/Mar/2019:11:38:56 -0300] "GET /cormun/servlet/hlogin HTTP/1.1" 200 1718
190.171.141.138 - - [19/Mar/2019:11:38:56 -0300] "GET /cormun/servlet/hlogin HTTP/1.1" 200 1728
190.171.141.138 - - [19/Mar/2019:11:38:58 -0300] "POST /cormun/servlet/hlogin?521b0aa5821eb4ba47045fd24531cc88,gx-no-cache=1553006120859 HTTP/1.1" 200 90
190.171.141.138 - - [19/Mar/2019:11:38:58 -0300] "GET /cormun/servlet/hpexe_link HTTP/1.1" 200 949
190.171.141.138 - - [19/Mar/2019:11:38:58 -0300] "GET /cormun/servlet/hhome HTTP/1.1" 200 4454
190.171.141.138 - - [19/Mar/2019:11:38:59 -0300] "GET /cormun/servlet/hhome HTTP/1.1" 200 4450
190.171.141.138 - - [19/Mar/2019:11:39:04 -0300] "GET /cormun/servlet/trcontratosolicitud? HTTP/1.1" 200 14938
190.171.141.138 - - [19/Mar/2019:11:39:04 -0300] "GET /cormun/static/gxcfg.js?20177612214014 HTTP/1.1" 200 953
190.171.141.138 - - [19/Mar/2019:11:39:04 -0300] "GET /cormun/static/gxui/gxui-all.css?110300 HTTP/1.1" 200 2179
190.171.141.138 - - [19/Mar/2019:11:39:04 -0300] "GET /cormun/static/trcontratosolicitud.js?20177612214349 HTTP/1.1" 200 28237
190.171.141.138 - - [19/Mar/2019:11:39:04 -0300] "GET /cormun/static/Shared/ext/resources/css/ext-all.css?205870 HTTP/1.1" 200 416045
190.171.141.138 - - [19/Mar/2019:11:39:10 -0300] "GET /cormun/servlet/trcontratosolicitud? HTTP/1.1" 200 14931
190.171.141.138 - - [19/Mar/2019:11:39:10 -0300] "GET /cormun//static/Resources/PXToolsGridNew.png HTTP/1.1" 200 2949
190.171.141.138 - - [19/Mar/2019:11:39:10 -0300] "GET /cormun//static/Resources/PXToolsActionDisabled.gif HTTP/1.1" 200 53
190.171.141.138 - - [19/Mar/2019:11:39:10 -0300] "POST /cormun/servlet/trcontratosolicitud?521b0aa5821eb4ba47045fd24531cc88,,gx-no-cache=1553006132693 HTTP/1.1" 200 12446
190.171.141.138 - - [19/Mar/2019:11:39:10 -0300] "GET /cormun/static/Resources/PXToolsGridNext.gif HTTP/1.1" 200 369
186.103.159.188 - - [19/Mar/2019:11:39:11 -0300] "POST /cormun/servlet/trsolicitudot?49b6565817db9a8029d998d415f96261,,gx-no-cache=1553006132047 HTTP/1.1" 200 4556
186.103.159.188 - - [19/Mar/2019:11:39:11 -0300] "GET /cormun/static/Shared/jqueryui/images/ui-bg_highlight-soft_100_c6c2c8_1x100.png HTTP/1.1" 404 1117
186.103.159.188 - - [19/Mar/2019:11:39:11 -0300] "GET /cormun/static/Shared/jqueryui/images/ui-icons_82798d_256x240.png HTTP/1.1" 404 1089
186.103.159.188 - - [19/Mar/2019:11:39:11 -0300] "GET /cormun/static/Shared/jqueryui/images/ui-bg_flat_55_fafafa_40x100.png HTTP/1.1" 404 1097
186.103.159.188 - - [19/Mar/2019:11:39:11 -0300] "GET /cormun/static/Shared/jqueryui/images/ui-icons_8d78a5_256x240.png HTTP/1.1" 404 1089
186.103.159.188 - - [19/Mar/2019:11:39:11 -0300] "POST /cormun/servlet/trsolicitudot?49b6565817db9a8029d998d415f96261,,gx-no-cache=1553006132302 HTTP/1.1" 200 4324
190.171.141.138 - - [19/Mar/2019:11:39:12 -0300] "GET /cormun/static/Resources/PXToolsGridLast.gif HTTP/1.1" 200 370
190.171.141.138 - - [19/Mar/2019:11:39:20 -0300] "GET /cormun/servlet/trcontratounov2? HTTP/1.1" 200 17975
190.171.141.138 - - [19/Mar/2019:11:39:20 -0300] "GET /cormun/static/gxcfg.js?201752512124396 HTTP/1.1" 200 953
190.171.141.138 - - [19/Mar/2019:11:39:20 -0300] "GET /cormun/static/trcontratounov2.js?201752512125146 HTTP/1.1" 200 38486
190.171.141.138 - - [19/Mar/2019:11:39:20 -0300] "GET /cormun/static/Resources/PXToolsAddSelectedAction.png HTTP/1.1" 200 3660
190.171.141.138 - - [19/Mar/2019:11:39:20 -0300] "GET /cormun/servlet/trcontratounov2? HTTP/1.1" 200 17970
190.171.141.138 - - [19/Mar/2019:11:39:42 -0300] "POST /cormun/servlet/trcontratounov2?521b0aa5821eb4ba47045fd24531cc88,,gx-no-cache=1553006164927 HTTP/1.1" 200 6277
190.171.141.138 - - [19/Mar/2019:11:39:48 -0300] "GET /cormun/servlet/trcontratosolicitud? HTTP/1.1" 200 14934
190.171.141.138 - - [19/Mar/2019:11:39:48 -0300] "GET /cormun/servlet/trcontratosolicitud? HTTP/1.1" 200 14938
190.171.153.50 - - [19/Mar/2019:11:40:38 -0300] "GET /cormun/servlet/hlogin HTTP/1.1" 200 1728
190.171.153.50 - - [19/Mar/2019:11:40:52 -0300] "GET /cormun/servlet/hlogin HTTP/1.1" 200 1728
192.168.10.96 - - [19/Mar/2019:11:41:56 -0300] "GET /cormun/servlet/hlogin HTTP/1.1" 200 1735
192.168.10.96 - - [19/Mar/2019:11:42:03 -0300] "POST /cormun/servlet/hlogin?c7877f8131ddb7049e3d4ce02de46271,gx-no-cache=1553013327527 HTTP/1.1" 200 90
192.168.10.96 - - [19/Mar/2019:11:42:03 -0300] "GET /cormun/servlet/hpexe_link HTTP/1.1" 200 946
192.168.10.96 - - [19/Mar/2019:11:42:03 -0300] "GET /cormun/servlet/hhome HTTP/1.1" 200 4768
192.168.10.96 - - [19/Mar/2019:11:42:04 -0300] "GET /cormun/servlet/hhome HTTP/1.1" 200 4764
192.168.10.96 - - [19/Mar/2019:11:42:07 -0300] "GET /cormun/servlet/trfuncionariobloqueados? HTTP/1.1" 200 10494
192.168.10.96 - - [19/Mar/2019:11:42:08 -0300] "GET /cormun/servlet/trfuncionariobloqueados? HTTP/1.1" 200 10491
192.168.10.96 - - [19/Mar/2019:11:42:15 -0300] "GET /cormun/servlet/funcionariobloqueados?DLT,15806390, HTTP/1.1" 200 6100
192.168.10.96 - - [19/Mar/2019:11:42:15 -0300] "GET /cormun/static/Shared/jqueryui/images/ui-icons_82798d_256x240.png HTTP/1.1" 404 1089
192.168.10.96 - - [19/Mar/2019:11:42:15 -0300] "GET /cormun/static/Shared/jqueryui/images/ui-bg_flat_55_fafafa_40x100.png HTTP/1.1" 404 1097
192.168.10.96 - - [19/Mar/2019:11:42:15 -0300] "GET /cormun/static/Shared/jqueryui/images/ui-icons_8d78a5_256x240.png HTTP/1.1" 404 1089
192.168.10.96 - - [19/Mar/2019:11:42:15 -0300] "GET /cormun/static/Shared/jqueryui/images/ui-bg_highlight-soft_100_c6c2c8_1x100.png HTTP/1.1" 404 1117
