190.171.152.114 - - [19/Mar/2019:16:58:24 -0300] "POST /cormun/servlet/solicitudotadjuntos?gx-no-cache=1553025286181 HTTP/1.1" 200 26
192.168.10.89 - - [19/Mar/2019:16:58:26 -0300] "POST /cormun/servlet/solicitudgral2?gx-no-cache=1553032310249 HTTP/1.1" 200 72
192.168.10.89 - - [19/Mar/2019:16:58:29 -0300] "POST /cormun/servlet/solicitudgral2?472d285873e87f12c71b9aee91ce9d6c,UPD,2019,14781,,gx-no-cache=1553032313651 HTTP/1.1" 200 11430
190.171.153.218 - - [19/Mar/2019:16:58:30 -0300] "POST /cormun/servlet/trautorizarsolicitud?8e2837cd9c185dca211cdce718b2611e,,gx-no-cache=1553025288982 HTTP/1.1" 200 4480
190.171.152.114 - - [19/Mar/2019:16:58:32 -0300] "GET /cormun/servlet/solicitudotadjuntos?6259a371b595ce817b28f21870159b6f133d1ee1462ffd9cec4d379848dd05c5,gx-no-cache=1553025293969 HTTP/1.1" 200 30
190.171.152.114 - - [19/Mar/2019:16:58:32 -0300] "GET /cormun/servlet/solicitudotadjuntos?6259a371b595ce817b28f21870159b6f133d1ee1462ffd9cec4d379848dd05c5,gx-no-cache=1553025293994 HTTP/1.1" 200 30
190.171.152.114 - - [19/Mar/2019:16:58:33 -0300] "POST /cormun/servlet/solicitudotadjuntos?32a734948ab84717b29401b1d6530efa,INS,2019,14811,,1, HTTP/1.1" 200 116
190.171.152.114 - - [19/Mar/2019:16:58:33 -0300] "GET /cormun/servlet/hpexe_return? HTTP/1.1" 200 1026
190.171.152.114 - - [19/Mar/2019:16:58:34 -0300] "GET /cormun/servlet/trsolicitudadjuntos?2019,14811, HTTP/1.1" 200 9873
192.168.10.89 - - [19/Mar/2019:16:58:34 -0300] "POST /cormun/servlet/solicitudgral2?472d285873e87f12c71b9aee91ce9d6c,UPD,2019,14781,,gx-no-cache=1553032318308 HTTP/1.1" 200 11428
192.168.10.89 - - [19/Mar/2019:16:58:39 -0300] "GET /cormun/servlet/solicitudgral2?6d2de5ec1cf21689bb3caa96b842dce34aeca9d44c7a6dafac476a894bda497c2e368bba4f456879b3c9b406ee29904e60605c4ebb821f1318bea35940e2a9b4f000049cda514bbc81700b8288f18e3d044eea56a10f040f146976d151e31354d408e51c5195891877abc71c0cc1d2e30d1b78dbeee05021fa5edc6293582073d451d66457c159bf801e079ec40352046986751083ab55bb1a261f48dad52527,gx-no-cache=1553032323330 HTTP/1.1" 200 30
190.171.152.114 - - [19/Mar/2019:16:58:40 -0300] "GET /cormun/servlet/solicitudotadjuntos?INS,2019,14811,,1, HTTP/1.1" 200 6318
192.168.10.89 - - [19/Mar/2019:16:58:40 -0300] "GET /cormun/servlet/solicitudgral2?6d2de5ec1cf21689bb3caa96b842dce33341aaf9145427dc90e1031671a8edd7639400fd8e56e6d2b94535017f459184d6bba38c798002f0aa80b92f5249afaa272cc72020b4a66025f599bee418cc3b5b02d2cbcbe1784335ea552fd4d9456feef3b4e7ed3e6af9f822db163eeff6784bf61f1930f52e58462d6b2600aabb2b,gx-no-cache=1553032324452 HTTP/1.1" 200 30
190.171.152.114 - - [19/Mar/2019:16:58:40 -0300] "HEAD /cormun/static/about:blank HTTP/1.1" 404 -
190.171.153.218 - - [19/Mar/2019:16:58:41 -0300] "POST /cormun/servlet/trautorizarsolicitud?8e2837cd9c185dca211cdce718b2611e,,gx-no-cache=1553025298750 HTTP/1.1" 200 4479
190.171.152.114 - - [19/Mar/2019:16:58:41 -0300] "GET /cormun/servlet/solicitudotadjuntos?6259a371b595ce817b28f21870159b6fd0735d24ffa0bbd84cd0532dfb74ffe89658833f8350dfe5c203d9e3bb57d5b9,gx-no-cache=1553025303534 HTTP/1.1" 200 30
190.171.152.114 - - [19/Mar/2019:16:58:41 -0300] "POST /cormun/servlet/solicitudotadjuntos?32a734948ab84717b29401b1d6530efa,INS,2019,14811,,1,,gx-no-cache=1553025303571 HTTP/1.1" 200 4067
190.171.152.114 - - [19/Mar/2019:16:58:44 -0300] "POST /cormun/servlet/solicitudotadjuntos?gx-no-cache=1553025306453 HTTP/1.1" 200 26
190.171.153.218 - - [19/Mar/2019:16:58:47 -0300] "POST /cormun/servlet/trautorizarsolicitud?8e2837cd9c185dca211cdce718b2611e,,gx-no-cache=1553025305190 HTTP/1.1" 200 5819
190.171.152.114 - - [19/Mar/2019:16:58:54 -0300] "GET /cormun/servlet/solicitudotadjuntos?6259a371b595ce817b28f21870159b6f133d1ee1462ffd9cec4d379848dd05c5,gx-no-cache=1553025316641 HTTP/1.1" 200 30
190.171.152.114 - - [19/Mar/2019:16:58:54 -0300] "GET /cormun/servlet/solicitudotadjuntos?6259a371b595ce817b28f21870159b6f133d1ee1462ffd9cec4d379848dd05c5,gx-no-cache=1553025316661 HTTP/1.1" 200 30
190.171.152.114 - - [19/Mar/2019:16:58:56 -0300] "POST /cormun/servlet/solicitudotadjuntos?32a734948ab84717b29401b1d6530efa,INS,2019,14811,,1, HTTP/1.1" 200 116
190.171.152.114 - - [19/Mar/2019:16:58:56 -0300] "GET /cormun/servlet/hpexe_return? HTTP/1.1" 200 1026
190.171.152.114 - - [19/Mar/2019:16:58:57 -0300] "GET /cormun/servlet/trsolicitudadjuntos?2019,14811, HTTP/1.1" 200 10104
190.171.153.218 - - [19/Mar/2019:16:58:59 -0300] "GET /cormun/servlet/veautorizarsolicitud?2019,14814,, HTTP/1.1" 200 8734
190.151.99.26 - - [19/Mar/2019:16:58:59 -0300] "GET /cormun/static/gxcfg.js?2017111423404691 HTTP/1.1" 200 953
190.171.153.218 - - [19/Mar/2019:16:58:59 -0300] "GET /cormun/pexe_scrolldiv.js HTTP/1.1" 404 1009
190.171.153.218 - - [19/Mar/2019:16:58:59 -0300] "GET /cormun/static/Resources/PXToolsTabFirstSelected.png HTTP/1.1" 200 1259
190.151.99.26 - - [19/Mar/2019:16:58:59 -0300] "GET /cormun/static/veautorizarsolicitud.js?2017111423404756 HTTP/1.1" 200 6140
190.171.153.218 - - [19/Mar/2019:16:58:59 -0300] "GET /cormun/static/hwcviewtabs.js?20177611594913 HTTP/1.1" 200 1074
190.171.153.218 - - [19/Mar/2019:16:58:59 -0300] "GET /cormun/static/hpexe_tabsview.js?201610171694228 HTTP/1.1" 200 1661
152.231.70.149 - - [19/Mar/2019:16:59:00 -0300] "GET /cormun/static/Resources/PXToolsTabNext.gif HTTP/1.1" 200 168
190.171.153.218 - - [19/Mar/2019:16:59:00 -0300] "GET /cormun/static/Resources/PXToolsTabPrevious.gif HTTP/1.1" 200 172
190.171.153.218 - - [19/Mar/2019:16:59:00 -0300] "GET /cormun/static/Resources/PXToolsTabLastUnselected.png HTTP/1.1" 200 1291
152.231.70.149 - - [19/Mar/2019:16:59:00 -0300] "GET /cormun/static/tbautorizarsolicitud01.js?2017111423392092 HTTP/1.1" 200 30580
152.231.70.149 - - [19/Mar/2019:16:59:00 -0300] "GET /cormun/static/calendar-system.css HTTP/1.1" 200 5572
190.171.153.218 - - [19/Mar/2019:16:59:00 -0300] "GET /cormun/static/Resources/PXToolsTabBackSelected.png HTTP/1.1" 200 1157
190.171.153.218 - - [19/Mar/2019:16:59:00 -0300] "GET /cormun/static/Resources/PXToolsTabSelectedUnselected.png HTTP/1.1" 200 1428
190.151.99.26 - - [19/Mar/2019:16:59:00 -0300] "GET /cormun/static/Resources/PXToolsTabBackUnselected.png HTTP/1.1" 200 1175
190.171.153.218 - - [19/Mar/2019:16:59:00 -0300] "GET /cormun/servlet/veautorizarsolicitud?2019,14814,, HTTP/1.1" 200 8733
190.171.152.114 - - [19/Mar/2019:16:59:01 -0300] "GET /cormun/servlet/solicitudotadjuntos?INS,2019,14811,,2, HTTP/1.1" 200 6317
190.171.153.218 - - [19/Mar/2019:16:59:01 -0300] "GET /cormun/static/Resources/PXToolsTabUnselectedUnselected.png HTTP/1.1" 200 1459
190.171.152.114 - - [19/Mar/2019:16:59:01 -0300] "HEAD /cormun/static/about:blank HTTP/1.1" 404 -
190.171.152.114 - - [19/Mar/2019:16:59:02 -0300] "GET /cormun/servlet/solicitudotadjuntos?6259a371b595ce817b28f21870159b6fd0735d24ffa0bbd84cd0532dfb74ffe89658833f8350dfe5c203d9e3bb57d5b9,gx-no-cache=1553025324121 HTTP/1.1" 200 30
190.171.152.114 - - [19/Mar/2019:16:59:02 -0300] "POST /cormun/servlet/solicitudotadjuntos?32a734948ab84717b29401b1d6530efa,INS,2019,14811,,2,,gx-no-cache=1553025324166 HTTP/1.1" 200 4279
190.171.152.114 - - [19/Mar/2019:16:59:05 -0300] "POST /cormun/servlet/solicitudotadjuntos?gx-no-cache=1553025327621 HTTP/1.1" 200 26
190.171.152.114 - - [19/Mar/2019:16:59:10 -0300] "GET /cormun/servlet/solicitudotadjuntos?6259a371b595ce817b28f21870159b6f133d1ee1462ffd9cec4d379848dd05c5,gx-no-cache=1553025332375 HTTP/1.1" 200 30
190.171.152.114 - - [19/Mar/2019:16:59:10 -0300] "GET /cormun/servlet/solicitudotadjuntos?6259a371b595ce817b28f21870159b6f133d1ee1462ffd9cec4d379848dd05c5,gx-no-cache=1553025332394 HTTP/1.1" 200 30
190.171.152.114 - - [19/Mar/2019:16:59:10 -0300] "POST /cormun/servlet/solicitudotadjuntos?32a734948ab84717b29401b1d6530efa,INS,2019,14811,,2, HTTP/1.1" 200 116
190.171.152.114 - - [19/Mar/2019:16:59:10 -0300] "GET /cormun/servlet/hpexe_return? HTTP/1.1" 200 1027
190.171.152.114 - - [19/Mar/2019:16:59:11 -0300] "GET /cormun/servlet/trsolicitudadjuntos?2019,14811, HTTP/1.1" 200 10233
190.171.153.218 - - [19/Mar/2019:16:59:12 -0300] "POST /cormun/servlet/veautorizarsolicitud?8e2837cd9c185dca211cdce718b2611e,2019,14814,,,gx-no-cache=1553025330858 HTTP/1.1" 200 93
190.171.153.218 - - [19/Mar/2019:16:59:12 -0300] "GET /cormun/servlet/hpexe_return? HTTP/1.1" 200 1016
190.171.153.218 - - [19/Mar/2019:16:59:12 -0300] "GET /cormun/servlet/trautorizarsolicitud? HTTP/1.1" 200 8791
190.171.153.218 - - [19/Mar/2019:16:59:13 -0300] "GET /cormun/servlet/trautorizarsolicitud? HTTP/1.1" 200 8787
190.171.153.218 - - [19/Mar/2019:16:59:15 -0300] "POST /cormun/servlet/trautorizarsolicitud?8e2837cd9c185dca211cdce718b2611e,,gx-no-cache=1553025333361 HTTP/1.1" 200 5834
152.231.70.149 - - [19/Mar/2019:16:59:15 -0300] "GET /cormun/static/Shared/jqueryui/images/ui-bg_flat_55_fafafa_40x100.png HTTP/1.1" 404 1097
190.171.153.218 - - [19/Mar/2019:16:59:15 -0300] "GET /cormun/static/Shared/jqueryui/images/ui-bg_highlight-soft_100_c6c2c8_1x100.png HTTP/1.1" 404 1117
190.151.99.26 - - [19/Mar/2019:16:59:15 -0300] "GET /cormun/static/Shared/jqueryui/images/ui-icons_82798d_256x240.png HTTP/1.1" 404 1089
152.231.70.149 - - [19/Mar/2019:16:59:15 -0300] "GET /cormun/static/Shared/jqueryui/images/ui-icons_8d78a5_256x240.png HTTP/1.1" 404 1089
186.67.172.234 - - [19/Mar/2019:16:59:16 -0300] "GET /cormun/servlet/trautorizarsolicitud? HTTP/1.1" 200 6302
186.67.172.234 - - [19/Mar/2019:16:59:17 -0300] "GET /cormun/static/gxcfg.js?2017111423403364 HTTP/1.1" 304 -
186.67.172.234 - - [19/Mar/2019:16:59:17 -0300] "GET /cormun/servlet/trautorizarsolicitud? HTTP/1.1" 200 6313
186.67.172.234 - - [19/Mar/2019:16:59:17 -0300] "GET /cormun/servlet/hlogin HTTP/1.1" 200 1740
186.67.172.234 - - [19/Mar/2019:16:59:17 -0300] "GET /cormun/static/Resources/Spanish/PXTools.css?1155365 HTTP/1.1" 304 -
186.67.172.234 - - [19/Mar/2019:16:59:17 -0300] "GET /cormun/static/gxcfg.js?20177612122725 HTTP/1.1" 304 -
190.171.152.114 - - [19/Mar/2019:16:59:19 -0300] "GET /cormun/servlet/trsolicitudot? HTTP/1.1" 200 9767
192.168.10.89 - - [19/Mar/2019:16:59:19 -0300] "POST /cormun/servlet/solicitudgral2?472d285873e87f12c71b9aee91ce9d6c,UPD,2019,14781,,gx-no-cache=1553032362959 HTTP/1.1" 200 93
192.168.10.89 - - [19/Mar/2019:16:59:19 -0300] "GET /cormun/servlet/hpexe_return? HTTP/1.1" 200 1038
192.168.10.89 - - [19/Mar/2019:16:59:19 -0300] "GET /cormun/servlet/trsolicitudgral?gx-no-cache=1553031797293 HTTP/1.1" 200 10666
152.231.70.149 - - [19/Mar/2019:16:59:23 -0300] "POST /cormun/servlet/trautorizarsolicitud?8e2837cd9c185dca211cdce718b2611e,,gx-no-cache=1553025342194 HTTP/1.1" 200 5849
190.171.152.114 - - [19/Mar/2019:16:59:27 -0300] "POST /cormun/servlet/trsolicitudot?32a734948ab84717b29401b1d6530efa,,gx-no-cache=1553025349170 HTTP/1.1" 200 107
190.171.152.114 - - [19/Mar/2019:16:59:27 -0300] "GET /cormun/servlet/trsolicitudadjuntos?2019,14810, HTTP/1.1" 200 6374
152.231.70.149 - - [19/Mar/2019:16:59:30 -0300] "POST /cormun/servlet/trautorizarsolicitud?8e2837cd9c185dca211cdce718b2611e,,gx-no-cache=1553025348348 HTTP/1.1" 200 5861
190.171.152.114 - - [19/Mar/2019:16:59:30 -0300] "GET /cormun/servlet/solicitudotadjuntos?INS,2019,14810,,1, HTTP/1.1" 200 6317
190.171.152.114 - - [19/Mar/2019:16:59:31 -0300] "HEAD /cormun/static/about:blank HTTP/1.1" 404 -
190.171.152.114 - - [19/Mar/2019:16:59:32 -0300] "GET /cormun/servlet/solicitudotadjuntos?6259a371b595ce817b28f21870159b6f48bca75ccde3b69242f8b344d021d29d9658833f8350dfe5c203d9e3bb57d5b9,gx-no-cache=1553025354000 HTTP/1.1" 200 30
190.171.152.114 - - [19/Mar/2019:16:59:32 -0300] "POST /cormun/servlet/solicitudotadjuntos?32a734948ab84717b29401b1d6530efa,INS,2019,14810,,1,,gx-no-cache=1553025354051 HTTP/1.1" 200 4067
186.67.172.234 - - [19/Mar/2019:16:59:32 -0300] "POST /cormun/servlet/hlogin?aa6ff2862157b1c39e14cf1b43a1d26f,gx-no-cache=1553025352805 HTTP/1.1" 200 90
186.67.172.234 - - [19/Mar/2019:16:59:32 -0300] "GET /cormun/servlet/hpexe_link HTTP/1.1" 200 960
186.67.172.234 - - [19/Mar/2019:16:59:32 -0300] "GET /cormun/static/gxcfg.js?20177612121792 HTTP/1.1" 304 -
186.67.172.234 - - [19/Mar/2019:16:59:32 -0300] "GET /cormun/servlet/trautorizarsolicitud HTTP/1.1" 200 7284
186.67.172.234 - - [19/Mar/2019:16:59:32 -0300] "GET /cormun/servlet/trautorizarsolicitud HTTP/1.1" 200 7283
190.171.152.114 - - [19/Mar/2019:16:59:33 -0300] "POST /cormun/servlet/solicitudotadjuntos?gx-no-cache=1553025355488 HTTP/1.1" 200 26
152.231.70.149 - - [19/Mar/2019:16:59:37 -0300] "POST /cormun/servlet/trautorizarsolicitud?8e2837cd9c185dca211cdce718b2611e,,gx-no-cache=1553025355411 HTTP/1.1" 200 4483
152.231.70.149 - - [19/Mar/2019:16:59:42 -0300] "POST /cormun/servlet/trautorizarsolicitud?8e2837cd9c185dca211cdce718b2611e,,gx-no-cache=1553025360658 HTTP/1.1" 200 5849
186.67.172.234 - - [19/Mar/2019:16:59:43 -0300] "GET /cormun/servlet/trautorizarsolicitud? HTTP/1.1" 200 7283
186.67.172.234 - - [19/Mar/2019:16:59:44 -0300] "GET /cormun/servlet/trautorizarsolicitud? HTTP/1.1" 200 7283
152.231.70.149 - - [19/Mar/2019:16:59:46 -0300] "POST /cormun/servlet/trautorizarsolicitud?8e2837cd9c185dca211cdce718b2611e,,gx-no-cache=1553025364874 HTTP/1.1" 200 4483
190.171.152.114 - - [19/Mar/2019:16:59:50 -0300] "GET /cormun/servlet/solicitudotadjuntos?6259a371b595ce817b28f21870159b6f133d1ee1462ffd9cec4d379848dd05c5,gx-no-cache=1553025372303 HTTP/1.1" 200 30
190.171.152.114 - - [19/Mar/2019:16:59:50 -0300] "GET /cormun/servlet/solicitudotadjuntos?6259a371b595ce817b28f21870159b6f133d1ee1462ffd9cec4d379848dd05c5,gx-no-cache=1553025372323 HTTP/1.1" 200 30
190.171.152.114 - - [19/Mar/2019:16:59:51 -0300] "POST /cormun/servlet/solicitudotadjuntos?32a734948ab84717b29401b1d6530efa,INS,2019,14810,,1, HTTP/1.1" 200 116
190.171.152.114 - - [19/Mar/2019:16:59:51 -0300] "GET /cormun/servlet/hpexe_return? HTTP/1.1" 200 1026
190.171.152.114 - - [19/Mar/2019:16:59:52 -0300] "GET /cormun/servlet/trsolicitudadjuntos?2019,14810, HTTP/1.1" 200 8996
152.231.70.149 - - [19/Mar/2019:16:59:52 -0300] "POST /cormun/servlet/trautorizarsolicitud?8e2837cd9c185dca211cdce718b2611e,,gx-no-cache=1553025370474 HTTP/1.1" 200 4485
190.171.152.114 - - [19/Mar/2019:16:59:55 -0300] "GET /cormun/servlet/solicitudotadjuntos?INS,2019,14810,,1, HTTP/1.1" 200 6317
190.171.152.114 - - [19/Mar/2019:16:59:56 -0300] "HEAD /cormun/static/about:blank HTTP/1.1" 404 -
190.171.152.114 - - [19/Mar/2019:16:59:57 -0300] "GET /cormun/servlet/solicitudotadjuntos?6259a371b595ce817b28f21870159b6f48bca75ccde3b69242f8b344d021d29d9658833f8350dfe5c203d9e3bb57d5b9,gx-no-cache=1553025378718 HTTP/1.1" 200 30
190.171.152.114 - - [19/Mar/2019:16:59:57 -0300] "POST /cormun/servlet/solicitudotadjuntos?32a734948ab84717b29401b1d6530efa,INS,2019,14810,,1,,gx-no-cache=1553025378842 HTTP/1.1" 200 4066
152.231.70.149 - - [19/Mar/2019:16:59:58 -0300] "POST /cormun/servlet/trautorizarsolicitud?8e2837cd9c185dca211cdce718b2611e,,gx-no-cache=1553025376146 HTTP/1.1" 200 4485
190.171.152.114 - - [19/Mar/2019:17:00:00 -0300] "POST /cormun/servlet/solicitudotadjuntos?gx-no-cache=1553025382052 HTTP/1.1" 200 26
152.231.70.149 - - [19/Mar/2019:17:00:06 -0300] "POST /cormun/servlet/trautorizarsolicitud?8e2837cd9c185dca211cdce718b2611e,,gx-no-cache=1553025384354 HTTP/1.1" 200 6335
152.231.70.149 - - [19/Mar/2019:17:00:14 -0300] "POST /cormun/servlet/trautorizarsolicitud?8e2837cd9c185dca211cdce718b2611e,,gx-no-cache=1553025392290 HTTP/1.1" 200 6348
152.231.70.149 - - [19/Mar/2019:17:00:16 -0300] "POST /cormun/servlet/trautorizarsolicitud?8e2837cd9c185dca211cdce718b2611e,,gx-no-cache=1553025394770 HTTP/1.1" 200 6348
190.171.152.114 - - [19/Mar/2019:17:00:17 -0300] "GET /cormun/servlet/solicitudotadjuntos?6259a371b595ce817b28f21870159b6f133d1ee1462ffd9cec4d379848dd05c5,gx-no-cache=1553025398774 HTTP/1.1" 200 30
190.171.152.114 - - [19/Mar/2019:17:00:17 -0300] "GET /cormun/servlet/solicitudotadjuntos?6259a371b595ce817b28f21870159b6f133d1ee1462ffd9cec4d379848dd05c5,gx-no-cache=1553025398861 HTTP/1.1" 200 30
190.171.152.114 - - [19/Mar/2019:17:00:21 -0300] "POST /cormun/servlet/solicitudotadjuntos?32a734948ab84717b29401b1d6530efa,INS,2019,14810,,1, HTTP/1.1" 200 116
190.171.152.114 - - [19/Mar/2019:17:00:21 -0300] "GET /cormun/servlet/hpexe_return? HTTP/1.1" 200 1026
190.171.152.114 - - [19/Mar/2019:17:00:22 -0300] "GET /cormun/servlet/trsolicitudadjuntos?2019,14810, HTTP/1.1" 200 9221
152.231.70.149 - - [19/Mar/2019:17:00:24 -0300] "GET /cormun/servlet/trsolicitudot? HTTP/1.1" 200 8891
152.231.70.149 - - [19/Mar/2019:17:00:24 -0300] "GET /cormun/servlet/trsolicitudot? HTTP/1.1" 200 8890
190.171.152.114 - - [19/Mar/2019:17:00:27 -0300] "GET /cormun/servlet/solicitudotadjuntos?INS,2019,14810,,1, HTTP/1.1" 200 6317
190.171.152.114 - - [19/Mar/2019:17:00:27 -0300] "HEAD /cormun/static/about:blank HTTP/1.1" 404 -
190.171.152.114 - - [19/Mar/2019:17:00:28 -0300] "GET /cormun/servlet/solicitudotadjuntos?6259a371b595ce817b28f21870159b6f48bca75ccde3b69242f8b344d021d29d9658833f8350dfe5c203d9e3bb57d5b9,gx-no-cache=1553025410575 HTTP/1.1" 200 30
190.171.152.114 - - [19/Mar/2019:17:00:29 -0300] "POST /cormun/servlet/solicitudotadjuntos?32a734948ab84717b29401b1d6530efa,INS,2019,14810,,1,,gx-no-cache=1553025410661 HTTP/1.1" 200 4066
190.151.124.170 - - [19/Mar/2019:17:00:31 -0300] "POST /cormun/servlet/trsolicitudot?8e2837cd9c185dca211cdce718b2611e,,gx-no-cache=1553025409689 HTTP/1.1" 200 4762
190.151.124.170 - - [19/Mar/2019:17:00:31 -0300] "GET /cormun/static/Shared/jqueryui/images/ui-bg_highlight-soft_100_c6c2c8_1x100.png HTTP/1.1" 404 1117
164.77.113.188 - - [19/Mar/2019:17:00:31 -0300] "GET /cormun/static/Shared/jqueryui/images/ui-icons_82798d_256x240.png HTTP/1.1" 404 1089
190.151.124.170 - - [19/Mar/2019:17:00:31 -0300] "GET /cormun/static/Shared/jqueryui/images/ui-bg_flat_55_fafafa_40x100.png HTTP/1.1" 404 1097
186.103.196.84 - - [19/Mar/2019:17:00:31 -0300] "GET /cormun/static/Shared/jqueryui/images/ui-icons_8d78a5_256x240.png HTTP/1.1" 404 1089
190.171.152.114 - - [19/Mar/2019:17:00:32 -0300] "POST /cormun/servlet/solicitudotadjuntos?gx-no-cache=1553025413748 HTTP/1.1" 200 26
164.77.113.188 - - [19/Mar/2019:17:00:32 -0300] "POST /cormun/servlet/trsolicitudot?8e2837cd9c185dca211cdce718b2611e,,gx-no-cache=1553025410122 HTTP/1.1" 200 4534
164.77.113.188 - - [19/Mar/2019:17:00:38 -0300] "POST /cormun/servlet/trsolicitudot?8e2837cd9c185dca211cdce718b2611e,,gx-no-cache=1553025416798 HTTP/1.1" 200 5905
190.171.152.114 - - [19/Mar/2019:17:00:39 -0300] "GET /cormun/servlet/solicitudotadjuntos?6259a371b595ce817b28f21870159b6f133d1ee1462ffd9cec4d379848dd05c5,gx-no-cache=1553025420951 HTTP/1.1" 200 30
190.171.152.114 - - [19/Mar/2019:17:00:39 -0300] "GET /cormun/servlet/solicitudotadjuntos?6259a371b595ce817b28f21870159b6f133d1ee1462ffd9cec4d379848dd05c5,gx-no-cache=1553025421008 HTTP/1.1" 200 30
190.171.152.114 - - [19/Mar/2019:17:00:40 -0300] "POST /cormun/servlet/solicitudotadjuntos?32a734948ab84717b29401b1d6530efa,INS,2019,14810,,1, HTTP/1.1" 200 116
190.171.152.114 - - [19/Mar/2019:17:00:40 -0300] "GET /cormun/servlet/hpexe_return? HTTP/1.1" 200 1026
190.171.152.114 - - [19/Mar/2019:17:00:41 -0300] "GET /cormun/servlet/trsolicitudadjuntos?2019,14810, HTTP/1.1" 200 9403
164.77.113.188 - - [19/Mar/2019:17:00:42 -0300] "POST /cormun/servlet/trsolicitudot?8e2837cd9c185dca211cdce718b2611e,,gx-no-cache=1553025420655 HTTP/1.1" 200 5883
164.77.113.188 - - [19/Mar/2019:17:00:44 -0300] "POST /cormun/servlet/trsolicitudot?8e2837cd9c185dca211cdce718b2611e,,gx-no-cache=1553025422636 HTTP/1.1" 200 5882
190.171.152.114 - - [19/Mar/2019:17:00:45 -0300] "GET /cormun/servlet/solicitudotadjuntos?INS,2019,14810,,1, HTTP/1.1" 200 6317
190.171.152.114 - - [19/Mar/2019:17:00:45 -0300] "HEAD /cormun/static/about:blank HTTP/1.1" 404 -
190.171.152.114 - - [19/Mar/2019:17:00:46 -0300] "GET /cormun/servlet/solicitudotadjuntos?6259a371b595ce817b28f21870159b6f48bca75ccde3b69242f8b344d021d29d9658833f8350dfe5c203d9e3bb57d5b9,gx-no-cache=1553025428362 HTTP/1.1" 200 30
190.171.152.114 - - [19/Mar/2019:17:00:46 -0300] "POST /cormun/servlet/solicitudotadjuntos?32a734948ab84717b29401b1d6530efa,INS,2019,14810,,1,,gx-no-cache=1553025428487 HTTP/1.1" 200 4067
190.171.152.114 - - [19/Mar/2019:17:00:50 -0300] "POST /cormun/servlet/solicitudotadjuntos?gx-no-cache=1553025432588 HTTP/1.1" 200 26
190.171.152.114 - - [19/Mar/2019:17:00:56 -0300] "GET /cormun/servlet/solicitudotadjuntos?6259a371b595ce817b28f21870159b6f133d1ee1462ffd9cec4d379848dd05c5,gx-no-cache=1553025438359 HTTP/1.1" 200 30
190.171.152.114 - - [19/Mar/2019:17:00:56 -0300] "GET /cormun/servlet/solicitudotadjuntos?6259a371b595ce817b28f21870159b6f133d1ee1462ffd9cec4d379848dd05c5,gx-no-cache=1553025438388 HTTP/1.1" 200 30
190.171.152.114 - - [19/Mar/2019:17:00:57 -0300] "POST /cormun/servlet/solicitudotadjuntos?32a734948ab84717b29401b1d6530efa,INS,2019,14810,,1, HTTP/1.1" 200 116
190.171.152.114 - - [19/Mar/2019:17:00:57 -0300] "GET /cormun/servlet/hpexe_return? HTTP/1.1" 200 1026
190.171.152.114 - - [19/Mar/2019:17:00:58 -0300] "GET /cormun/servlet/trsolicitudadjuntos?2019,14810, HTTP/1.1" 200 9634
164.77.113.188 - - [19/Mar/2019:17:01:02 -0300] "POST /cormun/servlet/trsolicitudot?8e2837cd9c185dca211cdce718b2611e,,gx-no-cache=1553025440430 HTTP/1.1" 200 5882
190.171.152.114 - - [19/Mar/2019:17:01:03 -0300] "GET /cormun/servlet/solicitudotadjuntos?INS,2019,14810,,1, HTTP/1.1" 200 6317
190.171.152.114 - - [19/Mar/2019:17:01:03 -0300] "HEAD /cormun/static/about:blank HTTP/1.1" 404 -
190.171.152.114 - - [19/Mar/2019:17:01:04 -0300] "GET /cormun/servlet/solicitudotadjuntos?6259a371b595ce817b28f21870159b6f48bca75ccde3b69242f8b344d021d29d9658833f8350dfe5c203d9e3bb57d5b9,gx-no-cache=1553025446078 HTTP/1.1" 200 30
190.171.152.114 - - [19/Mar/2019:17:01:04 -0300] "POST /cormun/servlet/solicitudotadjuntos?32a734948ab84717b29401b1d6530efa,INS,2019,14810,,1,,gx-no-cache=1553025446122 HTTP/1.1" 200 4067
164.77.113.188 - - [19/Mar/2019:17:01:05 -0300] "POST /cormun/servlet/trsolicitudot?8e2837cd9c185dca211cdce718b2611e,,gx-no-cache=1553025443502 HTTP/1.1" 200 5882
190.171.152.114 - - [19/Mar/2019:17:01:07 -0300] "POST /cormun/servlet/solicitudotadjuntos?gx-no-cache=1553025449275 HTTP/1.1" 200 26
164.77.113.188 - - [19/Mar/2019:17:01:09 -0300] "GET /cormun/servlet/trautorizarsolicitud? HTTP/1.1" 200 9272
164.77.113.188 - - [19/Mar/2019:17:01:09 -0300] "GET /cormun/servlet/trautorizarsolicitud? HTTP/1.1" 200 9271
190.171.152.114 - - [19/Mar/2019:17:01:13 -0300] "GET /cormun/servlet/solicitudotadjuntos?6259a371b595ce817b28f21870159b6f133d1ee1462ffd9cec4d379848dd05c5,gx-no-cache=1553025455134 HTTP/1.1" 200 30
190.171.152.114 - - [19/Mar/2019:17:01:13 -0300] "GET /cormun/servlet/solicitudotadjuntos?6259a371b595ce817b28f21870159b6f133d1ee1462ffd9cec4d379848dd05c5,gx-no-cache=1553025455154 HTTP/1.1" 200 30
190.171.152.114 - - [19/Mar/2019:17:01:14 -0300] "POST /cormun/servlet/solicitudotadjuntos?32a734948ab84717b29401b1d6530efa,INS,2019,14810,,1, HTTP/1.1" 200 116
190.171.152.114 - - [19/Mar/2019:17:01:14 -0300] "GET /cormun/servlet/hpexe_return? HTTP/1.1" 200 1026
190.171.152.114 - - [19/Mar/2019:17:01:15 -0300] "GET /cormun/servlet/trsolicitudadjuntos?2019,14810, HTTP/1.1" 200 9880
190.171.153.218 - - [19/Mar/2019:17:01:15 -0300] "POST /cormun/servlet/trautorizarsolicitud?8e2837cd9c185dca211cdce718b2611e,,gx-no-cache=1553025453561 HTTP/1.1" 200 6362
190.171.153.218 - - [19/Mar/2019:17:01:15 -0300] "GET /cormun/static/Shared/jqueryui/images/ui-bg_highlight-soft_100_c6c2c8_1x100.png HTTP/1.1" 404 1117
190.171.153.218 - - [19/Mar/2019:17:01:15 -0300] "GET /cormun/static/Shared/jqueryui/images/ui-icons_82798d_256x240.png HTTP/1.1" 404 1089
186.103.196.84 - - [19/Mar/2019:17:01:15 -0300] "GET /cormun/static/Shared/jqueryui/images/ui-bg_flat_55_fafafa_40x100.png HTTP/1.1" 404 1097
164.77.113.188 - - [19/Mar/2019:17:01:15 -0300] "GET /cormun/static/Shared/jqueryui/images/ui-icons_8d78a5_256x240.png HTTP/1.1" 404 1089
190.171.153.218 - - [19/Mar/2019:17:01:15 -0300] "POST /cormun/servlet/trautorizarsolicitud?8e2837cd9c185dca211cdce718b2611e,,gx-no-cache=1553025454055 HTTP/1.1" 200 6309
190.171.152.114 - - [19/Mar/2019:17:01:20 -0300] "GET /cormun/servlet/solicitudotadjuntos?INS,2019,14810,,1, HTTP/1.1" 200 6317
190.171.152.114 - - [19/Mar/2019:17:01:20 -0300] "HEAD /cormun/static/about:blank HTTP/1.1" 404 -
190.171.152.114 - - [19/Mar/2019:17:01:21 -0300] "GET /cormun/servlet/solicitudotadjuntos?6259a371b595ce817b28f21870159b6f48bca75ccde3b69242f8b344d021d29d9658833f8350dfe5c203d9e3bb57d5b9,gx-no-cache=1553025463405 HTTP/1.1" 200 30
190.171.152.114 - - [19/Mar/2019:17:01:21 -0300] "POST /cormun/servlet/solicitudotadjuntos?32a734948ab84717b29401b1d6530efa,INS,2019,14810,,1,,gx-no-cache=1553025463451 HTTP/1.1" 200 4067
190.171.153.218 - - [19/Mar/2019:17:01:22 -0300] "POST /cormun/servlet/trautorizarsolicitud?8e2837cd9c185dca211cdce718b2611e,,gx-no-cache=1553025460630 HTTP/1.1" 200 6344
190.171.152.114 - - [19/Mar/2019:17:01:24 -0300] "POST /cormun/servlet/solicitudotadjuntos?gx-no-cache=1553025466627 HTTP/1.1" 200 26
190.171.152.114 - - [19/Mar/2019:17:01:29 -0300] "GET /cormun/servlet/solicitudotadjuntos?6259a371b595ce817b28f21870159b6f133d1ee1462ffd9cec4d379848dd05c5,gx-no-cache=1553025471309 HTTP/1.1" 200 30
190.171.152.114 - - [19/Mar/2019:17:01:29 -0300] "GET /cormun/servlet/solicitudotadjuntos?6259a371b595ce817b28f21870159b6f133d1ee1462ffd9cec4d379848dd05c5,gx-no-cache=1553025471329 HTTP/1.1" 200 30
190.171.152.114 - - [19/Mar/2019:17:01:30 -0300] "POST /cormun/servlet/solicitudotadjuntos?32a734948ab84717b29401b1d6530efa,INS,2019,14810,,1, HTTP/1.1" 200 116
190.171.152.114 - - [19/Mar/2019:17:01:30 -0300] "GET /cormun/servlet/hpexe_return? HTTP/1.1" 200 1026
190.171.152.114 - - [19/Mar/2019:17:01:31 -0300] "GET /cormun/servlet/trsolicitudadjuntos?2019,14810, HTTP/1.1" 200 10108
190.171.152.114 - - [19/Mar/2019:17:01:36 -0300] "GET /cormun/servlet/solicitudotadjuntos?INS,2019,14810,,2, HTTP/1.1" 200 6317
190.171.152.114 - - [19/Mar/2019:17:01:37 -0300] "HEAD /cormun/static/about:blank HTTP/1.1" 404 -
190.171.153.218 - - [19/Mar/2019:17:01:37 -0300] "POST /cormun/servlet/trautorizarsolicitud?8e2837cd9c185dca211cdce718b2611e,,gx-no-cache=1553025475943 HTTP/1.1" 200 4480
190.171.152.114 - - [19/Mar/2019:17:01:38 -0300] "GET /cormun/servlet/solicitudotadjuntos?6259a371b595ce817b28f21870159b6f48bca75ccde3b69242f8b344d021d29d9658833f8350dfe5c203d9e3bb57d5b9,gx-no-cache=1553025480153 HTTP/1.1" 200 30
190.171.152.114 - - [19/Mar/2019:17:01:38 -0300] "POST /cormun/servlet/solicitudotadjuntos?32a734948ab84717b29401b1d6530efa,INS,2019,14810,,2,,gx-no-cache=1553025480189 HTTP/1.1" 200 4279
190.171.152.114 - - [19/Mar/2019:17:01:41 -0300] "POST /cormun/servlet/solicitudotadjuntos?gx-no-cache=1553025482835 HTTP/1.1" 200 26
190.171.153.218 - - [19/Mar/2019:17:01:41 -0300] "POST /cormun/servlet/trautorizarsolicitud?8e2837cd9c185dca211cdce718b2611e,,gx-no-cache=1553025479782 HTTP/1.1" 200 4482
190.171.153.218 - - [19/Mar/2019:17:01:46 -0300] "POST /cormun/servlet/trautorizarsolicitud?8e2837cd9c185dca211cdce718b2611e,,gx-no-cache=1553025484574 HTTP/1.1" 200 4485
190.171.152.114 - - [19/Mar/2019:17:01:46 -0300] "GET /cormun/servlet/solicitudotadjuntos?6259a371b595ce817b28f21870159b6f133d1ee1462ffd9cec4d379848dd05c5,gx-no-cache=1553025488173 HTTP/1.1" 200 30
190.171.152.114 - - [19/Mar/2019:17:01:46 -0300] "GET /cormun/servlet/solicitudotadjuntos?6259a371b595ce817b28f21870159b6f133d1ee1462ffd9cec4d379848dd05c5,gx-no-cache=1553025488233 HTTP/1.1" 200 30
190.171.152.114 - - [19/Mar/2019:17:01:46 -0300] "POST /cormun/servlet/solicitudotadjuntos?32a734948ab84717b29401b1d6530efa,INS,2019,14810,,2, HTTP/1.1" 200 116
190.171.152.114 - - [19/Mar/2019:17:01:47 -0300] "GET /cormun/servlet/hpexe_return? HTTP/1.1" 200 1027
190.171.152.114 - - [19/Mar/2019:17:01:48 -0300] "GET /cormun/servlet/trsolicitudadjuntos?2019,14810, HTTP/1.1" 200 10246
190.171.153.218 - - [19/Mar/2019:17:01:50 -0300] "POST /cormun/servlet/trautorizarsolicitud?8e2837cd9c185dca211cdce718b2611e,,gx-no-cache=1553025488175 HTTP/1.1" 200 6331
190.171.152.114 - - [19/Mar/2019:17:01:51 -0300] "GET /cormun/servlet/trsolicitudot? HTTP/1.1" 200 9767
190.171.153.218 - - [19/Mar/2019:17:01:53 -0300] "POST /cormun/servlet/trautorizarsolicitud?8e2837cd9c185dca211cdce718b2611e,,gx-no-cache=1553025491838 HTTP/1.1" 200 6342
190.171.153.218 - - [19/Mar/2019:17:02:00 -0300] "POST /cormun/servlet/trautorizarsolicitud?8e2837cd9c185dca211cdce718b2611e,,gx-no-cache=1553025499118 HTTP/1.1" 200 6342
190.171.153.218 - - [19/Mar/2019:17:02:06 -0300] "GET /cormun/servlet/trvisualizadoreventos? HTTP/1.1" 200 7093
190.171.153.218 - - [19/Mar/2019:17:02:06 -0300] "GET /cormun/static/gxcfg.js?20175251251426 HTTP/1.1" 200 953
190.171.153.218 - - [19/Mar/2019:17:02:06 -0300] "GET /cormun/static/Resources/PXToolsActionPrint.png HTTP/1.1" 200 3317
190.171.153.218 - - [19/Mar/2019:17:02:06 -0300] "GET /cormun/static/trvisualizadoreventos.js?20175251251768 HTTP/1.1" 200 19318
190.171.153.218 - - [19/Mar/2019:17:02:06 -0300] "GET /cormun/servlet/trvisualizadoreventos? HTTP/1.1" 200 7092
190.171.153.218 - - [19/Mar/2019:17:02:09 -0300] "GET /cormun/servlet/trautorizarsolicitud? HTTP/1.1" 200 9271
190.171.153.218 - - [19/Mar/2019:17:02:09 -0300] "GET /cormun/servlet/trautorizarsolicitud? HTTP/1.1" 200 9270
190.171.152.114 - - [19/Mar/2019:17:02:13 -0300] "POST /cormun/servlet/trsolicitudot?32a734948ab84717b29401b1d6530efa,,gx-no-cache=1553025514919 HTTP/1.1" 200 6427
190.171.152.114 - - [19/Mar/2019:17:02:13 -0300] "POST /cormun/servlet/trsolicitudot?32a734948ab84717b29401b1d6530efa,,gx-no-cache=1553025515484 HTTP/1.1" 200 6370
190.171.152.114 - - [19/Mar/2019:17:02:14 -0300] "GET /cormun/static/Shared/jqueryui/images/ui-bg_highlight-soft_100_c6c2c8_1x100.png HTTP/1.1" 404 1117
190.171.152.114 - - [19/Mar/2019:17:02:14 -0300] "GET /cormun/static/Shared/jqueryui/images/ui-icons_82798d_256x240.png HTTP/1.1" 404 1089
190.171.152.114 - - [19/Mar/2019:17:02:14 -0300] "GET /cormun/static/Shared/jqueryui/images/ui-icons_8d78a5_256x240.png HTTP/1.1" 404 1089
190.171.152.114 - - [19/Mar/2019:17:02:14 -0300] "GET /cormun/static/Shared/jqueryui/images/ui-bg_flat_55_fafafa_40x100.png HTTP/1.1" 404 1097
190.171.153.218 - - [19/Mar/2019:17:02:14 -0300] "POST /cormun/servlet/trautorizarsolicitud?8e2837cd9c185dca211cdce718b2611e,,gx-no-cache=1553025512785 HTTP/1.1" 200 6348
190.171.153.218 - - [19/Mar/2019:17:02:14 -0300] "GET /cormun/static/Shared/jqueryui/images/ui-bg_highlight-soft_100_c6c2c8_1x100.png HTTP/1.1" 404 1117
164.77.113.188 - - [19/Mar/2019:17:02:14 -0300] "GET /cormun/static/Shared/jqueryui/images/ui-icons_82798d_256x240.png HTTP/1.1" 404 1089
164.77.113.188 - - [19/Mar/2019:17:02:14 -0300] "GET /cormun/static/Shared/jqueryui/images/ui-icons_8d78a5_256x240.png HTTP/1.1" 404 1089
164.77.113.188 - - [19/Mar/2019:17:02:14 -0300] "GET /cormun/static/Shared/jqueryui/images/ui-bg_flat_55_fafafa_40x100.png HTTP/1.1" 404 1097
190.171.152.114 - - [19/Mar/2019:17:02:15 -0300] "POST /cormun/servlet/trsolicitudot?32a734948ab84717b29401b1d6530efa,,gx-no-cache=1553025517217 HTTP/1.1" 200 5974
190.171.152.114 - - [19/Mar/2019:17:02:16 -0300] "POST /cormun/servlet/trsolicitudot?32a734948ab84717b29401b1d6530efa,,gx-no-cache=1553025517737 HTTP/1.1" 200 5916
190.171.152.114 - - [19/Mar/2019:17:02:17 -0300] "POST /cormun/servlet/trsolicitudot?32a734948ab84717b29401b1d6530efa,,gx-no-cache=1553025519295 HTTP/1.1" 200 4779
190.171.152.114 - - [19/Mar/2019:17:02:18 -0300] "POST /cormun/servlet/trsolicitudot?32a734948ab84717b29401b1d6530efa,,gx-no-cache=1553025519869 HTTP/1.1" 200 4543
164.77.113.188 - - [19/Mar/2019:17:02:18 -0300] "GET /cormun/servlet/trautorizarsolicitud? HTTP/1.1" 200 9270
164.77.113.188 - - [19/Mar/2019:17:02:19 -0300] "GET /cormun/servlet/trautorizarsolicitud? HTTP/1.1" 200 9270
164.77.113.188 - - [19/Mar/2019:17:02:21 -0300] "POST /cormun/servlet/trautorizarsolicitud?8e2837cd9c185dca211cdce718b2611e,,gx-no-cache=1553025519655 HTTP/1.1" 200 6342
164.77.113.188 - - [19/Mar/2019:17:02:21 -0300] "GET /cormun/static/Shared/jqueryui/images/ui-bg_flat_55_fafafa_40x100.png HTTP/1.1" 404 1097
164.77.113.188 - - [19/Mar/2019:17:02:21 -0300] "GET /cormun/static/Shared/jqueryui/images/ui-bg_highlight-soft_100_c6c2c8_1x100.png HTTP/1.1" 404 1117
190.171.153.218 - - [19/Mar/2019:17:02:21 -0300] "GET /cormun/static/Shared/jqueryui/images/ui-icons_82798d_256x240.png HTTP/1.1" 404 1089
164.77.113.188 - - [19/Mar/2019:17:02:21 -0300] "GET /cormun/static/Shared/jqueryui/images/ui-icons_8d78a5_256x240.png HTTP/1.1" 404 1089
190.171.152.114 - - [19/Mar/2019:17:02:21 -0300] "GET /cormun/servlet/trautorizarsolicitud? HTTP/1.1" 200 10946
164.77.113.188 - - [19/Mar/2019:17:02:31 -0300] "GET /cormun/servlet/trautorizarsolicitud? HTTP/1.1" 200 9270
164.77.113.188 - - [19/Mar/2019:17:02:31 -0300] "GET /cormun/servlet/trautorizarsolicitud? HTTP/1.1" 200 9270
190.171.153.218 - - [19/Mar/2019:17:02:34 -0300] "POST /cormun/servlet/trautorizarsolicitud?8e2837cd9c185dca211cdce718b2611e,,gx-no-cache=1553025533017 HTTP/1.1" 200 6340
164.77.113.188 - - [19/Mar/2019:17:02:34 -0300] "GET /cormun/static/Shared/jqueryui/images/ui-icons_82798d_256x240.png HTTP/1.1" 404 1089
190.171.153.218 - - [19/Mar/2019:17:02:34 -0300] "GET /cormun/static/Shared/jqueryui/images/ui-bg_highlight-soft_100_c6c2c8_1x100.png HTTP/1.1" 404 1117
152.231.70.149 - - [19/Mar/2019:17:02:34 -0300] "GET /cormun/static/Shared/jqueryui/images/ui-bg_flat_55_fafafa_40x100.png HTTP/1.1" 404 1097
164.77.113.188 - - [19/Mar/2019:17:02:34 -0300] "GET /cormun/static/Shared/jqueryui/images/ui-icons_8d78a5_256x240.png HTTP/1.1" 404 1089
190.171.152.114 - - [19/Mar/2019:17:02:37 -0300] "POST /cormun/servlet/trautorizarsolicitud?32a734948ab84717b29401b1d6530efa,,gx-no-cache=1553025538871 HTTP/1.1" 200 7624
190.171.152.114 - - [19/Mar/2019:17:02:37 -0300] "POST /cormun/servlet/trautorizarsolicitud?32a734948ab84717b29401b1d6530efa,,gx-no-cache=1553025539554 HTTP/1.1" 200 7557
190.171.152.114 - - [19/Mar/2019:17:02:38 -0300] "GET /cormun/static/Shared/jqueryui/images/ui-icons_82798d_256x240.png HTTP/1.1" 404 1089
190.171.152.114 - - [19/Mar/2019:17:02:38 -0300] "GET /cormun/static/Shared/jqueryui/images/ui-bg_highlight-soft_100_c6c2c8_1x100.png HTTP/1.1" 404 1117
190.171.152.114 - - [19/Mar/2019:17:02:38 -0300] "GET /cormun/static/Shared/jqueryui/images/ui-icons_8d78a5_256x240.png HTTP/1.1" 404 1089
190.171.152.114 - - [19/Mar/2019:17:02:38 -0300] "GET /cormun/static/Shared/jqueryui/images/ui-bg_flat_55_fafafa_40x100.png HTTP/1.1" 404 1097
152.231.70.149 - - [19/Mar/2019:17:02:38 -0300] "GET /cormun/servlet/trautorizarsolicitud? HTTP/1.1" 200 9270
152.231.70.149 - - [19/Mar/2019:17:02:38 -0300] "GET /cormun/servlet/trautorizarsolicitud? HTTP/1.1" 200 9270
190.171.152.114 - - [19/Mar/2019:17:02:39 -0300] "POST /cormun/servlet/trautorizarsolicitud?32a734948ab84717b29401b1d6530efa,,gx-no-cache=1553025540829 HTTP/1.1" 200 7210
190.171.152.114 - - [19/Mar/2019:17:02:39 -0300] "POST /cormun/servlet/trautorizarsolicitud?32a734948ab84717b29401b1d6530efa,,gx-no-cache=1553025541430 HTTP/1.1" 200 7154
164.77.113.188 - - [19/Mar/2019:17:02:40 -0300] "POST /cormun/servlet/trautorizarsolicitud?8e2837cd9c185dca211cdce718b2611e,,gx-no-cache=1553025538751 HTTP/1.1" 200 6339
190.171.153.218 - - [19/Mar/2019:17:02:40 -0300] "GET /cormun/static/Shared/jqueryui/images/ui-icons_82798d_256x240.png HTTP/1.1" 404 1089
190.151.124.170 - - [19/Mar/2019:17:02:40 -0300] "GET /cormun/static/Shared/jqueryui/images/ui-bg_flat_55_fafafa_40x100.png HTTP/1.1" 404 1097
164.77.113.188 - - [19/Mar/2019:17:02:40 -0300] "GET /cormun/static/Shared/jqueryui/images/ui-bg_highlight-soft_100_c6c2c8_1x100.png HTTP/1.1" 404 1117
190.171.153.218 - - [19/Mar/2019:17:02:40 -0300] "GET /cormun/static/Shared/jqueryui/images/ui-icons_8d78a5_256x240.png HTTP/1.1" 404 1089
190.171.152.114 - - [19/Mar/2019:17:02:41 -0300] "POST /cormun/servlet/trautorizarsolicitud?32a734948ab84717b29401b1d6530efa,,gx-no-cache=1553025542907 HTTP/1.1" 200 6666
190.171.152.114 - - [19/Mar/2019:17:02:42 -0300] "POST /cormun/servlet/trautorizarsolicitud?32a734948ab84717b29401b1d6530efa,,gx-no-cache=1553025543689 HTTP/1.1" 200 6611
190.171.152.114 - - [19/Mar/2019:17:02:43 -0300] "POST /cormun/servlet/trautorizarsolicitud?32a734948ab84717b29401b1d6530efa,,gx-no-cache=1553025545378 HTTP/1.1" 200 6294
190.171.152.114 - - [19/Mar/2019:17:02:44 -0300] "POST /cormun/servlet/trautorizarsolicitud?32a734948ab84717b29401b1d6530efa,,gx-no-cache=1553025546198 HTTP/1.1" 200 6239
190.171.153.218 - - [19/Mar/2019:17:02:45 -0300] "GET /cormun/servlet/trautorizarsolicitud? HTTP/1.1" 200 9270
190.171.153.218 - - [19/Mar/2019:17:02:45 -0300] "GET /cormun/servlet/trautorizarsolicitud? HTTP/1.1" 200 9270
190.171.152.114 - - [19/Mar/2019:17:02:46 -0300] "POST /cormun/servlet/trautorizarsolicitud?32a734948ab84717b29401b1d6530efa,,gx-no-cache=1553025548054 HTTP/1.1" 200 5888
190.171.152.114 - - [19/Mar/2019:17:02:47 -0300] "POST /cormun/servlet/trautorizarsolicitud?32a734948ab84717b29401b1d6530efa,,gx-no-cache=1553025548840 HTTP/1.1" 200 5833
190.171.152.114 - - [19/Mar/2019:17:02:49 -0300] "POST /cormun/servlet/trautorizarsolicitud?32a734948ab84717b29401b1d6530efa,,gx-no-cache=1553025550855 HTTP/1.1" 200 4693
190.171.152.114 - - [19/Mar/2019:17:02:50 -0300] "POST /cormun/servlet/trautorizarsolicitud?32a734948ab84717b29401b1d6530efa,,gx-no-cache=1553025551694 HTTP/1.1" 200 4463
190.171.153.218 - - [19/Mar/2019:17:02:52 -0300] "POST /cormun/servlet/trautorizarsolicitud?8e2837cd9c185dca211cdce718b2611e,,gx-no-cache=1553025550535 HTTP/1.1" 200 6340
190.151.124.170 - - [19/Mar/2019:17:02:52 -0300] "GET /cormun/static/Shared/jqueryui/images/ui-icons_82798d_256x240.png HTTP/1.1" 404 1089
164.77.113.188 - - [19/Mar/2019:17:02:52 -0300] "GET /cormun/static/Shared/jqueryui/images/ui-bg_flat_55_fafafa_40x100.png HTTP/1.1" 404 1097
190.171.153.218 - - [19/Mar/2019:17:02:52 -0300] "GET /cormun/static/Shared/jqueryui/images/ui-bg_highlight-soft_100_c6c2c8_1x100.png HTTP/1.1" 404 1117
164.77.113.188 - - [19/Mar/2019:17:02:52 -0300] "GET /cormun/static/Shared/jqueryui/images/ui-icons_8d78a5_256x240.png HTTP/1.1" 404 1089
164.77.113.188 - - [19/Mar/2019:17:02:54 -0300] "POST /cormun/servlet/trautorizarsolicitud?8e2837cd9c185dca211cdce718b2611e,,gx-no-cache=1553025552800 HTTP/1.1" 200 6341
192.168.10.89 - - [19/Mar/2019:17:03:02 -0300] "GET /cormun/servlet/hlogin HTTP/1.1" 200 1761
164.77.113.188 - - [19/Mar/2019:17:03:06 -0300] "POST /cormun/servlet/trautorizarsolicitud?8e2837cd9c185dca211cdce718b2611e,,gx-no-cache=1553025564270 HTTP/1.1" 200 4482
164.77.113.188 - - [19/Mar/2019:17:03:11 -0300] "GET /cormun/servlet/trsolicitudot? HTTP/1.1" 200 7536
164.77.113.188 - - [19/Mar/2019:17:03:11 -0300] "GET /cormun/servlet/trsolicitudot? HTTP/1.1" 200 7535
190.151.99.26 - - [19/Mar/2019:17:03:13 -0300] "GET /cormun/servlet/solicitudot?INS,0,0, HTTP/1.1" 200 15166
190.151.99.26 - - [19/Mar/2019:17:03:14 -0300] "GET /cormun/servlet/solicitudot?INS,0,0, HTTP/1.1" 200 15171
190.151.99.26 - - [19/Mar/2019:17:03:20 -0300] "GET /cormun/servlet/prfichaempleado?,MD,,gxPopupLevel%3D0%3B HTTP/1.1" 200 9416
190.151.99.26 - - [19/Mar/2019:17:03:31 -0300] "POST /cormun/servlet/prfichaempleado?8e2837cd9c185dca211cdce718b2611e,,MD,,gxPopupLevel%3D0%3B,gx-no-cache=1553025590184 HTTP/1.1" 200 3186
190.151.99.26 - - [19/Mar/2019:17:03:42 -0300] "POST /cormun/servlet/solicitudot?gx-no-cache=1553025601037 HTTP/1.1" 200 3450
190.151.99.26 - - [19/Mar/2019:17:03:43 -0300] "POST /cormun/servlet/solicitudot?8e2837cd9c185dca211cdce718b2611e,INS,0,0,,gx-no-cache=1553025601209 HTTP/1.1" 200 11815
190.151.99.26 - - [19/Mar/2019:17:03:46 -0300] "GET /cormun/servlet/solicitudot?dbd36ae4eaec1a876b6740e2f8ac2b282c15a39ba4cf48a697b2a26d752a6f8bae529562e40ddcc35561ff74473377bf,gx-no-cache=1553025605110 HTTP/1.1" 200 30
200.54.246.54 - - [19/Mar/2019:17:06:53 -0300] "GET /cormun/servlet/hlogin HTTP/1.1" 200 1720
200.54.246.54 - - [19/Mar/2019:17:07:03 -0300] "POST /cormun/servlet/hlogin?30a0207f35ea443cea42ca4bc5b43049,gx-no-cache=1553025800332 HTTP/1.1" 200 90
200.54.246.54 - - [19/Mar/2019:17:07:03 -0300] "GET /cormun/servlet/hpexe_link HTTP/1.1" 200 948
200.54.246.54 - - [19/Mar/2019:17:07:03 -0300] "GET /cormun/servlet/hhome HTTP/1.1" 200 4343
200.54.246.54 - - [19/Mar/2019:17:07:03 -0300] "GET /cormun/servlet/hhome HTTP/1.1" 200 4339
200.54.246.54 - - [19/Mar/2019:17:07:08 -0300] "GET /cormun/servlet/trautorizarsolicitud? HTTP/1.1" 200 7459
200.54.246.54 - - [19/Mar/2019:17:07:09 -0300] "GET /cormun/static/gxcfg.js?2017111423403364 HTTP/1.1" 200 953
200.54.246.54 - - [19/Mar/2019:17:07:09 -0300] "GET /cormun/static/trautorizarsolicitud.js?201711142340425 HTTP/1.1" 200 53910
200.54.246.54 - - [19/Mar/2019:17:07:09 -0300] "GET /cormun/servlet/trautorizarsolicitud? HTTP/1.1" 200 7459
200.54.246.54 - - [19/Mar/2019:17:07:15 -0300] "GET /cormun/servlet/trsolicitudot? HTTP/1.1" 200 8954
200.54.246.54 - - [19/Mar/2019:17:07:15 -0300] "GET /cormun/servlet/trsolicitudot? HTTP/1.1" 200 8954
200.54.246.54 - - [19/Mar/2019:17:07:25 -0300] "POST /cormun/servlet/trsolicitudot?30a0207f35ea443cea42ca4bc5b43049,,gx-no-cache=1553025822438 HTTP/1.1" 200 4767
200.54.246.54 - - [19/Mar/2019:17:07:25 -0300] "GET /cormun/static/Shared/jqueryui/images/ui-bg_highlight-soft_100_c6c2c8_1x100.png HTTP/1.1" 404 1117
200.54.246.54 - - [19/Mar/2019:17:07:25 -0300] "GET /cormun/static/Shared/jqueryui/images/ui-icons_82798d_256x240.png HTTP/1.1" 404 1089
200.54.246.54 - - [19/Mar/2019:17:07:25 -0300] "GET /cormun/static/Shared/jqueryui/images/ui-bg_flat_55_fafafa_40x100.png HTTP/1.1" 404 1097
200.54.246.54 - - [19/Mar/2019:17:07:25 -0300] "GET /cormun/static/Shared/jqueryui/images/ui-icons_8d78a5_256x240.png HTTP/1.1" 404 1089
200.54.246.54 - - [19/Mar/2019:17:07:25 -0300] "POST /cormun/servlet/trsolicitudot?30a0207f35ea443cea42ca4bc5b43049,,gx-no-cache=1553025822724 HTTP/1.1" 200 4531
200.54.246.54 - - [19/Mar/2019:17:07:29 -0300] "GET /cormun/servlet/trautorizarsolicitud? HTTP/1.1" 200 8844
200.54.246.54 - - [19/Mar/2019:17:07:29 -0300] "GET /cormun/servlet/trautorizarsolicitud? HTTP/1.1" 200 8844
200.54.246.54 - - [19/Mar/2019:17:07:56 -0300] "GET /cormun/servlet/trautorizarsolicitud? HTTP/1.1" 200 6308
200.54.246.54 - - [19/Mar/2019:17:07:56 -0300] "GET /cormun/servlet/hlogin HTTP/1.1" 200 1747
200.54.246.54 - - [19/Mar/2019:17:07:56 -0300] "GET /cormun/servlet/trautorizarsolicitud? HTTP/1.1" 200 6318
200.54.246.54 - - [19/Mar/2019:17:08:24 -0300] "POST /cormun/servlet/hlogin?69f144ab2136bb4bfa8f341b75d5cf71,gx-no-cache=1553025884351 HTTP/1.1" 200 90
200.54.246.54 - - [19/Mar/2019:17:08:24 -0300] "GET /cormun/servlet/hpexe_link HTTP/1.1" 200 963
200.54.246.54 - - [19/Mar/2019:17:08:24 -0300] "GET /cormun/servlet/trautorizarsolicitud HTTP/1.1" 200 8722
200.54.246.54 - - [19/Mar/2019:17:08:24 -0300] "GET /cormun/servlet/trautorizarsolicitud HTTP/1.1" 200 8722
200.54.246.54 - - [19/Mar/2019:17:09:07 -0300] "POST /cormun/servlet/trautorizarsolicitud?69f144ab2136bb4bfa8f341b75d5cf71,gx-no-cache=1553025927379 HTTP/1.1" 200 4423
200.54.246.54 - - [19/Mar/2019:17:09:07 -0300] "GET /cormun/static/Shared/jqueryui/images/ui-icons_8d78a5_256x240.png HTTP/1.1" 404 1089
200.54.246.54 - - [19/Mar/2019:17:09:07 -0300] "GET /cormun/static/Shared/jqueryui/images/ui-icons_82798d_256x240.png HTTP/1.1" 404 1089
200.54.246.54 - - [19/Mar/2019:17:09:07 -0300] "GET /cormun/static/Shared/jqueryui/images/ui-bg_flat_55_fafafa_40x100.png HTTP/1.1" 404 1097
200.54.246.54 - - [19/Mar/2019:17:09:07 -0300] "GET /cormun/static/Shared/jqueryui/images/ui-bg_highlight-soft_100_c6c2c8_1x100.png HTTP/1.1" 404 1117
200.54.246.54 - - [19/Mar/2019:17:09:07 -0300] "POST /cormun/servlet/trautorizarsolicitud?69f144ab2136bb4bfa8f341b75d5cf71,gx-no-cache=1553025927576 HTTP/1.1" 200 4191
164.77.113.188 - - [19/Mar/2019:17:11:06 -0300] "GET /cormun/servlet/solicitudot?dbd36ae4eaec1a876b6740e2f8ac2b28fecd808d917d6d754c4b12c15363b5774e4dbab5d87acdb3828d529113928f62,gx-no-cache=1553026044454 HTTP/1.1" 200 30
164.77.113.188 - - [19/Mar/2019:17:11:06 -0300] "GET /cormun/servlet/solicitudot?dbd36ae4eaec1a876b6740e2f8ac2b286729caebbcedb8c7ca8700703c984281,gx-no-cache=1553026044816 HTTP/1.1" 200 29
164.77.113.188 - - [19/Mar/2019:17:11:06 -0300] "POST /cormun/servlet/solicitudot?gx-no-cache=1553026044931 HTTP/1.1" 200 297
164.77.113.188 - - [19/Mar/2019:17:11:12 -0300] "GET /cormun/servlet/prbanco?,MD,,gxPopupLevel%3D0%3B HTTP/1.1" 200 6687
164.77.113.188 - - [19/Mar/2019:17:11:12 -0300] "GET /cormun/static/gxcfg.js?20181161016094 HTTP/1.1" 200 953
164.77.113.188 - - [19/Mar/2019:17:11:12 -0300] "GET /cormun/static/prbanco.js?2018116101633 HTTP/1.1" 200 10693
190.151.99.26 - - [19/Mar/2019:17:11:43 -0300] "GET /cormun/servlet/solicitudot?dbd36ae4eaec1a876b6740e2f8ac2b28a59510a3a3aec2bec15d244b14bec39a,gx-no-cache=1553026081541 HTTP/1.1" 200 51
192.168.10.96 - - [19/Mar/2019:17:12:11 -0300] "GET /cormun/servlet/hlogin HTTP/1.1" 200 1719
192.168.10.96 - - [19/Mar/2019:17:12:21 -0300] "POST /cormun/servlet/hlogin?e2cf0a8849a3329fc175ce6736f3d037,gx-no-cache=1553033145440 HTTP/1.1" 200 90
192.168.10.96 - - [19/Mar/2019:17:12:21 -0300] "GET /cormun/servlet/hpexe_link HTTP/1.1" 200 958
192.168.10.96 - - [19/Mar/2019:17:12:21 -0300] "GET /cormun/servlet/trsolicitudgral? HTTP/1.1" 200 10623
192.168.10.96 - - [19/Mar/2019:17:12:22 -0300] "GET /cormun/servlet/trsolicitudgral? HTTP/1.1" 200 10622
164.77.113.188 - - [19/Mar/2019:17:12:42 -0300] "POST /cormun/servlet/solicitudot?gx-no-cache=1553026141229 HTTP/1.1" 200 255
164.77.113.188 - - [19/Mar/2019:17:12:45 -0300] "GET /cormun/servlet/solicitudot?dbd36ae4eaec1a876b6740e2f8ac2b284003ca83b273315e9a8bb0c59b5de8a45648208e2d871a4cd57cdc887df664974b06f678b7621dc70fcbe28c043cbe0338a21a97bf0fdd8a3af41710d6338b0e407bfbf9c01ee261e1d0d7f20519cf02e8d7d3625f4f7cd65c6ef7dcb39402e7717c8524023629d111acfa4e7823e929bce8e53891687fdf3c13e7a524f5fbc4f985548bc51d98dcff57de64b08c22c1bbcea1c6eccde6db49a50a40ae3adcf88f4ecd08e8617ef13e06b121512fa92b7c9a1c454eda143cac63c43bcd9325cdfd1d805f3f9801073033c1173ee86b01abf7b64d71f6799a3d9718d9f3a033db567c69cfd8a6656ee48dfc5e0093bad43f9d7001075f2e8227263f2c0991b2a6db65d27095d358f80b1f9501a0a14a874ff76c242c3b6d03538b2a0b36347b26d5aace39f0c16ab47c36ca88becf77c208ec8ac76985895b825568e3b0b6e30817cf6d685ea1700183d5cc2aa476e8d05913e8058709d18e0dfa9682552b1915d0c0bed14258efb6a23a0463da0ffa7e,gx-no-cache=1553026143358 HTTP/1.1" 200 30
164.77.113.188 - - [19/Mar/2019:17:12:48 -0300] "POST /cormun/servlet/solicitudot?gx-no-cache=1553026146605 HTTP/1.1" 200 30
164.77.113.188 - - [19/Mar/2019:17:12:50 -0300] "POST /cormun/servlet/solicitudot?gx-no-cache=1553026148584 HTTP/1.1" 200 1285
164.77.113.188 - - [19/Mar/2019:17:12:50 -0300] "POST /cormun/servlet/solicitudot?gx-no-cache=1553026148715 HTTP/1.1" 200 38
192.168.10.96 - - [19/Mar/2019:17:12:54 -0300] "GET /cormun/servlet/vesolicitudgral?2019,14397,, HTTP/1.1" 200 9342
192.168.10.96 - - [19/Mar/2019:17:12:54 -0300] "GET /cormun/pexe_scrolldiv.js HTTP/1.1" 404 1009
192.168.10.96 - - [19/Mar/2019:17:12:54 -0300] "GET /cormun/pexe_scrolldiv.js HTTP/1.1" 404 1009
192.168.10.96 - - [19/Mar/2019:17:12:55 -0300] "GET /cormun/servlet/vesolicitudgral?2019,14397,, HTTP/1.1" 200 9341
192.168.10.96 - - [19/Mar/2019:17:12:57 -0300] "GET /cormun/servlet/vesolicitudgral?2019,14397,,SolicitudOTAdjuntos HTTP/1.1" 200 11527
192.168.10.96 - - [19/Mar/2019:17:12:57 -0300] "GET /cormun/pexe_scrolldiv.js HTTP/1.1" 404 1009
192.168.10.96 - - [19/Mar/2019:17:12:58 -0300] "GET /cormun/servlet/vesolicitudgral?2019,14397,,SolicitudOTAdjuntos HTTP/1.1" 200 11530
192.168.10.96 - - [19/Mar/2019:17:12:58 -0300] "POST /cormun/servlet/acontrolpreferencessavestate?None,DZAMUDIO,true HTTP/1.1" 200 35
192.168.10.96 - - [19/Mar/2019:17:12:59 -0300] "GET /cormun/PublicTempStorage/carnet_pia_caceres5852195.pdf HTTP/1.1" 200 435117
192.168.10.96 - - [19/Mar/2019:17:13:12 -0300] "GET /cormun/PublicTempStorage/afp_pia_caceres8330031.pdf HTTP/1.1" 200 38806
192.168.10.96 - - [19/Mar/2019:17:13:22 -0300] "GET /cormun/PublicTempStorage/fonasa_pia_caceres646724.pdf HTTP/1.1" 200 43859
164.77.113.188 - - [19/Mar/2019:17:13:26 -0300] "GET /cormun/servlet/solicitudot?dbd36ae4eaec1a876b6740e2f8ac2b28410e35ef3284e4699a08365e2ffaee3c13c27ebdefcb469bdc27da27e5eeb4008f00689643abf415d15d4beef8d4d4e363f3018b1ea6f89d94754d1f25e03b347056a1a567728e7bb80f5e7f2e2c507f0e5803515ea1852f2e997f2cf3ee9a6e,gx-no-cache=1553026185085 HTTP/1.1" 200 110
192.168.10.96 - - [19/Mar/2019:17:13:37 -0300] "GET /cormun/PublicTempStorage/antec_pia_caceres3695152.pdf HTTP/1.1" 200 345998
192.168.10.96 - - [19/Mar/2019:17:13:53 -0300] "GET /cormun/PublicTempStorage/cv_pia_caceres7502426.pdf HTTP/1.1" 200 61291
192.168.10.96 - - [19/Mar/2019:17:14:16 -0300] "GET /cormun/PublicTempStorage/titulo_pia_caceres6969143.pdf HTTP/1.1" 200 1845989
192.168.10.96 - - [19/Mar/2019:17:14:19 -0300] "GET /cormun/PublicTempStorage/titulo_pia_caceres6969143.pdf HTTP/1.1" 304 -
190.171.153.218 - - [19/Mar/2019:17:14:33 -0300] "POST /cormun/servlet/solicitudot?gx-no-cache=1553026251629 HTTP/1.1" 200 97
192.168.10.96 - - [19/Mar/2019:17:14:34 -0300] "POST /cormun/servlet/vesolicitudgral?e2cf0a8849a3329fc175ce6736f3d037,2019,14397,,SolicitudOTAdjuntos,gx-no-cache=1553033278336 HTTP/1.1" 200 90
192.168.10.96 - - [19/Mar/2019:17:14:34 -0300] "GET /cormun/servlet/hpexe_link HTTP/1.1" 200 978
192.168.10.96 - - [19/Mar/2019:17:14:34 -0300] "GET /cormun/servlet/trsolicitudgral HTTP/1.1" 200 10623
192.168.10.96 - - [19/Mar/2019:17:14:35 -0300] "GET /cormun/servlet/trsolicitudgral HTTP/1.1" 200 10622
190.171.153.218 - - [19/Mar/2019:17:14:50 -0300] "GET /cormun/servlet/solicitudot?dbd36ae4eaec1a876b6740e2f8ac2b28a249e7786a17cee4b32f3e1e5de7792da486014b6a409d8ab8b5ef6315978884ca33d32ed24660e7ad29dd071a3ea6abc0ade03cadfb9063e4ccb33524dbaa8dbd6a0a78d78569af779b5be7031cdec6e2c75dce65512fde957354932485dfdf,gx-no-cache=1553026269085 HTTP/1.1" 200 29
