190.171.141.90 - - [19/Mar/2019:15:17:23 -0300] "GET /cormun/static/Shared/jqueryui/images/ui-bg_highlight-soft_100_c6c2c8_1x100.png HTTP/1.1" 404 1117
190.171.141.90 - - [19/Mar/2019:15:17:23 -0300] "GET /cormun/static/Shared/jqueryui/images/ui-icons_82798d_256x240.png HTTP/1.1" 404 1089
190.171.141.90 - - [19/Mar/2019:15:17:23 -0300] "GET /cormun/static/Shared/jqueryui/images/ui-bg_flat_55_fafafa_40x100.png HTTP/1.1" 404 1097
190.171.141.90 - - [19/Mar/2019:15:17:23 -0300] "GET /cormun/static/Shared/jqueryui/images/ui-icons_8d78a5_256x240.png HTTP/1.1" 404 1089
190.171.141.90 - - [19/Mar/2019:15:17:23 -0300] "POST /cormun/servlet/trsolicitudot?4f82899ae41754940bb25a368cdc39d4,gx-no-cache=1553019223364 HTTP/1.1" 200 4519
190.171.141.90 - - [19/Mar/2019:15:17:32 -0300] "GET /cormun/servlet/trautorizarsolicitud? HTTP/1.1" 200 8723
190.171.141.90 - - [19/Mar/2019:15:17:33 -0300] "GET /cormun/servlet/trautorizarsolicitud? HTTP/1.1" 200 8723
190.171.141.90 - - [19/Mar/2019:15:17:37 -0300] "POST /cormun/servlet/trautorizarsolicitud?4f82899ae41754940bb25a368cdc39d4,,gx-no-cache=1553019237474 HTTP/1.1" 200 4704
190.171.141.90 - - [19/Mar/2019:15:17:37 -0300] "GET /cormun/static/Shared/jqueryui/images/ui-bg_highlight-soft_100_c6c2c8_1x100.png HTTP/1.1" 404 1117
190.171.141.90 - - [19/Mar/2019:15:17:37 -0300] "GET /cormun/static/Shared/jqueryui/images/ui-icons_82798d_256x240.png HTTP/1.1" 404 1089
190.171.141.90 - - [19/Mar/2019:15:17:38 -0300] "GET /cormun/static/Shared/jqueryui/images/ui-bg_flat_55_fafafa_40x100.png HTTP/1.1" 404 1097
190.171.141.90 - - [19/Mar/2019:15:17:38 -0300] "GET /cormun/static/Shared/jqueryui/images/ui-icons_8d78a5_256x240.png HTTP/1.1" 404 1089
190.171.141.90 - - [19/Mar/2019:15:17:38 -0300] "POST /cormun/servlet/trautorizarsolicitud?4f82899ae41754940bb25a368cdc39d4,,gx-no-cache=1553019237725 HTTP/1.1" 200 4454
192.168.10.96 - - [19/Mar/2019:15:21:59 -0300] "GET /cormun/servlet/trsolicitudgral? HTTP/1.1" 500 10
192.168.10.96 - - [19/Mar/2019:15:22:01 -0300] "GET /cormun/servlet/hlogin HTTP/1.1" 200 1716
192.168.10.96 - - [19/Mar/2019:15:22:03 -0300] "GET /cormun/servlet/hlogin HTTP/1.1" 200 1716
192.168.10.96 - - [19/Mar/2019:15:22:10 -0300] "POST /cormun/servlet/hlogin?12da69bdcc5df40b29e07f76f31355f8,gx-no-cache=1553026534065 HTTP/1.1" 200 90
192.168.10.96 - - [19/Mar/2019:15:22:10 -0300] "GET /cormun/servlet/hpexe_link HTTP/1.1" 200 947
192.168.10.96 - - [19/Mar/2019:15:22:10 -0300] "GET /cormun/servlet/hhome HTTP/1.1" 200 3821
192.168.10.96 - - [19/Mar/2019:15:22:11 -0300] "GET /cormun/servlet/hhome HTTP/1.1" 200 3821
192.168.10.96 - - [19/Mar/2019:15:22:13 -0300] "GET /cormun/servlet/trsolicitudgral? HTTP/1.1" 200 27335
192.168.10.96 - - [19/Mar/2019:15:22:15 -0300] "GET /cormun/servlet/trsolicitudgral? HTTP/1.1" 200 27334
192.168.10.96 - - [19/Mar/2019:15:22:33 -0300] "POST /cormun/servlet/trsolicitudgral?12da69bdcc5df40b29e07f76f31355f8,,gx-no-cache=1553026557566 HTTP/1.1" 200 6965
192.168.10.96 - - [19/Mar/2019:15:22:57 -0300] "POST /cormun/servlet/trsolicitudgral?12da69bdcc5df40b29e07f76f31355f8,,gx-no-cache=1553026580937 HTTP/1.1" 200 6957
192.168.10.96 - - [19/Mar/2019:15:23:13 -0300] "POST /cormun/servlet/trsolicitudgral?12da69bdcc5df40b29e07f76f31355f8,,gx-no-cache=1553026597110 HTTP/1.1" 200 12472
192.168.10.96 - - [19/Mar/2019:15:23:26 -0300] "POST /cormun/servlet/trsolicitudgral?12da69bdcc5df40b29e07f76f31355f8,,gx-no-cache=1553026610821 HTTP/1.1" 200 6624
192.168.10.96 - - [19/Mar/2019:15:23:35 -0300] "POST /cormun/servlet/trsolicitudgral?12da69bdcc5df40b29e07f76f31355f8,,gx-no-cache=1553026618989 HTTP/1.1" 200 6651
192.168.10.96 - - [19/Mar/2019:15:23:54 -0300] "POST /cormun/servlet/trsolicitudgral?12da69bdcc5df40b29e07f76f31355f8,,gx-no-cache=1553026638300 HTTP/1.1" 200 5273
192.168.10.96 - - [19/Mar/2019:15:23:55 -0300] "POST /cormun/servlet/trsolicitudgral?12da69bdcc5df40b29e07f76f31355f8,,gx-no-cache=1553026639051 HTTP/1.1" 200 5272
192.168.10.96 - - [19/Mar/2019:15:23:55 -0300] "POST /cormun/servlet/trsolicitudgral?12da69bdcc5df40b29e07f76f31355f8,,gx-no-cache=1553026639268 HTTP/1.1" 200 5273
192.168.10.96 - - [19/Mar/2019:15:23:58 -0300] "POST /cormun/servlet/trsolicitudgral?12da69bdcc5df40b29e07f76f31355f8,,gx-no-cache=1553026642468 HTTP/1.1" 200 5268
192.168.10.96 - - [19/Mar/2019:15:23:58 -0300] "POST /cormun/servlet/trsolicitudgral?12da69bdcc5df40b29e07f76f31355f8,,gx-no-cache=1553026642678 HTTP/1.1" 200 5269
192.168.10.96 - - [19/Mar/2019:15:23:59 -0300] "POST /cormun/servlet/trsolicitudgral?12da69bdcc5df40b29e07f76f31355f8,,gx-no-cache=1553026642868 HTTP/1.1" 200 5269
192.168.10.96 - - [19/Mar/2019:15:24:07 -0300] "POST /cormun/servlet/trsolicitudgral?12da69bdcc5df40b29e07f76f31355f8,,gx-no-cache=1553026651437 HTTP/1.1" 200 6637
190.171.141.90 - - [19/Mar/2019:15:24:25 -0300] "GET /cormun/servlet/trsolicitudot? HTTP/1.1" 200 7417
190.171.141.90 - - [19/Mar/2019:15:24:26 -0300] "GET /cormun/servlet/trsolicitudot? HTTP/1.1" 200 7417
190.171.141.90 - - [19/Mar/2019:15:24:34 -0300] "GET /cormun/servlet/trsolicitudot? HTTP/1.1" 200 7417
190.171.141.90 - - [19/Mar/2019:15:24:34 -0300] "GET /cormun/servlet/trsolicitudot? HTTP/1.1" 200 7417
190.171.141.90 - - [19/Mar/2019:15:24:43 -0300] "POST /cormun/servlet/trsolicitudot?4f82899ae41754940bb25a368cdc39d4,,gx-no-cache=1553019662599 HTTP/1.1" 200 23301
186.79.128.234 - - [19/Mar/2019:15:26:20 -0300] "POST /cormun/servlet/trsolicitudot?138088b37275f80e87156a32de1c98b6,,gx-no-cache=1553019761618 HTTP/1.1" 440 972
186.79.128.234 - - [19/Mar/2019:15:26:22 -0300] "GET /cormun/servlet/trsolicitudot? HTTP/1.1" 200 6417
186.79.128.234 - - [19/Mar/2019:15:26:22 -0300] "GET /cormun/servlet/hlogin HTTP/1.1" 200 1737
186.79.128.234 - - [19/Mar/2019:15:26:23 -0300] "GET /cormun/servlet/trsolicitudot? HTTP/1.1" 200 6417
186.79.128.234 - - [19/Mar/2019:15:26:31 -0300] "POST /cormun/servlet/hlogin?544870f15c575cd9eefb6f8d94715672,gx-no-cache=1553019772883 HTTP/1.1" 200 90
186.79.128.234 - - [19/Mar/2019:15:26:31 -0300] "GET /cormun/servlet/hpexe_link HTTP/1.1" 200 954
186.79.128.234 - - [19/Mar/2019:15:26:31 -0300] "GET /cormun/servlet/trsolicitudot HTTP/1.1" 200 7370
186.79.128.234 - - [19/Mar/2019:15:26:32 -0300] "GET /cormun/servlet/trsolicitudot HTTP/1.1" 200 7369
186.79.128.234 - - [19/Mar/2019:15:26:34 -0300] "GET /cormun/static/menuarrow.gif HTTP/1.1" 404 1015
186.79.128.234 - - [19/Mar/2019:15:26:43 -0300] "POST /cormun/servlet/trsolicitudot?544870f15c575cd9eefb6f8d94715672,gx-no-cache=1553019784780 HTTP/1.1" 200 4297
186.79.128.234 - - [19/Mar/2019:15:26:49 -0300] "POST /cormun/servlet/trsolicitudot?544870f15c575cd9eefb6f8d94715672,gx-no-cache=1553019790554 HTTP/1.1" 200 4296
186.79.128.234 - - [19/Mar/2019:15:26:54 -0300] "POST /cormun/servlet/trsolicitudot?544870f15c575cd9eefb6f8d94715672,gx-no-cache=1553019795372 HTTP/1.1" 200 6187
186.103.159.204 - - [19/Mar/2019:15:28:03 -0300] "GET /cormun/servlet/trsolicitudot? HTTP/1.1" 200 8611
186.103.159.204 - - [19/Mar/2019:15:28:03 -0300] "GET /cormun/static/Resources/Spanish/PXTools.css?1255365 HTTP/1.1" 304 -
186.103.159.204 - - [19/Mar/2019:15:28:03 -0300] "GET /cormun/static/gxcfg.js?2017111422585916 HTTP/1.1" 200 953
186.103.159.204 - - [19/Mar/2019:15:28:04 -0300] "GET /cormun/static/trsolicitudot.js?201711142259839 HTTP/1.1" 304 -
186.103.159.204 - - [19/Mar/2019:15:28:04 -0300] "GET /cormun//static/Resources/PXToolsActionView.png HTTP/1.1" 200 2995
186.103.159.204 - - [19/Mar/2019:15:28:04 -0300] "GET /cormun//static/Resources/PXToolsRemoveAllAction.png HTTP/1.1" 200 3558
186.103.159.204 - - [19/Mar/2019:15:28:04 -0300] "GET /cormun/servlet/trsolicitudot? HTTP/1.1" 200 8609
186.79.128.234 - - [19/Mar/2019:15:28:56 -0300] "GET /cormun/servlet/solicitudot?INS,0,0, HTTP/1.1" 200 15173
186.79.128.234 - - [19/Mar/2019:15:28:56 -0300] "GET /cormun/servlet/solicitudot?INS,0,0, HTTP/1.1" 200 15178
186.79.128.234 - - [19/Mar/2019:15:29:08 -0300] "POST /cormun/servlet/solicitudot?gx-no-cache=1553019929706 HTTP/1.1" 200 3563
186.79.128.234 - - [19/Mar/2019:15:29:09 -0300] "POST /cormun/servlet/solicitudot?544870f15c575cd9eefb6f8d94715672,INS,0,0,,gx-no-cache=1553019930183 HTTP/1.1" 200 11924
186.79.128.234 - - [19/Mar/2019:15:29:11 -0300] "GET /cormun/servlet/solicitudot?b8baa9814e9a02f786f2de54400d6c16d022a30df36bc25232e141500fbe639908f6b48ee1d8bdd45ec4e0544ae9d725,gx-no-cache=1553019932591 HTTP/1.1" 200 30
186.79.128.234 - - [19/Mar/2019:15:29:11 -0300] "GET /cormun/servlet/solicitudot?b8baa9814e9a02f786f2de54400d6c1646dcd30002e9edfa0e3d816a699bc40d8ff52698de030df25341848238ad9bb615eadeb364423df827a0150cc611e59e,gx-no-cache=1553019932668 HTTP/1.1" 200 30
186.79.128.234 - - [19/Mar/2019:15:29:11 -0300] "GET /cormun/servlet/solicitudot?b8baa9814e9a02f786f2de54400d6c16cea085f0691eba188cd80e05e8fa6b60,gx-no-cache=1553019932737 HTTP/1.1" 200 53
186.79.128.234 - - [19/Mar/2019:15:29:11 -0300] "POST /cormun/servlet/solicitudot?gx-no-cache=1553019932812 HTTP/1.1" 200 255
186.79.128.234 - - [19/Mar/2019:15:29:11 -0300] "GET /cormun/servlet/solicitudot?b8baa9814e9a02f786f2de54400d6c16613e3190bed731358f04270319f7fb38721eda58e6cd773a3226c4f569c3e98c0709484726df1c3a84027d1f24abd2d0c689fb737022c0e430cfb8ef9e2fabdf885df8bf03dbe7bab2467be2a298863154572ef5287153cb04fe9d9900074c7768e6f0c22b7f1cbcd8c5e5ac837c9971f71cad8353dc4eaabd30ed0c8c893ba5bc88c632840a388239a759c5a0eccb4197e22f23484a21ab81b67bbcaa2ae2c032536a152018f33dd2814921b31f61ee6e7d463ed2979129e7a31ddb90b1c8cf9ef4cc902dcdd8cc852b307a9e6a6e81d4be1961e4fcce7213ce44d15e452061f7035d5bff92e22412db04247aca2d83cffca28b937cf7e11b6b95ecd91715731dfe8df98f6b52b1ba25bbd5272dcf0f293aec61d564029479c54a6e01190ee38d6c0c849397dca07668623e3b9e1e7329eb92b48f4bc7e11ef26f73640965180ea88533ab35097bb2830b59cd51e37fe604408bc690ff88ecf8308070a4a3b500fd5dc58a0229c36323f50345dfda90,gx-no-cache=1553019932915 HTTP/1.1" 200 30
186.79.128.234 - - [19/Mar/2019:15:29:18 -0300] "POST /cormun/servlet/solicitudot?gx-no-cache=1553019940190 HTTP/1.1" 200 30
186.79.128.234 - - [19/Mar/2019:15:29:21 -0300] "GET /cormun/servlet/prcontratosol?14011465,,,,,MD,,gxPopupLevel%3D0%3B HTTP/1.1" 200 9304
186.79.128.234 - - [19/Mar/2019:15:29:27 -0300] "POST /cormun/servlet/solicitudot?gx-no-cache=1553019949006 HTTP/1.1" 200 1290
186.79.128.234 - - [19/Mar/2019:15:29:27 -0300] "POST /cormun/servlet/solicitudot?gx-no-cache=1553019949193 HTTP/1.1" 200 38
186.79.128.234 - - [19/Mar/2019:15:29:27 -0300] "GET /cormun/servlet/solicitudot?b8baa9814e9a02f786f2de54400d6c163cb06022dc2b3a13360150d87a9fb9dcd2574bb7a31daf8c10247a47099621b0e47cde84bc04595d5d96ea9249248ea84abcc52d3d222538e3aa96fc5f3f64a90e1b7a591e2ebec91bce18d5004e7723455f4842480fac5604ac0c5ecb249404,gx-no-cache=1553019949276 HTTP/1.1" 200 110
186.79.128.234 - - [19/Mar/2019:15:29:28 -0300] "POST /cormun/servlet/solicitudot?gx-no-cache=1553019949351 HTTP/1.1" 200 97
186.79.128.234 - - [19/Mar/2019:15:29:28 -0300] "GET /cormun/servlet/solicitudot?b8baa9814e9a02f786f2de54400d6c16303dde1cd6bb995f8a3493f438b9d58b06d124531981e75e9b310734f0e253befa1d62bb133ae8cee11daf504dc340fdbcdbc7d155238cc00e60ba06df2f0aa178a97febccd1de1850f8a2c7d588598c7e8c124dbc8cf811d8fa2ab5878190f739f10926899dfc524706bc775df1b2604720a99837b0724fc0b137101254489af1438954609e84d7e3ee3a0464638e4a,gx-no-cache=1553019949526 HTTP/1.1" 200 29
186.79.128.234 - - [19/Mar/2019:15:29:28 -0300] "GET /cormun/servlet/solicitudot?b8baa9814e9a02f786f2de54400d6c16f2b31d542281d3f2ebb7f0a2da7e94b62aaadcd3750faa3d4de2f7846b93bdb2,gx-no-cache=1553019949597 HTTP/1.1" 200 30
186.79.128.234 - - [19/Mar/2019:15:29:45 -0300] "POST /cormun/servlet/solicitudot?gx-no-cache=1553019966554 HTTP/1.1" 200 33
186.79.128.234 - - [19/Mar/2019:15:30:02 -0300] "POST /cormun/servlet/solicitudot?544870f15c575cd9eefb6f8d94715672,INS,0,0,,gx-no-cache=1553019983118 HTTP/1.1" 200 93
186.79.128.234 - - [19/Mar/2019:15:30:02 -0300] "GET /cormun/servlet/hpexe_return? HTTP/1.1" 200 1027
186.79.128.234 - - [19/Mar/2019:15:30:02 -0300] "GET /cormun/servlet/trsolicitudot?gx-no-cache=1553019795372 HTTP/1.1" 200 9566
186.79.128.234 - - [19/Mar/2019:15:30:03 -0300] "GET /cormun/servlet/trsolicitudot?gx-no-cache=1553019795372 HTTP/1.1" 200 9583
186.79.128.234 - - [19/Mar/2019:15:30:06 -0300] "GET /cormun/servlet/solicitudot?INS,0,0, HTTP/1.1" 200 15195
186.79.128.234 - - [19/Mar/2019:15:30:07 -0300] "GET /cormun/servlet/solicitudot?INS,0,0, HTTP/1.1" 200 15177
186.79.128.234 - - [19/Mar/2019:15:30:11 -0300] "POST /cormun/servlet/solicitudot?gx-no-cache=1553019992457 HTTP/1.1" 200 3563
186.79.128.234 - - [19/Mar/2019:15:30:12 -0300] "POST /cormun/servlet/solicitudot?544870f15c575cd9eefb6f8d94715672,INS,0,0,,gx-no-cache=1553019992895 HTTP/1.1" 200 11949
186.79.128.234 - - [19/Mar/2019:15:30:13 -0300] "GET /cormun/servlet/solicitudot?b8baa9814e9a02f786f2de54400d6c16d022a30df36bc25232e141500fbe639908f6b48ee1d8bdd45ec4e0544ae9d725,gx-no-cache=1553019994787 HTTP/1.1" 200 30
186.79.128.234 - - [19/Mar/2019:15:30:13 -0300] "GET /cormun/servlet/solicitudot?b8baa9814e9a02f786f2de54400d6c1646dcd30002e9edfa0e3d816a699bc40d8ff52698de030df25341848238ad9bb615eadeb364423df827a0150cc611e59e,gx-no-cache=1553019994877 HTTP/1.1" 200 30
186.79.128.234 - - [19/Mar/2019:15:30:13 -0300] "GET /cormun/servlet/solicitudot?b8baa9814e9a02f786f2de54400d6c16cea085f0691eba188cd80e05e8fa6b60,gx-no-cache=1553019995039 HTTP/1.1" 200 53
186.79.128.234 - - [19/Mar/2019:15:30:13 -0300] "POST /cormun/servlet/solicitudot?gx-no-cache=1553019995122 HTTP/1.1" 200 255
186.79.128.234 - - [19/Mar/2019:15:30:13 -0300] "GET /cormun/servlet/solicitudot?b8baa9814e9a02f786f2de54400d6c16613e3190bed731358f04270319f7fb38721eda58e6cd773a3226c4f569c3e98c0709484726df1c3a84027d1f24abd2d0c689fb737022c0e430cfb8ef9e2fabdf885df8bf03dbe7bab2467be2a298863154572ef5287153cb04fe9d9900074c7768e6f0c22b7f1cbcd8c5e5ac837c9971f71cad8353dc4eaabd30ed0c8c893ba5bc88c632840a388239a759c5a0eccb4197e22f23484a21ab81b67bbcaa2ae2c032536a152018f33dd2814921b31f61ee6e7d463ed2979129e7a31ddb90b1c8cf9ef4cc902dcdd8cc852b307a9e6a6e81d4be1961e4fcce7213ce44d15e452061f7035d5bff92e22412db04247aca2d83cffca28b937cf7e11b6b95ecd91715731dfe8df98f6b52b1ba25bbd5272dcf0f293aec61d564029479c54a6e01190ee38d6c0c849397dca07668623e3b9e1e7329eb92b48f4bc7e11ef26f73640965180ea88533ab35097bb2830b59cd51e37fe604408bc690ff88ecf8308070a4a3b500fd5dc58a0229c36323f50345dfda90,gx-no-cache=1553019995223 HTTP/1.1" 200 30
186.79.128.234 - - [19/Mar/2019:15:30:16 -0300] "POST /cormun/servlet/solicitudot?gx-no-cache=1553019997316 HTTP/1.1" 200 30
186.79.128.234 - - [19/Mar/2019:15:30:17 -0300] "GET /cormun/servlet/prcontratosol?14011465,,,,,MD,,gxPopupLevel%3D0%3B HTTP/1.1" 200 9304
186.79.128.234 - - [19/Mar/2019:15:30:21 -0300] "POST /cormun/servlet/solicitudot?gx-no-cache=1553020002420 HTTP/1.1" 200 1290
186.79.128.234 - - [19/Mar/2019:15:30:21 -0300] "POST /cormun/servlet/solicitudot?gx-no-cache=1553020002606 HTTP/1.1" 200 38
186.79.128.234 - - [19/Mar/2019:15:30:21 -0300] "GET /cormun/servlet/solicitudot?b8baa9814e9a02f786f2de54400d6c163cb06022dc2b3a13360150d87a9fb9dcd2574bb7a31daf8c10247a47099621b0e47cde84bc04595d5d96ea9249248ea84abcc52d3d222538e3aa96fc5f3f64a90e1b7a591e2ebec91bce18d5004e7723455f4842480fac5604ac0c5ecb249404,gx-no-cache=1553020002689 HTTP/1.1" 200 110
186.79.128.234 - - [19/Mar/2019:15:30:21 -0300] "POST /cormun/servlet/solicitudot?gx-no-cache=1553020002780 HTTP/1.1" 200 97
186.79.128.234 - - [19/Mar/2019:15:30:21 -0300] "GET /cormun/servlet/solicitudot?b8baa9814e9a02f786f2de54400d6c16303dde1cd6bb995f8a3493f438b9d58b06d124531981e75e9b310734f0e253befa1d62bb133ae8cee11daf504dc340fdbcdbc7d155238cc00e60ba06df2f0aa178a97febccd1de1850f8a2c7d588598c7e8c124dbc8cf811d8fa2ab5878190f739f10926899dfc524706bc775df1b2604720a99837b0724fc0b137101254489af1438954609e84d7e3ee3a0464638e4a,gx-no-cache=1553020002946 HTTP/1.1" 200 29
186.79.128.234 - - [19/Mar/2019:15:30:21 -0300] "GET /cormun/servlet/solicitudot?b8baa9814e9a02f786f2de54400d6c16f2b31d542281d3f2ebb7f0a2da7e94b62aaadcd3750faa3d4de2f7846b93bdb2,gx-no-cache=1553020003017 HTTP/1.1" 200 30
186.79.128.234 - - [19/Mar/2019:15:30:37 -0300] "POST /cormun/servlet/solicitudot?gx-no-cache=1553020019084 HTTP/1.1" 200 33
186.79.128.234 - - [19/Mar/2019:15:30:43 -0300] "POST /cormun/servlet/solicitudot?544870f15c575cd9eefb6f8d94715672,INS,0,0,,gx-no-cache=1553020024639 HTTP/1.1" 200 93
186.79.128.234 - - [19/Mar/2019:15:30:44 -0300] "GET /cormun/servlet/hpexe_return? HTTP/1.1" 200 1027
186.79.128.234 - - [19/Mar/2019:15:30:44 -0300] "GET /cormun/servlet/trsolicitudot?gx-no-cache=1553019795372 HTTP/1.1" 200 9804
186.79.128.234 - - [19/Mar/2019:15:30:44 -0300] "GET /cormun/servlet/trsolicitudot?gx-no-cache=1553019795372 HTTP/1.1" 200 9821
186.79.128.234 - - [19/Mar/2019:15:30:49 -0300] "GET /cormun/servlet/solicitudot?INS,0,0, HTTP/1.1" 200 15195
186.79.128.234 - - [19/Mar/2019:15:30:50 -0300] "GET /cormun/servlet/solicitudot?INS,0,0, HTTP/1.1" 200 15177
186.79.128.234 - - [19/Mar/2019:15:30:55 -0300] "POST /cormun/servlet/solicitudot?gx-no-cache=1553020036281 HTTP/1.1" 200 3563
186.79.128.234 - - [19/Mar/2019:15:30:55 -0300] "POST /cormun/servlet/solicitudot?544870f15c575cd9eefb6f8d94715672,INS,0,0,,gx-no-cache=1553020036712 HTTP/1.1" 200 11949
186.79.128.234 - - [19/Mar/2019:15:30:57 -0300] "GET /cormun/servlet/solicitudot?b8baa9814e9a02f786f2de54400d6c16d022a30df36bc25232e141500fbe639908f6b48ee1d8bdd45ec4e0544ae9d725,gx-no-cache=1553020038746 HTTP/1.1" 200 30
186.79.128.234 - - [19/Mar/2019:15:30:57 -0300] "GET /cormun/servlet/solicitudot?b8baa9814e9a02f786f2de54400d6c1646dcd30002e9edfa0e3d816a699bc40d8ff52698de030df25341848238ad9bb615eadeb364423df827a0150cc611e59e,gx-no-cache=1553020038871 HTTP/1.1" 200 30
186.79.128.234 - - [19/Mar/2019:15:30:57 -0300] "GET /cormun/servlet/solicitudot?b8baa9814e9a02f786f2de54400d6c16cea085f0691eba188cd80e05e8fa6b60,gx-no-cache=1553020038970 HTTP/1.1" 200 53
186.79.128.234 - - [19/Mar/2019:15:30:57 -0300] "POST /cormun/servlet/solicitudot?gx-no-cache=1553020039072 HTTP/1.1" 200 255
186.79.128.234 - - [19/Mar/2019:15:30:57 -0300] "GET /cormun/servlet/solicitudot?b8baa9814e9a02f786f2de54400d6c16613e3190bed731358f04270319f7fb38721eda58e6cd773a3226c4f569c3e98c0709484726df1c3a84027d1f24abd2d0c689fb737022c0e430cfb8ef9e2fabdf885df8bf03dbe7bab2467be2a298863154572ef5287153cb04fe9d9900074c7768e6f0c22b7f1cbcd8c5e5ac837c9971f71cad8353dc4eaabd30ed0c8c893ba5bc88c632840a388239a759c5a0eccb4197e22f23484a21ab81b67bbcaa2ae2c032536a152018f33dd2814921b31f61ee6e7d463ed2979129e7a31ddb90b1c8cf9ef4cc902dcdd8cc852b307a9e6a6e81d4be1961e4fcce7213ce44d15e452061f7035d5bff92e22412db04247aca2d83cffca28b937cf7e11b6b95ecd91715731dfe8df98f6b52b1ba25bbd5272dcf0f293aec61d564029479c54a6e01190ee38d6c0c849397dca07668623e3b9e1e7329eb92b48f4bc7e11ef26f73640965180ea88533ab35097bb2830b59cd51e37fe604408bc690ff88ecf8308070a4a3b500fd5dc58a0229c36323f50345dfda90,gx-no-cache=1553020039181 HTTP/1.1" 200 30
186.79.128.234 - - [19/Mar/2019:15:31:00 -0300] "POST /cormun/servlet/solicitudot?gx-no-cache=1553020042017 HTTP/1.1" 200 30
186.79.128.234 - - [19/Mar/2019:15:31:02 -0300] "GET /cormun/servlet/prcontratosol?14011465,,,,,MD,,gxPopupLevel%3D0%3B HTTP/1.1" 200 9304
186.79.128.234 - - [19/Mar/2019:15:31:04 -0300] "POST /cormun/servlet/solicitudot?gx-no-cache=1553020045682 HTTP/1.1" 200 1290
186.79.128.234 - - [19/Mar/2019:15:31:04 -0300] "POST /cormun/servlet/solicitudot?gx-no-cache=1553020045871 HTTP/1.1" 200 38
186.79.128.234 - - [19/Mar/2019:15:31:04 -0300] "GET /cormun/servlet/solicitudot?b8baa9814e9a02f786f2de54400d6c163cb06022dc2b3a13360150d87a9fb9dcd2574bb7a31daf8c10247a47099621b0e47cde84bc04595d5d96ea9249248ea84abcc52d3d222538e3aa96fc5f3f64a90e1b7a591e2ebec91bce18d5004e7723455f4842480fac5604ac0c5ecb249404,gx-no-cache=1553020045990 HTTP/1.1" 200 110
186.79.128.234 - - [19/Mar/2019:15:31:04 -0300] "POST /cormun/servlet/solicitudot?gx-no-cache=1553020046067 HTTP/1.1" 200 97
186.79.128.234 - - [19/Mar/2019:15:31:04 -0300] "GET /cormun/servlet/solicitudot?b8baa9814e9a02f786f2de54400d6c16303dde1cd6bb995f8a3493f438b9d58b06d124531981e75e9b310734f0e253befa1d62bb133ae8cee11daf504dc340fdbcdbc7d155238cc00e60ba06df2f0aa178a97febccd1de1850f8a2c7d588598c7e8c124dbc8cf811d8fa2ab5878190f739f10926899dfc524706bc775df1b2604720a99837b0724fc0b137101254489af1438954609e84d7e3ee3a0464638e4a,gx-no-cache=1553020046232 HTTP/1.1" 200 29
186.79.128.234 - - [19/Mar/2019:15:31:05 -0300] "GET /cormun/servlet/solicitudot?b8baa9814e9a02f786f2de54400d6c16f2b31d542281d3f2ebb7f0a2da7e94b62aaadcd3750faa3d4de2f7846b93bdb2,gx-no-cache=1553020046330 HTTP/1.1" 200 30
190.171.143.82 - - [19/Mar/2019:15:31:13 -0300] "GET /cormun/servlet/hhome HTTP/1.1" 200 3423
190.171.143.82 - - [19/Mar/2019:15:31:14 -0300] "GET /cormun/servlet/hhome HTTP/1.1" 200 3433
190.171.143.82 - - [19/Mar/2019:15:31:14 -0300] "GET /cormun/servlet/hlogin HTTP/1.1" 200 1736
186.79.128.234 - - [19/Mar/2019:15:31:23 -0300] "POST /cormun/servlet/solicitudot?gx-no-cache=1553020064473 HTTP/1.1" 200 33
190.171.143.82 - - [19/Mar/2019:15:31:31 -0300] "POST /cormun/servlet/hlogin?1d92d9dbf1b9cad169526d1e5ba82682,gx-no-cache=1553024228404 HTTP/1.1" 200 90
190.171.143.82 - - [19/Mar/2019:15:31:31 -0300] "GET /cormun/servlet/hpexe_link HTTP/1.1" 200 954
190.171.143.82 - - [19/Mar/2019:15:31:32 -0300] "GET /cormun/servlet/hhome HTTP/1.1" 200 4066
190.171.141.90 - - [19/Mar/2019:15:31:32 -0300] "GET /cormun/servlet/trsolicitudot? HTTP/1.1" 200 26120
190.171.143.82 - - [19/Mar/2019:15:31:33 -0300] "GET /cormun/servlet/hhome HTTP/1.1" 200 4062
190.171.141.90 - - [19/Mar/2019:15:31:34 -0300] "GET /cormun/servlet/trsolicitudot? HTTP/1.1" 200 26120
190.171.141.90 - - [19/Mar/2019:15:31:35 -0300] "GET /cormun/servlet/solicitudot?INS,0,0, HTTP/1.1" 200 15044
190.171.143.82 - - [19/Mar/2019:15:31:35 -0300] "GET /cormun/servlet/trpermisosgoce? HTTP/1.1" 200 6976
190.171.143.82 - - [19/Mar/2019:15:31:36 -0300] "GET /cormun/static/gxcfg.js?20177612163875 HTTP/1.1" 200 953
190.171.141.90 - - [19/Mar/2019:15:31:36 -0300] "GET /cormun/servlet/solicitudot?INS,0,0, HTTP/1.1" 200 15049
190.171.143.82 - - [19/Mar/2019:15:31:36 -0300] "GET /cormun/static/trpermisosgoce.js?20177612164335 HTTP/1.1" 200 35904
190.171.143.82 - - [19/Mar/2019:15:31:37 -0300] "GET /cormun/servlet/trpermisosgoce? HTTP/1.1" 200 6975
190.171.143.82 - - [19/Mar/2019:15:31:39 -0300] "GET /cormun/servlet/permisogoce?INS,0,,, HTTP/1.1" 200 6904
190.171.143.82 - - [19/Mar/2019:15:31:39 -0300] "GET /cormun/static/gxcfg.js?201776126440 HTTP/1.1" 200 953
190.171.143.82 - - [19/Mar/2019:15:31:39 -0300] "GET /cormun/static/permisogoce.js?2017761264459 HTTP/1.1" 200 27897
190.171.143.82 - - [19/Mar/2019:15:31:39 -0300] "GET /cormun/static/Resources/prompt.gif HTTP/1.1" 200 902
190.171.143.82 - - [19/Mar/2019:15:31:40 -0300] "GET /cormun/servlet/permisogoce?INS,0,,, HTTP/1.1" 200 6904
190.171.141.90 - - [19/Mar/2019:15:31:48 -0300] "POST /cormun/servlet/solicitudot?gx-no-cache=1553020088487 HTTP/1.1" 200 3457
190.171.141.90 - - [19/Mar/2019:15:31:49 -0300] "POST /cormun/servlet/solicitudot?4f82899ae41754940bb25a368cdc39d4,INS,0,0,,gx-no-cache=1553020088658 HTTP/1.1" 200 11816
190.171.141.90 - - [19/Mar/2019:15:31:50 -0300] "GET /cormun/servlet/solicitudot?571e8b4b7bfab6341386eb54fdd414a3f76a664cd8c53543ff6d1863667962aaf1c89a3582e35aea0197391b9c1327db,gx-no-cache=1553020090489 HTTP/1.1" 200 30
186.79.128.234 - - [19/Mar/2019:15:32:17 -0300] "POST /cormun/servlet/solicitudot?544870f15c575cd9eefb6f8d94715672,INS,0,0,,gx-no-cache=1553020117702 HTTP/1.1" 200 93
186.79.128.234 - - [19/Mar/2019:15:32:17 -0300] "GET /cormun/servlet/hpexe_return? HTTP/1.1" 200 1027
186.79.128.234 - - [19/Mar/2019:15:32:17 -0300] "GET /cormun/servlet/trsolicitudot?gx-no-cache=1553019795372 HTTP/1.1" 200 10083
186.79.128.234 - - [19/Mar/2019:15:32:17 -0300] "GET /cormun/servlet/trsolicitudot?gx-no-cache=1553019795372 HTTP/1.1" 200 10100
190.171.143.82 - - [19/Mar/2019:15:32:29 -0300] "GET /cormun/servlet/permisogoce?bc374a72e6938fcf9cb47935ea0a1d99da6dc1ff435956f2b29ced4465b21c642f7c2b424eb1d17798cafb702b3e1b3f643b36a25a1db56ac67c4c8ccda710ad,gx-no-cache=1553024286250 HTTP/1.1" 200 85
190.171.143.82 - - [19/Mar/2019:15:32:46 -0300] "GET /cormun/servlet/permisogoce?bc374a72e6938fcf9cb47935ea0a1d99b575613988806dcf9e54fe08eeb79a98d32dfaa6c6c39d70efd0f5909608891f9b641095d4d0f0e2d2c78e30d881207d,gx-no-cache=1553024302982 HTTP/1.1" 200 47
186.79.128.234 - - [19/Mar/2019:15:32:47 -0300] "POST /cormun/servlet/trsolicitudot?544870f15c575cd9eefb6f8d94715672,gx-no-cache=1553019795372,gx-no-cache=1553020148191 HTTP/1.1" 200 7030
186.79.128.234 - - [19/Mar/2019:15:32:47 -0300] "GET /cormun/static/Shared/jqueryui/images/ui-bg_highlight-soft_100_c6c2c8_1x100.png HTTP/1.1" 404 1117
186.79.128.234 - - [19/Mar/2019:15:32:48 -0300] "GET /cormun/static/Shared/jqueryui/images/ui-icons_82798d_256x240.png HTTP/1.1" 404 1089
186.79.128.234 - - [19/Mar/2019:15:32:48 -0300] "GET /cormun/static/Shared/jqueryui/images/ui-bg_flat_55_fafafa_40x100.png HTTP/1.1" 404 1097
186.79.128.234 - - [19/Mar/2019:15:32:48 -0300] "GET /cormun/static/Shared/jqueryui/images/ui-icons_8d78a5_256x240.png HTTP/1.1" 404 1089
186.79.128.234 - - [19/Mar/2019:15:32:48 -0300] "POST /cormun/servlet/trsolicitudot?544870f15c575cd9eefb6f8d94715672,gx-no-cache=1553019795372,gx-no-cache=1553020148998 HTTP/1.1" 200 6974
186.79.128.234 - - [19/Mar/2019:15:32:51 -0300] "POST /cormun/servlet/trsolicitudot?544870f15c575cd9eefb6f8d94715672,gx-no-cache=1553019795372,gx-no-cache=1553020152397 HTTP/1.1" 200 7030
186.79.128.234 - - [19/Mar/2019:15:32:52 -0300] "POST /cormun/servlet/trsolicitudot?544870f15c575cd9eefb6f8d94715672,gx-no-cache=1553019795372,gx-no-cache=1553020153195 HTTP/1.1" 200 6974
186.79.128.234 - - [19/Mar/2019:15:32:55 -0300] "POST /cormun/servlet/trsolicitudot?544870f15c575cd9eefb6f8d94715672,gx-no-cache=1553019795372,gx-no-cache=1553020156675 HTTP/1.1" 200 7022
186.79.128.234 - - [19/Mar/2019:15:32:56 -0300] "POST /cormun/servlet/trsolicitudot?544870f15c575cd9eefb6f8d94715672,gx-no-cache=1553019795372,gx-no-cache=1553020157476 HTTP/1.1" 200 6967
190.171.143.82 - - [19/Mar/2019:15:32:57 -0300] "POST /cormun/servlet/permisogoce?1d92d9dbf1b9cad169526d1e5ba82682,INS,0,,,,gx-no-cache=1553024313700 HTTP/1.1" 200 93
190.171.143.82 - - [19/Mar/2019:15:32:57 -0300] "GET /cormun/servlet/hpexe_return? HTTP/1.1" 200 1013
190.171.143.82 - - [19/Mar/2019:15:32:58 -0300] "GET /cormun/static/gxcfg.js?2016101716175148 HTTP/1.1" 200 953
190.171.143.82 - - [19/Mar/2019:15:32:58 -0300] "GET /cormun/static/hpexe_return.js?2016101716175153 HTTP/1.1" 200 1633
190.171.143.82 - - [19/Mar/2019:15:32:58 -0300] "GET /cormun/static/Resources/Spanish/PXTools.css?167811 HTTP/1.1" 200 89042
190.171.143.82 - - [19/Mar/2019:15:32:58 -0300] "GET /cormun/servlet/trpermisosgoce HTTP/1.1" 200 7847
190.171.143.82 - - [19/Mar/2019:15:32:59 -0300] "GET /cormun//static/Resources/PXToolsGridUpdate.png HTTP/1.1" 200 2984
190.171.143.82 - - [19/Mar/2019:15:32:59 -0300] "GET /cormun//static/Resources/PXToolsGridDelete.png HTTP/1.1" 200 357
190.171.143.82 - - [19/Mar/2019:15:32:59 -0300] "GET /cormun/servlet/trpermisosgoce HTTP/1.1" 200 7844
186.79.128.234 - - [19/Mar/2019:15:32:59 -0300] "GET /cormun/servlet/trautorizarsolicitud? HTTP/1.1" 200 9403
186.79.128.234 - - [19/Mar/2019:15:33:00 -0300] "GET /cormun/servlet/trautorizarsolicitud? HTTP/1.1" 200 9381
190.171.143.82 - - [19/Mar/2019:15:33:03 -0300] "GET /cormun/servlet/apermisogoceprn?10051433,P,20190319172503,PU HTTP/1.1" 200 1657
186.79.128.234 - - [19/Mar/2019:15:33:10 -0300] "POST /cormun/servlet/trautorizarsolicitud?544870f15c575cd9eefb6f8d94715672,,gx-no-cache=1553020171079 HTTP/1.1" 200 6212
186.79.128.234 - - [19/Mar/2019:15:33:10 -0300] "GET /cormun/static/Shared/jqueryui/images/ui-bg_highlight-soft_100_c6c2c8_1x100.png HTTP/1.1" 404 1117
186.79.128.234 - - [19/Mar/2019:15:33:10 -0300] "GET /cormun/static/Shared/jqueryui/images/ui-icons_82798d_256x240.png HTTP/1.1" 404 1089
186.79.128.234 - - [19/Mar/2019:15:33:10 -0300] "GET /cormun/static/Shared/jqueryui/images/ui-icons_8d78a5_256x240.png HTTP/1.1" 404 1089
186.79.128.234 - - [19/Mar/2019:15:33:10 -0300] "GET /cormun/static/Shared/jqueryui/images/ui-bg_flat_55_fafafa_40x100.png HTTP/1.1" 404 1097
186.79.128.234 - - [19/Mar/2019:15:33:10 -0300] "POST /cormun/servlet/trautorizarsolicitud?544870f15c575cd9eefb6f8d94715672,,gx-no-cache=1553020171766 HTTP/1.1" 200 6157
186.79.128.234 - - [19/Mar/2019:15:33:12 -0300] "POST /cormun/servlet/trautorizarsolicitud?544870f15c575cd9eefb6f8d94715672,,gx-no-cache=1553020173450 HTTP/1.1" 200 5921
186.79.128.234 - - [19/Mar/2019:15:33:13 -0300] "POST /cormun/servlet/trautorizarsolicitud?544870f15c575cd9eefb6f8d94715672,,gx-no-cache=1553020174094 HTTP/1.1" 200 5867
186.79.128.234 - - [19/Mar/2019:15:33:14 -0300] "POST /cormun/servlet/trautorizarsolicitud?544870f15c575cd9eefb6f8d94715672,,gx-no-cache=1553020175274 HTTP/1.1" 200 4708
186.79.128.234 - - [19/Mar/2019:15:33:15 -0300] "POST /cormun/servlet/trautorizarsolicitud?544870f15c575cd9eefb6f8d94715672,,gx-no-cache=1553020176014 HTTP/1.1" 200 4472
190.171.141.90 - - [19/Mar/2019:15:33:39 -0300] "POST /cormun/servlet/solicitudot?4f82899ae41754940bb25a368cdc39d4,INS,0,0,,gx-no-cache=1553020199115 HTTP/1.1" 200 12009
190.171.141.90 - - [19/Mar/2019:15:33:39 -0300] "GET /cormun/static/Shared/jqueryui/images/ui-bg_highlight-soft_100_c6c2c8_1x100.png HTTP/1.1" 404 1117
190.171.141.90 - - [19/Mar/2019:15:33:40 -0300] "GET /cormun/static/Shared/jqueryui/images/ui-bg_flat_55_fafafa_40x100.png HTTP/1.1" 404 1097
190.171.141.90 - - [19/Mar/2019:15:33:40 -0300] "GET /cormun/static/Shared/jqueryui/images/ui-icons_82798d_256x240.png HTTP/1.1" 404 1089
190.171.141.90 - - [19/Mar/2019:15:33:40 -0300] "GET /cormun/static/Shared/jqueryui/images/ui-icons_8d78a5_256x240.png HTTP/1.1" 404 1089
190.171.141.90 - - [19/Mar/2019:15:33:44 -0300] "GET /cormun/servlet/solicitudot?571e8b4b7bfab6341386eb54fdd414a304edb2b121cbff1fa8532e53362704a48fb2eb28742db70565330103b3c50b98,gx-no-cache=1553020204041 HTTP/1.1" 200 30
190.171.141.90 - - [19/Mar/2019:15:33:44 -0300] "GET /cormun/servlet/solicitudot?571e8b4b7bfab6341386eb54fdd414a3d5f7dae2488bb413bde54cf361c5e0fe,gx-no-cache=1553020204159 HTTP/1.1" 200 29
190.171.141.90 - - [19/Mar/2019:15:33:44 -0300] "POST /cormun/servlet/solicitudot?gx-no-cache=1553020204286 HTTP/1.1" 200 297
190.171.141.90 - - [19/Mar/2019:15:33:45 -0300] "GET /cormun/servlet/solicitudot?571e8b4b7bfab6341386eb54fdd414a3a7a0efacdb5db42014ab8d3326ed9d89e07cb0ff1a39409fd4242932ea8843bd38ec646e9683d637ab76c8780177d70074dc53c144a8f1f061377e19548980010880a479b5048ccf9f10710f296b276ab2017b23dcf9647d86f61997f10ab3f1c03ab560e0a9bf996644eaf458963443052b2fea05f1993c8f5a89f59677bebd20531ccf52f76f6bdd79159540236d219b96e2f0489313aff0f3094f2a95af5333894d326f1c71f37449f28abe1cf77d890f00c969913faffd94f1ca70c7f6d884b6044b054e3a3959a599353c5a60f6103533b1a8a238e5d88d0779b33be3c6a6d51c61ba137a6ba15be130171fdac9c7a78f246071c57bc34f3d410302b4bfbfa8bd804ff7c3600d563881a7d030bd7a010a0c7e3bcc87961eab9c88d4ef7ab76f90bd8ba0a4fcdaf2426e511ce1fffce02da01eac3f347546d4fc2e6014d67723e4539308f0ac4b6136b7d6828878ef5c019f1a89422b75a8f2880d98428980725047d46949ea9bb84f0730949f00c7da0983aac1cf39127b92f313bad5bd,gx-no-cache=1553020204420 HTTP/1.1" 200 30
190.171.143.82 - - [19/Mar/2019:15:33:47 -0300] "GET /cormun/servlet/permisogoce?INS,0,,, HTTP/1.1" 200 6903
190.171.141.90 - - [19/Mar/2019:15:33:47 -0300] "POST /cormun/servlet/solicitudot?gx-no-cache=1553020207511 HTTP/1.1" 200 30
190.171.143.82 - - [19/Mar/2019:15:33:48 -0300] "GET /cormun/servlet/permisogoce?INS,0,,, HTTP/1.1" 200 6903
190.171.141.90 - - [19/Mar/2019:15:33:50 -0300] "GET /cormun/servlet/prfichaempleado?,MD,,gxPopupLevel%3D0%3B HTTP/1.1" 200 9276
190.171.141.90 - - [19/Mar/2019:15:33:57 -0300] "POST /cormun/servlet/prfichaempleado?4f82899ae41754940bb25a368cdc39d4,,MD,,gxPopupLevel%3D0%3B,gx-no-cache=1553020216851 HTTP/1.1" 200 5897
190.171.143.82 - - [19/Mar/2019:15:34:03 -0300] "GET /cormun/servlet/permisogoce?bc374a72e6938fcf9cb47935ea0a1d99cb4fefed3a27896f5e4e0398c23412552f7c2b424eb1d17798cafb702b3e1b3f643b36a25a1db56ac67c4c8ccda710ad,gx-no-cache=1553024379639 HTTP/1.1" 200 75
190.171.141.90 - - [19/Mar/2019:15:34:13 -0300] "GET /cormun/servlet/prlicenciaspermisos?14013183,L,,MD,,gxPopupLevel%3D0%3B HTTP/1.1" 200 6474
190.171.141.90 - - [19/Mar/2019:15:34:15 -0300] "POST /cormun/servlet/solicitudot?gx-no-cache=1553020235529 HTTP/1.1" 200 1286
190.171.141.90 - - [19/Mar/2019:15:34:17 -0300] "POST /cormun/servlet/solicitudot?gx-no-cache=1553020237275 HTTP/1.1" 200 41
190.171.143.82 - - [19/Mar/2019:15:34:44 -0300] "GET /cormun/servlet/permisogoce?bc374a72e6938fcf9cb47935ea0a1d99661d9e55065a3ac41d76b7769b5b3f24de26036bd2640c8a4f354c956ae8994f9b641095d4d0f0e2d2c78e30d881207d,gx-no-cache=1553024421038 HTTP/1.1" 200 47
190.171.143.82 - - [19/Mar/2019:15:35:04 -0300] "POST /cormun/servlet/permisogoce?1d92d9dbf1b9cad169526d1e5ba82682,INS,0,,,,gx-no-cache=1553024440672 HTTP/1.1" 200 93
190.171.143.82 - - [19/Mar/2019:15:35:04 -0300] "GET /cormun/servlet/hpexe_return? HTTP/1.1" 200 1013
190.171.143.82 - - [19/Mar/2019:15:35:04 -0300] "GET /cormun/servlet/trpermisosgoce HTTP/1.1" 200 8123
190.171.143.82 - - [19/Mar/2019:15:35:06 -0300] "GET /cormun/servlet/trpermisosgoce HTTP/1.1" 200 8119
190.171.143.82 - - [19/Mar/2019:15:35:09 -0300] "GET /cormun/servlet/apermisogoceprn?16881995,P,20190319172711,PU HTTP/1.1" 200 1657
190.171.143.82 - - [19/Mar/2019:15:35:32 -0300] "GET /cormun/servlet/permisogoce?INS,0,,, HTTP/1.1" 200 6904
190.171.143.82 - - [19/Mar/2019:15:35:33 -0300] "GET /cormun/servlet/permisogoce?INS,0,,, HTTP/1.1" 200 6903
190.171.141.90 - - [19/Mar/2019:15:35:37 -0300] "GET /cormun/servlet/solicitudot?571e8b4b7bfab6341386eb54fdd414a3d991a4690301fa1ae9f26ecec5fbee561fb71eadf18b41b1d6193dca21146fb586a9dfc9c10eec24393a7349990ee27b04e4f9a7281955739861d1b28d5f2922570db71cdbdc90c0428ff045e1bd04c381bd534eb5303f1f3571909b95174c02,gx-no-cache=1553020317519 HTTP/1.1" 200 110
190.171.141.90 - - [19/Mar/2019:15:35:37 -0300] "POST /cormun/servlet/solicitudot?gx-no-cache=1553020317592 HTTP/1.1" 200 64
190.171.141.90 - - [19/Mar/2019:15:35:40 -0300] "GET /cormun/servlet/solicitudot?571e8b4b7bfab6341386eb54fdd414a38b38ea256a92cd15c26921567568702464f281c68d5472eeee8e7a770d6a4841aeb644a320e2b66dc77216a01c8f60cde998d11a04a42472328b9d0673112fa5149b28fa4ef891d393b185ee6d723a4152e327df61940914ba798ba24d400b59,gx-no-cache=1553020320155 HTTP/1.1" 200 29
190.171.141.90 - - [19/Mar/2019:15:35:40 -0300] "GET /cormun/static/menuarrow.gif HTTP/1.1" 404 1015
190.171.141.90 - - [19/Mar/2019:15:35:44 -0300] "GET /cormun/servlet/solicitudot?571e8b4b7bfab6341386eb54fdd414a3e70b40e266a56d6c9b0f9f803c93629ab406c21c564937532eb85d88f12d83c9,gx-no-cache=1553020324192 HTTP/1.1" 200 30
190.171.141.90 - - [19/Mar/2019:15:35:44 -0300] "POST /cormun/servlet/solicitudot?gx-no-cache=1553020324226 HTTP/1.1" 200 34
190.171.141.90 - - [19/Mar/2019:15:35:46 -0300] "POST /cormun/servlet/solicitudot?4f82899ae41754940bb25a368cdc39d4,INS,0,0,,gx-no-cache=1553020326042 HTTP/1.1" 200 93
190.171.141.90 - - [19/Mar/2019:15:35:46 -0300] "GET /cormun/servlet/hpexe_return? HTTP/1.1" 200 1003
190.171.141.90 - - [19/Mar/2019:15:35:47 -0300] "GET /cormun/servlet/trsolicitudot HTTP/1.1" 200 26302
190.171.141.90 - - [19/Mar/2019:15:35:49 -0300] "GET /cormun/servlet/trsolicitudot HTTP/1.1" 200 26297
190.171.141.90 - - [19/Mar/2019:15:35:54 -0300] "POST /cormun/servlet/trsolicitudot?4f82899ae41754940bb25a368cdc39d4,gx-no-cache=1553020332978 HTTP/1.1" 200 107
190.171.141.90 - - [19/Mar/2019:15:35:54 -0300] "GET /cormun/servlet/trsolicitudadjuntos?2019,14809, HTTP/1.1" 200 6298
190.171.141.90 - - [19/Mar/2019:15:35:54 -0300] "GET /cormun/servlet/trsolicitudadjuntos?2019,14809, HTTP/1.1" 200 6298
190.171.143.82 - - [19/Mar/2019:15:35:55 -0300] "GET /cormun/servlet/permisogoce?bc374a72e6938fcf9cb47935ea0a1d99d425098b60ff7e438c357a173865e7eb2713fc450208404d2b2c1b900f3092f5,gx-no-cache=1553024492042 HTTP/1.1" 200 77
190.171.141.90 - - [19/Mar/2019:15:35:56 -0300] "GET /cormun/servlet/solicitudotadjuntos?INS,2019,14809,,1, HTTP/1.1" 200 6247
190.171.141.90 - - [19/Mar/2019:15:35:56 -0300] "GET /cormun/static/about:blank HTTP/1.1" 404 1011
190.171.141.90 - - [19/Mar/2019:15:35:56 -0300] "GET /cormun/servlet/solicitudotadjuntos?INS,2019,14809,,1, HTTP/1.1" 200 6241
190.171.141.90 - - [19/Mar/2019:15:35:57 -0300] "GET /cormun/servlet/solicitudotadjuntos?571e8b4b7bfab6341386eb54fdd414a3210b1052dc0cfd84e33620d390d65fd9a8394be23670ea1d352015dd7f3691a3,gx-no-cache=1553020336910 HTTP/1.1" 200 30
190.171.141.90 - - [19/Mar/2019:15:35:57 -0300] "POST /cormun/servlet/solicitudotadjuntos?4f82899ae41754940bb25a368cdc39d4,INS,2019,14809,,1,,gx-no-cache=1553020336995 HTTP/1.1" 200 4055
190.171.141.90 - - [19/Mar/2019:15:36:21 -0300] "POST /cormun/servlet/solicitudotadjuntos?gx-no-cache=1553020360438 HTTP/1.1" 200 26
190.171.141.90 - - [19/Mar/2019:15:36:32 -0300] "GET /cormun/servlet/solicitudotadjuntos?571e8b4b7bfab6341386eb54fdd414a396b7f29a8cfc565a116e2cd3460dc5d1,gx-no-cache=1553020372333 HTTP/1.1" 200 30
190.171.141.90 - - [19/Mar/2019:15:36:32 -0300] "GET /cormun/servlet/solicitudotadjuntos?571e8b4b7bfab6341386eb54fdd414a396b7f29a8cfc565a116e2cd3460dc5d1,gx-no-cache=1553020372351 HTTP/1.1" 200 30
190.171.141.90 - - [19/Mar/2019:15:36:32 -0300] "POST /cormun/servlet/solicitudotadjuntos?4f82899ae41754940bb25a368cdc39d4,INS,2019,14809,,1, HTTP/1.1" 200 116
190.171.141.90 - - [19/Mar/2019:15:36:32 -0300] "GET /cormun/servlet/hpexe_return? HTTP/1.1" 200 1023
190.171.141.90 - - [19/Mar/2019:15:36:33 -0300] "GET /cormun/servlet/trsolicitudadjuntos?2019,14809, HTTP/1.1" 200 8893
190.171.143.82 - - [19/Mar/2019:15:36:33 -0300] "GET /cormun/servlet/permisogoce?bc374a72e6938fcf9cb47935ea0a1d994eeeeb4792c623610d26f30a5b9a8aac9d4fd2392ef37b6fb2234c1529971891df6a2684b3af6cd750b4eb3068866d5c,gx-no-cache=1553024529894 HTTP/1.1" 200 47
190.171.141.90 - - [19/Mar/2019:15:36:33 -0300] "GET /cormun/servlet/trsolicitudadjuntos?2019,14809, HTTP/1.1" 200 8892
190.171.141.90 - - [19/Mar/2019:15:36:35 -0300] "GET /cormun/servlet/solicitudotadjuntos?INS,2019,14809,,1, HTTP/1.1" 200 6247
190.171.141.90 - - [19/Mar/2019:15:36:35 -0300] "GET /cormun/static/about:blank HTTP/1.1" 404 1011
190.171.141.90 - - [19/Mar/2019:15:36:35 -0300] "GET /cormun/servlet/solicitudotadjuntos?INS,2019,14809,,1, HTTP/1.1" 200 6241
190.171.141.90 - - [19/Mar/2019:15:36:36 -0300] "GET /cormun/servlet/solicitudotadjuntos?571e8b4b7bfab6341386eb54fdd414a3210b1052dc0cfd84e33620d390d65fd9a8394be23670ea1d352015dd7f3691a3,gx-no-cache=1553020375860 HTTP/1.1" 200 30
190.171.141.90 - - [19/Mar/2019:15:36:36 -0300] "POST /cormun/servlet/solicitudotadjuntos?4f82899ae41754940bb25a368cdc39d4,INS,2019,14809,,1,,gx-no-cache=1553020375946 HTTP/1.1" 200 4055
186.79.128.234 - - [19/Mar/2019:15:36:36 -0300] "GET /cormun/servlet/trsolicitudot? HTTP/1.1" 200 10078
186.79.128.234 - - [19/Mar/2019:15:36:36 -0300] "GET /cormun/servlet/trsolicitudot? HTTP/1.1" 200 10077
190.171.141.90 - - [19/Mar/2019:15:36:38 -0300] "POST /cormun/servlet/solicitudotadjuntos?gx-no-cache=1553020377982 HTTP/1.1" 200 26
186.103.159.204 - - [19/Mar/2019:15:36:42 -0300] "GET /cormun/servlet/hhome HTTP/1.1" 200 4016
186.103.159.204 - - [19/Mar/2019:15:36:43 -0300] "GET /cormun/servlet/hhome HTTP/1.1" 200 4012
190.171.143.82 - - [19/Mar/2019:15:36:49 -0300] "GET /cormun/servlet/permisogoce?bc374a72e6938fcf9cb47935ea0a1d994eeeeb4792c623610d26f30a5b9a8aac87b4d5b55094803ee5a7412c4ac8cf6fffc84e6973a76a2155df61df03570635,gx-no-cache=1553024546080 HTTP/1.1" 200 47
190.171.143.82 - - [19/Mar/2019:15:36:59 -0300] "POST /cormun/servlet/permisogoce?1d92d9dbf1b9cad169526d1e5ba82682,INS,0,,,,gx-no-cache=1553024555882 HTTP/1.1" 200 93
190.171.143.82 - - [19/Mar/2019:15:36:59 -0300] "GET /cormun/servlet/hpexe_return? HTTP/1.1" 200 1013
190.171.143.82 - - [19/Mar/2019:15:37:00 -0300] "GET /cormun/servlet/trpermisosgoce HTTP/1.1" 200 8391
190.171.143.82 - - [19/Mar/2019:15:37:01 -0300] "GET /cormun/servlet/trpermisosgoce HTTP/1.1" 200 8382
190.171.143.82 - - [19/Mar/2019:15:37:05 -0300] "GET /cormun/servlet/apermisogoceprn?10051433,P,20190319172503,PU HTTP/1.1" 200 1653
190.171.141.90 - - [19/Mar/2019:15:37:15 -0300] "GET /cormun/servlet/solicitudotadjuntos?571e8b4b7bfab6341386eb54fdd414a396b7f29a8cfc565a116e2cd3460dc5d1,gx-no-cache=1553020415215 HTTP/1.1" 200 30
190.171.141.90 - - [19/Mar/2019:15:37:15 -0300] "GET /cormun/servlet/solicitudotadjuntos?571e8b4b7bfab6341386eb54fdd414a396b7f29a8cfc565a116e2cd3460dc5d1,gx-no-cache=1553020415243 HTTP/1.1" 200 30
190.171.141.90 - - [19/Mar/2019:15:37:15 -0300] "POST /cormun/servlet/solicitudotadjuntos?4f82899ae41754940bb25a368cdc39d4,INS,2019,14809,,1, HTTP/1.1" 200 116
190.171.141.90 - - [19/Mar/2019:15:37:15 -0300] "GET /cormun/servlet/hpexe_return? HTTP/1.1" 200 1023
190.171.141.90 - - [19/Mar/2019:15:37:16 -0300] "GET /cormun/servlet/trsolicitudadjuntos?2019,14809, HTTP/1.1" 200 9122
190.171.141.90 - - [19/Mar/2019:15:37:16 -0300] "GET /cormun/servlet/trsolicitudadjuntos?2019,14809, HTTP/1.1" 200 9120
190.171.141.90 - - [19/Mar/2019:15:37:18 -0300] "GET /cormun/servlet/solicitudotadjuntos?INS,2019,14809,,1, HTTP/1.1" 200 6248
190.171.141.90 - - [19/Mar/2019:15:37:18 -0300] "GET /cormun/static/about:blank HTTP/1.1" 404 1011
190.171.141.90 - - [19/Mar/2019:15:37:19 -0300] "GET /cormun/servlet/solicitudotadjuntos?INS,2019,14809,,1, HTTP/1.1" 200 6241
190.171.141.90 - - [19/Mar/2019:15:37:19 -0300] "GET /cormun/servlet/solicitudotadjuntos?571e8b4b7bfab6341386eb54fdd414a3210b1052dc0cfd84e33620d390d65fd9a8394be23670ea1d352015dd7f3691a3,gx-no-cache=1553020419218 HTTP/1.1" 200 30
190.171.141.90 - - [19/Mar/2019:15:37:19 -0300] "POST /cormun/servlet/solicitudotadjuntos?4f82899ae41754940bb25a368cdc39d4,INS,2019,14809,,1,,gx-no-cache=1553020419254 HTTP/1.1" 200 4056
190.171.141.90 - - [19/Mar/2019:15:37:22 -0300] "POST /cormun/servlet/solicitudotadjuntos?gx-no-cache=1553020422558 HTTP/1.1" 200 26
190.171.143.82 - - [19/Mar/2019:15:37:41 -0300] "GET /cormun/servlet/permisogoce?INS,0,,, HTTP/1.1" 200 6903
190.171.143.82 - - [19/Mar/2019:15:37:42 -0300] "GET /cormun/servlet/permisogoce?INS,0,,, HTTP/1.1" 200 6903
190.171.141.90 - - [19/Mar/2019:15:37:51 -0300] "GET /cormun/servlet/solicitudotadjuntos?571e8b4b7bfab6341386eb54fdd414a396b7f29a8cfc565a116e2cd3460dc5d1,gx-no-cache=1553020450645 HTTP/1.1" 200 30
190.171.141.90 - - [19/Mar/2019:15:37:51 -0300] "GET /cormun/servlet/solicitudotadjuntos?571e8b4b7bfab6341386eb54fdd414a396b7f29a8cfc565a116e2cd3460dc5d1,gx-no-cache=1553020450862 HTTP/1.1" 200 30
190.171.143.82 - - [19/Mar/2019:15:37:51 -0300] "GET /cormun/servlet/permisogoce?bc374a72e6938fcf9cb47935ea0a1d99e3cee5533c83c175590ef040348121692713fc450208404d2b2c1b900f3092f5,gx-no-cache=1553024607922 HTTP/1.1" 200 74
190.171.141.90 - - [19/Mar/2019:15:37:51 -0300] "POST /cormun/servlet/solicitudotadjuntos?4f82899ae41754940bb25a368cdc39d4,INS,2019,14809,,1, HTTP/1.1" 200 116
190.171.141.90 - - [19/Mar/2019:15:37:51 -0300] "GET /cormun/servlet/hpexe_return? HTTP/1.1" 200 1023
190.171.141.90 - - [19/Mar/2019:15:37:52 -0300] "GET /cormun/servlet/trsolicitudadjuntos?2019,14809, HTTP/1.1" 200 9292
190.171.141.90 - - [19/Mar/2019:15:37:52 -0300] "GET /cormun/servlet/trsolicitudadjuntos?2019,14809, HTTP/1.1" 200 9289
190.171.141.90 - - [19/Mar/2019:15:37:56 -0300] "GET /cormun/servlet/solicitudotadjuntos?INS,2019,14809,,1, HTTP/1.1" 200 6246
190.171.141.90 - - [19/Mar/2019:15:37:56 -0300] "GET /cormun/static/about:blank HTTP/1.1" 404 1011
190.171.141.90 - - [19/Mar/2019:15:37:57 -0300] "GET /cormun/servlet/solicitudotadjuntos?INS,2019,14809,,1, HTTP/1.1" 200 6240
190.171.141.90 - - [19/Mar/2019:15:37:57 -0300] "GET /cormun/servlet/solicitudotadjuntos?571e8b4b7bfab6341386eb54fdd414a3210b1052dc0cfd84e33620d390d65fd9a8394be23670ea1d352015dd7f3691a3,gx-no-cache=1553020457325 HTTP/1.1" 200 30
190.171.141.90 - - [19/Mar/2019:15:37:57 -0300] "POST /cormun/servlet/solicitudotadjuntos?4f82899ae41754940bb25a368cdc39d4,INS,2019,14809,,1,,gx-no-cache=1553020457406 HTTP/1.1" 200 4053
190.171.143.82 - - [19/Mar/2019:15:37:59 -0300] "GET /cormun/servlet/permisogoce?bc374a72e6938fcf9cb47935ea0a1d99ef4e81e19eeb829503fb80f9e93b6104b4ff85a0354ea48b5e6b1be69a75692bdf6a2684b3af6cd750b4eb3068866d5c,gx-no-cache=1553024616095 HTTP/1.1" 200 47
190.171.141.90 - - [19/Mar/2019:15:38:05 -0300] "POST /cormun/servlet/solicitudotadjuntos?gx-no-cache=1553020465205 HTTP/1.1" 200 26
190.171.143.82 - - [19/Mar/2019:15:38:06 -0300] "POST /cormun/servlet/permisogoce?1d92d9dbf1b9cad169526d1e5ba82682,INS,0,,,,gx-no-cache=1553024623129 HTTP/1.1" 200 93
190.171.143.82 - - [19/Mar/2019:15:38:06 -0300] "GET /cormun/servlet/hpexe_return? HTTP/1.1" 200 1013
190.171.143.82 - - [19/Mar/2019:15:38:07 -0300] "GET /cormun/servlet/trpermisosgoce HTTP/1.1" 200 8615
190.171.143.82 - - [19/Mar/2019:15:38:08 -0300] "GET /cormun/servlet/trpermisosgoce HTTP/1.1" 200 8606
190.171.143.82 - - [19/Mar/2019:15:38:12 -0300] "GET /cormun/servlet/apermisogoceprn?7469643,P,20190319173105,PU HTTP/1.1" 200 1654
190.171.141.90 - - [19/Mar/2019:15:38:36 -0300] "GET /cormun/servlet/solicitudotadjuntos?571e8b4b7bfab6341386eb54fdd414a396b7f29a8cfc565a116e2cd3460dc5d1,gx-no-cache=1553020496381 HTTP/1.1" 200 30
190.171.141.90 - - [19/Mar/2019:15:38:36 -0300] "GET /cormun/servlet/solicitudotadjuntos?571e8b4b7bfab6341386eb54fdd414a396b7f29a8cfc565a116e2cd3460dc5d1,gx-no-cache=1553020496426 HTTP/1.1" 200 30
190.171.141.90 - - [19/Mar/2019:15:38:36 -0300] "POST /cormun/servlet/solicitudotadjuntos?4f82899ae41754940bb25a368cdc39d4,INS,2019,14809,,1, HTTP/1.1" 200 116
190.171.141.90 - - [19/Mar/2019:15:38:36 -0300] "GET /cormun/servlet/hpexe_return? HTTP/1.1" 200 1023
190.171.141.90 - - [19/Mar/2019:15:38:37 -0300] "GET /cormun/servlet/trsolicitudadjuntos?2019,14809, HTTP/1.1" 200 9532
190.171.141.90 - - [19/Mar/2019:15:38:37 -0300] "GET /cormun/servlet/trsolicitudadjuntos?2019,14809, HTTP/1.1" 200 9529
190.171.141.90 - - [19/Mar/2019:15:38:39 -0300] "GET /cormun/servlet/solicitudotadjuntos?INS,2019,14809,,1, HTTP/1.1" 200 6248
190.171.141.90 - - [19/Mar/2019:15:38:39 -0300] "GET /cormun/static/about:blank HTTP/1.1" 404 1011
190.171.141.90 - - [19/Mar/2019:15:38:39 -0300] "GET /cormun/servlet/solicitudotadjuntos?INS,2019,14809,,1, HTTP/1.1" 200 6242
190.171.141.90 - - [19/Mar/2019:15:38:40 -0300] "GET /cormun/servlet/solicitudotadjuntos?571e8b4b7bfab6341386eb54fdd414a3210b1052dc0cfd84e33620d390d65fd9a8394be23670ea1d352015dd7f3691a3,gx-no-cache=1553020500167 HTTP/1.1" 200 30
190.171.141.90 - - [19/Mar/2019:15:38:40 -0300] "POST /cormun/servlet/solicitudotadjuntos?4f82899ae41754940bb25a368cdc39d4,INS,2019,14809,,1,,gx-no-cache=1553020500276 HTTP/1.1" 200 4055
190.171.143.82 - - [19/Mar/2019:15:38:41 -0300] "GET /cormun/servlet/apermisogoceprn?8671836,P,20190319172856,PU HTTP/1.1" 200 1646
190.171.141.90 - - [19/Mar/2019:15:38:43 -0300] "POST /cormun/servlet/solicitudotadjuntos?gx-no-cache=1553020503492 HTTP/1.1" 200 26
190.171.141.90 - - [19/Mar/2019:15:39:10 -0300] "GET /cormun/servlet/solicitudotadjuntos?571e8b4b7bfab6341386eb54fdd414a396b7f29a8cfc565a116e2cd3460dc5d1,gx-no-cache=1553020529694 HTTP/1.1" 200 30
190.171.141.90 - - [19/Mar/2019:15:39:10 -0300] "GET /cormun/servlet/solicitudotadjuntos?571e8b4b7bfab6341386eb54fdd414a396b7f29a8cfc565a116e2cd3460dc5d1,gx-no-cache=1553020529775 HTTP/1.1" 200 30
190.171.141.90 - - [19/Mar/2019:15:39:10 -0300] "POST /cormun/servlet/solicitudotadjuntos?4f82899ae41754940bb25a368cdc39d4,INS,2019,14809,,1, HTTP/1.1" 200 116
190.171.141.90 - - [19/Mar/2019:15:39:10 -0300] "GET /cormun/servlet/hpexe_return? HTTP/1.1" 200 1023
190.171.141.90 - - [19/Mar/2019:15:39:10 -0300] "GET /cormun/servlet/trsolicitudadjuntos?2019,14809, HTTP/1.1" 200 9769
190.171.141.90 - - [19/Mar/2019:15:39:11 -0300] "GET /cormun/servlet/trsolicitudadjuntos?2019,14809, HTTP/1.1" 200 9771
190.171.141.90 - - [19/Mar/2019:15:39:36 -0300] "GET /cormun/servlet/solicitudotadjuntos?INS,2019,14809,,1, HTTP/1.1" 200 6247
190.171.141.90 - - [19/Mar/2019:15:39:36 -0300] "GET /cormun/static/about:blank HTTP/1.1" 404 1011
190.171.141.90 - - [19/Mar/2019:15:39:37 -0300] "GET /cormun/servlet/solicitudotadjuntos?INS,2019,14809,,1, HTTP/1.1" 200 6241
190.171.141.90 - - [19/Mar/2019:15:39:37 -0300] "GET /cormun/servlet/solicitudotadjuntos?571e8b4b7bfab6341386eb54fdd414a3210b1052dc0cfd84e33620d390d65fd9a8394be23670ea1d352015dd7f3691a3,gx-no-cache=1553020557226 HTTP/1.1" 200 30
190.171.141.90 - - [19/Mar/2019:15:39:37 -0300] "POST /cormun/servlet/solicitudotadjuntos?4f82899ae41754940bb25a368cdc39d4,INS,2019,14809,,1,,gx-no-cache=1553020557341 HTTP/1.1" 200 4055
190.171.141.90 - - [19/Mar/2019:15:39:40 -0300] "POST /cormun/servlet/solicitudotadjuntos?gx-no-cache=1553020559884 HTTP/1.1" 200 26
190.171.141.90 - - [19/Mar/2019:15:40:05 -0300] "GET /cormun/servlet/solicitudotadjuntos?571e8b4b7bfab6341386eb54fdd414a396b7f29a8cfc565a116e2cd3460dc5d1,gx-no-cache=1553020585597 HTTP/1.1" 200 30
190.171.141.90 - - [19/Mar/2019:15:40:05 -0300] "GET /cormun/servlet/solicitudotadjuntos?571e8b4b7bfab6341386eb54fdd414a396b7f29a8cfc565a116e2cd3460dc5d1,gx-no-cache=1553020585702 HTTP/1.1" 200 30
190.171.141.90 - - [19/Mar/2019:15:40:06 -0300] "POST /cormun/servlet/solicitudotadjuntos?4f82899ae41754940bb25a368cdc39d4,INS,2019,14809,,1, HTTP/1.1" 200 116
190.171.141.90 - - [19/Mar/2019:15:40:06 -0300] "GET /cormun/servlet/hpexe_return? HTTP/1.1" 200 1023
190.171.141.90 - - [19/Mar/2019:15:40:06 -0300] "GET /cormun/servlet/trsolicitudadjuntos?2019,14809, HTTP/1.1" 200 9992
190.171.141.90 - - [19/Mar/2019:15:40:07 -0300] "GET /cormun/servlet/trsolicitudadjuntos?2019,14809, HTTP/1.1" 200 9989
190.171.141.90 - - [19/Mar/2019:15:40:16 -0300] "POST /cormun/servlet/trsolicitudadjuntos?4f82899ae41754940bb25a368cdc39d4,2019,14809,,gx-no-cache=1553020596444 HTTP/1.1" 200 90
