186.67.164.138 - - [19/Mar/2019:08:51:46 -0300] "GET /cormun/servlet/solicitudot?499ffa65048d923f9bc7ef346438bec9667866fc9161eaf6f2c3b288a17f6f49bd5920ae5938b4ec75226280e5de0912ce78508f508d4bcf170c61ab070116f9,gx-no-cache=1552996086991 HTTP/1.1" 200 30
186.67.164.138 - - [19/Mar/2019:08:51:46 -0300] "GET /cormun/servlet/solicitudot?499ffa65048d923f9bc7ef346438bec949df3311895d34dacf239255f5d373b6f77098797d0f7203e091d285cf183058821b65a8c6841530140f9741e1b8531eb8b1a7650d9c60d7ffd83979beeb7150,gx-no-cache=1552996087090 HTTP/1.1" 200 60
186.67.164.138 - - [19/Mar/2019:08:51:46 -0300] "POST /cormun/servlet/solicitudot?gx-no-cache=1552996087201 HTTP/1.1" 200 295
186.67.164.138 - - [19/Mar/2019:08:51:46 -0300] "GET /cormun/servlet/solicitudot?499ffa65048d923f9bc7ef346438bec9e63e3b1ee3e744dd8fc4b012008ffeb65ae392d6e1eb2f4d5b0f413d08d632def90a1eb95fead62ac17cbf5fd8184fb9c2ec69fbb16f7c4185fcdf2bf7245489ae03d59ce6a3e2cd04d3e062bbba3fd22e251078737ff4874f580bcc330ed2449e57b64d0c65945d37370a9c26ef97a512efa1382258787a0a9dbaee3fd0c35486558aed88ac9998752bbe2f3e831ba97000597d18c4b4b1c8e24a0fdd4ac9ce62c8b145c27dc2fafd3caa277eb8c2d8fdb8d7494830df969dcdb0c8efd1c21b38413181f49b8f474cc5d74f7daabe909a3d517e6551d75f94263fbd1f7fe8d40ce81dde858f35fc9b321fe8ee1d84bbc5069bada278543e4e497b271033daed527ff95fefdef8e555705ca15bd2218c33107a9dabf5db4a5ec1b6cd7c51019c516f4cf765e36f76b5852ab6efa4417e90e5bd61dae765de18359e0c5119810e975f64139fa03df7f75670035ff2669297051cea1da75a6087cb9ed2669d75ed10cc912aee77ae429b163dc796b87695558409fe8add07f231c3fe6a8bb98379,gx-no-cache=1552996087329 HTTP/1.1" 200 30
186.67.164.138 - - [19/Mar/2019:08:51:47 -0300] "POST /cormun/servlet/solicitudot?gx-no-cache=1552996087447 HTTP/1.1" 200 30
186.67.164.138 - - [19/Mar/2019:08:51:47 -0300] "POST /cormun/servlet/solicitudot?gx-no-cache=1552996087568 HTTP/1.1" 200 1288
186.67.164.138 - - [19/Mar/2019:08:51:47 -0300] "POST /cormun/servlet/solicitudot?gx-no-cache=1552996087752 HTTP/1.1" 200 41
192.168.10.96 - - [19/Mar/2019:08:51:57 -0300] "POST /cormun/servlet/trautorizarot?c7877f8131ddb7049e3d4ce02de46271,,gx-no-cache=1553003121784 HTTP/1.1" 200 5173
192.168.10.96 - - [19/Mar/2019:08:51:58 -0300] "POST /cormun/servlet/trautorizarot?c7877f8131ddb7049e3d4ce02de46271,,gx-no-cache=1553003122664 HTTP/1.1" 200 5172
186.67.164.138 - - [19/Mar/2019:08:52:01 -0300] "POST /cormun/servlet/solicitudot?16eff7b188f4c716b09215d8f8bbc31b,UPD,2019,14682,,gx-no-cache=1552996101044 HTTP/1.1" 200 93
186.67.164.138 - - [19/Mar/2019:08:52:01 -0300] "GET /cormun/servlet/hpexe_return? HTTP/1.1" 200 1029
186.67.164.138 - - [19/Mar/2019:08:52:01 -0300] "GET /cormun/servlet/trsolicitudot?gx-no-cache=1552996078765 HTTP/1.1" 200 8527
186.67.164.138 - - [19/Mar/2019:08:52:02 -0300] "GET /cormun/servlet/trsolicitudot?gx-no-cache=1552996078765 HTTP/1.1" 200 8544
192.168.10.96 - - [19/Mar/2019:08:52:05 -0300] "POST /cormun/servlet/trautorizarot?c7877f8131ddb7049e3d4ce02de46271,,gx-no-cache=1553003129233 HTTP/1.1" 200 5170
192.168.10.96 - - [19/Mar/2019:08:52:06 -0300] "POST /cormun/servlet/trautorizarot?c7877f8131ddb7049e3d4ce02de46271,,gx-no-cache=1553003130041 HTTP/1.1" 200 5167
192.168.10.96 - - [19/Mar/2019:08:52:06 -0300] "POST /cormun/servlet/trautorizarot?c7877f8131ddb7049e3d4ce02de46271,,gx-no-cache=1553003130240 HTTP/1.1" 200 5170
192.168.10.96 - - [19/Mar/2019:08:52:06 -0300] "POST /cormun/servlet/trautorizarot?c7877f8131ddb7049e3d4ce02de46271,,gx-no-cache=1553003130448 HTTP/1.1" 200 5169
192.168.10.96 - - [19/Mar/2019:08:52:06 -0300] "POST /cormun/servlet/trautorizarot?c7877f8131ddb7049e3d4ce02de46271,,gx-no-cache=1553003130656 HTTP/1.1" 200 5170
192.168.10.96 - - [19/Mar/2019:08:52:06 -0300] "POST /cormun/servlet/trautorizarot?c7877f8131ddb7049e3d4ce02de46271,,gx-no-cache=1553003130830 HTTP/1.1" 200 5169
192.168.10.96 - - [19/Mar/2019:08:52:12 -0300] "POST /cormun/servlet/trautorizarot?c7877f8131ddb7049e3d4ce02de46271,,gx-no-cache=1553003136175 HTTP/1.1" 200 8298
192.168.10.96 - - [19/Mar/2019:08:52:12 -0300] "POST /cormun/servlet/trautorizarot?c7877f8131ddb7049e3d4ce02de46271,,gx-no-cache=1553003136508 HTTP/1.1" 200 8296
192.168.10.96 - - [19/Mar/2019:08:52:13 -0300] "POST /cormun/servlet/trautorizarot?c7877f8131ddb7049e3d4ce02de46271,,gx-no-cache=1553003137537 HTTP/1.1" 200 8296
192.168.10.89 - - [19/Mar/2019:08:53:17 -0300] "POST /cormun/servlet/vesolicitudgral?704ed4e5b778941fb443074d477a54b9,2019,14607,,SolicitudOTAdjuntos,gx-no-cache=1553003201122 HTTP/1.1" 200 90
192.168.10.89 - - [19/Mar/2019:08:53:17 -0300] "GET /cormun/servlet/hpexe_link HTTP/1.1" 200 974
192.168.10.89 - - [19/Mar/2019:08:53:17 -0300] "GET /cormun/servlet/trsolicitudgral HTTP/1.1" 200 9684
192.168.10.89 - - [19/Mar/2019:08:53:22 -0300] "POST /cormun/servlet/trsolicitudgral?704ed4e5b778941fb443074d477a54b9,gx-no-cache=1553003206468 HTTP/1.1" 200 6666
192.168.10.96 - - [19/Mar/2019:08:55:17 -0300] "POST /cormun/servlet/trautorizarot?c7877f8131ddb7049e3d4ce02de46271,,gx-no-cache=1553003321155 HTTP/1.1" 200 7838
192.168.10.96 - - [19/Mar/2019:08:56:25 -0300] "POST /cormun/servlet/trautorizarot?c7877f8131ddb7049e3d4ce02de46271,,gx-no-cache=1553003389309 HTTP/1.1" 200 7470
186.67.164.138 - - [19/Mar/2019:08:57:30 -0300] "POST /cormun/servlet/trsolicitudot?16eff7b188f4c716b09215d8f8bbc31b,gx-no-cache=1552996078765,gx-no-cache=1552996431361 HTTP/1.1" 200 107
186.67.164.138 - - [19/Mar/2019:08:57:31 -0300] "GET /cormun/servlet/trsolicitudadjuntos?2019,14682, HTTP/1.1" 200 6170
186.67.164.138 - - [19/Mar/2019:08:57:32 -0300] "GET /cormun/servlet/trsolicitudadjuntos?2019,14682, HTTP/1.1" 200 6146
186.67.164.138 - - [19/Mar/2019:08:57:34 -0300] "GET /cormun/servlet/solicitudotadjuntos?INS,2019,14682,,1, HTTP/1.1" 200 6089
186.67.164.138 - - [19/Mar/2019:08:57:35 -0300] "GET /cormun/static/about:blank HTTP/1.1" 404 1011
186.67.164.138 - - [19/Mar/2019:08:57:35 -0300] "GET /cormun/servlet/solicitudotadjuntos?INS,2019,14682,,1, HTTP/1.1" 200 6083
186.67.164.138 - - [19/Mar/2019:08:57:36 -0300] "GET /cormun/servlet/solicitudotadjuntos?499ffa65048d923f9bc7ef346438bec9fe0b698dfd5de1f74bd77d497125e359760d3f96b809cdd0ce38bd82b486e542,gx-no-cache=1552996436495 HTTP/1.1" 200 30
186.67.164.138 - - [19/Mar/2019:08:57:36 -0300] "POST /cormun/servlet/solicitudotadjuntos?16eff7b188f4c716b09215d8f8bbc31b,INS,2019,14682,,1,,gx-no-cache=1552996436525 HTTP/1.1" 200 3866
186.67.164.138 - - [19/Mar/2019:08:57:39 -0300] "POST /cormun/servlet/solicitudotadjuntos?gx-no-cache=1552996439441 HTTP/1.1" 200 26
192.168.10.96 - - [19/Mar/2019:08:57:58 -0300] "POST /cormun/servlet/trautorizarot?c7877f8131ddb7049e3d4ce02de46271,,gx-no-cache=1553003482243 HTTP/1.1" 200 6869
186.67.164.138 - - [19/Mar/2019:08:57:58 -0300] "GET /cormun/servlet/solicitudotadjuntos?499ffa65048d923f9bc7ef346438bec953d9db5663979d1a81a6fc2d9062e210,gx-no-cache=1552996458721 HTTP/1.1" 200 30
186.67.164.138 - - [19/Mar/2019:08:57:58 -0300] "GET /cormun/servlet/solicitudotadjuntos?499ffa65048d923f9bc7ef346438bec953d9db5663979d1a81a6fc2d9062e210,gx-no-cache=1552996458870 HTTP/1.1" 200 30
192.168.10.96 - - [19/Mar/2019:08:57:58 -0300] "POST /cormun/servlet/trautorizarot?c7877f8131ddb7049e3d4ce02de46271,,gx-no-cache=1553003482729 HTTP/1.1" 200 6868
186.67.164.138 - - [19/Mar/2019:08:58:03 -0300] "POST /cormun/servlet/solicitudotadjuntos?16eff7b188f4c716b09215d8f8bbc31b,INS,2019,14682,,1, HTTP/1.1" 200 116
186.67.164.138 - - [19/Mar/2019:08:58:03 -0300] "GET /cormun/servlet/hpexe_return? HTTP/1.1" 200 1021
186.67.164.138 - - [19/Mar/2019:08:58:04 -0300] "GET /cormun/servlet/trsolicitudadjuntos?2019,14682, HTTP/1.1" 200 8745
186.67.164.138 - - [19/Mar/2019:08:58:05 -0300] "GET /cormun/servlet/trsolicitudadjuntos?2019,14682, HTTP/1.1" 200 8741
186.67.164.138 - - [19/Mar/2019:08:58:07 -0300] "GET /cormun/servlet/solicitudotadjuntos?INS,2019,14682,,1, HTTP/1.1" 200 6089
186.67.164.138 - - [19/Mar/2019:08:58:07 -0300] "GET /cormun/static/about:blank HTTP/1.1" 404 1011
186.67.164.138 - - [19/Mar/2019:08:58:08 -0300] "GET /cormun/servlet/solicitudotadjuntos?INS,2019,14682,,1, HTTP/1.1" 200 6083
186.67.164.138 - - [19/Mar/2019:08:58:08 -0300] "GET /cormun/servlet/solicitudotadjuntos?499ffa65048d923f9bc7ef346438bec9fe0b698dfd5de1f74bd77d497125e359760d3f96b809cdd0ce38bd82b486e542,gx-no-cache=1552996468979 HTTP/1.1" 200 30
186.67.164.138 - - [19/Mar/2019:08:58:08 -0300] "POST /cormun/servlet/solicitudotadjuntos?16eff7b188f4c716b09215d8f8bbc31b,INS,2019,14682,,1,,gx-no-cache=1552996469000 HTTP/1.1" 200 3865
186.67.164.138 - - [19/Mar/2019:08:58:10 -0300] "POST /cormun/servlet/solicitudotadjuntos?gx-no-cache=1552996471306 HTTP/1.1" 200 26
186.67.164.138 - - [19/Mar/2019:08:58:21 -0300] "GET /cormun/servlet/solicitudotadjuntos?499ffa65048d923f9bc7ef346438bec953d9db5663979d1a81a6fc2d9062e210,gx-no-cache=1552996481170 HTTP/1.1" 200 30
186.67.164.138 - - [19/Mar/2019:08:58:21 -0300] "GET /cormun/servlet/solicitudotadjuntos?499ffa65048d923f9bc7ef346438bec953d9db5663979d1a81a6fc2d9062e210,gx-no-cache=1552996481448 HTTP/1.1" 200 30
186.67.164.138 - - [19/Mar/2019:08:58:21 -0300] "POST /cormun/servlet/solicitudotadjuntos?16eff7b188f4c716b09215d8f8bbc31b,INS,2019,14682,,1, HTTP/1.1" 200 116
186.67.164.138 - - [19/Mar/2019:08:58:22 -0300] "GET /cormun/servlet/hpexe_return? HTTP/1.1" 200 1021
186.67.164.138 - - [19/Mar/2019:08:58:22 -0300] "GET /cormun/servlet/trsolicitudadjuntos?2019,14682, HTTP/1.1" 200 8966
186.67.164.138 - - [19/Mar/2019:08:58:23 -0300] "GET /cormun/servlet/trsolicitudadjuntos?2019,14682, HTTP/1.1" 200 8964
186.67.164.138 - - [19/Mar/2019:08:58:25 -0300] "GET /cormun/servlet/solicitudotadjuntos?INS,2019,14682,,1, HTTP/1.1" 200 6089
186.67.164.138 - - [19/Mar/2019:08:58:25 -0300] "GET /cormun/static/about:blank HTTP/1.1" 404 1011
186.67.164.138 - - [19/Mar/2019:08:58:25 -0300] "GET /cormun/servlet/solicitudotadjuntos?INS,2019,14682,,1, HTTP/1.1" 200 6083
186.67.164.138 - - [19/Mar/2019:08:58:26 -0300] "GET /cormun/servlet/solicitudotadjuntos?499ffa65048d923f9bc7ef346438bec9fe0b698dfd5de1f74bd77d497125e359760d3f96b809cdd0ce38bd82b486e542,gx-no-cache=1552996486861 HTTP/1.1" 200 30
186.67.164.138 - - [19/Mar/2019:08:58:26 -0300] "POST /cormun/servlet/solicitudotadjuntos?16eff7b188f4c716b09215d8f8bbc31b,INS,2019,14682,,1,,gx-no-cache=1552996486897 HTTP/1.1" 200 3865
186.67.164.138 - - [19/Mar/2019:08:58:29 -0300] "POST /cormun/servlet/solicitudotadjuntos?gx-no-cache=1552996489505 HTTP/1.1" 200 26
186.67.164.138 - - [19/Mar/2019:08:58:35 -0300] "GET /cormun/servlet/solicitudotadjuntos?499ffa65048d923f9bc7ef346438bec953d9db5663979d1a81a6fc2d9062e210,gx-no-cache=1552996495441 HTTP/1.1" 200 30
186.67.164.138 - - [19/Mar/2019:08:58:35 -0300] "GET /cormun/servlet/solicitudotadjuntos?499ffa65048d923f9bc7ef346438bec953d9db5663979d1a81a6fc2d9062e210,gx-no-cache=1552996495537 HTTP/1.1" 200 30
186.67.164.138 - - [19/Mar/2019:08:58:36 -0300] "POST /cormun/servlet/solicitudotadjuntos?16eff7b188f4c716b09215d8f8bbc31b,INS,2019,14682,,1, HTTP/1.1" 200 116
186.67.164.138 - - [19/Mar/2019:08:58:36 -0300] "GET /cormun/servlet/hpexe_return? HTTP/1.1" 200 1021
186.67.164.138 - - [19/Mar/2019:08:58:37 -0300] "GET /cormun/servlet/trsolicitudadjuntos?2019,14682, HTTP/1.1" 200 9154
186.67.164.138 - - [19/Mar/2019:08:58:38 -0300] "GET /cormun/servlet/trsolicitudadjuntos?2019,14682, HTTP/1.1" 200 9151
186.67.164.138 - - [19/Mar/2019:08:58:40 -0300] "GET /cormun/servlet/solicitudotadjuntos?INS,2019,14682,,1, HTTP/1.1" 200 6088
186.67.164.138 - - [19/Mar/2019:08:58:40 -0300] "GET /cormun/static/about:blank HTTP/1.1" 404 1011
186.67.164.138 - - [19/Mar/2019:08:58:40 -0300] "GET /cormun/servlet/solicitudotadjuntos?INS,2019,14682,,1, HTTP/1.1" 200 6082
186.67.164.138 - - [19/Mar/2019:08:58:41 -0300] "GET /cormun/servlet/solicitudotadjuntos?499ffa65048d923f9bc7ef346438bec9fe0b698dfd5de1f74bd77d497125e359760d3f96b809cdd0ce38bd82b486e542,gx-no-cache=1552996501885 HTTP/1.1" 200 30
186.67.164.138 - - [19/Mar/2019:08:58:41 -0300] "POST /cormun/servlet/solicitudotadjuntos?16eff7b188f4c716b09215d8f8bbc31b,INS,2019,14682,,1,,gx-no-cache=1552996501910 HTTP/1.1" 200 3865
186.67.164.138 - - [19/Mar/2019:08:58:44 -0300] "POST /cormun/servlet/solicitudotadjuntos?gx-no-cache=1552996504591 HTTP/1.1" 200 26
192.168.10.96 - - [19/Mar/2019:08:58:47 -0300] "POST /cormun/servlet/trautorizarot?c7877f8131ddb7049e3d4ce02de46271,,gx-no-cache=1553003530914 HTTP/1.1" 200 5343
186.67.164.138 - - [19/Mar/2019:08:58:51 -0300] "GET /cormun/servlet/solicitudotadjuntos?499ffa65048d923f9bc7ef346438bec953d9db5663979d1a81a6fc2d9062e210,gx-no-cache=1552996511841 HTTP/1.1" 200 30
186.67.164.138 - - [19/Mar/2019:08:58:51 -0300] "GET /cormun/servlet/solicitudotadjuntos?499ffa65048d923f9bc7ef346438bec953d9db5663979d1a81a6fc2d9062e210,gx-no-cache=1552996511867 HTTP/1.1" 200 30
186.67.164.138 - - [19/Mar/2019:08:58:53 -0300] "POST /cormun/servlet/solicitudotadjuntos?16eff7b188f4c716b09215d8f8bbc31b,INS,2019,14682,,1, HTTP/1.1" 200 116
186.67.164.138 - - [19/Mar/2019:08:58:53 -0300] "GET /cormun/servlet/hpexe_return? HTTP/1.1" 200 1021
186.67.164.138 - - [19/Mar/2019:08:58:54 -0300] "GET /cormun/servlet/trsolicitudadjuntos?2019,14682, HTTP/1.1" 200 9379
186.67.164.138 - - [19/Mar/2019:08:58:56 -0300] "GET /cormun/servlet/trsolicitudadjuntos?2019,14682, HTTP/1.1" 200 9377
186.67.164.138 - - [19/Mar/2019:08:58:57 -0300] "GET /cormun/servlet/solicitudotadjuntos?INS,2019,14682,,1, HTTP/1.1" 200 6088
186.67.164.138 - - [19/Mar/2019:08:58:57 -0300] "GET /cormun/static/about:blank HTTP/1.1" 404 1011
186.67.164.138 - - [19/Mar/2019:08:58:58 -0300] "GET /cormun/servlet/solicitudotadjuntos?INS,2019,14682,,1, HTTP/1.1" 200 6082
186.67.164.138 - - [19/Mar/2019:08:58:58 -0300] "GET /cormun/servlet/solicitudotadjuntos?499ffa65048d923f9bc7ef346438bec9fe0b698dfd5de1f74bd77d497125e359760d3f96b809cdd0ce38bd82b486e542,gx-no-cache=1552996518926 HTTP/1.1" 200 30
186.67.164.138 - - [19/Mar/2019:08:58:58 -0300] "POST /cormun/servlet/solicitudotadjuntos?16eff7b188f4c716b09215d8f8bbc31b,INS,2019,14682,,1,,gx-no-cache=1552996518963 HTTP/1.1" 200 3865
192.168.10.96 - - [19/Mar/2019:08:59:00 -0300] "POST /cormun/servlet/trautorizarot?c7877f8131ddb7049e3d4ce02de46271,,gx-no-cache=1553003544522 HTTP/1.1" 200 5175
186.67.164.138 - - [19/Mar/2019:08:59:01 -0300] "POST /cormun/servlet/solicitudotadjuntos?gx-no-cache=1552996521681 HTTP/1.1" 200 26
192.168.10.96 - - [19/Mar/2019:08:59:01 -0300] "POST /cormun/servlet/trautorizarot?c7877f8131ddb7049e3d4ce02de46271,,gx-no-cache=1553003545289 HTTP/1.1" 200 5173
192.168.10.96 - - [19/Mar/2019:08:59:01 -0300] "POST /cormun/servlet/trautorizarot?c7877f8131ddb7049e3d4ce02de46271,,gx-no-cache=1553003545881 HTTP/1.1" 200 5173
192.168.10.96 - - [19/Mar/2019:08:59:02 -0300] "POST /cormun/servlet/trautorizarot?c7877f8131ddb7049e3d4ce02de46271,,gx-no-cache=1553003546091 HTTP/1.1" 200 5173
186.67.164.138 - - [19/Mar/2019:08:59:08 -0300] "GET /cormun/servlet/solicitudotadjuntos?499ffa65048d923f9bc7ef346438bec953d9db5663979d1a81a6fc2d9062e210,gx-no-cache=1552996528529 HTTP/1.1" 200 30
186.67.164.138 - - [19/Mar/2019:08:59:08 -0300] "GET /cormun/servlet/solicitudotadjuntos?499ffa65048d923f9bc7ef346438bec953d9db5663979d1a81a6fc2d9062e210,gx-no-cache=1552996528613 HTTP/1.1" 200 30
192.168.10.96 - - [19/Mar/2019:08:59:08 -0300] "POST /cormun/servlet/trautorizarot?c7877f8131ddb7049e3d4ce02de46271,,gx-no-cache=1553003552529 HTTP/1.1" 200 5173
192.168.10.96 - - [19/Mar/2019:08:59:08 -0300] "POST /cormun/servlet/trautorizarot?c7877f8131ddb7049e3d4ce02de46271,,gx-no-cache=1553003552762 HTTP/1.1" 200 5174
192.168.10.96 - - [19/Mar/2019:08:59:09 -0300] "POST /cormun/servlet/trautorizarot?c7877f8131ddb7049e3d4ce02de46271,,gx-no-cache=1553003552996 HTTP/1.1" 200 5175
186.67.164.138 - - [19/Mar/2019:08:59:09 -0300] "POST /cormun/servlet/solicitudotadjuntos?16eff7b188f4c716b09215d8f8bbc31b,INS,2019,14682,,1, HTTP/1.1" 200 116
186.67.164.138 - - [19/Mar/2019:08:59:09 -0300] "GET /cormun/servlet/hpexe_return? HTTP/1.1" 200 1021
186.67.164.138 - - [19/Mar/2019:08:59:10 -0300] "GET /cormun/servlet/trsolicitudadjuntos?2019,14682, HTTP/1.1" 200 9635
186.67.164.138 - - [19/Mar/2019:08:59:12 -0300] "GET /cormun/servlet/trsolicitudadjuntos?2019,14682, HTTP/1.1" 200 9633
186.67.164.138 - - [19/Mar/2019:08:59:13 -0300] "GET /cormun/servlet/solicitudotadjuntos?INS,2019,14682,,1, HTTP/1.1" 200 6088
186.67.164.138 - - [19/Mar/2019:08:59:13 -0300] "GET /cormun/static/about:blank HTTP/1.1" 404 1011
186.67.164.138 - - [19/Mar/2019:08:59:13 -0300] "GET /cormun/servlet/solicitudotadjuntos?INS,2019,14682,,1, HTTP/1.1" 200 6082
186.67.164.138 - - [19/Mar/2019:08:59:14 -0300] "GET /cormun/servlet/solicitudotadjuntos?499ffa65048d923f9bc7ef346438bec9fe0b698dfd5de1f74bd77d497125e359760d3f96b809cdd0ce38bd82b486e542,gx-no-cache=1552996534874 HTTP/1.1" 200 30
186.67.164.138 - - [19/Mar/2019:08:59:14 -0300] "POST /cormun/servlet/solicitudotadjuntos?16eff7b188f4c716b09215d8f8bbc31b,INS,2019,14682,,1,,gx-no-cache=1552996534912 HTTP/1.1" 200 3865
186.67.164.138 - - [19/Mar/2019:08:59:18 -0300] "POST /cormun/servlet/solicitudotadjuntos?gx-no-cache=1552996538945 HTTP/1.1" 200 26
192.168.10.96 - - [19/Mar/2019:08:59:19 -0300] "POST /cormun/servlet/trautorizarot?c7877f8131ddb7049e3d4ce02de46271,,gx-no-cache=1553003562939 HTTP/1.1" 200 7982
186.67.164.138 - - [19/Mar/2019:08:59:25 -0300] "GET /cormun/servlet/solicitudotadjuntos?499ffa65048d923f9bc7ef346438bec953d9db5663979d1a81a6fc2d9062e210,gx-no-cache=1552996545617 HTTP/1.1" 200 30
186.67.164.138 - - [19/Mar/2019:08:59:25 -0300] "GET /cormun/servlet/solicitudotadjuntos?499ffa65048d923f9bc7ef346438bec953d9db5663979d1a81a6fc2d9062e210,gx-no-cache=1552996545653 HTTP/1.1" 200 30
186.67.164.138 - - [19/Mar/2019:08:59:26 -0300] "POST /cormun/servlet/solicitudotadjuntos?16eff7b188f4c716b09215d8f8bbc31b,INS,2019,14682,,1, HTTP/1.1" 200 116
186.67.164.138 - - [19/Mar/2019:08:59:26 -0300] "GET /cormun/servlet/hpexe_return? HTTP/1.1" 200 1021
186.67.164.138 - - [19/Mar/2019:08:59:27 -0300] "GET /cormun/servlet/trsolicitudadjuntos?2019,14682, HTTP/1.1" 200 9854
186.67.164.138 - - [19/Mar/2019:08:59:29 -0300] "GET /cormun/servlet/trsolicitudadjuntos?2019,14682, HTTP/1.1" 200 9850
186.67.164.138 - - [19/Mar/2019:08:59:35 -0300] "POST /cormun/servlet/trsolicitudadjuntos?16eff7b188f4c716b09215d8f8bbc31b,2019,14682,,gx-no-cache=1552996555890 HTTP/1.1" 200 90
186.67.164.138 - - [19/Mar/2019:08:59:35 -0300] "GET /cormun/servlet/hpexe_link HTTP/1.1" 200 983
186.67.164.138 - - [19/Mar/2019:08:59:35 -0300] "GET /cormun/servlet/trsolicitudot?gx-no-cache=1552996078765 HTTP/1.1" 200 8524
186.67.164.138 - - [19/Mar/2019:08:59:36 -0300] "GET /cormun/servlet/trsolicitudot?gx-no-cache=1552996078765 HTTP/1.1" 200 8544
186.67.164.138 - - [19/Mar/2019:08:59:40 -0300] "POST /cormun/servlet/trsolicitudot?16eff7b188f4c716b09215d8f8bbc31b,gx-no-cache=1552996078765,gx-no-cache=1552996561133 HTTP/1.1" 200 4293
186.67.164.138 - - [19/Mar/2019:08:59:41 -0300] "POST /cormun/servlet/trsolicitudot?16eff7b188f4c716b09215d8f8bbc31b,gx-no-cache=1552996078765,gx-no-cache=1552996561422 HTTP/1.1" 200 4055
186.67.164.138 - - [19/Mar/2019:09:01:09 -0300] "POST /cormun/servlet/trsolicitudot?16eff7b188f4c716b09215d8f8bbc31b,gx-no-cache=1552996078765,gx-no-cache=1552996649148 HTTP/1.1" 200 6838
186.67.164.138 - - [19/Mar/2019:09:03:10 -0300] "POST /cormun/servlet/trsolicitudot?16eff7b188f4c716b09215d8f8bbc31b,gx-no-cache=1552996078765,gx-no-cache=1552996770674 HTTP/1.1" 200 7573
192.168.10.96 - - [19/Mar/2019:09:03:16 -0300] "POST /cormun/servlet/trautorizarot?c7877f8131ddb7049e3d4ce02de46271,,gx-no-cache=1553003800484 HTTP/1.1" 200 7615
186.103.159.186 - - [19/Mar/2019:09:03:25 -0300] "GET /cormun/servlet/hlogin HTTP/1.1" 200 1717
186.103.159.186 - - [19/Mar/2019:09:03:25 -0300] "GET /cormun/static/messages.spa.js?85251 HTTP/1.1" 304 -
186.103.159.186 - - [19/Mar/2019:09:03:26 -0300] "GET /cormun/servlet/hlogin HTTP/1.1" 200 1727
186.103.159.186 - - [19/Mar/2019:09:03:32 -0300] "POST /cormun/servlet/hlogin?4731451ebada832bc05a11e61e624c89,gx-no-cache=1552996793687 HTTP/1.1" 200 90
186.103.159.186 - - [19/Mar/2019:09:03:33 -0300] "GET /cormun/servlet/hpexe_link HTTP/1.1" 200 948
186.103.159.186 - - [19/Mar/2019:09:03:33 -0300] "GET /cormun/servlet/hhome HTTP/1.1" 200 4024
186.103.159.186 - - [19/Mar/2019:09:03:33 -0300] "GET /cormun/static/hmpwkw03.js?20189613443875 HTTP/1.1" 304 -
186.103.159.186 - - [19/Mar/2019:09:03:34 -0300] "GET /cormun/servlet/hhome HTTP/1.1" 200 4020
186.103.159.186 - - [19/Mar/2019:09:03:42 -0300] "GET /cormun/servlet/trsolicitudot? HTTP/1.1" 200 9505
186.103.159.186 - - [19/Mar/2019:09:03:43 -0300] "GET /cormun/servlet/trsolicitudot? HTTP/1.1" 200 9503
186.67.164.138 - - [19/Mar/2019:09:03:48 -0300] "POST /cormun/servlet/trsolicitudot?16eff7b188f4c716b09215d8f8bbc31b,gx-no-cache=1552996078765,gx-no-cache=1552996808246 HTTP/1.1" 200 4076
192.168.10.89 - - [19/Mar/2019:09:03:50 -0300] "GET /digitalizacion/servlet/wblogin? HTTP/1.1" 200 2311
192.168.10.89 - - [19/Mar/2019:09:03:50 -0300] "GET /digitalizacion/static/messages.spa.js?85251 HTTP/1.1" 304 -
192.168.10.89 - - [19/Mar/2019:09:03:50 -0300] "GET /digitalizacion/servlet/wblogin? HTTP/1.1" 200 2322
192.168.10.89 - - [19/Mar/2019:09:03:52 -0300] "POST /digitalizacion/servlet/wblogin?1ff62b75adbf3536b2ab7507b8a556bf,,gx-no-cache=1553003836158 HTTP/1.1" 200 65
192.168.10.89 - - [19/Mar/2019:09:03:53 -0300] "GET /digitalizacion/servlet/hhome HTTP/1.1" 200 2825
192.168.10.89 - - [19/Mar/2019:09:03:54 -0300] "GET /digitalizacion/servlet/hhome HTTP/1.1" 200 2824
192.168.10.89 - - [19/Mar/2019:09:03:56 -0300] "GET /digitalizacion/servlet/trdocumentos? HTTP/1.1" 200 9883
192.168.10.89 - - [19/Mar/2019:09:03:57 -0300] "GET /digitalizacion/servlet/trdocumentos? HTTP/1.1" 200 9880
192.168.10.89 - - [19/Mar/2019:09:03:57 -0300] "POST /digitalizacion/servlet/trdocumentos?gx-no-cache=1553003841907 HTTP/1.1" 200 449
186.67.164.138 - - [19/Mar/2019:09:03:58 -0300] "POST /cormun/servlet/trsolicitudot?16eff7b188f4c716b09215d8f8bbc31b,gx-no-cache=1552996078765,gx-no-cache=1552996818244 HTTP/1.1" 200 10358
192.168.10.89 - - [19/Mar/2019:09:03:58 -0300] "POST /digitalizacion/servlet/trdocumentos?gx-no-cache=1553003842073 HTTP/1.1" 200 78
192.168.10.89 - - [19/Mar/2019:09:04:02 -0300] "POST /digitalizacion/servlet/trdocumentos?1ff62b75adbf3536b2ab7507b8a556bf,,gx-no-cache=1553003846087 HTTP/1.1" 200 3426
192.168.10.89 - - [19/Mar/2019:09:04:04 -0300] "GET /digitalizacion/servlet/wbadjunto?1231,PU HTTP/1.1" 302 -
192.168.10.89 - - [19/Mar/2019:09:04:04 -0300] "GET /digitalizacion/PublicTempStorage/3296476.tmp HTTP/1.1" 200 484316
186.103.159.186 - - [19/Mar/2019:09:04:13 -0300] "GET /cormun/servlet/trsolicitudot? HTTP/1.1" 200 9503
186.103.159.186 - - [19/Mar/2019:09:04:14 -0300] "GET /cormun/servlet/trsolicitudot? HTTP/1.1" 200 9503
192.168.10.89 - - [19/Mar/2019:09:04:15 -0300] "GET /digitalizacion/servlet/wbadjunto?1230,PU HTTP/1.1" 302 -
192.168.10.89 - - [19/Mar/2019:09:04:15 -0300] "GET /digitalizacion/PublicTempStorage/5424863.tmp HTTP/1.1" 200 509136
186.103.159.186 - - [19/Mar/2019:09:04:22 -0300] "GET /cormun/servlet/solicitudot?INS,0,0, HTTP/1.1" 200 14866
186.103.159.186 - - [19/Mar/2019:09:04:24 -0300] "GET /cormun/servlet/solicitudot?INS,0,0, HTTP/1.1" 200 14871
186.103.159.186 - - [19/Mar/2019:09:04:36 -0300] "POST /cormun/servlet/solicitudot?gx-no-cache=1552996855473 HTTP/1.1" 200 3450
186.103.159.186 - - [19/Mar/2019:09:04:36 -0300] "POST /cormun/servlet/solicitudot?4731451ebada832bc05a11e61e624c89,INS,0,0,,gx-no-cache=1552996857384 HTTP/1.1" 200 11598
186.67.164.138 - - [19/Mar/2019:09:04:37 -0300] "POST /cormun/servlet/trsolicitudot?16eff7b188f4c716b09215d8f8bbc31b,gx-no-cache=1552996078765,gx-no-cache=1552996857500 HTTP/1.1" 200 6838
186.103.159.186 - - [19/Mar/2019:09:04:41 -0300] "GET /cormun/servlet/solicitudot?ebd0a7d4c8e62e62246b5368b6bee1076f0b9627ff593778e78adf139940ba67dacda040a90bb291e0345e4f1b96bdf4,gx-no-cache=1552996862385 HTTP/1.1" 200 30
192.168.10.96 - - [19/Mar/2019:09:04:45 -0300] "POST /cormun/servlet/trautorizarot?c7877f8131ddb7049e3d4ce02de46271,,gx-no-cache=1553003889300 HTTP/1.1" 200 7255
192.168.10.96 - - [19/Mar/2019:09:05:53 -0300] "POST /cormun/servlet/trautorizarot?c7877f8131ddb7049e3d4ce02de46271,,gx-no-cache=1553003957809 HTTP/1.1" 200 6530
192.168.10.96 - - [19/Mar/2019:09:06:00 -0300] "POST /cormun/servlet/trautorizarot?c7877f8131ddb7049e3d4ce02de46271,,gx-no-cache=1553003964760 HTTP/1.1" 200 5346
186.103.159.186 - - [19/Mar/2019:09:06:01 -0300] "GET /cormun/servlet/solicitudot?ebd0a7d4c8e62e62246b5368b6bee1078dbb7143a6963a02422da58f2f9a7d548049d04b2a286e321ccca53b7136bb7b3fcaa7d741d88183d6dcd328c53d8b3f,gx-no-cache=1552996942081 HTTP/1.1" 200 30
186.103.159.186 - - [19/Mar/2019:09:06:01 -0300] "GET /cormun/servlet/solicitudot?ebd0a7d4c8e62e62246b5368b6bee107095f3ac86562a740892c1925290ab7ff,gx-no-cache=1552996942135 HTTP/1.1" 200 29
186.103.159.186 - - [19/Mar/2019:09:06:03 -0300] "POST /cormun/servlet/solicitudot?gx-no-cache=1552996943287 HTTP/1.1" 200 255
192.168.10.96 - - [19/Mar/2019:09:06:08 -0300] "POST /cormun/servlet/trautorizarot?c7877f8131ddb7049e3d4ce02de46271,,gx-no-cache=1553003972527 HTTP/1.1" 200 9219
186.103.159.186 - - [19/Mar/2019:09:06:28 -0300] "GET /cormun/servlet/solicitudot?ebd0a7d4c8e62e62246b5368b6bee107bbc794af758c07811f1f5df1b62ad94803589cca5842272b8b4e973243c21b7fea3c2e374db44e1d56051283f8a3b6d42b46ba7fa48ecf363b77487cf6cf71c1fcfd61e30122c41507b36b50658014cda5b80d329ca8f65bceab0cf0bcc4b1deb47b86481ed74af34a922567780a4677e7942af6e93021c2e4210fdc493e798d967115d9c165bbc4909d179132f21826f644a1963a15fb9c1a8451827923c26e9b54628a958812b51a1d8da28c0bba99c3b92181688a7d4e71aa5af88034b8b0f61d2e2ee9c9f50b03a9803da3a9972a211c0a2e744f0a2121227c3922fb441f0c7b1684062f9359e7ae6942971616527ff85d44e0c005bc56c8515f3b48bd69a64a37b411975f21e4ad2b502c5dc117f65a68c362d2a0c357bcbec078e1f9c0a9c381d9ad3edcc327d1cd9789a0d65389aba30a6763f55b173cd44911521f004e4f5da4f83ffb6dfd9748453da1f419f66877ef3568e1404a9be1ac9b62acb8b26385ec5cb0a03b16754ea7885b3989,gx-no-cache=1552996946553 HTTP/1.1" 200 30
186.103.159.186 - - [19/Mar/2019:09:06:33 -0300] "POST /cormun/servlet/solicitudot?gx-no-cache=1552996973648 HTTP/1.1" 200 30
186.103.159.186 - - [19/Mar/2019:09:06:37 -0300] "POST /cormun/servlet/solicitudot?gx-no-cache=1552996977660 HTTP/1.1" 200 1285
186.103.159.186 - - [19/Mar/2019:09:06:38 -0300] "POST /cormun/servlet/solicitudot?gx-no-cache=1552996978595 HTTP/1.1" 200 38
186.103.159.186 - - [19/Mar/2019:09:07:11 -0300] "GET /cormun/servlet/solicitudot?ebd0a7d4c8e62e62246b5368b6bee107fcfbc688bc2947dc44b3d1fb40871c907de6a9dd6d9877ad022601d710160f42ee7423a3f9ef81d7991927e8836529bca67c62f35998dd5a8bcfc9b1cc634eeb3ff72df0bfe5930fc24cac6c7176de25b999635c7bde01305031c4b7f2f48876,gx-no-cache=1552997011877 HTTP/1.1" 200 110
186.103.159.186 - - [19/Mar/2019:09:08:07 -0300] "POST /cormun/servlet/solicitudot?gx-no-cache=1552997068497 HTTP/1.1" 200 110
186.103.159.186 - - [19/Mar/2019:09:09:36 -0300] "GET /cormun/servlet/solicitudot?ebd0a7d4c8e62e62246b5368b6bee1077bc58bb38c773985fe9886dab8ced54514a0429179da0dfc2a9928b9c56f0365b1d7252a9197d3cc41beceac674d88ae0fd9c420e6e4d23dd9ce71383fd2fa07adb636d8880569631d6ab03fab9c3b0d55454a3ffbb5eb5f4acd33317ee1e6b8,gx-no-cache=1552997156826 HTTP/1.1" 200 29
186.103.159.186 - - [19/Mar/2019:09:09:37 -0300] "GET /cormun/static/menuarrow.gif HTTP/1.1" 404 1015
186.103.159.186 - - [19/Mar/2019:09:09:40 -0300] "GET /cormun/servlet/solicitudot?ebd0a7d4c8e62e62246b5368b6bee107f45f992ed89df3660f32875d99090e41d054b3fd33d45d71e2e5bb2bd5116650,gx-no-cache=1552997160810 HTTP/1.1" 200 30
186.103.159.186 - - [19/Mar/2019:09:10:41 -0300] "POST /cormun/servlet/solicitudot?gx-no-cache=1552997222237 HTTP/1.1" 200 30
186.103.159.186 - - [19/Mar/2019:09:10:42 -0300] "POST /cormun/servlet/solicitudot?4731451ebada832bc05a11e61e624c89,INS,0,0,,gx-no-cache=1552997222472 HTTP/1.1" 200 93
186.103.159.186 - - [19/Mar/2019:09:10:42 -0300] "GET /cormun/servlet/hpexe_return? HTTP/1.1" 200 1003
186.103.159.186 - - [19/Mar/2019:09:10:42 -0300] "GET /cormun/servlet/trsolicitudot HTTP/1.1" 200 9892
186.103.159.186 - - [19/Mar/2019:09:10:43 -0300] "GET /cormun/servlet/trsolicitudot HTTP/1.1" 200 9888
186.103.159.186 - - [19/Mar/2019:09:10:49 -0300] "POST /cormun/servlet/trsolicitudot?4731451ebada832bc05a11e61e624c89,gx-no-cache=1552997230145 HTTP/1.1" 200 107
186.103.159.186 - - [19/Mar/2019:09:10:49 -0300] "GET /cormun/servlet/trsolicitudadjuntos?2019,14772, HTTP/1.1" 200 6130
186.103.159.186 - - [19/Mar/2019:09:10:51 -0300] "GET /cormun/servlet/trsolicitudadjuntos?2019,14772, HTTP/1.1" 200 6130
186.103.159.186 - - [19/Mar/2019:09:10:53 -0300] "GET /cormun/servlet/solicitudotadjuntos?INS,2019,14772,,1, HTTP/1.1" 200 6073
186.103.159.186 - - [19/Mar/2019:09:10:54 -0300] "GET /cormun/static/about:blank HTTP/1.1" 404 1011
186.103.159.186 - - [19/Mar/2019:09:10:54 -0300] "GET /cormun/servlet/solicitudotadjuntos?INS,2019,14772,,1, HTTP/1.1" 200 6066
186.103.159.186 - - [19/Mar/2019:09:10:55 -0300] "GET /cormun/servlet/solicitudotadjuntos?ebd0a7d4c8e62e62246b5368b6bee107afc18dc4132b5087ab870b474ec7674204bb1419d0b1af19812f0f4b063206cf,gx-no-cache=1552997236310 HTTP/1.1" 200 30
186.103.159.186 - - [19/Mar/2019:09:10:55 -0300] "POST /cormun/servlet/solicitudotadjuntos?4731451ebada832bc05a11e61e624c89,INS,2019,14772,,1,,gx-no-cache=1552997236355 HTTP/1.1" 200 3886
186.103.159.186 - - [19/Mar/2019:09:10:58 -0300] "POST /cormun/servlet/solicitudotadjuntos?gx-no-cache=1552997239148 HTTP/1.1" 200 26
186.103.159.186 - - [19/Mar/2019:09:11:21 -0300] "GET /cormun/servlet/solicitudotadjuntos?ebd0a7d4c8e62e62246b5368b6bee10784e1697b9b00de8b4ecbc8a7fbbbe85c,gx-no-cache=1552997262522 HTTP/1.1" 200 30
186.103.159.186 - - [19/Mar/2019:09:11:21 -0300] "GET /cormun/servlet/solicitudotadjuntos?ebd0a7d4c8e62e62246b5368b6bee10784e1697b9b00de8b4ecbc8a7fbbbe85c,gx-no-cache=1552997262671 HTTP/1.1" 200 30
186.103.159.186 - - [19/Mar/2019:09:11:30 -0300] "POST /cormun/servlet/solicitudotadjuntos?4731451ebada832bc05a11e61e624c89,INS,2019,14772,,1, HTTP/1.1" 200 116
186.103.159.186 - - [19/Mar/2019:09:11:30 -0300] "GET /cormun/servlet/hpexe_return? HTTP/1.1" 200 1024
186.103.159.186 - - [19/Mar/2019:09:11:31 -0300] "GET /cormun/servlet/trsolicitudadjuntos?2019,14772, HTTP/1.1" 200 8708
186.103.159.186 - - [19/Mar/2019:09:11:33 -0300] "GET /cormun/servlet/trsolicitudadjuntos?2019,14772, HTTP/1.1" 200 8703
186.103.159.186 - - [19/Mar/2019:09:11:37 -0300] "GET /cormun/servlet/solicitudotadjuntos?INS,2019,14772,,1, HTTP/1.1" 200 6073
186.103.159.186 - - [19/Mar/2019:09:11:38 -0300] "GET /cormun/servlet/solicitudotadjuntos?INS,2019,14772,,1, HTTP/1.1" 200 6066
186.103.159.186 - - [19/Mar/2019:09:11:39 -0300] "GET /cormun/servlet/solicitudotadjuntos?ebd0a7d4c8e62e62246b5368b6bee107afc18dc4132b5087ab870b474ec7674204bb1419d0b1af19812f0f4b063206cf,gx-no-cache=1552997280146 HTTP/1.1" 200 30
186.103.159.186 - - [19/Mar/2019:09:11:39 -0300] "GET /cormun/static/about:blank HTTP/1.1" 404 1011
186.103.159.186 - - [19/Mar/2019:09:11:40 -0300] "POST /cormun/servlet/solicitudotadjuntos?4731451ebada832bc05a11e61e624c89,INS,2019,14772,,1,,gx-no-cache=1552997280275 HTTP/1.1" 200 3886
186.103.159.186 - - [19/Mar/2019:09:11:43 -0300] "POST /cormun/servlet/solicitudotadjuntos?gx-no-cache=1552997284018 HTTP/1.1" 200 26
186.103.159.186 - - [19/Mar/2019:09:11:53 -0300] "GET /cormun/servlet/solicitudotadjuntos?ebd0a7d4c8e62e62246b5368b6bee10784e1697b9b00de8b4ecbc8a7fbbbe85c,gx-no-cache=1552997294026 HTTP/1.1" 200 30
186.103.159.186 - - [19/Mar/2019:09:11:53 -0300] "GET /cormun/servlet/solicitudotadjuntos?ebd0a7d4c8e62e62246b5368b6bee10784e1697b9b00de8b4ecbc8a7fbbbe85c,gx-no-cache=1552997294490 HTTP/1.1" 200 30
186.103.159.186 - - [19/Mar/2019:09:12:14 -0300] "POST /cormun/servlet/solicitudotadjuntos?4731451ebada832bc05a11e61e624c89,INS,2019,14772,,1, HTTP/1.1" 200 116
186.103.159.186 - - [19/Mar/2019:09:12:14 -0300] "GET /cormun/servlet/hpexe_return? HTTP/1.1" 200 1024
186.103.159.186 - - [19/Mar/2019:09:12:15 -0300] "GET /cormun/servlet/trsolicitudadjuntos?2019,14772, HTTP/1.1" 200 8929
186.103.159.186 - - [19/Mar/2019:09:12:16 -0300] "GET /cormun/servlet/trsolicitudadjuntos?2019,14772, HTTP/1.1" 200 8928
186.103.159.186 - - [19/Mar/2019:09:12:19 -0300] "GET /cormun/servlet/solicitudotadjuntos?INS,2019,14772,,1, HTTP/1.1" 200 6073
186.103.159.186 - - [19/Mar/2019:09:12:20 -0300] "GET /cormun/static/about:blank HTTP/1.1" 404 1011
186.103.159.186 - - [19/Mar/2019:09:12:20 -0300] "GET /cormun/servlet/solicitudotadjuntos?INS,2019,14772,,1, HTTP/1.1" 200 6066
186.103.159.186 - - [19/Mar/2019:09:12:21 -0300] "GET /cormun/servlet/solicitudotadjuntos?ebd0a7d4c8e62e62246b5368b6bee107afc18dc4132b5087ab870b474ec7674204bb1419d0b1af19812f0f4b063206cf,gx-no-cache=1552997322282 HTTP/1.1" 200 30
186.103.159.186 - - [19/Mar/2019:09:12:21 -0300] "POST /cormun/servlet/solicitudotadjuntos?4731451ebada832bc05a11e61e624c89,INS,2019,14772,,1,,gx-no-cache=1552997322362 HTTP/1.1" 200 3886
186.103.159.186 - - [19/Mar/2019:09:12:25 -0300] "POST /cormun/servlet/solicitudotadjuntos?gx-no-cache=1552997326381 HTTP/1.1" 200 26
186.103.159.186 - - [19/Mar/2019:09:12:36 -0300] "GET /cormun/servlet/solicitudotadjuntos?ebd0a7d4c8e62e62246b5368b6bee10784e1697b9b00de8b4ecbc8a7fbbbe85c,gx-no-cache=1552997337149 HTTP/1.1" 200 30
186.103.159.186 - - [19/Mar/2019:09:12:36 -0300] "GET /cormun/servlet/solicitudotadjuntos?ebd0a7d4c8e62e62246b5368b6bee10784e1697b9b00de8b4ecbc8a7fbbbe85c,gx-no-cache=1552997337178 HTTP/1.1" 200 30
186.103.159.186 - - [19/Mar/2019:09:12:40 -0300] "POST /cormun/servlet/solicitudotadjuntos?4731451ebada832bc05a11e61e624c89,INS,2019,14772,,1, HTTP/1.1" 200 116
186.103.159.186 - - [19/Mar/2019:09:12:40 -0300] "GET /cormun/servlet/hpexe_return? HTTP/1.1" 200 1024
186.103.159.186 - - [19/Mar/2019:09:12:41 -0300] "GET /cormun/servlet/trsolicitudadjuntos?2019,14772, HTTP/1.1" 200 9114
186.103.159.186 - - [19/Mar/2019:09:12:42 -0300] "GET /cormun/servlet/trsolicitudadjuntos?2019,14772, HTTP/1.1" 200 9113
186.103.159.186 - - [19/Mar/2019:09:12:56 -0300] "GET /cormun/servlet/solicitudotadjuntos?INS,2019,14772,,1, HTTP/1.1" 200 6073
186.103.159.186 - - [19/Mar/2019:09:12:57 -0300] "GET /cormun/static/about:blank HTTP/1.1" 404 1011
186.103.159.186 - - [19/Mar/2019:09:12:58 -0300] "GET /cormun/servlet/solicitudotadjuntos?INS,2019,14772,,1, HTTP/1.1" 200 6066
186.103.159.186 - - [19/Mar/2019:09:12:58 -0300] "GET /cormun/servlet/solicitudotadjuntos?ebd0a7d4c8e62e62246b5368b6bee107afc18dc4132b5087ab870b474ec7674204bb1419d0b1af19812f0f4b063206cf,gx-no-cache=1552997359414 HTTP/1.1" 200 30
186.103.159.186 - - [19/Mar/2019:09:13:00 -0300] "POST /cormun/servlet/solicitudotadjuntos?4731451ebada832bc05a11e61e624c89,INS,2019,14772,,1,,gx-no-cache=1552997359834 HTTP/1.1" 200 3886
36.76.210.70 - - [19/Mar/2019:09:13:02 -0300] "GET / HTTP/1.1" 200 11217
186.103.159.186 - - [19/Mar/2019:09:13:03 -0300] "POST /cormun/servlet/solicitudotadjuntos?gx-no-cache=1552997364686 HTTP/1.1" 200 26
186.103.159.186 - - [19/Mar/2019:09:13:10 -0300] "GET /cormun/servlet/solicitudotadjuntos?ebd0a7d4c8e62e62246b5368b6bee10784e1697b9b00de8b4ecbc8a7fbbbe85c,gx-no-cache=1552997371180 HTTP/1.1" 200 30
186.103.159.186 - - [19/Mar/2019:09:13:10 -0300] "GET /cormun/servlet/solicitudotadjuntos?ebd0a7d4c8e62e62246b5368b6bee10784e1697b9b00de8b4ecbc8a7fbbbe85c,gx-no-cache=1552997371204 HTTP/1.1" 200 30
186.103.159.186 - - [19/Mar/2019:09:13:29 -0300] "POST /cormun/servlet/solicitudotadjuntos?4731451ebada832bc05a11e61e624c89,INS,2019,14772,,1, HTTP/1.1" 200 116
186.103.159.186 - - [19/Mar/2019:09:13:29 -0300] "GET /cormun/servlet/hpexe_return? HTTP/1.1" 200 1024
186.103.159.186 - - [19/Mar/2019:09:13:29 -0300] "GET /cormun/servlet/trsolicitudadjuntos?2019,14772, HTTP/1.1" 200 9317
186.103.159.186 - - [19/Mar/2019:09:13:32 -0300] "GET /cormun/servlet/trsolicitudadjuntos?2019,14772, HTTP/1.1" 200 9315
186.103.159.186 - - [19/Mar/2019:09:13:36 -0300] "GET /cormun/servlet/solicitudotadjuntos?INS,2019,14772,,1, HTTP/1.1" 200 6073
186.103.159.186 - - [19/Mar/2019:09:13:37 -0300] "GET /cormun/static/about:blank HTTP/1.1" 404 1011
186.103.159.186 - - [19/Mar/2019:09:13:37 -0300] "GET /cormun/servlet/solicitudotadjuntos?INS,2019,14772,,1, HTTP/1.1" 200 6066
186.103.159.186 - - [19/Mar/2019:09:13:38 -0300] "GET /cormun/servlet/solicitudotadjuntos?ebd0a7d4c8e62e62246b5368b6bee107afc18dc4132b5087ab870b474ec7674204bb1419d0b1af19812f0f4b063206cf,gx-no-cache=1552997399205 HTTP/1.1" 200 30
186.103.159.186 - - [19/Mar/2019:09:13:38 -0300] "POST /cormun/servlet/solicitudotadjuntos?4731451ebada832bc05a11e61e624c89,INS,2019,14772,,1,,gx-no-cache=1552997399261 HTTP/1.1" 200 3886
186.103.159.186 - - [19/Mar/2019:09:13:41 -0300] "POST /cormun/servlet/solicitudotadjuntos?gx-no-cache=1552997401878 HTTP/1.1" 200 26
186.103.159.186 - - [19/Mar/2019:09:13:51 -0300] "GET /cormun/servlet/solicitudotadjuntos?ebd0a7d4c8e62e62246b5368b6bee10784e1697b9b00de8b4ecbc8a7fbbbe85c,gx-no-cache=1552997412391 HTTP/1.1" 200 30
186.103.159.186 - - [19/Mar/2019:09:13:52 -0300] "GET /cormun/servlet/solicitudotadjuntos?ebd0a7d4c8e62e62246b5368b6bee10784e1697b9b00de8b4ecbc8a7fbbbe85c,gx-no-cache=1552997412493 HTTP/1.1" 200 30
186.103.159.186 - - [19/Mar/2019:09:14:52 -0300] "POST /cormun/servlet/solicitudotadjuntos?4731451ebada832bc05a11e61e624c89,INS,2019,14772,,1, HTTP/1.1" 200 116
186.103.159.186 - - [19/Mar/2019:09:14:52 -0300] "GET /cormun/servlet/hpexe_return? HTTP/1.1" 200 1024
186.103.159.186 - - [19/Mar/2019:09:14:54 -0300] "GET /cormun/servlet/trsolicitudadjuntos?2019,14772, HTTP/1.1" 200 9621
186.103.159.186 - - [19/Mar/2019:09:14:56 -0300] "GET /cormun/servlet/trsolicitudadjuntos?2019,14772, HTTP/1.1" 200 9621
186.103.159.186 - - [19/Mar/2019:09:14:57 -0300] "GET /cormun/servlet/solicitudotadjuntos?INS,2019,14772,,1, HTTP/1.1" 200 6072
186.103.159.186 - - [19/Mar/2019:09:14:58 -0300] "GET /cormun/static/about:blank HTTP/1.1" 404 1011
186.103.159.186 - - [19/Mar/2019:09:14:59 -0300] "GET /cormun/servlet/solicitudotadjuntos?INS,2019,14772,,1, HTTP/1.1" 200 6065
186.103.159.186 - - [19/Mar/2019:09:14:59 -0300] "GET /cormun/servlet/solicitudotadjuntos?ebd0a7d4c8e62e62246b5368b6bee107afc18dc4132b5087ab870b474ec7674204bb1419d0b1af19812f0f4b063206cf,gx-no-cache=1552997480283 HTTP/1.1" 200 30
186.103.159.186 - - [19/Mar/2019:09:15:00 -0300] "POST /cormun/servlet/solicitudotadjuntos?4731451ebada832bc05a11e61e624c89,INS,2019,14772,,1,,gx-no-cache=1552997480407 HTTP/1.1" 200 3885
186.103.159.186 - - [19/Mar/2019:09:15:04 -0300] "POST /cormun/servlet/solicitudotadjuntos?gx-no-cache=1552997483986 HTTP/1.1" 200 26
186.103.159.186 - - [19/Mar/2019:09:15:13 -0300] "GET /cormun/servlet/solicitudotadjuntos?ebd0a7d4c8e62e62246b5368b6bee10784e1697b9b00de8b4ecbc8a7fbbbe85c,gx-no-cache=1552997494392 HTTP/1.1" 200 30
186.103.159.186 - - [19/Mar/2019:09:15:13 -0300] "GET /cormun/servlet/solicitudotadjuntos?ebd0a7d4c8e62e62246b5368b6bee10784e1697b9b00de8b4ecbc8a7fbbbe85c,gx-no-cache=1552997494498 HTTP/1.1" 200 30
186.103.159.186 - - [19/Mar/2019:09:16:00 -0300] "POST /cormun/servlet/solicitudotadjuntos?4731451ebada832bc05a11e61e624c89,INS,2019,14772,,1, HTTP/1.1" 200 116
186.103.159.186 - - [19/Mar/2019:09:16:00 -0300] "GET /cormun/servlet/hpexe_return? HTTP/1.1" 200 1024
186.103.159.186 - - [19/Mar/2019:09:16:02 -0300] "GET /cormun/servlet/trsolicitudadjuntos?2019,14772, HTTP/1.1" 200 9837
186.103.159.186 - - [19/Mar/2019:09:16:04 -0300] "GET /cormun/servlet/trsolicitudadjuntos?2019,14772, HTTP/1.1" 200 9836
186.103.159.186 - - [19/Mar/2019:09:16:06 -0300] "POST /cormun/servlet/trsolicitudadjuntos?4731451ebada832bc05a11e61e624c89,2019,14772,,gx-no-cache=1552997547218 HTTP/1.1" 200 90
186.103.159.186 - - [19/Mar/2019:09:16:06 -0300] "GET /cormun/servlet/hpexe_link HTTP/1.1" 200 966
186.103.159.186 - - [19/Mar/2019:09:16:06 -0300] "GET /cormun/servlet/trsolicitudot HTTP/1.1" 200 9889
186.103.159.186 - - [19/Mar/2019:09:16:08 -0300] "GET /cormun/servlet/trsolicitudot HTTP/1.1" 200 9888
192.168.10.96 - - [19/Mar/2019:09:18:39 -0300] "POST /cormun/servlet/trautorizarot?c7877f8131ddb7049e3d4ce02de46271,,gx-no-cache=1553004723079 HTTP/1.1" 200 8799
192.168.10.96 - - [19/Mar/2019:09:18:56 -0300] "POST /cormun/servlet/trautorizarot?c7877f8131ddb7049e3d4ce02de46271,,gx-no-cache=1553004740724 HTTP/1.1" 200 5173
192.168.10.96 - - [19/Mar/2019:09:18:57 -0300] "POST /cormun/servlet/trautorizarot?c7877f8131ddb7049e3d4ce02de46271,,gx-no-cache=1553004741771 HTTP/1.1" 200 5173
192.168.10.96 - - [19/Mar/2019:09:19:04 -0300] "POST /cormun/servlet/trautorizarot?c7877f8131ddb7049e3d4ce02de46271,,gx-no-cache=1553004747996 HTTP/1.1" 200 5174
192.168.10.96 - - [19/Mar/2019:09:19:04 -0300] "POST /cormun/servlet/trautorizarot?c7877f8131ddb7049e3d4ce02de46271,,gx-no-cache=1553004748804 HTTP/1.1" 200 5173
192.168.10.96 - - [19/Mar/2019:09:19:05 -0300] "POST /cormun/servlet/trautorizarot?c7877f8131ddb7049e3d4ce02de46271,,gx-no-cache=1553004749014 HTTP/1.1" 200 5174
186.103.159.186 - - [19/Mar/2019:09:19:10 -0300] "POST /cormun/servlet/trsolicitudot?4731451ebada832bc05a11e61e624c89,gx-no-cache=1552997730935 HTTP/1.1" 200 106
186.103.159.186 - - [19/Mar/2019:09:19:10 -0300] "GET /cormun/servlet/solicitudot?UPD,2019,14772, HTTP/1.1" 200 15356
186.103.159.186 - - [19/Mar/2019:09:19:12 -0300] "GET /cormun/servlet/solicitudot?UPD,2019,14772, HTTP/1.1" 200 15365
186.103.159.186 - - [19/Mar/2019:09:19:13 -0300] "POST /cormun/servlet/solicitudot?gx-no-cache=1552997733796 HTTP/1.1" 200 3508
186.103.159.186 - - [19/Mar/2019:09:19:13 -0300] "POST /cormun/servlet/solicitudot?4731451ebada832bc05a11e61e624c89,UPD,2019,14772,,gx-no-cache=1552997734210 HTTP/1.1" 200 11725
186.103.159.186 - - [19/Mar/2019:09:19:14 -0300] "GET /cormun/servlet/solicitudot?ebd0a7d4c8e62e62246b5368b6bee1076f0b9627ff593778e78adf139940ba67d13da485d15264c34b7c1906f7286163,gx-no-cache=1552997734854 HTTP/1.1" 200 30
186.103.159.186 - - [19/Mar/2019:09:19:14 -0300] "GET /cormun/servlet/solicitudot?ebd0a7d4c8e62e62246b5368b6bee1078dbb7143a6963a02422da58f2f9a7d548049d04b2a286e321ccca53b7136bb7be18d392897099845d6b6755508689f23,gx-no-cache=1552997734978 HTTP/1.1" 200 30
186.103.159.186 - - [19/Mar/2019:09:19:14 -0300] "GET /cormun/servlet/solicitudot?ebd0a7d4c8e62e62246b5368b6bee107095f3ac86562a740892c1925290ab7ff,gx-no-cache=1552997735098 HTTP/1.1" 200 29
186.103.159.186 - - [19/Mar/2019:09:19:14 -0300] "POST /cormun/servlet/solicitudot?gx-no-cache=1552997735216 HTTP/1.1" 200 254
186.103.159.186 - - [19/Mar/2019:09:19:15 -0300] "GET /cormun/servlet/solicitudot?ebd0a7d4c8e62e62246b5368b6bee107bbc794af758c07811f1f5df1b62ad94803589cca5842272b8b4e973243c21b7fea3c2e374db44e1d56051283f8a3b6d42b46ba7fa48ecf363b77487cf6cf71c1fcfd61e30122c41507b36b50658014cda5b80d329ca8f65bceab0cf0bcc4b1deb47b86481ed74af34a922567780a4677e7942af6e93021c2e4210fdc493e798d967115d9c165bbc4909d179132f21826f644a1963a15fb9c1a8451827923c26e9b54628a958812b51a1d8da28c0bba99c3b92181688a7d4e71aa5af88034b8b0f61d2e2ee9c9f50b03a9803da3a9972a211c0a2e744f0a2121227c3922fb441f0c7b1684062f9359e7ae6942971616527ff85d44e0c005bc56c8515f3b48bd69a64a37b411975f21e4ad2b502c5dc117f65a68c362d2a0c357bcbec078e1f9c0a9c381d9ad3edcc327d1cd9789a0d65389aba30a6763f55b173cd44911521f004e4f5da4f83ffb6dfd9748453da1f419f66877ef3568e1404a9be1ac9b62acb8f4cd7f07fc302e6bceb11695962424b4,gx-no-cache=1552997735355 HTTP/1.1" 200 30
186.103.159.186 - - [19/Mar/2019:09:19:15 -0300] "POST /cormun/servlet/solicitudot?gx-no-cache=1552997735947 HTTP/1.1" 200 30
186.103.159.186 - - [19/Mar/2019:09:19:15 -0300] "POST /cormun/servlet/solicitudot?gx-no-cache=1552997736097 HTTP/1.1" 200 1288
186.103.159.186 - - [19/Mar/2019:09:19:15 -0300] "POST /cormun/servlet/solicitudot?gx-no-cache=1552997736402 HTTP/1.1" 200 40
186.103.159.186 - - [19/Mar/2019:09:19:16 -0300] "GET /cormun/servlet/solicitudot?ebd0a7d4c8e62e62246b5368b6bee107fcfbc688bc2947dc44b3d1fb40871c907de6a9dd6d9877ad022601d710160f42ee7423a3f9ef81d7991927e8836529bca67c62f35998dd5a8bcfc9b1cc634eeb3ff72df0bfe5930fc24cac6c7176de25b999635c7bde01305031c4b7f2f48876,gx-no-cache=1552997737589 HTTP/1.1" 200 110
186.103.159.186 - - [19/Mar/2019:09:19:17 -0300] "POST /cormun/servlet/solicitudot?gx-no-cache=1552997737659 HTTP/1.1" 200 109
186.103.159.186 - - [19/Mar/2019:09:19:17 -0300] "GET /cormun/servlet/solicitudot?ebd0a7d4c8e62e62246b5368b6bee107154d78207f76484d6252057725e55f1e843d0cb1173011b95c56c150f1732caaf068898425d2b028163aa64c0898cb71e75a64e0a8ccc712d78cac18c275a0cc3a17493af902553a5f41f62f0703b34aef529e828b3fe4d8fa86afba07f98f05c4ecefbc2615858479e5650a9fff485a3edf898895fb5d19364d95c690ff06e3bf1dc68f10df0eb3b9dc671bf89fc82c67b7689c4c3e275bb6f572c509d2936cd6aa8513e52c2c44b1ad1e8f074b79e1c66823982294a27982ff3b82e5bde02b,gx-no-cache=1552997738134 HTTP/1.1" 200 29
186.103.159.186 - - [19/Mar/2019:09:19:17 -0300] "GET /cormun/static/menuarrow.gif HTTP/1.1" 404 1015
186.103.159.186 - - [19/Mar/2019:09:19:19 -0300] "GET /cormun/servlet/solicitudot?ebd0a7d4c8e62e62246b5368b6bee107fcfbc688bc2947dc44b3d1fb40871c907de6a9dd6d9877ad022601d710160f42ee7423a3f9ef81d7991927e8836529bca67c62f35998dd5a8bcfc9b1cc634eeb3ff72df0bfe5930fc24cac6c7176de25b999635c7bde01305031c4b7f2f48876,gx-no-cache=1552997740306 HTTP/1.1" 200 110
186.103.159.186 - - [19/Mar/2019:09:19:22 -0300] "GET /cormun/servlet/solicitudot?ebd0a7d4c8e62e62246b5368b6bee107f45f992ed89df3660f32875d99090e41fdbdf2db71ad2ea561f65f0c6fb1c02e,gx-no-cache=1552997743561 HTTP/1.1" 200 30
186.103.159.186 - - [19/Mar/2019:09:19:22 -0300] "POST /cormun/servlet/solicitudot?gx-no-cache=1552997743655 HTTP/1.1" 200 30
186.103.159.186 - - [19/Mar/2019:09:19:23 -0300] "POST /cormun/servlet/solicitudot?4731451ebada832bc05a11e61e624c89,UPD,2019,14772,,gx-no-cache=1552997743763 HTTP/1.1" 200 93
186.103.159.186 - - [19/Mar/2019:09:19:23 -0300] "GET /cormun/servlet/hpexe_return? HTTP/1.1" 200 1011
186.103.159.186 - - [19/Mar/2019:09:19:24 -0300] "GET /cormun/servlet/trsolicitudot HTTP/1.1" 200 9896
186.103.159.186 - - [19/Mar/2019:09:19:25 -0300] "GET /cormun/servlet/trsolicitudot HTTP/1.1" 200 9892
192.168.10.96 - - [19/Mar/2019:09:19:26 -0300] "POST /cormun/servlet/trautorizarot?c7877f8131ddb7049e3d4ce02de46271,,gx-no-cache=1553004770844 HTTP/1.1" 200 5173
192.168.10.96 - - [19/Mar/2019:09:19:27 -0300] "POST /cormun/servlet/trautorizarot?c7877f8131ddb7049e3d4ce02de46271,,gx-no-cache=1553004771580 HTTP/1.1" 200 5173
192.168.10.96 - - [19/Mar/2019:09:19:28 -0300] "POST /cormun/servlet/trautorizarot?c7877f8131ddb7049e3d4ce02de46271,,gx-no-cache=1553004772174 HTTP/1.1" 200 5173
186.103.159.186 - - [19/Mar/2019:09:19:30 -0300] "POST /cormun/servlet/trsolicitudot?4731451ebada832bc05a11e61e624c89,gx-no-cache=1552997750762 HTTP/1.1" 200 6664
186.103.159.186 - - [19/Mar/2019:09:19:30 -0300] "GET /cormun/static/Shared/jqueryui/images/ui-icons_82798d_256x240.png HTTP/1.1" 404 1089
186.103.159.186 - - [19/Mar/2019:09:19:30 -0300] "GET /cormun/static/Shared/jqueryui/images/ui-bg_highlight-soft_100_c6c2c8_1x100.png HTTP/1.1" 404 1117
186.103.159.186 - - [19/Mar/2019:09:19:30 -0300] "GET /cormun/static/Shared/jqueryui/images/ui-bg_flat_55_fafafa_40x100.png HTTP/1.1" 404 1097
186.103.159.186 - - [19/Mar/2019:09:19:30 -0300] "GET /cormun/static/Shared/jqueryui/images/ui-icons_8d78a5_256x240.png HTTP/1.1" 404 1089
186.103.159.186 - - [19/Mar/2019:09:19:30 -0300] "POST /cormun/servlet/trsolicitudot?4731451ebada832bc05a11e61e624c89,gx-no-cache=1552997751244 HTTP/1.1" 200 6604
186.103.159.186 - - [19/Mar/2019:09:19:32 -0300] "POST /cormun/servlet/trsolicitudot?4731451ebada832bc05a11e61e624c89,gx-no-cache=1552997752894 HTTP/1.1" 200 6208
186.103.159.186 - - [19/Mar/2019:09:19:32 -0300] "POST /cormun/servlet/trsolicitudot?4731451ebada832bc05a11e61e624c89,gx-no-cache=1552997753284 HTTP/1.1" 200 6151
186.103.159.186 - - [19/Mar/2019:09:19:34 -0300] "POST /cormun/servlet/trsolicitudot?4731451ebada832bc05a11e61e624c89,gx-no-cache=1552997754716 HTTP/1.1" 200 5757
186.103.159.186 - - [19/Mar/2019:09:19:35 -0300] "POST /cormun/servlet/trsolicitudot?4731451ebada832bc05a11e61e624c89,gx-no-cache=1552997755685 HTTP/1.1" 200 5700
186.103.159.186 - - [19/Mar/2019:09:19:37 -0300] "POST /cormun/servlet/trsolicitudot?4731451ebada832bc05a11e61e624c89,gx-no-cache=1552997757750 HTTP/1.1" 200 4528
186.103.159.186 - - [19/Mar/2019:09:19:37 -0300] "POST /cormun/servlet/trsolicitudot?4731451ebada832bc05a11e61e624c89,gx-no-cache=1552997758439 HTTP/1.1" 200 4312
186.103.159.186 - - [19/Mar/2019:09:19:49 -0300] "GET /cormun/servlet/hlogin HTTP/1.1" 200 1717
186.103.159.186 - - [19/Mar/2019:09:19:57 -0300] "POST /cormun/servlet/hlogin?4731451ebada832bc05a11e61e624c89,gx-no-cache=1552997777888 HTTP/1.1" 200 421
192.168.10.96 - - [19/Mar/2019:09:20:01 -0300] "POST /cormun/servlet/trautorizarot?c7877f8131ddb7049e3d4ce02de46271,,gx-no-cache=1553004804888 HTTP/1.1" 200 8555
186.103.159.186 - - [19/Mar/2019:09:20:02 -0300] "POST /cormun/servlet/hlogin?4731451ebada832bc05a11e61e624c89,gx-no-cache=1552997782913 HTTP/1.1" 200 90
186.103.159.186 - - [19/Mar/2019:09:20:02 -0300] "GET /cormun/servlet/hpexe_link HTTP/1.1" 200 948
186.103.159.186 - - [19/Mar/2019:09:20:02 -0300] "GET /cormun/servlet/hhome HTTP/1.1" 200 4202
186.103.159.186 - - [19/Mar/2019:09:20:04 -0300] "GET /cormun/servlet/hhome HTTP/1.1" 200 4198
186.103.159.186 - - [19/Mar/2019:09:20:04 -0300] "GET /cormun/static/SmoothNavMenu/resources/images/right.gif HTTP/1.1" 200 860
186.103.159.186 - - [19/Mar/2019:09:20:07 -0300] "GET /cormun/servlet/trautorizarsolicitud? HTTP/1.1" 200 9958
186.103.159.186 - - [19/Mar/2019:09:20:07 -0300] "GET /cormun/static/gxcfg.js?2017111423403364 HTTP/1.1" 200 953
186.103.159.186 - - [19/Mar/2019:09:20:07 -0300] "GET /cormun/static/trautorizarsolicitud.js?201711142340425 HTTP/1.1" 200 53910
186.103.159.186 - - [19/Mar/2019:09:20:08 -0300] "GET /cormun/servlet/trautorizarsolicitud? HTTP/1.1" 200 9956
