164.77.113.188 - - [19/Mar/2019:16:50:56 -0300] "POST /cormun/servlet/solicitudot?8e2837cd9c185dca211cdce718b2611e,INS,0,0,,gx-no-cache=1553024834757 HTTP/1.1" 200 11922
164.77.113.188 - - [19/Mar/2019:16:50:56 -0300] "GET /cormun/servlet/solicitudot?dbd36ae4eaec1a876b6740e2f8ac2b284317e6089d89de20d50296925cad1f81ae529562e40ddcc35561ff74473377bf,gx-no-cache=1553024835093 HTTP/1.1" 200 30
164.77.113.188 - - [19/Mar/2019:16:51:00 -0300] "GET /cormun/servlet/solicitudot?dbd36ae4eaec1a876b6740e2f8ac2b28542f8dc14fd5896c327e356be3ab7dc7ca892c23bf7fd1f5a2409d0d5d4ba278,gx-no-cache=1553024838608 HTTP/1.1" 200 30
164.77.113.188 - - [19/Mar/2019:16:51:00 -0300] "GET /cormun/servlet/solicitudot?dbd36ae4eaec1a876b6740e2f8ac2b28d200dc7ba7e1e6096d04486fb3633ed9,gx-no-cache=1553024838636 HTTP/1.1" 200 45
164.77.113.188 - - [19/Mar/2019:16:51:00 -0300] "POST /cormun/servlet/solicitudot?gx-no-cache=1553024838683 HTTP/1.1" 200 255
164.77.113.188 - - [19/Mar/2019:16:51:00 -0300] "GET /cormun/servlet/solicitudot?dbd36ae4eaec1a876b6740e2f8ac2b284003ca83b273315e9a8bb0c59b5de8a45648208e2d871a4cd57cdc887df664974b06f678b7621dc70fcbe28c043cbe0338a21a97bf0fdd8a3af41710d6338b0e407bfbf9c01ee261e1d0d7f20519cf02e8d7d3625f4f7cd65c6ef7dcb39402e7717c8524023629d111acfa4e7823e929bce8e53891687fdf3c13e7a524f5fbc4f985548bc51d98dcff57de64b08c22c1bbcea1c6eccde6db49a50a40ae3adcf88f4ecd08e8617ef13e06b121512fa92b7c9a1c454eda143cac63c43bcd9325cdfd1d805f3f9801073033c1173ee86b01abf7b64d71f6799a3d9718d9f3a033db567c69cfd8a6656ee48dfc5e0093bad43f9d7001075f2e8227263f2c0991b2a6db65d27095d358f80b1f9501a0a14a874ff76c242c3b6d03538b2a0b36347b26d5aace39f0c16ab47c36ca88becf77c208ec8ac76985895b825568e3b0b6e30817cf6d685ea1700183d5cc2aa476e8d05913e8058709d18e0dfa9682552b1915d0c0bed14258efb6a23a0463da0ffa7e,gx-no-cache=1553024838733 HTTP/1.1" 200 30
190.171.152.114 - - [19/Mar/2019:16:51:01 -0300] "GET /cormun/servlet/trsolicitudot? HTTP/1.1" 200 9767
164.77.113.188 - - [19/Mar/2019:16:51:02 -0300] "POST /cormun/servlet/solicitudot?gx-no-cache=1553024840838 HTTP/1.1" 200 30
164.77.113.188 - - [19/Mar/2019:16:51:03 -0300] "GET /cormun/servlet/prcontratosol?15173149,,,,,MD,,gxPopupLevel%3D0%3B HTTP/1.1" 200 7861
164.77.113.188 - - [19/Mar/2019:16:51:06 -0300] "POST /cormun/servlet/solicitudot?gx-no-cache=1553024844210 HTTP/1.1" 200 1289
164.77.113.188 - - [19/Mar/2019:16:51:06 -0300] "POST /cormun/servlet/solicitudot?gx-no-cache=1553024844904 HTTP/1.1" 200 38
164.77.113.188 - - [19/Mar/2019:16:51:06 -0300] "GET /cormun/servlet/solicitudot?dbd36ae4eaec1a876b6740e2f8ac2b28410e35ef3284e4699a08365e2ffaee3c13c27ebdefcb469bdc27da27e5eeb4008f00689643abf415d15d4beef8d4d4e363f3018b1ea6f89d94754d1f25e03b347056a1a567728e7bb80f5e7f2e2c507f0e5803515ea1852f2e997f2cf3ee9a6e,gx-no-cache=1553024844988 HTTP/1.1" 200 110
164.77.113.188 - - [19/Mar/2019:16:51:06 -0300] "POST /cormun/servlet/solicitudot?gx-no-cache=1553024845071 HTTP/1.1" 200 97
164.77.113.188 - - [19/Mar/2019:16:51:06 -0300] "GET /cormun/servlet/solicitudot?dbd36ae4eaec1a876b6740e2f8ac2b28a249e7786a17cee4b32f3e1e5de7792da486014b6a409d8ab8b5ef63159788842ce99fd959b9418fdfa43a6f661063cd5c095bb9f9d8459b59724a9d403c8a0ed833ea6c5843a2019fd87e7cb2fff723b1170129d4d0dea79e29fae207963f4603305c7ed340014fac4887181b8678336c5da7eebe6181b4ad5720890bb00215de0a3b4dae3fa19b62b4c9898c9b7bed,gx-no-cache=1553024845192 HTTP/1.1" 200 29
164.77.113.188 - - [19/Mar/2019:16:51:07 -0300] "GET /cormun/servlet/solicitudot?dbd36ae4eaec1a876b6740e2f8ac2b282fc2710b393d2533331784755c2960f665673813bb9dd1ce1ebc47d23669a242,gx-no-cache=1553024845305 HTTP/1.1" 200 30
164.77.113.188 - - [19/Mar/2019:16:51:19 -0300] "POST /cormun/servlet/solicitudot?gx-no-cache=1553024858096 HTTP/1.1" 200 33
190.171.153.218 - - [19/Mar/2019:16:51:43 -0300] "POST /cormun/servlet/solicitudot?8e2837cd9c185dca211cdce718b2611e,INS,0,0,,gx-no-cache=1553024881426 HTTP/1.1" 200 93
190.171.153.218 - - [19/Mar/2019:16:51:43 -0300] "GET /cormun/servlet/hpexe_return? HTTP/1.1" 200 1005
190.171.153.218 - - [19/Mar/2019:16:51:43 -0300] "GET /cormun/static/gxcfg.js?2016101716175148 HTTP/1.1" 200 953
190.171.153.218 - - [19/Mar/2019:16:51:43 -0300] "GET /cormun/static/hpexe_return.js?2016101716175153 HTTP/1.1" 200 1633
190.171.153.218 - - [19/Mar/2019:16:51:47 -0300] "GET /cormun/static/Resources/Spanish/PXTools.css?167811 HTTP/1.1" 200 89042
190.171.153.218 - - [19/Mar/2019:16:51:47 -0300] "GET /cormun/servlet/trsolicitudot HTTP/1.1" 200 8904
190.171.153.218 - - [19/Mar/2019:16:51:47 -0300] "GET /cormun//static/Resources/PXToolsActionView.png HTTP/1.1" 200 2995
190.171.153.218 - - [19/Mar/2019:16:51:47 -0300] "GET /cormun//static/Resources/PXToolsGridUpdate.png HTTP/1.1" 200 2984
164.77.113.188 - - [19/Mar/2019:16:51:47 -0300] "GET /cormun//static/Resources/PXTools/ActionInsert.png HTTP/1.1" 200 1482
190.171.153.218 - - [19/Mar/2019:16:51:47 -0300] "GET /cormun//static/Resources/PXToolsGridDelete.png HTTP/1.1" 200 357
190.171.153.218 - - [19/Mar/2019:16:51:47 -0300] "GET /cormun//static/Resources/PXToolsRemoveAllAction.png HTTP/1.1" 200 3558
190.171.153.218 - - [19/Mar/2019:16:51:47 -0300] "GET /cormun/servlet/trsolicitudot HTTP/1.1" 200 8900
164.77.113.188 - - [19/Mar/2019:16:52:04 -0300] "POST /cormun/servlet/trsolicitudot?8e2837cd9c185dca211cdce718b2611e,gx-no-cache=1553024902363 HTTP/1.1" 200 4741
190.171.153.218 - - [19/Mar/2019:16:52:04 -0300] "GET /cormun/static/Shared/jqueryui/images/ui-bg_flat_55_fafafa_40x100.png HTTP/1.1" 404 1097
190.171.153.218 - - [19/Mar/2019:16:52:04 -0300] "GET /cormun/static/Shared/jqueryui/images/ui-icons_82798d_256x240.png HTTP/1.1" 404 1089
164.77.113.188 - - [19/Mar/2019:16:52:04 -0300] "GET /cormun/static/Shared/jqueryui/images/ui-bg_highlight-soft_100_c6c2c8_1x100.png HTTP/1.1" 404 1117
190.171.153.218 - - [19/Mar/2019:16:52:04 -0300] "GET /cormun/static/Shared/jqueryui/images/ui-icons_8d78a5_256x240.png HTTP/1.1" 404 1089
190.171.153.218 - - [19/Mar/2019:16:52:05 -0300] "POST /cormun/servlet/trsolicitudot?8e2837cd9c185dca211cdce718b2611e,gx-no-cache=1553024903242 HTTP/1.1" 200 4531
192.168.10.89 - - [19/Mar/2019:16:52:06 -0300] "POST /cormun/servlet/solicitudgral2?472d285873e87f12c71b9aee91ce9d6c,UPD,2019,14778,,gx-no-cache=1553031930556 HTTP/1.1" 200 93
192.168.10.89 - - [19/Mar/2019:16:52:06 -0300] "GET /cormun/servlet/hpexe_return? HTTP/1.1" 200 1038
192.168.10.89 - - [19/Mar/2019:16:52:07 -0300] "GET /cormun/servlet/trsolicitudgral?gx-no-cache=1553031797293 HTTP/1.1" 200 10028
190.171.153.218 - - [19/Mar/2019:16:52:09 -0300] "GET /cormun/servlet/trautorizarsolicitud? HTTP/1.1" 200 8799
164.77.113.188 - - [19/Mar/2019:16:52:09 -0300] "GET /cormun/static/gxcfg.js?2017111423403364 HTTP/1.1" 200 953
190.171.153.218 - - [19/Mar/2019:16:52:09 -0300] "GET /cormun/static/trautorizarsolicitud.js?201711142340425 HTTP/1.1" 200 53910
190.171.153.218 - - [19/Mar/2019:16:52:10 -0300] "GET /cormun/servlet/trautorizarsolicitud? HTTP/1.1" 200 8798
192.168.10.96 - - [19/Mar/2019:16:52:42 -0300] "GET /cormun/servlet/trsolicitudgral? HTTP/1.1" 500 10
200.54.18.122 - - [19/Mar/2019:16:52:43 -0300] "POST /cormun/servlet/trautorizarsolicitud?8e2837cd9c185dca211cdce718b2611e,,gx-no-cache=1553024941489 HTTP/1.1" 200 4671
200.54.18.122 - - [19/Mar/2019:16:52:43 -0300] "GET /cormun/static/Shared/jqueryui/images/ui-bg_highlight-soft_100_c6c2c8_1x100.png HTTP/1.1" 404 1117
164.77.113.188 - - [19/Mar/2019:16:52:43 -0300] "GET /cormun/static/Shared/jqueryui/images/ui-bg_flat_55_fafafa_40x100.png HTTP/1.1" 404 1097
190.171.153.218 - - [19/Mar/2019:16:52:43 -0300] "GET /cormun/static/Shared/jqueryui/images/ui-icons_82798d_256x240.png HTTP/1.1" 404 1089
190.171.153.218 - - [19/Mar/2019:16:52:43 -0300] "GET /cormun/static/Shared/jqueryui/images/ui-icons_8d78a5_256x240.png HTTP/1.1" 404 1089
186.103.196.84 - - [19/Mar/2019:16:52:43 -0300] "POST /cormun/servlet/trautorizarsolicitud?8e2837cd9c185dca211cdce718b2611e,,gx-no-cache=1553024941981 HTTP/1.1" 200 4462
192.168.10.96 - - [19/Mar/2019:16:52:47 -0300] "GET /cormun/servlet/hlogin HTTP/1.1" 200 1719
192.168.10.96 - - [19/Mar/2019:16:52:53 -0300] "POST /cormun/servlet/hlogin?e2cf0a8849a3329fc175ce6736f3d037,gx-no-cache=1553031977535 HTTP/1.1" 200 90
192.168.10.96 - - [19/Mar/2019:16:52:53 -0300] "GET /cormun/servlet/hpexe_link HTTP/1.1" 200 949
192.168.10.96 - - [19/Mar/2019:16:52:53 -0300] "GET /cormun/servlet/hhome HTTP/1.1" 200 4772
192.168.10.96 - - [19/Mar/2019:16:52:54 -0300] "GET /cormun/servlet/hhome HTTP/1.1" 200 4768
192.168.10.96 - - [19/Mar/2019:16:52:57 -0300] "GET /cormun/servlet/trsolicitudgral? HTTP/1.1" 200 28193
192.168.10.96 - - [19/Mar/2019:16:52:58 -0300] "GET /cormun/servlet/trsolicitudgral? HTTP/1.1" 200 28191
192.168.10.96 - - [19/Mar/2019:16:53:02 -0300] "POST /cormun/servlet/trsolicitudgral?e2cf0a8849a3329fc175ce6736f3d037,,gx-no-cache=1553031986260 HTTP/1.1" 200 5953
192.168.10.96 - - [19/Mar/2019:16:53:03 -0300] "POST /cormun/servlet/trsolicitudgral?e2cf0a8849a3329fc175ce6736f3d037,,gx-no-cache=1553031987095 HTTP/1.1" 200 5954
192.168.10.96 - - [19/Mar/2019:16:53:03 -0300] "POST /cormun/servlet/trsolicitudgral?e2cf0a8849a3329fc175ce6736f3d037,,gx-no-cache=1553031987285 HTTP/1.1" 200 5954
192.168.10.96 - - [19/Mar/2019:16:53:03 -0300] "POST /cormun/servlet/trsolicitudgral?e2cf0a8849a3329fc175ce6736f3d037,,gx-no-cache=1553031987461 HTTP/1.1" 200 5953
192.168.10.96 - - [19/Mar/2019:16:53:03 -0300] "POST /cormun/servlet/trsolicitudgral?e2cf0a8849a3329fc175ce6736f3d037,,gx-no-cache=1553031987637 HTTP/1.1" 200 5954
192.168.10.96 - - [19/Mar/2019:16:53:03 -0300] "POST /cormun/servlet/trsolicitudgral?e2cf0a8849a3329fc175ce6736f3d037,,gx-no-cache=1553031987821 HTTP/1.1" 200 5953
192.168.10.96 - - [19/Mar/2019:16:53:04 -0300] "POST /cormun/servlet/trsolicitudgral?e2cf0a8849a3329fc175ce6736f3d037,,gx-no-cache=1553031988047 HTTP/1.1" 200 5953
192.168.10.96 - - [19/Mar/2019:16:53:04 -0300] "POST /cormun/servlet/trsolicitudgral?e2cf0a8849a3329fc175ce6736f3d037,,gx-no-cache=1553031988252 HTTP/1.1" 200 5953
192.168.10.96 - - [19/Mar/2019:16:53:04 -0300] "POST /cormun/servlet/trsolicitudgral?e2cf0a8849a3329fc175ce6736f3d037,,gx-no-cache=1553031988436 HTTP/1.1" 200 5953
192.168.10.96 - - [19/Mar/2019:16:53:04 -0300] "POST /cormun/servlet/trsolicitudgral?e2cf0a8849a3329fc175ce6736f3d037,,gx-no-cache=1553031988629 HTTP/1.1" 200 5953
192.168.10.96 - - [19/Mar/2019:16:53:05 -0300] "POST /cormun/servlet/trsolicitudgral?e2cf0a8849a3329fc175ce6736f3d037,,gx-no-cache=1553031988831 HTTP/1.1" 200 5953
192.168.10.96 - - [19/Mar/2019:16:53:05 -0300] "POST /cormun/servlet/trsolicitudgral?e2cf0a8849a3329fc175ce6736f3d037,,gx-no-cache=1553031989036 HTTP/1.1" 200 5953
192.168.10.96 - - [19/Mar/2019:16:53:05 -0300] "POST /cormun/servlet/trsolicitudgral?e2cf0a8849a3329fc175ce6736f3d037,,gx-no-cache=1553031989269 HTTP/1.1" 200 5953
192.168.10.96 - - [19/Mar/2019:16:53:05 -0300] "POST /cormun/servlet/trsolicitudgral?e2cf0a8849a3329fc175ce6736f3d037,,gx-no-cache=1553031989492 HTTP/1.1" 200 5953
192.168.10.96 - - [19/Mar/2019:16:53:05 -0300] "POST /cormun/servlet/trsolicitudgral?e2cf0a8849a3329fc175ce6736f3d037,,gx-no-cache=1553031989695 HTTP/1.1" 200 5954
192.168.10.89 - - [19/Mar/2019:16:53:06 -0300] "GET /cormun/servlet/solicitudgral?UPD,2019,14779, HTTP/1.1" 200 12479
192.168.10.96 - - [19/Mar/2019:16:53:06 -0300] "POST /cormun/servlet/trsolicitudgral?e2cf0a8849a3329fc175ce6736f3d037,,gx-no-cache=1553031989910 HTTP/1.1" 200 5953
192.168.10.89 - - [19/Mar/2019:16:53:07 -0300] "POST /cormun/servlet/solicitudgral?gx-no-cache=1553031990955 HTTP/1.1" 200 4035
192.168.10.89 - - [19/Mar/2019:16:53:07 -0300] "GET /cormun/servlet/solicitudgral?6d2de5ec1cf21689bb3caa96b842dce33c12643fcfd427b0e7c26ed63f7a959de047be9ffc748753e93145b019f24af212f6540e6db64a4c9540546af3d135587a42826ac83f97f1b5c39ea3eef83d1ed1f99a4313aa3b51608fe9c7d17a1e78537164835b8d876f011ecb12999762abf7f6482e618c4cdd62f34bd6aa5cc05ee1676c9b8a43009996e494fdfc9079afbb062f9646d1834202ba408328abfea30a9584918831da555aa505eebc6c2983ed94a9dc9528a0c906bcc5ea43e210b83f92b26f94f32b100f18579250578b91359e498f19cdf82f1b06cf734d74c55a92b048b7ef945000ea8827a139537acfa7bb275c0f13828d44dfbd69a67c560579b8f1bcb66834a76e1a835a21ec9958a3f89b78cda61790cbfff8cba95a58127b34b1103a9e42337c4707c461ee80e767a33fc7aeb518705f020f098ac9221498075e8faeebfd7f440f49ee481b83fa,gx-no-cache=1553031991129 HTTP/1.1" 200 255
192.168.10.89 - - [19/Mar/2019:16:53:07 -0300] "GET /cormun/servlet/solicitudgral?6d2de5ec1cf21689bb3caa96b842dce31b903ba9164d29d049b2feb023e6390de047be9ffc748753e93145b019f24af212f6540e6db64a4c9540546af3d135582f23d2d6df7aa84a3ba38cd792199c095157820555e3c482bffaef59476e6f7e,gx-no-cache=1553031991464 HTTP/1.1" 200 30
192.168.10.89 - - [19/Mar/2019:16:53:07 -0300] "POST /cormun/servlet/solicitudgral?gx-no-cache=1553031991484 HTTP/1.1" 200 97
192.168.10.89 - - [19/Mar/2019:16:53:07 -0300] "GET /cormun/servlet/solicitudgral?6d2de5ec1cf21689bb3caa96b842dce3d6cea33f79e1e39445f9f1a8174334439985ec2179150d6c4b071562273b6ab179b8f1bcb66834a76e1a835a21ec99587fb6e6852d4635214fb4fad4b6632e6ebb1b2da20721f4ae5cf8ab667878614f02a6d00fc4457e99d28577c4e91dd51ce02b70e4746d66ce6a22acbb5bcabf897399cc40c55ccfaec1a777b6c8eb97f1b2e2da63efba3a33f49b40b7b28deb94de4ac62ef83e9bc834a59ae5de9dc14db837da59524c2b95491ccdaddc579be5ba4b2fda3dcd11bc99bc1bb92ae32f22,gx-no-cache=1553031991501 HTTP/1.1" 200 49
192.168.10.96 - - [19/Mar/2019:16:53:09 -0300] "POST /cormun/servlet/trsolicitudgral?e2cf0a8849a3329fc175ce6736f3d037,,gx-no-cache=1553031992917 HTTP/1.1" 200 5953
192.168.10.96 - - [19/Mar/2019:16:53:09 -0300] "POST /cormun/servlet/trsolicitudgral?e2cf0a8849a3329fc175ce6736f3d037,,gx-no-cache=1553031993110 HTTP/1.1" 200 5953
192.168.10.96 - - [19/Mar/2019:16:53:09 -0300] "POST /cormun/servlet/trsolicitudgral?e2cf0a8849a3329fc175ce6736f3d037,,gx-no-cache=1553031993311 HTTP/1.1" 200 5953
192.168.10.89 - - [19/Mar/2019:16:53:09 -0300] "POST /cormun/servlet/solicitudgral?472d285873e87f12c71b9aee91ce9d6c,UPD,2019,14779,,gx-no-cache=1553031993432 HTTP/1.1" 200 11393
192.168.10.96 - - [19/Mar/2019:16:53:09 -0300] "POST /cormun/servlet/trsolicitudgral?e2cf0a8849a3329fc175ce6736f3d037,,gx-no-cache=1553031993501 HTTP/1.1" 200 5953
192.168.10.96 - - [19/Mar/2019:16:53:09 -0300] "POST /cormun/servlet/trsolicitudgral?e2cf0a8849a3329fc175ce6736f3d037,,gx-no-cache=1553031993732 HTTP/1.1" 200 5954
192.168.10.89 - - [19/Mar/2019:16:53:10 -0300] "GET /cormun/servlet/solicitudgral?6d2de5ec1cf21689bb3caa96b842dce3489ff6fe6fa9b1d31b582f09c34873572e368bba4f456879b3c9b406ee29904e60605c4ebb821f1318bea35940e2a9b4f000049cda514bbc81700b8288f18e3d044eea56a10f040f146976d151e31354d408e51c5195891877abc71c0cc1d2e30d1b78dbeee05021fa5edc6293582073d451d66457c159bf801e079ec40352046986751083ab55bb1a261f48dad52527,gx-no-cache=1553031994256 HTTP/1.1" 200 29
192.168.10.89 - - [19/Mar/2019:16:53:12 -0300] "POST /cormun/servlet/solicitudgral?472d285873e87f12c71b9aee91ce9d6c,UPD,2019,14779,,gx-no-cache=1553031996482 HTTP/1.1" 200 93
192.168.10.89 - - [19/Mar/2019:16:53:12 -0300] "GET /cormun/servlet/hpexe_return? HTTP/1.1" 200 1035
192.168.10.89 - - [19/Mar/2019:16:53:12 -0300] "GET /cormun/servlet/trsolicitudgral?gx-no-cache=1553031797293 HTTP/1.1" 200 10026
192.168.10.96 - - [19/Mar/2019:16:53:17 -0300] "POST /cormun/servlet/trsolicitudgral?e2cf0a8849a3329fc175ce6736f3d037,,gx-no-cache=1553032001261 HTTP/1.1" 200 5953
192.168.10.96 - - [19/Mar/2019:16:53:18 -0300] "POST /cormun/servlet/trsolicitudgral?e2cf0a8849a3329fc175ce6736f3d037,,gx-no-cache=1553032001997 HTTP/1.1" 200 5953
192.168.10.96 - - [19/Mar/2019:16:53:18 -0300] "POST /cormun/servlet/trsolicitudgral?e2cf0a8849a3329fc175ce6736f3d037,,gx-no-cache=1553032002218 HTTP/1.1" 200 5952
192.168.10.96 - - [19/Mar/2019:16:53:18 -0300] "POST /cormun/servlet/trsolicitudgral?e2cf0a8849a3329fc175ce6736f3d037,,gx-no-cache=1553032002460 HTTP/1.1" 200 5953
190.171.152.114 - - [19/Mar/2019:16:53:30 -0300] "POST /cormun/servlet/trsolicitudot?32a734948ab84717b29401b1d6530efa,,gx-no-cache=1553024992258 HTTP/1.1" 200 107
190.171.152.114 - - [19/Mar/2019:16:53:30 -0300] "GET /cormun/servlet/trsolicitudadjuntos?2019,14812, HTTP/1.1" 200 6374
192.168.10.89 - - [19/Mar/2019:16:53:33 -0300] "POST /cormun/servlet/trsolicitudgral?472d285873e87f12c71b9aee91ce9d6c,gx-no-cache=1553031797293,gx-no-cache=1553032017095 HTTP/1.1" 200 6951
190.171.152.114 - - [19/Mar/2019:16:53:33 -0300] "GET /cormun/servlet/solicitudotadjuntos?INS,2019,14812,,1, HTTP/1.1" 200 6318
190.171.152.114 - - [19/Mar/2019:16:53:34 -0300] "HEAD /cormun/static/about:blank HTTP/1.1" 404 -
190.171.152.114 - - [19/Mar/2019:16:53:35 -0300] "GET /cormun/servlet/solicitudotadjuntos?6259a371b595ce817b28f21870159b6f2749cd67868689e3dafe3b5d8f3113f89658833f8350dfe5c203d9e3bb57d5b9,gx-no-cache=1553024996983 HTTP/1.1" 200 30
190.171.152.114 - - [19/Mar/2019:16:53:35 -0300] "POST /cormun/servlet/solicitudotadjuntos?32a734948ab84717b29401b1d6530efa,INS,2019,14812,,1,,gx-no-cache=1553024997029 HTTP/1.1" 200 4067
190.171.152.114 - - [19/Mar/2019:16:53:37 -0300] "POST /cormun/servlet/solicitudotadjuntos?gx-no-cache=1553024999042 HTTP/1.1" 200 26
192.168.10.96 - - [19/Mar/2019:16:53:52 -0300] "POST /cormun/servlet/trsolicitudgral?e2cf0a8849a3329fc175ce6736f3d037,,gx-no-cache=1553032024592 HTTP/1.1" 200 25538
190.171.152.114 - - [19/Mar/2019:16:54:04 -0300] "GET /cormun/servlet/solicitudotadjuntos?6259a371b595ce817b28f21870159b6f133d1ee1462ffd9cec4d379848dd05c5,gx-no-cache=1553025026570 HTTP/1.1" 200 30
190.171.152.114 - - [19/Mar/2019:16:54:04 -0300] "GET /cormun/servlet/solicitudotadjuntos?6259a371b595ce817b28f21870159b6f133d1ee1462ffd9cec4d379848dd05c5,gx-no-cache=1553025026598 HTTP/1.1" 200 30
190.171.152.114 - - [19/Mar/2019:16:54:05 -0300] "POST /cormun/servlet/solicitudotadjuntos?32a734948ab84717b29401b1d6530efa,INS,2019,14812,,1, HTTP/1.1" 200 116
190.171.152.114 - - [19/Mar/2019:16:54:05 -0300] "GET /cormun/servlet/hpexe_return? HTTP/1.1" 200 1027
190.171.152.114 - - [19/Mar/2019:16:54:05 -0300] "GET /cormun/servlet/trsolicitudadjuntos?2019,14812, HTTP/1.1" 200 8980
190.171.152.114 - - [19/Mar/2019:16:54:09 -0300] "GET /cormun/servlet/solicitudotadjuntos?INS,2019,14812,,1, HTTP/1.1" 200 6318
190.171.152.114 - - [19/Mar/2019:16:54:10 -0300] "HEAD /cormun/static/about:blank HTTP/1.1" 404 -
190.171.152.114 - - [19/Mar/2019:16:54:11 -0300] "GET /cormun/servlet/solicitudotadjuntos?6259a371b595ce817b28f21870159b6f2749cd67868689e3dafe3b5d8f3113f89658833f8350dfe5c203d9e3bb57d5b9,gx-no-cache=1553025032780 HTTP/1.1" 200 30
190.171.152.114 - - [19/Mar/2019:16:54:11 -0300] "POST /cormun/servlet/solicitudotadjuntos?32a734948ab84717b29401b1d6530efa,INS,2019,14812,,1,,gx-no-cache=1553025032830 HTTP/1.1" 200 4067
190.171.152.114 - - [19/Mar/2019:16:54:14 -0300] "POST /cormun/servlet/solicitudotadjuntos?gx-no-cache=1553025036463 HTTP/1.1" 200 26
192.168.10.96 - - [19/Mar/2019:16:54:18 -0300] "POST /cormun/servlet/trsolicitudgral?e2cf0a8849a3329fc175ce6736f3d037,,gx-no-cache=1553032062020 HTTP/1.1" 200 7340
190.171.152.114 - - [19/Mar/2019:16:54:23 -0300] "GET /cormun/servlet/solicitudotadjuntos?6259a371b595ce817b28f21870159b6f133d1ee1462ffd9cec4d379848dd05c5,gx-no-cache=1553025045169 HTTP/1.1" 200 30
190.171.152.114 - - [19/Mar/2019:16:54:23 -0300] "GET /cormun/servlet/solicitudotadjuntos?6259a371b595ce817b28f21870159b6f133d1ee1462ffd9cec4d379848dd05c5,gx-no-cache=1553025045230 HTTP/1.1" 200 30
190.171.152.114 - - [19/Mar/2019:16:54:26 -0300] "POST /cormun/servlet/solicitudotadjuntos?32a734948ab84717b29401b1d6530efa,INS,2019,14812,,1, HTTP/1.1" 200 116
190.171.152.114 - - [19/Mar/2019:16:54:26 -0300] "GET /cormun/servlet/hpexe_return? HTTP/1.1" 200 1027
192.168.10.89 - - [19/Mar/2019:16:54:27 -0300] "POST /cormun/servlet/trsolicitudgral?472d285873e87f12c71b9aee91ce9d6c,gx-no-cache=1553031797293,gx-no-cache=1553032071052 HTTP/1.1" 200 7631
190.171.152.114 - - [19/Mar/2019:16:54:27 -0300] "GET /cormun/servlet/trsolicitudadjuntos?2019,14812, HTTP/1.1" 200 9219
192.168.10.96 - - [19/Mar/2019:16:54:31 -0300] "POST /cormun/servlet/trsolicitudgral?e2cf0a8849a3329fc175ce6736f3d037,,gx-no-cache=1553032075209 HTTP/1.1" 200 12396
190.171.153.218 - - [19/Mar/2019:16:54:42 -0300] "GET /cormun/servlet/trsolicitudot? HTTP/1.1" 200 7536
190.171.153.218 - - [19/Mar/2019:16:54:43 -0300] "GET /cormun/servlet/trsolicitudot? HTTP/1.1" 200 7536
192.168.10.96 - - [19/Mar/2019:16:54:43 -0300] "POST /cormun/servlet/trsolicitudgral?e2cf0a8849a3329fc175ce6736f3d037,,gx-no-cache=1553032087116 HTTP/1.1" 200 7313
164.77.113.188 - - [19/Mar/2019:16:54:45 -0300] "GET /cormun/servlet/solicitudot?INS,0,0, HTTP/1.1" 200 15166
164.77.113.188 - - [19/Mar/2019:16:54:45 -0300] "GET /cormun/servlet/solicitudot?INS,0,0, HTTP/1.1" 200 15171
190.171.152.114 - - [19/Mar/2019:16:54:55 -0300] "GET /cormun/servlet/solicitudotadjuntos?INS,2019,14812,,1, HTTP/1.1" 200 6318
190.171.152.114 - - [19/Mar/2019:16:54:55 -0300] "HEAD /cormun/static/about:blank HTTP/1.1" 404 -
190.171.152.114 - - [19/Mar/2019:16:54:56 -0300] "GET /cormun/servlet/solicitudotadjuntos?6259a371b595ce817b28f21870159b6f2749cd67868689e3dafe3b5d8f3113f89658833f8350dfe5c203d9e3bb57d5b9,gx-no-cache=1553025078103 HTTP/1.1" 200 30
190.171.152.114 - - [19/Mar/2019:16:54:56 -0300] "POST /cormun/servlet/solicitudotadjuntos?32a734948ab84717b29401b1d6530efa,INS,2019,14812,,1,,gx-no-cache=1553025078147 HTTP/1.1" 200 4067
190.171.152.114 - - [19/Mar/2019:16:54:59 -0300] "POST /cormun/servlet/solicitudotadjuntos?gx-no-cache=1553025081127 HTTP/1.1" 200 26
190.171.153.218 - - [19/Mar/2019:16:55:06 -0300] "GET /cormun/servlet/prfichaempleado?,MD,,gxPopupLevel%3D0%3B HTTP/1.1" 200 9416
192.168.10.89 - - [19/Mar/2019:16:55:20 -0300] "GET /cormun/servlet/solicitudgral2?UPD,2019,14781, HTTP/1.1" 200 12512
192.168.10.89 - - [19/Mar/2019:16:55:21 -0300] "POST /cormun/servlet/solicitudgral2?gx-no-cache=1553032125145 HTTP/1.1" 200 4068
192.168.10.89 - - [19/Mar/2019:16:55:21 -0300] "GET /cormun/servlet/solicitudgral2?6d2de5ec1cf21689bb3caa96b842dce33c12643fcfd427b0e7c26ed63f7a959d7863a84bef541b334d05e383c20750b712f6540e6db64a4c9540546af3d135587a42826ac83f97f1b5c39ea3eef83d1ed1f99a4313aa3b51608fe9c7d17a1e78537164835b8d876f011ecb12999762abf7f6482e618c4cdd62f34bd6aa5cc05ee1676c9b8a43009996e494fdfc9079afbb062f9646d1834202ba408328abfea30a9584918831da555aa505eebc6c2983ed94a9dc9528a0c906bcc5ea43e210b83f92b26f94f32b100f18579250578b91359e498f19cdf82f1b06cf734d74c55a92b048b7ef945000ea8827a139537acfa7bb275c0f13828d44dfbd69a67c560579b8f1bcb66834a76e1a835a21ec9958a3f89b78cda61790cbfff8cba95a58127b34b1103a9e42337c4707c461ee80e767a33fc7aeb518705f020f098ac9221498075e8faeebfd7f440f49ee481b83fa,gx-no-cache=1553032125342 HTTP/1.1" 200 256
192.168.10.89 - - [19/Mar/2019:16:55:21 -0300] "GET /cormun/servlet/solicitudgral2?6d2de5ec1cf21689bb3caa96b842dce3f6b5da666a53d705cf06dc218ca032c8591e1608ecc758931aa70e7c01e8e6d7e332530485092eaf7c5fe2996bc96667b15c79195f8e1e5cf35a9bc42d92e9bda8253b5f96dc8d26a0ed845a31478cea,gx-no-cache=1553032125359 HTTP/1.1" 200 33
192.168.10.89 - - [19/Mar/2019:16:55:21 -0300] "GET /cormun/servlet/solicitudgral2?6d2de5ec1cf21689bb3caa96b842dce3c08db7fbb6b3561bf987e4050946ecd82e0f69e52555f6650f5ab050a06d82b9606f2347a1d21e3b2c721a0cc2d32ee4142b8a9293ce708954a47e11ce96db7da3196794aaaea66b56f105492fddd4a2d86ec3bb61fa164f7f10295df1d8dd30,gx-no-cache=1553032125373 HTTP/1.1" 200 40
190.171.153.218 - - [19/Mar/2019:16:55:24 -0300] "POST /cormun/servlet/prfichaempleado?8e2837cd9c185dca211cdce718b2611e,,MD,,gxPopupLevel%3D0%3B,gx-no-cache=1553025102528 HTTP/1.1" 200 3424
192.168.10.89 - - [19/Mar/2019:16:55:24 -0300] "POST /cormun/servlet/solicitudgral2?472d285873e87f12c71b9aee91ce9d6c,UPD,2019,14781,,gx-no-cache=1553032128393 HTTP/1.1" 200 93
192.168.10.89 - - [19/Mar/2019:16:55:24 -0300] "GET /cormun/servlet/hpexe_return? HTTP/1.1" 200 1038
192.168.10.89 - - [19/Mar/2019:16:55:24 -0300] "GET /cormun/servlet/trsolicitudgral?gx-no-cache=1553031797293 HTTP/1.1" 200 10652
190.171.153.218 - - [19/Mar/2019:16:55:29 -0300] "POST /cormun/servlet/solicitudot?gx-no-cache=1553025107332 HTTP/1.1" 200 3584
190.171.153.218 - - [19/Mar/2019:16:55:29 -0300] "POST /cormun/servlet/solicitudot?8e2837cd9c185dca211cdce718b2611e,INS,0,0,,gx-no-cache=1553025107585 HTTP/1.1" 200 11972
192.168.10.89 - - [19/Mar/2019:16:55:29 -0300] "GET /cormun/servlet/solicitudgral?UPD,2019,14156, HTTP/1.1" 200 12434
190.171.153.218 - - [19/Mar/2019:16:55:29 -0300] "GET /cormun/servlet/solicitudot?dbd36ae4eaec1a876b6740e2f8ac2b28079835442bc59b9d4a595554d6967e0bae529562e40ddcc35561ff74473377bf,gx-no-cache=1553025107818 HTTP/1.1" 200 30
192.168.10.89 - - [19/Mar/2019:16:55:30 -0300] "POST /cormun/servlet/solicitudgral?gx-no-cache=1553032134444 HTTP/1.1" 200 4068
192.168.10.89 - - [19/Mar/2019:16:55:30 -0300] "GET /cormun/servlet/solicitudgral?6d2de5ec1cf21689bb3caa96b842dce33c12643fcfd427b0e7c26ed63f7a959d7863a84bef541b334d05e383c20750b712f6540e6db64a4c9540546af3d135587a42826ac83f97f1b5c39ea3eef83d1ed1f99a4313aa3b51608fe9c7d17a1e78537164835b8d876f011ecb12999762abf7f6482e618c4cdd62f34bd6aa5cc05ee1676c9b8a43009996e494fdfc9079afbb062f9646d1834202ba408328abfea30a9584918831da555aa505eebc6c2983ed94a9dc9528a0c906bcc5ea43e210b83f92b26f94f32b100f18579250578b91359e498f19cdf82f1b06cf734d74c55a92b048b7ef945000ea8827a139537acfa7bb275c0f13828d44dfbd69a67c560579b8f1bcb66834a76e1a835a21ec9958a3f89b78cda61790cbfff8cba95a58127b34b1103a9e42337c4707c461ee80e767a33fc7aeb518705f020f098ac9221498075e8faeebfd7f440f49ee481b83fa,gx-no-cache=1553032134615 HTTP/1.1" 200 256
192.168.10.89 - - [19/Mar/2019:16:55:32 -0300] "POST /cormun/servlet/solicitudgral?472d285873e87f12c71b9aee91ce9d6c,UPD,2019,14156,,gx-no-cache=1553032136098 HTTP/1.1" 200 93
192.168.10.89 - - [19/Mar/2019:16:55:32 -0300] "GET /cormun/servlet/hpexe_return? HTTP/1.1" 200 1036
192.168.10.89 - - [19/Mar/2019:16:55:32 -0300] "GET /cormun/servlet/trsolicitudgral?gx-no-cache=1553031797293 HTTP/1.1" 200 10652
190.171.152.114 - - [19/Mar/2019:16:55:34 -0300] "GET /cormun/servlet/solicitudotadjuntos?6259a371b595ce817b28f21870159b6f133d1ee1462ffd9cec4d379848dd05c5,gx-no-cache=1553025116369 HTTP/1.1" 200 30
190.171.152.114 - - [19/Mar/2019:16:55:34 -0300] "GET /cormun/servlet/solicitudotadjuntos?6259a371b595ce817b28f21870159b6f133d1ee1462ffd9cec4d379848dd05c5,gx-no-cache=1553025116403 HTTP/1.1" 200 30
190.171.152.114 - - [19/Mar/2019:16:55:35 -0300] "POST /cormun/servlet/solicitudotadjuntos?32a734948ab84717b29401b1d6530efa,INS,2019,14812,,1, HTTP/1.1" 200 116
190.171.152.114 - - [19/Mar/2019:16:55:35 -0300] "GET /cormun/servlet/hpexe_return? HTTP/1.1" 200 1027
192.168.10.89 - - [19/Mar/2019:16:55:35 -0300] "GET /cormun/servlet/solicitudgral2?UPD,2019,14780, HTTP/1.1" 200 12532
190.171.152.114 - - [19/Mar/2019:16:55:35 -0300] "GET /cormun/servlet/trsolicitudadjuntos?2019,14812, HTTP/1.1" 200 9397
192.168.10.89 - - [19/Mar/2019:16:55:36 -0300] "POST /cormun/servlet/solicitudgral2?gx-no-cache=1553032140471 HTTP/1.1" 200 4068
190.171.153.218 - - [19/Mar/2019:16:55:36 -0300] "GET /cormun/servlet/solicitudot?dbd36ae4eaec1a876b6740e2f8ac2b281af221db4e0d056fd9023d014f39c2f56085d2d3fca0d93899fc4c22c354156b9bf890dc5f1645949cbee1ef5afc4565,gx-no-cache=1553025115063 HTTP/1.1" 200 30
190.171.153.218 - - [19/Mar/2019:16:55:36 -0300] "GET /cormun/servlet/solicitudot?dbd36ae4eaec1a876b6740e2f8ac2b28a59510a3a3aec2bec15d244b14bec39a,gx-no-cache=1553025115109 HTTP/1.1" 200 51
192.168.10.89 - - [19/Mar/2019:16:55:36 -0300] "GET /cormun/servlet/solicitudgral2?6d2de5ec1cf21689bb3caa96b842dce33c12643fcfd427b0e7c26ed63f7a959d7863a84bef541b334d05e383c20750b712f6540e6db64a4c9540546af3d135587a42826ac83f97f1b5c39ea3eef83d1ed1f99a4313aa3b51608fe9c7d17a1e78537164835b8d876f011ecb12999762abf7f6482e618c4cdd62f34bd6aa5cc05ee1676c9b8a43009996e494fdfc9079afbb062f9646d1834202ba408328abfea30a9584918831da555aa505eebc6c2983ed94a9dc9528a0c906bcc5ea43e210b83f92b26f94f32b100f18579250578b91359e498f19cdf82f1b06cf734d74c55a92b048b7ef945000ea8827a139537acfa7bb275c0f13828d44dfbd69a67c560579b8f1bcb66834a76e1a835a21ec9958a3f89b78cda61790cbfff8cba95a58127b34b1103a9e42337c4707c461ee80e767a33fc7aeb518705f020f098ac9221498075e8faeebfd7f440f49ee481b83fa,gx-no-cache=1553032140660 HTTP/1.1" 200 256
192.168.10.89 - - [19/Mar/2019:16:55:36 -0300] "GET /cormun/servlet/solicitudgral2?6d2de5ec1cf21689bb3caa96b842dce3f6b5da666a53d705cf06dc218ca032c8591e1608ecc758931aa70e7c01e8e6d7e332530485092eaf7c5fe2996bc96667b15c79195f8e1e5cf35a9bc42d92e9bda8253b5f96dc8d26a0ed845a31478cea,gx-no-cache=1553032140683 HTTP/1.1" 200 33
192.168.10.89 - - [19/Mar/2019:16:55:36 -0300] "GET /cormun/servlet/solicitudgral2?6d2de5ec1cf21689bb3caa96b842dce3c08db7fbb6b3561bf987e4050946ecd82e0f69e52555f6650f5ab050a06d82b9606f2347a1d21e3b2c721a0cc2d32ee4142b8a9293ce708954a47e11ce96db7da3196794aaaea66b56f105492fddd4a2d86ec3bb61fa164f7f10295df1d8dd30,gx-no-cache=1553032140699 HTTP/1.1" 200 40
190.171.153.218 - - [19/Mar/2019:16:55:36 -0300] "POST /cormun/servlet/solicitudot?gx-no-cache=1553025115145 HTTP/1.1" 200 297
190.171.153.218 - - [19/Mar/2019:16:55:36 -0300] "GET /cormun/servlet/solicitudot?dbd36ae4eaec1a876b6740e2f8ac2b284003ca83b273315e9a8bb0c59b5de8a4cf19882bced5b3456120f802fbb4b3ce4b06f678b7621dc70fcbe28c043cbe0338a21a97bf0fdd8a3af41710d6338b0e407bfbf9c01ee261e1d0d7f20519cf02e8d7d3625f4f7cd65c6ef7dcb39402e7717c8524023629d111acfa4e7823e929bce8e53891687fdf3c13e7a524f5fbc4f985548bc51d98dcff57de64b08c22c1bbcea1c6eccde6db49a50a40ae3adcf88f4ecd08e8617ef13e06b121512fa92b7c9a1c454eda143cac63c43bcd9325cdfd1d805f3f9801073033c1173ee86b01abf7b64d71f6799a3d9718d9f3a033dbc4f2ce736313a17dfb22c02c4cd644ef3f9d7001075f2e8227263f2c0991b2a6b15d256005662cb5b22fe1bc50fe2b8000b0b2189685271a8f63c6d2f2c86def8010adde126acac6aa80272a98078a2de7a81ec0cd57b300e62acd5a73ed021bac1ac091e5b4cdc924f8c289caee95caf999ba4de82a25cdc4c2e14d68e0da864df9805c9620ff5a4c4a26eecaad155827716262bf350f69d0d749e34dd4238a,gx-no-cache=1553025115190 HTTP/1.1" 200 30
192.168.10.89 - - [19/Mar/2019:16:55:38 -0300] "POST /cormun/servlet/solicitudgral2?472d285873e87f12c71b9aee91ce9d6c,UPD,2019,14780,,gx-no-cache=1553032141987 HTTP/1.1" 200 93
192.168.10.89 - - [19/Mar/2019:16:55:38 -0300] "GET /cormun/servlet/hpexe_return? HTTP/1.1" 200 1038
192.168.10.89 - - [19/Mar/2019:16:55:38 -0300] "GET /cormun/servlet/trsolicitudgral?gx-no-cache=1553031797293 HTTP/1.1" 200 10652
190.171.152.114 - - [19/Mar/2019:16:55:38 -0300] "GET /cormun/servlet/solicitudotadjuntos?INS,2019,14812,,1, HTTP/1.1" 200 6318
190.171.152.114 - - [19/Mar/2019:16:55:39 -0300] "HEAD /cormun/static/about:blank HTTP/1.1" 404 -
190.171.152.114 - - [19/Mar/2019:16:55:40 -0300] "GET /cormun/servlet/solicitudotadjuntos?6259a371b595ce817b28f21870159b6f2749cd67868689e3dafe3b5d8f3113f89658833f8350dfe5c203d9e3bb57d5b9,gx-no-cache=1553025122029 HTTP/1.1" 200 30
190.171.152.114 - - [19/Mar/2019:16:55:40 -0300] "POST /cormun/servlet/solicitudotadjuntos?32a734948ab84717b29401b1d6530efa,INS,2019,14812,,1,,gx-no-cache=1553025122098 HTTP/1.1" 200 4067
190.171.152.114 - - [19/Mar/2019:16:55:43 -0300] "POST /cormun/servlet/solicitudotadjuntos?gx-no-cache=1553025124966 HTTP/1.1" 200 26
190.171.153.218 - - [19/Mar/2019:16:55:43 -0300] "POST /cormun/servlet/solicitudot?gx-no-cache=1553025122093 HTTP/1.1" 200 30
190.171.153.218 - - [19/Mar/2019:16:55:45 -0300] "GET /cormun/servlet/prcontratosol?18379446,,,,,MD,,gxPopupLevel%3D0%3B HTTP/1.1" 200 7861
190.171.152.114 - - [19/Mar/2019:16:55:47 -0300] "GET /cormun/servlet/solicitudotadjuntos?6259a371b595ce817b28f21870159b6f133d1ee1462ffd9cec4d379848dd05c5,gx-no-cache=1553025129273 HTTP/1.1" 200 30
190.171.152.114 - - [19/Mar/2019:16:55:47 -0300] "GET /cormun/servlet/solicitudotadjuntos?6259a371b595ce817b28f21870159b6f133d1ee1462ffd9cec4d379848dd05c5,gx-no-cache=1553025129333 HTTP/1.1" 200 30
190.171.152.114 - - [19/Mar/2019:16:55:47 -0300] "POST /cormun/servlet/solicitudotadjuntos?32a734948ab84717b29401b1d6530efa,INS,2019,14812,,1, HTTP/1.1" 200 116
190.171.152.114 - - [19/Mar/2019:16:55:47 -0300] "GET /cormun/servlet/hpexe_return? HTTP/1.1" 200 1027
190.171.152.114 - - [19/Mar/2019:16:55:48 -0300] "GET /cormun/servlet/trsolicitudadjuntos?2019,14812, HTTP/1.1" 200 9635
190.171.152.114 - - [19/Mar/2019:16:55:53 -0300] "GET /cormun/servlet/solicitudotadjuntos?INS,2019,14812,,1, HTTP/1.1" 200 6318
190.171.152.114 - - [19/Mar/2019:16:55:54 -0300] "HEAD /cormun/static/about:blank HTTP/1.1" 404 -
190.171.152.114 - - [19/Mar/2019:16:55:55 -0300] "GET /cormun/servlet/solicitudotadjuntos?6259a371b595ce817b28f21870159b6f2749cd67868689e3dafe3b5d8f3113f89658833f8350dfe5c203d9e3bb57d5b9,gx-no-cache=1553025136782 HTTP/1.1" 200 30
190.171.152.114 - - [19/Mar/2019:16:55:55 -0300] "POST /cormun/servlet/solicitudotadjuntos?32a734948ab84717b29401b1d6530efa,INS,2019,14812,,1,,gx-no-cache=1553025136819 HTTP/1.1" 200 4067
190.171.152.114 - - [19/Mar/2019:16:55:58 -0300] "POST /cormun/servlet/solicitudotadjuntos?gx-no-cache=1553025139998 HTTP/1.1" 200 26
190.171.152.114 - - [19/Mar/2019:16:56:04 -0300] "GET /cormun/servlet/solicitudotadjuntos?6259a371b595ce817b28f21870159b6f133d1ee1462ffd9cec4d379848dd05c5,gx-no-cache=1553025146232 HTTP/1.1" 200 30
190.171.152.114 - - [19/Mar/2019:16:56:04 -0300] "GET /cormun/servlet/solicitudotadjuntos?6259a371b595ce817b28f21870159b6f133d1ee1462ffd9cec4d379848dd05c5,gx-no-cache=1553025146254 HTTP/1.1" 200 30
190.171.152.114 - - [19/Mar/2019:16:56:05 -0300] "POST /cormun/servlet/solicitudotadjuntos?32a734948ab84717b29401b1d6530efa,INS,2019,14812,,1, HTTP/1.1" 200 116
190.171.152.114 - - [19/Mar/2019:16:56:05 -0300] "GET /cormun/servlet/hpexe_return? HTTP/1.1" 200 1027
190.171.152.114 - - [19/Mar/2019:16:56:06 -0300] "GET /cormun/servlet/trsolicitudadjuntos?2019,14812, HTTP/1.1" 200 9880
186.67.84.236 - - [19/Mar/2019:16:56:07 -0300] "POST /cormun/servlet/solicitudot?gx-no-cache=1553025146074 HTTP/1.1" 200 1289
186.67.84.236 - - [19/Mar/2019:16:56:07 -0300] "POST /cormun/servlet/solicitudot?gx-no-cache=1553025146196 HTTP/1.1" 200 38
186.67.84.236 - - [19/Mar/2019:16:56:07 -0300] "GET /cormun/servlet/solicitudot?dbd36ae4eaec1a876b6740e2f8ac2b28410e35ef3284e4699a08365e2ffaee3c13c27ebdefcb469bdc27da27e5eeb4008f00689643abf415d15d4beef8d4d4e363f3018b1ea6f89d94754d1f25e03b347056a1a567728e7bb80f5e7f2e2c507f0e5803515ea1852f2e997f2cf3ee9a6e,gx-no-cache=1553025146228 HTTP/1.1" 200 110
186.67.84.236 - - [19/Mar/2019:16:56:07 -0300] "POST /cormun/servlet/solicitudot?gx-no-cache=1553025146258 HTTP/1.1" 200 97
186.67.84.236 - - [19/Mar/2019:16:56:07 -0300] "GET /cormun/servlet/solicitudot?dbd36ae4eaec1a876b6740e2f8ac2b28a249e7786a17cee4b32f3e1e5de7792da486014b6a409d8ab8b5ef6315978884ca33d32ed24660e7ad29dd071a3ea6abc0ade03cadfb9063e4ccb33524dbaa8dbd6a0a78d78569af779b5be7031cdec6e2c75dce65512fde957354932485dfdf,gx-no-cache=1553025146302 HTTP/1.1" 200 29
186.67.84.236 - - [19/Mar/2019:16:56:07 -0300] "GET /cormun/servlet/solicitudot?dbd36ae4eaec1a876b6740e2f8ac2b282fc2710b393d2533331784755c2960f665673813bb9dd1ce1ebc47d23669a242,gx-no-cache=1553025146330 HTTP/1.1" 200 30
190.171.152.114 - - [19/Mar/2019:16:56:10 -0300] "GET /cormun/servlet/solicitudotadjuntos?INS,2019,14812,,1, HTTP/1.1" 200 6318
190.171.152.114 - - [19/Mar/2019:16:56:11 -0300] "HEAD /cormun/static/about:blank HTTP/1.1" 404 -
190.171.152.114 - - [19/Mar/2019:16:56:12 -0300] "GET /cormun/servlet/solicitudotadjuntos?6259a371b595ce817b28f21870159b6f2749cd67868689e3dafe3b5d8f3113f89658833f8350dfe5c203d9e3bb57d5b9,gx-no-cache=1553025153737 HTTP/1.1" 200 30
190.171.152.114 - - [19/Mar/2019:16:56:12 -0300] "POST /cormun/servlet/solicitudotadjuntos?32a734948ab84717b29401b1d6530efa,INS,2019,14812,,1,,gx-no-cache=1553025153823 HTTP/1.1" 200 4067
190.171.152.114 - - [19/Mar/2019:16:56:14 -0300] "POST /cormun/servlet/solicitudotadjuntos?gx-no-cache=1553025156406 HTTP/1.1" 200 26
190.171.152.114 - - [19/Mar/2019:16:56:19 -0300] "GET /cormun/servlet/solicitudotadjuntos?6259a371b595ce817b28f21870159b6f133d1ee1462ffd9cec4d379848dd05c5,gx-no-cache=1553025161027 HTTP/1.1" 200 30
190.171.152.114 - - [19/Mar/2019:16:56:19 -0300] "GET /cormun/servlet/solicitudotadjuntos?6259a371b595ce817b28f21870159b6f133d1ee1462ffd9cec4d379848dd05c5,gx-no-cache=1553025161096 HTTP/1.1" 200 30
190.171.152.114 - - [19/Mar/2019:16:56:19 -0300] "POST /cormun/servlet/solicitudotadjuntos?32a734948ab84717b29401b1d6530efa,INS,2019,14812,,1, HTTP/1.1" 200 116
190.171.152.114 - - [19/Mar/2019:16:56:19 -0300] "GET /cormun/servlet/hpexe_return? HTTP/1.1" 200 1027
190.171.152.114 - - [19/Mar/2019:16:56:20 -0300] "GET /cormun/servlet/trsolicitudadjuntos?2019,14812, HTTP/1.1" 200 10108
190.171.152.114 - - [19/Mar/2019:16:56:23 -0300] "GET /cormun/servlet/solicitudotadjuntos?INS,2019,14812,,2, HTTP/1.1" 200 6317
190.171.152.114 - - [19/Mar/2019:16:56:24 -0300] "HEAD /cormun/static/about:blank HTTP/1.1" 404 -
190.171.152.114 - - [19/Mar/2019:16:56:25 -0300] "GET /cormun/servlet/solicitudotadjuntos?6259a371b595ce817b28f21870159b6f2749cd67868689e3dafe3b5d8f3113f89658833f8350dfe5c203d9e3bb57d5b9,gx-no-cache=1553025167173 HTTP/1.1" 200 30
190.171.152.114 - - [19/Mar/2019:16:56:25 -0300] "POST /cormun/servlet/solicitudotadjuntos?32a734948ab84717b29401b1d6530efa,INS,2019,14812,,2,,gx-no-cache=1553025167255 HTTP/1.1" 200 4278
190.171.152.114 - - [19/Mar/2019:16:56:28 -0300] "POST /cormun/servlet/solicitudotadjuntos?gx-no-cache=1553025170279 HTTP/1.1" 200 26
190.171.152.114 - - [19/Mar/2019:16:56:33 -0300] "GET /cormun/servlet/solicitudotadjuntos?6259a371b595ce817b28f21870159b6f133d1ee1462ffd9cec4d379848dd05c5,gx-no-cache=1553025175193 HTTP/1.1" 200 30
190.171.152.114 - - [19/Mar/2019:16:56:33 -0300] "GET /cormun/servlet/solicitudotadjuntos?6259a371b595ce817b28f21870159b6f133d1ee1462ffd9cec4d379848dd05c5,gx-no-cache=1553025175311 HTTP/1.1" 200 30
190.171.152.114 - - [19/Mar/2019:16:56:33 -0300] "POST /cormun/servlet/solicitudotadjuntos?32a734948ab84717b29401b1d6530efa,INS,2019,14812,,2, HTTP/1.1" 200 116
190.171.152.114 - - [19/Mar/2019:16:56:33 -0300] "GET /cormun/servlet/hpexe_return? HTTP/1.1" 200 1027
190.171.152.114 - - [19/Mar/2019:16:56:35 -0300] "GET /cormun/servlet/trsolicitudadjuntos?2019,14812, HTTP/1.1" 200 10243
190.171.152.114 - - [19/Mar/2019:16:56:40 -0300] "GET /cormun/servlet/trsolicitudot? HTTP/1.1" 200 9767
186.103.196.84 - - [19/Mar/2019:16:56:43 -0300] "POST /cormun/servlet/solicitudot?gx-no-cache=1553025181311 HTTP/1.1" 200 33
190.171.152.114 - - [19/Mar/2019:16:56:44 -0300] "POST /cormun/servlet/trsolicitudot?32a734948ab84717b29401b1d6530efa,,gx-no-cache=1553025185904 HTTP/1.1" 200 107
190.171.152.114 - - [19/Mar/2019:16:56:44 -0300] "GET /cormun/servlet/trsolicitudadjuntos?2019,14811, HTTP/1.1" 200 6375
190.171.152.114 - - [19/Mar/2019:16:56:47 -0300] "GET /cormun/servlet/solicitudotadjuntos?INS,2019,14811,,1, HTTP/1.1" 200 6318
190.171.152.114 - - [19/Mar/2019:16:56:48 -0300] "HEAD /cormun/static/about:blank HTTP/1.1" 404 -
190.171.152.114 - - [19/Mar/2019:16:56:49 -0300] "GET /cormun/servlet/solicitudotadjuntos?6259a371b595ce817b28f21870159b6fd0735d24ffa0bbd84cd0532dfb74ffe89658833f8350dfe5c203d9e3bb57d5b9,gx-no-cache=1553025190689 HTTP/1.1" 200 30
190.171.152.114 - - [19/Mar/2019:16:56:49 -0300] "POST /cormun/servlet/solicitudotadjuntos?32a734948ab84717b29401b1d6530efa,INS,2019,14811,,1,,gx-no-cache=1553025190806 HTTP/1.1" 200 4066
190.171.152.114 - - [19/Mar/2019:16:56:51 -0300] "POST /cormun/servlet/solicitudotadjuntos?gx-no-cache=1553025193504 HTTP/1.1" 200 26
190.171.152.114 - - [19/Mar/2019:16:56:59 -0300] "GET /cormun/servlet/solicitudotadjuntos?6259a371b595ce817b28f21870159b6f133d1ee1462ffd9cec4d379848dd05c5,gx-no-cache=1553025201305 HTTP/1.1" 200 30
190.171.152.114 - - [19/Mar/2019:16:56:59 -0300] "GET /cormun/servlet/solicitudotadjuntos?6259a371b595ce817b28f21870159b6f133d1ee1462ffd9cec4d379848dd05c5,gx-no-cache=1553025201330 HTTP/1.1" 200 30
190.171.152.114 - - [19/Mar/2019:16:57:00 -0300] "POST /cormun/servlet/solicitudotadjuntos?32a734948ab84717b29401b1d6530efa,INS,2019,14811,,1, HTTP/1.1" 200 116
190.171.152.114 - - [19/Mar/2019:16:57:00 -0300] "GET /cormun/servlet/hpexe_return? HTTP/1.1" 200 1026
190.171.152.114 - - [19/Mar/2019:16:57:00 -0300] "GET /cormun/servlet/trsolicitudadjuntos?2019,14811, HTTP/1.1" 200 8990
190.171.152.114 - - [19/Mar/2019:16:57:07 -0300] "GET /cormun/servlet/solicitudotadjuntos?INS,2019,14811,,1, HTTP/1.1" 200 6318
190.171.152.114 - - [19/Mar/2019:16:57:07 -0300] "HEAD /cormun/static/about:blank HTTP/1.1" 404 -
190.171.152.114 - - [19/Mar/2019:16:57:08 -0300] "GET /cormun/servlet/solicitudotadjuntos?6259a371b595ce817b28f21870159b6fd0735d24ffa0bbd84cd0532dfb74ffe89658833f8350dfe5c203d9e3bb57d5b9,gx-no-cache=1553025210126 HTTP/1.1" 200 30
190.171.152.114 - - [19/Mar/2019:16:57:08 -0300] "POST /cormun/servlet/solicitudotadjuntos?32a734948ab84717b29401b1d6530efa,INS,2019,14811,,1,,gx-no-cache=1553025210181 HTTP/1.1" 200 4066
190.171.152.114 - - [19/Mar/2019:16:57:11 -0300] "POST /cormun/servlet/solicitudotadjuntos?gx-no-cache=1553025212933 HTTP/1.1" 200 26
190.171.152.114 - - [19/Mar/2019:16:57:38 -0300] "GET /cormun/servlet/solicitudotadjuntos?6259a371b595ce817b28f21870159b6f133d1ee1462ffd9cec4d379848dd05c5,gx-no-cache=1553025239791 HTTP/1.1" 200 30
190.171.152.114 - - [19/Mar/2019:16:57:38 -0300] "GET /cormun/servlet/solicitudotadjuntos?6259a371b595ce817b28f21870159b6f133d1ee1462ffd9cec4d379848dd05c5,gx-no-cache=1553025239892 HTTP/1.1" 200 30
190.171.152.114 - - [19/Mar/2019:16:57:38 -0300] "POST /cormun/servlet/solicitudotadjuntos?32a734948ab84717b29401b1d6530efa,INS,2019,14811,,1, HTTP/1.1" 200 116
190.171.152.114 - - [19/Mar/2019:16:57:38 -0300] "GET /cormun/servlet/hpexe_return? HTTP/1.1" 200 1026
190.171.152.114 - - [19/Mar/2019:16:57:39 -0300] "GET /cormun/servlet/trsolicitudadjuntos?2019,14811, HTTP/1.1" 200 9221
190.171.152.114 - - [19/Mar/2019:16:57:43 -0300] "GET /cormun/servlet/solicitudotadjuntos?INS,2019,14811,,1, HTTP/1.1" 200 6317
190.171.152.114 - - [19/Mar/2019:16:57:44 -0300] "HEAD /cormun/static/about:blank HTTP/1.1" 404 -
190.171.152.114 - - [19/Mar/2019:16:57:44 -0300] "GET /cormun/servlet/solicitudotadjuntos?6259a371b595ce817b28f21870159b6fd0735d24ffa0bbd84cd0532dfb74ffe89658833f8350dfe5c203d9e3bb57d5b9,gx-no-cache=1553025246684 HTTP/1.1" 200 30
190.171.152.114 - - [19/Mar/2019:16:57:45 -0300] "POST /cormun/servlet/solicitudotadjuntos?32a734948ab84717b29401b1d6530efa,INS,2019,14811,,1,,gx-no-cache=1553025246724 HTTP/1.1" 200 4066
164.77.113.188 - - [19/Mar/2019:16:57:47 -0300] "GET /cormun/servlet/solicitudot?dbd36ae4eaec1a876b6740e2f8ac2b282fc2710b393d2533331784755c2960f665673813bb9dd1ce1ebc47d23669a242,gx-no-cache=1553025245294 HTTP/1.1" 200 30
164.77.113.188 - - [19/Mar/2019:16:57:47 -0300] "POST /cormun/servlet/solicitudot?gx-no-cache=1553025245700 HTTP/1.1" 200 33
190.171.152.114 - - [19/Mar/2019:16:57:47 -0300] "POST /cormun/servlet/solicitudotadjuntos?gx-no-cache=1553025249301 HTTP/1.1" 200 26
164.77.113.188 - - [19/Mar/2019:16:57:48 -0300] "POST /cormun/servlet/solicitudot?8e2837cd9c185dca211cdce718b2611e,INS,0,0,,gx-no-cache=1553025245914 HTTP/1.1" 200 93
164.77.113.188 - - [19/Mar/2019:16:57:49 -0300] "GET /cormun/servlet/hpexe_return? HTTP/1.1" 200 1005
164.77.113.188 - - [19/Mar/2019:16:57:49 -0300] "GET /cormun/servlet/trsolicitudot HTTP/1.1" 200 8892
164.77.113.188 - - [19/Mar/2019:16:57:50 -0300] "GET /cormun/servlet/trsolicitudot HTTP/1.1" 200 8890
190.171.153.218 - - [19/Mar/2019:16:57:55 -0300] "GET /cormun/servlet/trautorizarsolicitud? HTTP/1.1" 200 7440
190.171.152.114 - - [19/Mar/2019:16:57:55 -0300] "GET /cormun/servlet/solicitudotadjuntos?6259a371b595ce817b28f21870159b6f133d1ee1462ffd9cec4d379848dd05c5,gx-no-cache=1553025257425 HTTP/1.1" 200 30
190.171.152.114 - - [19/Mar/2019:16:57:55 -0300] "GET /cormun/servlet/solicitudotadjuntos?6259a371b595ce817b28f21870159b6f133d1ee1462ffd9cec4d379848dd05c5,gx-no-cache=1553025257445 HTTP/1.1" 200 30
190.171.153.218 - - [19/Mar/2019:16:57:55 -0300] "GET /cormun/servlet/trautorizarsolicitud? HTTP/1.1" 200 7440
190.171.152.114 - - [19/Mar/2019:16:57:56 -0300] "POST /cormun/servlet/solicitudotadjuntos?32a734948ab84717b29401b1d6530efa,INS,2019,14811,,1, HTTP/1.1" 200 116
190.171.152.114 - - [19/Mar/2019:16:57:56 -0300] "GET /cormun/servlet/hpexe_return? HTTP/1.1" 200 1026
190.171.152.114 - - [19/Mar/2019:16:57:56 -0300] "GET /cormun/servlet/trsolicitudadjuntos?2019,14811, HTTP/1.1" 200 9393
190.171.153.218 - - [19/Mar/2019:16:58:02 -0300] "GET /cormun/servlet/trautorizarsolicitud? HTTP/1.1" 200 7440
190.171.153.218 - - [19/Mar/2019:16:58:02 -0300] "GET /cormun/servlet/trautorizarsolicitud? HTTP/1.1" 200 7440
190.171.152.114 - - [19/Mar/2019:16:58:02 -0300] "GET /cormun/servlet/solicitudotadjuntos?INS,2019,14811,,1, HTTP/1.1" 200 6317
190.171.152.114 - - [19/Mar/2019:16:58:03 -0300] "HEAD /cormun/static/about:blank HTTP/1.1" 404 -
190.171.152.114 - - [19/Mar/2019:16:58:04 -0300] "GET /cormun/servlet/solicitudotadjuntos?6259a371b595ce817b28f21870159b6fd0735d24ffa0bbd84cd0532dfb74ffe89658833f8350dfe5c203d9e3bb57d5b9,gx-no-cache=1553025266161 HTTP/1.1" 200 30
190.171.152.114 - - [19/Mar/2019:16:58:04 -0300] "POST /cormun/servlet/solicitudotadjuntos?32a734948ab84717b29401b1d6530efa,INS,2019,14811,,1,,gx-no-cache=1553025266199 HTTP/1.1" 200 4066
190.171.153.218 - - [19/Mar/2019:16:58:07 -0300] "POST /cormun/servlet/trautorizarsolicitud?8e2837cd9c185dca211cdce718b2611e,,gx-no-cache=1553025265977 HTTP/1.1" 200 5821
190.171.152.114 - - [19/Mar/2019:16:58:08 -0300] "POST /cormun/servlet/solicitudotadjuntos?gx-no-cache=1553025269741 HTTP/1.1" 200 26
190.171.153.218 - - [19/Mar/2019:16:58:10 -0300] "POST /cormun/servlet/trautorizarsolicitud?8e2837cd9c185dca211cdce718b2611e,,gx-no-cache=1553025269024 HTTP/1.1" 200 5833
190.171.153.218 - - [19/Mar/2019:16:58:10 -0300] "GET /cormun/static/Shared/jqueryui/images/ui-icons_82798d_256x240.png HTTP/1.1" 404 1089
190.171.153.218 - - [19/Mar/2019:16:58:10 -0300] "GET /cormun/static/Shared/jqueryui/images/ui-bg_highlight-soft_100_c6c2c8_1x100.png HTTP/1.1" 404 1117
164.77.113.188 - - [19/Mar/2019:16:58:10 -0300] "GET /cormun/static/Shared/jqueryui/images/ui-icons_8d78a5_256x240.png HTTP/1.1" 404 1089
190.171.153.218 - - [19/Mar/2019:16:58:10 -0300] "GET /cormun/static/Shared/jqueryui/images/ui-bg_flat_55_fafafa_40x100.png HTTP/1.1" 404 1097
192.168.10.89 - - [19/Mar/2019:16:58:13 -0300] "GET /cormun/servlet/solicitudgral2?UPD,2019,14781, HTTP/1.1" 200 12512
192.168.10.89 - - [19/Mar/2019:16:58:14 -0300] "POST /cormun/servlet/solicitudgral2?gx-no-cache=1553032298244 HTTP/1.1" 200 4068
192.168.10.89 - - [19/Mar/2019:16:58:14 -0300] "GET /cormun/servlet/solicitudgral2?6d2de5ec1cf21689bb3caa96b842dce33c12643fcfd427b0e7c26ed63f7a959d7863a84bef541b334d05e383c20750b712f6540e6db64a4c9540546af3d135587a42826ac83f97f1b5c39ea3eef83d1ed1f99a4313aa3b51608fe9c7d17a1e78537164835b8d876f011ecb12999762abf7f6482e618c4cdd62f34bd6aa5cc05ee1676c9b8a43009996e494fdfc9079afbb062f9646d1834202ba408328abfea30a9584918831da555aa505eebc6c2983ed94a9dc9528a0c906bcc5ea43e210b83f92b26f94f32b100f18579250578b91359e498f19cdf82f1b06cf734d74c55a92b048b7ef945000ea8827a139537acfa7bb275c0f13828d44dfbd69a67c560579b8f1bcb66834a76e1a835a21ec9958a3f89b78cda61790cbfff8cba95a58127b34b1103a9e42337c4707c461ee80e767a33fc7aeb518705f020f098ac9221498075e8faeebfd7f440f49ee481b83fa,gx-no-cache=1553032298439 HTTP/1.1" 200 256
192.168.10.89 - - [19/Mar/2019:16:58:14 -0300] "GET /cormun/servlet/solicitudgral2?6d2de5ec1cf21689bb3caa96b842dce3f6b5da666a53d705cf06dc218ca032c8591e1608ecc758931aa70e7c01e8e6d7e332530485092eaf7c5fe2996bc96667b15c79195f8e1e5cf35a9bc42d92e9bda8253b5f96dc8d26a0ed845a31478cea,gx-no-cache=1553032298457 HTTP/1.1" 200 33
192.168.10.89 - - [19/Mar/2019:16:58:14 -0300] "GET /cormun/servlet/solicitudgral2?6d2de5ec1cf21689bb3caa96b842dce3c08db7fbb6b3561bf987e4050946ecd82e0f69e52555f6650f5ab050a06d82b9606f2347a1d21e3b2c721a0cc2d32ee4142b8a9293ce708954a47e11ce96db7da3196794aaaea66b56f105492fddd4a2d86ec3bb61fa164f7f10295df1d8dd30,gx-no-cache=1553032298477 HTTP/1.1" 200 40
192.168.10.89 - - [19/Mar/2019:16:58:15 -0300] "GET /cormun/servlet/solicitudgral2?6d2de5ec1cf21689bb3caa96b842dce31b903ba9164d29d049b2feb023e6390de047be9ffc748753e93145b019f24af212f6540e6db64a4c9540546af3d135582f23d2d6df7aa84a3ba38cd792199c095157820555e3c482bffaef59476e6f7e,gx-no-cache=1553032299366 HTTP/1.1" 200 30
190.171.152.114 - - [19/Mar/2019:16:58:15 -0300] "GET /cormun/servlet/solicitudotadjuntos?6259a371b595ce817b28f21870159b6f133d1ee1462ffd9cec4d379848dd05c5,gx-no-cache=1553025277608 HTTP/1.1" 200 30
190.171.152.114 - - [19/Mar/2019:16:58:15 -0300] "GET /cormun/servlet/solicitudotadjuntos?6259a371b595ce817b28f21870159b6f133d1ee1462ffd9cec4d379848dd05c5,gx-no-cache=1553025277629 HTTP/1.1" 200 30
190.171.152.114 - - [19/Mar/2019:16:58:16 -0300] "POST /cormun/servlet/solicitudotadjuntos?32a734948ab84717b29401b1d6530efa,INS,2019,14811,,1, HTTP/1.1" 200 116
190.171.152.114 - - [19/Mar/2019:16:58:16 -0300] "GET /cormun/servlet/hpexe_return? HTTP/1.1" 200 1026
190.171.152.114 - - [19/Mar/2019:16:58:16 -0300] "GET /cormun/servlet/trsolicitudadjuntos?2019,14811, HTTP/1.1" 200 9623
190.171.152.114 - - [19/Mar/2019:16:58:20 -0300] "GET /cormun/servlet/solicitudotadjuntos?INS,2019,14811,,1, HTTP/1.1" 200 6317
190.171.152.114 - - [19/Mar/2019:16:58:20 -0300] "HEAD /cormun/static/about:blank HTTP/1.1" 404 -
190.171.152.114 - - [19/Mar/2019:16:58:21 -0300] "GET /cormun/servlet/solicitudotadjuntos?6259a371b595ce817b28f21870159b6fd0735d24ffa0bbd84cd0532dfb74ffe89658833f8350dfe5c203d9e3bb57d5b9,gx-no-cache=1553025283509 HTTP/1.1" 200 30
190.171.152.114 - - [19/Mar/2019:16:58:21 -0300] "POST /cormun/servlet/solicitudotadjuntos?32a734948ab84717b29401b1d6530efa,INS,2019,14811,,1,,gx-no-cache=1553025283551 HTTP/1.1" 200 4066
190.171.153.218 - - [19/Mar/2019:16:58:24 -0300] "POST /cormun/servlet/trautorizarsolicitud?8e2837cd9c185dca211cdce718b2611e,,gx-no-cache=1553025282269 HTTP/1.1" 200 5834
