200.54.103.162 - - [19/Mar/2019:12:17:37 -0300] "GET /cormun/static/gxcfg.js?20177612122725 HTTP/1.1" 304 -
200.54.107.2 - - [19/Mar/2019:12:17:38 -0300] "POST /cormun/servlet/trautorizarsolicitud?1fc85b95a6dfd90107e9fa0fdaf4b231,,gx-no-cache=1553008438015 HTTP/1.1" 200 110
200.54.107.2 - - [19/Mar/2019:12:17:38 -0300] "GET /cormun/AutorizarSolicitud-9756.xls HTTP/1.1" 200 4608
200.54.103.162 - - [19/Mar/2019:12:17:43 -0300] "POST /cormun/servlet/hlogin?86892275ee38b73f2f63322f98625078,gx-no-cache=1553008443764 HTTP/1.1" 200 90
200.54.103.162 - - [19/Mar/2019:12:17:43 -0300] "GET /cormun/servlet/hpexe_link HTTP/1.1" 200 955
200.54.103.162 - - [19/Mar/2019:12:17:43 -0300] "GET /cormun/static/gxcfg.js?20177612121792 HTTP/1.1" 304 -
200.54.103.162 - - [19/Mar/2019:12:17:43 -0300] "GET /cormun/servlet/hhome HTTP/1.1" 200 4341
200.54.103.162 - - [19/Mar/2019:12:17:44 -0300] "GET /cormun/static/gxcfg.js?20175251212442 HTTP/1.1" 304 -
200.54.103.162 - - [19/Mar/2019:12:17:45 -0300] "GET /cormun/servlet/hhome HTTP/1.1" 200 4337
200.54.107.2 - - [19/Mar/2019:12:17:47 -0300] "POST /cormun/servlet/acontrolpreferencessavestate?None,MSALGADO,true HTTP/1.1" 200 35
200.54.107.2 - - [19/Mar/2019:12:17:49 -0300] "POST /cormun/servlet/acontrolpreferencessavestate?None,MSALGADO,true HTTP/1.1" 200 35
200.54.103.162 - - [19/Mar/2019:12:17:49 -0300] "GET /cormun/servlet/trsolicitudot? HTTP/1.1" 200 7556
200.54.103.162 - - [19/Mar/2019:12:17:49 -0300] "GET /cormun/static/gxcfg.js?2017111422585916 HTTP/1.1" 304 -
200.54.103.162 - - [19/Mar/2019:12:17:51 -0300] "GET /cormun/servlet/trsolicitudot? HTTP/1.1" 200 7554
200.54.103.162 - - [19/Mar/2019:12:17:55 -0300] "GET /cormun/servlet/solicitudot?INS,0,0, HTTP/1.1" 200 15175
200.54.103.162 - - [19/Mar/2019:12:17:55 -0300] "GET /cormun/static/gxcfg.js?20189101114418 HTTP/1.1" 304 -
200.54.103.162 - - [19/Mar/2019:12:17:57 -0300] "GET /cormun/servlet/solicitudot?INS,0,0, HTTP/1.1" 200 15180
190.171.141.90 - - [19/Mar/2019:12:18:03 -0300] "GET /cormun/servlet/hlogin HTTP/1.1" 200 1730
190.171.141.90 - - [19/Mar/2019:12:18:03 -0300] "GET /cormun/servlet/hlogin HTTP/1.1" 200 1734
200.54.103.162 - - [19/Mar/2019:12:18:05 -0300] "POST /cormun/servlet/solicitudot?gx-no-cache=1553008466044 HTTP/1.1" 200 3458
200.54.103.162 - - [19/Mar/2019:12:18:06 -0300] "POST /cormun/servlet/solicitudot?86892275ee38b73f2f63322f98625078,INS,0,0,,gx-no-cache=1553008466572 HTTP/1.1" 200 11818
200.54.103.162 - - [19/Mar/2019:12:18:21 -0300] "POST /cormun/servlet/solicitudot?gx-no-cache=1553008481673 HTTP/1.1" 200 3569
200.54.103.162 - - [19/Mar/2019:12:18:21 -0300] "POST /cormun/servlet/solicitudot?86892275ee38b73f2f63322f98625078,INS,0,0,,gx-no-cache=1553008482016 HTTP/1.1" 200 12016
200.54.103.162 - - [19/Mar/2019:12:18:24 -0300] "GET /cormun/servlet/solicitudot?e39452354753e51102ad5aeb117cb357cecb59650b64ad68e68b24da8a35fcf1158179d28760569acbcb483dbef68757,gx-no-cache=1553008484642 HTTP/1.1" 200 30
200.54.103.162 - - [19/Mar/2019:12:18:24 -0300] "GET /cormun/servlet/solicitudot?e39452354753e51102ad5aeb117cb3576f1f0a4e6260c046f5e9a0c07a62ba8bed8a2d9949daec96773449657b258f5c5f22bd1dd46b8fe0185cd3b8e7d7236c,gx-no-cache=1553008484741 HTTP/1.1" 200 30
200.54.103.162 - - [19/Mar/2019:12:18:24 -0300] "GET /cormun/servlet/solicitudot?e39452354753e51102ad5aeb117cb357eb5ac2c9b87a986a3e0a7721cdd9554f,gx-no-cache=1553008484797 HTTP/1.1" 200 45
200.54.103.162 - - [19/Mar/2019:12:18:24 -0300] "POST /cormun/servlet/solicitudot?gx-no-cache=1553008484900 HTTP/1.1" 200 255
200.54.103.162 - - [19/Mar/2019:12:18:24 -0300] "GET /cormun/servlet/solicitudot?e39452354753e51102ad5aeb117cb3574d5c889bf954470a115d9e8cf8024f76e8186adf51863de112b92baf7e2161c5e023b8d54af3f1794343d47e641e96e7aa668e71e30279776348ccd5dd711f3ce9b24b770a8772dcda9f85fae96e5a5af4a396fd8ea0b4eaaaad6b9bda3316d1b04561af333288321c8574e15293ef893f1e097948fdeda776923abcec4ea92a2bdc736d05cc3f597818169ae1066c52e2b27f7b396684f5dbdd171d4dcc0a82436b2abcbcf2bee0ca2b7c2733f89381a9f63527d000edd7b3ef22981f52ccbee1a14c9ac30c9a0b1c70723fe27b0f8849441407fa17d302a7c411af646f85c5053b25bbe4affd2486e9745dd1b693df3aa333be77206b39e81400a98ffbf102a452fe29f035d50452f26d3e1bc412cb3afa86d910167f5412469ef3997e98e3a870d5b6ba482dac22cd6a367c1170816e7b8fb182c8ca8f8176b16e4712cd92ed6a90c392f6b3fb3d00369d71c17880644e173897124fda469605000e26f506a8b694802f715a484af6c2c94e6f344d,gx-no-cache=1553008484999 HTTP/1.1" 200 30
200.54.107.2 - - [19/Mar/2019:12:18:28 -0300] "GET /cormun/servlet/trvisualizadoreventos? HTTP/1.1" 200 6991
200.54.107.2 - - [19/Mar/2019:12:18:29 -0300] "GET /cormun/servlet/trvisualizadoreventos? HTTP/1.1" 200 6991
200.54.103.162 - - [19/Mar/2019:12:18:31 -0300] "POST /cormun/servlet/solicitudot?gx-no-cache=1553008492214 HTTP/1.1" 200 30
190.171.141.138 - - [19/Mar/2019:12:18:34 -0300] "GET /cormun/servlet/trfichaempleado? HTTP/1.1" 200 15469
200.54.103.162 - - [19/Mar/2019:12:18:34 -0300] "GET /cormun/servlet/prsolicitudot?8325885,,,,,MD,,gxPopupLevel%3D0%3B HTTP/1.1" 200 6312
200.54.103.162 - - [19/Mar/2019:12:18:34 -0300] "GET /cormun/static/gxcfg.js?2017111422591492 HTTP/1.1" 200 953
200.54.107.2 - - [19/Mar/2019:12:18:34 -0300] "GET /cormun/servlet/trautorizarsolicitud? HTTP/1.1" 200 7361
200.54.103.162 - - [19/Mar/2019:12:18:34 -0300] "GET /cormun/static/prsolicitudot.js?2017111422591715 HTTP/1.1" 200 13680
200.54.107.2 - - [19/Mar/2019:12:18:35 -0300] "GET /cormun/servlet/trautorizarsolicitud? HTTP/1.1" 200 7355
200.54.103.162 - - [19/Mar/2019:12:18:39 -0300] "POST /cormun/servlet/solicitudot?gx-no-cache=1553008499969 HTTP/1.1" 200 1289
200.54.103.162 - - [19/Mar/2019:12:18:39 -0300] "POST /cormun/servlet/solicitudot?gx-no-cache=1553008500203 HTTP/1.1" 200 38
200.54.103.162 - - [19/Mar/2019:12:18:39 -0300] "GET /cormun/servlet/solicitudot?e39452354753e51102ad5aeb117cb35725d7dd1eb6f923243a1b44d0f6e2d95b838207edaacc279ad5affd2cfeb878446b527b91799f2f191496a3a64018a24f840382848bdbd0b6279c7dd34c1688cbc360f4a504c8dcd6bddecbf7a3860c4cf9b7d06394c44e206de1297477cdeb8b,gx-no-cache=1553008500354 HTTP/1.1" 200 110
200.54.103.162 - - [19/Mar/2019:12:18:39 -0300] "POST /cormun/servlet/solicitudot?gx-no-cache=1553008500522 HTTP/1.1" 200 97
200.54.103.162 - - [19/Mar/2019:12:18:40 -0300] "GET /cormun/servlet/solicitudot?e39452354753e51102ad5aeb117cb3573da5a9ff62a88d316dcd853ce713572585c25a5ddbcf44bc312b29c23045e4e83862d454362a1356c7e7c7ac7f7b84598f4e6304f205fd90bce6584ecef13edd94ecf0ef8c6757e941ec6d31629472053c7d5a3a296242ee46f1528a2ad6efa0d2e076208086ae8bc16c25b73810b4429c3c484a2adf90ca9bd71a312c61cbf83323e9433a536a435a9539bc5a2817d9,gx-no-cache=1553008500682 HTTP/1.1" 200 29
200.54.103.162 - - [19/Mar/2019:12:18:40 -0300] "GET /cormun/servlet/solicitudot?e39452354753e51102ad5aeb117cb3575365e1bdfffe60af874884e4d21259cbec8c61a8f269ab6c12373f184a99702c,gx-no-cache=1553008501128 HTTP/1.1" 200 30
200.54.103.162 - - [19/Mar/2019:12:18:57 -0300] "GET /cormun/static/menuarrow.gif HTTP/1.1" 404 1015
200.54.103.162 - - [19/Mar/2019:12:19:02 -0300] "GET /cormun/servlet/solicitudot?e39452354753e51102ad5aeb117cb357cf93b50cba68f0eefe565b45148533b0f581c2843570e34f03a038ac56c7d437,gx-no-cache=1553008523342 HTTP/1.1" 200 30
200.54.103.162 - - [19/Mar/2019:12:19:02 -0300] "POST /cormun/servlet/solicitudot?gx-no-cache=1553008523468 HTTP/1.1" 200 33
200.54.107.2 - - [19/Mar/2019:12:19:03 -0300] "POST /cormun/servlet/trautorizarsolicitud?1fc85b95a6dfd90107e9fa0fdaf4b231,,gx-no-cache=1553008523700 HTTP/1.1" 200 4490
190.171.152.114 - - [19/Mar/2019:12:19:10 -0300] "POST /cormun/servlet/solicitudot?gx-no-cache=1553008532062 HTTP/1.1" 200 255
190.171.152.114 - - [19/Mar/2019:12:19:10 -0300] "GET /cormun/servlet/solicitudot?d68432e868db7c04c9700dee4982e1787d3e7a2e0b5a5ba367774b5735b15e46c0b4eb43bee2473e80df02e075de84434e5b80b7799b11f5618170490b63002434992542795ad06fdc3932d7b1b06817636142d464486512226c635be5ba259e62721cda4b7f5e39f463b33ada27a4832fb5c0ab9fa67fe8430d0a40d6396126a8942721717d52bcd0f3325713e3c0ca2a7527830cca23e4c69a66b949a0137ce1fb8aad5f91b40b41870efa7cb794e9119a72e27f36b451e9672f60d690098a5b2f3fa49ec529b93af2072c798d08e007c9d0eb5aa48b4300353614b69859f496c5d3434de78d3143ab87887934a5346fed285776518ff6b281d7fc05307f22bff3eae829079ac899e13eb6ba31a56b19bd956d77fb17cb0278c0ddee6050f05c51547495f2e71b2b265d293752aeb2becce53b4f0b9bba9452cd16243d01a981bdbc886a89b5be57dea9d2425d726c88a666322b9109d1b67bd6a1dfd6f2bf9c7d5629a50f77b680c6932464063c5424ddce7058844bf325e3aa705e7832d0,gx-no-cache=1553008532349 HTTP/1.1" 200 30
200.54.103.162 - - [19/Mar/2019:12:19:11 -0300] "POST /cormun/servlet/solicitudot?86892275ee38b73f2f63322f98625078,INS,0,0,,gx-no-cache=1553008530659 HTTP/1.1" 200 93
200.54.103.162 - - [19/Mar/2019:12:19:11 -0300] "GET /cormun/servlet/hpexe_return? HTTP/1.1" 200 1010
200.54.103.162 - - [19/Mar/2019:12:19:11 -0300] "GET /cormun/static/gxcfg.js?2016101716175148 HTTP/1.1" 304 -
200.54.103.162 - - [19/Mar/2019:12:19:11 -0300] "GET /cormun/servlet/trsolicitudot HTTP/1.1" 200 8952
200.54.107.2 - - [19/Mar/2019:12:19:12 -0300] "GET /cormun/servlet/trvisualizadoreventos? HTTP/1.1" 200 6991
200.54.107.2 - - [19/Mar/2019:12:19:12 -0300] "GET /cormun/servlet/trvisualizadoreventos? HTTP/1.1" 200 6991
190.171.152.114 - - [19/Mar/2019:12:19:12 -0300] "POST /cormun/servlet/solicitudot?gx-no-cache=1553008534238 HTTP/1.1" 200 30
200.54.103.162 - - [19/Mar/2019:12:19:13 -0300] "GET /cormun/servlet/trsolicitudot HTTP/1.1" 200 8948
200.54.107.2 - - [19/Mar/2019:12:19:23 -0300] "POST /cormun/servlet/trvisualizadoreventos?1fc85b95a6dfd90107e9fa0fdaf4b231,,gx-no-cache=1553008543036 HTTP/1.1" 200 111
200.54.107.2 - - [19/Mar/2019:12:19:23 -0300] "GET /cormun/VisualizadorEventos-4122.xls HTTP/1.1" 200 4096
200.54.103.162 - - [19/Mar/2019:12:19:32 -0300] "GET /cormun/servlet/solicitudot?INS,0,0, HTTP/1.1" 200 15174
200.54.107.2 - - [19/Mar/2019:12:19:34 -0300] "POST /cormun/servlet/trvisualizadoreventos?1fc85b95a6dfd90107e9fa0fdaf4b231,,gx-no-cache=1553008554382 HTTP/1.1" 200 4207
200.54.103.162 - - [19/Mar/2019:12:19:34 -0300] "GET /cormun/servlet/solicitudot?INS,0,0, HTTP/1.1" 200 15179
200.54.107.2 - - [19/Mar/2019:12:19:38 -0300] "POST /cormun/servlet/trvisualizadoreventos?1fc85b95a6dfd90107e9fa0fdaf4b231,,gx-no-cache=1553008559126 HTTP/1.1" 200 4207
200.54.107.2 - - [19/Mar/2019:12:19:43 -0300] "GET /cormun/servlet/trautorizarsolicitud? HTTP/1.1" 200 7361
200.54.103.162 - - [19/Mar/2019:12:19:43 -0300] "POST /cormun/servlet/solicitudot?gx-no-cache=1553008564046 HTTP/1.1" 200 3450
200.54.107.2 - - [19/Mar/2019:12:19:43 -0300] "GET /cormun/servlet/trautorizarsolicitud? HTTP/1.1" 200 7355
200.54.103.162 - - [19/Mar/2019:12:19:44 -0300] "POST /cormun/servlet/solicitudot?86892275ee38b73f2f63322f98625078,INS,0,0,,gx-no-cache=1553008564423 HTTP/1.1" 200 11814
200.54.107.2 - - [19/Mar/2019:12:19:47 -0300] "GET /cormun/servlet/solicitudot?INS,0,0, HTTP/1.1" 200 15089
200.54.107.2 - - [19/Mar/2019:12:19:48 -0300] "GET /cormun/servlet/solicitudot?INS,0,0, HTTP/1.1" 200 15094
200.54.103.162 - - [19/Mar/2019:12:19:55 -0300] "POST /cormun/servlet/solicitudot?gx-no-cache=1553008576051 HTTP/1.1" 200 3534
200.54.103.162 - - [19/Mar/2019:12:19:55 -0300] "POST /cormun/servlet/solicitudot?86892275ee38b73f2f63322f98625078,INS,0,0,,gx-no-cache=1553008576410 HTTP/1.1" 200 11967
200.54.103.162 - - [19/Mar/2019:12:19:58 -0300] "GET /cormun/servlet/solicitudot?e39452354753e51102ad5aeb117cb3576ab5a5e12ae604c69f59618a09af84d3ecd8a0fc78ab7915f49cdf5c764e6dee,gx-no-cache=1553008579054 HTTP/1.1" 200 30
200.54.107.2 - - [19/Mar/2019:12:19:58 -0300] "POST /cormun/servlet/solicitudot?1fc85b95a6dfd90107e9fa0fdaf4b231,INS,0,0,,gx-no-cache=1553008578586 HTTP/1.1" 200 93
200.54.103.162 - - [19/Mar/2019:12:19:58 -0300] "GET /cormun/servlet/solicitudot?e39452354753e51102ad5aeb117cb357db8310c337016b7612425cb81f681b533cc607390129b9aa926a5bedcd919f4d3f64986a308ca48dac3a30aeba8fe231,gx-no-cache=1553008579159 HTTP/1.1" 200 30
200.54.107.2 - - [19/Mar/2019:12:19:58 -0300] "GET /cormun/servlet/hpexe_return? HTTP/1.1" 200 1025
200.54.103.162 - - [19/Mar/2019:12:19:58 -0300] "GET /cormun/servlet/solicitudot?e39452354753e51102ad5aeb117cb3572ed74c7c7505bb53812729d4e3005226,gx-no-cache=1553008579256 HTTP/1.1" 200 123
200.54.107.2 - - [19/Mar/2019:12:19:58 -0300] "GET /cormun/servlet/trsolicitudot?gx-no-cache=1553007761568 HTTP/1.1" 200 9171
200.54.103.162 - - [19/Mar/2019:12:19:58 -0300] "GET /cormun/static/Shared/jqueryui/images/ui-bg_highlight-soft_100_c6c2c8_1x100.png HTTP/1.1" 404 1117
200.54.103.162 - - [19/Mar/2019:12:19:58 -0300] "GET /cormun/static/Shared/jqueryui/images/ui-icons_82798d_256x240.png HTTP/1.1" 404 1089
200.54.103.162 - - [19/Mar/2019:12:19:58 -0300] "GET /cormun/static/Shared/jqueryui/images/ui-bg_flat_55_994d53_40x100.png HTTP/1.1" 404 1097
200.54.103.162 - - [19/Mar/2019:12:19:58 -0300] "GET /cormun/static/Shared/jqueryui/images/ui-icons_ebccce_256x240.png HTTP/1.1" 404 1089
200.54.103.162 - - [19/Mar/2019:12:19:59 -0300] "POST /cormun/servlet/solicitudot?gx-no-cache=1553008579594 HTTP/1.1" 200 255
200.54.103.162 - - [19/Mar/2019:12:19:59 -0300] "GET /cormun/servlet/solicitudot?e39452354753e51102ad5aeb117cb3574d5c889bf954470a115d9e8cf8024f76e8186adf51863de112b92baf7e2161c5e023b8d54af3f1794343d47e641e96e7aa668e71e30279776348ccd5dd711f3ce9b24b770a8772dcda9f85fae96e5a5af4a396fd8ea0b4eaaaad6b9bda3316d1b04561af333288321c8574e15293ef893f1e097948fdeda776923abcec4ea92a2bdc736d05cc3f597818169ae1066c52e2b27f7b396684f5dbdd171d4dcc0a82436b2abcbcf2bee0ca2b7c2733f89381a9f63527d000edd7b3ef22981f52ccbee1a14c9ac30c9a0b1c70723fe27b0f8849441407fa17d302a7c411af646f85c5053b25bbe4affd2486e9745dd1b693df3aa333be77206b39e81400a98ffbf102a452fe29f035d50452f26d3e1bc412cb3afa86d910167f5412469ef3997e98e3a870d5b6ba482dac22cd6a367c1170816e7b8fb182c8ca8f8176b16e4712cd92ed6a90c392f6b3fb3d00369d71c17880644e173897124fda469605000e26f506a8b694802f715a484af6c2c94e6f344d,gx-no-cache=1553008579761 HTTP/1.1" 200 30
200.54.107.2 - - [19/Mar/2019:12:19:59 -0300] "GET /cormun/servlet/trsolicitudot?gx-no-cache=1553007761568 HTTP/1.1" 200 9188
190.171.152.114 - - [19/Mar/2019:12:19:59 -0300] "POST /cormun/servlet/solicitudot?gx-no-cache=1553008580711 HTTP/1.1" 200 1290
190.171.152.114 - - [19/Mar/2019:12:19:59 -0300] "POST /cormun/servlet/solicitudot?gx-no-cache=1553008580861 HTTP/1.1" 200 38
200.54.103.162 - - [19/Mar/2019:12:20:01 -0300] "POST /cormun/servlet/solicitudot?gx-no-cache=1553008581828 HTTP/1.1" 200 30
190.171.152.114 - - [19/Mar/2019:12:20:02 -0300] "GET /cormun/servlet/solicitudot?d68432e868db7c04c9700dee4982e1780542a5c95da84f767090ca986901c809d0f24204a549363504b2eb4f950b246fc1db40ff9d02c07962822f2fe4b093b2a387fc79f082410575001a29d05550b1bcf4585f1d9b8fbd5b8b4a7da132d471e1c12cbe988a25d1373460ff9b90c247,gx-no-cache=1553008584152 HTTP/1.1" 200 110
190.171.152.114 - - [19/Mar/2019:12:20:06 -0300] "POST /cormun/servlet/solicitudot?gx-no-cache=1553008588172 HTTP/1.1" 200 72
200.54.103.162 - - [19/Mar/2019:12:20:10 -0300] "GET /cormun/servlet/prbanco?,MD,,gxPopupLevel%3D0%3B HTTP/1.1" 200 6719
200.54.103.162 - - [19/Mar/2019:12:20:10 -0300] "GET /cormun/static/gxcfg.js?20181161016094 HTTP/1.1" 200 953
200.54.103.162 - - [19/Mar/2019:12:20:15 -0300] "GET /cormun/static/prbanco.js?2018116101633 HTTP/1.1" 200 10693
190.171.152.114 - - [19/Mar/2019:12:20:35 -0300] "GET /cormun/servlet/solicitudot?d68432e868db7c04c9700dee4982e178a8c636f95a5c66be7891cde44779be1497a5458b1a9ed5ae77306b8f4e76d28cbb32a032fbe0525630f820c190f742f45e316281338601b6a2a514e26378baffb96aca4f06ba69ee78b0a99af317c73fe72076fc4840e96b39ecdd56abbd02c0f7cccb5b97192e28f37029c0ade4680cc42992f38217a36f9f64a901263b9fc82e23d22a91052300a2960163ff1baa54,gx-no-cache=1553008617199 HTTP/1.1" 200 29
190.171.152.114 - - [19/Mar/2019:12:20:35 -0300] "GET /cormun/static/menuarrow.gif HTTP/1.1" 404 1015
190.171.152.114 - - [19/Mar/2019:12:20:39 -0300] "GET /cormun/servlet/solicitudot?d68432e868db7c04c9700dee4982e17822dc80d127f448c5ece2261551fcdd1daf6c1c2ae1dc7d198679e5eeb624fa9e,gx-no-cache=1553008621396 HTTP/1.1" 200 30
190.171.152.114 - - [19/Mar/2019:12:20:46 -0300] "POST /cormun/servlet/solicitudot?gx-no-cache=1553008627710 HTTP/1.1" 200 33
190.171.152.114 - - [19/Mar/2019:12:20:56 -0300] "POST /cormun/servlet/solicitudot?1489b134a99e375eb12ac0a88c6e007e,INS,0,0,,gx-no-cache=1553008637964 HTTP/1.1" 200 93
190.171.152.114 - - [19/Mar/2019:12:20:56 -0300] "GET /cormun/servlet/hpexe_return? HTTP/1.1" 200 1007
190.171.152.114 - - [19/Mar/2019:12:20:57 -0300] "GET /cormun/servlet/trsolicitudot HTTP/1.1" 200 9284
190.171.152.114 - - [19/Mar/2019:12:21:00 -0300] "GET /cormun/servlet/solicitudot?INS,0,0, HTTP/1.1" 200 15109
190.171.152.114 - - [19/Mar/2019:12:21:14 -0300] "POST /cormun/servlet/solicitudot?gx-no-cache=1553008656053 HTTP/1.1" 200 3450
190.171.152.114 - - [19/Mar/2019:12:21:15 -0300] "POST /cormun/servlet/solicitudot?1489b134a99e375eb12ac0a88c6e007e,INS,0,0,,gx-no-cache=1553008656419 HTTP/1.1" 200 11812
190.171.152.114 - - [19/Mar/2019:12:21:16 -0300] "GET /cormun/servlet/solicitudot?d68432e868db7c04c9700dee4982e1780a9a03d858161bad58fb4c3274ae499cf2408e80cb56e04d56541de70295838c,gx-no-cache=1553008657620 HTTP/1.1" 200 30
190.171.141.90 - - [19/Mar/2019:12:21:24 -0300] "POST /cormun/servlet/hlogin?f209d650e7d188ccec81c6ccf7329131,gx-no-cache=1553008664465 HTTP/1.1" 200 90
190.171.141.90 - - [19/Mar/2019:12:21:24 -0300] "GET /cormun/servlet/hpexe_link HTTP/1.1" 200 954
190.171.141.90 - - [19/Mar/2019:12:21:24 -0300] "GET /cormun/servlet/hhome HTTP/1.1" 200 4213
190.171.141.90 - - [19/Mar/2019:12:21:25 -0300] "GET /cormun/servlet/hhome HTTP/1.1" 200 4209
190.171.141.90 - - [19/Mar/2019:12:21:31 -0300] "GET /cormun/servlet/trsolicitudot? HTTP/1.1" 200 7425
190.171.141.90 - - [19/Mar/2019:12:21:31 -0300] "GET /cormun/servlet/trsolicitudot? HTTP/1.1" 200 7425
192.168.10.96 - - [19/Mar/2019:12:21:48 -0300] "POST /cormun/servlet/trsolicitudgral?9f2da3f0d742fde22cdf0fa52c705a90,,gx-no-cache=1553015712303 HTTP/1.1" 200 7328
200.54.103.162 - - [19/Mar/2019:12:21:50 -0300] "GET /cormun/servlet/prbanco?,MD,,gxPopupLevel%3D0%3B HTTP/1.1" 200 6719
192.168.10.96 - - [19/Mar/2019:12:22:11 -0300] "POST /cormun/servlet/trsolicitudgral?9f2da3f0d742fde22cdf0fa52c705a90,,gx-no-cache=1553015735117 HTTP/1.1" 200 7363
192.168.10.96 - - [19/Mar/2019:12:22:11 -0300] "GET /cormun/static/Shared/jqueryui/images/ui-bg_highlight-soft_100_c6c2c8_1x100.png HTTP/1.1" 404 1117
192.168.10.96 - - [19/Mar/2019:12:22:11 -0300] "GET /cormun/static/Shared/jqueryui/images/ui-icons_8d78a5_256x240.png HTTP/1.1" 404 1089
192.168.10.96 - - [19/Mar/2019:12:22:11 -0300] "GET /cormun/static/Shared/jqueryui/images/ui-icons_82798d_256x240.png HTTP/1.1" 404 1089
192.168.10.96 - - [19/Mar/2019:12:22:11 -0300] "GET /cormun/static/Shared/jqueryui/images/ui-bg_flat_55_fafafa_40x100.png HTTP/1.1" 404 1097
190.171.152.114 - - [19/Mar/2019:12:22:15 -0300] "GET /cormun/servlet/prbanco?,MD,,gxPopupLevel%3D0%3B HTTP/1.1" 200 6626
192.168.10.96 - - [19/Mar/2019:12:22:20 -0300] "POST /cormun/servlet/trsolicitudgral?9f2da3f0d742fde22cdf0fa52c705a90,,gx-no-cache=1553015744033 HTTP/1.1" 200 7317
190.171.152.114 - - [19/Mar/2019:12:22:23 -0300] "GET /cormun/servlet/solicitudot?d68432e868db7c04c9700dee4982e17830ca278c7c1fb4ea686808e3deb4043558c71030672a9733f45f9234abc03805b2a0f7e6607e682583ce3f32c16b59c6,gx-no-cache=1553008724956 HTTP/1.1" 200 30
190.171.152.114 - - [19/Mar/2019:12:22:26 -0300] "GET /cormun/servlet/solicitudot?d68432e868db7c04c9700dee4982e17863a069019b3edf030d1bf0c775f7f6ba,gx-no-cache=1553008727605 HTTP/1.1" 200 53
190.171.152.114 - - [19/Mar/2019:12:22:40 -0300] "POST /cormun/servlet/solicitudot?gx-no-cache=1553008742012 HTTP/1.1" 200 256
190.171.152.114 - - [19/Mar/2019:12:22:43 -0300] "GET /cormun/servlet/solicitudot?d68432e868db7c04c9700dee4982e1787d3e7a2e0b5a5ba367774b5735b15e463d41df1579879d5d553872373ad97b8a4e5b80b7799b11f5618170490b63002434992542795ad06fdc3932d7b1b06817636142d464486512226c635be5ba259e62721cda4b7f5e39f463b33ada27a4832fb5c0ab9fa67fe8430d0a40d6396126a8942721717d52bcd0f3325713e3c0ca2a7527830cca23e4c69a66b949a0137ce1fb8aad5f91b40b41870efa7cb794e9119a72e27f36b451e9672f60d690098a5b2f3fa49ec529b93af2072c798d08e007c9d0eb5aa48b4300353614b69859f496c5d3434de78d3143ab87887934a5346fed285776518ff6b281d7fc05307f22bff3eae829079ac899e13eb6ba31a56b42444f8923f735c7c251250b74e312b8a38ebb1d9ffdf25c78d19178cdfc6a374217939632271703bf7627e57285d092c4c02e3a158a718d1030130c0091dc1132dff246af63585f9b1cf5da6a3dbbfa323dbf28c1e8bee9b6017362f866390d18141f1c878c273e77e706d2eb854814,gx-no-cache=1553008744765 HTTP/1.1" 200 30
190.171.152.114 - - [19/Mar/2019:12:22:46 -0300] "POST /cormun/servlet/solicitudot?gx-no-cache=1553008747469 HTTP/1.1" 200 30
192.168.10.96 - - [19/Mar/2019:12:22:47 -0300] "POST /cormun/servlet/trsolicitudgral?9f2da3f0d742fde22cdf0fa52c705a90,,gx-no-cache=1553015770968 HTTP/1.1" 200 5954
192.168.10.96 - - [19/Mar/2019:12:22:47 -0300] "POST /cormun/servlet/trsolicitudgral?9f2da3f0d742fde22cdf0fa52c705a90,,gx-no-cache=1553015771678 HTTP/1.1" 200 5955
192.168.10.96 - - [19/Mar/2019:12:22:47 -0300] "POST /cormun/servlet/trsolicitudgral?9f2da3f0d742fde22cdf0fa52c705a90,,gx-no-cache=1553015771869 HTTP/1.1" 200 5954
192.168.10.96 - - [19/Mar/2019:12:22:48 -0300] "POST /cormun/servlet/trsolicitudgral?9f2da3f0d742fde22cdf0fa52c705a90,,gx-no-cache=1553015772062 HTTP/1.1" 200 5954
192.168.10.96 - - [19/Mar/2019:12:22:48 -0300] "POST /cormun/servlet/trsolicitudgral?9f2da3f0d742fde22cdf0fa52c705a90,,gx-no-cache=1553015772263 HTTP/1.1" 200 5954
190.171.152.114 - - [19/Mar/2019:12:23:05 -0300] "POST /cormun/servlet/solicitudot?gx-no-cache=1553008766728 HTTP/1.1" 200 1285
190.171.152.114 - - [19/Mar/2019:12:23:05 -0300] "POST /cormun/servlet/solicitudot?gx-no-cache=1553008766861 HTTP/1.1" 200 38
190.171.152.114 - - [19/Mar/2019:12:23:18 -0300] "GET /cormun/servlet/solicitudot?d68432e868db7c04c9700dee4982e1780542a5c95da84f767090ca986901c809d0f24204a549363504b2eb4f950b246fc1db40ff9d02c07962822f2fe4b093b2a387fc79f082410575001a29d05550b1bcf4585f1d9b8fbd5b8b4a7da132d471e1c12cbe988a25d1373460ff9b90c247,gx-no-cache=1553008780160 HTTP/1.1" 200 110
190.171.152.114 - - [19/Mar/2019:12:23:30 -0300] "POST /cormun/servlet/solicitudot?gx-no-cache=1553008791621 HTTP/1.1" 200 97
200.54.103.162 - - [19/Mar/2019:12:23:35 -0300] "POST /cormun/servlet/solicitudot?86892275ee38b73f2f63322f98625078,INS,0,0,,gx-no-cache=1553008795562 HTTP/1.1" 200 90
200.54.103.162 - - [19/Mar/2019:12:23:35 -0300] "GET /cormun/servlet/hpexe_link HTTP/1.1" 200 965
200.54.103.162 - - [19/Mar/2019:12:23:35 -0300] "GET /cormun/servlet/trsolicitudot HTTP/1.1" 200 8950
190.171.152.114 - - [19/Mar/2019:12:23:37 -0300] "POST /cormun/servlet/solicitudot?gx-no-cache=1553008798698 HTTP/1.1" 200 72
200.54.103.162 - - [19/Mar/2019:12:23:37 -0300] "GET /cormun/servlet/trsolicitudot HTTP/1.1" 200 8948
200.54.103.162 - - [19/Mar/2019:12:23:39 -0300] "GET /cormun/servlet/solicitudot?INS,0,0, HTTP/1.1" 200 15175
192.168.10.96 - - [19/Mar/2019:12:23:40 -0300] "POST /cormun/servlet/trsolicitudgral?9f2da3f0d742fde22cdf0fa52c705a90,,gx-no-cache=1553015824671 HTTP/1.1" 200 12323
200.54.103.162 - - [19/Mar/2019:12:23:41 -0300] "GET /cormun/servlet/solicitudot?INS,0,0, HTTP/1.1" 200 15180
192.168.10.96 - - [19/Mar/2019:12:23:49 -0300] "POST /cormun/servlet/trsolicitudgral?9f2da3f0d742fde22cdf0fa52c705a90,,gx-no-cache=1553015832871 HTTP/1.1" 200 7329
200.54.103.162 - - [19/Mar/2019:12:23:49 -0300] "POST /cormun/servlet/solicitudot?gx-no-cache=1553008809999 HTTP/1.1" 200 3562
200.54.103.162 - - [19/Mar/2019:12:23:49 -0300] "POST /cormun/servlet/solicitudot?86892275ee38b73f2f63322f98625078,INS,0,0,,gx-no-cache=1553008810336 HTTP/1.1" 200 11922
200.54.103.162 - - [19/Mar/2019:12:23:52 -0300] "GET /cormun/servlet/solicitudot?e39452354753e51102ad5aeb117cb357cbd15b959340f2d78e69c6e091beb62decd8a0fc78ab7915f49cdf5c764e6dee,gx-no-cache=1553008812845 HTTP/1.1" 200 30
200.54.103.162 - - [19/Mar/2019:12:23:52 -0300] "GET /cormun/servlet/solicitudot?e39452354753e51102ad5aeb117cb3572daa289421f0b24e2b7eae8bf5a874f5a8c48c94c051954261307c4020dbb0943f3b8ed497af7dfc370d27e1eba309ce,gx-no-cache=1553008812920 HTTP/1.1" 200 30
200.54.103.162 - - [19/Mar/2019:12:23:52 -0300] "GET /cormun/servlet/solicitudot?e39452354753e51102ad5aeb117cb3572e56e05a11199270f0cacb757081ef45,gx-no-cache=1553008812956 HTTP/1.1" 200 53
200.54.103.162 - - [19/Mar/2019:12:23:52 -0300] "POST /cormun/servlet/solicitudot?gx-no-cache=1553008813000 HTTP/1.1" 200 255
200.54.103.162 - - [19/Mar/2019:12:23:52 -0300] "GET /cormun/servlet/solicitudot?e39452354753e51102ad5aeb117cb3574d5c889bf954470a115d9e8cf8024f76e8186adf51863de112b92baf7e2161c5e023b8d54af3f1794343d47e641e96e7aa668e71e30279776348ccd5dd711f3ce9b24b770a8772dcda9f85fae96e5a5af4a396fd8ea0b4eaaaad6b9bda3316d1b04561af333288321c8574e15293ef893f1e097948fdeda776923abcec4ea92a2bdc736d05cc3f597818169ae1066c52e2b27f7b396684f5dbdd171d4dcc0a82436b2abcbcf2bee0ca2b7c2733f89381a9f63527d000edd7b3ef22981f52ccbee1a14c9ac30c9a0b1c70723fe27b0f8849441407fa17d302a7c411af646f85c5053b25bbe4affd2486e9745dd1b693df3aa333be77206b39e81400a98ffbf102a452fe29f035d50452f26d3e1bc412cb3afa86d910167f5412469ef3997e98e3a870d5b6ba482dac22cd6a367c1170816e7b8fb182c8ca8f8176b16e4712cd92ed6a90c392f6b3fb3d00369d71c17880644e173897124fda469605000e26f506a8b694802f715a484af6c2c94e6f344d,gx-no-cache=1553008813072 HTTP/1.1" 200 30
200.54.103.162 - - [19/Mar/2019:12:23:55 -0300] "POST /cormun/servlet/solicitudot?gx-no-cache=1553008815989 HTTP/1.1" 200 30
190.171.152.114 - - [19/Mar/2019:12:23:55 -0300] "GET /cormun/servlet/solicitudot?d68432e868db7c04c9700dee4982e178a8c636f95a5c66be7891cde44779be1497a5458b1a9ed5ae77306b8f4e76d28c4aa4592274edcfe619a4730a2847b65d5223a3c5886e5ed5f76da1dfe58e5c13faf8edc507fc71b7e76c67e5e644580cd26bb596a2ff0b8ecedde2fe58cb3275,gx-no-cache=1553008816909 HTTP/1.1" 200 29
190.171.152.114 - - [19/Mar/2019:12:23:55 -0300] "GET /cormun/static/menuarrow.gif HTTP/1.1" 404 1015
200.54.103.162 - - [19/Mar/2019:12:23:58 -0300] "GET /cormun/servlet/prsolicitudot?17502673,,,,,MD,,gxPopupLevel%3D0%3B HTTP/1.1" 200 6522
190.171.152.114 - - [19/Mar/2019:12:23:58 -0300] "GET /cormun/servlet/solicitudot?d68432e868db7c04c9700dee4982e17822dc80d127f448c5ece2261551fcdd1daf6c1c2ae1dc7d198679e5eeb624fa9e,gx-no-cache=1553008820098 HTTP/1.1" 200 30
192.168.10.96 - - [19/Mar/2019:12:24:01 -0300] "POST /cormun/servlet/trsolicitudgral?9f2da3f0d742fde22cdf0fa52c705a90,,gx-no-cache=1553015845406 HTTP/1.1" 200 7965
200.54.103.162 - - [19/Mar/2019:12:24:05 -0300] "POST /cormun/servlet/solicitudot?gx-no-cache=1553008826307 HTTP/1.1" 200 1289
200.54.103.162 - - [19/Mar/2019:12:24:05 -0300] "POST /cormun/servlet/solicitudot?gx-no-cache=1553008826447 HTTP/1.1" 200 38
200.54.103.162 - - [19/Mar/2019:12:24:05 -0300] "GET /cormun/servlet/solicitudot?e39452354753e51102ad5aeb117cb35725d7dd1eb6f923243a1b44d0f6e2d95b838207edaacc279ad5affd2cfeb878446b527b91799f2f191496a3a64018a24f840382848bdbd0b6279c7dd34c1688cbc360f4a504c8dcd6bddecbf7a3860c4cf9b7d06394c44e206de1297477cdeb8b,gx-no-cache=1553008826493 HTTP/1.1" 200 110
200.54.103.162 - - [19/Mar/2019:12:24:05 -0300] "POST /cormun/servlet/solicitudot?gx-no-cache=1553008826538 HTTP/1.1" 200 97
200.54.103.162 - - [19/Mar/2019:12:24:05 -0300] "GET /cormun/servlet/solicitudot?e39452354753e51102ad5aeb117cb3573da5a9ff62a88d316dcd853ce713572585c25a5ddbcf44bc312b29c23045e4e846b7c00deb0793ad605ccfb803a5aa048f4e6304f205fd90bce6584ecef13edd94ecf0ef8c6757e941ec6d31629472053c7d5a3a296242ee46f1528a2ad6efa0d2e076208086ae8bc16c25b73810b4429c3c484a2adf90ca9bd71a312c61cbf83323e9433a536a435a9539bc5a2817d9,gx-no-cache=1553008826593 HTTP/1.1" 200 29
200.54.103.162 - - [19/Mar/2019:12:24:06 -0300] "GET /cormun/servlet/solicitudot?e39452354753e51102ad5aeb117cb3575365e1bdfffe60af874884e4d21259cbec8c61a8f269ab6c12373f184a99702c,gx-no-cache=1553008826630 HTTP/1.1" 200 30
190.171.152.114 - - [19/Mar/2019:12:24:11 -0300] "POST /cormun/servlet/solicitudot?gx-no-cache=1553008832909 HTTP/1.1" 200 33
200.54.103.162 - - [19/Mar/2019:12:24:15 -0300] "GET /cormun/static/menuarrow.gif HTTP/1.1" 404 1015
192.168.10.96 - - [19/Mar/2019:12:24:16 -0300] "POST /cormun/servlet/trsolicitudgral?9f2da3f0d742fde22cdf0fa52c705a90,,gx-no-cache=1553015859712 HTTP/1.1" 200 7998
200.54.107.2 - - [19/Mar/2019:12:24:18 -0300] "POST /cormun/servlet/trsolicitudot?1fc85b95a6dfd90107e9fa0fdaf4b231,gx-no-cache=1553007761568,gx-no-cache=1553008838264 HTTP/1.1" 200 107
200.54.107.2 - - [19/Mar/2019:12:24:18 -0300] "GET /cormun/servlet/trsolicitudadjuntos?2019,14779, HTTP/1.1" 200 6357
200.54.107.2 - - [19/Mar/2019:12:24:18 -0300] "GET /cormun/static/gxcfg.js?20177612135366 HTTP/1.1" 200 953
200.54.107.2 - - [19/Mar/2019:12:24:18 -0300] "GET /cormun/static/trsolicitudadjuntos.js?20177612135632 HTTP/1.1" 200 17922
200.54.107.2 - - [19/Mar/2019:12:24:18 -0300] "GET /cormun/servlet/trsolicitudadjuntos?2019,14779, HTTP/1.1" 200 6337
200.54.103.162 - - [19/Mar/2019:12:24:19 -0300] "GET /cormun/servlet/solicitudot?e39452354753e51102ad5aeb117cb357cf93b50cba68f0eefe565b45148533b0f581c2843570e34f03a038ac56c7d437,gx-no-cache=1553008839678 HTTP/1.1" 200 30
200.54.103.162 - - [19/Mar/2019:12:24:19 -0300] "POST /cormun/servlet/solicitudot?gx-no-cache=1553008839732 HTTP/1.1" 200 33
200.54.107.2 - - [19/Mar/2019:12:24:20 -0300] "GET /cormun/servlet/solicitudotadjuntos?INS,2019,14779,,2, HTTP/1.1" 200 6279
200.54.107.2 - - [19/Mar/2019:12:24:20 -0300] "GET /cormun/static/gxcfg.js?2017761244068 HTTP/1.1" 200 953
200.54.107.2 - - [19/Mar/2019:12:24:20 -0300] "GET /cormun/static/solicitudotadjuntos.js?2017761244086 HTTP/1.1" 200 11771
200.54.107.2 - - [19/Mar/2019:12:24:20 -0300] "GET /cormun/static/about:blank HTTP/1.1" 404 1011
200.54.107.2 - - [19/Mar/2019:12:24:21 -0300] "GET /cormun/servlet/solicitudotadjuntos?INS,2019,14779,,2, HTTP/1.1" 200 6273
200.54.107.2 - - [19/Mar/2019:12:24:21 -0300] "GET /cormun/servlet/solicitudotadjuntos?3819b2d2b4521297fc3ad1156e87587cbf26640168b40b0e7b39c317fe44ff066fa968ae545b40068f9c000ea210e5a5,gx-no-cache=1553008841773 HTTP/1.1" 200 30
200.54.107.2 - - [19/Mar/2019:12:24:21 -0300] "POST /cormun/servlet/solicitudotadjuntos?1fc85b95a6dfd90107e9fa0fdaf4b231,INS,2019,14779,,2,,gx-no-cache=1553008841815 HTTP/1.1" 200 4243
190.171.152.114 - - [19/Mar/2019:12:24:23 -0300] "POST /cormun/servlet/solicitudot?1489b134a99e375eb12ac0a88c6e007e,INS,0,0,,gx-no-cache=1553008844647 HTTP/1.1" 200 93
190.171.152.114 - - [19/Mar/2019:12:24:23 -0300] "GET /cormun/servlet/hpexe_return? HTTP/1.1" 200 1007
190.171.152.114 - - [19/Mar/2019:12:24:24 -0300] "GET /cormun/servlet/trsolicitudot HTTP/1.1" 200 9647
200.54.103.162 - - [19/Mar/2019:12:24:25 -0300] "POST /cormun/servlet/solicitudot?86892275ee38b73f2f63322f98625078,INS,0,0,,gx-no-cache=1553008845651 HTTP/1.1" 200 93
200.54.103.162 - - [19/Mar/2019:12:24:25 -0300] "GET /cormun/servlet/hpexe_return? HTTP/1.1" 200 1010
200.54.103.162 - - [19/Mar/2019:12:24:25 -0300] "GET /cormun/servlet/trsolicitudot HTTP/1.1" 200 9390
200.54.103.162 - - [19/Mar/2019:12:24:27 -0300] "GET /cormun/servlet/trsolicitudot HTTP/1.1" 200 9385
200.54.107.2 - - [19/Mar/2019:12:24:31 -0300] "POST /cormun/servlet/solicitudotadjuntos?gx-no-cache=1553008851780 HTTP/1.1" 200 26
200.54.103.162 - - [19/Mar/2019:12:24:35 -0300] "GET /cormun/servlet/solicitudot?INS,0,0, HTTP/1.1" 200 15175
190.171.152.114 - - [19/Mar/2019:12:24:36 -0300] "POST /cormun/servlet/trsolicitudot?1489b134a99e375eb12ac0a88c6e007e,gx-no-cache=1553008857904 HTTP/1.1" 200 106
190.171.152.114 - - [19/Mar/2019:12:24:36 -0300] "GET /cormun/servlet/solicitudot?UPD,2019,14795, HTTP/1.1" 200 15651
200.54.103.162 - - [19/Mar/2019:12:24:37 -0300] "GET /cormun/servlet/solicitudot?INS,0,0, HTTP/1.1" 200 15180
190.171.152.114 - - [19/Mar/2019:12:24:38 -0300] "POST /cormun/servlet/solicitudot?gx-no-cache=1553008859571 HTTP/1.1" 200 3555
190.171.152.114 - - [19/Mar/2019:12:24:38 -0300] "POST /cormun/servlet/solicitudot?1489b134a99e375eb12ac0a88c6e007e,UPD,2019,14795,,gx-no-cache=1553008859919 HTTP/1.1" 200 12017
190.171.152.114 - - [19/Mar/2019:12:24:38 -0300] "GET /cormun/servlet/solicitudot?d68432e868db7c04c9700dee4982e178ed8029d3fcec45818fee84dcb1125e6b4f05719ad36b96ac02172ae3cd87c26e,gx-no-cache=1553008860176 HTTP/1.1" 200 30
190.171.152.114 - - [19/Mar/2019:12:24:38 -0300] "GET /cormun/servlet/solicitudot?d68432e868db7c04c9700dee4982e178df059848ab7ec41de3477b0ec86ab0be0fb7c6aec6bf904e1ea8c33c242b714eff83104cdf90ce8742a0953d50660113,gx-no-cache=1553008860255 HTTP/1.1" 200 30
190.171.152.114 - - [19/Mar/2019:12:24:38 -0300] "GET /cormun/servlet/solicitudot?d68432e868db7c04c9700dee4982e178bfdf212da9e653cda23a1e94d88bbabd29aa1928abf27be84a7c0a9c9d00000a480dce6a1a713e87450c8c50092dcca5,gx-no-cache=1553008860281 HTTP/1.1" 200 53
190.171.152.114 - - [19/Mar/2019:12:24:38 -0300] "POST /cormun/servlet/solicitudot?gx-no-cache=1553008860313 HTTP/1.1" 200 256
190.171.152.114 - - [19/Mar/2019:12:24:38 -0300] "GET /cormun/servlet/solicitudot?d68432e868db7c04c9700dee4982e1787d3e7a2e0b5a5ba367774b5735b15e46c0b4eb43bee2473e80df02e075de84434e5b80b7799b11f5618170490b63002434992542795ad06fdc3932d7b1b06817636142d464486512226c635be5ba259e62721cda4b7f5e39f463b33ada27a4832fb5c0ab9fa67fe8430d0a40d6396126a8942721717d52bcd0f3325713e3c0ca2a7527830cca23e4c69a66b949a0137ce1fb8aad5f91b40b41870efa7cb794e9119a72e27f36b451e9672f60d690098a5b2f3fa49ec529b93af2072c798d08e007c9d0eb5aa48b4300353614b69859f496c5d3434de78d3143ab87887934a5346fed285776518ff6b281d7fc05307f22bff3eae829079ac899e13eb6ba31a56b19bd956d77fb17cb0278c0ddee6050f05c51547495f2e71b2b265d293752aeb2becce53b4f0b9bba9452cd16243d01a981bdbc886a89b5be57dea9d2425d726c88a666322b9109d1b67bd6a1dfd6f2bf9c7d5629a50f77b680c6932464063c54f71ca6fe41137fb00fdd0c2e41b30b44,gx-no-cache=1553008860349 HTTP/1.1" 200 30
190.171.152.114 - - [19/Mar/2019:12:24:38 -0300] "POST /cormun/servlet/solicitudot?gx-no-cache=1553008860377 HTTP/1.1" 200 30
190.171.152.114 - - [19/Mar/2019:12:24:38 -0300] "POST /cormun/servlet/solicitudot?gx-no-cache=1553008860432 HTTP/1.1" 200 1290
190.171.152.114 - - [19/Mar/2019:12:24:39 -0300] "POST /cormun/servlet/solicitudot?gx-no-cache=1553008860474 HTTP/1.1" 200 40
190.171.141.90 - - [19/Mar/2019:12:24:40 -0300] "GET /cormun/servlet/solicitudot?INS,0,0, HTTP/1.1" 200 15050
190.171.141.90 - - [19/Mar/2019:12:24:41 -0300] "GET /cormun/servlet/solicitudot?INS,0,0, HTTP/1.1" 200 15055
190.171.152.114 - - [19/Mar/2019:12:24:46 -0300] "GET /cormun/servlet/solicitudot?d68432e868db7c04c9700dee4982e1780542a5c95da84f767090ca986901c809d0f24204a549363504b2eb4f950b246fc1db40ff9d02c07962822f2fe4b093b2a387fc79f082410575001a29d05550b1bcf4585f1d9b8fbd5b8b4a7da132d471e1c12cbe988a25d1373460ff9b90c247,gx-no-cache=1553008867852 HTTP/1.1" 200 110
190.171.152.114 - - [19/Mar/2019:12:24:52 -0300] "POST /cormun/servlet/solicitudot?gx-no-cache=1553008873755 HTTP/1.1" 200 79
200.54.103.162 - - [19/Mar/2019:12:24:54 -0300] "POST /cormun/servlet/solicitudot?gx-no-cache=1553008875199 HTTP/1.1" 200 3534
200.54.103.162 - - [19/Mar/2019:12:24:55 -0300] "POST /cormun/servlet/solicitudot?86892275ee38b73f2f63322f98625078,INS,0,0,,gx-no-cache=1553008875524 HTTP/1.1" 200 11905
190.171.141.90 - - [19/Mar/2019:12:24:55 -0300] "POST /cormun/servlet/solicitudot?gx-no-cache=1553008874909 HTTP/1.1" 200 3578
190.171.141.90 - - [19/Mar/2019:12:24:55 -0300] "POST /cormun/servlet/solicitudot?f209d650e7d188ccec81c6ccf7329131,INS,0,0,,gx-no-cache=1553008875238 HTTP/1.1" 200 11955
190.171.152.114 - - [19/Mar/2019:12:24:56 -0300] "GET /cormun/servlet/solicitudot?d68432e868db7c04c9700dee4982e1785743778923e0eff41b15b9b8a1ae77341511a50ddcc75e9146b59e81d2438c6567ca28c2539d7eba62042ca3d40a103a060c51ab4d538ae276f312427280b35c0b3c84999ec5cbf6068c96604f8525173d5d8fa954d21ee8d0295ac5313ace595b742b1d6895ff1c2dbfdc43b5370b5a7e30f8de3d831b1bb30f47be9fff83450d54a8f5a9089e1dfc16da36e1d3349c,gx-no-cache=1553008877823 HTTP/1.1" 200 29
190.171.152.114 - - [19/Mar/2019:12:24:56 -0300] "GET /cormun/servlet/solicitudot?d68432e868db7c04c9700dee4982e17822dc80d127f448c5ece2261551fcdd1daf6c1c2ae1dc7d198679e5eeb624fa9e,gx-no-cache=1553008877932 HTTP/1.1" 200 30
190.171.152.114 - - [19/Mar/2019:12:24:56 -0300] "POST /cormun/servlet/solicitudot?gx-no-cache=1553008878031 HTTP/1.1" 200 33
190.171.152.114 - - [19/Mar/2019:12:24:56 -0300] "POST /cormun/servlet/solicitudot?1489b134a99e375eb12ac0a88c6e007e,UPD,2019,14795,,gx-no-cache=1553008878138 HTTP/1.1" 200 93
190.171.152.114 - - [19/Mar/2019:12:24:57 -0300] "GET /cormun/servlet/hpexe_return? HTTP/1.1" 200 1014
190.171.152.114 - - [19/Mar/2019:12:24:57 -0300] "GET /cormun/servlet/trsolicitudot HTTP/1.1" 200 9629
200.54.103.162 - - [19/Mar/2019:12:24:58 -0300] "GET /cormun/servlet/prbanco?,MD,,gxPopupLevel%3D0%3B HTTP/1.1" 200 6719
190.171.152.114 - - [19/Mar/2019:12:25:01 -0300] "POST /cormun/servlet/trsolicitudot?1489b134a99e375eb12ac0a88c6e007e,gx-no-cache=1553008882888 HTTP/1.1" 200 106
190.171.152.114 - - [19/Mar/2019:12:25:01 -0300] "GET /cormun/servlet/solicitudot?UPD,2019,14795, HTTP/1.1" 200 15632
190.171.152.114 - - [19/Mar/2019:12:25:04 -0300] "POST /cormun/servlet/solicitudot?gx-no-cache=1553008884624 HTTP/1.1" 200 3555
190.171.152.114 - - [19/Mar/2019:12:25:04 -0300] "POST /cormun/servlet/solicitudot?1489b134a99e375eb12ac0a88c6e007e,UPD,2019,14795,,gx-no-cache=1553008885915 HTTP/1.1" 200 11993
190.171.152.114 - - [19/Mar/2019:12:25:04 -0300] "GET /cormun/servlet/solicitudot?d68432e868db7c04c9700dee4982e178ed8029d3fcec45818fee84dcb1125e6b4f05719ad36b96ac02172ae3cd87c26e,gx-no-cache=1553008886296 HTTP/1.1" 200 30
190.171.152.114 - - [19/Mar/2019:12:25:05 -0300] "GET /cormun/servlet/solicitudot?d68432e868db7c04c9700dee4982e178df059848ab7ec41de3477b0ec86ab0be0fb7c6aec6bf904e1ea8c33c242b714eff83104cdf90ce8742a0953d50660113,gx-no-cache=1553008886415 HTTP/1.1" 200 30
190.171.152.114 - - [19/Mar/2019:12:25:05 -0300] "GET /cormun/servlet/solicitudot?d68432e868db7c04c9700dee4982e178bfdf212da9e653cda23a1e94d88bbabd29aa1928abf27be84a7c0a9c9d00000a480dce6a1a713e87450c8c50092dcca5,gx-no-cache=1553008886492 HTTP/1.1" 200 53
190.171.152.114 - - [19/Mar/2019:12:25:05 -0300] "POST /cormun/servlet/solicitudot?gx-no-cache=1553008886580 HTTP/1.1" 200 256
190.171.152.114 - - [19/Mar/2019:12:25:05 -0300] "GET /cormun/servlet/solicitudot?d68432e868db7c04c9700dee4982e1787d3e7a2e0b5a5ba367774b5735b15e46c0b4eb43bee2473e80df02e075de84434e5b80b7799b11f5618170490b63002434992542795ad06fdc3932d7b1b06817636142d464486512226c635be5ba259e62721cda4b7f5e39f463b33ada27a4832fb5c0ab9fa67fe8430d0a40d6396126a8942721717d52bcd0f3325713e3c0ca2a7527830cca23e4c69a66b949a0137ce1fb8aad5f91b40b41870efa7cb794e9119a72e27f36b451e9672f60d690098a5b2f3fa49ec529b93af2072c798d08e007c9d0eb5aa48b4300353614b69859f496c5d3434de78d3143ab87887934a5346fed285776518ff6b281d7fc05307f22bff3eae829079ac899e13eb6ba31a56b19bd956d77fb17cb0278c0ddee6050f05c51547495f2e71b2b265d293752aeb2becce53b4f0b9bba9452cd16243d01a981bdbc886a89b5be57dea9d2425d726c88a666322b9109d1b67bd6a1dfd6f2bf9c7d5629a50f77b680c6932464063c54f71ca6fe41137fb00fdd0c2e41b30b44,gx-no-cache=1553008886681 HTTP/1.1" 200 30
190.171.152.114 - - [19/Mar/2019:12:25:05 -0300] "POST /cormun/servlet/solicitudot?gx-no-cache=1553008886753 HTTP/1.1" 200 30
190.171.152.114 - - [19/Mar/2019:12:25:05 -0300] "POST /cormun/servlet/solicitudot?gx-no-cache=1553008886850 HTTP/1.1" 200 1289
190.171.152.114 - - [19/Mar/2019:12:25:05 -0300] "POST /cormun/servlet/solicitudot?gx-no-cache=1553008886931 HTTP/1.1" 200 40
200.54.103.162 - - [19/Mar/2019:12:25:07 -0300] "GET /cormun/servlet/solicitudot?e39452354753e51102ad5aeb117cb3576ab5a5e12ae604c69f59618a09af84d3ecd8a0fc78ab7915f49cdf5c764e6dee,gx-no-cache=1553008888182 HTTP/1.1" 200 30
200.54.103.162 - - [19/Mar/2019:12:25:07 -0300] "GET /cormun/servlet/solicitudot?e39452354753e51102ad5aeb117cb357db8310c337016b7612425cb81f681b533cc607390129b9aa926a5bedcd919f4d3f64986a308ca48dac3a30aeba8fe231,gx-no-cache=1553008888263 HTTP/1.1" 200 30
200.54.103.162 - - [19/Mar/2019:12:25:09 -0300] "GET /cormun/servlet/solicitudot?e39452354753e51102ad5aeb117cb357e31ca6b37ccd1dd5ebe8c2d48c407af4,gx-no-cache=1553008889842 HTTP/1.1" 200 51
200.54.103.162 - - [19/Mar/2019:12:25:12 -0300] "POST /cormun/servlet/solicitudot?gx-no-cache=1553008893253 HTTP/1.1" 200 255
200.54.103.162 - - [19/Mar/2019:12:25:12 -0300] "GET /cormun/servlet/solicitudot?e39452354753e51102ad5aeb117cb3574d5c889bf954470a115d9e8cf8024f76e8186adf51863de112b92baf7e2161c5e023b8d54af3f1794343d47e641e96e7aa668e71e30279776348ccd5dd711f3ce9b24b770a8772dcda9f85fae96e5a5af4a396fd8ea0b4eaaaad6b9bda3316d1b04561af333288321c8574e15293ef893f1e097948fdeda776923abcec4ea92a2bdc736d05cc3f597818169ae1066c52e2b27f7b396684f5dbdd171d4dcc0a82436b2abcbcf2bee0ca2b7c2733f89381a9f63527d000edd7b3ef22981f52ccbee1a14c9ac30c9a0b1c70723fe27b0f8849441407fa17d302a7c411af646f85c5053b25bbe4affd2486e9745dd1b693df3aa333be77206b39e81400a98ffbf102a452fe29f035d50452f26d3e1bc412cb3afa86d910167f5412469ef3997e98e3a870d5b6ba482dac22cd6a367c1170816e7b8fb182c8ca8f8176b16e4712cd92ed6a90c392f6b3fb3d00369d71c17880644e173897124fda469605000e26f506a8b694802f715a484af6c2c94e6f344d,gx-no-cache=1553008893356 HTTP/1.1" 200 30
200.54.107.2 - - [19/Mar/2019:12:25:13 -0300] "GET /cormun/servlet/solicitudotadjuntos?3819b2d2b4521297fc3ad1156e87587c932bd40c2d4a19f7fffe36e4053276b6,gx-no-cache=1553008893413 HTTP/1.1" 200 30
200.54.107.2 - - [19/Mar/2019:12:25:13 -0300] "GET /cormun/servlet/solicitudotadjuntos?3819b2d2b4521297fc3ad1156e87587c932bd40c2d4a19f7fffe36e4053276b6,gx-no-cache=1553008893438 HTTP/1.1" 200 30
200.54.107.2 - - [19/Mar/2019:12:25:13 -0300] "POST /cormun/servlet/solicitudotadjuntos?1fc85b95a6dfd90107e9fa0fdaf4b231,INS,2019,14779,,2, HTTP/1.1" 200 116
200.54.107.2 - - [19/Mar/2019:12:25:13 -0300] "GET /cormun/servlet/hpexe_return? HTTP/1.1" 200 1024
200.54.107.2 - - [19/Mar/2019:12:25:13 -0300] "GET /cormun/servlet/trsolicitudadjuntos?2019,14779, HTTP/1.1" 200 8994
200.54.107.2 - - [19/Mar/2019:12:25:14 -0300] "GET /cormun/servlet/trsolicitudadjuntos?2019,14779, HTTP/1.1" 200 8992
200.54.103.162 - - [19/Mar/2019:12:25:14 -0300] "POST /cormun/servlet/solicitudot?gx-no-cache=1553008895302 HTTP/1.1" 200 30
200.54.103.162 - - [19/Mar/2019:12:25:16 -0300] "GET /cormun/servlet/prsolicitudot?16217596,,,,,MD,,gxPopupLevel%3D0%3B HTTP/1.1" 200 6192
200.54.107.2 - - [19/Mar/2019:12:25:18 -0300] "GET /cormun/servlet/solicitudotadjuntos?INS,2019,14779,,2, HTTP/1.1" 200 6280
200.54.107.2 - - [19/Mar/2019:12:25:18 -0300] "GET /cormun/static/about:blank HTTP/1.1" 404 1011
200.54.107.2 - - [19/Mar/2019:12:25:18 -0300] "GET /cormun/servlet/solicitudotadjuntos?INS,2019,14779,,2, HTTP/1.1" 200 6273
200.54.107.2 - - [19/Mar/2019:12:25:18 -0300] "GET /cormun/servlet/solicitudotadjuntos?3819b2d2b4521297fc3ad1156e87587cbf26640168b40b0e7b39c317fe44ff066fa968ae545b40068f9c000ea210e5a5,gx-no-cache=1553008899186 HTTP/1.1" 200 30
200.54.107.2 - - [19/Mar/2019:12:25:19 -0300] "POST /cormun/servlet/solicitudotadjuntos?1fc85b95a6dfd90107e9fa0fdaf4b231,INS,2019,14779,,2,,gx-no-cache=1553008899225 HTTP/1.1" 200 4242
200.54.103.162 - - [19/Mar/2019:12:25:21 -0300] "POST /cormun/servlet/solicitudot?gx-no-cache=1553008901994 HTTP/1.1" 200 1289
200.54.103.162 - - [19/Mar/2019:12:25:21 -0300] "POST /cormun/servlet/solicitudot?gx-no-cache=1553008902112 HTTP/1.1" 200 38
200.54.103.162 - - [19/Mar/2019:12:25:21 -0300] "GET /cormun/servlet/solicitudot?e39452354753e51102ad5aeb117cb35725d7dd1eb6f923243a1b44d0f6e2d95b838207edaacc279ad5affd2cfeb878446b527b91799f2f191496a3a64018a24f840382848bdbd0b6279c7dd34c1688cbc360f4a504c8dcd6bddecbf7a3860c4cf9b7d06394c44e206de1297477cdeb8b,gx-no-cache=1553008902172 HTTP/1.1" 200 110
200.54.103.162 - - [19/Mar/2019:12:25:21 -0300] "POST /cormun/servlet/solicitudot?gx-no-cache=1553008902247 HTTP/1.1" 200 97
200.54.103.162 - - [19/Mar/2019:12:25:21 -0300] "GET /cormun/servlet/solicitudot?e39452354753e51102ad5aeb117cb3573da5a9ff62a88d316dcd853ce713572585c25a5ddbcf44bc312b29c23045e4e846b7c00deb0793ad605ccfb803a5aa048f4e6304f205fd90bce6584ecef13edd94ecf0ef8c6757e941ec6d31629472053c7d5a3a296242ee46f1528a2ad6efa0d2e076208086ae8bc16c25b73810b4429c3c484a2adf90ca9bd71a312c61cbf83323e9433a536a435a9539bc5a2817d9,gx-no-cache=1553008902326 HTTP/1.1" 200 29
200.54.103.162 - - [19/Mar/2019:12:25:21 -0300] "GET /cormun/servlet/solicitudot?e39452354753e51102ad5aeb117cb3575365e1bdfffe60af874884e4d21259cbec8c61a8f269ab6c12373f184a99702c,gx-no-cache=1553008902369 HTTP/1.1" 200 30
200.54.103.162 - - [19/Mar/2019:12:25:29 -0300] "GET /cormun/static/menuarrow.gif HTTP/1.1" 404 1015
200.54.103.162 - - [19/Mar/2019:12:25:32 -0300] "GET /cormun/servlet/solicitudot?e39452354753e51102ad5aeb117cb357cf93b50cba68f0eefe565b45148533b0f581c2843570e34f03a038ac56c7d437,gx-no-cache=1553008913084 HTTP/1.1" 200 30
200.54.103.162 - - [19/Mar/2019:12:25:32 -0300] "POST /cormun/servlet/solicitudot?gx-no-cache=1553008913175 HTTP/1.1" 200 33
200.54.103.162 - - [19/Mar/2019:12:25:35 -0300] "POST /cormun/servlet/solicitudot?86892275ee38b73f2f63322f98625078,INS,0,0,,gx-no-cache=1553008916128 HTTP/1.1" 200 93
200.54.103.162 - - [19/Mar/2019:12:25:35 -0300] "GET /cormun/servlet/hpexe_return? HTTP/1.1" 200 1010
200.54.103.162 - - [19/Mar/2019:12:25:36 -0300] "GET /cormun/servlet/trsolicitudot HTTP/1.1" 200 9716
200.54.103.162 - - [19/Mar/2019:12:25:38 -0300] "GET /cormun/servlet/trsolicitudot HTTP/1.1" 200 9711
190.171.152.114 - - [19/Mar/2019:12:25:38 -0300] "GET /cormun/servlet/solicitudot?d68432e868db7c04c9700dee4982e1780542a5c95da84f767090ca986901c809d0f24204a549363504b2eb4f950b246fc1db40ff9d02c07962822f2fe4b093b2a387fc79f082410575001a29d05550b1bcf4585f1d9b8fbd5b8b4a7da132d471e1c12cbe988a25d1373460ff9b90c247,gx-no-cache=1553008920238 HTTP/1.1" 200 110
190.171.152.114 - - [19/Mar/2019:12:25:38 -0300] "POST /cormun/servlet/solicitudot?gx-no-cache=1553008920281 HTTP/1.1" 200 67
190.171.152.114 - - [19/Mar/2019:12:25:38 -0300] "GET /cormun/servlet/solicitudot?d68432e868db7c04c9700dee4982e1785743778923e0eff41b15b9b8a1ae77341511a50ddcc75e9146b59e81d2438c6567ca28c2539d7eba62042ca3d40a103a060c51ab4d538ae276f312427280b35c0b3c84999ec5cbf6068c96604f8525173d5d8fa954d21ee8d0295ac5313ace595b742b1d6895ff1c2dbfdc43b5370b5a7e30f8de3d831b1bb30f47be9fff83450d54a8f5a9089e1dfc16da36e1d3349c,gx-no-cache=1553008920336 HTTP/1.1" 200 29
190.171.152.114 - - [19/Mar/2019:12:25:38 -0300] "GET /cormun/servlet/solicitudot?d68432e868db7c04c9700dee4982e17822dc80d127f448c5ece2261551fcdd1daf6c1c2ae1dc7d198679e5eeb624fa9e,gx-no-cache=1553008920364 HTTP/1.1" 200 30
190.171.152.114 - - [19/Mar/2019:12:25:38 -0300] "POST /cormun/servlet/solicitudot?gx-no-cache=1553008920393 HTTP/1.1" 200 33
190.171.152.114 - - [19/Mar/2019:12:25:39 -0300] "POST /cormun/servlet/solicitudot?1489b134a99e375eb12ac0a88c6e007e,UPD,2019,14795,,gx-no-cache=1553008920457 HTTP/1.1" 200 93
190.171.152.114 - - [19/Mar/2019:12:25:39 -0300] "GET /cormun/servlet/hpexe_return? HTTP/1.1" 200 1014
190.171.152.114 - - [19/Mar/2019:12:25:39 -0300] "GET /cormun/servlet/trsolicitudot HTTP/1.1" 200 9629
190.171.141.90 - - [19/Mar/2019:12:25:43 -0300] "GET /cormun/servlet/solicitudot?afcb439d096f4eab3aa77e95242e05592ff8e6c6c9f5ed6fe3265e937b42d0e870bcc6315781ac9d7e39b67413f4b04d,gx-no-cache=1553008923161 HTTP/1.1" 200 30
190.171.141.90 - - [19/Mar/2019:12:25:43 -0300] "GET /cormun/servlet/solicitudot?afcb439d096f4eab3aa77e95242e055956f98c9eabe85e2fa2fd54623cc58228761f75d3cdb1d8c01cd63ac7df5c6120aa4c014a614d1270e7e5f99d4474bfa6,gx-no-cache=1553008923219 HTTP/1.1" 200 30
190.171.141.90 - - [19/Mar/2019:12:25:43 -0300] "GET /cormun/servlet/solicitudot?afcb439d096f4eab3aa77e95242e0559984e2758b0989cf9868cffa57cd35671,gx-no-cache=1553008923249 HTTP/1.1" 200 53
190.171.141.90 - - [19/Mar/2019:12:25:43 -0300] "POST /cormun/servlet/solicitudot?gx-no-cache=1553008923291 HTTP/1.1" 200 297
190.171.141.90 - - [19/Mar/2019:12:25:43 -0300] "GET /cormun/servlet/solicitudot?afcb439d096f4eab3aa77e95242e05592e881ad2998714570621c3a11d17b1def636a20be90b8505efe273bd7fe9de5868ada03feb1309715fc63986e3a13503965dcd2c20f2d7a62d90923fc9050be6fedbf34a8dcbbac3dde691ae38f9ab9f59542a9b3a466d1872d5f3fcd28c37daaa2ec5456407b0d32663050860f2e9b3c6a041399efc04647710ad0a32a0687312719445f14730522bd61c0161e319b20d375e8fea042389499d195285202bb661bf42248b3db548e49a3f9ed758afc6b9e1f22a61a217e679daf15e1b73dbba348564606bdf0d8b0913e0eb8a0da945e22a514eb6461ae4a00972acc9e3b3bb58f4cde709731f33eff52bbf1081a578133f128ffdfd36345a9fcb004eb3f4b8ed132cad61c7501748ca0599967bd0b7f748d01f03be81aa45ba016e3fdc04223047e77bdc57eff809883bd7401ac86113edc0644f064a455ab5a26f8ca7932c335684513c5da97ccdb963eedd1e51cad9b385fe9db1dbaca091d4cc13b4dd58784f2defa010849612c45e0ec6eb7f22aa03f176772186e9a7e66d64f3eb3ec2,gx-no-cache=1553008923323 HTTP/1.1" 200 30
190.171.141.90 - - [19/Mar/2019:12:25:52 -0300] "POST /cormun/servlet/solicitudot?gx-no-cache=1553008932778 HTTP/1.1" 200 30
190.171.152.114 - - [19/Mar/2019:12:25:58 -0300] "POST /cormun/servlet/trsolicitudot?1489b134a99e375eb12ac0a88c6e007e,gx-no-cache=1553008939705 HTTP/1.1" 200 6367
190.171.152.114 - - [19/Mar/2019:12:25:58 -0300] "POST /cormun/servlet/trsolicitudot?1489b134a99e375eb12ac0a88c6e007e,gx-no-cache=1553008940105 HTTP/1.1" 200 6309
190.171.152.114 - - [19/Mar/2019:12:25:58 -0300] "GET /cormun/static/Shared/jqueryui/images/ui-bg_flat_55_fafafa_40x100.png HTTP/1.1" 404 1097
190.171.152.114 - - [19/Mar/2019:12:25:58 -0300] "GET /cormun/static/Shared/jqueryui/images/ui-bg_highlight-soft_100_c6c2c8_1x100.png HTTP/1.1" 404 1117
190.171.152.114 - - [19/Mar/2019:12:25:59 -0300] "GET /cormun/static/Shared/jqueryui/images/ui-icons_82798d_256x240.png HTTP/1.1" 404 1089
190.171.152.114 - - [19/Mar/2019:12:25:59 -0300] "GET /cormun/static/Shared/jqueryui/images/ui-icons_8d78a5_256x240.png HTTP/1.1" 404 1089
200.54.103.162 - - [19/Mar/2019:12:26:03 -0300] "GET /cormun/servlet/hlogin HTTP/1.1" 200 1742
190.171.152.114 - - [19/Mar/2019:12:26:04 -0300] "POST /cormun/servlet/trsolicitudot?1489b134a99e375eb12ac0a88c6e007e,gx-no-cache=1553008946085 HTTP/1.1" 200 5955
