200.54.107.2 - - [19/Mar/2019:11:10:40 -0300] "GET /cormun/servlet/solicitudot?08d47aff4059a0b14ca294c61322ed78ec17ce76f1156a4d3626eb7bff125885,gx-no-cache=1553004420778 HTTP/1.1" 200 53
200.54.107.2 - - [19/Mar/2019:11:10:51 -0300] "POST /cormun/servlet/solicitudot?9f5a2d6c5f0e2d855f41fc47ec184f57,INS,0,0,,gx-no-cache=1553004431773 HTTP/1.1" 200 12095
200.54.107.2 - - [19/Mar/2019:11:10:51 -0300] "GET /cormun/static/Shared/jqueryui/images/ui-icons_8d78a5_256x240.png HTTP/1.1" 404 1089
200.54.107.2 - - [19/Mar/2019:11:10:51 -0300] "GET /cormun/static/Shared/jqueryui/images/ui-bg_flat_55_fafafa_40x100.png HTTP/1.1" 404 1097
200.54.107.2 - - [19/Mar/2019:11:11:00 -0300] "GET /cormun/servlet/solicitudot?08d47aff4059a0b14ca294c61322ed788d368e2143197fc4957981767eef98d870dc5007db06ce49ac1b30fbac867d46e98837c9d89974fbf72cd23b5c978818,gx-no-cache=1553004440343 HTTP/1.1" 200 30
200.54.107.2 - - [19/Mar/2019:11:11:00 -0300] "GET /cormun/servlet/solicitudot?08d47aff4059a0b14ca294c61322ed7869342f8e8a8906635a1c4d0a31df37aa09aa3fd30179624356ccfab47d43cb2e08b0b88a9b2e0eb6f9d68317f0977e03,gx-no-cache=1553004440426 HTTP/1.1" 200 53
200.54.107.2 - - [19/Mar/2019:11:11:01 -0300] "POST /cormun/servlet/solicitudot?gx-no-cache=1553004441580 HTTP/1.1" 200 255
200.54.107.2 - - [19/Mar/2019:11:11:04 -0300] "GET /cormun/servlet/solicitudot?08d47aff4059a0b14ca294c61322ed78c519e7cdd7fe00fbfd43e5bc25013a1b30a039799247b76ddeec1a5a73dc7a5cfc32cad86bee3ea83d9f2ebcdceacd09f554484587835fefd5bd13f67bd529215a905762a42a5344b8143356d96ccd212debf58577b6fecfb549c9a228976bfa7dbe06ce484891379e28002f748b9aad7ae6424d39d63fe1620f8b80c9a541a20280ae963c08f47b949c9b17e698a9fb9216df6eca4141b7a3dfb42e29cf2b3c4aa12f44bdfeb520f3980883651885d312214947dcf006f76e54b5a8ef36ac30286454efd27a30077d083cdc44a352bdc4f10cdfe088863816075f895999aba51ac68f7c534e019d88a91d5903a8e162c2f7b2c7d87c73ed1b6345e07d3d4d33b11fd741e219d56a9dfb9739e138f1bc40c6357270b4dc111e1326c285fcc70ec0742c3726844704717f812512a6de75de2b22f8e1163c82aa3d2e25f03dbd879906409ffa91dbe8a543c4c0e50ad0a650f783b889b9e98c0ea469cf6a5be82879db9b290db0480babc8d36395066f67,gx-no-cache=1553004444805 HTTP/1.1" 200 30
200.54.107.2 - - [19/Mar/2019:11:11:08 -0300] "POST /cormun/servlet/solicitudot?gx-no-cache=1553004449203 HTTP/1.1" 200 30
192.168.10.96 - - [19/Mar/2019:11:11:09 -0300] "POST /cormun/servlet/trautorizarot?c7877f8131ddb7049e3d4ce02de46271,,gx-no-cache=1553011473408 HTTP/1.1" 200 9822
200.54.107.2 - - [19/Mar/2019:11:11:10 -0300] "POST /cormun/servlet/solicitudot?gx-no-cache=1553004450990 HTTP/1.1" 200 1285
200.54.107.2 - - [19/Mar/2019:11:11:10 -0300] "POST /cormun/servlet/solicitudot?gx-no-cache=1553004451066 HTTP/1.1" 200 38
200.54.107.2 - - [19/Mar/2019:11:11:18 -0300] "GET /cormun/servlet/solicitudot?08d47aff4059a0b14ca294c61322ed78b01f6166418dca3029741dc3989691dc9b2999357496c82f258d1d585bc6b9acbb335d624c5c8c4e32f3b694779d8a9d341ab5061be7872c8038554070a8c365bad0853efeb5c2237d75f117d197f406960d707758818f8671cd3cd7a253a092,gx-no-cache=1553004459172 HTTP/1.1" 200 110
200.54.107.2 - - [19/Mar/2019:11:11:21 -0300] "POST /cormun/servlet/solicitudot?gx-no-cache=1553004461460 HTTP/1.1" 200 64
200.54.107.2 - - [19/Mar/2019:11:11:34 -0300] "POST /cormun/servlet/solicitudot?gx-no-cache=1553004475107 HTTP/1.1" 200 97
192.168.10.96 - - [19/Mar/2019:11:11:39 -0300] "POST /cormun/servlet/trautorizarot?c7877f8131ddb7049e3d4ce02de46271,,gx-no-cache=1553011503619 HTTP/1.1" 200 9408
190.171.152.114 - - [19/Mar/2019:11:11:48 -0300] "GET /cormun/servlet/solicitudotadjuntos?d68432e868db7c04c9700dee4982e1784bf86accf1eeab8192291a4556901697,gx-no-cache=1553004489579 HTTP/1.1" 200 30
190.171.152.114 - - [19/Mar/2019:11:11:48 -0300] "GET /cormun/servlet/solicitudotadjuntos?d68432e868db7c04c9700dee4982e1784bf86accf1eeab8192291a4556901697,gx-no-cache=1553004489606 HTTP/1.1" 200 30
190.171.152.114 - - [19/Mar/2019:11:11:48 -0300] "POST /cormun/servlet/solicitudotadjuntos?1489b134a99e375eb12ac0a88c6e007e,INS,2019,14777,,1, HTTP/1.1" 200 116
190.171.152.114 - - [19/Mar/2019:11:11:48 -0300] "GET /cormun/servlet/hpexe_return? HTTP/1.1" 200 1025
190.171.152.114 - - [19/Mar/2019:11:11:49 -0300] "GET /cormun/servlet/trsolicitudadjuntos?2019,14777, HTTP/1.1" 200 8990
190.171.152.114 - - [19/Mar/2019:11:11:52 -0300] "GET /cormun/servlet/solicitudotadjuntos?INS,2019,14777,,1, HTTP/1.1" 200 6316
190.171.152.114 - - [19/Mar/2019:11:11:52 -0300] "HEAD /cormun/static/about:blank HTTP/1.1" 404 -
190.171.152.114 - - [19/Mar/2019:11:11:53 -0300] "GET /cormun/servlet/solicitudotadjuntos?d68432e868db7c04c9700dee4982e178a9bf896af2c0d72abc79927919b9ffcab782d3fa23f5bbdf9a1b2263f836183b,gx-no-cache=1553004494730 HTTP/1.1" 200 30
190.171.152.114 - - [19/Mar/2019:11:11:53 -0300] "POST /cormun/servlet/solicitudotadjuntos?1489b134a99e375eb12ac0a88c6e007e,INS,2019,14777,,1,,gx-no-cache=1553004494769 HTTP/1.1" 200 4099
190.171.152.114 - - [19/Mar/2019:11:11:55 -0300] "POST /cormun/servlet/solicitudotadjuntos?gx-no-cache=1553004497193 HTTP/1.1" 200 26
190.171.152.114 - - [19/Mar/2019:11:12:01 -0300] "GET /cormun/servlet/solicitudotadjuntos?d68432e868db7c04c9700dee4982e1784bf86accf1eeab8192291a4556901697,gx-no-cache=1553004503332 HTTP/1.1" 200 30
190.171.152.114 - - [19/Mar/2019:11:12:01 -0300] "GET /cormun/servlet/solicitudotadjuntos?d68432e868db7c04c9700dee4982e1784bf86accf1eeab8192291a4556901697,gx-no-cache=1553004503352 HTTP/1.1" 200 30
190.171.152.114 - - [19/Mar/2019:11:12:02 -0300] "POST /cormun/servlet/solicitudotadjuntos?1489b134a99e375eb12ac0a88c6e007e,INS,2019,14777,,1, HTTP/1.1" 200 116
190.171.152.114 - - [19/Mar/2019:11:12:02 -0300] "GET /cormun/servlet/hpexe_return? HTTP/1.1" 200 1025
190.171.152.114 - - [19/Mar/2019:11:12:02 -0300] "GET /cormun/servlet/trsolicitudadjuntos?2019,14777, HTTP/1.1" 200 9214
200.54.107.2 - - [19/Mar/2019:11:12:02 -0300] "GET /cormun/servlet/solicitudot?08d47aff4059a0b14ca294c61322ed78bc4a5a35eea81207edb775ff2ca6a867b191d1bbda5a64179047b95b70b2dbeb09fa7c3ed9ea0fceaa79119a5b1f204bab3c7488e3428d7a5929bd125126c99523845daa86cbbeb03aa7c20c4a3cf039501f46d6193f262f4f041e6473d71f35,gx-no-cache=1553004503115 HTTP/1.1" 200 29
200.54.107.2 - - [19/Mar/2019:11:12:02 -0300] "GET /cormun/static/menuarrow.gif HTTP/1.1" 404 1015
200.54.107.2 - - [19/Mar/2019:11:12:06 -0300] "GET /cormun/servlet/solicitudot?08d47aff4059a0b14ca294c61322ed78cb7e380951b854150f5030d41eb052523bda040a684defa5893e94b3c89993e4,gx-no-cache=1553004506626 HTTP/1.1" 200 30
190.171.152.114 - - [19/Mar/2019:11:12:06 -0300] "GET /cormun/servlet/solicitudotadjuntos?INS,2019,14777,,1, HTTP/1.1" 200 6316
190.171.152.114 - - [19/Mar/2019:11:12:06 -0300] "HEAD /cormun/static/about:blank HTTP/1.1" 404 -
190.171.152.114 - - [19/Mar/2019:11:12:07 -0300] "GET /cormun/servlet/solicitudotadjuntos?d68432e868db7c04c9700dee4982e178a9bf896af2c0d72abc79927919b9ffcab782d3fa23f5bbdf9a1b2263f836183b,gx-no-cache=1553004509182 HTTP/1.1" 200 30
190.171.152.114 - - [19/Mar/2019:11:12:07 -0300] "POST /cormun/servlet/solicitudotadjuntos?1489b134a99e375eb12ac0a88c6e007e,INS,2019,14777,,1,,gx-no-cache=1553004509227 HTTP/1.1" 200 4099
190.171.152.114 - - [19/Mar/2019:11:12:10 -0300] "POST /cormun/servlet/solicitudotadjuntos?gx-no-cache=1553004511953 HTTP/1.1" 200 26
200.54.107.2 - - [19/Mar/2019:11:12:17 -0300] "POST /cormun/servlet/solicitudot?gx-no-cache=1553004517747 HTTP/1.1" 200 30
190.171.152.114 - - [19/Mar/2019:11:12:17 -0300] "GET /cormun/servlet/solicitudotadjuntos?d68432e868db7c04c9700dee4982e1784bf86accf1eeab8192291a4556901697,gx-no-cache=1553004518884 HTTP/1.1" 200 30
190.171.152.114 - - [19/Mar/2019:11:12:17 -0300] "GET /cormun/servlet/solicitudotadjuntos?d68432e868db7c04c9700dee4982e1784bf86accf1eeab8192291a4556901697,gx-no-cache=1553004518905 HTTP/1.1" 200 30
190.171.152.114 - - [19/Mar/2019:11:12:17 -0300] "POST /cormun/servlet/solicitudotadjuntos?1489b134a99e375eb12ac0a88c6e007e,INS,2019,14777,,1, HTTP/1.1" 200 116
190.171.152.114 - - [19/Mar/2019:11:12:17 -0300] "GET /cormun/servlet/hpexe_return? HTTP/1.1" 200 1025
190.171.152.114 - - [19/Mar/2019:11:12:18 -0300] "GET /cormun/servlet/trsolicitudadjuntos?2019,14777, HTTP/1.1" 200 9390
192.168.10.96 - - [19/Mar/2019:11:12:26 -0300] "POST /cormun/servlet/trautorizarot?c7877f8131ddb7049e3d4ce02de46271,,gx-no-cache=1553011550690 HTTP/1.1" 200 9160
200.54.107.2 - - [19/Mar/2019:11:12:45 -0300] "POST /cormun/servlet/solicitudot?9f5a2d6c5f0e2d855f41fc47ec184f57,INS,0,0,,gx-no-cache=1553004545495 HTTP/1.1" 200 93
200.54.107.2 - - [19/Mar/2019:11:12:45 -0300] "GET /cormun/servlet/hpexe_return? HTTP/1.1" 200 1005
200.54.107.2 - - [19/Mar/2019:11:12:46 -0300] "GET /cormun/servlet/trsolicitudot HTTP/1.1" 200 22713
200.54.107.2 - - [19/Mar/2019:11:12:47 -0300] "GET /cormun/servlet/trsolicitudot HTTP/1.1" 200 22709
200.54.107.2 - - [19/Mar/2019:11:12:55 -0300] "GET /cormun/servlet/solicitudot?INS,0,0, HTTP/1.1" 200 15088
200.54.107.2 - - [19/Mar/2019:11:12:55 -0300] "GET /cormun/servlet/solicitudot?INS,0,0, HTTP/1.1" 200 15093
200.54.107.2 - - [19/Mar/2019:11:13:05 -0300] "POST /cormun/servlet/solicitudot?gx-no-cache=1553004566052 HTTP/1.1" 200 3450
200.54.107.2 - - [19/Mar/2019:11:13:06 -0300] "POST /cormun/servlet/solicitudot?9f5a2d6c5f0e2d855f41fc47ec184f57,INS,0,0,,gx-no-cache=1553004566257 HTTP/1.1" 200 11813
200.54.107.2 - - [19/Mar/2019:11:13:07 -0300] "POST /cormun/servlet/solicitudot?9f5a2d6c5f0e2d855f41fc47ec184f57,INS,0,0,,gx-no-cache=1553004567533 HTTP/1.1" 200 12171
200.54.107.2 - - [19/Mar/2019:11:13:07 -0300] "GET /cormun/static/Shared/jqueryui/images/ui-bg_highlight-soft_100_c6c2c8_1x100.png HTTP/1.1" 404 1117
200.54.107.2 - - [19/Mar/2019:11:13:07 -0300] "GET /cormun/static/Shared/jqueryui/images/ui-icons_ebccce_256x240.png HTTP/1.1" 404 1089
200.54.107.2 - - [19/Mar/2019:11:13:07 -0300] "GET /cormun/static/Shared/jqueryui/images/ui-icons_82798d_256x240.png HTTP/1.1" 404 1089
200.54.107.2 - - [19/Mar/2019:11:13:07 -0300] "GET /cormun/static/Shared/jqueryui/images/ui-bg_flat_55_994d53_40x100.png HTTP/1.1" 404 1097
200.54.107.2 - - [19/Mar/2019:11:13:09 -0300] "GET /cormun/servlet/solicitudot?08d47aff4059a0b14ca294c61322ed7863cef4b6b7cd85c26cc3b45d5705a2efac22f307ed58cf678bb3a25cbc6e03ff,gx-no-cache=1553004569265 HTTP/1.1" 200 30
200.54.107.2 - - [19/Mar/2019:11:13:21 -0300] "POST /cormun/servlet/solicitudot?9f5a2d6c5f0e2d855f41fc47ec184f57,INS,0,0,,gx-no-cache=1553004581568 HTTP/1.1" 200 12209
200.54.107.2 - - [19/Mar/2019:11:13:22 -0300] "POST /cormun/servlet/solicitudot?9f5a2d6c5f0e2d855f41fc47ec184f57,INS,0,0,,gx-no-cache=1553004582696 HTTP/1.1" 200 12252
190.171.152.114 - - [19/Mar/2019:11:13:49 -0300] "GET /cormun/servlet/solicitudotadjuntos?INS,2019,14777,,1, HTTP/1.1" 200 6315
190.171.152.114 - - [19/Mar/2019:11:13:50 -0300] "HEAD /cormun/static/about:blank HTTP/1.1" 404 -
190.171.152.114 - - [19/Mar/2019:11:13:51 -0300] "GET /cormun/servlet/solicitudotadjuntos?d68432e868db7c04c9700dee4982e178a9bf896af2c0d72abc79927919b9ffcab782d3fa23f5bbdf9a1b2263f836183b,gx-no-cache=1553004612563 HTTP/1.1" 200 30
190.171.152.114 - - [19/Mar/2019:11:13:51 -0300] "POST /cormun/servlet/solicitudotadjuntos?1489b134a99e375eb12ac0a88c6e007e,INS,2019,14777,,1,,gx-no-cache=1553004612615 HTTP/1.1" 200 4098
190.171.152.114 - - [19/Mar/2019:11:13:54 -0300] "POST /cormun/servlet/solicitudotadjuntos?gx-no-cache=1553004615688 HTTP/1.1" 200 26
190.171.152.114 - - [19/Mar/2019:11:14:01 -0300] "GET /cormun/servlet/solicitudotadjuntos?d68432e868db7c04c9700dee4982e1784bf86accf1eeab8192291a4556901697,gx-no-cache=1553004622698 HTTP/1.1" 200 30
190.171.152.114 - - [19/Mar/2019:11:14:01 -0300] "GET /cormun/servlet/solicitudotadjuntos?d68432e868db7c04c9700dee4982e1784bf86accf1eeab8192291a4556901697,gx-no-cache=1553004622739 HTTP/1.1" 200 30
190.171.152.114 - - [19/Mar/2019:11:14:02 -0300] "POST /cormun/servlet/solicitudotadjuntos?1489b134a99e375eb12ac0a88c6e007e,INS,2019,14777,,1, HTTP/1.1" 200 116
190.171.152.114 - - [19/Mar/2019:11:14:02 -0300] "GET /cormun/servlet/hpexe_return? HTTP/1.1" 200 1025
190.171.152.114 - - [19/Mar/2019:11:14:03 -0300] "GET /cormun/servlet/trsolicitudadjuntos?2019,14777, HTTP/1.1" 200 9621
190.171.152.114 - - [19/Mar/2019:11:14:06 -0300] "GET /cormun/servlet/solicitudotadjuntos?INS,2019,14777,,1, HTTP/1.1" 200 6315
190.171.152.114 - - [19/Mar/2019:11:14:06 -0300] "HEAD /cormun/static/about:blank HTTP/1.1" 404 -
190.171.152.114 - - [19/Mar/2019:11:14:07 -0300] "GET /cormun/servlet/solicitudotadjuntos?d68432e868db7c04c9700dee4982e178a9bf896af2c0d72abc79927919b9ffcab782d3fa23f5bbdf9a1b2263f836183b,gx-no-cache=1553004629290 HTTP/1.1" 200 30
190.171.152.114 - - [19/Mar/2019:11:14:07 -0300] "POST /cormun/servlet/solicitudotadjuntos?1489b134a99e375eb12ac0a88c6e007e,INS,2019,14777,,1,,gx-no-cache=1553004629327 HTTP/1.1" 200 4098
190.171.152.114 - - [19/Mar/2019:11:14:10 -0300] "POST /cormun/servlet/solicitudotadjuntos?gx-no-cache=1553004632264 HTTP/1.1" 200 26
190.171.152.114 - - [19/Mar/2019:11:14:16 -0300] "GET /cormun/servlet/solicitudotadjuntos?d68432e868db7c04c9700dee4982e1784bf86accf1eeab8192291a4556901697,gx-no-cache=1553004637731 HTTP/1.1" 200 30
190.171.152.114 - - [19/Mar/2019:11:14:16 -0300] "GET /cormun/servlet/solicitudotadjuntos?d68432e868db7c04c9700dee4982e1784bf86accf1eeab8192291a4556901697,gx-no-cache=1553004637751 HTTP/1.1" 200 30
190.171.152.114 - - [19/Mar/2019:11:14:19 -0300] "POST /cormun/servlet/solicitudotadjuntos?1489b134a99e375eb12ac0a88c6e007e,INS,2019,14777,,1, HTTP/1.1" 200 116
190.171.152.114 - - [19/Mar/2019:11:14:19 -0300] "GET /cormun/servlet/hpexe_return? HTTP/1.1" 200 1025
190.171.152.114 - - [19/Mar/2019:11:14:20 -0300] "GET /cormun/servlet/trsolicitudadjuntos?2019,14777, HTTP/1.1" 200 9868
200.54.107.2 - - [19/Mar/2019:11:14:20 -0300] "GET /cormun/servlet/prbanco?,MD,,gxPopupLevel%3D0%3B HTTP/1.1" 200 6593
190.171.152.114 - - [19/Mar/2019:11:14:23 -0300] "GET /cormun/servlet/solicitudotadjuntos?INS,2019,14777,,1, HTTP/1.1" 200 6315
190.171.152.114 - - [19/Mar/2019:11:14:23 -0300] "HEAD /cormun/static/about:blank HTTP/1.1" 404 -
200.54.107.2 - - [19/Mar/2019:11:14:24 -0300] "GET /cormun/servlet/solicitudot?08d47aff4059a0b14ca294c61322ed788d368e2143197fc4957981767eef98d870dc5007db06ce49ac1b30fbac867d46033cbd2f951a7b22c73192ad8ac4a962,gx-no-cache=1553004644743 HTTP/1.1" 200 30
190.171.152.114 - - [19/Mar/2019:11:14:24 -0300] "GET /cormun/servlet/solicitudotadjuntos?d68432e868db7c04c9700dee4982e178a9bf896af2c0d72abc79927919b9ffcab782d3fa23f5bbdf9a1b2263f836183b,gx-no-cache=1553004645913 HTTP/1.1" 200 30
190.171.152.114 - - [19/Mar/2019:11:14:24 -0300] "POST /cormun/servlet/solicitudotadjuntos?1489b134a99e375eb12ac0a88c6e007e,INS,2019,14777,,1,,gx-no-cache=1553004645951 HTTP/1.1" 200 4098
200.54.107.2 - - [19/Mar/2019:11:14:26 -0300] "GET /cormun/servlet/solicitudot?08d47aff4059a0b14ca294c61322ed78ec17ce76f1156a4d3626eb7bff125885,gx-no-cache=1553004646319 HTTP/1.1" 200 53
190.171.152.114 - - [19/Mar/2019:11:14:27 -0300] "POST /cormun/servlet/solicitudotadjuntos?gx-no-cache=1553004649311 HTTP/1.1" 200 26
200.54.107.2 - - [19/Mar/2019:11:14:34 -0300] "POST /cormun/servlet/solicitudot?9f5a2d6c5f0e2d855f41fc47ec184f57,INS,0,0,,gx-no-cache=1553004654863 HTTP/1.1" 200 12210
200.54.107.2 - - [19/Mar/2019:11:14:34 -0300] "GET /cormun/static/Shared/jqueryui/images/ui-bg_flat_55_fafafa_40x100.png HTTP/1.1" 404 1097
200.54.107.2 - - [19/Mar/2019:11:14:34 -0300] "GET /cormun/static/Shared/jqueryui/images/ui-icons_8d78a5_256x240.png HTTP/1.1" 404 1089
200.54.107.2 - - [19/Mar/2019:11:14:37 -0300] "GET /cormun/servlet/solicitudot?08d47aff4059a0b14ca294c61322ed788d368e2143197fc4957981767eef98d870dc5007db06ce49ac1b30fbac867d46e98837c9d89974fbf72cd23b5c978818,gx-no-cache=1553004658013 HTTP/1.1" 200 30
200.54.107.2 - - [19/Mar/2019:11:14:37 -0300] "GET /cormun/servlet/solicitudot?08d47aff4059a0b14ca294c61322ed7869342f8e8a8906635a1c4d0a31df37aa09aa3fd30179624356ccfab47d43cb2e08b0b88a9b2e0eb6f9d68317f0977e03,gx-no-cache=1553004658139 HTTP/1.1" 200 53
200.54.107.2 - - [19/Mar/2019:11:14:41 -0300] "POST /cormun/servlet/solicitudot?gx-no-cache=1553004661923 HTTP/1.1" 200 256
200.54.107.2 - - [19/Mar/2019:11:14:43 -0300] "GET /cormun/servlet/solicitudot?08d47aff4059a0b14ca294c61322ed78c519e7cdd7fe00fbfd43e5bc25013a1b7da619b291fec549ebfae072a004c489fc32cad86bee3ea83d9f2ebcdceacd09f554484587835fefd5bd13f67bd529215a905762a42a5344b8143356d96ccd212debf58577b6fecfb549c9a228976bfa7dbe06ce484891379e28002f748b9aad7ae6424d39d63fe1620f8b80c9a541a20280ae963c08f47b949c9b17e698a9fb9216df6eca4141b7a3dfb42e29cf2b3c4aa12f44bdfeb520f3980883651885d312214947dcf006f76e54b5a8ef36ac30286454efd27a30077d083cdc44a352bdc4f10cdfe088863816075f895999aba51ac68f7c534e019d88a91d5903a8e162c2f7b2c7d87c73ed1b6345e07d3d4d337485b8e58bdf9d3dc4dc3802b9fd594e9af2de9c06e8e0c5ab1bab6c1309fb738bf78e86a19cd15d626ec9a22247252627183d9a961f78e93e4eb9568f86b60cfc7a118dbb9f0d9d99d33b72ff73634eae6a0c9c45b1f961a17b5419391beaa8d65ec5c6c61edee1e04b501ce9cf6038,gx-no-cache=1553004664206 HTTP/1.1" 200 30
200.54.107.2 - - [19/Mar/2019:11:14:46 -0300] "POST /cormun/servlet/solicitudot?gx-no-cache=1553004667203 HTTP/1.1" 200 30
200.54.107.2 - - [19/Mar/2019:11:14:48 -0300] "POST /cormun/servlet/solicitudot?gx-no-cache=1553004668448 HTTP/1.1" 200 1285
200.54.107.2 - - [19/Mar/2019:11:14:48 -0300] "POST /cormun/servlet/solicitudot?gx-no-cache=1553004668506 HTTP/1.1" 200 38
200.54.107.2 - - [19/Mar/2019:11:15:06 -0300] "GET /cormun/servlet/solicitudot?08d47aff4059a0b14ca294c61322ed78b01f6166418dca3029741dc3989691dc9b2999357496c82f258d1d585bc6b9acbb335d624c5c8c4e32f3b694779d8a9d341ab5061be7872c8038554070a8c365bad0853efeb5c2237d75f117d197f406960d707758818f8671cd3cd7a253a092,gx-no-cache=1553004686739 HTTP/1.1" 200 110
200.54.107.2 - - [19/Mar/2019:11:15:14 -0300] "POST /cormun/servlet/solicitudot?gx-no-cache=1553004694492 HTTP/1.1" 200 97
190.171.152.114 - - [19/Mar/2019:11:15:19 -0300] "GET /cormun/servlet/solicitudotadjuntos?d68432e868db7c04c9700dee4982e1784bf86accf1eeab8192291a4556901697,gx-no-cache=1553004700905 HTTP/1.1" 200 30
190.171.152.114 - - [19/Mar/2019:11:15:19 -0300] "GET /cormun/servlet/solicitudotadjuntos?d68432e868db7c04c9700dee4982e1784bf86accf1eeab8192291a4556901697,gx-no-cache=1553004700997 HTTP/1.1" 200 30
190.171.152.114 - - [19/Mar/2019:11:15:20 -0300] "POST /cormun/servlet/solicitudotadjuntos?1489b134a99e375eb12ac0a88c6e007e,INS,2019,14777,,1, HTTP/1.1" 200 116
190.171.152.114 - - [19/Mar/2019:11:15:20 -0300] "GET /cormun/servlet/hpexe_return? HTTP/1.1" 200 1025
190.171.152.114 - - [19/Mar/2019:11:15:21 -0300] "GET /cormun/servlet/trsolicitudadjuntos?2019,14777, HTTP/1.1" 200 10102
200.54.107.2 - - [19/Mar/2019:11:15:27 -0300] "GET /cormun/servlet/solicitudot?08d47aff4059a0b14ca294c61322ed78bc4a5a35eea81207edb775ff2ca6a867b191d1bbda5a64179047b95b70b2dbeb09fa7c3ed9ea0fceaa79119a5b1f204bab3c7488e3428d7a5929bd125126c99523845daa86cbbeb03aa7c20c4a3cf039501f46d6193f262f4f041e6473d71f35,gx-no-cache=1553004707812 HTTP/1.1" 200 29
200.54.107.2 - - [19/Mar/2019:11:15:27 -0300] "GET /cormun/static/menuarrow.gif HTTP/1.1" 404 1015
200.54.107.2 - - [19/Mar/2019:11:15:31 -0300] "GET /cormun/servlet/solicitudot?08d47aff4059a0b14ca294c61322ed78cb7e380951b854150f5030d41eb052523bda040a684defa5893e94b3c89993e4,gx-no-cache=1553004711378 HTTP/1.1" 200 30
190.171.152.114 - - [19/Mar/2019:11:15:40 -0300] "GET /cormun/servlet/solicitudotadjuntos?INS,2019,14777,,1, HTTP/1.1" 200 6317
190.171.152.114 - - [19/Mar/2019:11:15:40 -0300] "HEAD /cormun/static/about:blank HTTP/1.1" 404 -
190.171.152.114 - - [19/Mar/2019:11:15:41 -0300] "GET /cormun/servlet/solicitudotadjuntos?d68432e868db7c04c9700dee4982e178a9bf896af2c0d72abc79927919b9ffcab782d3fa23f5bbdf9a1b2263f836183b,gx-no-cache=1553004723243 HTTP/1.1" 200 30
190.171.152.114 - - [19/Mar/2019:11:15:42 -0300] "POST /cormun/servlet/solicitudotadjuntos?1489b134a99e375eb12ac0a88c6e007e,INS,2019,14777,,1,,gx-no-cache=1553004723360 HTTP/1.1" 200 4098
190.171.141.114 - - [19/Mar/2019:11:15:46 -0300] "GET /cormun/servlet/apermisogoceprn?18952078,P,20190319111436,PU HTTP/1.1" 200 1651
200.54.107.2 - - [19/Mar/2019:11:15:49 -0300] "POST /cormun/servlet/solicitudot?gx-no-cache=1553004729394 HTTP/1.1" 200 30
190.171.152.114 - - [19/Mar/2019:11:15:50 -0300] "POST /cormun/servlet/solicitudotadjuntos?1489b134a99e375eb12ac0a88c6e007e,INS,2019,14777,,1,,gx-no-cache=1553004731485 HTTP/1.1" 200 93
190.171.152.114 - - [19/Mar/2019:11:15:50 -0300] "GET /cormun/servlet/hpexe_return? HTTP/1.1" 200 1025
190.171.152.114 - - [19/Mar/2019:11:15:51 -0300] "GET /cormun/servlet/trsolicitudadjuntos?2019,14777, HTTP/1.1" 200 10102
190.171.152.114 - - [19/Mar/2019:11:15:54 -0300] "GET /cormun/servlet/solicitudotadjuntos?INS,2019,14777,,2, HTTP/1.1" 200 6314
190.171.152.114 - - [19/Mar/2019:11:15:54 -0300] "HEAD /cormun/static/about:blank HTTP/1.1" 404 -
190.171.152.114 - - [19/Mar/2019:11:15:55 -0300] "GET /cormun/servlet/solicitudotadjuntos?d68432e868db7c04c9700dee4982e178a9bf896af2c0d72abc79927919b9ffcab782d3fa23f5bbdf9a1b2263f836183b,gx-no-cache=1553004736833 HTTP/1.1" 200 30
190.171.152.114 - - [19/Mar/2019:11:15:55 -0300] "POST /cormun/servlet/solicitudotadjuntos?1489b134a99e375eb12ac0a88c6e007e,INS,2019,14777,,2,,gx-no-cache=1553004736878 HTTP/1.1" 200 4235
190.171.152.114 - - [19/Mar/2019:11:15:59 -0300] "POST /cormun/servlet/solicitudotadjuntos?gx-no-cache=1553004740456 HTTP/1.1" 200 26
190.171.152.114 - - [19/Mar/2019:11:16:05 -0300] "GET /cormun/servlet/solicitudotadjuntos?d68432e868db7c04c9700dee4982e1784bf86accf1eeab8192291a4556901697,gx-no-cache=1553004746937 HTTP/1.1" 200 30
190.171.152.114 - - [19/Mar/2019:11:16:05 -0300] "GET /cormun/servlet/solicitudotadjuntos?d68432e868db7c04c9700dee4982e1784bf86accf1eeab8192291a4556901697,gx-no-cache=1553004746982 HTTP/1.1" 200 30
190.171.152.114 - - [19/Mar/2019:11:16:05 -0300] "POST /cormun/servlet/solicitudotadjuntos?1489b134a99e375eb12ac0a88c6e007e,INS,2019,14777,,2, HTTP/1.1" 200 6629
190.171.152.114 - - [19/Mar/2019:11:16:05 -0300] "GET /cormun/static/Shared/jqueryui/images/ui-bg_flat_55_994d53_40x100.png HTTP/1.1" 404 1097
190.171.152.114 - - [19/Mar/2019:11:16:05 -0300] "GET /cormun/static/Shared/jqueryui/images/ui-icons_82798d_256x240.png HTTP/1.1" 404 1089
190.171.152.114 - - [19/Mar/2019:11:16:05 -0300] "GET /cormun/static/Shared/jqueryui/images/ui-bg_highlight-soft_100_c6c2c8_1x100.png HTTP/1.1" 404 1117
190.171.152.114 - - [19/Mar/2019:11:16:06 -0300] "GET /cormun/static/Shared/jqueryui/images/ui-icons_ebccce_256x240.png HTTP/1.1" 404 1089
190.171.152.114 - - [19/Mar/2019:11:16:06 -0300] "GET /cormun/PrivateTempStorage/upload_00009122.jpg HTTP/1.1" 200 46016
190.171.152.114 - - [19/Mar/2019:11:16:09 -0300] "GET /cormun/servlet/solicitudotadjuntos?d68432e868db7c04c9700dee4982e178a5f79823f2a52b4902b74ce68e8c2729b8c5717e8731c13f79a13e3d195f5b4e,gx-no-cache=1553004750933 HTTP/1.1" 200 30
190.171.152.114 - - [19/Mar/2019:11:16:10 -0300] "POST /cormun/servlet/solicitudotadjuntos?1489b134a99e375eb12ac0a88c6e007e,INS,2019,14777,,2, HTTP/1.1" 200 6629
190.171.152.114 - - [19/Mar/2019:11:16:10 -0300] "GET /cormun/home/sistema/apache-tomcat-7.0.65/webapps/cormun/PrivateTempStorage/upload_00009134.jpg HTTP/1.1" 404 1149
190.171.152.114 - - [19/Mar/2019:11:16:10 -0300] "GET /cormun/PrivateTempStorage/upload_00009134.jpg HTTP/1.1" 200 46016
190.171.152.114 - - [19/Mar/2019:11:16:12 -0300] "POST /cormun/servlet/solicitudotadjuntos?1489b134a99e375eb12ac0a88c6e007e,INS,2019,14777,,2, HTTP/1.1" 200 116
190.171.152.114 - - [19/Mar/2019:11:16:12 -0300] "GET /cormun/servlet/hpexe_return? HTTP/1.1" 200 1025
190.171.152.114 - - [19/Mar/2019:11:16:13 -0300] "GET /cormun/servlet/trsolicitudadjuntos?2019,14777, HTTP/1.1" 200 10104
192.168.10.96 - - [19/Mar/2019:11:16:19 -0300] "POST /cormun/servlet/trautorizarot?c7877f8131ddb7049e3d4ce02de46271,,gx-no-cache=1553011783029 HTTP/1.1" 200 8775
190.171.152.114 - - [19/Mar/2019:11:16:20 -0300] "GET /cormun/servlet/solicitudotadjuntos?INS,2019,14777,,1, HTTP/1.1" 200 6317
190.171.152.114 - - [19/Mar/2019:11:16:21 -0300] "HEAD /cormun/static/about:blank HTTP/1.1" 404 -
190.171.152.114 - - [19/Mar/2019:11:16:21 -0300] "GET /cormun/servlet/solicitudotadjuntos?d68432e868db7c04c9700dee4982e178a9bf896af2c0d72abc79927919b9ffcab782d3fa23f5bbdf9a1b2263f836183b,gx-no-cache=1553004763374 HTTP/1.1" 200 30
190.171.152.114 - - [19/Mar/2019:11:16:22 -0300] "POST /cormun/servlet/solicitudotadjuntos?1489b134a99e375eb12ac0a88c6e007e,INS,2019,14777,,1,,gx-no-cache=1553004763412 HTTP/1.1" 200 4098
190.171.152.114 - - [19/Mar/2019:11:16:23 -0300] "POST /cormun/servlet/solicitudotadjuntos?1489b134a99e375eb12ac0a88c6e007e,INS,2019,14777,,1,,gx-no-cache=1553004764535 HTTP/1.1" 200 93
190.171.152.114 - - [19/Mar/2019:11:16:23 -0300] "GET /cormun/servlet/hpexe_return? HTTP/1.1" 200 1025
190.171.152.114 - - [19/Mar/2019:11:16:24 -0300] "GET /cormun/servlet/trsolicitudadjuntos?2019,14777, HTTP/1.1" 200 10104
190.171.152.114 - - [19/Mar/2019:11:16:26 -0300] "GET /cormun/servlet/solicitudotadjuntos?INS,2019,14777,,2, HTTP/1.1" 200 6314
190.171.152.114 - - [19/Mar/2019:11:16:27 -0300] "HEAD /cormun/static/about:blank HTTP/1.1" 404 -
190.171.152.114 - - [19/Mar/2019:11:16:28 -0300] "GET /cormun/servlet/solicitudotadjuntos?d68432e868db7c04c9700dee4982e178a9bf896af2c0d72abc79927919b9ffcab782d3fa23f5bbdf9a1b2263f836183b,gx-no-cache=1553004769420 HTTP/1.1" 200 30
190.171.152.114 - - [19/Mar/2019:11:16:28 -0300] "POST /cormun/servlet/solicitudotadjuntos?1489b134a99e375eb12ac0a88c6e007e,INS,2019,14777,,2,,gx-no-cache=1553004769455 HTTP/1.1" 200 4235
190.171.152.114 - - [19/Mar/2019:11:16:31 -0300] "POST /cormun/servlet/solicitudotadjuntos?gx-no-cache=1553004772839 HTTP/1.1" 200 26
190.171.152.114 - - [19/Mar/2019:11:16:45 -0300] "GET /cormun/servlet/solicitudotadjuntos?d68432e868db7c04c9700dee4982e1784bf86accf1eeab8192291a4556901697,gx-no-cache=1553004786455 HTTP/1.1" 200 30
190.171.152.114 - - [19/Mar/2019:11:16:45 -0300] "GET /cormun/servlet/solicitudotadjuntos?d68432e868db7c04c9700dee4982e1784bf86accf1eeab8192291a4556901697,gx-no-cache=1553004786477 HTTP/1.1" 200 30
190.171.152.114 - - [19/Mar/2019:11:16:45 -0300] "POST /cormun/servlet/solicitudotadjuntos?1489b134a99e375eb12ac0a88c6e007e,INS,2019,14777,,2, HTTP/1.1" 200 6629
190.171.152.114 - - [19/Mar/2019:11:16:45 -0300] "GET /cormun/home/sistema/apache-tomcat-7.0.65/webapps/cormun/PrivateTempStorage/upload_00009158.jpg HTTP/1.1" 404 1149
190.171.152.114 - - [19/Mar/2019:11:16:45 -0300] "GET /cormun/PrivateTempStorage/upload_00009158.jpg HTTP/1.1" 200 46016
190.171.152.114 - - [19/Mar/2019:11:16:45 -0300] "GET /cormun/static/Shared/jqueryui/images/ui-icons_82798d_256x240.png HTTP/1.1" 404 1089
190.171.152.114 - - [19/Mar/2019:11:16:45 -0300] "GET /cormun/static/Shared/jqueryui/images/ui-icons_ebccce_256x240.png HTTP/1.1" 404 1089
190.171.152.114 - - [19/Mar/2019:11:16:45 -0300] "GET /cormun/static/Shared/jqueryui/images/ui-bg_highlight-soft_100_c6c2c8_1x100.png HTTP/1.1" 404 1117
190.171.152.114 - - [19/Mar/2019:11:16:45 -0300] "GET /cormun/static/Shared/jqueryui/images/ui-bg_flat_55_994d53_40x100.png HTTP/1.1" 404 1097
190.171.152.114 - - [19/Mar/2019:11:16:54 -0300] "GET /cormun/servlet/solicitudotadjuntos?d68432e868db7c04c9700dee4982e178a5f79823f2a52b4902b74ce68e8c2729b8c5717e8731c13f79a13e3d195f5b4e,gx-no-cache=1553004795878 HTTP/1.1" 200 30
190.171.152.114 - - [19/Mar/2019:11:16:54 -0300] "POST /cormun/servlet/solicitudotadjuntos?1489b134a99e375eb12ac0a88c6e007e,INS,2019,14777,,2, HTTP/1.1" 200 6631
190.171.152.114 - - [19/Mar/2019:11:16:54 -0300] "GET /cormun/home/sistema/apache-tomcat-7.0.65/webapps/cormun/PrivateTempStorage/upload_00009170.jpg HTTP/1.1" 404 1149
200.54.107.2 - - [19/Mar/2019:11:16:54 -0300] "POST /cormun/servlet/solicitudot?9f5a2d6c5f0e2d855f41fc47ec184f57,INS,0,0,,gx-no-cache=1553004794724 HTTP/1.1" 200 93
190.171.152.114 - - [19/Mar/2019:11:16:54 -0300] "GET /cormun/PrivateTempStorage/upload_00009170.jpg HTTP/1.1" 200 46016
200.54.107.2 - - [19/Mar/2019:11:16:54 -0300] "GET /cormun/servlet/hpexe_return? HTTP/1.1" 200 1005
200.54.107.2 - - [19/Mar/2019:11:16:55 -0300] "GET /cormun/servlet/trsolicitudot HTTP/1.1" 200 22962
200.54.107.2 - - [19/Mar/2019:11:16:55 -0300] "GET /cormun/servlet/trsolicitudot HTTP/1.1" 200 22957
190.171.152.114 - - [19/Mar/2019:11:16:57 -0300] "POST /cormun/servlet/solicitudotadjuntos?1489b134a99e375eb12ac0a88c6e007e,INS,2019,14777,,2, HTTP/1.1" 200 116
190.171.152.114 - - [19/Mar/2019:11:16:57 -0300] "GET /cormun/servlet/hpexe_return? HTTP/1.1" 200 1025
190.171.152.114 - - [19/Mar/2019:11:16:57 -0300] "GET /cormun/servlet/trsolicitudadjuntos?2019,14777, HTTP/1.1" 200 10102
200.54.107.2 - - [19/Mar/2019:11:17:01 -0300] "POST /cormun/servlet/trsolicitudot?9f5a2d6c5f0e2d855f41fc47ec184f57,gx-no-cache=1553004801754 HTTP/1.1" 200 106
200.54.107.2 - - [19/Mar/2019:11:17:02 -0300] "GET /cormun/servlet/solicitudot?UPD,2019,14778, HTTP/1.1" 200 15678
200.54.107.2 - - [19/Mar/2019:11:17:02 -0300] "GET /cormun/servlet/solicitudot?UPD,2019,14778, HTTP/1.1" 200 15687
200.54.107.2 - - [19/Mar/2019:11:17:03 -0300] "POST /cormun/servlet/solicitudot?gx-no-cache=1553004803398 HTTP/1.1" 200 3537
200.54.107.2 - - [19/Mar/2019:11:17:03 -0300] "POST /cormun/servlet/solicitudot?9f5a2d6c5f0e2d855f41fc47ec184f57,UPD,2019,14778,,gx-no-cache=1553004803542 HTTP/1.1" 200 12019
200.54.107.2 - - [19/Mar/2019:11:17:03 -0300] "GET /cormun/servlet/solicitudot?08d47aff4059a0b14ca294c61322ed7863cef4b6b7cd85c26cc3b45d5705a2efac22f307ed58cf678bb3a25cbc6e03ff,gx-no-cache=1553004803796 HTTP/1.1" 200 30
200.54.107.2 - - [19/Mar/2019:11:17:03 -0300] "GET /cormun/servlet/solicitudot?08d47aff4059a0b14ca294c61322ed788d368e2143197fc4957981767eef98d870dc5007db06ce49ac1b30fbac867d46e98837c9d89974fbf72cd23b5c978818,gx-no-cache=1553004803934 HTTP/1.1" 200 30
200.54.107.2 - - [19/Mar/2019:11:17:03 -0300] "GET /cormun/servlet/solicitudot?08d47aff4059a0b14ca294c61322ed7869342f8e8a8906635a1c4d0a31df37aa09aa3fd30179624356ccfab47d43cb2e08b0b88a9b2e0eb6f9d68317f0977e03,gx-no-cache=1553004804038 HTTP/1.1" 200 53
200.54.107.2 - - [19/Mar/2019:11:17:03 -0300] "POST /cormun/servlet/solicitudot?gx-no-cache=1553004804085 HTTP/1.1" 200 254
200.54.107.2 - - [19/Mar/2019:11:17:03 -0300] "GET /cormun/servlet/solicitudot?08d47aff4059a0b14ca294c61322ed78c519e7cdd7fe00fbfd43e5bc25013a1b30a039799247b76ddeec1a5a73dc7a5cfc32cad86bee3ea83d9f2ebcdceacd09f554484587835fefd5bd13f67bd529215a905762a42a5344b8143356d96ccd212debf58577b6fecfb549c9a228976bfa7dbe06ce484891379e28002f748b9aad7ae6424d39d63fe1620f8b80c9a541a20280ae963c08f47b949c9b17e698a9fb9216df6eca4141b7a3dfb42e29cf2b3c4aa12f44bdfeb520f3980883651885d312214947dcf006f76e54b5a8ef36ac30286454efd27a30077d083cdc44a352bdc4f10cdfe088863816075f895999aba51ac68f7c534e019d88a91d5903a8e162c2f7b2c7d87c73ed1b6345e07d3d4d33b11fd741e219d56a9dfb9739e138f1bc40c6357270b4dc111e1326c285fcc70ec0742c3726844704717f812512a6de75de2b22f8e1163c82aa3d2e25f03dbd879906409ffa91dbe8a543c4c0e50ad0a650f783b889b9e98c0ea469cf6a5be82879db9b290db0480babc8d36395066f67,gx-no-cache=1553004804122 HTTP/1.1" 200 30
200.54.107.2 - - [19/Mar/2019:11:17:03 -0300] "POST /cormun/servlet/solicitudot?gx-no-cache=1553004804149 HTTP/1.1" 200 30
200.54.107.2 - - [19/Mar/2019:11:17:03 -0300] "POST /cormun/servlet/solicitudot?gx-no-cache=1553004804185 HTTP/1.1" 200 1288
200.54.107.2 - - [19/Mar/2019:11:17:03 -0300] "POST /cormun/servlet/solicitudot?gx-no-cache=1553004804243 HTTP/1.1" 200 40
200.54.107.2 - - [19/Mar/2019:11:17:12 -0300] "GET /cormun/servlet/solicitudot?08d47aff4059a0b14ca294c61322ed78b01f6166418dca3029741dc3989691dc9b2999357496c82f258d1d585bc6b9acbb335d624c5c8c4e32f3b694779d8a9d341ab5061be7872c8038554070a8c365bad0853efeb5c2237d75f117d197f406960d707758818f8671cd3cd7a253a092,gx-no-cache=1553004812363 HTTP/1.1" 200 110
200.54.107.2 - - [19/Mar/2019:11:17:12 -0300] "POST /cormun/servlet/solicitudot?gx-no-cache=1553004812385 HTTP/1.1" 200 97
200.54.107.2 - - [19/Mar/2019:11:17:12 -0300] "GET /cormun/servlet/solicitudot?08d47aff4059a0b14ca294c61322ed78c049435025a761ac70590be7cc1805da94013833d5989a18edecd0312aae480820bb1b6bb8121521727cd4967fb75da4bff0f2fef00d8006c58c148884a36b6d9cfd3e7e8ef53ca40c6e424fd32a0c17e18332954fd01538c8c72a35306a03c47900a561194afffdd4ff0c1ca66f2c8900e96bdb04acb3047ddcedd98e66872e347ae355bd72b3498a081e6f785168aa,gx-no-cache=1553004812416 HTTP/1.1" 200 29
200.54.107.2 - - [19/Mar/2019:11:17:12 -0300] "GET /cormun/servlet/solicitudot?08d47aff4059a0b14ca294c61322ed78cb7e380951b854150f5030d41eb052523bda040a684defa5893e94b3c89993e4,gx-no-cache=1553004812440 HTTP/1.1" 200 30
200.54.107.2 - - [19/Mar/2019:11:17:12 -0300] "POST /cormun/servlet/solicitudot?gx-no-cache=1553004812466 HTTP/1.1" 200 30
200.54.107.2 - - [19/Mar/2019:11:17:12 -0300] "POST /cormun/servlet/solicitudot?9f5a2d6c5f0e2d855f41fc47ec184f57,UPD,2019,14778,,gx-no-cache=1553004812498 HTTP/1.1" 200 93
200.54.107.2 - - [19/Mar/2019:11:17:12 -0300] "GET /cormun/servlet/hpexe_return? HTTP/1.1" 200 1012
200.54.107.2 - - [19/Mar/2019:11:17:12 -0300] "GET /cormun/servlet/trsolicitudot HTTP/1.1" 200 22962
200.54.107.2 - - [19/Mar/2019:11:17:13 -0300] "GET /cormun/servlet/trsolicitudot HTTP/1.1" 200 22957
200.54.107.2 - - [19/Mar/2019:11:17:25 -0300] "GET /cormun/servlet/solicitudot?INS,0,0, HTTP/1.1" 200 15087
200.54.107.2 - - [19/Mar/2019:11:17:25 -0300] "GET /cormun/servlet/solicitudot?INS,0,0, HTTP/1.1" 200 15092
192.168.10.96 - - [19/Mar/2019:11:17:51 -0300] "POST /cormun/servlet/trautorizarot?c7877f8131ddb7049e3d4ce02de46271,,gx-no-cache=1553011875150 HTTP/1.1" 200 8085
200.54.107.2 - - [19/Mar/2019:11:17:57 -0300] "POST /cormun/servlet/solicitudot?gx-no-cache=1553004857207 HTTP/1.1" 200 3571
200.54.107.2 - - [19/Mar/2019:11:17:57 -0300] "POST /cormun/servlet/solicitudot?9f5a2d6c5f0e2d855f41fc47ec184f57,INS,0,0,,gx-no-cache=1553004857550 HTTP/1.1" 200 11940
200.54.107.2 - - [19/Mar/2019:11:18:01 -0300] "GET /cormun/servlet/solicitudot?08d47aff4059a0b14ca294c61322ed782c206240cadce3c73b613959b55874e1152a9cc6acf88c2f0abfaf7d1aa7d8b4,gx-no-cache=1553004861961 HTTP/1.1" 200 30
200.54.107.2 - - [19/Mar/2019:11:18:01 -0300] "GET /cormun/servlet/solicitudot?08d47aff4059a0b14ca294c61322ed786510266f4596ce7a8d56ba3a25aef457c882e312ca9c8dd8a58a824cf7a9a91f1c17ecbe51786df4bb36657c5fa572e7,gx-no-cache=1553004862074 HTTP/1.1" 200 30
200.54.107.2 - - [19/Mar/2019:11:18:01 -0300] "GET /cormun/servlet/solicitudot?08d47aff4059a0b14ca294c61322ed780848030c2bc504e9a83e3315731de489,gx-no-cache=1553004862138 HTTP/1.1" 200 60
200.54.107.2 - - [19/Mar/2019:11:18:01 -0300] "POST /cormun/servlet/solicitudot?gx-no-cache=1553004862167 HTTP/1.1" 200 256
200.54.107.2 - - [19/Mar/2019:11:18:01 -0300] "GET /cormun/servlet/solicitudot?08d47aff4059a0b14ca294c61322ed78c519e7cdd7fe00fbfd43e5bc25013a1b7da619b291fec549ebfae072a004c489fc32cad86bee3ea83d9f2ebcdceacd09f554484587835fefd5bd13f67bd529215a905762a42a5344b8143356d96ccd212debf58577b6fecfb549c9a228976bfa7dbe06ce484891379e28002f748b9aad7ae6424d39d63fe1620f8b80c9a541a20280ae963c08f47b949c9b17e698a9fb9216df6eca4141b7a3dfb42e29cf2b3c4aa12f44bdfeb520f3980883651885d312214947dcf006f76e54b5a8ef36ac30286454efd27a30077d083cdc44a352bdc4f10cdfe088863816075f895999aba51ac68f7c534e019d88a91d5903a8e162c2f7b2c7d87c73ed1b6345e07d3d4d337485b8e58bdf9d3dc4dc3802b9fd594e9af2de9c06e8e0c5ab1bab6c1309fb738bf78e86a19cd15d626ec9a22247252627183d9a961f78e93e4eb9568f86b60cfc7a118dbb9f0d9d99d33b72ff73634eae6a0c9c45b1f961a17b5419391beaa82b6b09b05ce2d3c9757eddab3704ccb0,gx-no-cache=1553004862209 HTTP/1.1" 200 30
200.54.107.2 - - [19/Mar/2019:11:18:04 -0300] "POST /cormun/servlet/solicitudot?gx-no-cache=1553004865114 HTTP/1.1" 200 30
200.54.107.2 - - [19/Mar/2019:11:18:13 -0300] "GET /cormun/servlet/prcontratosol?14201339,,,,,MD,,gxPopupLevel%3D0%3B HTTP/1.1" 200 9326
200.54.107.2 - - [19/Mar/2019:11:18:13 -0300] "GET /cormun/static/gxcfg.js?201761413223964 HTTP/1.1" 200 953
200.54.107.2 - - [19/Mar/2019:11:18:13 -0300] "GET /cormun/static/prcontratosol.js?201761413224174 HTTP/1.1" 200 15806
200.54.107.2 - - [19/Mar/2019:11:18:24 -0300] "POST /cormun/servlet/solicitudot?gx-no-cache=1553004885080 HTTP/1.1" 200 1290
200.54.107.2 - - [19/Mar/2019:11:18:24 -0300] "POST /cormun/servlet/solicitudot?gx-no-cache=1553004885114 HTTP/1.1" 200 38
200.54.107.2 - - [19/Mar/2019:11:18:24 -0300] "GET /cormun/servlet/solicitudot?08d47aff4059a0b14ca294c61322ed78b01f6166418dca3029741dc3989691dc9b2999357496c82f258d1d585bc6b9acbb335d624c5c8c4e32f3b694779d8a9d341ab5061be7872c8038554070a8c365bad0853efeb5c2237d75f117d197f406960d707758818f8671cd3cd7a253a092,gx-no-cache=1553004885135 HTTP/1.1" 200 110
200.54.107.2 - - [19/Mar/2019:11:18:24 -0300] "POST /cormun/servlet/solicitudot?gx-no-cache=1553004885173 HTTP/1.1" 200 97
200.54.107.2 - - [19/Mar/2019:11:18:24 -0300] "GET /cormun/servlet/solicitudot?08d47aff4059a0b14ca294c61322ed78bc4a5a35eea81207edb775ff2ca6a867b191d1bbda5a64179047b95b70b2dbeb09fa7c3ed9ea0fceaa79119a5b1f204bab3c7488e3428d7a5929bd125126c9956a097d72774c0f940b46b6b9d30485a30bcf06d77a8efda044d6adc194e85c280d90f675972aa4534d7335b3b3a1d630908bbf98e340ab95ed89ad3a7865e7348a2c728cc659283f658dfec73cd2dbd0,gx-no-cache=1553004885208 HTTP/1.1" 200 29
200.54.107.2 - - [19/Mar/2019:11:18:25 -0300] "GET /cormun/servlet/solicitudot?08d47aff4059a0b14ca294c61322ed78cb7e380951b854150f5030d41eb052523bda040a684defa5893e94b3c89993e4,gx-no-cache=1553004885268 HTTP/1.1" 200 30
200.54.107.2 - - [19/Mar/2019:11:18:30 -0300] "POST /cormun/servlet/solicitudot?gx-no-cache=1553004891107 HTTP/1.1" 200 33
157.55.39.246 - - [19/Mar/2019:11:19:08 -0300] "GET /cormun/servlet/trcontratounov2 HTTP/1.1" 200 5989
190.171.152.114 - - [19/Mar/2019:11:19:47 -0300] "GET /cormun/servlet/solicitudotadjuntos?INS,2019,14777,,2, HTTP/1.1" 200 6313
190.171.152.114 - - [19/Mar/2019:11:19:47 -0300] "HEAD /cormun/static/about:blank HTTP/1.1" 404 -
190.171.152.114 - - [19/Mar/2019:11:19:48 -0300] "GET /cormun/servlet/solicitudotadjuntos?d68432e868db7c04c9700dee4982e178a9bf896af2c0d72abc79927919b9ffcab782d3fa23f5bbdf9a1b2263f836183b,gx-no-cache=1553004969982 HTTP/1.1" 200 30
190.171.152.114 - - [19/Mar/2019:11:19:48 -0300] "POST /cormun/servlet/solicitudotadjuntos?1489b134a99e375eb12ac0a88c6e007e,INS,2019,14777,,2,,gx-no-cache=1553004970019 HTTP/1.1" 200 4235
190.171.152.114 - - [19/Mar/2019:11:19:51 -0300] "POST /cormun/servlet/solicitudotadjuntos?gx-no-cache=1553004972509 HTTP/1.1" 200 26
192.168.10.96 - - [19/Mar/2019:11:21:07 -0300] "POST /cormun/servlet/trautorizarot?c7877f8131ddb7049e3d4ce02de46271,,gx-no-cache=1553012071285 HTTP/1.1" 200 7681
186.67.172.234 - - [19/Mar/2019:11:21:34 -0300] "GET /cormun/servlet/hlogin HTTP/1.1" 200 1719
192.168.10.96 - - [19/Mar/2019:11:21:35 -0300] "POST /cormun/servlet/trautorizarot?c7877f8131ddb7049e3d4ce02de46271,,gx-no-cache=1553012099133 HTTP/1.1" 200 7298
186.67.172.234 - - [19/Mar/2019:11:21:44 -0300] "POST /cormun/servlet/hlogin?5e61d19d64fee2f132ddb0c519e10d63,gx-no-cache=1553005081593 HTTP/1.1" 200 90
186.67.172.234 - - [19/Mar/2019:11:21:44 -0300] "GET /cormun/servlet/hpexe_link HTTP/1.1" 200 951
186.67.172.234 - - [19/Mar/2019:11:21:44 -0300] "GET /cormun/static/hpexe_link.js?20177612121795 HTTP/1.1" 200 625
186.67.172.234 - - [19/Mar/2019:11:21:44 -0300] "GET /cormun/servlet/hhome HTTP/1.1" 200 4344
186.67.172.234 - - [19/Mar/2019:11:21:45 -0300] "GET /cormun/servlet/hhome HTTP/1.1" 200 4341
192.168.10.96 - - [19/Mar/2019:11:21:59 -0300] "GET /cormun/servlet/trsolicitudgral? HTTP/1.1" 200 26279
192.168.10.96 - - [19/Mar/2019:11:22:00 -0300] "GET /cormun/servlet/trsolicitudgral? HTTP/1.1" 200 26278
192.168.10.96 - - [19/Mar/2019:11:22:18 -0300] "POST /cormun/servlet/trsolicitudgral?c7877f8131ddb7049e3d4ce02de46271,,gx-no-cache=1553012141618 HTTP/1.1" 200 23824
192.168.10.96 - - [19/Mar/2019:11:22:20 -0300] "POST /cormun/servlet/trsolicitudgral?c7877f8131ddb7049e3d4ce02de46271,,gx-no-cache=1553012144048 HTTP/1.1" 200 8269
186.67.172.234 - - [19/Mar/2019:11:22:29 -0300] "GET /cormun/servlet/trsolicitudot? HTTP/1.1" 200 7565
186.67.172.234 - - [19/Mar/2019:11:22:30 -0300] "GET /cormun/static/gxui/gxui-all.css?120300 HTTP/1.1" 200 2179
186.67.172.234 - - [19/Mar/2019:11:22:30 -0300] "GET /cormun/static/gxcfg.js?2017111422585916 HTTP/1.1" 200 953
186.67.172.234 - - [19/Mar/2019:11:22:30 -0300] "GET /cormun/static/calendar-system.css?85620 HTTP/1.1" 200 5572
186.67.172.234 - - [19/Mar/2019:11:22:30 -0300] "GET /cormun/static/Resources/Spanish/PXTools.css?1255365 HTTP/1.1" 200 89042
186.67.172.234 - - [19/Mar/2019:11:22:30 -0300] "GET /cormun/static/trsolicitudot.js?201711142259839 HTTP/1.1" 200 54041
186.67.172.234 - - [19/Mar/2019:11:22:30 -0300] "GET /cormun/static/Shared/ext/resources/css/ext-all.css?215870 HTTP/1.1" 200 416045
186.67.172.234 - - [19/Mar/2019:11:22:30 -0300] "GET /cormun/servlet/trsolicitudot? HTTP/1.1" 200 7563
186.67.172.234 - - [19/Mar/2019:11:22:33 -0300] "GET /cormun/servlet/solicitudot?INS,0,0, HTTP/1.1" 200 15181
186.67.172.234 - - [19/Mar/2019:11:22:33 -0300] "GET /cormun/static/gxcfg.js?20189101114418 HTTP/1.1" 200 953
186.67.172.234 - - [19/Mar/2019:11:22:33 -0300] "GET /cormun/static/solicitudot.js?20189101114718 HTTP/1.1" 200 71883
186.67.172.234 - - [19/Mar/2019:11:22:34 -0300] "GET /cormun/servlet/solicitudot?INS,0,0, HTTP/1.1" 200 15186
186.67.172.234 - - [19/Mar/2019:11:22:47 -0300] "POST /cormun/servlet/solicitudot?gx-no-cache=1553005145089 HTTP/1.1" 200 3544
186.67.172.234 - - [19/Mar/2019:11:22:48 -0300] "POST /cormun/servlet/solicitudot?5e61d19d64fee2f132ddb0c519e10d63,INS,0,0,,gx-no-cache=1553005145263 HTTP/1.1" 200 11922
190.171.141.114 - - [19/Mar/2019:11:22:48 -0300] "GET /cormun/servlet/hlogin HTTP/1.1" 200 1722
190.171.141.114 - - [19/Mar/2019:11:22:48 -0300] "GET /cormun/static/messages.spa.js?85251 HTTP/1.1" 304 -
200.54.107.2 - - [19/Mar/2019:11:23:02 -0300] "GET /cormun/servlet/solicitudot?08d47aff4059a0b14ca294c61322ed78cb7e380951b854150f5030d41eb052523bda040a684defa5893e94b3c89993e4,gx-no-cache=1553005162651 HTTP/1.1" 200 30
200.54.107.2 - - [19/Mar/2019:11:23:02 -0300] "POST /cormun/servlet/solicitudot?gx-no-cache=1553005162764 HTTP/1.1" 200 33
200.54.107.2 - - [19/Mar/2019:11:23:02 -0300] "POST /cormun/servlet/solicitudot?9f5a2d6c5f0e2d855f41fc47ec184f57,INS,0,0,,gx-no-cache=1553005162832 HTTP/1.1" 200 93
200.54.107.2 - - [19/Mar/2019:11:23:02 -0300] "GET /cormun/servlet/hpexe_return? HTTP/1.1" 200 1005
200.54.107.2 - - [19/Mar/2019:11:23:03 -0300] "GET /cormun/servlet/trsolicitudot HTTP/1.1" 200 23185
200.54.107.2 - - [19/Mar/2019:11:23:04 -0300] "GET /cormun/servlet/trsolicitudot HTTP/1.1" 200 23180
186.67.172.234 - - [19/Mar/2019:11:23:04 -0300] "GET /cormun/servlet/solicitudot?d26350eedd1ada48b2410004e79b1a96c430b69e6dd0531af10bbfa3043c07d5501fd475bc474b87c71a37bb6c7184e2,gx-no-cache=1553005162011 HTTP/1.1" 200 30
190.171.141.114 - - [19/Mar/2019:11:23:14 -0300] "POST /cormun/servlet/hlogin?c5f2270761d04bb2089643475cbcda75,gx-no-cache=1553005178372 HTTP/1.1" 200 423
190.171.141.114 - - [19/Mar/2019:11:23:26 -0300] "POST /cormun/servlet/hlogin?c5f2270761d04bb2089643475cbcda75,gx-no-cache=1553005190213 HTTP/1.1" 200 90
190.171.141.114 - - [19/Mar/2019:11:23:26 -0300] "GET /cormun/servlet/hpexe_link HTTP/1.1" 200 948
190.171.141.114 - - [19/Mar/2019:11:23:26 -0300] "GET /cormun/servlet/hhome HTTP/1.1" 200 4052
190.171.141.114 - - [19/Mar/2019:11:23:27 -0300] "GET /cormun/static/hmpwkw03.js?20189613443875 HTTP/1.1" 304 -
190.171.141.114 - - [19/Mar/2019:11:23:28 -0300] "GET /cormun/servlet/hhome HTTP/1.1" 200 4047
200.54.107.2 - - [19/Mar/2019:11:23:46 -0300] "GET /cormun/servlet/solicitudot?INS,0,0, HTTP/1.1" 200 15088
200.54.107.2 - - [19/Mar/2019:11:23:46 -0300] "GET /cormun/servlet/solicitudot?INS,0,0, HTTP/1.1" 200 15093
190.171.152.114 - - [19/Mar/2019:11:24:04 -0300] "GET /cormun/servlet/solicitudotadjuntos?d68432e868db7c04c9700dee4982e1784bf86accf1eeab8192291a4556901697,gx-no-cache=1553005225507 HTTP/1.1" 200 30
190.171.152.114 - - [19/Mar/2019:11:24:04 -0300] "GET /cormun/servlet/solicitudotadjuntos?d68432e868db7c04c9700dee4982e1784bf86accf1eeab8192291a4556901697,gx-no-cache=1553005225724 HTTP/1.1" 200 30
190.171.152.114 - - [19/Mar/2019:11:24:04 -0300] "POST /cormun/servlet/solicitudotadjuntos?1489b134a99e375eb12ac0a88c6e007e,INS,2019,14777,,2, HTTP/1.1" 200 116
190.171.152.114 - - [19/Mar/2019:11:24:04 -0300] "GET /cormun/servlet/hpexe_return? HTTP/1.1" 200 1025
190.171.152.114 - - [19/Mar/2019:11:24:05 -0300] "GET /cormun/servlet/trsolicitudadjuntos?2019,14777, HTTP/1.1" 200 10239
190.171.152.114 - - [19/Mar/2019:11:24:12 -0300] "GET /cormun/servlet/trsolicitudot? HTTP/1.1" 200 9556
186.67.172.234 - - [19/Mar/2019:11:24:18 -0300] "GET /cormun/static/Resources/resize.gif HTTP/1.1" 200 77
186.67.172.234 - - [19/Mar/2019:11:24:19 -0300] "GET /cormun/servlet/prbanco?,MD,,gxPopupLevel%3D0%3B HTTP/1.1" 200 6731
186.67.172.234 - - [19/Mar/2019:11:24:19 -0300] "GET /cormun/static/gxcfg.js?20181161016094 HTTP/1.1" 200 953
186.67.172.234 - - [19/Mar/2019:11:24:19 -0300] "GET /cormun/static/Resources/PXToolsMenuSearch.png HTTP/1.1" 200 2914
186.67.172.234 - - [19/Mar/2019:11:24:19 -0300] "GET /cormun/static/Resources/PXToolsMenuSearchCancel.png HTTP/1.1" 200 2972
186.67.172.234 - - [19/Mar/2019:11:24:19 -0300] "GET /cormun/static/menusearch.js?201610171694467 HTTP/1.1" 200 1424
186.67.172.234 - - [19/Mar/2019:11:24:19 -0300] "GET /cormun/static/hmpwkw011.js?20177612121862 HTTP/1.1" 200 1968
186.67.172.234 - - [19/Mar/2019:11:24:19 -0300] "GET /cormun/static/prbanco.js?2018116101633 HTTP/1.1" 200 10693
186.67.172.234 - - [19/Mar/2019:11:24:27 -0300] "GET /cormun/servlet/solicitudot?d26350eedd1ada48b2410004e79b1a96bd6c72aaf01be9abe5f89a8c2285641efd22cc0f05e0c0bf64b50b07e5ff94f566cdcb6e5f91aba72763bdd9a37ad813,gx-no-cache=1553005245076 HTTP/1.1" 200 30
186.67.172.234 - - [19/Mar/2019:11:24:33 -0300] "GET /cormun/servlet/solicitudot?d26350eedd1ada48b2410004e79b1a96fa4756c822698f0cfaf82911977f3ae2,gx-no-cache=1553005250372 HTTP/1.1" 200 53
186.67.172.234 - - [19/Mar/2019:11:24:56 -0300] "POST /cormun/servlet/solicitudot?gx-no-cache=1553005274065 HTTP/1.1" 200 255
186.67.172.234 - - [19/Mar/2019:11:24:56 -0300] "GET /cormun/servlet/solicitudot?d26350eedd1ada48b2410004e79b1a965739c3fe4c1ec5866b8a41925e0677a6d4a141e0f4d4bbf29b73b3f26f4d720e97a426363ccfa04f9d8f230c6fc56415356ee4fcfdf3fe0ef1d33b4b0460582f3e82fde8a594e30264a7099cdb39a4c346fc1274c7224bf84490b4eee27917cfeec1f79f478f17080e0e696df31a16505ec750937b7db1625de242e5b95314b85d8ea51f6efddced1899d7c74c15064e35de3429730115977e2b6517cb1b66e7ce95f57a3b8588d66e41e2535545f1a1083d1c2418bd4e8de1f4c4f62fb87d9fab473c7251df00f9c46ec3a453402870bff70977d8d6a90d7302cb7112397ae14af9693489d5acd683d921efb03e8d7a99772db6fdcb80a80ab61db0aab37b2a96c4e8edd60149e2cfcd7432f10c1120ba141d8917081bdc9e063f2762ce7083ff0228e4825fb9f1e6b565956352419cb97d9c247145058f62534316486b087381fa66c56795e1e63fee83a139ead11e31ef632faf9601ae849bb5c4cbb389df5c166ef5f8b78fdde449b1097170c61b,gx-no-cache=1553005274190 HTTP/1.1" 200 30
186.103.159.188 - - [19/Mar/2019:11:24:58 -0300] "GET /cormun/servlet/hlogin HTTP/1.1" 200 1716
186.103.159.188 - - [19/Mar/2019:11:24:58 -0300] "GET /cormun/static/gxcfg.js?20177612122725 HTTP/1.1" 304 -
186.67.172.234 - - [19/Mar/2019:11:24:59 -0300] "POST /cormun/servlet/solicitudot?gx-no-cache=1553005276663 HTTP/1.1" 200 30
186.67.172.234 - - [19/Mar/2019:11:25:05 -0300] "POST /cormun/servlet/solicitudot?gx-no-cache=1553005282801 HTTP/1.1" 200 1289
186.67.172.234 - - [19/Mar/2019:11:25:05 -0300] "POST /cormun/servlet/solicitudot?gx-no-cache=1553005282878 HTTP/1.1" 200 38
186.67.172.234 - - [19/Mar/2019:11:25:05 -0300] "GET /cormun/servlet/solicitudot?d26350eedd1ada48b2410004e79b1a96aad501a9b7b361d902f7081604d24fd3bfdffc6947bf095edfacc92ab3f3f09ff698350dbfa0d2b105809de534fe51284354bb8e1cf3a0fa87ae4ced913f6ba06678402fb093f022ea5975e8f2096364c43b48f4cf5571c1a0e001eac137426c,gx-no-cache=1553005282911 HTTP/1.1" 200 110
200.54.107.2 - - [19/Mar/2019:11:25:24 -0300] "POST /cormun/servlet/solicitudot?gx-no-cache=1553005304779 HTTP/1.1" 200 3571
200.54.107.2 - - [19/Mar/2019:11:25:24 -0300] "POST /cormun/servlet/solicitudot?9f5a2d6c5f0e2d855f41fc47ec184f57,INS,0,0,,gx-no-cache=1553005305030 HTTP/1.1" 200 11941
200.54.107.2 - - [19/Mar/2019:11:25:26 -0300] "POST /cormun/servlet/solicitudot?9f5a2d6c5f0e2d855f41fc47ec184f57,INS,0,0,,gx-no-cache=1553005306532 HTTP/1.1" 200 12281
200.54.107.2 - - [19/Mar/2019:11:25:26 -0300] "GET /cormun/static/Shared/jqueryui/images/ui-bg_highlight-soft_100_c6c2c8_1x100.png HTTP/1.1" 404 1117
200.54.107.2 - - [19/Mar/2019:11:25:26 -0300] "GET /cormun/static/Shared/jqueryui/images/ui-icons_82798d_256x240.png HTTP/1.1" 404 1089
200.54.107.2 - - [19/Mar/2019:11:25:26 -0300] "GET /cormun/static/Shared/jqueryui/images/ui-bg_flat_55_994d53_40x100.png HTTP/1.1" 404 1097
200.54.107.2 - - [19/Mar/2019:11:25:26 -0300] "GET /cormun/static/Shared/jqueryui/images/ui-icons_ebccce_256x240.png HTTP/1.1" 404 1089
200.54.107.2 - - [19/Mar/2019:11:25:35 -0300] "GET /cormun/servlet/solicitudot?08d47aff4059a0b14ca294c61322ed782c206240cadce3c73b613959b55874e1ac22f307ed58cf678bb3a25cbc6e03ff,gx-no-cache=1553005315579 HTTP/1.1" 200 30
200.54.107.2 - - [19/Mar/2019:11:25:35 -0300] "GET /cormun/servlet/solicitudot?08d47aff4059a0b14ca294c61322ed786510266f4596ce7a8d56ba3a25aef4571313df6b6c4637f9fd65319770ea515d1c17ecbe51786df4bb36657c5fa572e7,gx-no-cache=1553005315644 HTTP/1.1" 200 30
200.54.107.2 - - [19/Mar/2019:11:25:35 -0300] "GET /cormun/servlet/solicitudot?08d47aff4059a0b14ca294c61322ed783216c1f30e3979ea5a66d93c328b67b4967c2f3d1a2badd6c11996b08b2c8435cff46de67c4040c90f00e71229c68f9ac22d6fcb9af61fb9ea6900a051a42f0b03088688452212dd2b591c95c92e87cee5fd5e2d5ca9dbd7a1ebb813f718aaf7,gx-no-cache=1553005315720 HTTP/1.1" 200 60
200.54.107.2 - - [19/Mar/2019:11:25:35 -0300] "POST /cormun/servlet/solicitudot?gx-no-cache=1553005315799 HTTP/1.1" 200 256
