186.79.91.52 - - [18/Mar/2019:11:44:37 -0300] "POST /cormun/servlet/prfichaempleado?5359cd70bea11adbc547716174014760,,MD,,gxPopupLevel%3D0%3B,gx-no-cache=1552920058498 HTTP/1.1" 200 3491
186.79.91.52 - - [18/Mar/2019:11:44:45 -0300] "GET /cormun/servlet/prlicenciaspermisos?14153113,L,,MD,,gxPopupLevel%3D0%3B HTTP/1.1" 200 7769
186.79.91.52 - - [18/Mar/2019:11:44:49 -0300] "POST /cormun/servlet/solicitudot?gx-no-cache=1552920070435 HTTP/1.1" 200 1288
186.79.91.52 - - [18/Mar/2019:11:44:55 -0300] "POST /cormun/servlet/solicitudot?gx-no-cache=1552920076782 HTTP/1.1" 200 41
186.79.91.52 - - [18/Mar/2019:11:44:55 -0300] "GET /cormun/servlet/solicitudot?1f9d013639a0431d923bfbc21c006b1924c935006be80d7eed544885b14f5a0a740e15fed619d2732b8cec67cd408f32d539eb636b8218f24ae0f9131b12929fa31d99e9b087619f39ea68e18a65ff9b7511e6b108db08947f157de002d76de810a9559790741b003619ada8aa3ec4d2,gx-no-cache=1552920076897 HTTP/1.1" 200 110
186.79.91.52 - - [18/Mar/2019:11:44:55 -0300] "POST /cormun/servlet/solicitudot?gx-no-cache=1552920076969 HTTP/1.1" 200 110
186.103.159.186 - - [18/Mar/2019:11:44:55 -0300] "POST /cormun/servlet/trsolicitudot?c1e49eee27b14ffced126f5d476a4c97,gx-no-cache=1552920076598 HTTP/1.1" 200 106
186.103.159.186 - - [18/Mar/2019:11:44:56 -0300] "GET /cormun/servlet/solicitudot?UPD,2019,14749, HTTP/1.1" 200 15437
186.103.159.186 - - [18/Mar/2019:11:44:57 -0300] "GET /cormun/servlet/solicitudot?UPD,2019,14749, HTTP/1.1" 200 15445
186.103.159.186 - - [18/Mar/2019:11:44:58 -0300] "POST /cormun/servlet/solicitudot?gx-no-cache=1552920078990 HTTP/1.1" 200 3563
186.103.159.186 - - [18/Mar/2019:11:44:58 -0300] "POST /cormun/servlet/solicitudot?c1e49eee27b14ffced126f5d476a4c97,UPD,2019,14749,,gx-no-cache=1552920079340 HTTP/1.1" 200 11818
186.103.159.186 - - [18/Mar/2019:11:44:58 -0300] "GET /cormun/servlet/solicitudot?4cd21cdeefb5e594240fd6889c83dcf2a65061b69cb665756c721b1df3c42ca374e16a6687693678f9a068ea42915b4b,gx-no-cache=1552920079683 HTTP/1.1" 200 30
186.103.159.186 - - [18/Mar/2019:11:44:59 -0300] "GET /cormun/servlet/solicitudot?4cd21cdeefb5e594240fd6889c83dcf25e4fb26fe0339d7e215b9534091e0a37d4a4318953c660bcb5c6e4d7c250d5d1c46cdbdef4a9a87b3afb318f23ffba27,gx-no-cache=1552920079751 HTTP/1.1" 200 30
186.103.159.186 - - [18/Mar/2019:11:44:59 -0300] "GET /cormun/servlet/solicitudot?4cd21cdeefb5e594240fd6889c83dcf2f5479df115f7889ed663da708be73cff0a22978e43a230b9ef51aae25c50ff6367a6767418cc65d867cb446ce2fcb645,gx-no-cache=1552920079845 HTTP/1.1" 200 53
186.103.159.186 - - [18/Mar/2019:11:44:59 -0300] "POST /cormun/servlet/solicitudot?gx-no-cache=1552920079957 HTTP/1.1" 200 256
186.103.159.186 - - [18/Mar/2019:11:44:59 -0300] "GET /cormun/servlet/solicitudot?4cd21cdeefb5e594240fd6889c83dcf2b540dcb1d61943853173206b15801b1a73ed633b5591fd719af2a9000653582cb294dbd2ae2b43749d7b3cf6321ef266e63385f0ce2e7699033d9a1c5b097a7cb5cd187401e4986e3b511bb8cf362a904e27f625267e723d4c854d946d9af96fc4dbf54448a56fe44c955df3ecca2d55a3dcab6755c8d2f380700da045e819329cad7efecdaf5a6ce51e4727e2377da10fb8e4e26338bcdaab1c6cad8542e7309603db96879fdba4caaf890985a755449b4873aca036964f27bed85b7a32ae3bc2b8e71049633dc4cfdf5cda2b2d150bb0022c225e39cab9f8b0de0ee47a827ca51eb6be4bab97642442d7620642dff5044a4f12e76e44fdddf5f0e0d0503667f578727a3e86b93d531b7e5ac980f5a34fcb4715667f31007b5add5b5b51e29ba52440fbff0a037ac5df710f369b77de2628924de74ab04fc2fd72da2ead32d94a3ab650daa693c395cd0030345b22eae069e61e0d277cd967c7988b65d53ef7404437d177907559875d1639df75ac6f,gx-no-cache=1552920080096 HTTP/1.1" 200 30
186.103.159.186 - - [18/Mar/2019:11:44:59 -0300] "POST /cormun/servlet/solicitudot?gx-no-cache=1552920080432 HTTP/1.1" 200 30
186.103.159.186 - - [18/Mar/2019:11:44:59 -0300] "POST /cormun/servlet/solicitudot?gx-no-cache=1552920080490 HTTP/1.1" 200 1289
186.103.159.186 - - [18/Mar/2019:11:44:59 -0300] "POST /cormun/servlet/solicitudot?gx-no-cache=1552920080564 HTTP/1.1" 200 40
186.79.91.52 - - [18/Mar/2019:11:45:13 -0300] "GET /cormun/static/menuarrow.gif HTTP/1.1" 404 1015
186.103.156.166 - - [18/Mar/2019:11:45:26 -0300] "GET /cormun/servlet/trsolicitudot? HTTP/1.1" 200 9618
186.103.156.166 - - [18/Mar/2019:11:45:26 -0300] "GET /cormun/servlet/trsolicitudot? HTTP/1.1" 200 9612
186.103.159.186 - - [18/Mar/2019:11:45:29 -0300] "POST /cormun/servlet/solicitudot?c1e49eee27b14ffced126f5d476a4c97,UPD,2019,14749,,gx-no-cache=1552920110703 HTTP/1.1" 200 93
186.103.159.186 - - [18/Mar/2019:11:45:30 -0300] "GET /cormun/servlet/hpexe_return? HTTP/1.1" 200 1015
186.103.159.186 - - [18/Mar/2019:11:45:30 -0300] "GET /cormun/servlet/trsolicitudot HTTP/1.1" 200 8624
186.103.159.186 - - [18/Mar/2019:11:45:31 -0300] "GET /cormun/servlet/trsolicitudot HTTP/1.1" 200 8620
186.79.91.52 - - [18/Mar/2019:11:45:42 -0300] "GET /cormun/servlet/prsolicitudot?11380970,,,,,MD,,gxPopupLevel%3D0%3B HTTP/1.1" 200 6057
186.79.91.52 - - [18/Mar/2019:11:45:46 -0300] "GET /cormun/servlet/solicitudot?1f9d013639a0431d923bfbc21c006b193787095c88f3bc30e8f6c7dbce149e914f581d1fd3c2d771c1b493a1f0c6a99c,gx-no-cache=1552920127785 HTTP/1.1" 200 30
186.79.91.52 - - [18/Mar/2019:11:45:49 -0300] "GET /cormun/servlet/prcontratosol?11380970,,,,,MD,,gxPopupLevel%3D0%3B HTTP/1.1" 200 7639
186.79.91.52 - - [18/Mar/2019:11:45:55 -0300] "GET /cormun/servlet/prpersonalsolicitud?11380970,,,,,MD,,gxPopupLevel%3D0%3B HTTP/1.1" 200 5762
186.79.91.52 - - [18/Mar/2019:11:45:55 -0300] "GET /cormun/static/gxcfg.js?20175251253686 HTTP/1.1" 200 953
186.79.91.52 - - [18/Mar/2019:11:45:55 -0300] "GET /cormun/static/prpersonalsolicitud.js?20175251253921 HTTP/1.1" 200 13873
186.103.159.186 - - [18/Mar/2019:11:46:18 -0300] "GET /cormun/servlet/solicitudot?INS,0,0, HTTP/1.1" 200 14869
186.103.159.186 - - [18/Mar/2019:11:46:19 -0300] "GET /cormun/servlet/solicitudot?INS,0,0, HTTP/1.1" 200 14873
186.103.159.186 - - [18/Mar/2019:11:46:31 -0300] "POST /cormun/servlet/solicitudot?gx-no-cache=1552920170660 HTTP/1.1" 200 3557
186.103.159.186 - - [18/Mar/2019:11:46:31 -0300] "POST /cormun/servlet/solicitudot?c1e49eee27b14ffced126f5d476a4c97,INS,0,0,,gx-no-cache=1552920172107 HTTP/1.1" 200 11725
186.103.159.186 - - [18/Mar/2019:11:46:38 -0300] "GET /cormun/servlet/prbanco?,MD,,gxPopupLevel%3D0%3B HTTP/1.1" 200 6601
186.103.159.186 - - [18/Mar/2019:11:46:38 -0300] "GET /cormun/static/gxcfg.js?20181161016094 HTTP/1.1" 200 953
186.103.159.186 - - [18/Mar/2019:11:46:38 -0300] "GET /cormun/static/prbanco.js?2018116101633 HTTP/1.1" 200 10693
186.67.164.138 - - [18/Mar/2019:11:46:53 -0300] "GET /cormun/servlet/hlogin HTTP/1.1" 200 1720
186.67.164.138 - - [18/Mar/2019:11:46:53 -0300] "GET /cormun/static/gxcfg.js?20177612122725 HTTP/1.1" 304 -
186.67.164.138 - - [18/Mar/2019:11:46:53 -0300] "GET /cormun/servlet/hlogin HTTP/1.1" 200 1731
186.67.164.138 - - [18/Mar/2019:11:46:54 -0300] "GET /favicon.ico HTTP/1.1" 200 21630
186.67.164.138 - - [18/Mar/2019:11:46:59 -0300] "POST /cormun/servlet/hlogin?d1cd8483087021a33e8dfd3c3add220b,gx-no-cache=1552920199791 HTTP/1.1" 200 90
186.67.164.138 - - [18/Mar/2019:11:46:59 -0300] "GET /cormun/servlet/hpexe_link HTTP/1.1" 200 950
186.67.164.138 - - [18/Mar/2019:11:46:59 -0300] "GET /cormun/static/gxcfg.js?20177612121792 HTTP/1.1" 304 -
186.67.164.138 - - [18/Mar/2019:11:46:59 -0300] "GET /cormun/servlet/hhome HTTP/1.1" 200 4047
186.67.164.138 - - [18/Mar/2019:11:46:59 -0300] "GET /cormun/static/gxcfg.js?20175251212442 HTTP/1.1" 304 -
192.168.10.89 - - [18/Mar/2019:11:47:00 -0300] "GET /cormun/servlet/hlogin HTTP/1.1" 200 1719
186.67.164.138 - - [18/Mar/2019:11:47:00 -0300] "GET /cormun/servlet/hhome HTTP/1.1" 200 4043
192.168.10.89 - - [18/Mar/2019:11:47:06 -0300] "POST /cormun/servlet/hlogin?b16a253e741c16c1a3f47d7decb72a51,gx-no-cache=1552927230840 HTTP/1.1" 200 90
192.168.10.89 - - [18/Mar/2019:11:47:06 -0300] "GET /cormun/servlet/hpexe_link HTTP/1.1" 200 951
192.168.10.89 - - [18/Mar/2019:11:47:06 -0300] "GET /cormun/servlet/hhome HTTP/1.1" 200 4987
192.168.10.89 - - [18/Mar/2019:11:47:11 -0300] "GET /cormun/servlet/trsolicitudgral? HTTP/1.1" 200 28643
186.103.159.186 - - [18/Mar/2019:11:47:17 -0300] "GET /cormun/servlet/solicitudot?4cd21cdeefb5e594240fd6889c83dcf281f48bdd172e2ad0c60040aed3011e9381dbbf524ef23c56d79d9aa2900ab83c,gx-no-cache=1552920218645 HTTP/1.1" 200 30
186.103.159.186 - - [18/Mar/2019:11:47:17 -0300] "GET /cormun/servlet/solicitudot?4cd21cdeefb5e594240fd6889c83dcf2b37a598607d0d5d00f3d2b710234a0ad204bde4ff529e29886a2800bbb877b527b2980bd53eb7a3ffa2e36ea12996ea5,gx-no-cache=1552920218727 HTTP/1.1" 200 30
186.103.159.186 - - [18/Mar/2019:11:47:24 -0300] "GET /cormun/servlet/solicitudot?4cd21cdeefb5e594240fd6889c83dcf2211b7e7dd014d3efc9d630ebcf038c3e,gx-no-cache=1552920224798 HTTP/1.1" 200 60
186.103.159.186 - - [18/Mar/2019:11:47:39 -0300] "POST /cormun/servlet/solicitudot?gx-no-cache=1552920239749 HTTP/1.1" 200 255
186.103.159.186 - - [18/Mar/2019:11:47:39 -0300] "GET /cormun/servlet/solicitudot?4cd21cdeefb5e594240fd6889c83dcf2b540dcb1d61943853173206b15801b1a73ed633b5591fd719af2a9000653582cb294dbd2ae2b43749d7b3cf6321ef266e63385f0ce2e7699033d9a1c5b097a7cb5cd187401e4986e3b511bb8cf362a904e27f625267e723d4c854d946d9af96fc4dbf54448a56fe44c955df3ecca2d55a3dcab6755c8d2f380700da045e819329cad7efecdaf5a6ce51e4727e2377da10fb8e4e26338bcdaab1c6cad8542e7309603db96879fdba4caaf890985a755449b4873aca036964f27bed85b7a32ae3bc2b8e71049633dc4cfdf5cda2b2d150bb0022c225e39cab9f8b0de0ee47a827ca51eb6be4bab97642442d7620642dff5044a4f12e76e44fdddf5f0e0d0503667f578727a3e86b93d531b7e5ac980f5a34fcb4715667f31007b5add5b5b51e29ba52440fbff0a037ac5df710f369b77de2628924de74ab04fc2fd72da2ead32d94a3ab650daa693c395cd0030345b22eae069e61e0d277cd967c7988b65d53ef7fde985e2829ea15dffb69df7051a671b,gx-no-cache=1552920239870 HTTP/1.1" 200 30
186.103.159.186 - - [18/Mar/2019:11:47:41 -0300] "POST /cormun/servlet/solicitudot?gx-no-cache=1552920242583 HTTP/1.1" 200 30
186.103.159.186 - - [18/Mar/2019:11:47:44 -0300] "POST /cormun/servlet/solicitudot?gx-no-cache=1552920244904 HTTP/1.1" 200 1288
186.103.159.186 - - [18/Mar/2019:11:47:44 -0300] "POST /cormun/servlet/solicitudot?gx-no-cache=1552920245010 HTTP/1.1" 200 38
186.103.159.186 - - [18/Mar/2019:11:47:44 -0300] "GET /cormun/servlet/solicitudot?4cd21cdeefb5e594240fd6889c83dcf265ea8d535936b51bd69fd19ca1674c06fa2b8ff0ce0716a96bfe7e63cf7ece86baea895b21b786b853a21a808d760e87b61e7c02d86ff9fdf0856098672ac959b523238db5986002d18dca83a29a7d6600b7e21d8542b0d966828b829c65fc7a,gx-no-cache=1552920245103 HTTP/1.1" 200 110
186.103.159.186 - - [18/Mar/2019:11:47:47 -0300] "POST /cormun/servlet/solicitudot?gx-no-cache=1552920248364 HTTP/1.1" 200 72
186.103.159.186 - - [18/Mar/2019:11:47:52 -0300] "GET /cormun/servlet/solicitudot?4cd21cdeefb5e594240fd6889c83dcf297b68a637e3be3b7f1dffc721e576662572ed2167641ab16e181054a88aeb6f77c9fcaf592ddd80a113c61acd292fd677778e12fb558ab0facb5cb8eae3b60950c21a1b4301aad7bdc732b91625ff8541729d187390f7f7d53d61c8a1c53f231e0cb8ed0a2ff68a7020118878940e173ebeb716d11e7c3424c616ff529ac56c71c8e8e4661ce5eeaef6d01975ca590b791a4f69d8c793557fdf565e99083f44be1e4b6ab90376fc3432800d064e450fc8266961079249c08a1e0e9ebaf8aa16a,gx-no-cache=1552920253545 HTTP/1.1" 200 29
186.103.159.186 - - [18/Mar/2019:11:47:54 -0300] "GET /cormun/static/menuarrow.gif HTTP/1.1" 404 1015
186.103.159.186 - - [18/Mar/2019:11:47:59 -0300] "GET /cormun/servlet/solicitudot?4cd21cdeefb5e594240fd6889c83dcf2cf7c845c377f8074e37383b982d21a0e403c805b04555b758e0d180a9205ec45,gx-no-cache=1552920260557 HTTP/1.1" 200 30
186.103.159.186 - - [18/Mar/2019:11:48:09 -0300] "POST /cormun/servlet/solicitudot?gx-no-cache=1552920270525 HTTP/1.1" 200 30
192.168.10.89 - - [18/Mar/2019:11:48:15 -0300] "POST /cormun/servlet/trsolicitudgral?b16a253e741c16c1a3f47d7decb72a51,,gx-no-cache=1552927299174 HTTP/1.1" 200 8213
186.67.164.138 - - [18/Mar/2019:11:48:17 -0300] "GET /cormun/servlet/trlicencias? HTTP/1.1" 200 8956
186.67.164.138 - - [18/Mar/2019:11:48:18 -0300] "GET /cormun/static/gxcfg.js?20176272054169 HTTP/1.1" 304 -
186.67.164.138 - - [18/Mar/2019:11:48:19 -0300] "GET /cormun/servlet/trlicencias? HTTP/1.1" 200 8954
192.168.10.89 - - [18/Mar/2019:11:48:21 -0300] "GET /cormun/servlet/vesolicitudgral?2017,7664,, HTTP/1.1" 200 9502
192.168.10.89 - - [18/Mar/2019:11:48:21 -0300] "GET /cormun/pexe_scrolldiv.js HTTP/1.1" 404 1009
192.168.10.89 - - [18/Mar/2019:11:48:23 -0300] "GET /cormun/servlet/vesolicitudgral?2017,7664,,SolicitudOTAdjuntos HTTP/1.1" 200 8274
192.168.10.89 - - [18/Mar/2019:11:48:23 -0300] "GET /cormun/pexe_scrolldiv.js HTTP/1.1" 404 1009
192.168.10.89 - - [18/Mar/2019:11:48:25 -0300] "POST /cormun/servlet/acontrolpreferencessavestate?None,CDROGUETT,true HTTP/1.1" 200 35
192.168.10.89 - - [18/Mar/2019:11:48:26 -0300] "POST /cormun/servlet/vesolicitudgral?b16a253e741c16c1a3f47d7decb72a51,2017,7664,,SolicitudOTAdjuntos,gx-no-cache=1552927310438 HTTP/1.1" 200 90
192.168.10.89 - - [18/Mar/2019:11:48:26 -0300] "GET /cormun/servlet/hpexe_link HTTP/1.1" 200 978
192.168.10.89 - - [18/Mar/2019:11:48:26 -0300] "GET /cormun/servlet/trsolicitudgral? HTTP/1.1" 200 11745
192.168.10.89 - - [18/Mar/2019:11:48:33 -0300] "GET /cormun/static/menuarrow.gif HTTP/1.1" 404 1015
192.168.10.89 - - [18/Mar/2019:11:48:42 -0300] "POST /cormun/servlet/trsolicitudgral?b16a253e741c16c1a3f47d7decb72a51,,gx-no-cache=1552927326232 HTTP/1.1" 200 9517
192.168.10.89 - - [18/Mar/2019:11:48:47 -0300] "GET /cormun/servlet/vesolicitudgral?2017,7443,, HTTP/1.1" 200 9489
192.168.10.89 - - [18/Mar/2019:11:48:47 -0300] "GET /cormun/pexe_scrolldiv.js HTTP/1.1" 404 1009
192.168.10.89 - - [18/Mar/2019:11:48:50 -0300] "GET /cormun/servlet/vesolicitudgral?2017,7443,,SolicitudOTAdjuntos HTTP/1.1" 200 11742
192.168.10.89 - - [18/Mar/2019:11:48:50 -0300] "GET /cormun/pexe_scrolldiv.js HTTP/1.1" 404 1009
192.168.10.89 - - [18/Mar/2019:11:48:52 -0300] "POST /cormun/servlet/acontrolpreferencessavestate?None,CDROGUETT,true HTTP/1.1" 200 35
192.168.10.89 - - [18/Mar/2019:11:48:53 -0300] "GET /cormun/PublicTempStorage/curriculum952714.pdf HTTP/1.1" 200 302703
186.103.159.186 - - [18/Mar/2019:11:49:01 -0300] "POST /cormun/servlet/solicitudot?c1e49eee27b14ffced126f5d476a4c97,INS,0,0,,gx-no-cache=1552920321980 HTTP/1.1" 200 93
186.103.159.186 - - [18/Mar/2019:11:49:01 -0300] "GET /cormun/servlet/hpexe_return? HTTP/1.1" 200 1009
186.103.159.186 - - [18/Mar/2019:11:49:01 -0300] "GET /cormun/servlet/trsolicitudot HTTP/1.1" 200 9077
186.103.159.186 - - [18/Mar/2019:11:49:03 -0300] "GET /cormun/servlet/trsolicitudot HTTP/1.1" 200 9073
192.168.10.89 - - [18/Mar/2019:11:49:11 -0300] "GET /cormun/servlet/vesolicitudgral?2017,7443,,SolicitudOTAdjuntos HTTP/1.1" 200 11742
192.168.10.89 - - [18/Mar/2019:11:49:11 -0300] "GET /cormun/pexe_scrolldiv.js HTTP/1.1" 404 1009
192.168.10.89 - - [18/Mar/2019:11:49:13 -0300] "POST /cormun/servlet/acontrolpreferencessavestate?None,CDROGUETT,true HTTP/1.1" 200 35
186.103.159.186 - - [18/Mar/2019:11:49:13 -0300] "POST /cormun/servlet/trsolicitudot?c1e49eee27b14ffced126f5d476a4c97,gx-no-cache=1552920334569 HTTP/1.1" 200 107
186.103.159.186 - - [18/Mar/2019:11:49:14 -0300] "GET /cormun/servlet/trsolicitudadjuntos?2019,14752, HTTP/1.1" 200 6132
186.103.159.186 - - [18/Mar/2019:11:49:14 -0300] "GET /cormun/static/gxcfg.js?20177612135366 HTTP/1.1" 200 953
186.103.159.186 - - [18/Mar/2019:11:49:14 -0300] "GET /cormun/static/trsolicitudadjuntos.js?20177612135632 HTTP/1.1" 200 17922
192.168.10.89 - - [18/Mar/2019:11:49:14 -0300] "GET /cormun/PublicTempStorage/titulo7137891.pdf HTTP/1.1" 200 267319
186.103.159.186 - - [18/Mar/2019:11:49:15 -0300] "GET /cormun/servlet/trsolicitudadjuntos?2019,14752, HTTP/1.1" 200 6132
192.168.10.89 - - [18/Mar/2019:11:49:23 -0300] "GET /cormun/servlet/vesolicitudgral?2017,7443,,SolicitudOTAdjuntos HTTP/1.1" 200 11745
192.168.10.89 - - [18/Mar/2019:11:49:23 -0300] "GET /cormun/pexe_scrolldiv.js HTTP/1.1" 404 1009
200.111.191.210 - - [18/Mar/2019:11:49:23 -0300] "GET /cormun/servlet/trpermisosgoce? HTTP/1.1" 200 6121
200.111.191.210 - - [18/Mar/2019:11:49:24 -0300] "GET /cormun/servlet/hlogin HTTP/1.1" 200 1743
200.111.191.210 - - [18/Mar/2019:11:49:24 -0300] "GET /cormun/servlet/trpermisosgoce? HTTP/1.1" 200 6121
192.168.10.89 - - [18/Mar/2019:11:49:25 -0300] "POST /cormun/servlet/acontrolpreferencessavestate?None,CDROGUETT,true HTTP/1.1" 200 35
192.168.10.89 - - [18/Mar/2019:11:49:25 -0300] "GET /cormun/PublicTempStorage/afp1178857.pdf HTTP/1.1" 200 232203
200.111.191.210 - - [18/Mar/2019:11:49:28 -0300] "POST /cormun/servlet/hlogin?a870b2e4acb111dcdf7cb0b74199e6d9,gx-no-cache=1552920400902 HTTP/1.1" 200 90
200.111.191.210 - - [18/Mar/2019:11:49:28 -0300] "GET /cormun/servlet/hpexe_link HTTP/1.1" 200 960
200.111.191.210 - - [18/Mar/2019:11:49:28 -0300] "GET /cormun/servlet/trpermisosgoce HTTP/1.1" 200 9956
200.111.191.210 - - [18/Mar/2019:11:49:28 -0300] "GET /cormun/servlet/trpermisosgoce HTTP/1.1" 200 9954
200.111.191.210 - - [18/Mar/2019:11:49:30 -0300] "GET /cormun/servlet/permisogoce?INS,0,,, HTTP/1.1" 200 6871
200.111.191.210 - - [18/Mar/2019:11:49:30 -0300] "GET /cormun/servlet/permisogoce?INS,0,,, HTTP/1.1" 200 6871
192.168.10.89 - - [18/Mar/2019:11:49:33 -0300] "GET /cormun/servlet/vesolicitudgral?2017,7443,,SolicitudOTAdjuntos HTTP/1.1" 200 11744
192.168.10.89 - - [18/Mar/2019:11:49:33 -0300] "GET /cormun/pexe_scrolldiv.js HTTP/1.1" 404 1009
192.168.10.89 - - [18/Mar/2019:11:49:35 -0300] "POST /cormun/servlet/acontrolpreferencessavestate?None,CDROGUETT,true HTTP/1.1" 200 35
192.168.10.89 - - [18/Mar/2019:11:49:36 -0300] "GET /cormun/PublicTempStorage/fonasa6362791.pdf HTTP/1.1" 200 203595
200.111.191.210 - - [18/Mar/2019:11:49:37 -0300] "GET /cormun/servlet/permisogoce?99d3042cf1757fdae96a92c4ea0c2caef99ebcd0afb5e3557fc46a630a8742afddae51345da7dcdac02932daf845e97b8830b07997d0c93e3e9e5859f6894ed7,gx-no-cache=1552920410487 HTTP/1.1" 200 80
186.103.159.186 - - [18/Mar/2019:11:49:40 -0300] "GET /cormun/servlet/solicitudotadjuntos?INS,2019,14752,,1, HTTP/1.1" 200 6077
186.103.159.186 - - [18/Mar/2019:11:49:40 -0300] "GET /cormun/static/gxcfg.js?2017761244068 HTTP/1.1" 200 953
186.103.159.186 - - [18/Mar/2019:11:49:40 -0300] "GET /cormun/static/solicitudotadjuntos.js?2017761244086 HTTP/1.1" 200 11771
186.103.159.186 - - [18/Mar/2019:11:49:41 -0300] "GET /cormun/static/about:blank HTTP/1.1" 404 1011
186.103.159.186 - - [18/Mar/2019:11:49:41 -0300] "GET /cormun/servlet/solicitudotadjuntos?INS,2019,14752,,1, HTTP/1.1" 200 6068
186.103.159.186 - - [18/Mar/2019:11:49:41 -0300] "GET /cormun/servlet/solicitudotadjuntos?4cd21cdeefb5e594240fd6889c83dcf24e7f8dd87edd0acb7e912c4bfef6029c89515beef64e01e36306338e8b3d9f9b,gx-no-cache=1552920362701 HTTP/1.1" 200 30
186.103.159.186 - - [18/Mar/2019:11:49:42 -0300] "POST /cormun/servlet/solicitudotadjuntos?c1e49eee27b14ffced126f5d476a4c97,INS,2019,14752,,1,,gx-no-cache=1552920362747 HTTP/1.1" 200 3889
192.168.10.89 - - [18/Mar/2019:11:49:45 -0300] "GET /cormun/servlet/vesolicitudgral?2017,7443,,SolicitudOTAdjuntos HTTP/1.1" 200 11741
192.168.10.89 - - [18/Mar/2019:11:49:45 -0300] "GET /cormun/pexe_scrolldiv.js HTTP/1.1" 404 1009
200.111.191.210 - - [18/Mar/2019:11:49:45 -0300] "GET /cormun/servlet/permisogoce?99d3042cf1757fdae96a92c4ea0c2cae2552e3608386e4205ab150a672907e9749f44856cd7089cb7e82ab680244dc243fde4ca2a586b3e60145a5bba0130c8e,gx-no-cache=1552920418095 HTTP/1.1" 200 47
192.168.10.89 - - [18/Mar/2019:11:49:46 -0300] "POST /cormun/servlet/acontrolpreferencessavestate?None,CDROGUETT,true HTTP/1.1" 200 35
192.168.10.89 - - [18/Mar/2019:11:49:47 -0300] "GET /cormun/PublicTempStorage/antecedentes1509198.pdf HTTP/1.1" 200 381972
192.168.10.89 - - [18/Mar/2019:11:49:54 -0300] "GET /cormun/servlet/vesolicitudgral?2017,7443,,SolicitudOTAdjuntos HTTP/1.1" 200 11740
192.168.10.89 - - [18/Mar/2019:11:49:54 -0300] "GET /cormun/pexe_scrolldiv.js HTTP/1.1" 404 1009
192.168.10.89 - - [18/Mar/2019:11:49:55 -0300] "POST /cormun/servlet/acontrolpreferencessavestate?None,CDROGUETT,true HTTP/1.1" 200 35
192.168.10.89 - - [18/Mar/2019:11:49:57 -0300] "GET /cormun/PublicTempStorage/curriculum42548.pdf HTTP/1.1" 200 302703
192.168.10.89 - - [18/Mar/2019:11:50:01 -0300] "GET /cormun/servlet/vesolicitudgral?2017,7443,,SolicitudOTAdjuntos HTTP/1.1" 200 11742
192.168.10.89 - - [18/Mar/2019:11:50:01 -0300] "GET /cormun/pexe_scrolldiv.js HTTP/1.1" 404 1009
192.168.10.89 - - [18/Mar/2019:11:50:03 -0300] "POST /cormun/servlet/acontrolpreferencessavestate?None,CDROGUETT,true HTTP/1.1" 200 35
192.168.10.89 - - [18/Mar/2019:11:50:04 -0300] "GET /cormun/PublicTempStorage/ced.ident.1296982.pdf HTTP/1.1" 200 211335
186.67.164.138 - - [18/Mar/2019:11:50:06 -0300] "GET /cormun/servlet/licenciaspermisos?INS,0,,, HTTP/1.1" 200 7576
200.111.191.210 - - [18/Mar/2019:11:50:06 -0300] "POST /cormun/servlet/permisogoce?a870b2e4acb111dcdf7cb0b74199e6d9,INS,0,,,,gx-no-cache=1552920438704 HTTP/1.1" 200 93
200.111.191.210 - - [18/Mar/2019:11:50:06 -0300] "GET /cormun/servlet/hpexe_return? HTTP/1.1" 200 1015
200.111.191.210 - - [18/Mar/2019:11:50:06 -0300] "GET /cormun/servlet/trpermisosgoce HTTP/1.1" 200 10200
200.111.191.210 - - [18/Mar/2019:11:50:06 -0300] "GET /cormun/servlet/trpermisosgoce HTTP/1.1" 200 10193
186.67.164.138 - - [18/Mar/2019:11:50:07 -0300] "GET /cormun/servlet/licenciaspermisos?INS,0,,, HTTP/1.1" 200 7584
186.103.156.166 - - [18/Mar/2019:11:50:07 -0300] "GET /cormun/servlet/solicitudot?INS,0,0, HTTP/1.1" 200 15121
186.103.156.166 - - [18/Mar/2019:11:50:08 -0300] "GET /cormun/servlet/solicitudot?INS,0,0, HTTP/1.1" 200 15126
200.111.191.210 - - [18/Mar/2019:11:50:10 -0300] "GET /cormun/servlet/apermisogoceprn?13720790,P,20190318134254,PU HTTP/1.1" 200 1650
186.103.156.166 - - [18/Mar/2019:11:50:13 -0300] "POST /cormun/servlet/solicitudot?gx-no-cache=1552920394376 HTTP/1.1" 200 3508
186.103.156.166 - - [18/Mar/2019:11:50:13 -0300] "GET /cormun/static/Shared/jqueryui/images/ui-bg_highlight-soft_100_c6c2c8_1x100.png HTTP/1.1" 404 1117
186.103.156.166 - - [18/Mar/2019:11:50:13 -0300] "GET /cormun/static/Shared/jqueryui/images/ui-icons_82798d_256x240.png HTTP/1.1" 404 1089
186.103.156.166 - - [18/Mar/2019:11:50:13 -0300] "GET /cormun/static/Shared/jqueryui/images/ui-bg_flat_55_994d53_40x100.png HTTP/1.1" 404 1097
186.103.156.166 - - [18/Mar/2019:11:50:13 -0300] "GET /cormun/static/Shared/jqueryui/images/ui-icons_ebccce_256x240.png HTTP/1.1" 404 1089
186.67.164.138 - - [18/Mar/2019:11:50:14 -0300] "GET /cormun/servlet/licenciaspermisos?e55fe5e62efc7e0c6fb5f3a01b9cb8dcf451dfc71366d81b710e7614f30aac11a98eb41bdab39c8c216ec709e525ee09,gx-no-cache=1552920394694 HTTP/1.1" 200 105
186.67.164.138 - - [18/Mar/2019:11:50:14 -0300] "POST /cormun/servlet/licenciaspermisos?d1cd8483087021a33e8dfd3c3add220b,INS,0,,,,gx-no-cache=1552920394750 HTTP/1.1" 200 4763
186.103.156.166 - - [18/Mar/2019:11:50:17 -0300] "GET /cormun/servlet/prfichaempleado?,MD,,gxPopupLevel%3D0%3B HTTP/1.1" 200 9371
186.103.159.186 - - [18/Mar/2019:11:50:19 -0300] "POST /cormun/servlet/solicitudotadjuntos?gx-no-cache=1552920399830 HTTP/1.1" 200 26
186.103.156.166 - - [18/Mar/2019:11:50:26 -0300] "POST /cormun/servlet/prfichaempleado?5d468c92f3b9ae3aa64bff6fe2ac6e50,,MD,,gxPopupLevel%3D0%3B,gx-no-cache=1552920406691 HTTP/1.1" 200 3411
71.6.232.4 - - [18/Mar/2019:11:50:31 -0300] "GET / HTTP/1.1" 200 11217
190.171.152.138 - - [18/Mar/2019:11:50:33 -0300] "GET /cormun/servlet/trpermisosadjuntos?7723184,20190318133635,P, HTTP/1.1" 200 6269
190.171.152.138 - - [18/Mar/2019:11:50:34 -0300] "GET /cormun/servlet/trpermisosadjuntos?7723184,20190318133635,P, HTTP/1.1" 200 6268
190.171.152.138 - - [18/Mar/2019:11:50:37 -0300] "GET /cormun/servlet/permisosadjuntos?INS,7723184,P,20190318133635,, HTTP/1.1" 200 5595
190.171.152.138 - - [18/Mar/2019:11:50:37 -0300] "GET /cormun/static/about:blank HTTP/1.1" 404 1011
190.171.152.138 - - [18/Mar/2019:11:50:38 -0300] "GET /cormun/servlet/permisosadjuntos?INS,7723184,P,20190318133635,, HTTP/1.1" 200 5585
186.67.164.138 - - [18/Mar/2019:11:50:39 -0300] "GET /cormun/static/menuarrow.gif HTTP/1.1" 404 1015
192.168.10.89 - - [18/Mar/2019:11:50:48 -0300] "GET /cormun/servlet/vesolicitudgral?2017,7443,,SolicitudOTAdjuntos HTTP/1.1" 200 11742
192.168.10.89 - - [18/Mar/2019:11:50:48 -0300] "GET /cormun/pexe_scrolldiv.js HTTP/1.1" 404 1009
186.103.156.166 - - [18/Mar/2019:11:50:49 -0300] "POST /cormun/servlet/solicitudot?gx-no-cache=1552920429166 HTTP/1.1" 200 3588
186.103.156.166 - - [18/Mar/2019:11:50:49 -0300] "POST /cormun/servlet/solicitudot?5d468c92f3b9ae3aa64bff6fe2ac6e50,INS,0,0,,gx-no-cache=1552920429675 HTTP/1.1" 200 11953
192.168.10.89 - - [18/Mar/2019:11:50:50 -0300] "POST /cormun/servlet/acontrolpreferencessavestate?None,CDROGUETT,true HTTP/1.1" 200 35
192.168.10.89 - - [18/Mar/2019:11:50:51 -0300] "GET /cormun/servlet/hlogin HTTP/1.1" 200 1754
186.103.156.166 - - [18/Mar/2019:11:50:51 -0300] "GET /cormun/servlet/solicitudot?4430d1b76e6e5cd18552d1b6bbe909ab56a91dc3dce55f27bce962c95eb327873900334e2c97747eb5fbe45cd9027920,gx-no-cache=1552920432404 HTTP/1.1" 200 30
186.103.156.166 - - [18/Mar/2019:11:50:51 -0300] "GET /cormun/servlet/solicitudot?4430d1b76e6e5cd18552d1b6bbe909abbefda9a312b1a9af9b6c630989cf971601b119b0275c76eee1e24319d18133b13acda303d55f4222ae1facec50aec85e,gx-no-cache=1552920432493 HTTP/1.1" 200 30
186.103.156.166 - - [18/Mar/2019:11:50:52 -0300] "GET /cormun/servlet/solicitudot?4430d1b76e6e5cd18552d1b6bbe909abb05a4d0bb531f09dccf88e4b2986b4f0,gx-no-cache=1552920432566 HTTP/1.1" 200 51
186.103.156.166 - - [18/Mar/2019:11:50:52 -0300] "POST /cormun/servlet/solicitudot?gx-no-cache=1552920432641 HTTP/1.1" 200 255
186.103.156.166 - - [18/Mar/2019:11:50:52 -0300] "GET /cormun/servlet/solicitudot?4430d1b76e6e5cd18552d1b6bbe909abc12f08092c6b43a3a7e69704ef8db20000530c9ada4a6a2399b6521d6687f25626423b59983bde0b64a18682b6d249e458c532b62982bdd6240114eb4aa310659f6d1bd2e3cfd6ac5f8816b3589d33fdc8c17a2c99f3b471d58e9c23e12dcc0f29d03ff0f9a47cf682ddf9e20a981e145c1664073386539eedc60383e37838f108b0988d009d110080f396769b754342c57d71756b31867c6cc6d086274c09617136980d1762004ab915c77bc74d60cfc58af7fe3a1ada609d2bcf2d448a5e17fb8d5e0257d7d09c18c5be0e2c4b38ee2479271f92f039570c0e7b9406837c967c9e8d3e2d7f368057d351b639ad274f4e09f336289a19da5f0dda9bcf7bf419aef66d8455afe4ca134eafb24afce3daa8d830e86c2c8632364ed88ce8841719d23f7c82de2de2190dd8f300dba5f00cf6d6e13ae82e5b8343ffcd3a7158772146e3477f9be2e3d11b9ab6d72d8af39acb1983ce22382f1924a37fbcc6b35babc5b93420b9c2f9fd3889350c46049f1b,gx-no-cache=1552920432706 HTTP/1.1" 200 30
186.103.156.166 - - [18/Mar/2019:11:50:55 -0300] "POST /cormun/servlet/solicitudot?gx-no-cache=1552920435742 HTTP/1.1" 200 30
186.103.156.166 - - [18/Mar/2019:11:51:01 -0300] "POST /cormun/servlet/solicitudot?gx-no-cache=1552920441854 HTTP/1.1" 200 1290
186.103.156.166 - - [18/Mar/2019:11:51:01 -0300] "POST /cormun/servlet/solicitudot?gx-no-cache=1552920442007 HTTP/1.1" 200 38
186.103.156.166 - - [18/Mar/2019:11:51:12 -0300] "GET /cormun/servlet/solicitudot?4430d1b76e6e5cd18552d1b6bbe909abb0e1a97973636ebdcba146dee97361977b5cf9fa7ee3877ce1b62d4c1c666f2031655b7d8264dc1a98e4c865de98dac7f6b13bd487aaddc45fa117037ef8bff0035a444c1e9c68a8081f4377b2f90d2c74f9ee00a64cc3b6f4a5d7753627da62,gx-no-cache=1552920453405 HTTP/1.1" 200 110
186.103.159.186 - - [18/Mar/2019:11:51:25 -0300] "GET /cormun/servlet/solicitudotadjuntos?4cd21cdeefb5e594240fd6889c83dcf20bee38c32385f7309ae960408730647f,gx-no-cache=1552920466679 HTTP/1.1" 200 30
186.103.159.186 - - [18/Mar/2019:11:51:25 -0300] "GET /cormun/servlet/solicitudotadjuntos?4cd21cdeefb5e594240fd6889c83dcf20bee38c32385f7309ae960408730647f,gx-no-cache=1552920466714 HTTP/1.1" 200 30
186.103.159.186 - - [18/Mar/2019:11:51:29 -0300] "POST /cormun/servlet/solicitudotadjuntos?c1e49eee27b14ffced126f5d476a4c97,INS,2019,14752,,1, HTTP/1.1" 200 116
186.103.159.186 - - [18/Mar/2019:11:51:30 -0300] "GET /cormun/servlet/hpexe_return? HTTP/1.1" 200 1027
186.103.159.186 - - [18/Mar/2019:11:51:30 -0300] "GET /cormun/servlet/trsolicitudadjuntos?2019,14752, HTTP/1.1" 200 8707
186.103.159.186 - - [18/Mar/2019:11:51:32 -0300] "GET /cormun/servlet/trsolicitudadjuntos?2019,14752, HTTP/1.1" 200 8703
186.103.159.186 - - [18/Mar/2019:11:51:35 -0300] "GET /cormun/servlet/solicitudotadjuntos?INS,2019,14752,,1, HTTP/1.1" 200 6077
186.103.159.186 - - [18/Mar/2019:11:51:35 -0300] "GET /cormun/static/about:blank HTTP/1.1" 404 1011
186.103.159.186 - - [18/Mar/2019:11:51:36 -0300] "GET /cormun/servlet/solicitudotadjuntos?INS,2019,14752,,1, HTTP/1.1" 200 6068
186.103.159.186 - - [18/Mar/2019:11:51:37 -0300] "GET /cormun/servlet/solicitudotadjuntos?4cd21cdeefb5e594240fd6889c83dcf24e7f8dd87edd0acb7e912c4bfef6029c89515beef64e01e36306338e8b3d9f9b,gx-no-cache=1552920477822 HTTP/1.1" 200 30
186.103.159.186 - - [18/Mar/2019:11:51:37 -0300] "POST /cormun/servlet/solicitudotadjuntos?c1e49eee27b14ffced126f5d476a4c97,INS,2019,14752,,1,,gx-no-cache=1552920477867 HTTP/1.1" 200 3889
186.103.159.186 - - [18/Mar/2019:11:51:39 -0300] "POST /cormun/servlet/solicitudotadjuntos?gx-no-cache=1552920480616 HTTP/1.1" 200 26
186.103.159.186 - - [18/Mar/2019:11:51:53 -0300] "GET /cormun/servlet/solicitudotadjuntos?4cd21cdeefb5e594240fd6889c83dcf20bee38c32385f7309ae960408730647f,gx-no-cache=1552920494030 HTTP/1.1" 200 30
186.103.159.186 - - [18/Mar/2019:11:51:53 -0300] "GET /cormun/servlet/solicitudotadjuntos?4cd21cdeefb5e594240fd6889c83dcf20bee38c32385f7309ae960408730647f,gx-no-cache=1552920494053 HTTP/1.1" 200 30
186.103.159.186 - - [18/Mar/2019:11:51:57 -0300] "POST /cormun/servlet/solicitudotadjuntos?c1e49eee27b14ffced126f5d476a4c97,INS,2019,14752,,1, HTTP/1.1" 200 116
186.103.159.186 - - [18/Mar/2019:11:51:57 -0300] "GET /cormun/servlet/hpexe_return? HTTP/1.1" 200 1027
186.103.159.186 - - [18/Mar/2019:11:51:58 -0300] "GET /cormun/servlet/trsolicitudadjuntos?2019,14752, HTTP/1.1" 200 8926
186.103.159.186 - - [18/Mar/2019:11:51:59 -0300] "GET /cormun/servlet/trsolicitudadjuntos?2019,14752, HTTP/1.1" 200 8925
186.103.159.186 - - [18/Mar/2019:11:52:03 -0300] "GET /cormun/servlet/solicitudotadjuntos?INS,2019,14752,,1, HTTP/1.1" 200 6077
186.103.159.186 - - [18/Mar/2019:11:52:03 -0300] "GET /cormun/static/about:blank HTTP/1.1" 404 1011
186.103.159.186 - - [18/Mar/2019:11:52:04 -0300] "GET /cormun/servlet/solicitudotadjuntos?INS,2019,14752,,1, HTTP/1.1" 200 6068
186.103.159.186 - - [18/Mar/2019:11:52:05 -0300] "GET /cormun/servlet/solicitudotadjuntos?4cd21cdeefb5e594240fd6889c83dcf24e7f8dd87edd0acb7e912c4bfef6029c89515beef64e01e36306338e8b3d9f9b,gx-no-cache=1552920506040 HTTP/1.1" 200 30
186.103.159.186 - - [18/Mar/2019:11:52:05 -0300] "POST /cormun/servlet/solicitudotadjuntos?c1e49eee27b14ffced126f5d476a4c97,INS,2019,14752,,1,,gx-no-cache=1552920506077 HTTP/1.1" 200 3889
186.103.156.166 - - [18/Mar/2019:11:52:05 -0300] "POST /cormun/servlet/solicitudot?gx-no-cache=1552920506175 HTTP/1.1" 200 97
186.103.159.186 - - [18/Mar/2019:11:52:09 -0300] "POST /cormun/servlet/solicitudotadjuntos?gx-no-cache=1552920510646 HTTP/1.1" 200 26
186.103.156.166 - - [18/Mar/2019:11:52:20 -0300] "GET /cormun/servlet/solicitudot?4430d1b76e6e5cd18552d1b6bbe909abe03fdd07d370f0284b7b2e3018030681e4ef199f34da3b340f1d9bea3bcc0e1c737b1d0946b3d4cac97d17c976ed5e86563b399d657afa8b3af917721bd336123d540d45c6d8c8512dedf7547e3bbcc94a49d94ab93ec9faef8376f8f05613c09dbc6b271c2c1c8840e13f80b6e8d0fa72a80e19fe86362c2f5566d9377c66ea9365feca3eb68d5d562c9b84136f58f8,gx-no-cache=1552920521031 HTTP/1.1" 200 29
186.103.156.166 - - [18/Mar/2019:11:52:23 -0300] "GET /cormun/static/menuarrow.gif HTTP/1.1" 404 1015
186.103.159.186 - - [18/Mar/2019:11:52:24 -0300] "GET /cormun/servlet/solicitudotadjuntos?4cd21cdeefb5e594240fd6889c83dcf20bee38c32385f7309ae960408730647f,gx-no-cache=1552920525082 HTTP/1.1" 200 30
186.103.159.186 - - [18/Mar/2019:11:52:24 -0300] "GET /cormun/servlet/solicitudotadjuntos?4cd21cdeefb5e594240fd6889c83dcf20bee38c32385f7309ae960408730647f,gx-no-cache=1552920525157 HTTP/1.1" 200 30
186.103.156.166 - - [18/Mar/2019:11:52:29 -0300] "GET /cormun/servlet/solicitudot?4430d1b76e6e5cd18552d1b6bbe909abab2f198ad4775e1161545239d3b24674eaa2bb64fa6b80c039a73560c7312666,gx-no-cache=1552920530103 HTTP/1.1" 200 30
186.103.156.166 - - [18/Mar/2019:11:52:39 -0300] "POST /cormun/servlet/solicitudot?gx-no-cache=1552920539581 HTTP/1.1" 200 30
186.103.159.186 - - [18/Mar/2019:11:52:58 -0300] "POST /cormun/servlet/solicitudotadjuntos?c1e49eee27b14ffced126f5d476a4c97,INS,2019,14752,,1, HTTP/1.1" 200 6768
186.103.156.166 - - [18/Mar/2019:11:52:59 -0300] "POST /cormun/servlet/solicitudot?5d468c92f3b9ae3aa64bff6fe2ac6e50,INS,0,0,,gx-no-cache=1552920559350 HTTP/1.1" 200 93
186.103.156.166 - - [18/Mar/2019:11:52:59 -0300] "GET /cormun/servlet/hpexe_return? HTTP/1.1" 200 1003
186.103.156.166 - - [18/Mar/2019:11:52:59 -0300] "GET /cormun/servlet/trsolicitudot HTTP/1.1" 200 9958
186.103.156.166 - - [18/Mar/2019:11:53:00 -0300] "GET /cormun/servlet/trsolicitudot HTTP/1.1" 200 9953
186.103.156.166 - - [18/Mar/2019:11:53:06 -0300] "GET /cormun/servlet/solicitudot?INS,0,0, HTTP/1.1" 200 15121
186.103.156.166 - - [18/Mar/2019:11:53:07 -0300] "GET /cormun/servlet/solicitudot?INS,0,0, HTTP/1.1" 200 15126
186.103.156.166 - - [18/Mar/2019:11:53:10 -0300] "GET /cormun/servlet/prfichaempleado?,MD,,gxPopupLevel%3D0%3B HTTP/1.1" 200 9371
190.171.152.138 - - [18/Mar/2019:11:53:31 -0300] "POST /cormun/servlet/permisosadjuntos?e03e4f97e862c030c5ce17f40a2adcda,INS,7723184,P,20190318133635,, HTTP/1.1" 200 116
190.171.152.138 - - [18/Mar/2019:11:53:31 -0300] "GET /cormun/servlet/hpexe_return? HTTP/1.1" 200 1041
190.171.152.138 - - [18/Mar/2019:11:53:31 -0300] "GET /cormun/servlet/trpermisosadjuntos?7723184,20190318133635,P, HTTP/1.1" 200 6740
190.171.152.138 - - [18/Mar/2019:11:53:32 -0300] "GET /cormun/servlet/trpermisosadjuntos?7723184,20190318133635,P, HTTP/1.1" 200 6737
186.103.156.166 - - [18/Mar/2019:11:53:36 -0300] "POST /cormun/servlet/prfichaempleado?5d468c92f3b9ae3aa64bff6fe2ac6e50,,MD,,gxPopupLevel%3D0%3B,gx-no-cache=1552920597151 HTTP/1.1" 200 3468
190.171.152.138 - - [18/Mar/2019:11:53:41 -0300] "POST /cormun/servlet/trpermisosadjuntos?e03e4f97e862c030c5ce17f40a2adcda,7723184,20190318133635,P,,gx-no-cache=1552924200168 HTTP/1.1" 200 90
190.171.152.138 - - [18/Mar/2019:11:53:41 -0300] "GET /cormun/servlet/hpexe_link HTTP/1.1" 200 986
190.171.152.138 - - [18/Mar/2019:11:53:41 -0300] "GET /cormun/servlet/trpermisosgoce HTTP/1.1" 200 8763
190.171.152.138 - - [18/Mar/2019:11:53:42 -0300] "GET /cormun/servlet/trpermisosgoce HTTP/1.1" 200 8762
186.103.156.166 - - [18/Mar/2019:11:53:43 -0300] "POST /cormun/servlet/solicitudot?gx-no-cache=1552920603800 HTTP/1.1" 200 3562
186.103.156.166 - - [18/Mar/2019:11:53:43 -0300] "POST /cormun/servlet/solicitudot?5d468c92f3b9ae3aa64bff6fe2ac6e50,INS,0,0,,gx-no-cache=1552920604036 HTTP/1.1" 200 11929
186.103.159.186 - - [18/Mar/2019:11:53:44 -0300] "POST /cormun/servlet/solicitudotadjuntos?c1e49eee27b14ffced126f5d476a4c97,INS,2019,14752,,1,,gx-no-cache=1552920604940 HTTP/1.1" 200 90
186.103.159.186 - - [18/Mar/2019:11:53:44 -0300] "GET /cormun/servlet/hpexe_link HTTP/1.1" 200 981
186.103.159.186 - - [18/Mar/2019:11:53:44 -0300] "GET /cormun/servlet/trsolicitudadjuntos?2019,14752, HTTP/1.1" 200 8924
186.103.156.166 - - [18/Mar/2019:11:53:45 -0300] "GET /cormun/servlet/solicitudot?4430d1b76e6e5cd18552d1b6bbe909ab78526b556d2f6c3f3b57eaf4d720d79955acd3d3d75dbfa7b692382472fe33e1,gx-no-cache=1552920606181 HTTP/1.1" 200 30
186.103.156.166 - - [18/Mar/2019:11:53:45 -0300] "GET /cormun/servlet/solicitudot?4430d1b76e6e5cd18552d1b6bbe909ab74197a9ac7a134b01d3f576a9f00bfa449ba1da3f975a7b5f80841a2ef02a6a7e0a3184c6bad8f3746195767c3c8ef27,gx-no-cache=1552920606230 HTTP/1.1" 200 30
186.103.156.166 - - [18/Mar/2019:11:53:45 -0300] "GET /cormun/servlet/solicitudot?4430d1b76e6e5cd18552d1b6bbe909abb05a4d0bb531f09dccf88e4b2986b4f0,gx-no-cache=1552920606257 HTTP/1.1" 200 51
186.103.156.166 - - [18/Mar/2019:11:53:45 -0300] "POST /cormun/servlet/solicitudot?gx-no-cache=1552920606290 HTTP/1.1" 200 255
186.103.156.166 - - [18/Mar/2019:11:53:46 -0300] "GET /cormun/servlet/solicitudot?4430d1b76e6e5cd18552d1b6bbe909abc12f08092c6b43a3a7e69704ef8db20000530c9ada4a6a2399b6521d6687f25626423b59983bde0b64a18682b6d249e458c532b62982bdd6240114eb4aa310659f6d1bd2e3cfd6ac5f8816b3589d33fdc8c17a2c99f3b471d58e9c23e12dcc0f29d03ff0f9a47cf682ddf9e20a981e145c1664073386539eedc60383e37838f108b0988d009d110080f396769b754342c57d71756b31867c6cc6d086274c09617136980d1762004ab915c77bc74d60cfc58af7fe3a1ada609d2bcf2d448a5e17fb8d5e0257d7d09c18c5be0e2c4b38ee2479271f92f039570c0e7b9406837c967c9e8d3e2d7f368057d351b639ad274f4e09f336289a19da5f0dda9bcf7bf419aef66d8455afe4ca134eafb24afce3daa8d830e86c2c8632364ed88ce8841719d23f7c82de2de2190dd8f300dba5f00cf6d6e13ae82e5b8343ffcd3a7158772146e3477f9be2e3d11b9ab6d72d8af39acb1983ce22382f1924a37fbcc6b35babc5b93420b9c2f9fd3889350c46049f1b,gx-no-cache=1552920606331 HTTP/1.1" 200 30
186.103.159.186 - - [18/Mar/2019:11:53:46 -0300] "GET /cormun/servlet/trsolicitudadjuntos?2019,14752, HTTP/1.1" 200 8923
186.103.159.186 - - [18/Mar/2019:11:53:50 -0300] "GET /cormun/servlet/solicitudotadjuntos?INS,2019,14752,,1, HTTP/1.1" 200 6077
186.103.159.186 - - [18/Mar/2019:11:53:51 -0300] "GET /cormun/static/about:blank HTTP/1.1" 404 1011
186.103.159.186 - - [18/Mar/2019:11:53:52 -0300] "GET /cormun/servlet/solicitudotadjuntos?INS,2019,14752,,1, HTTP/1.1" 200 6068
190.171.152.138 - - [18/Mar/2019:11:53:52 -0300] "POST /cormun/servlet/trpermisosgoce?e03e4f97e862c030c5ce17f40a2adcda,gx-no-cache=1552924210805 HTTP/1.1" 200 6003
190.171.152.138 - - [18/Mar/2019:11:53:52 -0300] "GET /cormun/static/Shared/jqueryui/images/ui-bg_highlight-soft_100_c6c2c8_1x100.png HTTP/1.1" 404 1117
186.103.159.186 - - [18/Mar/2019:11:53:52 -0300] "GET /cormun/servlet/solicitudotadjuntos?4cd21cdeefb5e594240fd6889c83dcf24e7f8dd87edd0acb7e912c4bfef6029c89515beef64e01e36306338e8b3d9f9b,gx-no-cache=1552920613323 HTTP/1.1" 200 30
190.171.152.138 - - [18/Mar/2019:11:53:52 -0300] "GET /cormun/static/Shared/jqueryui/images/ui-icons_82798d_256x240.png HTTP/1.1" 404 1089
190.171.152.138 - - [18/Mar/2019:11:53:52 -0300] "GET /cormun/static/Shared/jqueryui/images/ui-bg_flat_55_fafafa_40x100.png HTTP/1.1" 404 1097
190.171.152.138 - - [18/Mar/2019:11:53:52 -0300] "GET /cormun/static/Shared/jqueryui/images/ui-icons_8d78a5_256x240.png HTTP/1.1" 404 1089
186.103.159.186 - - [18/Mar/2019:11:53:53 -0300] "POST /cormun/servlet/solicitudotadjuntos?c1e49eee27b14ffced126f5d476a4c97,INS,2019,14752,,1,,gx-no-cache=1552920613384 HTTP/1.1" 200 3889
186.103.156.166 - - [18/Mar/2019:11:53:53 -0300] "POST /cormun/servlet/solicitudot?gx-no-cache=1552920614334 HTTP/1.1" 200 30
186.103.159.186 - - [18/Mar/2019:11:53:55 -0300] "POST /cormun/servlet/solicitudotadjuntos?gx-no-cache=1552920616291 HTTP/1.1" 200 26
186.103.156.166 - - [18/Mar/2019:11:54:00 -0300] "POST /cormun/servlet/solicitudot?gx-no-cache=1552920621209 HTTP/1.1" 200 1290
186.103.156.166 - - [18/Mar/2019:11:54:00 -0300] "POST /cormun/servlet/solicitudot?gx-no-cache=1552920621284 HTTP/1.1" 200 38
186.103.159.186 - - [18/Mar/2019:11:54:03 -0300] "GET /cormun/servlet/solicitudotadjuntos?4cd21cdeefb5e594240fd6889c83dcf20bee38c32385f7309ae960408730647f,gx-no-cache=1552920624356 HTTP/1.1" 200 30
186.103.159.186 - - [18/Mar/2019:11:54:03 -0300] "GET /cormun/servlet/solicitudotadjuntos?4cd21cdeefb5e594240fd6889c83dcf20bee38c32385f7309ae960408730647f,gx-no-cache=1552920624389 HTTP/1.1" 200 30
186.103.159.186 - - [18/Mar/2019:11:54:06 -0300] "POST /cormun/servlet/solicitudotadjuntos?c1e49eee27b14ffced126f5d476a4c97,INS,2019,14752,,1, HTTP/1.1" 200 116
186.103.159.186 - - [18/Mar/2019:11:54:06 -0300] "GET /cormun/servlet/hpexe_return? HTTP/1.1" 200 1027
186.103.159.186 - - [18/Mar/2019:11:54:07 -0300] "GET /cormun/servlet/trsolicitudadjuntos?2019,14752, HTTP/1.1" 200 9112
190.171.152.138 - - [18/Mar/2019:11:54:07 -0300] "GET /cormun/servlet/hlogin HTTP/1.1" 200 1744
186.103.159.186 - - [18/Mar/2019:11:54:08 -0300] "GET /cormun/servlet/trsolicitudadjuntos?2019,14752, HTTP/1.1" 200 9111
190.171.152.138 - - [18/Mar/2019:11:54:27 -0300] "POST /cormun/servlet/hlogin?e03e4f97e862c030c5ce17f40a2adcda,gx-no-cache=1552924246220 HTTP/1.1" 200 90
190.171.152.138 - - [18/Mar/2019:11:54:27 -0300] "GET /cormun/servlet/hpexe_link HTTP/1.1" 200 956
190.171.152.138 - - [18/Mar/2019:11:54:27 -0300] "GET /cormun/servlet/hhome HTTP/1.1" 200 4299
190.171.152.138 - - [18/Mar/2019:11:54:28 -0300] "GET /cormun/servlet/hhome HTTP/1.1" 200 4296
190.171.152.138 - - [18/Mar/2019:11:54:33 -0300] "GET /cormun/servlet/trautorizarpermisogoce? HTTP/1.1" 200 7967
190.171.152.138 - - [18/Mar/2019:11:54:33 -0300] "GET /cormun/servlet/trautorizarpermisogoce? HTTP/1.1" 200 7965
190.171.152.138 - - [18/Mar/2019:11:54:50 -0300] "POST /cormun/servlet/trautorizarpermisogoce?e03e4f97e862c030c5ce17f40a2adcda,,gx-no-cache=1552924268766 HTTP/1.1" 200 4429
190.171.152.138 - - [18/Mar/2019:11:54:50 -0300] "GET /cormun/static/Shared/jqueryui/images/ui-bg_highlight-soft_100_c6c2c8_1x100.png HTTP/1.1" 404 1117
190.171.152.138 - - [18/Mar/2019:11:54:50 -0300] "GET /cormun/static/Shared/jqueryui/images/ui-icons_82798d_256x240.png HTTP/1.1" 404 1089
190.171.152.138 - - [18/Mar/2019:11:54:50 -0300] "GET /cormun/static/Shared/jqueryui/images/ui-bg_flat_55_fafafa_40x100.png HTTP/1.1" 404 1097
190.171.152.138 - - [18/Mar/2019:11:54:50 -0300] "GET /cormun/static/Shared/jqueryui/images/ui-icons_8d78a5_256x240.png HTTP/1.1" 404 1089
186.103.156.166 - - [18/Mar/2019:11:55:00 -0300] "GET /cormun/servlet/solicitudot?4430d1b76e6e5cd18552d1b6bbe909abb0e1a97973636ebdcba146dee97361977b5cf9fa7ee3877ce1b62d4c1c666f2031655b7d8264dc1a98e4c865de98dac7f6b13bd487aaddc45fa117037ef8bff0035a444c1e9c68a8081f4377b2f90d2c74f9ee00a64cc3b6f4a5d7753627da62,gx-no-cache=1552920681076 HTTP/1.1" 200 110
190.171.152.138 - - [18/Mar/2019:11:55:05 -0300] "GET /cormun/servlet/hlogin HTTP/1.1" 200 1749
190.171.152.138 - - [18/Mar/2019:11:55:19 -0300] "POST /cormun/servlet/hlogin?e03e4f97e862c030c5ce17f40a2adcda,gx-no-cache=1552924298527 HTTP/1.1" 200 90
190.171.152.138 - - [18/Mar/2019:11:55:20 -0300] "GET /cormun/servlet/hpexe_link HTTP/1.1" 200 956
190.171.152.138 - - [18/Mar/2019:11:55:20 -0300] "GET /cormun/servlet/hhome HTTP/1.1" 200 3958
190.171.152.138 - - [18/Mar/2019:11:55:20 -0300] "GET /cormun/servlet/hhome HTTP/1.1" 200 3954
190.171.152.138 - - [18/Mar/2019:11:55:25 -0300] "GET /cormun/servlet/trpermisosgoce? HTTP/1.1" 200 8729
190.171.152.138 - - [18/Mar/2019:11:55:25 -0300] "GET /cormun/servlet/trpermisosgoce? HTTP/1.1" 200 8727
186.103.159.186 - - [18/Mar/2019:11:55:29 -0300] "GET /cormun/servlet/solicitudotadjuntos?INS,2019,14752,,1, HTTP/1.1" 200 6076
186.103.159.186 - - [18/Mar/2019:11:55:29 -0300] "GET /cormun/static/about:blank HTTP/1.1" 404 1011
186.103.159.186 - - [18/Mar/2019:11:55:30 -0300] "GET /cormun/servlet/solicitudotadjuntos?INS,2019,14752,,1, HTTP/1.1" 200 6067
186.103.159.186 - - [18/Mar/2019:11:55:31 -0300] "GET /cormun/servlet/solicitudotadjuntos?4cd21cdeefb5e594240fd6889c83dcf24e7f8dd87edd0acb7e912c4bfef6029c89515beef64e01e36306338e8b3d9f9b,gx-no-cache=1552920711848 HTTP/1.1" 200 30
186.103.159.186 - - [18/Mar/2019:11:55:31 -0300] "POST /cormun/servlet/solicitudotadjuntos?c1e49eee27b14ffced126f5d476a4c97,INS,2019,14752,,1,,gx-no-cache=1552920711899 HTTP/1.1" 200 3888
190.171.152.138 - - [18/Mar/2019:11:55:33 -0300] "GET /cormun/servlet/hlogin HTTP/1.1" 200 1744
186.103.159.186 - - [18/Mar/2019:11:55:49 -0300] "POST /cormun/servlet/solicitudotadjuntos?gx-no-cache=1552920730688 HTTP/1.1" 200 26
186.103.159.186 - - [18/Mar/2019:11:55:56 -0300] "GET /cormun/servlet/solicitudotadjuntos?4cd21cdeefb5e594240fd6889c83dcf20bee38c32385f7309ae960408730647f,gx-no-cache=1552920736873 HTTP/1.1" 200 30
186.103.159.186 - - [18/Mar/2019:11:55:56 -0300] "GET /cormun/servlet/solicitudotadjuntos?4cd21cdeefb5e594240fd6889c83dcf20bee38c32385f7309ae960408730647f,gx-no-cache=1552920736897 HTTP/1.1" 200 30
186.103.159.186 - - [18/Mar/2019:11:56:02 -0300] "POST /cormun/servlet/solicitudotadjuntos?c1e49eee27b14ffced126f5d476a4c97,INS,2019,14752,,1, HTTP/1.1" 200 116
186.103.159.186 - - [18/Mar/2019:11:56:02 -0300] "GET /cormun/servlet/hpexe_return? HTTP/1.1" 200 1027
186.103.159.186 - - [18/Mar/2019:11:56:02 -0300] "GET /cormun/servlet/trsolicitudadjuntos?2019,14752, HTTP/1.1" 200 9321
186.103.159.186 - - [18/Mar/2019:11:56:05 -0300] "GET /cormun/servlet/trsolicitudadjuntos?2019,14752, HTTP/1.1" 200 9324
186.103.159.186 - - [18/Mar/2019:11:56:07 -0300] "GET /cormun/servlet/solicitudotadjuntos?INS,2019,14752,,1, HTTP/1.1" 200 6077
186.103.159.186 - - [18/Mar/2019:11:56:07 -0300] "GET /cormun/static/about:blank HTTP/1.1" 404 1011
186.103.159.186 - - [18/Mar/2019:11:56:08 -0300] "GET /cormun/servlet/solicitudotadjuntos?INS,2019,14752,,1, HTTP/1.1" 200 6068
186.103.159.186 - - [18/Mar/2019:11:56:08 -0300] "GET /cormun/servlet/solicitudotadjuntos?4cd21cdeefb5e594240fd6889c83dcf24e7f8dd87edd0acb7e912c4bfef6029c89515beef64e01e36306338e8b3d9f9b,gx-no-cache=1552920749621 HTTP/1.1" 200 30
186.103.159.186 - - [18/Mar/2019:11:56:08 -0300] "POST /cormun/servlet/solicitudotadjuntos?c1e49eee27b14ffced126f5d476a4c97,INS,2019,14752,,1,,gx-no-cache=1552920749660 HTTP/1.1" 200 3888
186.103.159.186 - - [18/Mar/2019:11:56:26 -0300] "POST /cormun/servlet/solicitudotadjuntos?gx-no-cache=1552920766903 HTTP/1.1" 200 26
186.103.159.186 - - [18/Mar/2019:11:56:34 -0300] "GET /cormun/servlet/solicitudotadjuntos?4cd21cdeefb5e594240fd6889c83dcf20bee38c32385f7309ae960408730647f,gx-no-cache=1552920775488 HTTP/1.1" 200 30
186.103.159.186 - - [18/Mar/2019:11:56:34 -0300] "GET /cormun/servlet/solicitudotadjuntos?4cd21cdeefb5e594240fd6889c83dcf20bee38c32385f7309ae960408730647f,gx-no-cache=1552920775512 HTTP/1.1" 200 30
186.103.159.186 - - [18/Mar/2019:11:56:47 -0300] "POST /cormun/servlet/solicitudotadjuntos?c1e49eee27b14ffced126f5d476a4c97,INS,2019,14752,,1, HTTP/1.1" 200 116
186.103.159.186 - - [18/Mar/2019:11:56:47 -0300] "GET /cormun/servlet/hpexe_return? HTTP/1.1" 200 1027
186.103.159.186 - - [18/Mar/2019:11:56:48 -0300] "GET /cormun/servlet/trsolicitudadjuntos?2019,14752, HTTP/1.1" 200 9611
186.103.159.186 - - [18/Mar/2019:11:56:50 -0300] "GET /cormun/servlet/trsolicitudadjuntos?2019,14752, HTTP/1.1" 200 9610
186.103.156.166 - - [18/Mar/2019:11:56:52 -0300] "POST /cormun/servlet/solicitudot?gx-no-cache=1552920792515 HTTP/1.1" 200 97
186.103.156.166 - - [18/Mar/2019:11:56:56 -0300] "GET /cormun/servlet/solicitudot?4430d1b76e6e5cd18552d1b6bbe909abe03fdd07d370f0284b7b2e3018030681e4ef199f34da3b340f1d9bea3bcc0e1c737b1d0946b3d4cac97d17c976ed5e86563b399d657afa8b3af917721bd336123d540d45c6d8c8512dedf7547e3bbcc94a49d94ab93ec9faef8376f8f05613c09dbc6b271c2c1c8840e13f80b6e8d0fa72a80e19fe86362c2f5566d9377c66ea9365feca3eb68d5d562c9b84136f58f8,gx-no-cache=1552920797086 HTTP/1.1" 200 29
186.103.156.166 - - [18/Mar/2019:11:56:58 -0300] "GET /cormun/static/menuarrow.gif HTTP/1.1" 404 1015
186.103.156.166 - - [18/Mar/2019:11:57:00 -0300] "GET /cormun/servlet/solicitudot?4430d1b76e6e5cd18552d1b6bbe909abab2f198ad4775e1161545239d3b24674eaa2bb64fa6b80c039a73560c7312666,gx-no-cache=1552920801410 HTTP/1.1" 200 30
186.103.156.166 - - [18/Mar/2019:11:57:06 -0300] "POST /cormun/servlet/solicitudot?gx-no-cache=1552920806832 HTTP/1.1" 200 30
186.103.159.186 - - [18/Mar/2019:11:57:11 -0300] "GET /cormun/servlet/solicitudotadjuntos?INS,2019,14752,,1, HTTP/1.1" 200 6076
186.103.159.186 - - [18/Mar/2019:11:57:11 -0300] "GET /cormun/static/about:blank HTTP/1.1" 404 1011
186.103.159.186 - - [18/Mar/2019:11:57:12 -0300] "GET /cormun/servlet/solicitudotadjuntos?INS,2019,14752,,1, HTTP/1.1" 200 6069
186.103.159.186 - - [18/Mar/2019:11:57:12 -0300] "GET /cormun/servlet/solicitudotadjuntos?4cd21cdeefb5e594240fd6889c83dcf24e7f8dd87edd0acb7e912c4bfef6029c89515beef64e01e36306338e8b3d9f9b,gx-no-cache=1552920813503 HTTP/1.1" 200 30
186.103.159.186 - - [18/Mar/2019:11:57:12 -0300] "POST /cormun/servlet/solicitudotadjuntos?c1e49eee27b14ffced126f5d476a4c97,INS,2019,14752,,1,,gx-no-cache=1552920813548 HTTP/1.1" 200 3889
186.103.159.186 - - [18/Mar/2019:11:57:16 -0300] "POST /cormun/servlet/solicitudotadjuntos?gx-no-cache=1552920816819 HTTP/1.1" 200 26
186.103.156.166 - - [18/Mar/2019:11:57:18 -0300] "POST /cormun/servlet/solicitudot?5d468c92f3b9ae3aa64bff6fe2ac6e50,INS,0,0,,gx-no-cache=1552920818711 HTTP/1.1" 200 93
186.103.156.166 - - [18/Mar/2019:11:57:18 -0300] "GET /cormun/servlet/hpexe_return? HTTP/1.1" 200 1003
186.103.156.166 - - [18/Mar/2019:11:57:18 -0300] "GET /cormun/servlet/trsolicitudot HTTP/1.1" 200 10299
186.103.156.166 - - [18/Mar/2019:11:57:19 -0300] "GET /cormun/servlet/trsolicitudot HTTP/1.1" 200 10295
186.103.156.166 - - [18/Mar/2019:11:57:23 -0300] "GET /cormun/servlet/solicitudot?INS,0,0, HTTP/1.1" 200 15120
186.103.159.186 - - [18/Mar/2019:11:57:23 -0300] "GET /cormun/servlet/solicitudotadjuntos?4cd21cdeefb5e594240fd6889c83dcf20bee38c32385f7309ae960408730647f,gx-no-cache=1552920824625 HTTP/1.1" 200 30
186.103.159.186 - - [18/Mar/2019:11:57:23 -0300] "GET /cormun/servlet/solicitudotadjuntos?4cd21cdeefb5e594240fd6889c83dcf20bee38c32385f7309ae960408730647f,gx-no-cache=1552920824649 HTTP/1.1" 200 30
186.103.156.166 - - [18/Mar/2019:11:57:24 -0300] "GET /cormun/servlet/solicitudot?INS,0,0, HTTP/1.1" 200 15124
186.103.159.186 - - [18/Mar/2019:11:57:26 -0300] "POST /cormun/servlet/solicitudotadjuntos?c1e49eee27b14ffced126f5d476a4c97,INS,2019,14752,,1, HTTP/1.1" 200 116
186.103.159.186 - - [18/Mar/2019:11:57:26 -0300] "GET /cormun/servlet/hpexe_return? HTTP/1.1" 200 1027
186.103.156.166 - - [18/Mar/2019:11:57:27 -0300] "POST /cormun/servlet/solicitudot?gx-no-cache=1552920827921 HTTP/1.1" 200 3508
186.103.156.166 - - [18/Mar/2019:11:57:27 -0300] "GET /cormun/static/Shared/jqueryui/images/ui-bg_highlight-soft_100_c6c2c8_1x100.png HTTP/1.1" 404 1117
186.103.156.166 - - [18/Mar/2019:11:57:27 -0300] "GET /cormun/static/Shared/jqueryui/images/ui-icons_82798d_256x240.png HTTP/1.1" 404 1089
186.103.156.166 - - [18/Mar/2019:11:57:27 -0300] "GET /cormun/static/Shared/jqueryui/images/ui-bg_flat_55_994d53_40x100.png HTTP/1.1" 404 1097
