192.168.10.96 - - [18/Mar/2019:11:39:37 -0300] "GET /cormun/servlet/hhome HTTP/1.1" 200 4767
186.79.91.52 - - [18/Mar/2019:11:39:39 -0300] "GET /cormun/servlet/solicitudot?1f9d013639a0431d923bfbc21c006b198cd910ea72967b96787b6397b208942073db37b7509fe915c295514e6b715271b7858e5025630250155a203ff19aa439,gx-no-cache=1552919760417 HTTP/1.1" 200 30
186.79.91.52 - - [18/Mar/2019:11:39:39 -0300] "GET /cormun/servlet/solicitudot?1f9d013639a0431d923bfbc21c006b19d83a3ad1c8802c8f83a92b32ba26811b,gx-no-cache=1552919760584 HTTP/1.1" 200 51
186.79.91.52 - - [18/Mar/2019:11:39:39 -0300] "POST /cormun/servlet/solicitudot?gx-no-cache=1552919760741 HTTP/1.1" 200 255
186.79.91.52 - - [18/Mar/2019:11:39:39 -0300] "GET /cormun/servlet/solicitudot?1f9d013639a0431d923bfbc21c006b192b518e00cc1b0a3dee11155cbdb85b85e9de096fa8e2f77774455486d85a6def279e5a0eee342518d819cbcfd8cec9320f0a53ac8a6762f4535e453ae385a73634b5282cee4054e2769ea3ce2ef0d778d4e7f3a4efb71689e071fc7e685695e5e70b1f42247775c5aea936a8211917ecd56fe0e1cd95bbcbf69106ebe09302f182d9ab7b9881b389d480953d07e75115a99640b06bc86e695190d027b8dc767cc47f48e7d229d2846173c5c346e06778a2286e84e07f77b083526e4e8bc1aa4cf51e856211bd83af760bc6fce1b05d6b07f9964d4424d28908ac7ae8f796c7a9cdc07c230b99746896389420f6c37fa253d9daffb3233f2de886f44bfa60d167e3dc5e728e8dabd06c5299c676bdf84f2a07a412050047c7df6dbdeb41de7ce875bec8a36b254483de803755e2b45ebe3bad71a47109a5721a9d93810dcd9460fb563787485a9d52cc48ba6112ee1a5ea59a8537b121a51f2da70033844c1d1a7ab63f6d00076fa077619132141fbf3e,gx-no-cache=1552919760901 HTTP/1.1" 200 30
192.168.10.96 - - [18/Mar/2019:11:39:40 -0300] "GET /cormun/servlet/trsolicitudgral? HTTP/1.1" 200 28420
192.168.10.96 - - [18/Mar/2019:11:39:41 -0300] "GET /cormun/servlet/trsolicitudgral? HTTP/1.1" 200 28418
186.79.91.52 - - [18/Mar/2019:11:39:42 -0300] "POST /cormun/servlet/solicitudot?gx-no-cache=1552919763639 HTTP/1.1" 200 30
186.79.91.52 - - [18/Mar/2019:11:39:45 -0300] "GET /cormun/servlet/prsolicitudot?13572647,,,,,MD,,gxPopupLevel%3D0%3B HTTP/1.1" 200 6195
186.79.91.52 - - [18/Mar/2019:11:39:48 -0300] "POST /cormun/servlet/solicitudot?gx-no-cache=1552919769237 HTTP/1.1" 200 1289
186.79.91.52 - - [18/Mar/2019:11:39:48 -0300] "POST /cormun/servlet/solicitudot?gx-no-cache=1552919769475 HTTP/1.1" 200 38
186.79.91.52 - - [18/Mar/2019:11:39:48 -0300] "GET /cormun/servlet/solicitudot?1f9d013639a0431d923bfbc21c006b1924c935006be80d7eed544885b14f5a0a740e15fed619d2732b8cec67cd408f32d539eb636b8218f24ae0f9131b12929fa31d99e9b087619f39ea68e18a65ff9b7511e6b108db08947f157de002d76de810a9559790741b003619ada8aa3ec4d2,gx-no-cache=1552919769596 HTTP/1.1" 200 110
186.79.91.52 - - [18/Mar/2019:11:39:48 -0300] "POST /cormun/servlet/solicitudot?gx-no-cache=1552919769699 HTTP/1.1" 200 110
186.79.91.52 - - [18/Mar/2019:11:39:48 -0300] "GET /cormun/servlet/solicitudot?1f9d013639a0431d923bfbc21c006b19b299fb4dbe39e0d07efb4c8874213e0c3fd59a2ebaade49e08e33178cfa9821400eafd8e6d5e02614f753d7dc806fbb5c304d0938bb99cc7f25eb4bb30abe6c73490562f9e731d9c9f9b47ba707e1179fd939e12f27872f9c4eadf8c44f273603db0d78e9a1a03fd4506157522283e7e3df1bbe1589d4fe2e67f8832c0cb553865659ad1647359070c91fb0b6400dafe,gx-no-cache=1552919769941 HTTP/1.1" 200 29
186.79.91.52 - - [18/Mar/2019:11:39:48 -0300] "GET /cormun/servlet/solicitudot?1f9d013639a0431d923bfbc21c006b19dc9ab3dc98ce241f7d7b4ec6e9dd84e7e2931808334d3d7ca19f0394ca93c094,gx-no-cache=1552919770103 HTTP/1.1" 200 30
192.168.10.96 - - [18/Mar/2019:11:39:54 -0300] "POST /cormun/servlet/trsolicitudgral?24fce8b831c254ffe63d14a1d7bb6dea,,gx-no-cache=1552926798759 HTTP/1.1" 200 7327
186.103.159.186 - - [18/Mar/2019:11:40:00 -0300] "POST /cormun/servlet/solicitudot?gx-no-cache=1552919781347 HTTP/1.1" 200 79
186.103.156.166 - - [18/Mar/2019:11:40:04 -0300] "POST /cormun/servlet/solicitudot?gx-no-cache=1552919784427 HTTP/1.1" 200 3508
186.103.156.166 - - [18/Mar/2019:11:40:04 -0300] "GET /cormun/static/Shared/jqueryui/images/ui-bg_highlight-soft_100_c6c2c8_1x100.png HTTP/1.1" 404 1117
186.103.156.166 - - [18/Mar/2019:11:40:04 -0300] "GET /cormun/static/Shared/jqueryui/images/ui-icons_82798d_256x240.png HTTP/1.1" 404 1089
186.103.156.166 - - [18/Mar/2019:11:40:04 -0300] "GET /cormun/static/Shared/jqueryui/images/ui-bg_flat_55_994d53_40x100.png HTTP/1.1" 404 1097
186.103.156.166 - - [18/Mar/2019:11:40:04 -0300] "GET /cormun/static/Shared/jqueryui/images/ui-icons_ebccce_256x240.png HTTP/1.1" 404 1089
186.103.156.166 - - [18/Mar/2019:11:40:09 -0300] "GET /cormun/servlet/prfichaempleado?,MD,,gxPopupLevel%3D0%3B HTTP/1.1" 200 9371
192.168.10.96 - - [18/Mar/2019:11:40:45 -0300] "POST /cormun/servlet/trsolicitudgral?24fce8b831c254ffe63d14a1d7bb6dea,,gx-no-cache=1552926848298 HTTP/1.1" 200 25630
186.79.91.52 - - [18/Mar/2019:11:40:56 -0300] "POST /cormun/servlet/solicitudot?gx-no-cache=1552919837080 HTTP/1.1" 200 33
186.67.172.234 - - [18/Mar/2019:11:40:56 -0300] "GET /cormun/servlet/hlogin HTTP/1.1" 200 1715
186.67.172.234 - - [18/Mar/2019:11:40:56 -0300] "GET /cormun/static/gxtimezone.js?85251 HTTP/1.1" 200 5781
186.67.172.234 - - [18/Mar/2019:11:40:57 -0300] "GET /cormun/static/gxcfg.js?20177612122725 HTTP/1.1" 200 953
192.168.10.96 - - [18/Mar/2019:11:40:57 -0300] "POST /cormun/servlet/trsolicitudgral?24fce8b831c254ffe63d14a1d7bb6dea,,gx-no-cache=1552926861075 HTTP/1.1" 200 9763
186.67.172.234 - - [18/Mar/2019:11:40:57 -0300] "GET /cormun/static/messages.spa.js?85251 HTTP/1.1" 200 30736
186.67.172.234 - - [18/Mar/2019:11:40:57 -0300] "GET /cormun/static/Resources/ComunLogin.png HTTP/1.1" 200 17326
186.67.172.234 - - [18/Mar/2019:11:40:57 -0300] "GET /cormun/static/hlogin.js?20177612122738 HTTP/1.1" 200 2136
186.67.172.234 - - [18/Mar/2019:11:40:57 -0300] "GET /cormun/static/gxgral.js?85251 HTTP/1.1" 200 384558
186.67.172.234 - - [18/Mar/2019:11:40:57 -0300] "GET /cormun/static/Resources/PXToolsLoginBackground.png HTTP/1.1" 200 1164
186.67.172.234 - - [18/Mar/2019:11:40:57 -0300] "GET /cormun/static/Resources/PXToolsLoginTop.png HTTP/1.1" 200 1337
186.67.172.234 - - [18/Mar/2019:11:40:57 -0300] "GET /cormun/static/Resources/PXToolsLoginBottom.png HTTP/1.1" 200 1389
186.67.172.234 - - [18/Mar/2019:11:40:57 -0300] "GET /cormun/static/Resources/indicator.gif HTTP/1.1" 200 1553
186.67.172.234 - - [18/Mar/2019:11:40:57 -0300] "GET /cormun/servlet/hlogin HTTP/1.1" 200 1726
186.67.172.234 - - [18/Mar/2019:11:40:57 -0300] "GET /favicon.ico HTTP/1.1" 200 21630
192.168.10.96 - - [18/Mar/2019:11:41:02 -0300] "GET /cormun/servlet/solicitudgral2?UPD,2019,14481, HTTP/1.1" 200 13424
192.168.10.96 - - [18/Mar/2019:11:41:02 -0300] "GET /cormun/static/gxcfg.js?2018371102837 HTTP/1.1" 304 -
192.168.10.96 - - [18/Mar/2019:11:41:02 -0300] "GET /cormun/servlet/solicitudgral2?UPD,2019,14481, HTTP/1.1" 200 13434
192.168.10.96 - - [18/Mar/2019:11:41:03 -0300] "POST /cormun/servlet/solicitudgral2?gx-no-cache=1552926867352 HTTP/1.1" 200 4081
192.168.10.96 - - [18/Mar/2019:11:41:03 -0300] "GET /cormun/servlet/solicitudgral2?479a26045d1d43ffd4f0cc3c4b66c81b4b8cdbf1c2e8fb32cd3f2864dd2cc0309e96408f101b1a155fb6ce56e233c3927ece791449c28fa3f1e11ba4e7f65ec5fd97ca321660ce699842cf5d74119034851a9fdaa51ea2f1a1a699af16ba4eb7a850e2b7d2f670e646648cf63cd46c11c3f122c8754f9e2d6555827154cb2b8e1dd9c68a7ad58a788db3385b28fd05561238422e696e3cf2581c5587b5b742cfb888021b594414b7f481a5f4793aeac3318ece0b2c7b0482833d5149bf816fe2d7561a15b228ffbdf2569f5e0c3a9cc199c22bf5361f0313f96929d9961e6f03cd156a3fde3fa8601a06b27829b4cb71af9aedc1e31f9e04c4a179084e9e8e0f957e12fe45610f17601f67e04114a92508d240968e75642194827401b35aec88c8d55c71904e3effbb8fc5b6fe0456619449accfc3b1c559c755af3b7d89b804b32f259aefd76b867b2f6138bef90f9c,gx-no-cache=1552926867676 HTTP/1.1" 200 255
192.168.10.96 - - [18/Mar/2019:11:41:03 -0300] "GET /cormun/servlet/solicitudgral2?479a26045d1d43ffd4f0cc3c4b66c81bfae0bcaec919cdafe58d195dc9b30ca166685abd494ace168682183bc3a46486514c068d63e2c996be38347a41acbbad95cf0d8b0c78a491f94c1471d7dce892466909e8f32b2785f3ded023ed74e0dd,gx-no-cache=1552926867696 HTTP/1.1" 200 33
192.168.10.96 - - [18/Mar/2019:11:41:03 -0300] "GET /cormun/servlet/solicitudgral2?479a26045d1d43ffd4f0cc3c4b66c81b94d54d9af1d43021f661913dad4e9c4093d48b09278c1d35b776552c974c2b7ab6de5e7a5fdfa2356ef03720964cf6bfd8b278c08592b40a9cabea4fb7fed7a37745e5cc4aaecde59c3b22e5ee7c1abc94e219683353a5787575865132026864,gx-no-cache=1552926867735 HTTP/1.1" 200 40
192.168.10.96 - - [18/Mar/2019:11:41:04 -0300] "GET /cormun/servlet/solicitudgral2?479a26045d1d43ffd4f0cc3c4b66c81ba63e13fe6b9bb912c3949103c6381e449e96408f101b1a155fb6ce56e233c3927ece791449c28fa3f1e11ba4e7f65ec59b7c2ea8599d7ac50990ed75f6b9ffbe40d7ebb54dbedaf678a76e1671a0f56f,gx-no-cache=1552926868244 HTTP/1.1" 200 30
192.168.10.96 - - [18/Mar/2019:11:41:04 -0300] "POST /cormun/servlet/solicitudgral2?gx-no-cache=1552926868269 HTTP/1.1" 200 67
186.67.172.234 - - [18/Mar/2019:11:41:06 -0300] "POST /cormun/servlet/hlogin?096fee46c8b67c0f1ffd97d1e12f71d6,gx-no-cache=1552919844547 HTTP/1.1" 200 90
186.67.172.234 - - [18/Mar/2019:11:41:06 -0300] "GET /cormun/servlet/hpexe_link HTTP/1.1" 200 946
186.67.172.234 - - [18/Mar/2019:11:41:06 -0300] "GET /cormun/static/gxcfg.js?20177612121792 HTTP/1.1" 200 953
186.67.172.234 - - [18/Mar/2019:11:41:07 -0300] "GET /cormun/servlet/hhome HTTP/1.1" 200 4340
186.67.172.234 - - [18/Mar/2019:11:41:07 -0300] "GET /cormun/static/gxcfg.js?20175251212442 HTTP/1.1" 200 953
186.67.172.234 - - [18/Mar/2019:11:41:07 -0300] "GET /cormun/static/PXToolsJavascripts/pexe_autoreload.js HTTP/1.1" 200 1762
186.67.172.234 - - [18/Mar/2019:11:41:07 -0300] "GET /cormun/static/PXToolsJavascripts/pexe_cookies.js HTTP/1.1" 200 792
186.67.172.234 - - [18/Mar/2019:11:41:07 -0300] "GET /cormun/static/hpexe_link.js?20177612121795 HTTP/1.1" 200 625
186.67.172.234 - - [18/Mar/2019:11:41:07 -0300] "GET /cormun/static/PXToolsJavascripts/pexe_windows.js HTTP/1.1" 200 15207
186.67.172.234 - - [18/Mar/2019:11:41:07 -0300] "GET /cormun/static/PXToolsJavascripts/pexe_grid.js HTTP/1.1" 200 7559
186.67.172.234 - - [18/Mar/2019:11:41:07 -0300] "GET /cormun/static/PXToolsJavascripts/pexe_griddivfix.js HTTP/1.1" 200 6644
186.67.172.234 - - [18/Mar/2019:11:41:07 -0300] "GET /cormun/static/PXToolsJavascripts/pexe_menudivfix.js HTTP/1.1" 200 333
186.67.172.234 - - [18/Mar/2019:11:41:07 -0300] "GET /cormun/static/PXToolsJavascripts/pexe_menus.js HTTP/1.1" 200 1286
186.67.172.234 - - [18/Mar/2019:11:41:07 -0300] "GET /cormun/static/PXToolsJavascripts/pexe_layers.js HTTP/1.1" 200 4114
186.67.172.234 - - [18/Mar/2019:11:41:07 -0300] "GET /cormun/static/PXToolsJavascripts/pexe_oav.js HTTP/1.1" 200 645
186.67.172.234 - - [18/Mar/2019:11:41:07 -0300] "GET /cormun/static/PXToolsJavascripts/pexe_oavdivfix.js HTTP/1.1" 200 639
186.67.172.234 - - [18/Mar/2019:11:41:07 -0300] "GET /cormun/static/PXToolsJavascripts/pexe_popup.js HTTP/1.1" 200 13458
186.67.172.234 - - [18/Mar/2019:11:41:07 -0300] "GET /cormun/static/PXToolsJavascripts/pexe_scrolldiv.js HTTP/1.1" 200 4138
186.67.172.234 - - [18/Mar/2019:11:41:07 -0300] "GET /cormun/static/PXToolsJavascripts/pexe_tabdivfix.js HTTP/1.1" 200 876
186.67.172.234 - - [18/Mar/2019:11:41:07 -0300] "GET /cormun/static/PXToolsJavascripts/pexe_tabs.js HTTP/1.1" 200 3748
186.67.172.234 - - [18/Mar/2019:11:41:07 -0300] "GET /cormun/static/PXToolsJavascripts/pexe_upload.js HTTP/1.1" 200 1423
186.67.172.234 - - [18/Mar/2019:11:41:07 -0300] "GET /cormun/static/PXToolsJavascripts/PXToolsJavascriptsRender.js HTTP/1.1" 200 367
186.67.172.234 - - [18/Mar/2019:11:41:07 -0300] "GET /cormun/static/Resources/logo4.png HTTP/1.1" 200 6582
186.67.172.234 - - [18/Mar/2019:11:41:07 -0300] "GET /cormun/static/PXToolsJavascripts/pexe_link.js HTTP/1.1" 200 5671
186.67.172.234 - - [18/Mar/2019:11:41:07 -0300] "GET /cormun/static/Resources/PXToolsHeaderActionsLeft.png HTTP/1.1" 200 1118
186.67.172.234 - - [18/Mar/2019:11:41:07 -0300] "GET /cormun/static/PXToolsJavascripts/pexe_picture.js HTTP/1.1" 200 689
186.67.172.234 - - [18/Mar/2019:11:41:07 -0300] "GET /cormun/static/RunJS/RunJS.js HTTP/1.1" 200 288
186.67.172.234 - - [18/Mar/2019:11:41:08 -0300] "GET /cormun/static/gxui/gxui-all.js HTTP/1.1" 200 107772
186.67.172.234 - - [18/Mar/2019:11:41:08 -0300] "GET /cormun/static/Resources/Spanish/PXTools.css?11423723 HTTP/1.1" 200 89042
186.67.172.234 - - [18/Mar/2019:11:41:08 -0300] "GET /cormun/static/Shared/ext/locale/ext-lang-en.js HTTP/1.1" 200 10940
186.67.172.234 - - [18/Mar/2019:11:41:09 -0300] "GET /cormun/static/hhome.js?20175251212450 HTTP/1.1" 200 777
186.67.172.234 - - [18/Mar/2019:11:41:09 -0300] "GET /cormun/static/hwchdr01.js?201752511465785 HTTP/1.1" 200 1183
186.67.172.234 - - [18/Mar/2019:11:41:09 -0300] "GET /cormun/static/hpexe_recentlink.js?20177611595044 HTTP/1.1" 200 2144
186.67.172.234 - - [18/Mar/2019:11:41:09 -0300] "GET /cormun/static/hpexe_scripts.js?201752511465715 HTTP/1.1" 200 1544
186.67.172.234 - - [18/Mar/2019:11:41:09 -0300] "GET /cormun/static/hpexe_messagecontroller.js?20177611595012 HTTP/1.1" 200 870
186.67.172.234 - - [18/Mar/2019:11:41:09 -0300] "GET /cormun/static/hpexe_messagepopupcomponent.js?20161017169425 HTTP/1.1" 200 605
186.67.172.234 - - [18/Mar/2019:11:41:10 -0300] "GET /cormun/static/hpexe_messagegenexuscomponent.js?201752511465344 HTTP/1.1" 200 587
186.67.172.234 - - [18/Mar/2019:11:41:10 -0300] "GET /cormun/static/cmcontrolpreferences.js?201752511465670 HTTP/1.1" 200 1375
186.67.172.234 - - [18/Mar/2019:11:41:10 -0300] "GET /cormun/static/Shared/jquery/jquery-1.4.2.min.js HTTP/1.1" 200 72174
186.67.172.234 - - [18/Mar/2019:11:41:10 -0300] "GET /cormun/static/Shared/ext/ext-all.js HTTP/1.1" 200 1289687
186.67.172.234 - - [18/Mar/2019:11:41:10 -0300] "GET /cormun/static/SmoothNavMenu/resources/SmoothNavMenuRender.js HTTP/1.1" 200 5951
186.67.172.234 - - [18/Mar/2019:11:41:10 -0300] "GET /cormun/static/SmoothNavMenu/resources/ddsmoothmenu.js HTTP/1.1" 200 12712
186.67.172.234 - - [18/Mar/2019:11:41:10 -0300] "GET /cormun/static/scaMessage/js/jquery.pnotify.min.js HTTP/1.1" 200 13038
186.67.172.234 - - [18/Mar/2019:11:41:10 -0300] "GET /cormun/static/Resources/PXToolsHeaderActionsRight.png HTTP/1.1" 200 1201
186.67.172.234 - - [18/Mar/2019:11:41:10 -0300] "GET /cormun/static/Resources/PXToolsHeaderSecurity.png HTTP/1.1" 200 4166
186.67.172.234 - - [18/Mar/2019:11:41:10 -0300] "GET /cormun/static/Resources/PXToolsDataTitle.png HTTP/1.1" 200 1173
186.67.172.234 - - [18/Mar/2019:11:41:10 -0300] "GET /cormun/static/Resources/PXToolsHeaderLogin.png HTTP/1.1" 200 4279
186.67.172.234 - - [18/Mar/2019:11:41:10 -0300] "GET /cormun/static/Resources/PXToolsHeaderBackground2.png HTTP/1.1" 200 1174
186.67.172.234 - - [18/Mar/2019:11:41:11 -0300] "GET /cormun/static/Resources/PXToolsFooterBackground2.png HTTP/1.1" 200 1172
186.67.172.234 - - [18/Mar/2019:11:41:11 -0300] "GET /cormun/static/Resources/PXToolsHeaderActionsBackground.png HTTP/1.1" 200 484
186.67.172.234 - - [18/Mar/2019:11:41:11 -0300] "GET /cormun/static/Resources/PXToolsHeaderHome.png HTTP/1.1" 200 4147
186.67.172.234 - - [18/Mar/2019:11:41:11 -0300] "GET /cormun/static/Resources/PXToolsHeaderPreferences.png HTTP/1.1" 200 4189
186.67.172.234 - - [18/Mar/2019:11:41:11 -0300] "GET /cormun/static/scaMessage/scaMessageRender.js HTTP/1.1" 200 11977
186.67.172.234 - - [18/Mar/2019:11:41:11 -0300] "GET /cormun/static/hmpwkw03.js?20189613443875 HTTP/1.1" 200 3965
186.67.172.234 - - [18/Mar/2019:11:41:12 -0300] "GET /cormun/static/Shared/jquery/jquery-1.10.2.min.js HTTP/1.1" 200 273199
186.67.172.234 - - [18/Mar/2019:11:41:13 -0300] "GET /cormun/static/Shared/jqueryui/jquery-ui.min.js HTTP/1.1" 200 240427
186.67.172.234 - - [18/Mar/2019:11:41:13 -0300] "GET /cormun/servlet/hhome HTTP/1.1" 200 4336
186.67.172.234 - - [18/Mar/2019:11:41:13 -0300] "GET /cormun/static/SmoothNavMenu/resources/images/right.gif HTTP/1.1" 200 860
186.67.172.234 - - [18/Mar/2019:11:41:13 -0300] "GET /cormun/static/SmoothNavMenu/resources/images/down.gif HTTP/1.1" 200 854
186.79.91.52 - - [18/Mar/2019:11:41:16 -0300] "GET /cormun/static/menuarrow.gif HTTP/1.1" 404 1015
186.79.91.52 - - [18/Mar/2019:11:41:23 -0300] "GET /cormun/servlet/solicitudot?1f9d013639a0431d923bfbc21c006b193787095c88f3bc30e8f6c7dbce149e9174cb7bbc91156c5845bbedd7c26bcb12,gx-no-cache=1552919865009 HTTP/1.1" 200 30
186.79.91.52 - - [18/Mar/2019:11:41:24 -0300] "POST /cormun/servlet/solicitudot?gx-no-cache=1552919865173 HTTP/1.1" 200 33
186.79.91.52 - - [18/Mar/2019:11:41:25 -0300] "POST /cormun/servlet/solicitudot?5359cd70bea11adbc547716174014760,INS,0,0,,gx-no-cache=1552919865388 HTTP/1.1" 200 93
186.79.91.52 - - [18/Mar/2019:11:41:26 -0300] "GET /cormun/servlet/hpexe_return? HTTP/1.1" 200 1011
186.79.91.52 - - [18/Mar/2019:11:41:26 -0300] "GET /cormun/servlet/trsolicitudot HTTP/1.1" 200 8812
186.79.91.52 - - [18/Mar/2019:11:41:26 -0300] "GET /cormun/servlet/trsolicitudot HTTP/1.1" 200 8808
186.79.91.52 - - [18/Mar/2019:11:41:28 -0300] "GET /cormun/servlet/vesolicitudot?2019,14750,, HTTP/1.1" 200 8749
186.79.91.52 - - [18/Mar/2019:11:41:29 -0300] "GET /cormun/pexe_scrolldiv.js HTTP/1.1" 404 1009
186.79.91.52 - - [18/Mar/2019:11:41:29 -0300] "GET /cormun/servlet/vesolicitudot?2019,14750,, HTTP/1.1" 200 8749
186.79.91.52 - - [18/Mar/2019:11:41:33 -0300] "POST /cormun/servlet/vesolicitudot?5359cd70bea11adbc547716174014760,2019,14750,,,gx-no-cache=1552919874527 HTTP/1.1" 200 93
186.79.91.52 - - [18/Mar/2019:11:41:33 -0300] "GET /cormun/servlet/hpexe_return? HTTP/1.1" 200 1015
186.79.91.52 - - [18/Mar/2019:11:41:34 -0300] "GET /cormun/servlet/trsolicitudot HTTP/1.1" 200 8812
186.79.91.52 - - [18/Mar/2019:11:41:34 -0300] "GET /cormun/servlet/trsolicitudot HTTP/1.1" 200 8808
186.79.91.52 - - [18/Mar/2019:11:41:39 -0300] "POST /cormun/servlet/trsolicitudot?5359cd70bea11adbc547716174014760,gx-no-cache=1552919880606 HTTP/1.1" 200 4459
186.79.91.52 - - [18/Mar/2019:11:41:40 -0300] "POST /cormun/servlet/trsolicitudot?5359cd70bea11adbc547716174014760,gx-no-cache=1552919881413 HTTP/1.1" 200 4266
190.171.152.138 - - [18/Mar/2019:11:41:41 -0300] "GET /cormun/servlet/hhome HTTP/1.1" 200 3424
190.171.152.138 - - [18/Mar/2019:11:41:42 -0300] "GET /cormun/static/Resources/PXToolsHeaderActionsLeft.png HTTP/1.1" 304 -
186.79.91.52 - - [18/Mar/2019:11:41:43 -0300] "GET /cormun/servlet/solicitudot?INS,0,0, HTTP/1.1" 200 15177
190.171.152.138 - - [18/Mar/2019:11:41:43 -0300] "GET /cormun/static/Resources/PXToolsHeaderActionsBackground.png HTTP/1.1" 304 -
190.171.152.138 - - [18/Mar/2019:11:41:43 -0300] "GET /cormun/static/Resources/PXToolsHeaderPreferences.png HTTP/1.1" 304 -
190.171.152.138 - - [18/Mar/2019:11:41:43 -0300] "GET /cormun/static/Resources/PXToolsHeaderActionsRight.png HTTP/1.1" 304 -
190.171.152.138 - - [18/Mar/2019:11:41:43 -0300] "GET /cormun/static/Resources/PXToolsDataTitle.png HTTP/1.1" 304 -
190.171.152.138 - - [18/Mar/2019:11:41:43 -0300] "GET /cormun/static/Resources/PXToolsHeaderLogin.png HTTP/1.1" 304 -
190.171.152.138 - - [18/Mar/2019:11:41:43 -0300] "GET /cormun/static/Resources/PXToolsHeaderSecurity.png HTTP/1.1" 304 -
190.171.152.138 - - [18/Mar/2019:11:41:43 -0300] "GET /cormun/static/Resources/PXToolsHeaderHome.png HTTP/1.1" 304 -
190.171.152.138 - - [18/Mar/2019:11:41:43 -0300] "GET /cormun/static/scaMessage/scaMessageRender.js HTTP/1.1" 304 -
190.171.152.138 - - [18/Mar/2019:11:41:43 -0300] "GET /cormun/static/Resources/indicator.gif HTTP/1.1" 304 -
186.79.91.52 - - [18/Mar/2019:11:41:43 -0300] "GET /cormun/servlet/solicitudot?INS,0,0, HTTP/1.1" 200 15182
190.171.152.138 - - [18/Mar/2019:11:41:43 -0300] "GET /cormun/servlet/hlogin HTTP/1.1" 200 1737
190.171.152.138 - - [18/Mar/2019:11:41:43 -0300] "GET /cormun/servlet/hhome HTTP/1.1" 200 3434
190.171.152.138 - - [18/Mar/2019:11:41:43 -0300] "GET /cormun/static/Resources/ComunLogin.png HTTP/1.1" 304 -
190.171.152.138 - - [18/Mar/2019:11:41:43 -0300] "GET /cormun/static/Resources/PXToolsLoginTop.png HTTP/1.1" 304 -
190.171.152.138 - - [18/Mar/2019:11:41:43 -0300] "GET /cormun/static/Resources/PXToolsLoginBackground.png HTTP/1.1" 304 -
190.171.152.138 - - [18/Mar/2019:11:41:43 -0300] "GET /cormun/static/Resources/PXToolsLoginBottom.png HTTP/1.1" 304 -
186.79.91.52 - - [18/Mar/2019:11:41:45 -0300] "GET /cormun/servlet/prfichaempleado?,MD,,gxPopupLevel%3D0%3B HTTP/1.1" 200 9431
186.79.91.52 - - [18/Mar/2019:11:41:52 -0300] "POST /cormun/servlet/prfichaempleado?5359cd70bea11adbc547716174014760,,MD,,gxPopupLevel%3D0%3B,gx-no-cache=1552919893291 HTTP/1.1" 200 3491
190.171.152.138 - - [18/Mar/2019:11:41:56 -0300] "POST /cormun/servlet/hlogin?e03e4f97e862c030c5ce17f40a2adcda,gx-no-cache=1552923494585 HTTP/1.1" 200 90
186.79.91.52 - - [18/Mar/2019:11:41:56 -0300] "POST /cormun/servlet/solicitudot?gx-no-cache=1552919897108 HTTP/1.1" 200 3572
190.171.152.138 - - [18/Mar/2019:11:41:56 -0300] "GET /cormun/servlet/hpexe_link HTTP/1.1" 200 956
190.171.152.138 - - [18/Mar/2019:11:41:56 -0300] "GET /cormun/servlet/hhome HTTP/1.1" 200 3958
186.79.91.52 - - [18/Mar/2019:11:41:56 -0300] "POST /cormun/servlet/solicitudot?5359cd70bea11adbc547716174014760,INS,0,0,,gx-no-cache=1552919897582 HTTP/1.1" 200 11949
190.171.152.138 - - [18/Mar/2019:11:41:56 -0300] "GET /cormun/servlet/hhome HTTP/1.1" 200 3954
186.79.91.52 - - [18/Mar/2019:11:41:57 -0300] "GET /cormun/servlet/solicitudot?1f9d013639a0431d923bfbc21c006b198ebae27a186fec69e812315d97b38ca3adbc489cbbd45e13a68c7dd264eca4ad,gx-no-cache=1552919898239 HTTP/1.1" 200 30
186.79.91.52 - - [18/Mar/2019:11:41:58 -0300] "GET /cormun/servlet/solicitudot?1f9d013639a0431d923bfbc21c006b198cd910ea72967b96787b6397b208942073db37b7509fe915c295514e6b715271b7858e5025630250155a203ff19aa439,gx-no-cache=1552919899838 HTTP/1.1" 200 30
186.79.91.52 - - [18/Mar/2019:11:41:58 -0300] "GET /cormun/servlet/solicitudot?1f9d013639a0431d923bfbc21c006b19d83a3ad1c8802c8f83a92b32ba26811b,gx-no-cache=1552919899989 HTTP/1.1" 200 51
186.79.91.52 - - [18/Mar/2019:11:41:58 -0300] "POST /cormun/servlet/solicitudot?gx-no-cache=1552919900155 HTTP/1.1" 200 255
186.79.91.52 - - [18/Mar/2019:11:41:59 -0300] "GET /cormun/servlet/solicitudot?1f9d013639a0431d923bfbc21c006b192b518e00cc1b0a3dee11155cbdb85b85e9de096fa8e2f77774455486d85a6def279e5a0eee342518d819cbcfd8cec9320f0a53ac8a6762f4535e453ae385a73634b5282cee4054e2769ea3ce2ef0d778d4e7f3a4efb71689e071fc7e685695e5e70b1f42247775c5aea936a8211917ecd56fe0e1cd95bbcbf69106ebe09302f182d9ab7b9881b389d480953d07e75115a99640b06bc86e695190d027b8dc767cc47f48e7d229d2846173c5c346e06778a2286e84e07f77b083526e4e8bc1aa4cf51e856211bd83af760bc6fce1b05d6b07f9964d4424d28908ac7ae8f796c7a9cdc07c230b99746896389420f6c37fa253d9daffb3233f2de886f44bfa60d167e3dc5e728e8dabd06c5299c676bdf84f2a07a412050047c7df6dbdeb41de7ce875bec8a36b254483de803755e2b45ebe3bad71a47109a5721a9d93810dcd9460fb563787485a9d52cc48ba6112ee1a5ea59a8537b121a51f2da70033844c1d1a7ab63f6d00076fa077619132141fbf3e,gx-no-cache=1552919900331 HTTP/1.1" 200 30
190.171.152.138 - - [18/Mar/2019:11:41:59 -0300] "GET /cormun/servlet/trlicencias? HTTP/1.1" 200 6876
190.171.152.138 - - [18/Mar/2019:11:42:00 -0300] "GET /cormun/static/gxcfg.js?20176272054169 HTTP/1.1" 304 -
190.171.152.138 - - [18/Mar/2019:11:42:00 -0300] "GET /cormun/static/Resources/PXToolsDataSearch.png HTTP/1.1" 304 -
190.171.152.138 - - [18/Mar/2019:11:42:00 -0300] "GET /cormun/static/trlicencias.js?20176272054837 HTTP/1.1" 304 -
190.171.152.138 - - [18/Mar/2019:11:42:00 -0300] "GET /cormun/static/Resources/PXToolsGridPage.gif HTTP/1.1" 304 -
190.171.152.138 - - [18/Mar/2019:11:42:00 -0300] "GET /cormun/static/Resources/PXToolsActionExcel.png HTTP/1.1" 304 -
186.79.91.52 - - [18/Mar/2019:11:42:00 -0300] "POST /cormun/servlet/solicitudot?gx-no-cache=1552919901730 HTTP/1.1" 200 30
190.171.152.138 - - [18/Mar/2019:11:42:00 -0300] "GET /cormun/static/Resources/PXToolsGridNew.png HTTP/1.1" 304 -
190.171.152.138 - - [18/Mar/2019:11:42:00 -0300] "GET /cormun/static/Resources/asc.gif HTTP/1.1" 304 -
190.171.152.138 - - [18/Mar/2019:11:42:00 -0300] "GET /cormun/static/Resources/desc.gif HTTP/1.1" 304 -
190.171.152.138 - - [18/Mar/2019:11:42:00 -0300] "GET /cormun/servlet/trlicencias? HTTP/1.1" 200 6874
186.79.91.52 - - [18/Mar/2019:11:42:01 -0300] "GET /cormun/servlet/prsolicitudot?13572647,,,,,MD,,gxPopupLevel%3D0%3B HTTP/1.1" 200 6195
186.79.91.52 - - [18/Mar/2019:11:42:04 -0300] "POST /cormun/servlet/solicitudot?gx-no-cache=1552919905215 HTTP/1.1" 200 1289
186.79.91.52 - - [18/Mar/2019:11:42:04 -0300] "POST /cormun/servlet/solicitudot?gx-no-cache=1552919905406 HTTP/1.1" 200 38
186.79.91.52 - - [18/Mar/2019:11:42:04 -0300] "GET /cormun/servlet/solicitudot?1f9d013639a0431d923bfbc21c006b1924c935006be80d7eed544885b14f5a0a740e15fed619d2732b8cec67cd408f32d539eb636b8218f24ae0f9131b12929fa31d99e9b087619f39ea68e18a65ff9b7511e6b108db08947f157de002d76de810a9559790741b003619ada8aa3ec4d2,gx-no-cache=1552919905532 HTTP/1.1" 200 110
186.79.91.52 - - [18/Mar/2019:11:42:04 -0300] "POST /cormun/servlet/solicitudot?gx-no-cache=1552919905679 HTTP/1.1" 200 110
186.79.91.52 - - [18/Mar/2019:11:42:04 -0300] "GET /cormun/servlet/solicitudot?1f9d013639a0431d923bfbc21c006b19b299fb4dbe39e0d07efb4c8874213e0c3fd59a2ebaade49e08e33178cfa9821400eafd8e6d5e02614f753d7dc806fbb5c304d0938bb99cc7f25eb4bb30abe6c73490562f9e731d9c9f9b47ba707e1179fd939e12f27872f9c4eadf8c44f273603db0d78e9a1a03fd4506157522283e7e3df1bbe1589d4fe2e67f8832c0cb553865659ad1647359070c91fb0b6400dafe,gx-no-cache=1552919905953 HTTP/1.1" 200 29
186.79.91.52 - - [18/Mar/2019:11:42:04 -0300] "GET /cormun/servlet/solicitudot?1f9d013639a0431d923bfbc21c006b19dc9ab3dc98ce241f7d7b4ec6e9dd84e7e2931808334d3d7ca19f0394ca93c094,gx-no-cache=1552919906082 HTTP/1.1" 200 30
190.171.152.138 - - [18/Mar/2019:11:42:06 -0300] "GET /cormun/servlet/trpermisosgoce? HTTP/1.1" 200 8485
190.171.152.138 - - [18/Mar/2019:11:42:06 -0300] "GET /cormun//static/Resources/PXToolsActionDisabled.gif HTTP/1.1" 304 -
190.171.152.138 - - [18/Mar/2019:11:42:06 -0300] "GET /cormun//static/Resources/PXToolsGridDelete.png HTTP/1.1" 304 -
190.171.152.138 - - [18/Mar/2019:11:42:06 -0300] "GET /cormun//static/Resources/PXToolsHeaderFavorites.png HTTP/1.1" 304 -
190.171.152.138 - - [18/Mar/2019:11:42:06 -0300] "GET /cormun//static/Resources/PXToolsGridDisplay.png HTTP/1.1" 304 -
190.171.152.138 - - [18/Mar/2019:11:42:06 -0300] "GET /cormun//static/Resources/PXToolsActionPrint.png HTTP/1.1" 304 -
190.171.152.138 - - [18/Mar/2019:11:42:06 -0300] "GET /cormun//static/Resources/PXToolsHeaderHelp.png HTTP/1.1" 304 -
190.171.152.138 - - [18/Mar/2019:11:42:06 -0300] "GET /cormun/servlet/trpermisosgoce? HTTP/1.1" 200 8488
190.171.152.138 - - [18/Mar/2019:11:42:15 -0300] "GET /cormun/servlet/trlicencias? HTTP/1.1" 200 6876
190.171.152.138 - - [18/Mar/2019:11:42:16 -0300] "GET /cormun/servlet/trlicencias? HTTP/1.1" 200 6874
186.79.91.52 - - [18/Mar/2019:11:42:17 -0300] "POST /cormun/servlet/solicitudot?gx-no-cache=1552919918161 HTTP/1.1" 200 33
192.168.10.96 - - [18/Mar/2019:11:42:19 -0300] "POST /cormun/servlet/solicitudgral2?gx-no-cache=1552926943932 HTTP/1.1" 200 105
192.168.10.96 - - [18/Mar/2019:11:42:24 -0300] "POST /cormun/servlet/solicitudgral2?24fce8b831c254ffe63d14a1d7bb6dea,UPD,2019,14481,,gx-no-cache=1552926948382 HTTP/1.1" 200 12136
192.168.10.96 - - [18/Mar/2019:11:42:24 -0300] "GET /cormun/servlet/solicitudgral2?479a26045d1d43ffd4f0cc3c4b66c81bd52197bac7fab132abc5ef226f1b4f34cbb2a2caf91085e6da5d45c76487d05ccf7f185cac8da0145e8e6ffc4552733eeff11c2483fb56569785d7f6886e2262cb168e5a4a6d50cb132cb6a9a9504717e311bdfaf1d98cf8ef77caa95655d6f023a1e499aa2085b5867f63e797ce3dae161d0c8bc17882e6145b4294842abafd163d1261df8669b134cc32225230b39c,gx-no-cache=1552926948609 HTTP/1.1" 200 29
192.168.10.96 - - [18/Mar/2019:11:42:24 -0300] "GET /cormun/servlet/solicitudgral2?479a26045d1d43ffd4f0cc3c4b66c81b6cf294619c560691af7a5e36ba3b3ad80cc75930d8b1e13f5d1c5ba075cbf38d781e7093876b79504f752953b0b63d95abb79dbeeac40beb21420e76268ad50f9d17af14e4223a2b0c945002b71f81945f38bb756de0a4c014aac3b28f36e5b5406ae77b8fd72dd716b49471dd673297,gx-no-cache=1552926948625 HTTP/1.1" 200 30
192.168.10.96 - - [18/Mar/2019:11:42:24 -0300] "POST /cormun/servlet/solicitudgral2?24fce8b831c254ffe63d14a1d7bb6dea,UPD,2019,14481,,gx-no-cache=1552926948642 HTTP/1.1" 200 93
192.168.10.96 - - [18/Mar/2019:11:42:24 -0300] "GET /cormun/servlet/hpexe_return? HTTP/1.1" 200 1012
186.79.91.52 - - [18/Mar/2019:11:42:24 -0300] "POST /cormun/servlet/solicitudot?5359cd70bea11adbc547716174014760,INS,0,0,,gx-no-cache=1552919922884 HTTP/1.1" 200 93
192.168.10.96 - - [18/Mar/2019:11:42:24 -0300] "GET /cormun/servlet/trsolicitudgral? HTTP/1.1" 200 12990
186.79.91.52 - - [18/Mar/2019:11:42:25 -0300] "GET /cormun/servlet/hpexe_return? HTTP/1.1" 200 1031
192.168.10.96 - - [18/Mar/2019:11:42:25 -0300] "GET /cormun/servlet/trsolicitudgral? HTTP/1.1" 200 12985
186.79.91.52 - - [18/Mar/2019:11:42:25 -0300] "GET /cormun/servlet/trsolicitudot?gx-no-cache=1552919881413 HTTP/1.1" 200 8824
186.79.91.52 - - [18/Mar/2019:11:42:25 -0300] "GET /cormun/servlet/trsolicitudot?gx-no-cache=1552919881413 HTTP/1.1" 200 8841
186.103.159.186 - - [18/Mar/2019:11:42:26 -0300] "POST /cormun/servlet/solicitudot?c1e49eee27b14ffced126f5d476a4c97,UPD,2019,14749,,gx-no-cache=1552919924959 HTTP/1.1" 200 93
186.103.159.186 - - [18/Mar/2019:11:42:26 -0300] "GET /cormun/servlet/hpexe_return? HTTP/1.1" 200 1015
186.103.159.186 - - [18/Mar/2019:11:42:26 -0300] "GET /cormun/servlet/trsolicitudot HTTP/1.1" 200 8625
186.103.159.186 - - [18/Mar/2019:11:42:28 -0300] "GET /cormun/servlet/trsolicitudot HTTP/1.1" 200 8622
186.79.91.52 - - [18/Mar/2019:11:42:28 -0300] "GET /cormun/servlet/solicitudot?INS,0,0, HTTP/1.1" 200 15199
186.79.91.52 - - [18/Mar/2019:11:42:29 -0300] "GET /cormun/servlet/solicitudot?INS,0,0, HTTP/1.1" 200 15182
186.79.91.52 - - [18/Mar/2019:11:42:30 -0300] "GET /cormun/servlet/prfichaempleado?,MD,,gxPopupLevel%3D0%3B HTTP/1.1" 200 9431
186.103.159.186 - - [18/Mar/2019:11:42:37 -0300] "POST /cormun/servlet/trsolicitudot?c1e49eee27b14ffced126f5d476a4c97,gx-no-cache=1552919937301 HTTP/1.1" 200 106
186.103.159.186 - - [18/Mar/2019:11:42:38 -0300] "GET /cormun/servlet/solicitudot?UPD,2019,14749, HTTP/1.1" 200 15438
186.103.159.186 - - [18/Mar/2019:11:42:39 -0300] "GET /cormun/servlet/solicitudot?UPD,2019,14749, HTTP/1.1" 200 15447
186.79.91.52 - - [18/Mar/2019:11:42:40 -0300] "POST /cormun/servlet/prfichaempleado?5359cd70bea11adbc547716174014760,,MD,,gxPopupLevel%3D0%3B,gx-no-cache=1552919940296 HTTP/1.1" 200 3418
186.103.159.186 - - [18/Mar/2019:11:42:40 -0300] "POST /cormun/servlet/solicitudot?gx-no-cache=1552919941027 HTTP/1.1" 200 3563
186.103.159.186 - - [18/Mar/2019:11:42:41 -0300] "POST /cormun/servlet/solicitudot?c1e49eee27b14ffced126f5d476a4c97,UPD,2019,14749,,gx-no-cache=1552919941908 HTTP/1.1" 200 11822
186.103.159.186 - - [18/Mar/2019:11:42:41 -0300] "GET /cormun/servlet/solicitudot?4cd21cdeefb5e594240fd6889c83dcf2a65061b69cb665756c721b1df3c42ca374e16a6687693678f9a068ea42915b4b,gx-no-cache=1552919942563 HTTP/1.1" 200 30
186.103.159.186 - - [18/Mar/2019:11:42:42 -0300] "GET /cormun/servlet/solicitudot?4cd21cdeefb5e594240fd6889c83dcf25e4fb26fe0339d7e215b9534091e0a37d4a4318953c660bcb5c6e4d7c250d5d1c46cdbdef4a9a87b3afb318f23ffba27,gx-no-cache=1552919942738 HTTP/1.1" 200 30
186.103.159.186 - - [18/Mar/2019:11:42:42 -0300] "GET /cormun/servlet/solicitudot?4cd21cdeefb5e594240fd6889c83dcf2f5479df115f7889ed663da708be73cff0a22978e43a230b9ef51aae25c50ff6367a6767418cc65d867cb446ce2fcb645,gx-no-cache=1552919942875 HTTP/1.1" 200 53
186.103.159.186 - - [18/Mar/2019:11:42:42 -0300] "POST /cormun/servlet/solicitudot?gx-no-cache=1552919943023 HTTP/1.1" 200 256
186.103.159.186 - - [18/Mar/2019:11:42:42 -0300] "GET /cormun/servlet/solicitudot?4cd21cdeefb5e594240fd6889c83dcf2b540dcb1d61943853173206b15801b1a73ed633b5591fd719af2a9000653582cb294dbd2ae2b43749d7b3cf6321ef266e63385f0ce2e7699033d9a1c5b097a7cb5cd187401e4986e3b511bb8cf362a904e27f625267e723d4c854d946d9af96fc4dbf54448a56fe44c955df3ecca2d55a3dcab6755c8d2f380700da045e819329cad7efecdaf5a6ce51e4727e2377da10fb8e4e26338bcdaab1c6cad8542e7309603db96879fdba4caaf890985a755449b4873aca036964f27bed85b7a32ae3bc2b8e71049633dc4cfdf5cda2b2d150bb0022c225e39cab9f8b0de0ee47a827ca51eb6be4bab97642442d7620642dff5044a4f12e76e44fdddf5f0e0d0503667f578727a3e86b93d531b7e5ac980f5a34fcb4715667f31007b5add5b5b51e29ba52440fbff0a037ac5df710f369b77de2628924de74ab04fc2fd72da2ead32d94a3ab650daa693c395cd0030345b22eae069e61e0d277cd967c7988b65d53ef7404437d177907559875d1639df75ac6f,gx-no-cache=1552919943174 HTTP/1.1" 200 30
186.103.159.186 - - [18/Mar/2019:11:42:42 -0300] "POST /cormun/servlet/solicitudot?gx-no-cache=1552919943305 HTTP/1.1" 200 30
186.103.159.186 - - [18/Mar/2019:11:42:43 -0300] "POST /cormun/servlet/solicitudot?gx-no-cache=1552919943457 HTTP/1.1" 200 1289
186.103.159.186 - - [18/Mar/2019:11:42:44 -0300] "POST /cormun/servlet/solicitudot?gx-no-cache=1552919944249 HTTP/1.1" 200 40
186.79.91.52 - - [18/Mar/2019:11:42:44 -0300] "POST /cormun/servlet/solicitudot?gx-no-cache=1552919945318 HTTP/1.1" 200 3559
186.79.91.52 - - [18/Mar/2019:11:42:45 -0300] "POST /cormun/servlet/solicitudot?5359cd70bea11adbc547716174014760,INS,0,0,,gx-no-cache=1552919946053 HTTP/1.1" 200 11925
186.67.172.234 - - [18/Mar/2019:11:42:47 -0300] "GET /cormun/servlet/trpermisosingoce? HTTP/1.1" 200 7273
186.67.172.234 - - [18/Mar/2019:11:42:47 -0300] "GET /cormun/static/gxcfg.js?201742714253516 HTTP/1.1" 200 953
186.67.172.234 - - [18/Mar/2019:11:42:47 -0300] "GET /cormun/static/calendar-setup.js?85251 HTTP/1.1" 200 2588
186.67.172.234 - - [18/Mar/2019:11:42:47 -0300] "GET /cormun/static/calendar-es.js?85251 HTTP/1.1" 200 1901
186.67.172.234 - - [18/Mar/2019:11:42:47 -0300] "GET /cormun/static/calendar.js?85251 HTTP/1.1" 200 26246
186.67.172.234 - - [18/Mar/2019:11:42:47 -0300] "GET /cormun/static/Resources/Spanish/PXTools.css?11294912 HTTP/1.1" 200 89042
186.67.172.234 - - [18/Mar/2019:11:42:48 -0300] "GET /cormun/static/gxdec.js?85251 HTTP/1.1" 200 19579
186.103.159.186 - - [18/Mar/2019:11:42:48 -0300] "GET /cormun/servlet/solicitudot?4cd21cdeefb5e594240fd6889c83dcf265ea8d535936b51bd69fd19ca1674c06fa2b8ff0ce0716a96bfe7e63cf7ece86baea895b21b786b853a21a808d760e87b61e7c02d86ff9fdf0856098672ac959b523238db5986002d18dca83a29a7d6600b7e21d8542b0d966828b829c65fc7a,gx-no-cache=1552919948895 HTTP/1.1" 200 110
186.67.172.234 - - [18/Mar/2019:11:42:48 -0300] "GET /cormun/static/trpermisosingoce.js?201742714253970 HTTP/1.1" 200 34472
186.67.172.234 - - [18/Mar/2019:11:42:48 -0300] "GET /cormun/static/Resources/PXToolsGridNew.png HTTP/1.1" 200 2949
186.67.172.234 - - [18/Mar/2019:11:42:48 -0300] "GET /cormun/static/Resources/PXToolsActionExcel.png HTTP/1.1" 200 3187
186.67.172.234 - - [18/Mar/2019:11:42:48 -0300] "GET /cormun/servlet/trpermisosingoce? HTTP/1.1" 200 7272
186.103.159.186 - - [18/Mar/2019:11:42:48 -0300] "POST /cormun/servlet/solicitudot?gx-no-cache=1552919949036 HTTP/1.1" 200 97
186.67.172.234 - - [18/Mar/2019:11:42:49 -0300] "GET /cormun/static/Resources/PXTools/calendar.png HTTP/1.1" 200 1306
186.79.91.52 - - [18/Mar/2019:11:42:50 -0300] "GET /cormun/servlet/solicitudot?1f9d013639a0431d923bfbc21c006b19cc4e6364351bba6969d7ac334957016fadbc489cbbd45e13a68c7dd264eca4ad,gx-no-cache=1552919952054 HTTP/1.1" 200 30
186.79.91.52 - - [18/Mar/2019:11:42:51 -0300] "GET /cormun/servlet/solicitudot?1f9d013639a0431d923bfbc21c006b19a0cba7585532622382f28a53e9be274c4ea308ba855484bd64bbfdeb82c2b8e4f8c2acd955281b79dc4083479ff35fb7,gx-no-cache=1552919952238 HTTP/1.1" 200 30
186.79.91.52 - - [18/Mar/2019:11:42:51 -0300] "GET /cormun/servlet/solicitudot?1f9d013639a0431d923bfbc21c006b1945820f632d4159134e9489bca6dd82b5,gx-no-cache=1552919952408 HTTP/1.1" 200 53
186.79.91.52 - - [18/Mar/2019:11:42:51 -0300] "POST /cormun/servlet/solicitudot?gx-no-cache=1552919952577 HTTP/1.1" 200 240
186.79.91.52 - - [18/Mar/2019:11:42:51 -0300] "GET /cormun/servlet/solicitudot?1f9d013639a0431d923bfbc21c006b192b518e00cc1b0a3dee11155cbdb85b85cdaf786d5594a1c771a33432dc45d3f2279e5a0eee342518d819cbcfd8cec9320f0a53ac8a6762f4535e453ae385a73634b5282cee4054e2769ea3ce2ef0d778d4e7f3a4efb71689e071fc7e685695e5e70b1f42247775c5aea936a8211917ecd56fe0e1cd95bbcbf69106ebe09302f182d9ab7b9881b389d480953d07e75115a99640b06bc86e695190d027b8dc767cc47f48e7d229d2846173c5c346e06778a2286e84e07f77b083526e4e8bc1aa4cf51e856211bd83af760bc6fce1b05d6b07f9964d4424d28908ac7ae8f796c7a9cdc07c230b99746896389420f6c37fa253d9daffb3233f2de886f44bfa60d167e163a50e95d46e1629ebc713ad94c6daa71a1253042b3274364186ddb19740a547413ecf3e5052353b5cdddbab9309efc3625888e7153446bee701095e47f20e3d9285fbc07bfb3a6470e7eb2c1991927f894df8637539fac97b82cc6723101902b340578dc49ec67b7a5e3e02bac79c,gx-no-cache=1552919952782 HTTP/1.1" 200 30
186.67.172.234 - - [18/Mar/2019:11:42:53 -0300] "GET /cormun/servlet/permisosingoce?INS,0, HTTP/1.1" 200 7162
186.67.172.234 - - [18/Mar/2019:11:42:53 -0300] "GET /cormun/servlet/permisosingoce?INS,0, HTTP/1.1" 200 7162
186.67.172.234 - - [18/Mar/2019:11:42:53 -0300] "GET /cormun/static/gxcfg.js?201752511551633 HTTP/1.1" 200 953
186.67.172.234 - - [18/Mar/2019:11:42:53 -0300] "GET /cormun/static/Resources/prompt.gif HTTP/1.1" 200 902
186.67.172.234 - - [18/Mar/2019:11:42:53 -0300] "GET /cormun/static/permisosingoce.js?20175251155177 HTTP/1.1" 200 25800
186.67.172.234 - - [18/Mar/2019:11:42:53 -0300] "GET /cormun/servlet/permisosingoce?INS,0, HTTP/1.1" 200 7162
186.103.159.186 - - [18/Mar/2019:11:43:02 -0300] "GET /cormun/servlet/solicitudot?4cd21cdeefb5e594240fd6889c83dcf2c946322f872dae9ce0a3c39a6faf9ef67452b6a3789b7d1d71d672640096236862923a8de5003f2df114bb394537542bc632b6f92ff28488ff766ec6d427da29cc0be8b2929e0d366b6ccb386483674f72b17916481e8692fe537dc9e7a4ee5f25500f9989e8f813dececb3283255bb8f8793865834bc1e54910570d9042a7bfdd519414b0fa84d446307f18a9f8c8824238a9ea9d24e6b32cafe9198342f7d1b58a2659a467937cb17f9b77e782a57f8d6c16be6213958ddd0721f2522cdd47,gx-no-cache=1552919963143 HTTP/1.1" 200 29
186.79.91.52 - - [18/Mar/2019:11:43:02 -0300] "POST /cormun/servlet/solicitudot?gx-no-cache=1552919963710 HTTP/1.1" 200 30
186.103.159.186 - - [18/Mar/2019:11:43:02 -0300] "GET /cormun/servlet/solicitudot?4cd21cdeefb5e594240fd6889c83dcf2db04cd70cb9ae313381b95516f10b70e403c805b04555b758e0d180a9205ec45,gx-no-cache=1552919963277 HTTP/1.1" 200 30
186.103.159.186 - - [18/Mar/2019:11:43:03 -0300] "POST /cormun/servlet/solicitudot?gx-no-cache=1552919963411 HTTP/1.1" 200 30
186.103.159.186 - - [18/Mar/2019:11:43:03 -0300] "POST /cormun/servlet/solicitudot?c1e49eee27b14ffced126f5d476a4c97,UPD,2019,14749,,gx-no-cache=1552919964151 HTTP/1.1" 200 93
186.103.159.186 - - [18/Mar/2019:11:43:03 -0300] "GET /cormun/servlet/hpexe_return? HTTP/1.1" 200 1015
186.103.159.186 - - [18/Mar/2019:11:43:04 -0300] "GET /cormun/servlet/trsolicitudot HTTP/1.1" 200 8624
186.79.91.52 - - [18/Mar/2019:11:43:04 -0300] "GET /cormun/servlet/prsolicitudot?11380970,,,,,MD,,gxPopupLevel%3D0%3B HTTP/1.1" 200 6057
186.103.159.186 - - [18/Mar/2019:11:43:05 -0300] "GET /cormun/servlet/trsolicitudot HTTP/1.1" 200 8620
190.171.152.138 - - [18/Mar/2019:11:43:07 -0300] "GET /cormun/servlet/trpermisosgoce? HTTP/1.1" 200 8488
190.171.152.138 - - [18/Mar/2019:11:43:07 -0300] "GET /cormun/servlet/trpermisosgoce? HTTP/1.1" 200 8485
190.171.152.138 - - [18/Mar/2019:11:43:10 -0300] "GET /cormun/servlet/permisogoce?INS,0,,, HTTP/1.1" 200 6791
190.171.152.138 - - [18/Mar/2019:11:43:11 -0300] "GET /cormun/servlet/permisogoce?INS,0,,, HTTP/1.1" 200 6790
186.79.91.52 - - [18/Mar/2019:11:43:12 -0300] "POST /cormun/servlet/solicitudot?gx-no-cache=1552919972775 HTTP/1.1" 200 1370
186.79.91.52 - - [18/Mar/2019:11:43:12 -0300] "GET /cormun/static/Shared/jqueryui/images/ui-bg_highlight-soft_100_c6c2c8_1x100.png HTTP/1.1" 404 1117
186.79.91.52 - - [18/Mar/2019:11:43:12 -0300] "POST /cormun/servlet/solicitudot?gx-no-cache=1552919974048 HTTP/1.1" 200 117
186.79.91.52 - - [18/Mar/2019:11:43:12 -0300] "GET /cormun/static/Shared/jqueryui/images/ui-icons_82798d_256x240.png HTTP/1.1" 404 1089
186.79.91.52 - - [18/Mar/2019:11:43:13 -0300] "GET /cormun/static/Shared/jqueryui/images/ui-bg_flat_55_994d53_40x100.png HTTP/1.1" 404 1097
186.79.91.52 - - [18/Mar/2019:11:43:13 -0300] "GET /cormun/static/Shared/jqueryui/images/ui-icons_ebccce_256x240.png HTTP/1.1" 404 1089
186.79.91.52 - - [18/Mar/2019:11:43:13 -0300] "GET /cormun/servlet/solicitudot?1f9d013639a0431d923bfbc21c006b1924c935006be80d7eed544885b14f5a0a740e15fed619d2732b8cec67cd408f32d539eb636b8218f24ae0f9131b12929fa31d99e9b087619f39ea68e18a65ff9b7511e6b108db08947f157de002d76de810a9559790741b003619ada8aa3ec4d2,gx-no-cache=1552919974352 HTTP/1.1" 200 110
186.79.91.52 - - [18/Mar/2019:11:43:13 -0300] "POST /cormun/servlet/solicitudot?gx-no-cache=1552919974528 HTTP/1.1" 200 64
186.79.91.52 - - [18/Mar/2019:11:43:13 -0300] "GET /cormun/servlet/solicitudot?1f9d013639a0431d923bfbc21c006b19b299fb4dbe39e0d07efb4c8874213e0c3fd59a2ebaade49e08e33178cfa9821400eafd8e6d5e02614f753d7dc806fbb5c304d0938bb99cc7f25eb4bb30abe6c73490562f9e731d9c9f9b47ba707e1179fd939e12f27872f9c4eadf8c44f273603db0d78e9a1a03fd4506157522283e7e3df1bbe1589d4fe2e67f8832c0cb553865659ad1647359070c91fb0b6400dafe,gx-no-cache=1552919974694 HTTP/1.1" 200 29
186.79.91.52 - - [18/Mar/2019:11:43:13 -0300] "GET /cormun/servlet/solicitudot?1f9d013639a0431d923bfbc21c006b19d59243ca26a96aeb184b3634f16bf232,gx-no-cache=1552919974763 HTTP/1.1" 200 30
186.79.91.52 - - [18/Mar/2019:11:43:13 -0300] "GET /cormun/servlet/prcontratosol?11380970,,,,,MD,,gxPopupLevel%3D0%3B HTTP/1.1" 200 7639
190.171.152.138 - - [18/Mar/2019:11:43:17 -0300] "GET /cormun/servlet/permisogoce?5725f157ff3c048f1bab954fa26e48f6702b232ec4192f4772ec0acee94e04941ce85ef4788aeea6ec6a92ea95e3bd46,gx-no-cache=1552923575500 HTTP/1.1" 200 223
190.171.152.138 - - [18/Mar/2019:11:43:17 -0300] "GET /cormun/static/Shared/jqueryui/images/ui-bg_highlight-soft_100_c6c2c8_1x100.png HTTP/1.1" 404 1117
190.171.152.138 - - [18/Mar/2019:11:43:17 -0300] "GET /cormun/static/Shared/jqueryui/images/ui-icons_82798d_256x240.png HTTP/1.1" 404 1089
190.171.152.138 - - [18/Mar/2019:11:43:17 -0300] "GET /cormun/static/Shared/jqueryui/images/ui-bg_flat_55_994d53_40x100.png HTTP/1.1" 404 1097
190.171.152.138 - - [18/Mar/2019:11:43:17 -0300] "GET /cormun/static/Shared/jqueryui/images/ui-icons_ebccce_256x240.png HTTP/1.1" 404 1089
186.103.156.166 - - [18/Mar/2019:11:43:33 -0300] "POST /cormun/servlet/prfichaempleado?5d468c92f3b9ae3aa64bff6fe2ac6e50,,MD,,gxPopupLevel%3D0%3B,gx-no-cache=1552919993388 HTTP/1.1" 200 3477
186.79.91.52 - - [18/Mar/2019:11:43:37 -0300] "POST /cormun/servlet/solicitudot?gx-no-cache=1552919998423 HTTP/1.1" 200 30
186.103.156.166 - - [18/Mar/2019:11:43:37 -0300] "POST /cormun/servlet/solicitudot?gx-no-cache=1552919998296 HTTP/1.1" 200 3579
190.171.152.138 - - [18/Mar/2019:11:43:38 -0300] "GET /cormun/servlet/permisogoce?5725f157ff3c048f1bab954fa26e48f67aa4450d90e67f606284085d11d00b69bf59e2248ba1cc7fd6fffd7aff6363d7,gx-no-cache=1552923596425 HTTP/1.1" 200 75
186.103.156.166 - - [18/Mar/2019:11:43:38 -0300] "POST /cormun/servlet/solicitudot?5d468c92f3b9ae3aa64bff6fe2ac6e50,INS,0,0,,gx-no-cache=1552919998602 HTTP/1.1" 200 11944
190.171.152.138 - - [18/Mar/2019:11:43:41 -0300] "GET /cormun/static/menuarrow.gif HTTP/1.1" 404 1015
186.79.91.52 - - [18/Mar/2019:11:43:47 -0300] "POST /cormun/servlet/solicitudot?gx-no-cache=1552920008583 HTTP/1.1" 200 30
190.171.152.138 - - [18/Mar/2019:11:43:48 -0300] "GET /cormun/servlet/permisogoce?5725f157ff3c048f1bab954fa26e48f643393317f312cad358abeda058f50b73b10c47462eea9f7db12c1cacdc8981d513bb341ad9cca15e5535e5e61bf686f4,gx-no-cache=1552923607282 HTTP/1.1" 200 47
192.168.10.96 - - [18/Mar/2019:11:43:48 -0300] "GET /cormun/servlet/solicitudgral2?UPD,2019,14586, HTTP/1.1" 200 13415
186.79.91.52 - - [18/Mar/2019:11:43:49 -0300] "GET /cormun/servlet/prsolicitudot?11380970,,,,,MD,,gxPopupLevel%3D0%3B HTTP/1.1" 200 6057
192.168.10.96 - - [18/Mar/2019:11:43:49 -0300] "GET /cormun/servlet/solicitudgral2?UPD,2019,14586, HTTP/1.1" 200 13423
192.168.10.96 - - [18/Mar/2019:11:43:50 -0300] "POST /cormun/servlet/solicitudgral2?gx-no-cache=1552927034278 HTTP/1.1" 200 4063
192.168.10.96 - - [18/Mar/2019:11:43:50 -0300] "GET /cormun/servlet/solicitudgral2?479a26045d1d43ffd4f0cc3c4b66c81b4b8cdbf1c2e8fb32cd3f2864dd2cc0309e96408f101b1a155fb6ce56e233c3927ece791449c28fa3f1e11ba4e7f65ec5fd97ca321660ce699842cf5d74119034851a9fdaa51ea2f1a1a699af16ba4eb7a850e2b7d2f670e646648cf63cd46c11c3f122c8754f9e2d6555827154cb2b8e1dd9c68a7ad58a788db3385b28fd05561238422e696e3cf2581c5587b5b742cfb888021b594414b7f481a5f4793aeac3318ece0b2c7b0482833d5149bf816fe2d7561a15b228ffbdf2569f5e0c3a9cc199c22bf5361f0313f96929d9961e6f03cd156a3fde3fa8601a06b27829b4cb71af9aedc1e31f9e04c4a179084e9e8e0f957e12fe45610f17601f67e04114a92508d240968e75642194827401b35aec88c8d55c71904e3effbb8fc5b6fe0456619449accfc3b1c559c755af3b7d89b804b32f259aefd76b867b2f6138bef90f9c,gx-no-cache=1552927034419 HTTP/1.1" 200 255
192.168.10.96 - - [18/Mar/2019:11:43:50 -0300] "GET /cormun/servlet/solicitudgral2?479a26045d1d43ffd4f0cc3c4b66c81b281547199e2acf0b03dbbe24c5cb8f6b288b936806ee098560d0d6e5329d7c544fc87fe185577d7f8464bfceb5163628a6e4be39ad4f9a3e2d293cca4045607a7e5b6f5b16088cac046e3ace036ebe30,gx-no-cache=1552927034439 HTTP/1.1" 200 33
192.168.10.96 - - [18/Mar/2019:11:43:50 -0300] "GET /cormun/servlet/solicitudgral2?479a26045d1d43ffd4f0cc3c4b66c81b94d54d9af1d43021f661913dad4e9c4093d48b09278c1d35b776552c974c2b7ab6de5e7a5fdfa2356ef03720964cf6bfd8b278c08592b40a9cabea4fb7fed7a37745e5cc4aaecde59c3b22e5ee7c1abc94e219683353a5787575865132026864,gx-no-cache=1552927034457 HTTP/1.1" 200 40
192.168.10.96 - - [18/Mar/2019:11:43:50 -0300] "GET /cormun/servlet/solicitudgral2?479a26045d1d43ffd4f0cc3c4b66c81ba63e13fe6b9bb912c3949103c6381e449e96408f101b1a155fb6ce56e233c3927ece791449c28fa3f1e11ba4e7f65ec59b7c2ea8599d7ac50990ed75f6b9ffbe40d7ebb54dbedaf678a76e1671a0f56f,gx-no-cache=1552927034878 HTTP/1.1" 200 30
192.168.10.96 - - [18/Mar/2019:11:43:53 -0300] "POST /cormun/servlet/solicitudgral2?gx-no-cache=1552927037466 HTTP/1.1" 200 72
190.171.152.138 - - [18/Mar/2019:11:43:57 -0300] "POST /cormun/servlet/permisogoce?e03e4f97e862c030c5ce17f40a2adcda,INS,0,,,,gx-no-cache=1552923615080 HTTP/1.1" 200 93
190.171.152.138 - - [18/Mar/2019:11:43:57 -0300] "GET /cormun/servlet/hpexe_return? HTTP/1.1" 200 1014
190.171.152.138 - - [18/Mar/2019:11:43:57 -0300] "GET /cormun/servlet/trpermisosgoce HTTP/1.1" 200 8766
190.171.152.138 - - [18/Mar/2019:11:43:58 -0300] "GET /cormun//static/Resources/PXToolsGridUpdate.png HTTP/1.1" 304 -
190.171.152.138 - - [18/Mar/2019:11:43:58 -0300] "GET /cormun/servlet/trpermisosgoce HTTP/1.1" 200 8762
190.171.152.138 - - [18/Mar/2019:11:44:04 -0300] "GET /cormun/servlet/apermisogoceprn?7723184,P,20190318133635,PU HTTP/1.1" 200 1647
192.168.10.96 - - [18/Mar/2019:11:44:05 -0300] "POST /cormun/servlet/solicitudgral2?24fce8b831c254ffe63d14a1d7bb6dea,UPD,2019,14586,,gx-no-cache=1552927049223 HTTP/1.1" 200 12092
192.168.10.96 - - [18/Mar/2019:11:44:05 -0300] "GET /cormun/servlet/solicitudgral2?479a26045d1d43ffd4f0cc3c4b66c81bd52197bac7fab132abc5ef226f1b4f34cbb2a2caf91085e6da5d45c76487d05ccf7f185cac8da0145e8e6ffc4552733eeff11c2483fb56569785d7f6886e2262cb168e5a4a6d50cb132cb6a9a9504717e311bdfaf1d98cf8ef77caa95655d6f023a1e499aa2085b5867f63e797ce3dae161d0c8bc17882e6145b4294842abafd163d1261df8669b134cc32225230b39c,gx-no-cache=1552927049401 HTTP/1.1" 200 29
192.168.10.96 - - [18/Mar/2019:11:44:05 -0300] "GET /cormun/servlet/solicitudgral2?479a26045d1d43ffd4f0cc3c4b66c81b6cf294619c560691af7a5e36ba3b3ad80cc75930d8b1e13f5d1c5ba075cbf38d781e7093876b79504f752953b0b63d95abb79dbeeac40beb21420e76268ad50f9d17af14e4223a2b0c945002b71f81945f38bb756de0a4c014aac3b28f36e5b5406ae77b8fd72dd716b49471dd673297,gx-no-cache=1552927049417 HTTP/1.1" 200 30
186.67.172.234 - - [18/Mar/2019:11:44:07 -0300] "GET /cormun/servlet/permisosingoce?ab86d87fd61112f93e5155739d663c958953daccd59414092521e6513c82234f08031865861c2f90872d0a986d698ef1,gx-no-cache=1552920025323 HTTP/1.1" 200 183
186.67.172.234 - - [18/Mar/2019:11:44:07 -0300] "GET /cormun/static/Shared/jqueryui/images/ui-bg_highlight-soft_100_c6c2c8_1x100.png HTTP/1.1" 404 1117
186.67.172.234 - - [18/Mar/2019:11:44:07 -0300] "GET /cormun/static/Shared/jqueryui/images/ui-icons_82798d_256x240.png HTTP/1.1" 404 1089
186.67.172.234 - - [18/Mar/2019:11:44:07 -0300] "GET /cormun/static/Shared/jqueryui/images/ui-bg_flat_55_994d53_40x100.png HTTP/1.1" 404 1097
186.67.172.234 - - [18/Mar/2019:11:44:07 -0300] "GET /cormun/static/Shared/jqueryui/images/ui-icons_ebccce_256x240.png HTTP/1.1" 404 1089
192.168.10.96 - - [18/Mar/2019:11:44:10 -0300] "POST /cormun/servlet/solicitudgral2?24fce8b831c254ffe63d14a1d7bb6dea,UPD,2019,14586,,gx-no-cache=1552927054939 HTTP/1.1" 200 93
192.168.10.96 - - [18/Mar/2019:11:44:10 -0300] "GET /cormun/servlet/hpexe_return? HTTP/1.1" 200 1011
192.168.10.96 - - [18/Mar/2019:11:44:11 -0300] "GET /cormun/servlet/trsolicitudgral HTTP/1.1" 200 12953
186.67.172.234 - - [18/Mar/2019:11:44:11 -0300] "GET /cormun/servlet/trpermisosingoce? HTTP/1.1" 200 7273
192.168.10.96 - - [18/Mar/2019:11:44:11 -0300] "GET /cormun/servlet/trsolicitudgral HTTP/1.1" 200 12949
186.67.172.234 - - [18/Mar/2019:11:44:11 -0300] "GET /cormun/servlet/trpermisosingoce? HTTP/1.1" 200 7272
186.79.91.52 - - [18/Mar/2019:11:44:18 -0300] "POST /cormun/servlet/solicitudot?gx-no-cache=1552920039784 HTTP/1.1" 200 1370
186.79.91.52 - - [18/Mar/2019:11:44:18 -0300] "POST /cormun/servlet/solicitudot?gx-no-cache=1552920040142 HTTP/1.1" 200 117
186.79.91.52 - - [18/Mar/2019:11:44:19 -0300] "GET /cormun/servlet/solicitudot?1f9d013639a0431d923bfbc21c006b1924c935006be80d7eed544885b14f5a0a740e15fed619d2732b8cec67cd408f32d539eb636b8218f24ae0f9131b12929fa31d99e9b087619f39ea68e18a65ff9b7511e6b108db08947f157de002d76de810a9559790741b003619ada8aa3ec4d2,gx-no-cache=1552920040316 HTTP/1.1" 200 110
186.79.91.52 - - [18/Mar/2019:11:44:30 -0300] "GET /cormun/servlet/prfichaempleado?,MD,,gxPopupLevel%3D0%3B HTTP/1.1" 200 9431
