192.168.10.96 - - [18/Mar/2019:10:56:26 -0300] "POST /cormun/servlet/solicitudot?8afe3bc3191ed15cf87df61cf8d3f1b5,INS,0,0,,gx-no-cache=1552924190967 HTTP/1.1" 200 11945
190.171.142.18 - - [18/Mar/2019:10:56:27 -0300] "POST /cormun/servlet/solicitudot?4614256cce6a3f092d946565876fa405,UPD,2019,14742,,gx-no-cache=1552917331349 HTTP/1.1" 200 93
190.171.142.18 - - [18/Mar/2019:10:56:27 -0300] "GET /cormun/servlet/hpexe_return? HTTP/1.1" 200 1033
190.171.142.18 - - [18/Mar/2019:10:56:27 -0300] "GET /cormun/servlet/trsolicitudot?gx-no-cache=1552917182734 HTTP/1.1" 200 10149
190.171.142.18 - - [18/Mar/2019:10:56:27 -0300] "GET /cormun/servlet/trsolicitudot?gx-no-cache=1552917182734 HTTP/1.1" 200 10165
192.168.10.96 - - [18/Mar/2019:10:56:30 -0300] "GET /cormun/servlet/solicitudot?bcb9eec3fc1abbfbb245a902981eaccd400cef1e902e6e7cc956b93792636e37c1f2e1e1fa9b52ac239134c13ebbf5ed,gx-no-cache=1552924194613 HTTP/1.1" 200 30
192.168.10.96 - - [18/Mar/2019:10:56:30 -0300] "GET /cormun/servlet/solicitudot?bcb9eec3fc1abbfbb245a902981eaccdc6fa56b01c634e18ed1aa3db93b03c7bfbccf496968e7c4ec5f4db5adbda8f6f8dac7b6233221f84fffcb97867b9fad4,gx-no-cache=1552924194657 HTTP/1.1" 200 30
192.168.10.96 - - [18/Mar/2019:10:56:30 -0300] "GET /cormun/servlet/solicitudot?bcb9eec3fc1abbfbb245a902981eaccda6c00d9850b806c6129b7492072ce09a,gx-no-cache=1552924194675 HTTP/1.1" 200 61
192.168.10.96 - - [18/Mar/2019:10:56:30 -0300] "POST /cormun/servlet/solicitudot?gx-no-cache=1552924194696 HTTP/1.1" 200 240
192.168.10.96 - - [18/Mar/2019:10:56:30 -0300] "GET /cormun/servlet/solicitudot?bcb9eec3fc1abbfbb245a902981eaccd150937eaceaf9f040b8fb1ca3a6a808e1162e3b1234f86327b243c21561dc7973fe016c7e0bfde30eb1cb5bfa8f2aefc08c01b155f01b9d8022d41c7b22a8d8d3fe8a2fff29069af5644552f526ec3107fcd03a997c85962783f18ca14a147d8dcdb0e7726021a822f45a1ffc5d0d3ca6eccaa8ef13d80d671898ccc3cf32812626f2a749e99fe367eae40eda50a54058ec018ec9bbc0c1ba37d60c85b7367b5e7c72a549d1db0e32cd67da46613614bbe6258a97cf343cd4716b18d4536d7b4c49ecf54cd41ae1841b18381ce30be4086fde200c78acc3a229b6647c1b77ed100173faa4cbd50a45af02c1189f551d42103d66ee3642ca7d5117d7ca5caa18ac2cf3d4df75edcd4a3e189290d3de1ac115969abea5a91733053462d92c2e77542c48fbf8772e08a0840bcfb12b7dfbf6192cabd27846df6b807f8bedf3ba59817e0e7584b374f675e6b61601a797a6cae1b0c121df4a5458abdb8ad140b10aad6ac444751fa3665e6e7495d6682cb02,gx-no-cache=1552924194719 HTTP/1.1" 200 30
192.168.10.96 - - [18/Mar/2019:10:56:30 -0300] "POST /cormun/servlet/solicitudot?gx-no-cache=1552924194737 HTTP/1.1" 200 30
192.168.10.96 - - [18/Mar/2019:10:56:30 -0300] "POST /cormun/servlet/solicitudot?gx-no-cache=1552924194757 HTTP/1.1" 200 1289
192.168.10.96 - - [18/Mar/2019:10:56:30 -0300] "POST /cormun/servlet/solicitudot?gx-no-cache=1552924194789 HTTP/1.1" 200 38
192.168.10.96 - - [18/Mar/2019:10:56:30 -0300] "GET /cormun/servlet/solicitudot?bcb9eec3fc1abbfbb245a902981eaccd39df3f5db29d28e900a82c4444e5100d18db3b9fe963c742144c79ad7a0e0de0c7de3717e734a1660800b5b20666864316ffcf17286a56bd79097f3a4dda384f844c517e40fceeb01681450c1f2c1373862026079fbaf66d5701f9abce73f922,gx-no-cache=1552924194870 HTTP/1.1" 200 110
192.168.10.96 - - [18/Mar/2019:10:56:39 -0300] "POST /cormun/servlet/solicitudot?gx-no-cache=1552924203478 HTTP/1.1" 200 97
190.171.142.18 - - [18/Mar/2019:10:56:43 -0300] "POST /cormun/servlet/trsolicitudot?4614256cce6a3f092d946565876fa405,gx-no-cache=1552917182734,gx-no-cache=1552917347990 HTTP/1.1" 200 107
190.171.142.18 - - [18/Mar/2019:10:56:43 -0300] "GET /cormun/servlet/trsolicitudadjuntos?2019,14741, HTTP/1.1" 200 6464
190.171.142.18 - - [18/Mar/2019:10:56:43 -0300] "GET /cormun/static/gxcfg.js?20177612135366 HTTP/1.1" 200 953
190.171.142.18 - - [18/Mar/2019:10:56:43 -0300] "GET /cormun/static/trsolicitudadjuntos.js?20177612135632 HTTP/1.1" 200 17922
190.171.142.18 - - [18/Mar/2019:10:56:44 -0300] "GET /cormun/servlet/trsolicitudadjuntos?2019,14741, HTTP/1.1" 200 6442
192.168.10.96 - - [18/Mar/2019:10:56:46 -0300] "POST /cormun/servlet/solicitudot?gx-no-cache=1552924210650 HTTP/1.1" 200 30
190.171.142.18 - - [18/Mar/2019:10:56:46 -0300] "GET /cormun/servlet/solicitudotadjuntos?INS,2019,14741,,1, HTTP/1.1" 200 6380
190.171.142.18 - - [18/Mar/2019:10:56:46 -0300] "GET /cormun/static/gxcfg.js?2017761244068 HTTP/1.1" 200 953
190.171.142.18 - - [18/Mar/2019:10:56:46 -0300] "GET /cormun/static/solicitudotadjuntos.js?2017761244086 HTTP/1.1" 200 11771
190.171.142.18 - - [18/Mar/2019:10:56:47 -0300] "GET /cormun/static/about:blank HTTP/1.1" 404 1011
190.171.142.18 - - [18/Mar/2019:10:56:47 -0300] "GET /cormun/servlet/solicitudotadjuntos?INS,2019,14741,,1, HTTP/1.1" 200 6373
190.171.142.18 - - [18/Mar/2019:10:56:48 -0300] "GET /cormun/servlet/solicitudotadjuntos?8706bf9f8a18beda8de74644f7c18f30565362ac3bb362fc103803fb659ba3f9526d10c2af7abfb304f736e841b9d5e7,gx-no-cache=1552917352289 HTTP/1.1" 200 30
190.171.142.18 - - [18/Mar/2019:10:56:48 -0300] "POST /cormun/servlet/solicitudotadjuntos?4614256cce6a3f092d946565876fa405,INS,2019,14741,,1,,gx-no-cache=1552917352578 HTTP/1.1" 200 4100
192.168.10.96 - - [18/Mar/2019:10:56:48 -0300] "GET /cormun/servlet/prfichaempleado?,MD,,gxPopupLevel%3D0%3B HTTP/1.1" 200 9303
190.171.142.18 - - [18/Mar/2019:10:56:50 -0300] "POST /cormun/servlet/solicitudotadjuntos?gx-no-cache=1552917354694 HTTP/1.1" 200 26
186.103.156.166 - - [18/Mar/2019:10:56:53 -0300] "GET /cormun/servlet/trsolicitudot? HTTP/1.1" 200 7497
186.103.156.166 - - [18/Mar/2019:10:56:54 -0300] "GET /cormun/servlet/trsolicitudot? HTTP/1.1" 200 7497
186.103.156.166 - - [18/Mar/2019:10:57:01 -0300] "GET /cormun/servlet/solicitudot?INS,0,0, HTTP/1.1" 200 15110
186.103.156.166 - - [18/Mar/2019:10:57:01 -0300] "GET /cormun/static/calendar-system.css?75620 HTTP/1.1" 200 5572
186.103.156.166 - - [18/Mar/2019:10:57:01 -0300] "GET /cormun/static/gxcfg.js?20189101114418 HTTP/1.1" 200 953
186.103.156.166 - - [18/Mar/2019:10:57:01 -0300] "GET /cormun/static/Resources/prompt.gif HTTP/1.1" 200 902
186.103.156.166 - - [18/Mar/2019:10:57:01 -0300] "GET /cormun/static/solicitudot.js?20189101114718 HTTP/1.1" 200 71883
186.103.156.166 - - [18/Mar/2019:10:57:01 -0300] "GET /cormun/servlet/solicitudot?INS,0,0, HTTP/1.1" 200 15115
192.168.10.96 - - [18/Mar/2019:10:57:03 -0300] "POST /cormun/servlet/prfichaempleado?8afe3bc3191ed15cf87df61cf8d3f1b5,,MD,,gxPopupLevel%3D0%3B,gx-no-cache=1552924227501 HTTP/1.1" 200 3484
192.168.10.96 - - [18/Mar/2019:10:57:10 -0300] "POST /cormun/servlet/solicitudot?gx-no-cache=1552924234202 HTTP/1.1" 200 1288
192.168.10.96 - - [18/Mar/2019:10:57:11 -0300] "GET /cormun/servlet/prlicenciaspermisos?17515844,L,,MD,,gxPopupLevel%3D0%3B HTTP/1.1" 200 5829
192.168.10.96 - - [18/Mar/2019:10:57:15 -0300] "POST /cormun/servlet/solicitudot?gx-no-cache=1552924240129 HTTP/1.1" 200 41
192.168.10.96 - - [18/Mar/2019:10:57:15 -0300] "GET /cormun/servlet/solicitudot?bcb9eec3fc1abbfbb245a902981eaccd39df3f5db29d28e900a82c4444e5100d18db3b9fe963c742144c79ad7a0e0de0c7de3717e734a1660800b5b20666864316ffcf17286a56bd79097f3a4dda384f844c517e40fceeb01681450c1f2c1373862026079fbaf66d5701f9abce73f922,gx-no-cache=1552924240155 HTTP/1.1" 200 110
192.168.10.96 - - [18/Mar/2019:10:57:16 -0300] "POST /cormun/servlet/solicitudot?gx-no-cache=1552924240233 HTTP/1.1" 200 97
192.168.10.96 - - [18/Mar/2019:10:57:16 -0300] "GET /cormun/servlet/solicitudot?bcb9eec3fc1abbfbb245a902981eaccde204c61bf0b879a7c72199bf77a82030f26a95405da57227d268c8a51e45a4d622c2eb2135ed1eccf70d896cbe040e536f899dd44b2eac7f89fa5e5f01ab1087f5b09dde91046ccffc767ec4648237b7ad5f5d1fb90c335868aaf2cddfe2ea173193d890f5c112e10916268544f32654eca375ce9061c535724857fc5ccff67c25e5d6367552d7bc0d402bf364ead54a0356de6dc8001f10a98e97c82e54a87671c7c38617acb765287671e9af3755f45bbf09a987501d0f0948185a4980651f,gx-no-cache=1552924240269 HTTP/1.1" 200 29
192.168.10.96 - - [18/Mar/2019:10:57:23 -0300] "GET /cormun/servlet/solicitudot?bcb9eec3fc1abbfbb245a902981eaccd227e6d964777e876627ed9f7eb84fe8f658052705638438636633d3199982fe9,gx-no-cache=1552924247593 HTTP/1.1" 200 30
192.168.10.96 - - [18/Mar/2019:10:57:25 -0300] "POST /cormun/servlet/solicitudot?gx-no-cache=1552924250105 HTTP/1.1" 200 34
192.168.10.96 - - [18/Mar/2019:10:57:30 -0300] "POST /cormun/servlet/solicitudot?8afe3bc3191ed15cf87df61cf8d3f1b5,INS,0,0,,gx-no-cache=1552924254821 HTTP/1.1" 200 93
192.168.10.96 - - [18/Mar/2019:10:57:30 -0300] "GET /cormun/servlet/hpexe_return? HTTP/1.1" 200 1009
192.168.10.96 - - [18/Mar/2019:10:57:31 -0300] "GET /cormun/servlet/trsolicitudot HTTP/1.1" 200 8880
192.168.10.96 - - [18/Mar/2019:10:57:31 -0300] "GET /cormun/servlet/trsolicitudot HTTP/1.1" 200 8876
186.103.156.166 - - [18/Mar/2019:10:57:32 -0300] "GET /cormun/static/Resources/resize.gif HTTP/1.1" 200 77
186.103.156.166 - - [18/Mar/2019:10:57:33 -0300] "GET /cormun/servlet/prfichaempleado?,MD,,gxPopupLevel%3D0%3B HTTP/1.1" 200 9358
186.103.156.166 - - [18/Mar/2019:10:57:33 -0300] "GET /cormun/static/gxui/gxui-all.css?110300 HTTP/1.1" 200 2179
186.103.156.166 - - [18/Mar/2019:10:57:33 -0300] "GET /cormun/static/gxcfg.js?20177612134814 HTTP/1.1" 200 953
186.103.156.166 - - [18/Mar/2019:10:57:33 -0300] "GET /cormun/static/Resources/PXToolsMenuSearch.png HTTP/1.1" 200 2914
186.103.156.166 - - [18/Mar/2019:10:57:33 -0300] "GET /cormun/static/Resources/PXToolsMenuSearchCancel.png HTTP/1.1" 200 2972
186.103.156.166 - - [18/Mar/2019:10:57:33 -0300] "GET /cormun/static/prfichaempleado.js?20177612134999 HTTP/1.1" 200 16006
186.103.156.166 - - [18/Mar/2019:10:57:33 -0300] "GET /cormun/static/menusearch.js?201610171694467 HTTP/1.1" 200 1424
186.103.156.166 - - [18/Mar/2019:10:57:33 -0300] "GET /cormun/static/hmpwkw011.js?20177612121862 HTTP/1.1" 200 1968
186.103.156.166 - - [18/Mar/2019:10:57:33 -0300] "GET /cormun/static/Shared/ext/resources/css/ext-all.css?205870 HTTP/1.1" 200 416045
192.168.10.96 - - [18/Mar/2019:10:57:33 -0300] "POST /cormun/servlet/trsolicitudot?8afe3bc3191ed15cf87df61cf8d3f1b5,gx-no-cache=1552924257777 HTTP/1.1" 200 4777
192.168.10.96 - - [18/Mar/2019:10:57:33 -0300] "GET /cormun/static/Shared/jqueryui/images/ui-icons_82798d_256x240.png HTTP/1.1" 404 1089
192.168.10.96 - - [18/Mar/2019:10:57:33 -0300] "GET /cormun/static/Shared/jqueryui/images/ui-bg_highlight-soft_100_c6c2c8_1x100.png HTTP/1.1" 404 1117
192.168.10.96 - - [18/Mar/2019:10:57:33 -0300] "GET /cormun/static/Shared/jqueryui/images/ui-icons_8d78a5_256x240.png HTTP/1.1" 404 1089
192.168.10.96 - - [18/Mar/2019:10:57:33 -0300] "GET /cormun/static/Shared/jqueryui/images/ui-bg_flat_55_fafafa_40x100.png HTTP/1.1" 404 1097
192.168.10.96 - - [18/Mar/2019:10:57:33 -0300] "POST /cormun/servlet/trsolicitudot?8afe3bc3191ed15cf87df61cf8d3f1b5,gx-no-cache=1552924257979 HTTP/1.1" 200 4538
192.168.10.96 - - [18/Mar/2019:10:57:36 -0300] "GET /cormun/servlet/trautorizarsolicitud? HTTP/1.1" 200 8766
192.168.10.96 - - [18/Mar/2019:10:57:36 -0300] "GET /cormun/servlet/trautorizarsolicitud? HTTP/1.1" 200 8765
192.168.10.96 - - [18/Mar/2019:10:57:38 -0300] "POST /cormun/servlet/trautorizarsolicitud?8afe3bc3191ed15cf87df61cf8d3f1b5,,gx-no-cache=1552924262940 HTTP/1.1" 200 4710
192.168.10.96 - - [18/Mar/2019:10:57:38 -0300] "GET /cormun/static/Shared/jqueryui/images/ui-icons_82798d_256x240.png HTTP/1.1" 404 1089
192.168.10.96 - - [18/Mar/2019:10:57:38 -0300] "GET /cormun/static/Shared/jqueryui/images/ui-bg_highlight-soft_100_c6c2c8_1x100.png HTTP/1.1" 404 1117
192.168.10.96 - - [18/Mar/2019:10:57:38 -0300] "GET /cormun/static/Shared/jqueryui/images/ui-icons_8d78a5_256x240.png HTTP/1.1" 404 1089
192.168.10.96 - - [18/Mar/2019:10:57:38 -0300] "GET /cormun/static/Shared/jqueryui/images/ui-bg_flat_55_fafafa_40x100.png HTTP/1.1" 404 1097
192.168.10.96 - - [18/Mar/2019:10:57:38 -0300] "POST /cormun/servlet/trautorizarsolicitud?8afe3bc3191ed15cf87df61cf8d3f1b5,,gx-no-cache=1552924263127 HTTP/1.1" 200 4470
190.171.142.18 - - [18/Mar/2019:10:57:57 -0300] "GET /cormun/servlet/solicitudotadjuntos?8706bf9f8a18beda8de74644f7c18f30feb0a7e400d566a9cb178aa6f47dcf03,gx-no-cache=1552917422025 HTTP/1.1" 200 30
190.171.142.18 - - [18/Mar/2019:10:57:57 -0300] "GET /cormun/servlet/solicitudotadjuntos?8706bf9f8a18beda8de74644f7c18f30feb0a7e400d566a9cb178aa6f47dcf03,gx-no-cache=1552917422165 HTTP/1.1" 200 30
190.171.142.18 - - [18/Mar/2019:10:57:58 -0300] "POST /cormun/servlet/solicitudotadjuntos?4614256cce6a3f092d946565876fa405,INS,2019,14741,,1, HTTP/1.1" 200 116
190.171.142.18 - - [18/Mar/2019:10:57:59 -0300] "GET /cormun/servlet/hpexe_return? HTTP/1.1" 200 1025
190.171.142.18 - - [18/Mar/2019:10:57:59 -0300] "GET /cormun/servlet/trsolicitudadjuntos?2019,14741, HTTP/1.1" 200 9018
190.171.142.18 - - [18/Mar/2019:10:57:59 -0300] "GET /cormun/servlet/trsolicitudadjuntos?2019,14741, HTTP/1.1" 200 9016
190.171.142.18 - - [18/Mar/2019:10:58:01 -0300] "GET /cormun/servlet/solicitudotadjuntos?INS,2019,14741,,1, HTTP/1.1" 200 6379
190.171.142.18 - - [18/Mar/2019:10:58:01 -0300] "GET /cormun/static/about:blank HTTP/1.1" 404 1011
190.171.142.18 - - [18/Mar/2019:10:58:01 -0300] "GET /cormun/servlet/solicitudotadjuntos?INS,2019,14741,,1, HTTP/1.1" 200 6372
190.171.142.18 - - [18/Mar/2019:10:58:02 -0300] "GET /cormun/servlet/solicitudotadjuntos?8706bf9f8a18beda8de74644f7c18f30565362ac3bb362fc103803fb659ba3f9526d10c2af7abfb304f736e841b9d5e7,gx-no-cache=1552917426538 HTTP/1.1" 200 30
190.171.142.18 - - [18/Mar/2019:10:58:02 -0300] "POST /cormun/servlet/solicitudotadjuntos?4614256cce6a3f092d946565876fa405,INS,2019,14741,,1,,gx-no-cache=1552917426613 HTTP/1.1" 200 4100
190.171.142.18 - - [18/Mar/2019:10:58:04 -0300] "POST /cormun/servlet/solicitudotadjuntos?gx-no-cache=1552917428712 HTTP/1.1" 200 26
190.171.142.18 - - [18/Mar/2019:10:58:16 -0300] "GET /cormun/servlet/solicitudotadjuntos?8706bf9f8a18beda8de74644f7c18f30feb0a7e400d566a9cb178aa6f47dcf03,gx-no-cache=1552917440512 HTTP/1.1" 200 30
190.171.142.18 - - [18/Mar/2019:10:58:16 -0300] "GET /cormun/servlet/solicitudotadjuntos?8706bf9f8a18beda8de74644f7c18f30feb0a7e400d566a9cb178aa6f47dcf03,gx-no-cache=1552917440525 HTTP/1.1" 200 30
190.171.142.18 - - [18/Mar/2019:10:58:16 -0300] "POST /cormun/servlet/solicitudotadjuntos?4614256cce6a3f092d946565876fa405,INS,2019,14741,,1, HTTP/1.1" 200 116
190.171.142.18 - - [18/Mar/2019:10:58:16 -0300] "GET /cormun/servlet/hpexe_return? HTTP/1.1" 200 1025
190.171.142.18 - - [18/Mar/2019:10:58:16 -0300] "GET /cormun/servlet/trsolicitudadjuntos?2019,14741, HTTP/1.1" 200 9252
190.171.142.18 - - [18/Mar/2019:10:58:16 -0300] "GET /cormun/servlet/trsolicitudadjuntos?2019,14741, HTTP/1.1" 200 9252
190.171.142.18 - - [18/Mar/2019:10:58:18 -0300] "GET /cormun/servlet/solicitudotadjuntos?INS,2019,14741,,1, HTTP/1.1" 200 6379
190.171.142.18 - - [18/Mar/2019:10:58:18 -0300] "GET /cormun/static/about:blank HTTP/1.1" 404 1011
190.171.142.18 - - [18/Mar/2019:10:58:18 -0300] "GET /cormun/servlet/solicitudotadjuntos?INS,2019,14741,,1, HTTP/1.1" 200 6372
190.171.142.18 - - [18/Mar/2019:10:58:19 -0300] "GET /cormun/servlet/solicitudotadjuntos?8706bf9f8a18beda8de74644f7c18f30565362ac3bb362fc103803fb659ba3f9526d10c2af7abfb304f736e841b9d5e7,gx-no-cache=1552917443713 HTTP/1.1" 200 30
190.171.142.18 - - [18/Mar/2019:10:58:19 -0300] "POST /cormun/servlet/solicitudotadjuntos?4614256cce6a3f092d946565876fa405,INS,2019,14741,,1,,gx-no-cache=1552917443789 HTTP/1.1" 200 4100
190.171.142.18 - - [18/Mar/2019:10:58:20 -0300] "POST /cormun/servlet/solicitudotadjuntos?gx-no-cache=1552917445416 HTTP/1.1" 200 26
190.171.142.18 - - [18/Mar/2019:10:58:24 -0300] "GET /cormun/servlet/solicitudotadjuntos?8706bf9f8a18beda8de74644f7c18f30feb0a7e400d566a9cb178aa6f47dcf03,gx-no-cache=1552917448864 HTTP/1.1" 200 30
190.171.142.18 - - [18/Mar/2019:10:58:24 -0300] "GET /cormun/servlet/solicitudotadjuntos?8706bf9f8a18beda8de74644f7c18f30feb0a7e400d566a9cb178aa6f47dcf03,gx-no-cache=1552917448877 HTTP/1.1" 200 30
190.171.142.18 - - [18/Mar/2019:10:58:24 -0300] "POST /cormun/servlet/solicitudotadjuntos?4614256cce6a3f092d946565876fa405,INS,2019,14741,,1, HTTP/1.1" 200 116
190.171.142.18 - - [18/Mar/2019:10:58:24 -0300] "GET /cormun/servlet/hpexe_return? HTTP/1.1" 200 1025
190.171.142.18 - - [18/Mar/2019:10:58:24 -0300] "GET /cormun/servlet/trsolicitudadjuntos?2019,14741, HTTP/1.1" 200 9438
190.171.142.18 - - [18/Mar/2019:10:58:25 -0300] "GET /cormun/servlet/trsolicitudadjuntos?2019,14741, HTTP/1.1" 200 9436
190.171.142.18 - - [18/Mar/2019:10:58:27 -0300] "GET /cormun/servlet/solicitudotadjuntos?INS,2019,14741,,1, HTTP/1.1" 200 6379
190.171.142.18 - - [18/Mar/2019:10:58:27 -0300] "GET /cormun/static/about:blank HTTP/1.1" 404 1011
190.171.142.18 - - [18/Mar/2019:10:58:27 -0300] "GET /cormun/servlet/solicitudotadjuntos?INS,2019,14741,,1, HTTP/1.1" 200 6372
190.171.142.18 - - [18/Mar/2019:10:58:27 -0300] "GET /cormun/servlet/solicitudotadjuntos?8706bf9f8a18beda8de74644f7c18f30565362ac3bb362fc103803fb659ba3f9526d10c2af7abfb304f736e841b9d5e7,gx-no-cache=1552917452442 HTTP/1.1" 200 30
190.171.142.18 - - [18/Mar/2019:10:58:28 -0300] "POST /cormun/servlet/solicitudotadjuntos?4614256cce6a3f092d946565876fa405,INS,2019,14741,,1,,gx-no-cache=1552917452468 HTTP/1.1" 200 4100
190.171.142.18 - - [18/Mar/2019:10:58:29 -0300] "POST /cormun/servlet/solicitudotadjuntos?gx-no-cache=1552917453880 HTTP/1.1" 200 26
190.171.142.18 - - [18/Mar/2019:10:58:34 -0300] "GET /cormun/servlet/solicitudotadjuntos?8706bf9f8a18beda8de74644f7c18f30feb0a7e400d566a9cb178aa6f47dcf03,gx-no-cache=1552917458536 HTTP/1.1" 200 30
190.171.142.18 - - [18/Mar/2019:10:58:34 -0300] "GET /cormun/servlet/solicitudotadjuntos?8706bf9f8a18beda8de74644f7c18f30feb0a7e400d566a9cb178aa6f47dcf03,gx-no-cache=1552917458641 HTTP/1.1" 200 30
190.171.142.18 - - [18/Mar/2019:10:58:34 -0300] "POST /cormun/servlet/solicitudotadjuntos?4614256cce6a3f092d946565876fa405,INS,2019,14741,,1, HTTP/1.1" 200 116
190.171.142.18 - - [18/Mar/2019:10:58:34 -0300] "GET /cormun/servlet/hpexe_return? HTTP/1.1" 200 1025
190.171.142.18 - - [18/Mar/2019:10:58:35 -0300] "GET /cormun/servlet/trsolicitudadjuntos?2019,14741, HTTP/1.1" 200 9665
190.171.142.18 - - [18/Mar/2019:10:58:35 -0300] "GET /cormun/servlet/trsolicitudadjuntos?2019,14741, HTTP/1.1" 200 9664
186.103.156.166 - - [18/Mar/2019:10:58:36 -0300] "POST /cormun/servlet/prfichaempleado?5d468c92f3b9ae3aa64bff6fe2ac6e50,,MD,,gxPopupLevel%3D0%3B,gx-no-cache=1552917297234 HTTP/1.1" 200 3477
190.171.142.18 - - [18/Mar/2019:10:58:38 -0300] "GET /cormun/servlet/solicitudotadjuntos?INS,2019,14741,,1, HTTP/1.1" 200 6380
190.171.142.18 - - [18/Mar/2019:10:58:38 -0300] "GET /cormun/static/about:blank HTTP/1.1" 404 1011
190.171.142.18 - - [18/Mar/2019:10:58:38 -0300] "GET /cormun/servlet/solicitudotadjuntos?INS,2019,14741,,1, HTTP/1.1" 200 6373
190.171.142.18 - - [18/Mar/2019:10:58:38 -0300] "GET /cormun/servlet/solicitudotadjuntos?8706bf9f8a18beda8de74644f7c18f30565362ac3bb362fc103803fb659ba3f9526d10c2af7abfb304f736e841b9d5e7,gx-no-cache=1552917463200 HTTP/1.1" 200 30
190.171.142.18 - - [18/Mar/2019:10:58:38 -0300] "POST /cormun/servlet/solicitudotadjuntos?4614256cce6a3f092d946565876fa405,INS,2019,14741,,1,,gx-no-cache=1552917463230 HTTP/1.1" 200 4100
192.168.10.96 - - [18/Mar/2019:10:58:39 -0300] "GET /cormun/static/Shared/jqueryui/images/ui-bg_highlight-soft_100_eae6ea_1x100.png HTTP/1.1" 404 1117
190.171.142.18 - - [18/Mar/2019:10:58:40 -0300] "POST /cormun/servlet/solicitudotadjuntos?gx-no-cache=1552917465096 HTTP/1.1" 200 26
190.171.142.18 - - [18/Mar/2019:10:58:44 -0300] "GET /cormun/servlet/solicitudotadjuntos?8706bf9f8a18beda8de74644f7c18f30feb0a7e400d566a9cb178aa6f47dcf03,gx-no-cache=1552917468344 HTTP/1.1" 200 30
190.171.142.18 - - [18/Mar/2019:10:58:44 -0300] "GET /cormun/servlet/solicitudotadjuntos?8706bf9f8a18beda8de74644f7c18f30feb0a7e400d566a9cb178aa6f47dcf03,gx-no-cache=1552917468491 HTTP/1.1" 200 30
190.171.142.18 - - [18/Mar/2019:10:58:44 -0300] "POST /cormun/servlet/solicitudotadjuntos?4614256cce6a3f092d946565876fa405,INS,2019,14741,,1, HTTP/1.1" 200 116
190.171.142.18 - - [18/Mar/2019:10:58:44 -0300] "GET /cormun/servlet/hpexe_return? HTTP/1.1" 200 1025
186.103.156.166 - - [18/Mar/2019:10:58:44 -0300] "POST /cormun/servlet/solicitudot?gx-no-cache=1552917305310 HTTP/1.1" 200 3579
190.171.142.18 - - [18/Mar/2019:10:58:44 -0300] "GET /cormun/servlet/trsolicitudadjuntos?2019,14741, HTTP/1.1" 200 9995
186.103.156.166 - - [18/Mar/2019:10:58:45 -0300] "POST /cormun/servlet/solicitudot?5d468c92f3b9ae3aa64bff6fe2ac6e50,INS,0,0,,gx-no-cache=1552917305563 HTTP/1.1" 200 11942
190.171.142.18 - - [18/Mar/2019:10:58:45 -0300] "GET /cormun/servlet/trsolicitudadjuntos?2019,14741, HTTP/1.1" 200 9994
190.171.142.18 - - [18/Mar/2019:10:58:47 -0300] "GET /cormun/servlet/solicitudotadjuntos?INS,2019,14741,,1, HTTP/1.1" 200 6380
190.171.142.18 - - [18/Mar/2019:10:58:47 -0300] "GET /cormun/static/about:blank HTTP/1.1" 404 1011
190.171.142.18 - - [18/Mar/2019:10:58:48 -0300] "GET /cormun/servlet/solicitudotadjuntos?INS,2019,14741,,1, HTTP/1.1" 200 6373
190.171.142.18 - - [18/Mar/2019:10:58:48 -0300] "GET /cormun/servlet/solicitudotadjuntos?8706bf9f8a18beda8de74644f7c18f30565362ac3bb362fc103803fb659ba3f9526d10c2af7abfb304f736e841b9d5e7,gx-no-cache=1552917472958 HTTP/1.1" 200 30
190.171.142.18 - - [18/Mar/2019:10:58:48 -0300] "POST /cormun/servlet/solicitudotadjuntos?4614256cce6a3f092d946565876fa405,INS,2019,14741,,1,,gx-no-cache=1552917472997 HTTP/1.1" 200 4100
192.168.10.96 - - [18/Mar/2019:10:58:51 -0300] "POST /cormun/servlet/trautorizarsolicitud?8afe3bc3191ed15cf87df61cf8d3f1b5,,gx-no-cache=1552924335723 HTTP/1.1" 200 4500
190.171.142.18 - - [18/Mar/2019:10:58:51 -0300] "POST /cormun/servlet/solicitudotadjuntos?gx-no-cache=1552917476040 HTTP/1.1" 200 26
192.168.10.96 - - [18/Mar/2019:10:58:52 -0300] "POST /cormun/servlet/trautorizarsolicitud?8afe3bc3191ed15cf87df61cf8d3f1b5,,gx-no-cache=1552924336369 HTTP/1.1" 200 4500
192.168.10.96 - - [18/Mar/2019:10:58:52 -0300] "POST /cormun/servlet/trautorizarsolicitud?8afe3bc3191ed15cf87df61cf8d3f1b5,,gx-no-cache=1552924336555 HTTP/1.1" 200 4500
192.168.10.96 - - [18/Mar/2019:10:58:52 -0300] "POST /cormun/servlet/trautorizarsolicitud?8afe3bc3191ed15cf87df61cf8d3f1b5,,gx-no-cache=1552924336750 HTTP/1.1" 200 4499
192.168.10.96 - - [18/Mar/2019:10:58:52 -0300] "POST /cormun/servlet/trautorizarsolicitud?8afe3bc3191ed15cf87df61cf8d3f1b5,,gx-no-cache=1552924336923 HTTP/1.1" 200 4500
192.168.10.96 - - [18/Mar/2019:10:58:52 -0300] "POST /cormun/servlet/trautorizarsolicitud?8afe3bc3191ed15cf87df61cf8d3f1b5,,gx-no-cache=1552924337097 HTTP/1.1" 200 4500
192.168.10.96 - - [18/Mar/2019:10:58:53 -0300] "POST /cormun/servlet/trautorizarsolicitud?8afe3bc3191ed15cf87df61cf8d3f1b5,,gx-no-cache=1552924337273 HTTP/1.1" 200 4500
192.168.10.96 - - [18/Mar/2019:10:58:53 -0300] "POST /cormun/servlet/trautorizarsolicitud?8afe3bc3191ed15cf87df61cf8d3f1b5,,gx-no-cache=1552924337449 HTTP/1.1" 200 4500
192.168.10.96 - - [18/Mar/2019:10:58:53 -0300] "POST /cormun/servlet/trautorizarsolicitud?8afe3bc3191ed15cf87df61cf8d3f1b5,,gx-no-cache=1552924337633 HTTP/1.1" 200 4499
192.168.10.96 - - [18/Mar/2019:10:58:53 -0300] "POST /cormun/servlet/trautorizarsolicitud?8afe3bc3191ed15cf87df61cf8d3f1b5,,gx-no-cache=1552924337801 HTTP/1.1" 200 4499
192.168.10.96 - - [18/Mar/2019:10:58:53 -0300] "POST /cormun/servlet/trautorizarsolicitud?8afe3bc3191ed15cf87df61cf8d3f1b5,,gx-no-cache=1552924337995 HTTP/1.1" 200 4500
186.103.156.166 - - [18/Mar/2019:10:58:57 -0300] "GET /cormun/servlet/solicitudot?4430d1b76e6e5cd18552d1b6bbe909ab41c6a90e5121afaf71b36964320c89e53900334e2c97747eb5fbe45cd9027920,gx-no-cache=1552917318028 HTTP/1.1" 200 30
186.103.156.166 - - [18/Mar/2019:10:58:57 -0300] "GET /cormun/servlet/solicitudot?4430d1b76e6e5cd18552d1b6bbe909ab56ab21d063316825b50da37cf193b8711f49663eedfe79dc82d982f0f5ddca56751f05e08fbef3bef8d0c4bcf317ba21,gx-no-cache=1552917318083 HTTP/1.1" 200 30
186.103.156.166 - - [18/Mar/2019:10:58:57 -0300] "GET /cormun/servlet/solicitudot?4430d1b76e6e5cd18552d1b6bbe909ab6a75276254b32c6d619285ba016882af,gx-no-cache=1552917318110 HTTP/1.1" 200 53
186.103.156.166 - - [18/Mar/2019:10:58:57 -0300] "POST /cormun/servlet/solicitudot?gx-no-cache=1552917318153 HTTP/1.1" 200 255
186.103.156.166 - - [18/Mar/2019:10:58:57 -0300] "GET /cormun/servlet/solicitudot?4430d1b76e6e5cd18552d1b6bbe909abc12f08092c6b43a3a7e69704ef8db20000530c9ada4a6a2399b6521d6687f25626423b59983bde0b64a18682b6d249e458c532b62982bdd6240114eb4aa310659f6d1bd2e3cfd6ac5f8816b3589d33fdc8c17a2c99f3b471d58e9c23e12dcc0f29d03ff0f9a47cf682ddf9e20a981e145c1664073386539eedc60383e37838f108b0988d009d110080f396769b754342c57d71756b31867c6cc6d086274c09617136980d1762004ab915c77bc74d60cfc58af7fe3a1ada609d2bcf2d448a5e17fb8d5e0257d7d09c18c5be0e2c4b38ee2479271f92f039570c0e7b9406837c967c9e8d3e2d7f368057d351b639ad274f4e09f336289a19da5f0dda9bcf7bf419aef66d8455afe4ca134eafb24afce3daa8d830e86c2c8632364ed88ce8841719d23f7c82de2de2190dd8f300dba5f00cf6d6e13ae82e5b8343ffcd3a7158772146e3477f9be2e3d11b9ab6d72d8af39acb1983ce22382f1924a37fbcc6b35babc5b93420b9c2f9fd3889350c46049f1b,gx-no-cache=1552917318235 HTTP/1.1" 200 30
190.171.142.18 - - [18/Mar/2019:10:58:57 -0300] "GET /cormun/servlet/solicitudotadjuntos?8706bf9f8a18beda8de74644f7c18f30feb0a7e400d566a9cb178aa6f47dcf03,gx-no-cache=1552917482176 HTTP/1.1" 200 30
190.171.142.18 - - [18/Mar/2019:10:58:57 -0300] "GET /cormun/servlet/solicitudotadjuntos?8706bf9f8a18beda8de74644f7c18f30feb0a7e400d566a9cb178aa6f47dcf03,gx-no-cache=1552917482237 HTTP/1.1" 200 30
192.168.10.96 - - [18/Mar/2019:10:58:58 -0300] "POST /cormun/servlet/trautorizarsolicitud?8afe3bc3191ed15cf87df61cf8d3f1b5,,gx-no-cache=1552924342290 HTTP/1.1" 200 5879
190.171.142.18 - - [18/Mar/2019:10:58:58 -0300] "POST /cormun/servlet/solicitudotadjuntos?4614256cce6a3f092d946565876fa405,INS,2019,14741,,1, HTTP/1.1" 200 116
190.171.142.18 - - [18/Mar/2019:10:58:58 -0300] "GET /cormun/servlet/hpexe_return? HTTP/1.1" 200 1025
190.171.142.18 - - [18/Mar/2019:10:58:59 -0300] "GET /cormun/servlet/trsolicitudadjuntos?2019,14741, HTTP/1.1" 200 10222
190.171.142.18 - - [18/Mar/2019:10:58:59 -0300] "GET /cormun/servlet/trsolicitudadjuntos?2019,14741, HTTP/1.1" 200 10222
190.171.142.18 - - [18/Mar/2019:10:59:01 -0300] "POST /cormun/servlet/trsolicitudadjuntos?4614256cce6a3f092d946565876fa405,2019,14741,,gx-no-cache=1552917486011 HTTP/1.1" 200 90
190.171.142.18 - - [18/Mar/2019:10:59:01 -0300] "GET /cormun/servlet/hpexe_link HTTP/1.1" 200 987
190.171.142.18 - - [18/Mar/2019:10:59:01 -0300] "GET /cormun/servlet/trsolicitudot?gx-no-cache=1552917182734 HTTP/1.1" 200 10145
190.171.142.18 - - [18/Mar/2019:10:59:02 -0300] "GET /cormun/servlet/trsolicitudot?gx-no-cache=1552917182734 HTTP/1.1" 200 10165
190.171.142.18 - - [18/Mar/2019:10:59:05 -0300] "POST /cormun/servlet/trsolicitudot?4614256cce6a3f092d946565876fa405,gx-no-cache=1552917182734,gx-no-cache=1552917489653 HTTP/1.1" 200 6862
190.171.142.18 - - [18/Mar/2019:10:59:05 -0300] "GET /cormun/static/Shared/jqueryui/images/ui-bg_highlight-soft_100_c6c2c8_1x100.png HTTP/1.1" 404 1117
190.171.142.18 - - [18/Mar/2019:10:59:05 -0300] "GET /cormun/static/Shared/jqueryui/images/ui-icons_82798d_256x240.png HTTP/1.1" 404 1089
190.171.142.18 - - [18/Mar/2019:10:59:05 -0300] "GET /cormun/static/Shared/jqueryui/images/ui-icons_8d78a5_256x240.png HTTP/1.1" 404 1089
190.171.142.18 - - [18/Mar/2019:10:59:05 -0300] "GET /cormun/static/Shared/jqueryui/images/ui-bg_flat_55_fafafa_40x100.png HTTP/1.1" 404 1097
190.171.142.18 - - [18/Mar/2019:10:59:05 -0300] "POST /cormun/servlet/trsolicitudot?4614256cce6a3f092d946565876fa405,gx-no-cache=1552917182734,gx-no-cache=1552917489933 HTTP/1.1" 200 6805
190.171.142.18 - - [18/Mar/2019:10:59:06 -0300] "POST /cormun/servlet/trsolicitudot?4614256cce6a3f092d946565876fa405,gx-no-cache=1552917182734,gx-no-cache=1552917491203 HTTP/1.1" 200 6446
190.171.142.18 - - [18/Mar/2019:10:59:07 -0300] "POST /cormun/servlet/trsolicitudot?4614256cce6a3f092d946565876fa405,gx-no-cache=1552917182734,gx-no-cache=1552917491455 HTTP/1.1" 200 6389
186.103.156.166 - - [18/Mar/2019:10:59:08 -0300] "POST /cormun/servlet/solicitudot?gx-no-cache=1552917328702 HTTP/1.1" 200 30
190.171.142.18 - - [18/Mar/2019:10:59:08 -0300] "GET /cormun/servlet/trautorizarsolicitud? HTTP/1.1" 200 9233
190.171.142.18 - - [18/Mar/2019:10:59:09 -0300] "GET /cormun/servlet/trautorizarsolicitud? HTTP/1.1" 200 9208
190.171.142.18 - - [18/Mar/2019:10:59:17 -0300] "POST /cormun/servlet/trautorizarsolicitud?4614256cce6a3f092d946565876fa405,,gx-no-cache=1552917501356 HTTP/1.1" 200 5932
190.171.142.18 - - [18/Mar/2019:10:59:17 -0300] "GET /cormun/static/Shared/jqueryui/images/ui-bg_highlight-soft_100_c6c2c8_1x100.png HTTP/1.1" 404 1117
190.171.142.18 - - [18/Mar/2019:10:59:17 -0300] "GET /cormun/static/Shared/jqueryui/images/ui-icons_82798d_256x240.png HTTP/1.1" 404 1089
190.171.142.18 - - [18/Mar/2019:10:59:17 -0300] "GET /cormun/static/Shared/jqueryui/images/ui-icons_8d78a5_256x240.png HTTP/1.1" 404 1089
190.171.142.18 - - [18/Mar/2019:10:59:17 -0300] "GET /cormun/static/Shared/jqueryui/images/ui-bg_flat_55_fafafa_40x100.png HTTP/1.1" 404 1097
190.171.142.18 - - [18/Mar/2019:10:59:17 -0300] "POST /cormun/servlet/trautorizarsolicitud?4614256cce6a3f092d946565876fa405,,gx-no-cache=1552917501563 HTTP/1.1" 200 5877
190.171.142.18 - - [18/Mar/2019:10:59:17 -0300] "POST /cormun/servlet/trautorizarsolicitud?4614256cce6a3f092d946565876fa405,,gx-no-cache=1552917502337 HTTP/1.1" 200 4712
190.171.142.18 - - [18/Mar/2019:10:59:18 -0300] "POST /cormun/servlet/trautorizarsolicitud?4614256cce6a3f092d946565876fa405,,gx-no-cache=1552917502526 HTTP/1.1" 200 4474
192.168.10.96 - - [18/Mar/2019:10:59:18 -0300] "GET /cormun/servlet/hlogin HTTP/1.1" 200 1748
186.103.156.166 - - [18/Mar/2019:10:59:19 -0300] "POST /cormun/servlet/solicitudot?gx-no-cache=1552917339752 HTTP/1.1" 200 1288
186.103.156.166 - - [18/Mar/2019:10:59:19 -0300] "POST /cormun/servlet/solicitudot?gx-no-cache=1552917339876 HTTP/1.1" 200 38
190.171.142.18 - - [18/Mar/2019:10:59:21 -0300] "GET /cormun/servlet/trsolicitudot? HTTP/1.1" 200 9403
190.171.142.18 - - [18/Mar/2019:10:59:22 -0300] "GET /cormun/servlet/trsolicitudot? HTTP/1.1" 200 9402
186.103.156.166 - - [18/Mar/2019:10:59:25 -0300] "GET /cormun/servlet/solicitudot?4430d1b76e6e5cd18552d1b6bbe909abb0e1a97973636ebdcba146dee97361977b5cf9fa7ee3877ce1b62d4c1c666f2031655b7d8264dc1a98e4c865de98dac7f6b13bd487aaddc45fa117037ef8bff0035a444c1e9c68a8081f4377b2f90d2c74f9ee00a64cc3b6f4a5d7753627da62,gx-no-cache=1552917346088 HTTP/1.1" 200 110
192.168.10.96 - - [18/Mar/2019:10:59:27 -0300] "POST /cormun/servlet/hlogin?8afe3bc3191ed15cf87df61cf8d3f1b5,gx-no-cache=1552924371852 HTTP/1.1" 200 90
192.168.10.96 - - [18/Mar/2019:10:59:27 -0300] "GET /cormun/servlet/hpexe_link HTTP/1.1" 200 955
192.168.10.96 - - [18/Mar/2019:10:59:27 -0300] "GET /cormun/servlet/hhome HTTP/1.1" 200 4778
192.168.10.96 - - [18/Mar/2019:10:59:28 -0300] "GET /cormun/servlet/hhome HTTP/1.1" 200 4774
192.168.10.96 - - [18/Mar/2019:10:59:30 -0300] "GET /cormun/servlet/trsolicitudgral? HTTP/1.1" 200 11348
192.168.10.96 - - [18/Mar/2019:10:59:31 -0300] "GET /cormun/servlet/trsolicitudgral? HTTP/1.1" 200 11346
192.168.10.96 - - [18/Mar/2019:10:59:42 -0300] "POST /cormun/servlet/trsolicitudgral?8afe3bc3191ed15cf87df61cf8d3f1b5,,gx-no-cache=1552924386700 HTTP/1.1" 200 7790
190.171.142.18 - - [18/Mar/2019:10:59:45 -0300] "POST /cormun/servlet/trsolicitudot?4614256cce6a3f092d946565876fa405,,gx-no-cache=1552917529539 HTTP/1.1" 200 6250
192.168.10.96 - - [18/Mar/2019:10:59:50 -0300] "POST /cormun/servlet/trsolicitudgral?8afe3bc3191ed15cf87df61cf8d3f1b5,,gx-no-cache=1552924394428 HTTP/1.1" 200 8187
192.168.10.96 - - [18/Mar/2019:10:59:56 -0300] "POST /cormun/servlet/trsolicitudgral?8afe3bc3191ed15cf87df61cf8d3f1b5,,gx-no-cache=1552924400335 HTTP/1.1" 200 116
192.168.10.96 - - [18/Mar/2019:10:59:56 -0300] "GET /cormun/servlet/solicitudotlog?INS,2019,14244,0,REC, HTTP/1.1" 200 6580
192.168.10.96 - - [18/Mar/2019:10:59:56 -0300] "GET /cormun/static/gxcfg.js?2017761245646 HTTP/1.1" 304 -
192.168.10.96 - - [18/Mar/2019:10:59:56 -0300] "GET /cormun/servlet/solicitudotlog?INS,2019,14244,0,REC, HTTP/1.1" 200 6580
192.168.10.96 - - [18/Mar/2019:10:59:57 -0300] "GET /cormun/servlet/solicitudotlog?bcb9eec3fc1abbfbb245a902981eaccd92a2493aae96099d4bd5887f6bfd8847867874a7b12427b0ef82f1ba4f1af9525e7c10e7e38a720b60539e3fce11d5de46686b107ecdfb474f3bfe2e7ce4c0b1524694b507687821595dc65983196c6bbd3d13a3db01a1eeb9be557c1cb7e8dde2d68932c1834f3b2694aea0b949cad9e8b71fcae56ae34c0ed1179029087fa23b392d652e475c63f601f86755d5dd05,gx-no-cache=1552924401344 HTTP/1.1" 200 94
190.171.142.18 - - [18/Mar/2019:10:59:59 -0300] "POST /cormun/servlet/trsolicitudot?4614256cce6a3f092d946565876fa405,,gx-no-cache=1552917544221 HTTP/1.1" 200 5930
190.171.142.18 - - [18/Mar/2019:11:00:00 -0300] "POST /cormun/servlet/trsolicitudot?4614256cce6a3f092d946565876fa405,,gx-no-cache=1552917544392 HTTP/1.1" 200 5910
192.168.10.96 - - [18/Mar/2019:11:00:00 -0300] "POST /cormun/servlet/solicitudotlog?8afe3bc3191ed15cf87df61cf8d3f1b5,INS,2019,14244,0,REC,,gx-no-cache=1552924404702 HTTP/1.1" 200 93
192.168.10.96 - - [18/Mar/2019:11:00:00 -0300] "GET /cormun/servlet/hpexe_return? HTTP/1.1" 200 1027
192.168.10.96 - - [18/Mar/2019:11:00:00 -0300] "GET /cormun/servlet/trsolicitudgral? HTTP/1.1" 200 11101
192.168.10.96 - - [18/Mar/2019:11:00:01 -0300] "GET /cormun/servlet/trsolicitudgral? HTTP/1.1" 200 11097
192.168.10.96 - - [18/Mar/2019:11:00:02 -0300] "GET /cormun/servlet/hlogin HTTP/1.1" 200 1746
192.168.10.96 - - [18/Mar/2019:11:00:07 -0300] "POST /cormun/servlet/hlogin?8afe3bc3191ed15cf87df61cf8d3f1b5,gx-no-cache=1552924411283 HTTP/1.1" 200 459
192.168.10.96 - - [18/Mar/2019:11:00:09 -0300] "POST /cormun/servlet/hlogin?8afe3bc3191ed15cf87df61cf8d3f1b5,gx-no-cache=1552924413514 HTTP/1.1" 200 90
192.168.10.96 - - [18/Mar/2019:11:00:09 -0300] "GET /cormun/servlet/hpexe_link HTTP/1.1" 200 955
192.168.10.96 - - [18/Mar/2019:11:00:09 -0300] "GET /cormun/servlet/hhome HTTP/1.1" 200 4234
192.168.10.96 - - [18/Mar/2019:11:00:09 -0300] "GET /cormun/servlet/hhome HTTP/1.1" 200 4230
192.168.10.96 - - [18/Mar/2019:11:00:37 -0300] "GET /cormun/servlet/trsolicitudot? HTTP/1.1" 200 7445
192.168.10.96 - - [18/Mar/2019:11:00:37 -0300] "GET /cormun/servlet/trsolicitudot? HTTP/1.1" 200 7444
192.168.10.96 - - [18/Mar/2019:11:00:45 -0300] "POST /cormun/servlet/trsolicitudot?8afe3bc3191ed15cf87df61cf8d3f1b5,,gx-no-cache=1552924449573 HTTP/1.1" 200 6893
190.171.142.18 - - [18/Mar/2019:11:00:59 -0300] "GET /cormun/static/menuarrow.gif HTTP/1.1" 404 1015
192.168.10.96 - - [18/Mar/2019:11:01:00 -0300] "POST /cormun/servlet/trsolicitudot?8afe3bc3191ed15cf87df61cf8d3f1b5,,gx-no-cache=1552924464885 HTTP/1.1" 200 105
192.168.10.96 - - [18/Mar/2019:11:01:00 -0300] "GET /cormun/servlet/solicitudot?UPD,2019,14244, HTTP/1.1" 200 15550
192.168.10.96 - - [18/Mar/2019:11:01:01 -0300] "GET /cormun/servlet/solicitudot?UPD,2019,14244, HTTP/1.1" 200 15560
192.168.10.96 - - [18/Mar/2019:11:01:01 -0300] "POST /cormun/servlet/solicitudot?gx-no-cache=1552924466056 HTTP/1.1" 200 3538
192.168.10.96 - - [18/Mar/2019:11:01:02 -0300] "POST /cormun/servlet/solicitudot?8afe3bc3191ed15cf87df61cf8d3f1b5,UPD,2019,14244,,gx-no-cache=1552924466258 HTTP/1.1" 200 12020
192.168.10.96 - - [18/Mar/2019:11:01:02 -0300] "GET /cormun/servlet/solicitudot?bcb9eec3fc1abbfbb245a902981eaccd5e1e428f6a56d81e4ccf5ae46dcf240db08fdbb1b7c61ec9a73a0e6f402cef6c,gx-no-cache=1552924466473 HTTP/1.1" 200 30
192.168.10.96 - - [18/Mar/2019:11:01:02 -0300] "GET /cormun/servlet/solicitudot?bcb9eec3fc1abbfbb245a902981eaccdc376a8e7039d7c4416608d15c20381ae66b62682165fadb9983698fe60630e7c41aaa020d1ec403eae67b39f6d95b1e2,gx-no-cache=1552924466495 HTTP/1.1" 200 30
192.168.10.96 - - [18/Mar/2019:11:01:02 -0300] "GET /cormun/servlet/solicitudot?bcb9eec3fc1abbfbb245a902981eaccd5abc8c3284f096f88d3a483081fb82c7,gx-no-cache=1552924466511 HTTP/1.1" 200 29
192.168.10.96 - - [18/Mar/2019:11:01:02 -0300] "POST /cormun/servlet/solicitudot?gx-no-cache=1552924466529 HTTP/1.1" 200 254
192.168.10.96 - - [18/Mar/2019:11:01:02 -0300] "GET /cormun/servlet/solicitudot?bcb9eec3fc1abbfbb245a902981eaccd150937eaceaf9f040b8fb1ca3a6a808e80e022991f0090093ed809367fa08af63fe016c7e0bfde30eb1cb5bfa8f2aefc08c01b155f01b9d8022d41c7b22a8d8d3fe8a2fff29069af5644552f526ec3107fcd03a997c85962783f18ca14a147d8dcdb0e7726021a822f45a1ffc5d0d3ca6eccaa8ef13d80d671898ccc3cf32812626f2a749e99fe367eae40eda50a54058ec018ec9bbc0c1ba37d60c85b7367b5e7c72a549d1db0e32cd67da46613614bbe6258a97cf343cd4716b18d4536d7b4c49ecf54cd41ae1841b18381ce30be4086fde200c78acc3a229b6647c1b77ed100173faa4cbd50a45af02c1189f551d42103d66ee3642ca7d5117d7ca5caa18afe6d4689d611ab6a642e19529acf99db1781bd14b80657d5da2cbba35aee0b1fed94ab5fe85215d7eaf3957ca0e03c2db04daaf735d74b864ed22e930c4692420995f34334d54a7bf465cb92a973187365eb4c80968a468b7e86c1fd3f9adc5dbf831f028546f1b395b1b5b924355e37,gx-no-cache=1552924466621 HTTP/1.1" 200 30
192.168.10.96 - - [18/Mar/2019:11:01:02 -0300] "POST /cormun/servlet/solicitudot?gx-no-cache=1552924466641 HTTP/1.1" 200 30
192.168.10.96 - - [18/Mar/2019:11:01:02 -0300] "POST /cormun/servlet/solicitudot?gx-no-cache=1552924466687 HTTP/1.1" 200 1288
192.168.10.96 - - [18/Mar/2019:11:01:02 -0300] "POST /cormun/servlet/solicitudot?gx-no-cache=1552924466723 HTTP/1.1" 200 40
190.171.142.18 - - [18/Mar/2019:11:01:07 -0300] "POST /cormun/servlet/trsolicitudot?4614256cce6a3f092d946565876fa405,,gx-no-cache=1552917612264 HTTP/1.1" 200 9614
186.103.156.166 - - [18/Mar/2019:11:01:08 -0300] "GET /cormun/servlet/solicitudot?4430d1b76e6e5cd18552d1b6bbe909abb0e1a97973636ebdcba146dee97361977b5cf9fa7ee3877ce1b62d4c1c666f2031655b7d8264dc1a98e4c865de98dac7f6b13bd487aaddc45fa117037ef8bff0035a444c1e9c68a8081f4377b2f90d2c74f9ee00a64cc3b6f4a5d7753627da62,gx-no-cache=1552917448710 HTTP/1.1" 200 110
192.168.10.96 - - [18/Mar/2019:11:01:34 -0300] "POST /cormun/servlet/solicitudot?8afe3bc3191ed15cf87df61cf8d3f1b5,UPD,2019,14244,,gx-no-cache=1552924498617 HTTP/1.1" 200 90
192.168.10.96 - - [18/Mar/2019:11:01:34 -0300] "GET /cormun/servlet/hpexe_link HTTP/1.1" 200 972
192.168.10.96 - - [18/Mar/2019:11:01:34 -0300] "GET /cormun/servlet/trsolicitudot? HTTP/1.1" 200 9747
192.168.10.96 - - [18/Mar/2019:11:01:35 -0300] "GET /cormun/servlet/trsolicitudot? HTTP/1.1" 200 9746
192.168.10.96 - - [18/Mar/2019:11:01:41 -0300] "POST /cormun/servlet/trsolicitudot?8afe3bc3191ed15cf87df61cf8d3f1b5,,gx-no-cache=1552924505575 HTTP/1.1" 200 6463
192.168.10.96 - - [18/Mar/2019:11:01:41 -0300] "POST /cormun/servlet/trsolicitudot?8afe3bc3191ed15cf87df61cf8d3f1b5,,gx-no-cache=1552924505804 HTTP/1.1" 200 6442
192.168.10.96 - - [18/Mar/2019:11:01:43 -0300] "GET /cormun/servlet/solicitudot?INS,0,0, HTTP/1.1" 200 15071
192.168.10.96 - - [18/Mar/2019:11:01:44 -0300] "GET /cormun/servlet/solicitudot?INS,0,0, HTTP/1.1" 200 15076
192.168.10.96 - - [18/Mar/2019:11:02:16 -0300] "GET /cormun/servlet/prfichaempleado?,MD,,gxPopupLevel%3D0%3B HTTP/1.1" 200 9303
192.168.10.96 - - [18/Mar/2019:11:02:30 -0300] "POST /cormun/servlet/prfichaempleado?8afe3bc3191ed15cf87df61cf8d3f1b5,,MD,,gxPopupLevel%3D0%3B,gx-no-cache=1552924554950 HTTP/1.1" 200 3420
192.168.10.96 - - [18/Mar/2019:11:02:33 -0300] "POST /cormun/servlet/solicitudot?gx-no-cache=1552924557533 HTTP/1.1" 200 3551
192.168.10.96 - - [18/Mar/2019:11:02:33 -0300] "POST /cormun/servlet/solicitudot?8afe3bc3191ed15cf87df61cf8d3f1b5,INS,0,0,,gx-no-cache=1552924557671 HTTP/1.1" 200 11922
192.168.10.96 - - [18/Mar/2019:11:02:41 -0300] "GET /cormun/servlet/solicitudot?bcb9eec3fc1abbfbb245a902981eaccd5e1e428f6a56d81e4ccf5ae46dcf240dc1f2e1e1fa9b52ac239134c13ebbf5ed,gx-no-cache=1552924565761 HTTP/1.1" 200 30
192.168.10.96 - - [18/Mar/2019:11:02:41 -0300] "GET /cormun/servlet/solicitudot?bcb9eec3fc1abbfbb245a902981eaccdc376a8e7039d7c4416608d15c20381ae66b62682165fadb9983698fe60630e7c981fca55944aecf16d4bea0c89753d15,gx-no-cache=1552924565801 HTTP/1.1" 200 30
192.168.10.96 - - [18/Mar/2019:11:02:41 -0300] "GET /cormun/servlet/solicitudot?bcb9eec3fc1abbfbb245a902981eaccdf8bb1e69a3265dac661bbfb2cabe2340,gx-no-cache=1552924565818 HTTP/1.1" 200 70
192.168.10.96 - - [18/Mar/2019:11:02:41 -0300] "POST /cormun/servlet/solicitudot?gx-no-cache=1552924565840 HTTP/1.1" 200 240
192.168.10.96 - - [18/Mar/2019:11:02:41 -0300] "GET /cormun/servlet/solicitudot?bcb9eec3fc1abbfbb245a902981eaccd150937eaceaf9f040b8fb1ca3a6a808e1162e3b1234f86327b243c21561dc7973fe016c7e0bfde30eb1cb5bfa8f2aefc08c01b155f01b9d8022d41c7b22a8d8d3fe8a2fff29069af5644552f526ec3107fcd03a997c85962783f18ca14a147d8dcdb0e7726021a822f45a1ffc5d0d3ca6eccaa8ef13d80d671898ccc3cf32812626f2a749e99fe367eae40eda50a54058ec018ec9bbc0c1ba37d60c85b7367b5e7c72a549d1db0e32cd67da46613614bbe6258a97cf343cd4716b18d4536d7b4c49ecf54cd41ae1841b18381ce30be4086fde200c78acc3a229b6647c1b77ed100173faa4cbd50a45af02c1189f551d42103d66ee3642ca7d5117d7ca5caa18ac2cf3d4df75edcd4a3e189290d3de1ac115969abea5a91733053462d92c2e77542c48fbf8772e08a0840bcfb12b7dfbf6192cabd27846df6b807f8bedf3ba59817e0e7584b374f675e6b61601a797a6cae1b0c121df4a5458abdb8ad140b10aad6ac444751fa3665e6e7495d6682cb02,gx-no-cache=1552924565875 HTTP/1.1" 200 30
192.168.10.96 - - [18/Mar/2019:11:02:41 -0300] "POST /cormun/servlet/solicitudot?gx-no-cache=1552924565902 HTTP/1.1" 200 30
192.168.10.96 - - [18/Mar/2019:11:02:41 -0300] "POST /cormun/servlet/solicitudot?gx-no-cache=1552924565923 HTTP/1.1" 200 1288
192.168.10.96 - - [18/Mar/2019:11:02:41 -0300] "POST /cormun/servlet/solicitudot?gx-no-cache=1552924565951 HTTP/1.1" 200 38
192.168.10.96 - - [18/Mar/2019:11:02:41 -0300] "GET /cormun/servlet/solicitudot?bcb9eec3fc1abbfbb245a902981eaccd39df3f5db29d28e900a82c4444e5100d18db3b9fe963c742144c79ad7a0e0de0c7de3717e734a1660800b5b20666864316ffcf17286a56bd79097f3a4dda384f844c517e40fceeb01681450c1f2c1373862026079fbaf66d5701f9abce73f922,gx-no-cache=1552924565967 HTTP/1.1" 200 110
186.103.156.166 - - [18/Mar/2019:11:02:45 -0300] "POST /cormun/servlet/solicitudot?gx-no-cache=1552917546034 HTTP/1.1" 200 72
186.103.156.166 - - [18/Mar/2019:11:02:56 -0300] "POST /cormun/servlet/solicitudot?gx-no-cache=1552917556806 HTTP/1.1" 200 105
192.168.10.96 - - [18/Mar/2019:11:03:06 -0300] "POST /cormun/servlet/solicitudot?gx-no-cache=1552924590516 HTTP/1.1" 200 97
192.168.10.96 - - [18/Mar/2019:11:03:13 -0300] "POST /cormun/servlet/solicitudot?gx-no-cache=1552924598147 HTTP/1.1" 200 30
192.168.10.96 - - [18/Mar/2019:11:03:16 -0300] "GET /cormun/servlet/prfichaempleado?,MD,,gxPopupLevel%3D0%3B HTTP/1.1" 200 9303
186.103.159.186 - - [18/Mar/2019:11:03:22 -0300] "POST /cormun/servlet/solicitudot?c1e49eee27b14ffced126f5d476a4c97,INS,0,0,,gx-no-cache=1552917583012 HTTP/1.1" 200 93
186.103.159.186 - - [18/Mar/2019:11:03:23 -0300] "GET /cormun/servlet/hpexe_return? HTTP/1.1" 200 1009
186.103.159.186 - - [18/Mar/2019:11:03:23 -0300] "GET /cormun/servlet/trsolicitudot HTTP/1.1" 200 7241
186.103.159.186 - - [18/Mar/2019:11:03:25 -0300] "GET /cormun/servlet/trsolicitudot HTTP/1.1" 200 7238
192.168.10.96 - - [18/Mar/2019:11:03:30 -0300] "POST /cormun/servlet/prfichaempleado?8afe3bc3191ed15cf87df61cf8d3f1b5,,MD,,gxPopupLevel%3D0%3B,gx-no-cache=1552924614302 HTTP/1.1" 200 3426
192.168.10.96 - - [18/Mar/2019:11:03:31 -0300] "POST /cormun/servlet/solicitudot?gx-no-cache=1552924616078 HTTP/1.1" 200 1287
192.168.10.96 - - [18/Mar/2019:11:03:33 -0300] "GET /cormun/servlet/prlicenciaspermisos?16816564,L,,MD,,gxPopupLevel%3D0%3B HTTP/1.1" 200 5848
186.103.159.186 - - [18/Mar/2019:11:03:34 -0300] "GET /cormun/servlet/hlogin HTTP/1.1" 200 1722
192.168.10.96 - - [18/Mar/2019:11:03:36 -0300] "POST /cormun/servlet/solicitudot?gx-no-cache=1552924620959 HTTP/1.1" 200 41
192.168.10.96 - - [18/Mar/2019:11:03:38 -0300] "GET /cormun/servlet/solicitudot?bcb9eec3fc1abbfbb245a902981eaccd39df3f5db29d28e900a82c4444e5100d18db3b9fe963c742144c79ad7a0e0de0c7de3717e734a1660800b5b20666864316ffcf17286a56bd79097f3a4dda384f844c517e40fceeb01681450c1f2c1373862026079fbaf66d5701f9abce73f922,gx-no-cache=1552924622334 HTTP/1.1" 200 110
192.168.10.96 - - [18/Mar/2019:11:03:38 -0300] "POST /cormun/servlet/solicitudot?gx-no-cache=1552924622360 HTTP/1.1" 200 97
192.168.10.96 - - [18/Mar/2019:11:03:38 -0300] "GET /cormun/servlet/solicitudot?bcb9eec3fc1abbfbb245a902981eaccde204c61bf0b879a7c72199bf77a82030f26a95405da57227d268c8a51e45a4d622c2eb2135ed1eccf70d896cbe040e536f899dd44b2eac7f89fa5e5f01ab1087f5b09dde91046ccffc767ec4648237b7ad5f5d1fb90c335868aaf2cddfe2ea173193d890f5c112e10916268544f32654eca375ce9061c535724857fc5ccff67c25e5d6367552d7bc0d402bf364ead54a0356de6dc8001f10a98e97c82e54a87671c7c38617acb765287671e9af3755f45bbf09a987501d0f0948185a4980651f,gx-no-cache=1552924622382 HTTP/1.1" 200 29
192.168.10.96 - - [18/Mar/2019:11:03:41 -0300] "GET /cormun/servlet/solicitudot?bcb9eec3fc1abbfbb245a902981eaccd227e6d964777e876627ed9f7eb84fe8f658052705638438636633d3199982fe9,gx-no-cache=1552924625894 HTTP/1.1" 200 30
186.103.159.186 - - [18/Mar/2019:11:03:44 -0300] "POST /cormun/servlet/hlogin?c1e49eee27b14ffced126f5d476a4c97,gx-no-cache=1552917605443 HTTP/1.1" 200 90
186.103.159.186 - - [18/Mar/2019:11:03:44 -0300] "GET /cormun/servlet/hpexe_link HTTP/1.1" 200 957
186.103.159.186 - - [18/Mar/2019:11:03:45 -0300] "GET /cormun/servlet/trsolicitudot HTTP/1.1" 200 7239
192.168.10.96 - - [18/Mar/2019:11:03:45 -0300] "GET /cormun/servlet/solicitudot?bcb9eec3fc1abbfbb245a902981eaccde204c61bf0b879a7c72199bf77a82030f26a95405da57227d268c8a51e45a4d622c2eb2135ed1eccf70d896cbe040e536f899dd44b2eac7f89fa5e5f01ab1087f5b09dde91046ccffc767ec4648237b7ad5f5d1fb90c335868aaf2cddfe2ea173193d890f5c112e10916268544f32654eca375ce9061c535724857fc5ccff67c25e5d6367552d7bc0d402bf364ead54a0356de6dc8001f10a98e97c82e54a87671c7c38617acb765287671e9af3755f45bbf09a987501d0f0948185a4980651f,gx-no-cache=1552924629404 HTTP/1.1" 200 29
192.168.10.96 - - [18/Mar/2019:11:03:45 -0300] "POST /cormun/servlet/solicitudot?gx-no-cache=1552924629908 HTTP/1.1" 200 34
186.103.159.186 - - [18/Mar/2019:11:03:47 -0300] "GET /cormun/servlet/trsolicitudot HTTP/1.1" 200 7238
192.168.10.96 - - [18/Mar/2019:11:03:50 -0300] "POST /cormun/servlet/solicitudot?8afe3bc3191ed15cf87df61cf8d3f1b5,INS,0,0,,gx-no-cache=1552924634532 HTTP/1.1" 200 93
192.168.10.96 - - [18/Mar/2019:11:03:50 -0300] "GET /cormun/servlet/hpexe_return? HTTP/1.1" 200 1009
192.168.10.96 - - [18/Mar/2019:11:03:50 -0300] "GET /cormun/servlet/trsolicitudot? HTTP/1.1" 200 9878
192.168.10.96 - - [18/Mar/2019:11:03:51 -0300] "GET /cormun/servlet/trsolicitudot? HTTP/1.1" 200 9873
186.103.159.186 - - [18/Mar/2019:11:03:52 -0300] "GET /cormun/servlet/trsolicitudot? HTTP/1.1" 200 7238
192.168.10.96 - - [18/Mar/2019:11:03:53 -0300] "GET /cormun/servlet/solicitudot?INS,0,0, HTTP/1.1" 200 15071
186.103.159.186 - - [18/Mar/2019:11:03:53 -0300] "GET /cormun/servlet/trsolicitudot? HTTP/1.1" 200 7238
192.168.10.96 - - [18/Mar/2019:11:03:54 -0300] "GET /cormun/servlet/solicitudot?INS,0,0, HTTP/1.1" 200 15076
192.168.10.96 - - [18/Mar/2019:11:03:56 -0300] "GET /cormun/servlet/prfichaempleado?,MD,,gxPopupLevel%3D0%3B HTTP/1.1" 200 9303
186.103.159.186 - - [18/Mar/2019:11:03:56 -0300] "GET /cormun/servlet/solicitudot?INS,0,0, HTTP/1.1" 200 14870
186.103.159.186 - - [18/Mar/2019:11:03:58 -0300] "GET /cormun/servlet/solicitudot?INS,0,0, HTTP/1.1" 200 14875
192.168.10.96 - - [18/Mar/2019:11:04:02 -0300] "POST /cormun/servlet/prfichaempleado?8afe3bc3191ed15cf87df61cf8d3f1b5,,MD,,gxPopupLevel%3D0%3B,gx-no-cache=1552924646860 HTTP/1.1" 200 3417
192.168.10.96 - - [18/Mar/2019:11:04:05 -0300] "POST /cormun/servlet/solicitudot?gx-no-cache=1552924649400 HTTP/1.1" 200 3552
192.168.10.96 - - [18/Mar/2019:11:04:05 -0300] "POST /cormun/servlet/solicitudot?8afe3bc3191ed15cf87df61cf8d3f1b5,INS,0,0,,gx-no-cache=1552924649548 HTTP/1.1" 200 11963
192.168.10.96 - - [18/Mar/2019:11:04:06 -0300] "GET /cormun/servlet/solicitudot?bcb9eec3fc1abbfbb245a902981eaccd87c52fb8b70212ba0ab99623de3558bac1f2e1e1fa9b52ac239134c13ebbf5ed,gx-no-cache=1552924650810 HTTP/1.1" 200 30
192.168.10.96 - - [18/Mar/2019:11:04:06 -0300] "GET /cormun/servlet/solicitudot?bcb9eec3fc1abbfbb245a902981eaccddecbab127f8740804568b651834b4d3974f0c4cf53c7d6a10439ad5c3631867f9cd7231ccb3a3a29f6fd66cf8ec8cf19,gx-no-cache=1552924650848 HTTP/1.1" 200 30
192.168.10.96 - - [18/Mar/2019:11:04:06 -0300] "GET /cormun/servlet/solicitudot?bcb9eec3fc1abbfbb245a902981eaccdb87483db45836f8b4d720dd967f459fb,gx-no-cache=1552924650868 HTTP/1.1" 200 59
192.168.10.96 - - [18/Mar/2019:11:04:06 -0300] "POST /cormun/servlet/solicitudot?gx-no-cache=1552924650896 HTTP/1.1" 200 255
192.168.10.96 - - [18/Mar/2019:11:04:06 -0300] "GET /cormun/servlet/solicitudot?bcb9eec3fc1abbfbb245a902981eaccd150937eaceaf9f040b8fb1ca3a6a808e80e022991f0090093ed809367fa08af63fe016c7e0bfde30eb1cb5bfa8f2aefc08c01b155f01b9d8022d41c7b22a8d8d3fe8a2fff29069af5644552f526ec3107fcd03a997c85962783f18ca14a147d8dcdb0e7726021a822f45a1ffc5d0d3ca6eccaa8ef13d80d671898ccc3cf32812626f2a749e99fe367eae40eda50a54058ec018ec9bbc0c1ba37d60c85b7367b5e7c72a549d1db0e32cd67da46613614bbe6258a97cf343cd4716b18d4536d7b4c49ecf54cd41ae1841b18381ce30be4086fde200c78acc3a229b6647c1b77ed100173faa4cbd50a45af02c1189f551d42103d66ee3642ca7d5117d7ca5caa18afe6d4689d611ab6a642e19529acf99db1781bd14b80657d5da2cbba35aee0b1fed94ab5fe85215d7eaf3957ca0e03c2db04daaf735d74b864ed22e930c4692420995f34334d54a7bf465cb92a973187365eb4c80968a468b7e86c1fd3f9adc5d61cdffec96927955065aee6cfc71ada4,gx-no-cache=1552924650921 HTTP/1.1" 200 30
192.168.10.96 - - [18/Mar/2019:11:04:08 -0300] "POST /cormun/servlet/solicitudot?gx-no-cache=1552924652297 HTTP/1.1" 200 30
192.168.10.96 - - [18/Mar/2019:11:04:10 -0300] "GET /cormun/servlet/prsolicitudot?13567575,,,,,MD,,gxPopupLevel%3D0%3B HTTP/1.1" 200 6071
192.168.10.96 - - [18/Mar/2019:11:04:10 -0300] "GET /cormun/static/gxcfg.js?2017111422591492 HTTP/1.1" 304 -
192.168.10.96 - - [18/Mar/2019:11:04:23 -0300] "POST /cormun/servlet/solicitudot?gx-no-cache=1552924667613 HTTP/1.1" 200 1370
192.168.10.96 - - [18/Mar/2019:11:04:23 -0300] "GET /cormun/static/Shared/jqueryui/images/ui-bg_highlight-soft_100_c6c2c8_1x100.png HTTP/1.1" 404 1117
