186.103.159.46 - - [14/Mar/2019:17:32:14 -0300] "POST /cormun/servlet/solicitudot?gx-no-cache=1552595316752 HTTP/1.1" 200 38
186.103.159.46 - - [14/Mar/2019:17:32:14 -0300] "GET /cormun/servlet/solicitudot?3b68dcbae353449827061fa6ff42dccf1ba1a646fc7a5e1ecae125004459ac29b758c396eec3592cfd23add7cd64e94b86a2fd32e1782bdb67f4402e3e6088028f2e105dc872cabf44bf8f42cf5563acbebb7fc130667b42b98e4e112d64e077fdc693471ccb21138c8deb9e25c5e75d,gx-no-cache=1552595316861 HTTP/1.1" 200 110
186.103.159.46 - - [14/Mar/2019:17:32:14 -0300] "POST /cormun/servlet/solicitudot?gx-no-cache=1552595316937 HTTP/1.1" 200 97
192.168.10.89 - - [14/Mar/2019:17:32:14 -0300] "POST /cormun/servlet/trsolicitudgral?628b8383ad86afbc1158176c8b94894a,,gx-no-cache=1552602339976 HTTP/1.1" 200 7412
186.103.159.46 - - [14/Mar/2019:17:32:22 -0300] "GET /cormun/servlet/solicitudot?3b68dcbae353449827061fa6ff42dccf8c6882efff62889579f5ec2202174de8b4078bd0777f4af00fd65d8ceb16fe38a7873f2e4ab77c45a95d93e377c9af8691d4406726984a2d6fb689d53340f98574e33ea67e2e9c4fdd1d77e328cac29ec52e497698a34f4c3f0b6d6734970cf27a88ab07a8c42337f7199e8247eb1aea34dd2d306de5b912809b1fe24d6e25f72833db0bda4519f8dcf7f513dd0f78d7,gx-no-cache=1552595324981 HTTP/1.1" 200 29
186.103.159.46 - - [14/Mar/2019:17:32:22 -0300] "GET /cormun/static/menuarrow.gif HTTP/1.1" 404 1015
186.103.159.46 - - [14/Mar/2019:17:32:27 -0300] "GET /cormun/servlet/solicitudot?3b68dcbae353449827061fa6ff42dccfd94bdfbd6bf9c6bc1744077b8fe3daa75f9f7b35bcc60a5b3b596b19f73567e1,gx-no-cache=1552595329357 HTTP/1.1" 200 30
186.103.159.46 - - [14/Mar/2019:17:32:37 -0300] "POST /cormun/servlet/solicitudot?gx-no-cache=1552595339687 HTTP/1.1" 200 30
192.168.10.89 - - [14/Mar/2019:17:32:37 -0300] "GET /cormun/servlet/solicitudgral?UPD,2019,14597, HTTP/1.1" 200 12416
192.168.10.89 - - [14/Mar/2019:17:32:38 -0300] "POST /cormun/servlet/solicitudgral?gx-no-cache=1552602364103 HTTP/1.1" 200 4054
192.168.10.89 - - [14/Mar/2019:17:32:39 -0300] "GET /cormun/servlet/solicitudgral?b1b5f45db2777f95f3adea385fe5c8bc010892e9bdb74d8fdea55d01ec9c36a8a0fd26409332858e39f25abdcdfc0ce6f79ffacd72082af26bdcf70d0e238ab20f04555f382394f7101f1582d4367ce176ff40f99ab0ce7872e5c1079d3b5b54f40515ceb96fb2865c912fcb5f39eaac8f6b5e71ec16e758a8d0a0aec99cc4593528401248bab8aa9fdd8068579a4cc9f2117f201dd908e5464c5ff76090e08ba2c6b46ba74f2db76af84f6dc0c66893eaf4abe03211f2606d589281a56930b69d5f08a249a0859f592bb34bca1878ff3e7bcf41c7873b984ffd92b531025f5900a10b70a699008f636bc3e01c0ca9462fe1dd899c089b5560457155497ed67052d3cd32d220eba942c8fe84cd0d2b726b7e8caea8b13ea33cc9a484d52b56bdc9babe41417aa1f3b5987913338dc6f12544605af14bd0fc0975fa45aafa4fe543f1e7aacdd8ebb215a909eb22a6d277,gx-no-cache=1552602364295 HTTP/1.1" 200 240
192.168.10.89 - - [14/Mar/2019:17:32:40 -0300] "GET /cormun/servlet/solicitudgral?b1b5f45db2777f95f3adea385fe5c8bc7c01ca2c3fe7c456da8d2f73829ddf958a8589afdc4eb7ebcf3f51d6e2bdfea1f79ffacd72082af26bdcf70d0e238ab2ccc2c44ea3e16dfa7ce993772c6cccd072b0b05890cb64f6911d229d0125e792,gx-no-cache=1552602365862 HTTP/1.1" 200 30
192.168.10.89 - - [14/Mar/2019:17:32:41 -0300] "POST /cormun/servlet/solicitudgral?gx-no-cache=1552602366266 HTTP/1.1" 200 97
192.168.10.89 - - [14/Mar/2019:17:32:47 -0300] "POST /cormun/servlet/solicitudgral?gx-no-cache=1552602372201 HTTP/1.1" 200 72
192.168.10.89 - - [14/Mar/2019:17:32:48 -0300] "GET /cormun/servlet/solicitudgral?b1b5f45db2777f95f3adea385fe5c8bc5c6682dcc6cf538cc573cc85da188a23f6d98c3b3ac475c4fa7ba860f83451ada2c9be2787fa0da35ba5ecc7deb30664af39f47e20ad01f9a000cfca279699dc908a4e116e4be3e243be77e31dbeeef84dbb4e5c933d6352991a18b098b00eab1de7b64355d8ab7bbf956a337b92bed3,gx-no-cache=1552602373304 HTTP/1.1" 200 49
192.168.10.89 - - [14/Mar/2019:17:32:48 -0300] "POST /cormun/servlet/solicitudgral?628b8383ad86afbc1158176c8b94894a,UPD,2019,14597,,gx-no-cache=1552602373778 HTTP/1.1" 200 11320
192.168.10.89 - - [14/Mar/2019:17:32:49 -0300] "GET /cormun/servlet/solicitudgral?b1b5f45db2777f95f3adea385fe5c8bcbffe9734ec14b990618d831a3594ea747499505b28be3980e6aea45dce62ccaa8ef4ef15e4a7635e856c52ca28144243a45f8dd0fb2dea34c2b5c978ec4a7ac0881a122443ede45afc6e8ad02f3d9cde3c0e1be657880b54a9d0c58d39a06404d60202cc2477286093e92e7588484dc2a7ccf18c220ad19cb5d52f5ffc98a47b7e7256cadc6102ea929a8f345ba4b2ab,gx-no-cache=1552602374393 HTTP/1.1" 200 29
192.168.10.89 - - [14/Mar/2019:17:32:51 -0300] "POST /cormun/servlet/solicitudgral?628b8383ad86afbc1158176c8b94894a,UPD,2019,14597,,gx-no-cache=1552602376921 HTTP/1.1" 200 93
192.168.10.89 - - [14/Mar/2019:17:32:51 -0300] "GET /cormun/servlet/hpexe_return? HTTP/1.1" 200 1013
192.168.10.89 - - [14/Mar/2019:17:32:52 -0300] "GET /cormun/servlet/trsolicitudgral? HTTP/1.1" 200 10435
186.103.159.46 - - [14/Mar/2019:17:32:57 -0300] "POST /cormun/servlet/solicitudot?d7afc109e5f78455df4551d029b03def,INS,0,0,,gx-no-cache=1552595359442 HTTP/1.1" 200 93
186.103.159.46 - - [14/Mar/2019:17:32:57 -0300] "GET /cormun/servlet/hpexe_return? HTTP/1.1" 200 1000
186.103.159.46 - - [14/Mar/2019:17:32:58 -0300] "GET /cormun/servlet/trsolicitudot HTTP/1.1" 200 9067
186.103.159.46 - - [14/Mar/2019:17:33:02 -0300] "GET /cormun/servlet/trsolicitudot HTTP/1.1" 200 9063
186.103.159.46 - - [14/Mar/2019:17:33:07 -0300] "GET /cormun/servlet/solicitudot?INS,0,0, HTTP/1.1" 200 14879
192.168.10.89 - - [14/Mar/2019:17:33:09 -0300] "GET /cormun/servlet/solicitudgral?UPD,2019,14593, HTTP/1.1" 200 12417
186.103.159.46 - - [14/Mar/2019:17:33:10 -0300] "GET /cormun/servlet/solicitudot?INS,0,0, HTTP/1.1" 200 14883
192.168.10.89 - - [14/Mar/2019:17:33:10 -0300] "POST /cormun/servlet/solicitudgral?gx-no-cache=1552602395667 HTTP/1.1" 200 4054
192.168.10.89 - - [14/Mar/2019:17:33:10 -0300] "GET /cormun/servlet/solicitudgral?b1b5f45db2777f95f3adea385fe5c8bc010892e9bdb74d8fdea55d01ec9c36a8a0fd26409332858e39f25abdcdfc0ce6f79ffacd72082af26bdcf70d0e238ab20f04555f382394f7101f1582d4367ce176ff40f99ab0ce7872e5c1079d3b5b54f40515ceb96fb2865c912fcb5f39eaac8f6b5e71ec16e758a8d0a0aec99cc4593528401248bab8aa9fdd8068579a4cc9f2117f201dd908e5464c5ff76090e08ba2c6b46ba74f2db76af84f6dc0c66893eaf4abe03211f2606d589281a56930b69d5f08a249a0859f592bb34bca1878ff3e7bcf41c7873b984ffd92b531025f5900a10b70a699008f636bc3e01c0ca9462fe1dd899c089b5560457155497ed67052d3cd32d220eba942c8fe84cd0d2b726b7e8caea8b13ea33cc9a484d52b56bdc9babe41417aa1f3b5987913338dc6f12544605af14bd0fc0975fa45aafa4fe543f1e7aacdd8ebb215a909eb22a6d277,gx-no-cache=1552602395854 HTTP/1.1" 200 240
192.168.10.89 - - [14/Mar/2019:17:33:16 -0300] "GET /cormun/servlet/solicitudgral?b1b5f45db2777f95f3adea385fe5c8bc7c01ca2c3fe7c456da8d2f73829ddf958a8589afdc4eb7ebcf3f51d6e2bdfea1f79ffacd72082af26bdcf70d0e238ab2ccc2c44ea3e16dfa7ce993772c6cccd072b0b05890cb64f6911d229d0125e792,gx-no-cache=1552602401298 HTTP/1.1" 200 30
192.168.10.89 - - [14/Mar/2019:17:33:16 -0300] "POST /cormun/servlet/solicitudgral?gx-no-cache=1552602401636 HTTP/1.1" 200 97
192.168.10.89 - - [14/Mar/2019:17:33:16 -0300] "GET /cormun/servlet/solicitudgral?b1b5f45db2777f95f3adea385fe5c8bc5c6682dcc6cf538cc573cc85da188a2380f2b53ecd6da172045ddd871d8b64f852d3cd32d220eba942c8fe84cd0d2b7278c0cb6f66fac62cc3cd3b48ce2f4ddb9b513d9a3b25ea939eb84c5027d8c423b0b5684fc3d535e6cb57c97b84cabaddd798e58c278c8f5df6eb87525dcada3edab6e624b225c5d347c544c81be9281f4b60d488a8fd028690a0fb09f11e330b3ab5db19843da776c0d6a005fe432a53189e344c717c2f21b8ef8add96461f706407572d3ae48b102aa1c71dc471326b,gx-no-cache=1552602401948 HTTP/1.1" 200 49
192.168.10.89 - - [14/Mar/2019:17:33:17 -0300] "POST /cormun/servlet/solicitudgral?628b8383ad86afbc1158176c8b94894a,UPD,2019,14593,,gx-no-cache=1552602402300 HTTP/1.1" 200 11332
192.168.10.89 - - [14/Mar/2019:17:33:18 -0300] "GET /cormun/servlet/solicitudgral?b1b5f45db2777f95f3adea385fe5c8bcbffe9734ec14b990618d831a3594ea747499505b28be3980e6aea45dce62ccaa8ef4ef15e4a7635e856c52ca28144243a45f8dd0fb2dea34c2b5c978ec4a7ac0881a122443ede45afc6e8ad02f3d9cde3c0e1be657880b54a9d0c58d39a06404d60202cc2477286093e92e7588484dc2a7ccf18c220ad19cb5d52f5ffc98a47b7e7256cadc6102ea929a8f345ba4b2ab,gx-no-cache=1552602403486 HTTP/1.1" 200 29
186.103.159.46 - - [14/Mar/2019:17:33:20 -0300] "POST /cormun/servlet/solicitudot?gx-no-cache=1552595382350 HTTP/1.1" 200 3547
192.168.10.89 - - [14/Mar/2019:17:33:20 -0300] "POST /cormun/servlet/solicitudgral?628b8383ad86afbc1158176c8b94894a,UPD,2019,14593,,gx-no-cache=1552602405503 HTTP/1.1" 200 93
192.168.10.89 - - [14/Mar/2019:17:33:20 -0300] "GET /cormun/servlet/hpexe_return? HTTP/1.1" 200 1013
186.103.159.46 - - [14/Mar/2019:17:33:20 -0300] "POST /cormun/servlet/solicitudot?d7afc109e5f78455df4551d029b03def,INS,0,0,,gx-no-cache=1552595382777 HTTP/1.1" 200 11669
192.168.10.89 - - [14/Mar/2019:17:33:20 -0300] "GET /cormun/servlet/trsolicitudgral HTTP/1.1" 200 10435
186.103.159.46 - - [14/Mar/2019:17:33:25 -0300] "GET /cormun/servlet/solicitudot?3b68dcbae353449827061fa6ff42dccf625c34b4eec55ee51e6e9f3501b45087fd7f899b5bd18b0d49c7a12b4086fd1c,gx-no-cache=1552595388135 HTTP/1.1" 200 30
186.103.159.46 - - [14/Mar/2019:17:33:26 -0300] "GET /cormun/servlet/solicitudot?3b68dcbae353449827061fa6ff42dccf1eff630fbe38536bf40efed4420c95664f4faec3b93fcf0474964c95aecbca0efd7f899b5bd18b0d49c7a12b4086fd1c,gx-no-cache=1552595388285 HTTP/1.1" 200 30
186.103.159.46 - - [14/Mar/2019:17:33:26 -0300] "GET /cormun/servlet/solicitudot?3b68dcbae353449827061fa6ff42dccf5e2344c1c5a29cb165e595b795f637c9,gx-no-cache=1552595388380 HTTP/1.1" 200 70
186.103.159.46 - - [14/Mar/2019:17:33:26 -0300] "POST /cormun/servlet/solicitudot?gx-no-cache=1552595388502 HTTP/1.1" 200 255
186.103.159.46 - - [14/Mar/2019:17:33:26 -0300] "GET /cormun/servlet/solicitudot?3b68dcbae353449827061fa6ff42dccf7eff59844c910214ee1a8823922e4a3d7b65852eb34c86c2b653a8fc6445e32ef1307d6f7b25559d8fabc772fd99b49c13561dce3c020506d7dd58337adc6070ea44e3838c0235dcb8b53427923cd3c70326889f41b8c11126cf69c5a61db887339b37426d84290d89d2b838dbecb99f46430aad30e9219d6031babac5a76a31da5bb93a545dd426721c43b2f8ba43e97b3f6d3a5eb9195bf3a3c1cdadcd2194f7a8824cdb08d16183d0aba0418dbc8aec6d5bbd7a103d92c129012c8d10022ef9695ddc7056a87f9ed40cbeac16459d3297de994a9ebf277c545b32dd28f327d97db823d1f7edafd860eb83a285475cd98577b4b5e8498f8ff29629c4b2642fde3b84a9e27d8b3280145688784be060c0890b7feb9799566e5f28b5f7d9a4b7acf972671506b6afe28e65e29fbf22ea44270e8130a52370c3f4666ccfcd8365ae52f94b1765a41af84f64d0a8949ec89dc7b6466455fa507802986ed0df8fda2b9239f2011324d651686d1b1e342d98,gx-no-cache=1552595388677 HTTP/1.1" 200 30
186.103.159.46 - - [14/Mar/2019:17:33:26 -0300] "POST /cormun/servlet/solicitudot?gx-no-cache=1552595388799 HTTP/1.1" 200 30
186.103.159.46 - - [14/Mar/2019:17:33:26 -0300] "POST /cormun/servlet/solicitudot?gx-no-cache=1552595388970 HTTP/1.1" 200 1281
186.103.159.46 - - [14/Mar/2019:17:33:26 -0300] "POST /cormun/servlet/solicitudot?gx-no-cache=1552595389122 HTTP/1.1" 200 38
186.103.159.46 - - [14/Mar/2019:17:33:27 -0300] "GET /cormun/servlet/solicitudot?3b68dcbae353449827061fa6ff42dccf1ba1a646fc7a5e1ecae125004459ac29b758c396eec3592cfd23add7cd64e94b86a2fd32e1782bdb67f4402e3e6088028f2e105dc872cabf44bf8f42cf5563acbebb7fc130667b42b98e4e112d64e077fdc693471ccb21138c8deb9e25c5e75d,gx-no-cache=1552595389223 HTTP/1.1" 200 110
192.168.10.89 - - [14/Mar/2019:17:33:30 -0300] "GET /cormun/servlet/solicitudgral?UPD,2019,14596, HTTP/1.1" 200 12408
192.168.10.89 - - [14/Mar/2019:17:33:31 -0300] "POST /cormun/servlet/solicitudgral?gx-no-cache=1552602416691 HTTP/1.1" 200 4054
192.168.10.89 - - [14/Mar/2019:17:33:31 -0300] "GET /cormun/servlet/solicitudgral?b1b5f45db2777f95f3adea385fe5c8bc010892e9bdb74d8fdea55d01ec9c36a8a0fd26409332858e39f25abdcdfc0ce6f79ffacd72082af26bdcf70d0e238ab20f04555f382394f7101f1582d4367ce176ff40f99ab0ce7872e5c1079d3b5b54f40515ceb96fb2865c912fcb5f39eaac8f6b5e71ec16e758a8d0a0aec99cc4593528401248bab8aa9fdd8068579a4cc9f2117f201dd908e5464c5ff76090e08ba2c6b46ba74f2db76af84f6dc0c66893eaf4abe03211f2606d589281a56930b69d5f08a249a0859f592bb34bca1878ff3e7bcf41c7873b984ffd92b531025f5900a10b70a699008f636bc3e01c0ca9462fe1dd899c089b5560457155497ed67052d3cd32d220eba942c8fe84cd0d2b726b7e8caea8b13ea33cc9a484d52b56bdc9babe41417aa1f3b5987913338dc6f12544605af14bd0fc0975fa45aafa4fe543f1e7aacdd8ebb215a909eb22a6d277,gx-no-cache=1552602416868 HTTP/1.1" 200 240
192.168.10.89 - - [14/Mar/2019:17:33:36 -0300] "GET /cormun/servlet/solicitudgral?b1b5f45db2777f95f3adea385fe5c8bc7c01ca2c3fe7c456da8d2f73829ddf958a8589afdc4eb7ebcf3f51d6e2bdfea1f79ffacd72082af26bdcf70d0e238ab2ccc2c44ea3e16dfa7ce993772c6cccd072b0b05890cb64f6911d229d0125e792,gx-no-cache=1552602422100 HTTP/1.1" 200 30
192.168.10.89 - - [14/Mar/2019:17:33:37 -0300] "POST /cormun/servlet/solicitudgral?gx-no-cache=1552602422472 HTTP/1.1" 200 97
186.103.159.46 - - [14/Mar/2019:17:33:37 -0300] "POST /cormun/servlet/solicitudot?gx-no-cache=1552595399624 HTTP/1.1" 200 30
192.168.10.89 - - [14/Mar/2019:17:33:38 -0300] "GET /cormun/servlet/solicitudgral?b1b5f45db2777f95f3adea385fe5c8bc5c6682dcc6cf538cc573cc85da188a2380f2b53ecd6da172045ddd871d8b64f852d3cd32d220eba942c8fe84cd0d2b7278c0cb6f66fac62cc3cd3b48ce2f4ddb9b513d9a3b25ea939eb84c5027d8c423b0b5684fc3d535e6cb57c97b84cabaddd798e58c278c8f5df6eb87525dcada3edab6e624b225c5d347c544c81be9281f4b60d488a8fd028690a0fb09f11e330b3ab5db19843da776c0d6a005fe432a53189e344c717c2f21b8ef8add96461f706407572d3ae48b102aa1c71dc471326b,gx-no-cache=1552602423490 HTTP/1.1" 200 49
192.168.10.89 - - [14/Mar/2019:17:33:39 -0300] "POST /cormun/servlet/solicitudgral?628b8383ad86afbc1158176c8b94894a,UPD,2019,14596,,gx-no-cache=1552602424807 HTTP/1.1" 200 11323
192.168.10.89 - - [14/Mar/2019:17:33:40 -0300] "GET /cormun/servlet/solicitudgral?b1b5f45db2777f95f3adea385fe5c8bcbffe9734ec14b990618d831a3594ea747499505b28be3980e6aea45dce62ccaa8ef4ef15e4a7635e856c52ca28144243a45f8dd0fb2dea34c2b5c978ec4a7ac0881a122443ede45afc6e8ad02f3d9cde3c0e1be657880b54a9d0c58d39a06404d60202cc2477286093e92e7588484dc2a7ccf18c220ad19cb5d52f5ffc98a47b7e7256cadc6102ea929a8f345ba4b2ab,gx-no-cache=1552602425875 HTTP/1.1" 200 29
186.103.159.46 - - [14/Mar/2019:17:33:42 -0300] "POST /cormun/servlet/solicitudot?gx-no-cache=1552595404319 HTTP/1.1" 200 1281
186.103.159.46 - - [14/Mar/2019:17:33:42 -0300] "POST /cormun/servlet/solicitudot?gx-no-cache=1552595404565 HTTP/1.1" 200 38
186.103.159.46 - - [14/Mar/2019:17:33:43 -0300] "GET /cormun/servlet/solicitudot?3b68dcbae353449827061fa6ff42dccf1ba1a646fc7a5e1ecae125004459ac29b758c396eec3592cfd23add7cd64e94b86a2fd32e1782bdb67f4402e3e6088028f2e105dc872cabf44bf8f42cf5563acbebb7fc130667b42b98e4e112d64e077fdc693471ccb21138c8deb9e25c5e75d,gx-no-cache=1552595405187 HTTP/1.1" 200 110
186.103.159.46 - - [14/Mar/2019:17:33:43 -0300] "POST /cormun/servlet/solicitudot?gx-no-cache=1552595405370 HTTP/1.1" 200 97
192.168.10.89 - - [14/Mar/2019:17:33:45 -0300] "POST /cormun/servlet/solicitudgral?628b8383ad86afbc1158176c8b94894a,UPD,2019,14596,,gx-no-cache=1552602430701 HTTP/1.1" 200 93
192.168.10.89 - - [14/Mar/2019:17:33:45 -0300] "GET /cormun/servlet/hpexe_return? HTTP/1.1" 200 1013
192.168.10.89 - - [14/Mar/2019:17:33:45 -0300] "GET /cormun/servlet/trsolicitudgral HTTP/1.1" 200 10436
186.103.159.46 - - [14/Mar/2019:17:33:49 -0300] "GET /cormun/servlet/solicitudot?3b68dcbae353449827061fa6ff42dccf8c6882efff62889579f5ec2202174de8b4078bd0777f4af00fd65d8ceb16fe38a7873f2e4ab77c45a95d93e377c9af8691d4406726984a2d6fb689d53340f98574e33ea67e2e9c4fdd1d77e328cac29ec52e497698a34f4c3f0b6d6734970cf27a88ab07a8c42337f7199e8247eb1aea34dd2d306de5b912809b1fe24d6e25f72833db0bda4519f8dcf7f513dd0f78d7,gx-no-cache=1552595411902 HTTP/1.1" 200 29
186.103.159.46 - - [14/Mar/2019:17:33:49 -0300] "GET /cormun/static/menuarrow.gif HTTP/1.1" 404 1015
186.103.159.46 - - [14/Mar/2019:17:33:54 -0300] "GET /cormun/servlet/solicitudot?3b68dcbae353449827061fa6ff42dccfd94bdfbd6bf9c6bc1744077b8fe3daa75f9f7b35bcc60a5b3b596b19f73567e1,gx-no-cache=1552595416585 HTTP/1.1" 200 30
186.103.159.46 - - [14/Mar/2019:17:34:01 -0300] "POST /cormun/servlet/solicitudot?gx-no-cache=1552595423824 HTTP/1.1" 200 30
186.103.159.46 - - [14/Mar/2019:17:34:12 -0300] "POST /cormun/servlet/solicitudot?d7afc109e5f78455df4551d029b03def,INS,0,0,,gx-no-cache=1552595434587 HTTP/1.1" 200 93
186.103.159.46 - - [14/Mar/2019:17:34:13 -0300] "GET /cormun/servlet/hpexe_return? HTTP/1.1" 200 1000
186.103.159.46 - - [14/Mar/2019:17:34:14 -0300] "GET /cormun/servlet/trsolicitudot HTTP/1.1" 200 9332
186.103.159.46 - - [14/Mar/2019:17:34:16 -0300] "GET /cormun/servlet/trsolicitudot HTTP/1.1" 200 9328
186.103.159.46 - - [14/Mar/2019:17:34:23 -0300] "GET /cormun/servlet/solicitudot?INS,0,0, HTTP/1.1" 200 14879
186.103.159.46 - - [14/Mar/2019:17:34:26 -0300] "GET /cormun/servlet/solicitudot?INS,0,0, HTTP/1.1" 200 14884
186.103.159.46 - - [14/Mar/2019:17:34:48 -0300] "POST /cormun/servlet/solicitudot?gx-no-cache=1552595470541 HTTP/1.1" 200 3571
186.103.159.46 - - [14/Mar/2019:17:34:48 -0300] "POST /cormun/servlet/solicitudot?d7afc109e5f78455df4551d029b03def,INS,0,0,,gx-no-cache=1552595470975 HTTP/1.1" 200 11708
192.168.10.89 - - [14/Mar/2019:17:34:49 -0300] "GET /cormun/servlet/solicitudgral?UPD,2019,14596, HTTP/1.1" 200 12405
192.168.10.89 - - [14/Mar/2019:17:34:50 -0300] "POST /cormun/servlet/solicitudgral?gx-no-cache=1552602496082 HTTP/1.1" 200 4054
192.168.10.89 - - [14/Mar/2019:17:34:51 -0300] "GET /cormun/servlet/solicitudgral?b1b5f45db2777f95f3adea385fe5c8bc010892e9bdb74d8fdea55d01ec9c36a8a0fd26409332858e39f25abdcdfc0ce6f79ffacd72082af26bdcf70d0e238ab20f04555f382394f7101f1582d4367ce176ff40f99ab0ce7872e5c1079d3b5b54f40515ceb96fb2865c912fcb5f39eaac8f6b5e71ec16e758a8d0a0aec99cc4593528401248bab8aa9fdd8068579a4cc9f2117f201dd908e5464c5ff76090e08ba2c6b46ba74f2db76af84f6dc0c66893eaf4abe03211f2606d589281a56930b69d5f08a249a0859f592bb34bca1878ff3e7bcf41c7873b984ffd92b531025f5900a10b70a699008f636bc3e01c0ca9462fe1dd899c089b5560457155497ed67052d3cd32d220eba942c8fe84cd0d2b726b7e8caea8b13ea33cc9a484d52b56bdc9babe41417aa1f3b5987913338dc6f12544605af14bd0fc0975fa45aafa4fe543f1e7aacdd8ebb215a909eb22a6d277,gx-no-cache=1552602496252 HTTP/1.1" 200 240
192.168.10.89 - - [14/Mar/2019:17:34:51 -0300] "GET /cormun/servlet/solicitudgral?b1b5f45db2777f95f3adea385fe5c8bc7c01ca2c3fe7c456da8d2f73829ddf958a8589afdc4eb7ebcf3f51d6e2bdfea1f79ffacd72082af26bdcf70d0e238ab2ccc2c44ea3e16dfa7ce993772c6cccd072b0b05890cb64f6911d229d0125e792,gx-no-cache=1552602497086 HTTP/1.1" 200 30
192.168.10.89 - - [14/Mar/2019:17:34:51 -0300] "POST /cormun/servlet/solicitudgral?gx-no-cache=1552602497106 HTTP/1.1" 200 97
192.168.10.89 - - [14/Mar/2019:17:34:51 -0300] "GET /cormun/servlet/solicitudgral?b1b5f45db2777f95f3adea385fe5c8bc5c6682dcc6cf538cc573cc85da188a2380f2b53ecd6da172045ddd871d8b64f852d3cd32d220eba942c8fe84cd0d2b7278c0cb6f66fac62cc3cd3b48ce2f4ddb9b513d9a3b25ea939eb84c5027d8c423b0b5684fc3d535e6cb57c97b84cabaddd798e58c278c8f5df6eb87525dcada3edab6e624b225c5d347c544c81be9281f4b60d488a8fd028690a0fb09f11e330b3ab5db19843da776c0d6a005fe432a53189e344c717c2f21b8ef8add96461f706407572d3ae48b102aa1c71dc471326b,gx-no-cache=1552602497131 HTTP/1.1" 200 49
186.103.159.46 - - [14/Mar/2019:17:34:53 -0300] "GET /cormun/servlet/solicitudot?3b68dcbae353449827061fa6ff42dccf810142b1577e9aecb2e80bad3e7dcb9bfd7f899b5bd18b0d49c7a12b4086fd1c,gx-no-cache=1552595476086 HTTP/1.1" 200 30
192.168.10.89 - - [14/Mar/2019:17:34:54 -0300] "POST /cormun/servlet/solicitudgral?628b8383ad86afbc1158176c8b94894a,UPD,2019,14596,,gx-no-cache=1552602499333 HTTP/1.1" 200 11315
192.168.10.89 - - [14/Mar/2019:17:34:54 -0300] "GET /cormun/servlet/solicitudgral?b1b5f45db2777f95f3adea385fe5c8bcbffe9734ec14b990618d831a3594ea747499505b28be3980e6aea45dce62ccaa8ef4ef15e4a7635e856c52ca28144243a45f8dd0fb2dea34c2b5c978ec4a7ac0881a122443ede45afc6e8ad02f3d9cde3c0e1be657880b54a9d0c58d39a06404d60202cc2477286093e92e7588484dc2a7ccf18c220ad19cb5d52f5ffc98a47b7e7256cadc6102ea929a8f345ba4b2ab,gx-no-cache=1552602499952 HTTP/1.1" 200 29
186.103.159.46 - - [14/Mar/2019:17:34:55 -0300] "GET /cormun/servlet/solicitudot?3b68dcbae353449827061fa6ff42dccff589e0c3fd2d19e0a185a0cbd83e201ace000cffbd5dbcc514c439b757ec89354ffa8343fae751d127649258492b8e19,gx-no-cache=1552595476305 HTTP/1.1" 200 30
186.103.159.46 - - [14/Mar/2019:17:34:55 -0300] "GET /cormun/servlet/solicitudot?3b68dcbae353449827061fa6ff42dccf1a8f55592e1b2d12404c18944813cc06,gx-no-cache=1552595477327 HTTP/1.1" 200 51
186.103.159.46 - - [14/Mar/2019:17:34:55 -0300] "POST /cormun/servlet/solicitudot?gx-no-cache=1552595477493 HTTP/1.1" 200 255
186.103.159.46 - - [14/Mar/2019:17:34:55 -0300] "GET /cormun/servlet/solicitudot?3b68dcbae353449827061fa6ff42dccf7eff59844c910214ee1a8823922e4a3d7b65852eb34c86c2b653a8fc6445e32ef1307d6f7b25559d8fabc772fd99b49c13561dce3c020506d7dd58337adc6070ea44e3838c0235dcb8b53427923cd3c70326889f41b8c11126cf69c5a61db887339b37426d84290d89d2b838dbecb99f46430aad30e9219d6031babac5a76a31da5bb93a545dd426721c43b2f8ba43e97b3f6d3a5eb9195bf3a3c1cdadcd2194f7a8824cdb08d16183d0aba0418dbc8aec6d5bbd7a103d92c129012c8d10022ef9695ddc7056a87f9ed40cbeac16459d3297de994a9ebf277c545b32dd28f327d97db823d1f7edafd860eb83a285475cd98577b4b5e8498f8ff29629c4b2642fde3b84a9e27d8b3280145688784be060c0890b7feb9799566e5f28b5f7d9a4b7acf972671506b6afe28e65e29fbf22ea44270e8130a52370c3f4666ccfcd8365ae52f94b1765a41af84f64d0a8949ec89dc7b6466455fa507802986ed0df8fda2b9239f2011324d651686d1b1e342d98,gx-no-cache=1552595477803 HTTP/1.1" 200 30
186.103.159.46 - - [14/Mar/2019:17:34:56 -0300] "POST /cormun/servlet/solicitudot?gx-no-cache=1552595478263 HTTP/1.1" 200 30
186.103.159.46 - - [14/Mar/2019:17:34:56 -0300] "POST /cormun/servlet/solicitudot?gx-no-cache=1552595478468 HTTP/1.1" 200 1281
186.103.159.46 - - [14/Mar/2019:17:34:56 -0300] "POST /cormun/servlet/solicitudot?gx-no-cache=1552595478892 HTTP/1.1" 200 38
186.103.159.46 - - [14/Mar/2019:17:34:56 -0300] "GET /cormun/servlet/solicitudot?3b68dcbae353449827061fa6ff42dccf1ba1a646fc7a5e1ecae125004459ac29b758c396eec3592cfd23add7cd64e94b86a2fd32e1782bdb67f4402e3e6088028f2e105dc872cabf44bf8f42cf5563acbebb7fc130667b42b98e4e112d64e077fdc693471ccb21138c8deb9e25c5e75d,gx-no-cache=1552595479065 HTTP/1.1" 200 110
192.168.10.89 - - [14/Mar/2019:17:34:57 -0300] "POST /cormun/servlet/solicitudgral?628b8383ad86afbc1158176c8b94894a,UPD,2019,14596,,gx-no-cache=1552602502178 HTTP/1.1" 200 93
192.168.10.89 - - [14/Mar/2019:17:34:57 -0300] "GET /cormun/servlet/hpexe_return? HTTP/1.1" 200 1013
192.168.10.89 - - [14/Mar/2019:17:34:57 -0300] "GET /cormun/servlet/trsolicitudgral HTTP/1.1" 200 10435
192.168.10.89 - - [14/Mar/2019:17:35:22 -0300] "POST /cormun/servlet/trsolicitudgral?628b8383ad86afbc1158176c8b94894a,gx-no-cache=1552602527858 HTTP/1.1" 200 7469
192.168.10.89 - - [14/Mar/2019:17:35:23 -0300] "GET /cormun/static/Shared/jqueryui/images/ui-bg_highlight-soft_100_c6c2c8_1x100.png HTTP/1.1" 404 1117
192.168.10.89 - - [14/Mar/2019:17:35:23 -0300] "GET /cormun/static/Shared/jqueryui/images/ui-icons_82798d_256x240.png HTTP/1.1" 404 1089
192.168.10.89 - - [14/Mar/2019:17:35:23 -0300] "GET /cormun/static/Shared/jqueryui/images/ui-icons_8d78a5_256x240.png HTTP/1.1" 404 1089
192.168.10.89 - - [14/Mar/2019:17:35:23 -0300] "GET /cormun/static/Shared/jqueryui/images/ui-bg_flat_55_fafafa_40x100.png HTTP/1.1" 404 1097
192.168.10.89 - - [14/Mar/2019:17:35:26 -0300] "GET /cormun/servlet/trautorizarot? HTTP/1.1" 200 12399
192.168.10.89 - - [14/Mar/2019:17:35:32 -0300] "POST /cormun/servlet/trautorizarot?628b8383ad86afbc1158176c8b94894a,,gx-no-cache=1552602537267 HTTP/1.1" 200 7329
192.168.10.89 - - [14/Mar/2019:17:35:36 -0300] "POST /cormun/servlet/trautorizarot?628b8383ad86afbc1158176c8b94894a,,gx-no-cache=1552602541703 HTTP/1.1" 200 5346
186.103.156.24 - - [14/Mar/2019:17:35:44 -0300] "GET /cormun/servlet/hlogin HTTP/1.1" 200 1721
186.103.156.24 - - [14/Mar/2019:17:35:55 -0300] "POST /cormun/servlet/hlogin?9f00c0ee480cf782b3b7ebf31c48fb88,gx-no-cache=1552595537234 HTTP/1.1" 200 428
186.103.156.24 - - [14/Mar/2019:17:36:04 -0300] "POST /cormun/servlet/hlogin?9f00c0ee480cf782b3b7ebf31c48fb88,gx-no-cache=1552595546058 HTTP/1.1" 200 90
186.103.156.24 - - [14/Mar/2019:17:36:04 -0300] "GET /cormun/servlet/hpexe_link HTTP/1.1" 200 952
186.103.156.24 - - [14/Mar/2019:17:36:05 -0300] "GET /cormun/servlet/hhome HTTP/1.1" 200 4327
186.103.156.24 - - [14/Mar/2019:17:36:05 -0300] "GET /cormun/servlet/hhome HTTP/1.1" 200 4325
186.103.156.24 - - [14/Mar/2019:17:36:08 -0300] "GET /cormun/servlet/trlicencias? HTTP/1.1" 200 10436
186.103.159.46 - - [14/Mar/2019:17:36:08 -0300] "POST /cormun/servlet/solicitudot?gx-no-cache=1552595550514 HTTP/1.1" 200 97
186.103.156.24 - - [14/Mar/2019:17:36:08 -0300] "GET /cormun/servlet/trlicencias? HTTP/1.1" 200 10434
186.103.159.46 - - [14/Mar/2019:17:36:24 -0300] "GET /cormun/servlet/solicitudot?3b68dcbae353449827061fa6ff42dccf8c6882efff62889579f5ec2202174de8b4078bd0777f4af00fd65d8ceb16fe38a7873f2e4ab77c45a95d93e377c9af8691d4406726984a2d6fb689d53340f98574e33ea67e2e9c4fdd1d77e328cac29ec52e497698a34f4c3f0b6d6734970cf27a88ab07a8c42337f7199e8247eb1aea34dd2d306de5b912809b1fe24d6e25f72833db0bda4519f8dcf7f513dd0f78d7,gx-no-cache=1552595566824 HTTP/1.1" 200 29
186.103.159.46 - - [14/Mar/2019:17:36:24 -0300] "GET /cormun/static/menuarrow.gif HTTP/1.1" 404 1015
186.103.159.46 - - [14/Mar/2019:17:36:28 -0300] "GET /cormun/servlet/solicitudot?3b68dcbae353449827061fa6ff42dccfd94bdfbd6bf9c6bc1744077b8fe3daa75f9f7b35bcc60a5b3b596b19f73567e1,gx-no-cache=1552595570925 HTTP/1.1" 200 30
186.103.159.46 - - [14/Mar/2019:17:36:35 -0300] "POST /cormun/servlet/solicitudot?gx-no-cache=1552595578016 HTTP/1.1" 200 30
186.103.159.46 - - [14/Mar/2019:17:36:43 -0300] "POST /cormun/servlet/solicitudot?gx-no-cache=1552595584962 HTTP/1.1" 200 30
186.103.159.46 - - [14/Mar/2019:17:36:46 -0300] "POST /cormun/servlet/solicitudot?gx-no-cache=1552595588692 HTTP/1.1" 200 1281
186.103.159.46 - - [14/Mar/2019:17:36:47 -0300] "POST /cormun/servlet/solicitudot?gx-no-cache=1552595589111 HTTP/1.1" 200 40
186.103.159.46 - - [14/Mar/2019:17:36:47 -0300] "GET /cormun/servlet/solicitudot?3b68dcbae353449827061fa6ff42dccf1ba1a646fc7a5e1ecae125004459ac29b758c396eec3592cfd23add7cd64e94b86a2fd32e1782bdb67f4402e3e6088028f2e105dc872cabf44bf8f42cf5563acbebb7fc130667b42b98e4e112d64e077fdc693471ccb21138c8deb9e25c5e75d,gx-no-cache=1552595589282 HTTP/1.1" 200 110
186.103.159.46 - - [14/Mar/2019:17:36:47 -0300] "POST /cormun/servlet/solicitudot?gx-no-cache=1552595589404 HTTP/1.1" 200 97
186.103.159.46 - - [14/Mar/2019:17:36:47 -0300] "GET /cormun/servlet/solicitudot?3b68dcbae353449827061fa6ff42dccfd94bdfbd6bf9c6bc1744077b8fe3daa75f9f7b35bcc60a5b3b596b19f73567e1,gx-no-cache=1552595589508 HTTP/1.1" 200 30
186.103.159.46 - - [14/Mar/2019:17:36:47 -0300] "POST /cormun/servlet/solicitudot?gx-no-cache=1552595589573 HTTP/1.1" 200 30
186.103.159.46 - - [14/Mar/2019:17:36:47 -0300] "POST /cormun/servlet/solicitudot?d7afc109e5f78455df4551d029b03def,INS,0,0,,gx-no-cache=1552595589717 HTTP/1.1" 200 93
186.103.159.46 - - [14/Mar/2019:17:36:48 -0300] "GET /cormun/servlet/hpexe_return? HTTP/1.1" 200 1000
186.103.159.46 - - [14/Mar/2019:17:36:49 -0300] "GET /cormun/servlet/trsolicitudot HTTP/1.1" 200 9688
186.103.159.46 - - [14/Mar/2019:17:36:52 -0300] "GET /cormun/servlet/trsolicitudot HTTP/1.1" 200 9684
186.103.159.46 - - [14/Mar/2019:17:37:38 -0300] "POST /cormun/servlet/trsolicitudot?d7afc109e5f78455df4551d029b03def,gx-no-cache=1552595640044 HTTP/1.1" 200 6429
186.103.159.46 - - [14/Mar/2019:17:37:38 -0300] "GET /cormun/static/Shared/jqueryui/images/ui-bg_highlight-soft_100_c6c2c8_1x100.png HTTP/1.1" 404 1117
186.103.159.46 - - [14/Mar/2019:17:37:38 -0300] "GET /cormun/static/Shared/jqueryui/images/ui-bg_flat_55_fafafa_40x100.png HTTP/1.1" 404 1097
186.103.159.46 - - [14/Mar/2019:17:37:38 -0300] "GET /cormun/static/Shared/jqueryui/images/ui-icons_82798d_256x240.png HTTP/1.1" 404 1089
186.103.159.46 - - [14/Mar/2019:17:37:38 -0300] "GET /cormun/static/Shared/jqueryui/images/ui-icons_8d78a5_256x240.png HTTP/1.1" 404 1089
186.103.159.46 - - [14/Mar/2019:17:37:38 -0300] "POST /cormun/servlet/trsolicitudot?d7afc109e5f78455df4551d029b03def,gx-no-cache=1552595640986 HTTP/1.1" 200 6371
186.103.159.46 - - [14/Mar/2019:17:37:42 -0300] "POST /cormun/servlet/trsolicitudot?d7afc109e5f78455df4551d029b03def,gx-no-cache=1552595644326 HTTP/1.1" 200 6157
186.103.159.46 - - [14/Mar/2019:17:37:43 -0300] "POST /cormun/servlet/trsolicitudot?d7afc109e5f78455df4551d029b03def,gx-no-cache=1552595645145 HTTP/1.1" 200 6101
186.103.159.46 - - [14/Mar/2019:17:37:46 -0300] "POST /cormun/servlet/trsolicitudot?d7afc109e5f78455df4551d029b03def,gx-no-cache=1552595648698 HTTP/1.1" 200 5733
186.103.159.46 - - [14/Mar/2019:17:37:47 -0300] "POST /cormun/servlet/trsolicitudot?d7afc109e5f78455df4551d029b03def,gx-no-cache=1552595649497 HTTP/1.1" 200 5676
192.168.10.89 - - [14/Mar/2019:17:45:57 -0300] "GET /cormun/servlet/trsolicitudgral? HTTP/1.1" 200 10432
192.168.10.89 - - [14/Mar/2019:17:46:33 -0300] "POST /cormun/servlet/trsolicitudgral?628b8383ad86afbc1158176c8b94894a,,gx-no-cache=1552603198512 HTTP/1.1" 200 6631
186.103.156.24 - - [14/Mar/2019:17:49:23 -0300] "POST /cormun/servlet/trlicencias?9f00c0ee480cf782b3b7ebf31c48fb88,,gx-no-cache=1552596344805 HTTP/1.1" 200 101
186.103.156.24 - - [14/Mar/2019:17:49:24 -0300] "GET /cormun/Licencias-3165.xls HTTP/1.1" 200 6656
157.55.39.177 - - [14/Mar/2019:17:49:34 -0300] "GET /cormun/servlet/trlicenciaspermisoslog?17501627,L,20190123000000,_escaped_fragment_%3D HTTP/1.1" 200 5346
186.103.159.46 - - [14/Mar/2019:17:51:06 -0300] "GET /cormun/servlet/solicitudot?INS,0,0, HTTP/1.1" 200 14879
186.103.159.46 - - [14/Mar/2019:17:51:09 -0300] "GET /cormun/servlet/solicitudot?INS,0,0, HTTP/1.1" 200 14883
186.103.159.46 - - [14/Mar/2019:17:51:17 -0300] "POST /cormun/servlet/solicitudot?gx-no-cache=1552596459020 HTTP/1.1" 200 3582
186.103.159.46 - - [14/Mar/2019:17:51:17 -0300] "POST /cormun/servlet/solicitudot?d7afc109e5f78455df4551d029b03def,INS,0,0,,gx-no-cache=1552596459680 HTTP/1.1" 200 11710
186.103.159.46 - - [14/Mar/2019:17:51:33 -0300] "GET /cormun/servlet/solicitudot?3b68dcbae353449827061fa6ff42dccf71314a43bd37efa212c70413a0cf4cc0f2b20aff1bfa53a4c86ea5edd6820116,gx-no-cache=1552596475560 HTTP/1.1" 200 30
186.103.159.46 - - [14/Mar/2019:17:51:33 -0300] "GET /cormun/servlet/solicitudot?3b68dcbae353449827061fa6ff42dccf494187ccb22ed05fda15c578afca2ad189667e64d53eb7df2d4d9ad03944f2b7f2b20aff1bfa53a4c86ea5edd6820116,gx-no-cache=1552596475690 HTTP/1.1" 200 30
186.103.159.46 - - [14/Mar/2019:17:51:33 -0300] "GET /cormun/servlet/solicitudot?3b68dcbae353449827061fa6ff42dccf1a8f55592e1b2d12404c18944813cc06,gx-no-cache=1552596475760 HTTP/1.1" 200 51
186.103.159.46 - - [14/Mar/2019:17:51:33 -0300] "POST /cormun/servlet/solicitudot?gx-no-cache=1552596475842 HTTP/1.1" 200 255
186.103.159.46 - - [14/Mar/2019:17:51:34 -0300] "GET /cormun/servlet/solicitudot?3b68dcbae353449827061fa6ff42dccf7eff59844c910214ee1a8823922e4a3d7b65852eb34c86c2b653a8fc6445e32ef1307d6f7b25559d8fabc772fd99b49c13561dce3c020506d7dd58337adc6070ea44e3838c0235dcb8b53427923cd3c70326889f41b8c11126cf69c5a61db887339b37426d84290d89d2b838dbecb99f46430aad30e9219d6031babac5a76a31da5bb93a545dd426721c43b2f8ba43e97b3f6d3a5eb9195bf3a3c1cdadcd2194f7a8824cdb08d16183d0aba0418dbc8aec6d5bbd7a103d92c129012c8d10022ef9695ddc7056a87f9ed40cbeac16459d3297de994a9ebf277c545b32dd28f327d97db823d1f7edafd860eb83a285475cd98577b4b5e8498f8ff29629c4b2642fde3b84a9e27d8b3280145688784be060c0890b7feb9799566e5f28b5f7d9a4b7acf972671506b6afe28e65e29fbf22ea44270e8130a52370c3f4666ccfcd8365ae52f94b1765a41af84f64d0a8949ec89dc7b6466455fa507802986ed0df8fda2b9239f2011324d651686d1b1e342d98,gx-no-cache=1552596475973 HTTP/1.1" 200 30
186.103.159.46 - - [14/Mar/2019:17:51:34 -0300] "POST /cormun/servlet/solicitudot?gx-no-cache=1552596476351 HTTP/1.1" 200 30
186.103.159.46 - - [14/Mar/2019:17:51:34 -0300] "POST /cormun/servlet/solicitudot?gx-no-cache=1552596476474 HTTP/1.1" 200 1282
186.103.159.46 - - [14/Mar/2019:17:51:34 -0300] "POST /cormun/servlet/solicitudot?gx-no-cache=1552596476637 HTTP/1.1" 200 38
186.103.159.46 - - [14/Mar/2019:17:51:34 -0300] "GET /cormun/servlet/solicitudot?3b68dcbae353449827061fa6ff42dccf1ba1a646fc7a5e1ecae125004459ac29b758c396eec3592cfd23add7cd64e94b86a2fd32e1782bdb67f4402e3e6088028f2e105dc872cabf44bf8f42cf5563acbebb7fc130667b42b98e4e112d64e077fdc693471ccb21138c8deb9e25c5e75d,gx-no-cache=1552596476726 HTTP/1.1" 200 110
186.103.159.46 - - [14/Mar/2019:17:51:34 -0300] "POST /cormun/servlet/solicitudot?gx-no-cache=1552596476801 HTTP/1.1" 200 97
186.103.159.46 - - [14/Mar/2019:17:51:41 -0300] "POST /cormun/servlet/solicitudot?gx-no-cache=1552596483763 HTTP/1.1" 200 30
186.103.159.46 - - [14/Mar/2019:17:51:51 -0300] "POST /cormun/servlet/solicitudot?gx-no-cache=1552596493706 HTTP/1.1" 200 30
186.103.159.46 - - [14/Mar/2019:17:52:09 -0300] "GET /cormun/servlet/prcontratosol?10940177,,,,,MD,,gxPopupLevel%3D0%3B HTTP/1.1" 200 7780
186.103.159.46 - - [14/Mar/2019:17:52:09 -0300] "GET /cormun/static/gxcfg.js?201761413223964 HTTP/1.1" 200 953
186.103.159.46 - - [14/Mar/2019:17:52:10 -0300] "GET /cormun/static/prcontratosol.js?201761413224174 HTTP/1.1" 200 15806
186.103.159.46 - - [14/Mar/2019:17:52:19 -0300] "POST /cormun/servlet/solicitudot?gx-no-cache=1552596521426 HTTP/1.1" 200 1282
186.103.159.46 - - [14/Mar/2019:17:52:19 -0300] "POST /cormun/servlet/solicitudot?gx-no-cache=1552596521649 HTTP/1.1" 200 38
186.103.159.46 - - [14/Mar/2019:17:52:19 -0300] "GET /cormun/servlet/solicitudot?3b68dcbae353449827061fa6ff42dccf1ba1a646fc7a5e1ecae125004459ac29b758c396eec3592cfd23add7cd64e94b86a2fd32e1782bdb67f4402e3e6088028f2e105dc872cabf44bf8f42cf5563acbebb7fc130667b42b98e4e112d64e077fdc693471ccb21138c8deb9e25c5e75d,gx-no-cache=1552596521839 HTTP/1.1" 200 110
186.103.159.46 - - [14/Mar/2019:17:52:19 -0300] "POST /cormun/servlet/solicitudot?gx-no-cache=1552596521998 HTTP/1.1" 200 97
186.103.159.46 - - [14/Mar/2019:17:52:20 -0300] "GET /cormun/servlet/solicitudot?3b68dcbae353449827061fa6ff42dccf8c6882efff62889579f5ec2202174de8b4078bd0777f4af00fd65d8ceb16fe38a7873f2e4ab77c45a95d93e377c9af8691d4406726984a2d6fb689d53340f98574e33ea67e2e9c4fdd1d77e328cac29ec52e497698a34f4c3f0b6d6734970cf27a88ab07a8c42337f7199e8247eb1aea34dd2d306de5b912809b1fe24d6e25f72833db0bda4519f8dcf7f513dd0f78d7,gx-no-cache=1552596522172 HTTP/1.1" 200 29
186.103.159.46 - - [14/Mar/2019:17:52:20 -0300] "GET /cormun/servlet/solicitudot?3b68dcbae353449827061fa6ff42dccf6dcc649230172c8bcd0fc54961b23406dfdcc55eb5a6dd6554f752bcf9780a7d,gx-no-cache=1552596522270 HTTP/1.1" 200 134
186.103.159.46 - - [14/Mar/2019:17:52:20 -0300] "GET /cormun/static/Shared/jqueryui/images/ui-bg_highlight-soft_100_c6c2c8_1x100.png HTTP/1.1" 404 1117
186.103.159.46 - - [14/Mar/2019:17:52:20 -0300] "GET /cormun/static/Shared/jqueryui/images/ui-icons_ebccce_256x240.png HTTP/1.1" 404 1089
186.103.159.46 - - [14/Mar/2019:17:52:20 -0300] "GET /cormun/static/Shared/jqueryui/images/ui-icons_82798d_256x240.png HTTP/1.1" 404 1089
186.103.159.46 - - [14/Mar/2019:17:52:20 -0300] "GET /cormun/static/Shared/jqueryui/images/ui-bg_flat_55_994d53_40x100.png HTTP/1.1" 404 1097
186.103.159.46 - - [14/Mar/2019:17:52:34 -0300] "GET /cormun/servlet/prcontratosol?10940177,,,,,MD,,gxPopupLevel%3D0%3B HTTP/1.1" 200 7780
186.103.159.46 - - [14/Mar/2019:17:52:52 -0300] "POST /cormun/servlet/solicitudot?gx-no-cache=1552596554485 HTTP/1.1" 200 1282
186.103.159.46 - - [14/Mar/2019:17:52:52 -0300] "POST /cormun/servlet/solicitudot?gx-no-cache=1552596554655 HTTP/1.1" 200 41
186.103.159.46 - - [14/Mar/2019:17:52:52 -0300] "GET /cormun/servlet/solicitudot?3b68dcbae353449827061fa6ff42dccf1ba1a646fc7a5e1ecae125004459ac29b758c396eec3592cfd23add7cd64e94b86a2fd32e1782bdb67f4402e3e6088028f2e105dc872cabf44bf8f42cf5563acbebb7fc130667b42b98e4e112d64e077fdc693471ccb21138c8deb9e25c5e75d,gx-no-cache=1552596554737 HTTP/1.1" 200 110
186.103.159.46 - - [14/Mar/2019:17:52:52 -0300] "POST /cormun/servlet/solicitudot?gx-no-cache=1552596554816 HTTP/1.1" 200 97
186.103.159.46 - - [14/Mar/2019:17:52:52 -0300] "GET /cormun/servlet/solicitudot?3b68dcbae353449827061fa6ff42dccf6dcc649230172c8bcd0fc54961b23406dfdcc55eb5a6dd6554f752bcf9780a7d,gx-no-cache=1552596554943 HTTP/1.1" 200 134
186.103.159.46 - - [14/Mar/2019:17:53:00 -0300] "GET /cormun/static/menuarrow.gif HTTP/1.1" 404 1015
192.168.10.89 - - [14/Mar/2019:17:53:09 -0300] "GET /cormun/servlet/solicitudgral?UPD,2019,14553, HTTP/1.1" 200 12468
192.168.10.89 - - [14/Mar/2019:17:53:10 -0300] "POST /cormun/servlet/solicitudgral?gx-no-cache=1552603595795 HTTP/1.1" 200 4043
192.168.10.89 - - [14/Mar/2019:17:53:10 -0300] "GET /cormun/servlet/solicitudgral?b1b5f45db2777f95f3adea385fe5c8bc010892e9bdb74d8fdea55d01ec9c36a86ee9deb21b04c27ad84eb13e9c150b78f79ffacd72082af26bdcf70d0e238ab20f04555f382394f7101f1582d4367ce176ff40f99ab0ce7872e5c1079d3b5b54f40515ceb96fb2865c912fcb5f39eaac8f6b5e71ec16e758a8d0a0aec99cc4593528401248bab8aa9fdd8068579a4cc9f2117f201dd908e5464c5ff76090e08ba2c6b46ba74f2db76af84f6dc0c66893eaf4abe03211f2606d589281a56930b69d5f08a249a0859f592bb34bca1878ff3e7bcf41c7873b984ffd92b531025f5900a10b70a699008f636bc3e01c0ca9462fe1dd899c089b5560457155497ed67052d3cd32d220eba942c8fe84cd0d2b726b7e8caea8b13ea33cc9a484d52b56bdc9babe41417aa1f3b5987913338dc6f12544605af14bd0fc0975fa45aafa4fe543f1e7aacdd8ebb215a909eb22a6d277,gx-no-cache=1552603596033 HTTP/1.1" 200 297
192.168.10.89 - - [14/Mar/2019:17:53:12 -0300] "GET /cormun/servlet/solicitudgral?b1b5f45db2777f95f3adea385fe5c8bc7c01ca2c3fe7c456da8d2f73829ddf958a8589afdc4eb7ebcf3f51d6e2bdfea1f79ffacd72082af26bdcf70d0e238ab2ccc2c44ea3e16dfa7ce993772c6cccd072b0b05890cb64f6911d229d0125e792,gx-no-cache=1552603597431 HTTP/1.1" 200 30
192.168.10.89 - - [14/Mar/2019:17:53:12 -0300] "POST /cormun/servlet/solicitudgral?gx-no-cache=1552603597673 HTTP/1.1" 200 109
192.168.10.89 - - [14/Mar/2019:17:53:12 -0300] "GET /cormun/servlet/solicitudgral?b1b5f45db2777f95f3adea385fe5c8bc5c6682dcc6cf538cc573cc85da188a23f6d98c3b3ac475c4fa7ba860f83451ada2c9be2787fa0da35ba5ecc7deb30664b3c50326e0a0a5f05c7ca8bdbc1040ff54a35e8d1bf5fb1bef1fd345e5e4755b825591acb712584e3a35ca88a0c968417dd15d7565d17830bfd803a4a4b6aafad036407ddc1d5dfbb812ac6894f33b9e51bb3022afcda631825d980fd4194f792f4a2185d5a0bfa77e0a595371f94a3a29db2558b308eba1766153932f92175d6b423bbcbb8e82f44523b7ccc06f1fbaf1b581d830e3ef2f482d8b8015f873a49170297835d81d33623051a2a16d02dea077c4d97881fda3d94eb57f0de74781,gx-no-cache=1552603598020 HTTP/1.1" 200 49
186.103.159.46 - - [14/Mar/2019:17:53:13 -0300] "GET /cormun/servlet/solicitudot?3b68dcbae353449827061fa6ff42dccfd94bdfbd6bf9c6bc1744077b8fe3daa75f9f7b35bcc60a5b3b596b19f73567e1,gx-no-cache=1552596575447 HTTP/1.1" 200 30
192.168.10.89 - - [14/Mar/2019:17:53:13 -0300] "POST /cormun/servlet/solicitudgral?628b8383ad86afbc1158176c8b94894a,UPD,2019,14553,,gx-no-cache=1552603598402 HTTP/1.1" 200 11404
192.168.10.89 - - [14/Mar/2019:17:53:13 -0300] "GET /cormun/servlet/solicitudgral?b1b5f45db2777f95f3adea385fe5c8bc864f5958f6401702667bca513b4a14607499505b28be3980e6aea45dce62ccaaf82f0d678f0d392172ba826c302a12c5cff176f5af05f2a906e05ea9eb0bcea72e62eb3fa2d281a46d2ed405c47a5976a966d83278a046b26b29bd7cf5a2fc06,gx-no-cache=1552603599026 HTTP/1.1" 200 29
192.168.10.89 - - [14/Mar/2019:17:53:23 -0300] "POST /cormun/servlet/solicitudgral?628b8383ad86afbc1158176c8b94894a,UPD,2019,14553,,gx-no-cache=1552603608740 HTTP/1.1" 200 93
192.168.10.89 - - [14/Mar/2019:17:53:23 -0300] "GET /cormun/servlet/hpexe_return? HTTP/1.1" 200 1013
192.168.10.89 - - [14/Mar/2019:17:53:23 -0300] "GET /cormun/servlet/trsolicitudgral? HTTP/1.1" 200 9689
186.103.159.46 - - [14/Mar/2019:17:53:41 -0300] "POST /cormun/servlet/solicitudot?gx-no-cache=1552596603719 HTTP/1.1" 200 33
186.103.159.46 - - [14/Mar/2019:17:53:41 -0300] "POST /cormun/servlet/solicitudot?d7afc109e5f78455df4551d029b03def,INS,0,0,,gx-no-cache=1552596603919 HTTP/1.1" 200 93
186.103.159.46 - - [14/Mar/2019:17:53:42 -0300] "GET /cormun/servlet/hpexe_return? HTTP/1.1" 200 1021
186.103.159.46 - - [14/Mar/2019:17:53:43 -0300] "GET /cormun/servlet/trsolicitudot?gx-no-cache=1552595649497 HTTP/1.1" 200 9121
186.103.159.46 - - [14/Mar/2019:17:53:45 -0300] "GET /cormun/servlet/trsolicitudot?gx-no-cache=1552595649497 HTTP/1.1" 200 9136
192.168.10.89 - - [14/Mar/2019:17:53:46 -0300] "POST /cormun/servlet/trsolicitudgral?628b8383ad86afbc1158176c8b94894a,,gx-no-cache=1552603631966 HTTP/1.1" 200 6670
192.168.10.89 - - [14/Mar/2019:17:53:47 -0300] "GET /cormun/static/Shared/jqueryui/images/ui-bg_highlight-soft_100_c6c2c8_1x100.png HTTP/1.1" 404 1117
192.168.10.89 - - [14/Mar/2019:17:53:47 -0300] "GET /cormun/static/Shared/jqueryui/images/ui-icons_82798d_256x240.png HTTP/1.1" 404 1089
192.168.10.89 - - [14/Mar/2019:17:53:47 -0300] "GET /cormun/static/Shared/jqueryui/images/ui-icons_8d78a5_256x240.png HTTP/1.1" 404 1089
192.168.10.89 - - [14/Mar/2019:17:53:47 -0300] "GET /cormun/static/Shared/jqueryui/images/ui-bg_flat_55_fafafa_40x100.png HTTP/1.1" 404 1097
192.168.10.89 - - [14/Mar/2019:17:53:52 -0300] "GET /cormun/servlet/trautorizarot? HTTP/1.1" 200 8154
186.103.159.46 - - [14/Mar/2019:17:54:00 -0300] "GET /cormun/servlet/solicitudot?INS,0,0, HTTP/1.1" 200 14900
186.103.159.46 - - [14/Mar/2019:17:54:02 -0300] "GET /cormun/servlet/solicitudot?INS,0,0, HTTP/1.1" 200 14884
192.168.10.89 - - [14/Mar/2019:17:54:19 -0300] "POST /cormun/servlet/trautorizarot?628b8383ad86afbc1158176c8b94894a,,gx-no-cache=1552603665014 HTTP/1.1" 200 6532
192.168.10.89 - - [14/Mar/2019:17:54:24 -0300] "POST /cormun/servlet/trautorizarot?628b8383ad86afbc1158176c8b94894a,,gx-no-cache=1552603670055 HTTP/1.1" 200 5342
186.103.159.46 - - [14/Mar/2019:17:54:27 -0300] "POST /cormun/servlet/solicitudot?gx-no-cache=1552596649242 HTTP/1.1" 200 3559
186.103.159.46 - - [14/Mar/2019:17:54:27 -0300] "POST /cormun/servlet/solicitudot?d7afc109e5f78455df4551d029b03def,INS,0,0,,gx-no-cache=1552596649735 HTTP/1.1" 200 11717
192.168.10.89 - - [14/Mar/2019:17:54:28 -0300] "GET /cormun/servlet/hlogin HTTP/1.1" 200 1734
186.103.159.46 - - [14/Mar/2019:17:54:31 -0300] "GET /cormun/servlet/solicitudot?3b68dcbae353449827061fa6ff42dccf8756992c803b3f8356eb4240583c2e1cfd7f899b5bd18b0d49c7a12b4086fd1c,gx-no-cache=1552596653291 HTTP/1.1" 200 30
186.103.159.46 - - [14/Mar/2019:17:54:31 -0300] "GET /cormun/servlet/solicitudot?3b68dcbae353449827061fa6ff42dccfb728167034823ec5659742199de15d354f0d97743f076678734fcf86664f1d42773176648551250756047c839992609d,gx-no-cache=1552596653388 HTTP/1.1" 200 30
186.103.159.46 - - [14/Mar/2019:17:54:31 -0300] "GET /cormun/servlet/solicitudot?3b68dcbae353449827061fa6ff42dccf1a8f55592e1b2d12404c18944813cc06,gx-no-cache=1552596653533 HTTP/1.1" 200 51
186.103.159.46 - - [14/Mar/2019:17:54:31 -0300] "POST /cormun/servlet/solicitudot?gx-no-cache=1552596653710 HTTP/1.1" 200 255
186.103.159.46 - - [14/Mar/2019:17:54:32 -0300] "GET /cormun/servlet/solicitudot?3b68dcbae353449827061fa6ff42dccf7eff59844c910214ee1a8823922e4a3d7b65852eb34c86c2b653a8fc6445e32ef1307d6f7b25559d8fabc772fd99b49c13561dce3c020506d7dd58337adc6070ea44e3838c0235dcb8b53427923cd3c70326889f41b8c11126cf69c5a61db887339b37426d84290d89d2b838dbecb99f46430aad30e9219d6031babac5a76a31da5bb93a545dd426721c43b2f8ba43e97b3f6d3a5eb9195bf3a3c1cdadcd2194f7a8824cdb08d16183d0aba0418dbc8aec6d5bbd7a103d92c129012c8d10022ef9695ddc7056a87f9ed40cbeac16459d3297de994a9ebf277c545b32dd28f327d97db823d1f7edafd860eb83a285475cd98577b4b5e8498f8ff29629c4b2642fde3b84a9e27d8b3280145688784be060c0890b7feb9799566e5f28b5f7d9a4b7acf972671506b6afe28e65e29fbf22ea44270e8130a52370c3f4666ccfcd8365ae52f94b1765a41af84f64d0a8949ec89dc7b6466455fa507802986ed0df8fda2b9239f2011324d651686d1b1e342d98,gx-no-cache=1552596654177 HTTP/1.1" 200 30
186.103.159.46 - - [14/Mar/2019:17:54:35 -0300] "POST /cormun/servlet/solicitudot?gx-no-cache=1552596658069 HTTP/1.1" 200 30
186.103.159.46 - - [14/Mar/2019:17:54:38 -0300] "GET /cormun/servlet/prcontratosol?9187329,,,,,MD,,gxPopupLevel%3D0%3B HTTP/1.1" 200 7573
186.103.159.46 - - [14/Mar/2019:17:54:43 -0300] "POST /cormun/servlet/solicitudot?gx-no-cache=1552596665579 HTTP/1.1" 200 1281
186.103.159.46 - - [14/Mar/2019:17:54:43 -0300] "POST /cormun/servlet/solicitudot?gx-no-cache=1552596665747 HTTP/1.1" 200 38
186.103.159.46 - - [14/Mar/2019:17:54:43 -0300] "GET /cormun/servlet/solicitudot?3b68dcbae353449827061fa6ff42dccf1ba1a646fc7a5e1ecae125004459ac29b758c396eec3592cfd23add7cd64e94b86a2fd32e1782bdb67f4402e3e6088028f2e105dc872cabf44bf8f42cf5563acbebb7fc130667b42b98e4e112d64e077fdc693471ccb21138c8deb9e25c5e75d,gx-no-cache=1552596665885 HTTP/1.1" 200 110
186.103.159.46 - - [14/Mar/2019:17:54:44 -0300] "POST /cormun/servlet/solicitudot?gx-no-cache=1552596666022 HTTP/1.1" 200 97
186.103.159.46 - - [14/Mar/2019:17:54:44 -0300] "GET /cormun/servlet/solicitudot?3b68dcbae353449827061fa6ff42dccf8c6882efff62889579f5ec2202174de8b4078bd0777f4af00fd65d8ceb16fe38a7873f2e4ab77c45a95d93e377c9af8691d4406726984a2d6fb689d53340f98574e33ea67e2e9c4fdd1d77e328cac29ec52e497698a34f4c3f0b6d6734970cf27a88ab07a8c42337f7199e8247eb1aea34dd2d306de5b912809b1fe24d6e25f72833db0bda4519f8dcf7f513dd0f78d7,gx-no-cache=1552596666314 HTTP/1.1" 200 29
186.103.159.46 - - [14/Mar/2019:17:54:44 -0300] "GET /cormun/servlet/solicitudot?3b68dcbae353449827061fa6ff42dccf9ed17930d4bba3b19792e67781d121155f9f7b35bcc60a5b3b596b19f73567e1,gx-no-cache=1552596666423 HTTP/1.1" 200 134
186.103.159.46 - - [14/Mar/2019:17:54:44 -0300] "GET /cormun/static/Shared/jqueryui/images/ui-bg_highlight-soft_100_c6c2c8_1x100.png HTTP/1.1" 404 1117
186.103.159.46 - - [14/Mar/2019:17:54:44 -0300] "GET /cormun/static/Shared/jqueryui/images/ui-icons_82798d_256x240.png HTTP/1.1" 404 1089
186.103.159.46 - - [14/Mar/2019:17:54:44 -0300] "GET /cormun/static/Shared/jqueryui/images/ui-bg_flat_55_994d53_40x100.png HTTP/1.1" 404 1097
186.103.159.46 - - [14/Mar/2019:17:54:44 -0300] "GET /cormun/static/Shared/jqueryui/images/ui-icons_ebccce_256x240.png HTTP/1.1" 404 1089
186.103.159.46 - - [14/Mar/2019:17:54:47 -0300] "GET /cormun/static/menuarrow.gif HTTP/1.1" 404 1015
192.168.10.89 - - [14/Mar/2019:17:55:03 -0300] "GET /cormun/servlet/hlogin HTTP/1.1" 200 1718
186.103.159.46 - - [14/Mar/2019:17:55:04 -0300] "GET /cormun/servlet/solicitudot?3b68dcbae353449827061fa6ff42dccfd94bdfbd6bf9c6bc1744077b8fe3daa75f9f7b35bcc60a5b3b596b19f73567e1,gx-no-cache=1552596687114 HTTP/1.1" 200 30
192.168.10.89 - - [14/Mar/2019:17:55:11 -0300] "POST /cormun/servlet/hlogin?b54909003759ca8c92b11fccafa8d352,gx-no-cache=1552603716682 HTTP/1.1" 200 90
192.168.10.89 - - [14/Mar/2019:17:55:11 -0300] "GET /cormun/servlet/hpexe_link HTTP/1.1" 200 950
192.168.10.89 - - [14/Mar/2019:17:55:11 -0300] "GET /cormun/servlet/hhome HTTP/1.1" 200 3823
192.168.10.89 - - [14/Mar/2019:17:55:16 -0300] "GET /cormun/servlet/trsolicitudgral? HTTP/1.1" 200 27170
192.168.10.89 - - [14/Mar/2019:17:55:31 -0300] "POST /cormun/servlet/trsolicitudgral?b54909003759ca8c92b11fccafa8d352,,gx-no-cache=1552603734937 HTTP/1.1" 200 23577
186.103.159.46 - - [14/Mar/2019:17:55:41 -0300] "POST /cormun/servlet/solicitudot?gx-no-cache=1552596723509 HTTP/1.1" 200 33
186.103.159.46 - - [14/Mar/2019:17:55:41 -0300] "POST /cormun/servlet/solicitudot?d7afc109e5f78455df4551d029b03def,INS,0,0,,gx-no-cache=1552596723767 HTTP/1.1" 200 93
186.103.159.46 - - [14/Mar/2019:17:55:42 -0300] "GET /cormun/servlet/hpexe_return? HTTP/1.1" 200 1021
186.103.159.46 - - [14/Mar/2019:17:55:42 -0300] "GET /cormun/servlet/trsolicitudot?gx-no-cache=1552595649497 HTTP/1.1" 200 9521
186.103.159.46 - - [14/Mar/2019:17:55:46 -0300] "GET /cormun/servlet/trsolicitudot?gx-no-cache=1552595649497 HTTP/1.1" 200 9537
186.103.159.46 - - [14/Mar/2019:17:56:06 -0300] "GET /cormun/servlet/solicitudot?INS,0,0, HTTP/1.1" 200 14898
186.103.159.46 - - [14/Mar/2019:17:56:08 -0300] "GET /cormun/servlet/solicitudot?INS,0,0, HTTP/1.1" 200 14882
186.103.159.46 - - [14/Mar/2019:17:56:18 -0300] "POST /cormun/servlet/solicitudot?gx-no-cache=1552596760336 HTTP/1.1" 200 3574
186.103.159.46 - - [14/Mar/2019:17:56:18 -0300] "POST /cormun/servlet/solicitudot?d7afc109e5f78455df4551d029b03def,INS,0,0,,gx-no-cache=1552596760741 HTTP/1.1" 200 11735
186.103.159.46 - - [14/Mar/2019:17:56:22 -0300] "GET /cormun/servlet/solicitudot?3b68dcbae353449827061fa6ff42dccff144376fa452c4aa5501c46db4896554f2b20aff1bfa53a4c86ea5edd6820116,gx-no-cache=1552596764376 HTTP/1.1" 200 30
186.103.159.46 - - [14/Mar/2019:17:56:22 -0300] "GET /cormun/servlet/solicitudot?3b68dcbae353449827061fa6ff42dccf1ba7b6c1e4004d1ed854e8dc5181b685d20b7eff96cbc93e81783d650d6195a4af2a6d9d4d0f055e23807e01e3ce9ec7,gx-no-cache=1552596764518 HTTP/1.1" 200 30
186.103.159.46 - - [14/Mar/2019:17:56:22 -0300] "GET /cormun/servlet/solicitudot?3b68dcbae353449827061fa6ff42dccf4fbe9dd67137694f59d63253a2b4714c,gx-no-cache=1552596764608 HTTP/1.1" 200 53
186.103.159.46 - - [14/Mar/2019:17:56:22 -0300] "POST /cormun/servlet/solicitudot?gx-no-cache=1552596764688 HTTP/1.1" 200 255
186.103.159.46 - - [14/Mar/2019:17:56:22 -0300] "GET /cormun/servlet/solicitudot?3b68dcbae353449827061fa6ff42dccf7eff59844c910214ee1a8823922e4a3d7b65852eb34c86c2b653a8fc6445e32ef1307d6f7b25559d8fabc772fd99b49c13561dce3c020506d7dd58337adc6070ea44e3838c0235dcb8b53427923cd3c70326889f41b8c11126cf69c5a61db887339b37426d84290d89d2b838dbecb99f46430aad30e9219d6031babac5a76a31da5bb93a545dd426721c43b2f8ba43e97b3f6d3a5eb9195bf3a3c1cdadcd2194f7a8824cdb08d16183d0aba0418dbc8aec6d5bbd7a103d92c129012c8d10022ef9695ddc7056a87f9ed40cbeac16459d3297de994a9ebf277c545b32dd28f327d97db823d1f7edafd860eb83a285475cd98577b4b5e8498f8ff29629c4b2642fde3b84a9e27d8b3280145688784be060c0890b7feb9799566e5f28b5f7d9a4b7acf972671506b6afe28e65e29fbf22ea44270e8130a52370c3f4666ccfcd8365ae52f94b1765a41af84f64d0a8949ec89dc7b6466455fa507802986ed0df8fda2b9239f2011324d651686d1b1e342d98,gx-no-cache=1552596764822 HTTP/1.1" 200 30
186.103.159.46 - - [14/Mar/2019:17:56:25 -0300] "POST /cormun/servlet/solicitudot?gx-no-cache=1552596767339 HTTP/1.1" 200 30
186.103.159.46 - - [14/Mar/2019:17:56:26 -0300] "GET /cormun/servlet/prcontratosol?17136293,,,,,MD,,gxPopupLevel%3D0%3B HTTP/1.1" 200 7764
192.168.10.89 - - [14/Mar/2019:17:56:39 -0300] "POST /cormun/servlet/trsolicitudgral?b54909003759ca8c92b11fccafa8d352,,gx-no-cache=1552603805035 HTTP/1.1" 200 7654
