200.54.103.162 - - [14/Mar/2019:13:48:56 -0300] "POST /cormun/servlet/solicitudotadjuntos?4b6dd9ab9db2523f64501abeed88f642,INS,2019,14694,,1, HTTP/1.1" 200 116
200.54.103.162 - - [14/Mar/2019:13:48:56 -0300] "GET /cormun/servlet/hpexe_return? HTTP/1.1" 200 1031
200.54.103.162 - - [14/Mar/2019:13:48:56 -0300] "GET /cormun/servlet/trsolicitudadjuntos?2019,14694, HTTP/1.1" 200 9230
200.54.103.162 - - [14/Mar/2019:13:48:58 -0300] "GET /cormun/servlet/trsolicitudadjuntos?2019,14694, HTTP/1.1" 200 9229
200.54.103.162 - - [14/Mar/2019:13:49:00 -0300] "GET /cormun/servlet/solicitudotadjuntos?INS,2019,14694,,1, HTTP/1.1" 200 6383
200.54.103.162 - - [14/Mar/2019:13:49:01 -0300] "GET /cormun/static/about:blank HTTP/1.1" 404 1011
200.54.103.162 - - [14/Mar/2019:13:49:02 -0300] "GET /cormun/servlet/solicitudotadjuntos?INS,2019,14694,,1, HTTP/1.1" 200 6376
200.54.103.162 - - [14/Mar/2019:13:49:02 -0300] "GET /cormun/servlet/solicitudotadjuntos?550c09e6d26d811a323046915f9359bc00c5a64eab2d332dd2e702bbb1e6f3b381ecf1659283694907e4ac025082eed5,gx-no-cache=1552581925560 HTTP/1.1" 200 30
200.54.103.162 - - [14/Mar/2019:13:49:02 -0300] "POST /cormun/servlet/solicitudotadjuntos?4b6dd9ab9db2523f64501abeed88f642,INS,2019,14694,,1,,gx-no-cache=1552581925647 HTTP/1.1" 200 4104
200.54.103.162 - - [14/Mar/2019:13:49:05 -0300] "POST /cormun/servlet/solicitudotadjuntos?gx-no-cache=1552581928138 HTTP/1.1" 200 26
200.54.103.162 - - [14/Mar/2019:13:49:09 -0300] "GET /cormun/servlet/solicitudotadjuntos?550c09e6d26d811a323046915f9359bca66a21d34a0a5d8347820310837accf0,gx-no-cache=1552581932546 HTTP/1.1" 200 30
200.54.103.162 - - [14/Mar/2019:13:49:09 -0300] "GET /cormun/servlet/solicitudotadjuntos?550c09e6d26d811a323046915f9359bca66a21d34a0a5d8347820310837accf0,gx-no-cache=1552581932650 HTTP/1.1" 200 30
200.54.103.162 - - [14/Mar/2019:13:49:10 -0300] "POST /cormun/servlet/solicitudotadjuntos?4b6dd9ab9db2523f64501abeed88f642,INS,2019,14694,,1, HTTP/1.1" 200 116
200.54.103.162 - - [14/Mar/2019:13:49:10 -0300] "GET /cormun/servlet/hpexe_return? HTTP/1.1" 200 1031
200.54.103.162 - - [14/Mar/2019:13:49:11 -0300] "GET /cormun/servlet/trsolicitudadjuntos?2019,14694, HTTP/1.1" 200 9401
200.54.103.162 - - [14/Mar/2019:13:49:13 -0300] "GET /cormun/servlet/trsolicitudadjuntos?2019,14694, HTTP/1.1" 200 9399
200.54.103.162 - - [14/Mar/2019:13:49:15 -0300] "GET /cormun/servlet/solicitudotadjuntos?INS,2019,14694,,1, HTTP/1.1" 200 6383
200.54.103.162 - - [14/Mar/2019:13:49:15 -0300] "GET /cormun/static/about:blank HTTP/1.1" 404 1011
200.54.103.162 - - [14/Mar/2019:13:49:16 -0300] "GET /cormun/servlet/solicitudotadjuntos?INS,2019,14694,,1, HTTP/1.1" 200 6376
200.54.103.162 - - [14/Mar/2019:13:49:17 -0300] "GET /cormun/servlet/solicitudotadjuntos?550c09e6d26d811a323046915f9359bc00c5a64eab2d332dd2e702bbb1e6f3b381ecf1659283694907e4ac025082eed5,gx-no-cache=1552581940070 HTTP/1.1" 200 30
200.54.103.162 - - [14/Mar/2019:13:49:17 -0300] "POST /cormun/servlet/solicitudotadjuntos?4b6dd9ab9db2523f64501abeed88f642,INS,2019,14694,,1,,gx-no-cache=1552581940153 HTTP/1.1" 200 4104
190.171.141.90 - - [14/Mar/2019:13:49:19 -0300] "POST /cormun/servlet/solicitudotadjuntos?gx-no-cache=1552581940747 HTTP/1.1" 200 26
200.54.103.162 - - [14/Mar/2019:13:49:19 -0300] "POST /cormun/servlet/solicitudotadjuntos?gx-no-cache=1552581942770 HTTP/1.1" 200 26
200.54.103.162 - - [14/Mar/2019:13:49:24 -0300] "GET /cormun/servlet/solicitudotadjuntos?550c09e6d26d811a323046915f9359bca66a21d34a0a5d8347820310837accf0,gx-no-cache=1552581947546 HTTP/1.1" 200 30
200.54.103.162 - - [14/Mar/2019:13:49:24 -0300] "GET /cormun/servlet/solicitudotadjuntos?550c09e6d26d811a323046915f9359bca66a21d34a0a5d8347820310837accf0,gx-no-cache=1552581947649 HTTP/1.1" 200 30
200.54.103.162 - - [14/Mar/2019:13:49:25 -0300] "POST /cormun/servlet/solicitudotadjuntos?4b6dd9ab9db2523f64501abeed88f642,INS,2019,14694,,1, HTTP/1.1" 200 116
200.54.103.162 - - [14/Mar/2019:13:49:26 -0300] "GET /cormun/servlet/hpexe_return? HTTP/1.1" 200 1031
200.54.103.162 - - [14/Mar/2019:13:49:26 -0300] "GET /cormun/servlet/trsolicitudadjuntos?2019,14694, HTTP/1.1" 200 9622
186.103.159.188 - - [14/Mar/2019:13:49:27 -0300] "GET /cormun/servlet/solicitudot?INS,0,0, HTTP/1.1" 200 14879
200.54.103.162 - - [14/Mar/2019:13:49:28 -0300] "GET /cormun/servlet/trsolicitudadjuntos?2019,14694, HTTP/1.1" 200 9623
186.103.159.188 - - [14/Mar/2019:13:49:28 -0300] "GET /cormun/servlet/solicitudot?INS,0,0, HTTP/1.1" 200 14884
200.54.103.162 - - [14/Mar/2019:13:49:30 -0300] "GET /cormun/servlet/solicitudotadjuntos?INS,2019,14694,,1, HTTP/1.1" 200 6383
200.54.103.162 - - [14/Mar/2019:13:49:30 -0300] "GET /cormun/static/about:blank HTTP/1.1" 404 1011
200.54.103.162 - - [14/Mar/2019:13:49:31 -0300] "GET /cormun/servlet/solicitudotadjuntos?INS,2019,14694,,1, HTTP/1.1" 200 6376
200.54.103.162 - - [14/Mar/2019:13:49:32 -0300] "GET /cormun/servlet/solicitudotadjuntos?550c09e6d26d811a323046915f9359bc00c5a64eab2d332dd2e702bbb1e6f3b381ecf1659283694907e4ac025082eed5,gx-no-cache=1552581955236 HTTP/1.1" 200 30
200.54.103.162 - - [14/Mar/2019:13:49:32 -0300] "POST /cormun/servlet/solicitudotadjuntos?4b6dd9ab9db2523f64501abeed88f642,INS,2019,14694,,1,,gx-no-cache=1552581955329 HTTP/1.1" 200 4104
190.171.141.90 - - [14/Mar/2019:13:49:34 -0300] "POST /cormun/servlet/solicitudotadjuntos?c077c6e9d57b370d76a0478f6d217842,INS,2019,14693,,1,,gx-no-cache=1552581955301 HTTP/1.1" 200 93
190.171.141.90 - - [14/Mar/2019:13:49:34 -0300] "GET /cormun/servlet/hpexe_return? HTTP/1.1" 200 1029
190.171.141.90 - - [14/Mar/2019:13:49:34 -0300] "GET /cormun/servlet/trsolicitudadjuntos?2019,14693, HTTP/1.1" 200 9522
200.54.103.162 - - [14/Mar/2019:13:49:35 -0300] "POST /cormun/servlet/solicitudotadjuntos?gx-no-cache=1552581958193 HTTP/1.1" 200 26
190.171.141.90 - - [14/Mar/2019:13:49:35 -0300] "GET /cormun/servlet/trsolicitudadjuntos?2019,14693, HTTP/1.1" 200 9522
186.103.159.188 - - [14/Mar/2019:13:49:38 -0300] "POST /cormun/servlet/solicitudot?gx-no-cache=1552581959223 HTTP/1.1" 200 3450
186.103.159.188 - - [14/Mar/2019:13:49:38 -0300] "POST /cormun/servlet/solicitudot?ddc8904a3dd17e31876bcd4ecd1df9ca,INS,0,0,,gx-no-cache=1552581959712 HTTP/1.1" 200 11594
190.171.141.90 - - [14/Mar/2019:13:49:39 -0300] "GET /cormun/PublicTempStorage/doc021290201903141346524271845.pdf HTTP/1.1" 200 179682
186.103.159.188 - - [14/Mar/2019:13:49:39 -0300] "GET /cormun/servlet/solicitudot?60a1ea78de67cb97591162b37c15e281f5931384a2cc58a3a165afd0a1b71b6e953d7b66f164c6541af96c08707cb83d,gx-no-cache=1552581960740 HTTP/1.1" 200 30
200.54.103.162 - - [14/Mar/2019:13:49:40 -0300] "GET /cormun/servlet/solicitudotadjuntos?550c09e6d26d811a323046915f9359bca66a21d34a0a5d8347820310837accf0,gx-no-cache=1552581963772 HTTP/1.1" 200 30
200.54.103.162 - - [14/Mar/2019:13:49:40 -0300] "GET /cormun/servlet/solicitudotadjuntos?550c09e6d26d811a323046915f9359bca66a21d34a0a5d8347820310837accf0,gx-no-cache=1552581963825 HTTP/1.1" 200 30
190.171.141.90 - - [14/Mar/2019:13:49:41 -0300] "GET /cormun/servlet/trsolicitudadjuntos?2019,14693, HTTP/1.1" 200 9525
190.171.141.90 - - [14/Mar/2019:13:49:42 -0300] "GET /cormun/servlet/trsolicitudadjuntos?2019,14693, HTTP/1.1" 200 9522
200.54.103.162 - - [14/Mar/2019:13:49:45 -0300] "POST /cormun/servlet/solicitudotadjuntos?4b6dd9ab9db2523f64501abeed88f642,INS,2019,14694,,1, HTTP/1.1" 200 116
200.54.103.162 - - [14/Mar/2019:13:49:45 -0300] "GET /cormun/servlet/hpexe_return? HTTP/1.1" 200 1031
200.54.103.162 - - [14/Mar/2019:13:49:46 -0300] "GET /cormun/servlet/trsolicitudadjuntos?2019,14694, HTTP/1.1" 200 9866
200.54.103.162 - - [14/Mar/2019:13:49:48 -0300] "GET /cormun/servlet/trsolicitudadjuntos?2019,14694, HTTP/1.1" 200 9862
200.54.103.162 - - [14/Mar/2019:13:49:49 -0300] "GET /cormun/servlet/solicitudotadjuntos?INS,2019,14694,,1, HTTP/1.1" 200 6384
200.54.103.162 - - [14/Mar/2019:13:49:50 -0300] "GET /cormun/static/about:blank HTTP/1.1" 404 1011
200.54.103.162 - - [14/Mar/2019:13:49:51 -0300] "GET /cormun/servlet/solicitudotadjuntos?INS,2019,14694,,1, HTTP/1.1" 200 6377
200.54.103.162 - - [14/Mar/2019:13:49:52 -0300] "GET /cormun/servlet/solicitudotadjuntos?550c09e6d26d811a323046915f9359bc00c5a64eab2d332dd2e702bbb1e6f3b381ecf1659283694907e4ac025082eed5,gx-no-cache=1552581975092 HTTP/1.1" 200 30
200.54.103.162 - - [14/Mar/2019:13:49:52 -0300] "POST /cormun/servlet/solicitudotadjuntos?4b6dd9ab9db2523f64501abeed88f642,INS,2019,14694,,1,,gx-no-cache=1552581975164 HTTP/1.1" 200 4105
200.54.103.162 - - [14/Mar/2019:13:49:54 -0300] "POST /cormun/servlet/solicitudotadjuntos?gx-no-cache=1552581977562 HTTP/1.1" 200 26
200.54.103.162 - - [14/Mar/2019:13:49:58 -0300] "GET /cormun/servlet/solicitudotadjuntos?550c09e6d26d811a323046915f9359bca66a21d34a0a5d8347820310837accf0,gx-no-cache=1552581982002 HTTP/1.1" 200 30
200.54.103.162 - - [14/Mar/2019:13:49:59 -0300] "GET /cormun/servlet/solicitudotadjuntos?550c09e6d26d811a323046915f9359bca66a21d34a0a5d8347820310837accf0,gx-no-cache=1552581982076 HTTP/1.1" 200 30
200.54.103.162 - - [14/Mar/2019:13:50:00 -0300] "POST /cormun/servlet/solicitudotadjuntos?4b6dd9ab9db2523f64501abeed88f642,INS,2019,14694,,1, HTTP/1.1" 200 116
200.54.103.162 - - [14/Mar/2019:13:50:00 -0300] "GET /cormun/servlet/hpexe_return? HTTP/1.1" 200 1031
200.54.103.162 - - [14/Mar/2019:13:50:01 -0300] "GET /cormun/servlet/trsolicitudadjuntos?2019,14694, HTTP/1.1" 200 10081
200.54.103.162 - - [14/Mar/2019:13:50:03 -0300] "GET /cormun/servlet/trsolicitudadjuntos?2019,14694, HTTP/1.1" 200 10079
190.171.141.90 - - [14/Mar/2019:13:50:03 -0300] "GET /cormun/PublicTempStorage/doc021290201903141346527012337.pdf HTTP/1.1" 200 179682
190.171.141.90 - - [14/Mar/2019:13:50:05 -0300] "GET /cormun/servlet/trsolicitudadjuntos?2019,14693, HTTP/1.1" 200 9519
190.171.141.90 - - [14/Mar/2019:13:50:06 -0300] "GET /cormun/servlet/trsolicitudadjuntos?2019,14693, HTTP/1.1" 200 9522
200.54.103.162 - - [14/Mar/2019:13:50:06 -0300] "POST /cormun/servlet/trsolicitudadjuntos?4b6dd9ab9db2523f64501abeed88f642,2019,14694,,gx-no-cache=1552581989492 HTTP/1.1" 200 90
200.54.103.162 - - [14/Mar/2019:13:50:06 -0300] "GET /cormun/servlet/hpexe_link HTTP/1.1" 200 995
200.54.103.162 - - [14/Mar/2019:13:50:07 -0300] "GET /cormun/servlet/trsolicitudot?gx-no-cache=1552581874198 HTTP/1.1" 200 9271
190.171.141.90 - - [14/Mar/2019:13:50:08 -0300] "GET /cormun/servlet/solicitudotadjuntos?INS,2019,14693,,1, HTTP/1.1" 200 6241
190.171.141.90 - - [14/Mar/2019:13:50:08 -0300] "GET /cormun/static/about:blank HTTP/1.1" 404 1011
190.171.141.90 - - [14/Mar/2019:13:50:09 -0300] "GET /cormun/servlet/solicitudotadjuntos?INS,2019,14693,,1, HTTP/1.1" 200 6235
200.54.103.162 - - [14/Mar/2019:13:50:09 -0300] "GET /cormun/servlet/trsolicitudot?gx-no-cache=1552581874198 HTTP/1.1" 200 9290
190.171.141.90 - - [14/Mar/2019:13:50:09 -0300] "GET /cormun/servlet/solicitudotadjuntos?20114de8976e00fe7eb2ca62a2e67a78b05720d9b9cfb4f5f930319d2801a491aa936e6185e3a068edeb3d470fdf4d78,gx-no-cache=1552581990823 HTTP/1.1" 200 30
190.171.141.90 - - [14/Mar/2019:13:50:09 -0300] "POST /cormun/servlet/solicitudotadjuntos?c077c6e9d57b370d76a0478f6d217842,INS,2019,14693,,1,,gx-no-cache=1552581990906 HTTP/1.1" 200 4094
190.171.141.90 - - [14/Mar/2019:13:50:11 -0300] "POST /cormun/servlet/solicitudotadjuntos?gx-no-cache=1552581992865 HTTP/1.1" 200 26
200.54.103.162 - - [14/Mar/2019:13:50:13 -0300] "GET /cormun/servlet/vesolicitudot?2019,14694,, HTTP/1.1" 200 8720
200.54.103.162 - - [14/Mar/2019:13:50:13 -0300] "GET /cormun/pexe_scrolldiv.js HTTP/1.1" 404 1009
200.54.103.162 - - [14/Mar/2019:13:50:13 -0300] "GET /cormun/pexe_scrolldiv.js HTTP/1.1" 404 1009
200.54.103.162 - - [14/Mar/2019:13:50:15 -0300] "GET /cormun/servlet/vesolicitudot?2019,14694,, HTTP/1.1" 200 8699
200.54.103.162 - - [14/Mar/2019:13:51:11 -0300] "POST /cormun/servlet/vesolicitudot?4b6dd9ab9db2523f64501abeed88f642,2019,14694,,,gx-no-cache=1552582054171 HTTP/1.1" 200 90
200.54.103.162 - - [14/Mar/2019:13:51:11 -0300] "GET /cormun/servlet/hpexe_link HTTP/1.1" 200 991
200.54.103.162 - - [14/Mar/2019:13:51:12 -0300] "GET /cormun/servlet/trsolicitudot?gx-no-cache=1552581874198 HTTP/1.1" 200 9271
190.171.141.90 - - [14/Mar/2019:13:51:13 -0300] "GET /cormun/servlet/solicitudotadjuntos?20114de8976e00fe7eb2ca62a2e67a786942df2358e0bcf90da9fd0e94b843aa,gx-no-cache=1552582055098 HTTP/1.1" 200 30
190.171.141.90 - - [14/Mar/2019:13:51:13 -0300] "GET /cormun/servlet/solicitudotadjuntos?20114de8976e00fe7eb2ca62a2e67a786942df2358e0bcf90da9fd0e94b843aa,gx-no-cache=1552582055254 HTTP/1.1" 200 30
200.54.103.162 - - [14/Mar/2019:13:51:13 -0300] "GET /cormun/servlet/trsolicitudot?gx-no-cache=1552581874198 HTTP/1.1" 200 9290
190.171.141.90 - - [14/Mar/2019:13:51:14 -0300] "POST /cormun/servlet/solicitudotadjuntos?c077c6e9d57b370d76a0478f6d217842,INS,2019,14693,,1, HTTP/1.1" 200 116
190.171.141.90 - - [14/Mar/2019:13:51:14 -0300] "GET /cormun/servlet/hpexe_return? HTTP/1.1" 200 1029
190.171.141.90 - - [14/Mar/2019:13:51:14 -0300] "GET /cormun/servlet/trsolicitudadjuntos?2019,14693, HTTP/1.1" 200 9772
190.171.141.90 - - [14/Mar/2019:13:51:15 -0300] "GET /cormun/servlet/trsolicitudadjuntos?2019,14693, HTTP/1.1" 200 9769
190.171.141.90 - - [14/Mar/2019:13:51:17 -0300] "GET /cormun/servlet/solicitudotadjuntos?INS,2019,14693,,1, HTTP/1.1" 200 6242
190.171.141.90 - - [14/Mar/2019:13:51:17 -0300] "GET /cormun/static/about:blank HTTP/1.1" 404 1011
190.171.141.90 - - [14/Mar/2019:13:51:17 -0300] "GET /cormun/servlet/solicitudotadjuntos?INS,2019,14693,,1, HTTP/1.1" 200 6236
190.171.141.90 - - [14/Mar/2019:13:51:18 -0300] "GET /cormun/servlet/solicitudotadjuntos?20114de8976e00fe7eb2ca62a2e67a78b05720d9b9cfb4f5f930319d2801a491aa936e6185e3a068edeb3d470fdf4d78,gx-no-cache=1552582059425 HTTP/1.1" 200 30
190.171.141.90 - - [14/Mar/2019:13:51:18 -0300] "POST /cormun/servlet/solicitudotadjuntos?c077c6e9d57b370d76a0478f6d217842,INS,2019,14693,,1,,gx-no-cache=1552582059462 HTTP/1.1" 200 4095
190.171.141.90 - - [14/Mar/2019:13:51:21 -0300] "POST /cormun/servlet/solicitudotadjuntos?gx-no-cache=1552582062922 HTTP/1.1" 200 26
40.77.167.19 - - [14/Mar/2019:13:51:34 -0300] "GET /cormun/servlet/trlicenciaspermisoslog?17651583,L,20190114000000,_escaped_fragment_%3D&_escaped_fragment_= HTTP/1.1" 200 5351
200.54.103.162 - - [14/Mar/2019:13:51:43 -0300] "POST /cormun/servlet/trsolicitudot?4b6dd9ab9db2523f64501abeed88f642,gx-no-cache=1552581874198,gx-no-cache=1552582086251 HTTP/1.1" 200 5957
200.54.103.162 - - [14/Mar/2019:13:51:43 -0300] "GET /cormun/static/Shared/jqueryui/images/ui-icons_82798d_256x240.png HTTP/1.1" 404 1089
200.54.103.162 - - [14/Mar/2019:13:51:43 -0300] "GET /cormun/static/Shared/jqueryui/images/ui-bg_flat_55_fafafa_40x100.png HTTP/1.1" 404 1097
200.54.103.162 - - [14/Mar/2019:13:51:43 -0300] "GET /cormun/static/Shared/jqueryui/images/ui-icons_8d78a5_256x240.png HTTP/1.1" 404 1089
200.54.103.162 - - [14/Mar/2019:13:51:43 -0300] "GET /cormun/static/Shared/jqueryui/images/ui-bg_highlight-soft_100_c6c2c8_1x100.png HTTP/1.1" 404 1117
200.54.103.162 - - [14/Mar/2019:13:51:43 -0300] "POST /cormun/servlet/trsolicitudot?4b6dd9ab9db2523f64501abeed88f642,gx-no-cache=1552581874198,gx-no-cache=1552582086662 HTTP/1.1" 200 5901
200.54.103.162 - - [14/Mar/2019:13:51:45 -0300] "GET /cormun/servlet/vesolicitudot?2019,14696,, HTTP/1.1" 200 8739
200.54.103.162 - - [14/Mar/2019:13:51:45 -0300] "GET /cormun/pexe_scrolldiv.js HTTP/1.1" 404 1009
200.54.103.162 - - [14/Mar/2019:13:51:45 -0300] "GET /cormun/pexe_scrolldiv.js HTTP/1.1" 404 1009
200.54.103.162 - - [14/Mar/2019:13:51:47 -0300] "GET /cormun/servlet/vesolicitudot?2019,14696,, HTTP/1.1" 200 8718
190.171.141.90 - - [14/Mar/2019:13:51:50 -0300] "GET /cormun/servlet/solicitudotadjuntos?20114de8976e00fe7eb2ca62a2e67a786942df2358e0bcf90da9fd0e94b843aa,gx-no-cache=1552582091570 HTTP/1.1" 200 30
190.171.141.90 - - [14/Mar/2019:13:51:50 -0300] "GET /cormun/servlet/solicitudotadjuntos?20114de8976e00fe7eb2ca62a2e67a786942df2358e0bcf90da9fd0e94b843aa,gx-no-cache=1552582091677 HTTP/1.1" 200 30
190.171.141.90 - - [14/Mar/2019:13:51:50 -0300] "POST /cormun/servlet/solicitudotadjuntos?c077c6e9d57b370d76a0478f6d217842,INS,2019,14693,,1, HTTP/1.1" 200 116
190.171.141.90 - - [14/Mar/2019:13:51:50 -0300] "GET /cormun/servlet/hpexe_return? HTTP/1.1" 200 1029
190.171.141.90 - - [14/Mar/2019:13:51:51 -0300] "GET /cormun/servlet/trsolicitudadjuntos?2019,14693, HTTP/1.1" 200 9999
190.171.141.90 - - [14/Mar/2019:13:51:52 -0300] "GET /cormun/servlet/trsolicitudadjuntos?2019,14693, HTTP/1.1" 200 9997
190.171.141.90 - - [14/Mar/2019:13:51:56 -0300] "POST /cormun/servlet/trsolicitudadjuntos?c077c6e9d57b370d76a0478f6d217842,2019,14693,,gx-no-cache=1552582098286 HTTP/1.1" 200 90
190.171.141.90 - - [14/Mar/2019:13:51:57 -0300] "GET /cormun/servlet/hpexe_link HTTP/1.1" 200 970
190.171.141.90 - - [14/Mar/2019:13:51:57 -0300] "GET /cormun/servlet/trsolicitudot HTTP/1.1" 200 8772
190.171.141.90 - - [14/Mar/2019:13:51:57 -0300] "GET /cormun/servlet/trsolicitudot HTTP/1.1" 200 8770
190.171.141.90 - - [14/Mar/2019:13:52:00 -0300] "POST /cormun/servlet/trsolicitudot?c077c6e9d57b370d76a0478f6d217842,gx-no-cache=1552582102085 HTTP/1.1" 200 4740
190.171.141.90 - - [14/Mar/2019:13:52:00 -0300] "GET /cormun/static/Shared/jqueryui/images/ui-bg_highlight-soft_100_c6c2c8_1x100.png HTTP/1.1" 404 1117
190.171.141.90 - - [14/Mar/2019:13:52:00 -0300] "GET /cormun/static/Shared/jqueryui/images/ui-icons_82798d_256x240.png HTTP/1.1" 404 1089
190.171.141.90 - - [14/Mar/2019:13:52:00 -0300] "GET /cormun/static/Shared/jqueryui/images/ui-bg_flat_55_fafafa_40x100.png HTTP/1.1" 404 1097
190.171.141.90 - - [14/Mar/2019:13:52:00 -0300] "GET /cormun/static/Shared/jqueryui/images/ui-icons_8d78a5_256x240.png HTTP/1.1" 404 1089
190.171.141.90 - - [14/Mar/2019:13:52:01 -0300] "POST /cormun/servlet/trsolicitudot?c077c6e9d57b370d76a0478f6d217842,gx-no-cache=1552582102292 HTTP/1.1" 200 4525
190.171.141.90 - - [14/Mar/2019:13:52:07 -0300] "GET /cormun/servlet/trautorizarsolicitud? HTTP/1.1" 200 25480
190.171.141.90 - - [14/Mar/2019:13:52:08 -0300] "GET /cormun/servlet/trautorizarsolicitud? HTTP/1.1" 200 25480
190.171.141.90 - - [14/Mar/2019:13:52:13 -0300] "POST /cormun/servlet/trautorizarsolicitud?c077c6e9d57b370d76a0478f6d217842,,gx-no-cache=1552582113880 HTTP/1.1" 200 22974
190.171.141.90 - - [14/Mar/2019:13:52:13 -0300] "GET /cormun/static/Shared/jqueryui/images/ui-bg_highlight-soft_100_c6c2c8_1x100.png HTTP/1.1" 404 1117
190.171.141.90 - - [14/Mar/2019:13:52:13 -0300] "GET /cormun/static/Shared/jqueryui/images/ui-icons_82798d_256x240.png HTTP/1.1" 404 1089
190.171.141.90 - - [14/Mar/2019:13:52:13 -0300] "GET /cormun/static/Shared/jqueryui/images/ui-icons_8d78a5_256x240.png HTTP/1.1" 404 1089
190.171.141.90 - - [14/Mar/2019:13:52:13 -0300] "GET /cormun/static/Shared/jqueryui/images/ui-bg_flat_55_fafafa_40x100.png HTTP/1.1" 404 1097
190.171.141.90 - - [14/Mar/2019:13:52:14 -0300] "POST /cormun/servlet/trautorizarsolicitud?c077c6e9d57b370d76a0478f6d217842,,gx-no-cache=1552582115284 HTTP/1.1" 200 22916
200.54.103.162 - - [14/Mar/2019:13:52:17 -0300] "POST /cormun/servlet/vesolicitudot?4b6dd9ab9db2523f64501abeed88f642,2019,14696,,,gx-no-cache=1552582120091 HTTP/1.1" 200 90
200.54.103.162 - - [14/Mar/2019:13:52:17 -0300] "GET /cormun/servlet/hpexe_link HTTP/1.1" 200 992
200.54.103.162 - - [14/Mar/2019:13:52:17 -0300] "GET /cormun/servlet/trsolicitudot?gx-no-cache=1552581874198 HTTP/1.1" 200 8926
200.54.103.162 - - [14/Mar/2019:13:52:20 -0300] "GET /cormun/servlet/trsolicitudot?gx-no-cache=1552581874198 HTTP/1.1" 200 8947
200.54.103.162 - - [14/Mar/2019:13:52:25 -0300] "POST /cormun/servlet/trsolicitudot?4b6dd9ab9db2523f64501abeed88f642,gx-no-cache=1552581874198,gx-no-cache=1552582128621 HTTP/1.1" 200 4764
200.54.103.162 - - [14/Mar/2019:13:52:25 -0300] "GET /cormun/static/Shared/jqueryui/images/ui-bg_highlight-soft_100_c6c2c8_1x100.png HTTP/1.1" 404 1117
200.54.103.162 - - [14/Mar/2019:13:52:25 -0300] "GET /cormun/static/Shared/jqueryui/images/ui-icons_82798d_256x240.png HTTP/1.1" 404 1089
200.54.103.162 - - [14/Mar/2019:13:52:25 -0300] "GET /cormun/static/Shared/jqueryui/images/ui-bg_flat_55_fafafa_40x100.png HTTP/1.1" 404 1097
200.54.103.162 - - [14/Mar/2019:13:52:25 -0300] "GET /cormun/static/Shared/jqueryui/images/ui-icons_8d78a5_256x240.png HTTP/1.1" 404 1089
200.54.103.162 - - [14/Mar/2019:13:52:26 -0300] "POST /cormun/servlet/trsolicitudot?4b6dd9ab9db2523f64501abeed88f642,gx-no-cache=1552581874198,gx-no-cache=1552582129042 HTTP/1.1" 200 4535
190.171.141.90 - - [14/Mar/2019:13:54:16 -0300] "GET /cormun/servlet/trsolicitudot? HTTP/1.1" 200 7416
190.171.141.90 - - [14/Mar/2019:13:54:17 -0300] "GET /cormun/servlet/trsolicitudot? HTTP/1.1" 200 7415
190.171.141.90 - - [14/Mar/2019:13:54:19 -0300] "GET /cormun/servlet/solicitudot?INS,0,0, HTTP/1.1" 200 15035
190.171.141.90 - - [14/Mar/2019:13:54:20 -0300] "GET /cormun/servlet/solicitudot?INS,0,0, HTTP/1.1" 200 15040
190.171.141.90 - - [14/Mar/2019:13:54:45 -0300] "POST /cormun/servlet/solicitudot?gx-no-cache=1552582266348 HTTP/1.1" 200 3450
190.171.141.90 - - [14/Mar/2019:13:54:45 -0300] "POST /cormun/servlet/solicitudot?c077c6e9d57b370d76a0478f6d217842,INS,0,0,,gx-no-cache=1552582266592 HTTP/1.1" 200 11812
190.171.141.90 - - [14/Mar/2019:13:54:47 -0300] "GET /cormun/servlet/solicitudot?20114de8976e00fe7eb2ca62a2e67a7859975b3a3dc774d645214d73ff5ec947abc90e28d1969e672314e44564b5e66b,gx-no-cache=1552582268455 HTTP/1.1" 200 30
192.168.10.89 - - [14/Mar/2019:13:58:57 -0300] "GET /cormun/servlet/hlogin HTTP/1.1" 200 1735
190.171.141.90 - - [14/Mar/2019:14:01:18 -0300] "POST /cormun/servlet/solicitudot?c077c6e9d57b370d76a0478f6d217842,INS,0,0,,gx-no-cache=1552582659172 HTTP/1.1" 200 11992
190.171.141.90 - - [14/Mar/2019:14:01:18 -0300] "GET /cormun/static/Shared/jqueryui/images/ui-bg_highlight-soft_100_c6c2c8_1x100.png HTTP/1.1" 404 1117
190.171.141.90 - - [14/Mar/2019:14:01:18 -0300] "GET /cormun/static/Shared/jqueryui/images/ui-icons_82798d_256x240.png HTTP/1.1" 404 1089
190.171.141.90 - - [14/Mar/2019:14:01:18 -0300] "GET /cormun/static/Shared/jqueryui/images/ui-bg_flat_55_fafafa_40x100.png HTTP/1.1" 404 1097
190.171.141.90 - - [14/Mar/2019:14:01:18 -0300] "GET /cormun/static/Shared/jqueryui/images/ui-icons_8d78a5_256x240.png HTTP/1.1" 404 1089
190.171.141.90 - - [14/Mar/2019:14:01:20 -0300] "GET /cormun/servlet/solicitudot?20114de8976e00fe7eb2ca62a2e67a788facb3a56f75b989237906ad63a3efdd,gx-no-cache=1552582661929 HTTP/1.1" 200 94
190.171.141.90 - - [14/Mar/2019:14:01:20 -0300] "GET /cormun/static/Shared/jqueryui/images/ui-icons_ebccce_256x240.png HTTP/1.1" 404 1089
190.171.141.90 - - [14/Mar/2019:14:01:20 -0300] "GET /cormun/static/Shared/jqueryui/images/ui-bg_flat_55_994d53_40x100.png HTTP/1.1" 404 1097
190.171.141.90 - - [14/Mar/2019:14:01:20 -0300] "GET /cormun/servlet/solicitudot?20114de8976e00fe7eb2ca62a2e67a782fd03077c80be44c1f20ec0399af56d5,gx-no-cache=1552582661995 HTTP/1.1" 200 29
190.171.141.90 - - [14/Mar/2019:14:01:29 -0300] "POST /cormun/servlet/solicitudot?gx-no-cache=1552582671176 HTTP/1.1" 200 255
190.171.141.90 - - [14/Mar/2019:14:01:32 -0300] "GET /cormun/servlet/solicitudot?20114de8976e00fe7eb2ca62a2e67a7833170f866663ecc31e8eb5c3d8b236c9bac776324f6b362fff135e059d66932f25d0e766c068e97bd8e1c7f32597fc4b45c154981972e3984a4b1b0d19fc60987cded0fe9b46a61a2ed3c72025810e30e0153ba37ad501b610192285cceff3a393fa81a4e2f9e1c4896d30ffc291f9b991ce7bb10d88b855f749018260f2b0d64af9829482e255a06d4702dd06490bb8bdf8e774c6bd19fc9b73b7cb73797b9c7a68d441c04cc08f89b3431f01b792f67f5a38b65df341e871ef6f61577800b4fd43e4fcfd95840bf44c469c9dd7cb34c1f6717d17a6c7229d835c6bf79412dfba3cd61473070e877ba97342c0ff6cf8e489e654768d41db462f2b449d13a718ce8716ab96674b76aca18fe063c08cb826b8e9c412e5fd74542592c23ec3a52f36568166bb32e8226c714fb0d5f0f74d321a290cf2cc67844c20fa4da149944af21897dd68bcf09f2975ab1e77dd3b8c60de82b2eb470cae9fd89b70078c6259b6cacbdf799735a72b3711b72c6d0d7d,gx-no-cache=1552582673396 HTTP/1.1" 200 30
190.171.141.90 - - [14/Mar/2019:14:01:34 -0300] "POST /cormun/servlet/solicitudot?gx-no-cache=1552582675399 HTTP/1.1" 200 30
190.171.141.90 - - [14/Mar/2019:14:01:34 -0300] "POST /cormun/servlet/solicitudot?gx-no-cache=1552582676106 HTTP/1.1" 200 1277
190.171.141.90 - - [14/Mar/2019:14:01:34 -0300] "POST /cormun/servlet/solicitudot?gx-no-cache=1552582676154 HTTP/1.1" 200 38
190.171.141.90 - - [14/Mar/2019:14:01:55 -0300] "GET /cormun/servlet/prbanco?,MD,,gxPopupLevel%3D0%3B HTTP/1.1" 200 6561
190.171.141.90 - - [14/Mar/2019:14:01:55 -0300] "GET /cormun/static/gxcfg.js?20181161016094 HTTP/1.1" 200 953
190.171.141.90 - - [14/Mar/2019:14:01:55 -0300] "GET /cormun/static/prbanco.js?2018116101633 HTTP/1.1" 200 10693
190.171.141.90 - - [14/Mar/2019:14:01:56 -0300] "POST /cormun/servlet/acontrolpreferencessavestate?None,MABARCA,true HTTP/1.1" 200 35
190.171.141.90 - - [14/Mar/2019:14:02:08 -0300] "GET /cormun/servlet/solicitudot?20114de8976e00fe7eb2ca62a2e67a784cc89f819acf86ff4df5d41305c0489d,gx-no-cache=1552582709639 HTTP/1.1" 200 53
190.171.141.90 - - [14/Mar/2019:14:02:42 -0300] "GET /cormun/servlet/prbanco?,MD,,gxPopupLevel%3D0%3B HTTP/1.1" 200 6563
190.171.141.90 - - [14/Mar/2019:14:02:48 -0300] "GET /cormun/servlet/solicitudot?20114de8976e00fe7eb2ca62a2e67a785713c1e353aba5596562c1494e8652fb035dcdc41c0c17cdc95594861f85ee325ed9409487ec0abbf5f73d8540100ab9,gx-no-cache=1552582749587 HTTP/1.1" 200 45
186.103.159.188 - - [14/Mar/2019:14:03:46 -0300] "GET /cormun/servlet/prbanco?,MD,,gxPopupLevel%3D0%3B HTTP/1.1" 200 6602
186.103.159.188 - - [14/Mar/2019:14:03:53 -0300] "GET /cormun/servlet/solicitudot?60a1ea78de67cb97591162b37c15e281b3daa40987267f74eb558491d913a8806205b98a388ae503e1492c6c52321b4549c530c79b039f29d2cb500a8a276277,gx-no-cache=1552582814640 HTTP/1.1" 200 30
186.103.159.188 - - [14/Mar/2019:14:03:55 -0300] "GET /cormun/servlet/solicitudot?60a1ea78de67cb97591162b37c15e2812d08bc382e92a6063d90ed6a1dc0ae4f,gx-no-cache=1552582815936 HTTP/1.1" 200 53
190.171.141.90 - - [14/Mar/2019:14:03:55 -0300] "POST /cormun/servlet/solicitudot?gx-no-cache=1552582816629 HTTP/1.1" 200 30
190.171.141.90 - - [14/Mar/2019:14:03:55 -0300] "POST /cormun/servlet/solicitudot?gx-no-cache=1552582817124 HTTP/1.1" 200 1277
190.171.141.90 - - [14/Mar/2019:14:03:55 -0300] "POST /cormun/servlet/solicitudot?gx-no-cache=1552582817182 HTTP/1.1" 200 38
190.171.141.90 - - [14/Mar/2019:14:04:17 -0300] "GET /cormun/servlet/solicitudot?20114de8976e00fe7eb2ca62a2e67a78b8a3513d5d4d4b723d67d126e5ee1ed335239f1390d25ac901a08b46d667e430a3d5b97f466c8a45a64370abce8cde2ff9f5e248785a76ef0c7e781ba31b016d8b2cd7670715d69192cce112234c104321331d2b8fc662f7f580c1013759a0ae,gx-no-cache=1552582838443 HTTP/1.1" 200 110
186.103.159.188 - - [14/Mar/2019:14:04:18 -0300] "POST /cormun/servlet/solicitudot?gx-no-cache=1552582839557 HTTP/1.1" 200 297
186.103.159.188 - - [14/Mar/2019:14:04:19 -0300] "GET /cormun/servlet/solicitudot?60a1ea78de67cb97591162b37c15e281ac53f781506543e66f85e57b105f685023887ec4075556d9b800a3a275ba8e070a53883a3f516e4746ebebf74c853bc9473fa30cb70eb1a4071c82c34282791e75f32f65f08df778454a532fae04f3785a76eec3b1a4f9cce4ae66443fd0428cfd070f0513c1ff8da85e6ff01457c611c78a494c8b52cb262dd12dc5ff330abe64b6f47845dc930b2807c45a2a436ee5e6bbe5b1ed4fbd4037951013d272750e718449d2b57487cc700e3fb80aaf904058e2155458bf0a660916221034490f36a966b050e1d0abab6655ad8da2b8b190723b67d1da9c9d3f36680754f8b619498aa81579afef5a712d773c4758736db1faa6d31ea8f6f73cbfba479e8c7a8a4c49398b1c41c4fb785fdee2369b75678e9276591c2dc22b1b37b4d007b6f89caf0a73aa5e3003b2daf6587ef3fc8a0bdeed047174e6967ca8611ec781c51f78f30e2aa911b17240867ecb394e3d0669199c2684fedc8ef5cd8aa52fa362153cb03fc07a6bd6aa12a834a3d8d091a4810d20b1332d25067b31a68a5869988b171e,gx-no-cache=1552582839805 HTTP/1.1" 200 30
186.103.159.188 - - [14/Mar/2019:14:04:23 -0300] "POST /cormun/servlet/solicitudot?gx-no-cache=1552582843956 HTTP/1.1" 200 30
186.103.159.188 - - [14/Mar/2019:14:04:25 -0300] "POST /cormun/servlet/solicitudot?gx-no-cache=1552582846674 HTTP/1.1" 200 1277
186.103.159.188 - - [14/Mar/2019:14:04:25 -0300] "POST /cormun/servlet/solicitudot?gx-no-cache=1552582846787 HTTP/1.1" 200 38
186.103.159.188 - - [14/Mar/2019:14:04:35 -0300] "GET /cormun/servlet/solicitudot?60a1ea78de67cb97591162b37c15e28149400d4f840256f7a14be6bd8f6b5e32d45464e4e8c65318df002b24a02a314aa742f2993ff16e0b16b770a3d71d950ce75cbc83c8e7a58930c17347c6a161a9c13082e5debedc7a7f0b0ba4f1a83dc2dd3917d2fd9346ea1fb7c2e295bb5505,gx-no-cache=1552582856717 HTTP/1.1" 200 110
186.103.159.188 - - [14/Mar/2019:14:04:46 -0300] "POST /cormun/servlet/solicitudot?gx-no-cache=1552582867861 HTTP/1.1" 200 105
190.171.141.90 - - [14/Mar/2019:14:05:00 -0300] "POST /cormun/servlet/solicitudot?gx-no-cache=1552582881491 HTTP/1.1" 200 97
200.74.114.74 - - [14/Mar/2019:14:05:31 -0300] "GET /cormun/servlet/hlogin HTTP/1.1" 200 1719
200.74.114.74 - - [14/Mar/2019:14:05:31 -0300] "GET /cormun/static/gxtimezone.js?85251 HTTP/1.1" 200 5781
200.74.114.74 - - [14/Mar/2019:14:05:31 -0300] "GET /cormun/static/gxcfg.js?20177612122725 HTTP/1.1" 200 953
200.74.114.74 - - [14/Mar/2019:14:05:31 -0300] "GET /cormun/static/Resources/Spanish/PXTools.css?1155365 HTTP/1.1" 200 89042
200.74.114.74 - - [14/Mar/2019:14:05:31 -0300] "GET /cormun/static/messages.spa.js?85251 HTTP/1.1" 200 30736
200.74.114.74 - - [14/Mar/2019:14:05:32 -0300] "GET /cormun/static/hlogin.js?20177612122738 HTTP/1.1" 200 2136
200.74.114.74 - - [14/Mar/2019:14:05:32 -0300] "GET /cormun/static/Resources/ComunLogin.png HTTP/1.1" 200 17326
200.74.114.74 - - [14/Mar/2019:14:05:32 -0300] "GET /cormun/static/gxgral.js?85251 HTTP/1.1" 200 384558
200.74.114.74 - - [14/Mar/2019:14:05:32 -0300] "GET /cormun/static/Resources/PXToolsLoginTop.png HTTP/1.1" 200 1337
200.74.114.74 - - [14/Mar/2019:14:05:32 -0300] "GET /cormun/static/Resources/PXToolsLoginBackground.png HTTP/1.1" 200 1164
200.74.114.74 - - [14/Mar/2019:14:05:32 -0300] "GET /cormun/static/Resources/PXToolsButtonLeft21.png HTTP/1.1" 200 1287
200.74.114.74 - - [14/Mar/2019:14:05:32 -0300] "GET /cormun/static/Resources/PXToolsButtonBackground2.png HTTP/1.1" 200 1181
200.74.114.74 - - [14/Mar/2019:14:05:32 -0300] "GET /cormun/static/Resources/PXToolsLoginBottom.png HTTP/1.1" 200 1389
200.74.114.74 - - [14/Mar/2019:14:05:32 -0300] "GET /cormun/static/Resources/PXToolsButtonRight21.png HTTP/1.1" 200 1283
200.74.114.74 - - [14/Mar/2019:14:05:32 -0300] "GET /cormun/static/Resources/indicator.gif HTTP/1.1" 200 1553
200.74.114.74 - - [14/Mar/2019:14:05:32 -0300] "GET /cormun/servlet/hlogin HTTP/1.1" 200 1728
200.74.114.74 - - [14/Mar/2019:14:05:32 -0300] "GET /favicon.ico HTTP/1.1" 200 21630
200.74.114.74 - - [14/Mar/2019:14:05:40 -0300] "GET /cormun/servlet/hlogin HTTP/1.1" 200 1719
186.103.159.188 - - [14/Mar/2019:14:06:04 -0300] "GET /cormun/servlet/solicitudot?60a1ea78de67cb97591162b37c15e281ea15cbcf6d670317bc0aa54c9cb4f94622cefdd804bef7a41ac3dfa3806177e4edb736ac6d7f22dd65f5fde23d4c9226e1e43d8a9380f015bec9369b5fad9a91fd8c9f9621179bf36b62f48dde7424db1baedeeabd2dbd8aa64f901dc5c1827d,gx-no-cache=1552582945441 HTTP/1.1" 200 29
186.103.159.188 - - [14/Mar/2019:14:06:04 -0300] "GET /cormun/servlet/solicitudot?60a1ea78de67cb97591162b37c15e2818fa72f683af8fef371ac8dd35c99cee1,gx-no-cache=1552582945488 HTTP/1.1" 200 30
186.103.159.188 - - [14/Mar/2019:14:06:04 -0300] "POST /cormun/servlet/solicitudot?gx-no-cache=1552582945527 HTTP/1.1" 200 30
186.103.159.188 - - [14/Mar/2019:14:06:04 -0300] "POST /cormun/servlet/solicitudot?ddc8904a3dd17e31876bcd4ecd1df9ca,INS,0,0,,gx-no-cache=1552582945567 HTTP/1.1" 200 12114
186.103.159.188 - - [14/Mar/2019:14:06:05 -0300] "GET /cormun/static/Shared/jqueryui/images/ui-bg_highlight-soft_100_c6c2c8_1x100.png HTTP/1.1" 404 1117
186.103.159.188 - - [14/Mar/2019:14:06:05 -0300] "GET /cormun/static/Shared/jqueryui/images/ui-icons_ebccce_256x240.png HTTP/1.1" 404 1089
186.103.159.188 - - [14/Mar/2019:14:06:05 -0300] "GET /cormun/static/Shared/jqueryui/images/ui-bg_flat_55_994d53_40x100.png HTTP/1.1" 404 1097
186.103.159.188 - - [14/Mar/2019:14:06:05 -0300] "GET /cormun/static/Shared/jqueryui/images/ui-icons_82798d_256x240.png HTTP/1.1" 404 1089
186.103.159.188 - - [14/Mar/2019:14:06:09 -0300] "GET /cormun/static/menuarrow.gif HTTP/1.1" 404 1015
186.103.159.188 - - [14/Mar/2019:14:06:14 -0300] "GET /cormun/servlet/solicitudot?60a1ea78de67cb97591162b37c15e281eb014ee43bb9bbd0628ddaef73154042fd1c8b9619cd58920afd571c973760b3,gx-no-cache=1552582955245 HTTP/1.1" 200 30
190.171.141.90 - - [14/Mar/2019:14:06:35 -0300] "GET /cormun/servlet/solicitudot?20114de8976e00fe7eb2ca62a2e67a78143f5278ac737d714d11e743e936f6e6972d9d55c5aacd7b1214adf94a1cb9cf752a1354b26739f50b6ce6776f0e53eddd9931ee6e582b42d86fee9aff7af3b2e1fb322d2bee99345a765cec51c3f217d91890c29977ed8f20a09d515dbf647c,gx-no-cache=1552582976395 HTTP/1.1" 200 29
190.171.141.90 - - [14/Mar/2019:14:06:35 -0300] "GET /cormun/static/menuarrow.gif HTTP/1.1" 404 1015
186.103.159.188 - - [14/Mar/2019:14:07:03 -0300] "POST /cormun/servlet/solicitudot?gx-no-cache=1552583004467 HTTP/1.1" 200 30
186.103.159.188 - - [14/Mar/2019:14:07:04 -0300] "POST /cormun/servlet/solicitudot?ddc8904a3dd17e31876bcd4ecd1df9ca,INS,0,0,,gx-no-cache=1552583004567 HTTP/1.1" 200 93
186.103.159.188 - - [14/Mar/2019:14:07:04 -0300] "GET /cormun/servlet/hpexe_return? HTTP/1.1" 200 1003
186.103.159.188 - - [14/Mar/2019:14:07:04 -0300] "GET /cormun/servlet/trsolicitudot HTTP/1.1" 200 9105
186.103.159.188 - - [14/Mar/2019:14:07:05 -0300] "GET /cormun/servlet/trsolicitudot HTTP/1.1" 200 9101
186.103.159.188 - - [14/Mar/2019:14:07:24 -0300] "POST /cormun/servlet/trsolicitudot?ddc8904a3dd17e31876bcd4ecd1df9ca,gx-no-cache=1552583025186 HTTP/1.1" 200 107
186.103.159.188 - - [14/Mar/2019:14:07:24 -0300] "GET /cormun/servlet/trsolicitudadjuntos?2019,14650, HTTP/1.1" 200 9788
186.103.159.188 - - [14/Mar/2019:14:07:25 -0300] "GET /cormun/servlet/trsolicitudadjuntos?2019,14650, HTTP/1.1" 200 9789
190.171.141.90 - - [14/Mar/2019:14:07:32 -0300] "GET /cormun/servlet/solicitudot?20114de8976e00fe7eb2ca62a2e67a782e41d78200be1e721c81c09dd255b9e584e7e7640423790589ccc703ee65d75e,gx-no-cache=1552583033839 HTTP/1.1" 200 30
190.171.141.90 - - [14/Mar/2019:14:07:41 -0300] "POST /cormun/servlet/solicitudot?gx-no-cache=1552583042384 HTTP/1.1" 200 30
190.171.141.90 - - [14/Mar/2019:14:07:43 -0300] "POST /cormun/servlet/solicitudot?c077c6e9d57b370d76a0478f6d217842,INS,0,0,,gx-no-cache=1552583044932 HTTP/1.1" 200 12266
186.103.159.188 - - [14/Mar/2019:14:07:44 -0300] "GET /cormun/servlet/trsolicitudot? HTTP/1.1" 200 9106
186.103.159.188 - - [14/Mar/2019:14:07:45 -0300] "GET /cormun/servlet/trsolicitudot? HTTP/1.1" 200 9100
186.103.159.188 - - [14/Mar/2019:14:07:51 -0300] "POST /cormun/servlet/trsolicitudot?ddc8904a3dd17e31876bcd4ecd1df9ca,,gx-no-cache=1552583052631 HTTP/1.1" 200 107
186.103.159.188 - - [14/Mar/2019:14:07:51 -0300] "GET /cormun/servlet/trsolicitudadjuntos?2019,14697, HTTP/1.1" 200 6143
186.103.159.188 - - [14/Mar/2019:14:07:52 -0300] "GET /cormun/servlet/trsolicitudadjuntos?2019,14697, HTTP/1.1" 200 6143
186.103.159.188 - - [14/Mar/2019:14:07:55 -0300] "GET /cormun/servlet/solicitudotadjuntos?INS,2019,14697,,1, HTTP/1.1" 200 6089
186.103.159.188 - - [14/Mar/2019:14:07:55 -0300] "GET /cormun/static/about:blank HTTP/1.1" 404 1011
186.103.159.188 - - [14/Mar/2019:14:07:55 -0300] "GET /cormun/servlet/solicitudotadjuntos?INS,2019,14697,,1, HTTP/1.1" 200 6082
186.103.159.188 - - [14/Mar/2019:14:07:56 -0300] "GET /cormun/servlet/solicitudotadjuntos?60a1ea78de67cb97591162b37c15e281ffefa55757cd44e491210bf5f5f45bdf33553578766e13498b2a6b396f9f3963,gx-no-cache=1552583057358 HTTP/1.1" 200 30
186.103.159.188 - - [14/Mar/2019:14:07:56 -0300] "POST /cormun/servlet/solicitudotadjuntos?ddc8904a3dd17e31876bcd4ecd1df9ca,INS,2019,14697,,1,,gx-no-cache=1552583057396 HTTP/1.1" 200 3856
186.103.159.188 - - [14/Mar/2019:14:07:58 -0300] "POST /cormun/servlet/solicitudotadjuntos?gx-no-cache=1552583059692 HTTP/1.1" 200 26
190.171.141.90 - - [14/Mar/2019:14:08:03 -0300] "GET /cormun/servlet/solicitudot?20114de8976e00fe7eb2ca62a2e67a78ad9e44a7033b97c5586ec281ba490357a953ab93d8286c291168cb809faba2a6abc90e28d1969e672314e44564b5e66b,gx-no-cache=1552583064702 HTTP/1.1" 200 30
190.171.141.90 - - [14/Mar/2019:14:08:03 -0300] "GET /cormun/servlet/solicitudot?20114de8976e00fe7eb2ca62a2e67a7833170f866663ecc31e8eb5c3d8b236c9bac776324f6b362fff135e059d66932f25d0e766c068e97bd8e1c7f32597fc4b45c154981972e3984a4b1b0d19fc60987cded0fe9b46a61a2ed3c72025810e30e0153ba37ad501b610192285cceff3a393fa81a4e2f9e1c4896d30ffc291f9b991ce7bb10d88b855f749018260f2b0d64af9829482e255a06d4702dd06490bb8bdf8e774c6bd19fc9b73b7cb73797b9c7a68d441c04cc08f89b3431f01b792f67f5a38b65df341e871ef6f61577800b4fd43e4fcfd95840bf44c469c9dd7cb34c1f6717d17a6c7229d835c6bf79412dfba3cd61473070e877ba97342c0ff6cf8e489e654768d41db462f2b449d13a718ce8716ab96674b76aca18fe063c08cb826b8e9c412e5fd74542592c23ec3a52f36568166bb32e8226c714fb0d5f0f74d321a290cf2cc67844c20fa4da149944af21897dd68bcf09f2975ab1e77dd3b8c60de82b2eb470cae9fd89b70078c62590e2e1e6ed4be0e9ea2943eb69549caa4,gx-no-cache=1552583064739 HTTP/1.1" 200 30
190.171.141.90 - - [14/Mar/2019:14:08:03 -0300] "POST /cormun/servlet/solicitudot?gx-no-cache=1552583064764 HTTP/1.1" 200 30
190.171.141.90 - - [14/Mar/2019:14:08:03 -0300] "POST /cormun/servlet/solicitudot?gx-no-cache=1552583064793 HTTP/1.1" 200 1281
190.171.141.90 - - [14/Mar/2019:14:08:03 -0300] "POST /cormun/servlet/solicitudot?gx-no-cache=1552583064832 HTTP/1.1" 200 40
190.171.141.90 - - [14/Mar/2019:14:08:03 -0300] "GET /cormun/servlet/solicitudot?20114de8976e00fe7eb2ca62a2e67a78b8a3513d5d4d4b723d67d126e5ee1ed335239f1390d25ac901a08b46d667e430a3d5b97f466c8a45a64370abce8cde2ff9f5e248785a76ef0c7e781ba31b016d8b2cd7670715d69192cce112234c104321331d2b8fc662f7f580c1013759a0ae,gx-no-cache=1552583064857 HTTP/1.1" 200 110
190.171.141.90 - - [14/Mar/2019:14:08:03 -0300] "POST /cormun/servlet/solicitudot?gx-no-cache=1552583064889 HTTP/1.1" 200 97
190.171.141.90 - - [14/Mar/2019:14:08:03 -0300] "GET /cormun/servlet/solicitudot?20114de8976e00fe7eb2ca62a2e67a782e41d78200be1e721c81c09dd255b9e584e7e7640423790589ccc703ee65d75e,gx-no-cache=1552583064924 HTTP/1.1" 200 30
190.171.141.90 - - [14/Mar/2019:14:08:03 -0300] "POST /cormun/servlet/solicitudot?gx-no-cache=1552583064951 HTTP/1.1" 200 30
190.171.141.90 - - [14/Mar/2019:14:08:03 -0300] "POST /cormun/servlet/solicitudot?c077c6e9d57b370d76a0478f6d217842,INS,0,0,,gx-no-cache=1552583064984 HTTP/1.1" 200 93
190.171.141.90 - - [14/Mar/2019:14:08:03 -0300] "GET /cormun/servlet/hpexe_return? HTTP/1.1" 200 1008
190.171.141.90 - - [14/Mar/2019:14:08:04 -0300] "GET /cormun/servlet/trsolicitudot HTTP/1.1" 200 8802
190.171.141.90 - - [14/Mar/2019:14:08:04 -0300] "GET /cormun/servlet/trsolicitudot HTTP/1.1" 200 8798
186.103.159.188 - - [14/Mar/2019:14:08:16 -0300] "GET /cormun/servlet/solicitudotadjuntos?60a1ea78de67cb97591162b37c15e2810519dfc353d5c37d6e97f4f113427629,gx-no-cache=1552583076948 HTTP/1.1" 200 30
186.103.159.188 - - [14/Mar/2019:14:08:16 -0300] "GET /cormun/servlet/solicitudotadjuntos?60a1ea78de67cb97591162b37c15e2810519dfc353d5c37d6e97f4f113427629,gx-no-cache=1552583076964 HTTP/1.1" 200 30
186.103.159.188 - - [14/Mar/2019:14:08:16 -0300] "POST /cormun/servlet/solicitudotadjuntos?ddc8904a3dd17e31876bcd4ecd1df9ca,INS,2019,14697,,1, HTTP/1.1" 200 116
186.103.159.188 - - [14/Mar/2019:14:08:17 -0300] "GET /cormun/servlet/hpexe_return? HTTP/1.1" 200 1023
186.103.159.188 - - [14/Mar/2019:14:08:17 -0300] "GET /cormun/servlet/trsolicitudadjuntos?2019,14697, HTTP/1.1" 200 8718
186.103.159.188 - - [14/Mar/2019:14:08:17 -0300] "GET /cormun/servlet/trsolicitudadjuntos?2019,14697, HTTP/1.1" 200 8714
186.103.159.188 - - [14/Mar/2019:14:08:19 -0300] "GET /cormun/servlet/solicitudotadjuntos?INS,2019,14697,,1, HTTP/1.1" 200 6089
186.103.159.188 - - [14/Mar/2019:14:08:19 -0300] "GET /cormun/static/about:blank HTTP/1.1" 404 1011
186.103.159.188 - - [14/Mar/2019:14:08:20 -0300] "GET /cormun/servlet/solicitudotadjuntos?INS,2019,14697,,1, HTTP/1.1" 200 6082
186.103.159.188 - - [14/Mar/2019:14:08:20 -0300] "GET /cormun/servlet/solicitudotadjuntos?60a1ea78de67cb97591162b37c15e281ffefa55757cd44e491210bf5f5f45bdf33553578766e13498b2a6b396f9f3963,gx-no-cache=1552583081457 HTTP/1.1" 200 30
186.103.159.188 - - [14/Mar/2019:14:08:20 -0300] "POST /cormun/servlet/solicitudotadjuntos?ddc8904a3dd17e31876bcd4ecd1df9ca,INS,2019,14697,,1,,gx-no-cache=1552583081494 HTTP/1.1" 200 3856
186.103.159.188 - - [14/Mar/2019:14:08:23 -0300] "POST /cormun/servlet/solicitudotadjuntos?gx-no-cache=1552583084180 HTTP/1.1" 200 26
186.103.159.188 - - [14/Mar/2019:14:08:29 -0300] "GET /cormun/servlet/solicitudotadjuntos?60a1ea78de67cb97591162b37c15e2810519dfc353d5c37d6e97f4f113427629,gx-no-cache=1552583090236 HTTP/1.1" 200 30
186.103.159.188 - - [14/Mar/2019:14:08:29 -0300] "GET /cormun/servlet/solicitudotadjuntos?60a1ea78de67cb97591162b37c15e2810519dfc353d5c37d6e97f4f113427629,gx-no-cache=1552583090252 HTTP/1.1" 200 30
186.103.159.188 - - [14/Mar/2019:14:08:30 -0300] "POST /cormun/servlet/solicitudotadjuntos?ddc8904a3dd17e31876bcd4ecd1df9ca,INS,2019,14697,,1, HTTP/1.1" 200 116
186.103.159.188 - - [14/Mar/2019:14:08:30 -0300] "GET /cormun/servlet/hpexe_return? HTTP/1.1" 200 1023
186.103.159.188 - - [14/Mar/2019:14:08:30 -0300] "GET /cormun/servlet/trsolicitudadjuntos?2019,14697, HTTP/1.1" 200 8927
186.103.159.188 - - [14/Mar/2019:14:08:30 -0300] "GET /cormun/servlet/trsolicitudadjuntos?2019,14697, HTTP/1.1" 200 8925
190.171.141.90 - - [14/Mar/2019:14:08:32 -0300] "POST /cormun/servlet/trsolicitudot?c077c6e9d57b370d76a0478f6d217842,gx-no-cache=1552583093960 HTTP/1.1" 200 107
190.171.141.90 - - [14/Mar/2019:14:08:32 -0300] "GET /cormun/servlet/trsolicitudadjuntos?2019,14698, HTTP/1.1" 200 6302
186.103.159.188 - - [14/Mar/2019:14:08:32 -0300] "GET /cormun/servlet/solicitudotadjuntos?INS,2019,14697,,1, HTTP/1.1" 200 6089
186.103.159.188 - - [14/Mar/2019:14:08:33 -0300] "GET /cormun/static/about:blank HTTP/1.1" 404 1011
186.103.159.188 - - [14/Mar/2019:14:08:33 -0300] "GET /cormun/servlet/solicitudotadjuntos?INS,2019,14697,,1, HTTP/1.1" 200 6082
190.171.141.90 - - [14/Mar/2019:14:08:33 -0300] "GET /cormun/servlet/trsolicitudadjuntos?2019,14698, HTTP/1.1" 200 6301
186.103.159.188 - - [14/Mar/2019:14:08:33 -0300] "GET /cormun/servlet/solicitudotadjuntos?60a1ea78de67cb97591162b37c15e281ffefa55757cd44e491210bf5f5f45bdf33553578766e13498b2a6b396f9f3963,gx-no-cache=1552583094515 HTTP/1.1" 200 30
186.103.159.188 - - [14/Mar/2019:14:08:33 -0300] "POST /cormun/servlet/solicitudotadjuntos?ddc8904a3dd17e31876bcd4ecd1df9ca,INS,2019,14697,,1,,gx-no-cache=1552583094610 HTTP/1.1" 200 3856
190.171.141.90 - - [14/Mar/2019:14:08:34 -0300] "GET /cormun/servlet/solicitudotadjuntos?INS,2019,14698,,1, HTTP/1.1" 200 6247
190.171.141.90 - - [14/Mar/2019:14:08:34 -0300] "GET /cormun/static/about:blank HTTP/1.1" 404 1011
190.171.141.90 - - [14/Mar/2019:14:08:35 -0300] "GET /cormun/servlet/solicitudotadjuntos?INS,2019,14698,,1, HTTP/1.1" 200 6241
190.171.141.90 - - [14/Mar/2019:14:08:35 -0300] "GET /cormun/servlet/solicitudotadjuntos?20114de8976e00fe7eb2ca62a2e67a78b9c7cc294ad4c150f27d3c9ff2e402a1aa936e6185e3a068edeb3d470fdf4d78,gx-no-cache=1552583096975 HTTP/1.1" 200 30
190.171.141.90 - - [14/Mar/2019:14:08:35 -0300] "POST /cormun/servlet/solicitudotadjuntos?c077c6e9d57b370d76a0478f6d217842,INS,2019,14698,,1,,gx-no-cache=1552583097053 HTTP/1.1" 200 4095
186.103.159.188 - - [14/Mar/2019:14:08:39 -0300] "POST /cormun/servlet/solicitudotadjuntos?gx-no-cache=1552583100005 HTTP/1.1" 200 26
186.103.159.188 - - [14/Mar/2019:14:08:44 -0300] "GET /cormun/servlet/solicitudotadjuntos?60a1ea78de67cb97591162b37c15e2810519dfc353d5c37d6e97f4f113427629,gx-no-cache=1552583105444 HTTP/1.1" 200 30
186.103.159.188 - - [14/Mar/2019:14:08:44 -0300] "GET /cormun/servlet/solicitudotadjuntos?60a1ea78de67cb97591162b37c15e2810519dfc353d5c37d6e97f4f113427629,gx-no-cache=1552583105459 HTTP/1.1" 200 30
186.103.159.188 - - [14/Mar/2019:14:08:45 -0300] "POST /cormun/servlet/solicitudotadjuntos?ddc8904a3dd17e31876bcd4ecd1df9ca,INS,2019,14697,,1, HTTP/1.1" 200 116
186.103.159.188 - - [14/Mar/2019:14:08:45 -0300] "GET /cormun/servlet/hpexe_return? HTTP/1.1" 200 1023
186.103.159.188 - - [14/Mar/2019:14:08:45 -0300] "GET /cormun/servlet/trsolicitudadjuntos?2019,14697, HTTP/1.1" 200 9107
186.103.159.188 - - [14/Mar/2019:14:08:46 -0300] "GET /cormun/servlet/trsolicitudadjuntos?2019,14697, HTTP/1.1" 200 9104
186.103.159.188 - - [14/Mar/2019:14:08:50 -0300] "GET /cormun/servlet/solicitudotadjuntos?INS,2019,14697,,1, HTTP/1.1" 200 6088
186.103.159.188 - - [14/Mar/2019:14:08:50 -0300] "GET /cormun/static/about:blank HTTP/1.1" 404 1011
186.103.159.188 - - [14/Mar/2019:14:08:50 -0300] "GET /cormun/servlet/solicitudotadjuntos?INS,2019,14697,,1, HTTP/1.1" 200 6082
186.103.159.188 - - [14/Mar/2019:14:08:50 -0300] "GET /cormun/servlet/solicitudotadjuntos?60a1ea78de67cb97591162b37c15e281ffefa55757cd44e491210bf5f5f45bdf33553578766e13498b2a6b396f9f3963,gx-no-cache=1552583111681 HTTP/1.1" 200 30
186.103.159.188 - - [14/Mar/2019:14:08:50 -0300] "POST /cormun/servlet/solicitudotadjuntos?ddc8904a3dd17e31876bcd4ecd1df9ca,INS,2019,14697,,1,,gx-no-cache=1552583111776 HTTP/1.1" 200 3857
186.103.159.188 - - [14/Mar/2019:14:08:55 -0300] "POST /cormun/servlet/solicitudotadjuntos?gx-no-cache=1552583116212 HTTP/1.1" 200 26
186.103.159.188 - - [14/Mar/2019:14:09:00 -0300] "GET /cormun/servlet/solicitudotadjuntos?60a1ea78de67cb97591162b37c15e2810519dfc353d5c37d6e97f4f113427629,gx-no-cache=1552583121772 HTTP/1.1" 200 30
186.103.159.188 - - [14/Mar/2019:14:09:00 -0300] "GET /cormun/servlet/solicitudotadjuntos?60a1ea78de67cb97591162b37c15e2810519dfc353d5c37d6e97f4f113427629,gx-no-cache=1552583121787 HTTP/1.1" 200 30
186.103.159.188 - - [14/Mar/2019:14:09:01 -0300] "POST /cormun/servlet/solicitudotadjuntos?ddc8904a3dd17e31876bcd4ecd1df9ca,INS,2019,14697,,1, HTTP/1.1" 200 116
186.103.159.188 - - [14/Mar/2019:14:09:01 -0300] "GET /cormun/servlet/hpexe_return? HTTP/1.1" 200 1023
186.103.159.188 - - [14/Mar/2019:14:09:02 -0300] "GET /cormun/servlet/trsolicitudadjuntos?2019,14697, HTTP/1.1" 200 9305
190.171.141.90 - - [14/Mar/2019:14:09:02 -0300] "POST /cormun/servlet/solicitudotadjuntos?gx-no-cache=1552583123755 HTTP/1.1" 200 26
186.103.159.188 - - [14/Mar/2019:14:09:02 -0300] "GET /cormun/servlet/trsolicitudadjuntos?2019,14697, HTTP/1.1" 200 9303
190.171.141.90 - - [14/Mar/2019:14:09:09 -0300] "GET /cormun/servlet/solicitudotadjuntos?20114de8976e00fe7eb2ca62a2e67a786942df2358e0bcf90da9fd0e94b843aa,gx-no-cache=1552583130377 HTTP/1.1" 200 30
190.171.141.90 - - [14/Mar/2019:14:09:09 -0300] "GET /cormun/servlet/solicitudotadjuntos?20114de8976e00fe7eb2ca62a2e67a786942df2358e0bcf90da9fd0e94b843aa,gx-no-cache=1552583130423 HTTP/1.1" 200 30
190.171.141.90 - - [14/Mar/2019:14:09:09 -0300] "POST /cormun/servlet/solicitudotadjuntos?c077c6e9d57b370d76a0478f6d217842,INS,2019,14698,,1, HTTP/1.1" 200 116
190.171.141.90 - - [14/Mar/2019:14:09:09 -0300] "GET /cormun/servlet/hpexe_return? HTTP/1.1" 200 1029
190.171.141.90 - - [14/Mar/2019:14:09:09 -0300] "GET /cormun/servlet/trsolicitudadjuntos?2019,14698, HTTP/1.1" 200 8895
190.171.141.90 - - [14/Mar/2019:14:09:10 -0300] "GET /cormun/servlet/trsolicitudadjuntos?2019,14698, HTTP/1.1" 200 8888
186.103.159.188 - - [14/Mar/2019:14:09:12 -0300] "GET /cormun/servlet/solicitudotadjuntos?INS,2019,14697,,1, HTTP/1.1" 200 6088
186.103.159.188 - - [14/Mar/2019:14:09:12 -0300] "GET /cormun/static/about:blank HTTP/1.1" 404 1011
186.103.159.188 - - [14/Mar/2019:14:09:13 -0300] "GET /cormun/servlet/solicitudotadjuntos?INS,2019,14697,,1, HTTP/1.1" 200 6082
186.103.159.188 - - [14/Mar/2019:14:09:13 -0300] "GET /cormun/servlet/solicitudotadjuntos?60a1ea78de67cb97591162b37c15e281ffefa55757cd44e491210bf5f5f45bdf33553578766e13498b2a6b396f9f3963,gx-no-cache=1552583134347 HTTP/1.1" 200 30
186.103.159.188 - - [14/Mar/2019:14:09:13 -0300] "POST /cormun/servlet/solicitudotadjuntos?ddc8904a3dd17e31876bcd4ecd1df9ca,INS,2019,14697,,1,,gx-no-cache=1552583134385 HTTP/1.1" 200 3857
186.103.159.188 - - [14/Mar/2019:14:09:16 -0300] "POST /cormun/servlet/solicitudotadjuntos?gx-no-cache=1552583137171 HTTP/1.1" 200 26
186.103.159.188 - - [14/Mar/2019:14:09:20 -0300] "GET /cormun/servlet/solicitudotadjuntos?60a1ea78de67cb97591162b37c15e2810519dfc353d5c37d6e97f4f113427629,gx-no-cache=1552583141780 HTTP/1.1" 200 30
186.103.159.188 - - [14/Mar/2019:14:09:20 -0300] "GET /cormun/servlet/solicitudotadjuntos?60a1ea78de67cb97591162b37c15e2810519dfc353d5c37d6e97f4f113427629,gx-no-cache=1552583141849 HTTP/1.1" 200 30
186.103.159.188 - - [14/Mar/2019:14:09:21 -0300] "POST /cormun/servlet/solicitudotadjuntos?ddc8904a3dd17e31876bcd4ecd1df9ca,INS,2019,14697,,1, HTTP/1.1" 200 116
186.103.159.188 - - [14/Mar/2019:14:09:21 -0300] "GET /cormun/servlet/hpexe_return? HTTP/1.1" 200 1023
186.103.159.188 - - [14/Mar/2019:14:09:21 -0300] "GET /cormun/servlet/trsolicitudadjuntos?2019,14697, HTTP/1.1" 200 9571
186.103.159.188 - - [14/Mar/2019:14:09:22 -0300] "GET /cormun/servlet/trsolicitudadjuntos?2019,14697, HTTP/1.1" 200 9568
186.103.159.188 - - [14/Mar/2019:14:09:30 -0300] "GET /cormun/servlet/solicitudotadjuntos?INS,2019,14697,,1, HTTP/1.1" 200 6088
186.103.159.188 - - [14/Mar/2019:14:09:31 -0300] "GET /cormun/static/about:blank HTTP/1.1" 404 1011
186.103.159.188 - - [14/Mar/2019:14:09:31 -0300] "GET /cormun/servlet/solicitudotadjuntos?INS,2019,14697,,1, HTTP/1.1" 200 6082
186.103.159.188 - - [14/Mar/2019:14:09:31 -0300] "GET /cormun/servlet/solicitudotadjuntos?60a1ea78de67cb97591162b37c15e281ffefa55757cd44e491210bf5f5f45bdf33553578766e13498b2a6b396f9f3963,gx-no-cache=1552583152624 HTTP/1.1" 200 30
186.103.159.188 - - [14/Mar/2019:14:09:32 -0300] "POST /cormun/servlet/solicitudotadjuntos?ddc8904a3dd17e31876bcd4ecd1df9ca,INS,2019,14697,,1,,gx-no-cache=1552583152784 HTTP/1.1" 200 3857
186.103.159.188 - - [14/Mar/2019:14:09:34 -0300] "POST /cormun/servlet/solicitudotadjuntos?gx-no-cache=1552583155715 HTTP/1.1" 200 26
