200.111.191.210 - - [14/Mar/2019:08:31:04 -0300] "GET /cormun/static/gxcfg.js?20177612134814 HTTP/1.1" 200 953
200.111.191.210 - - [14/Mar/2019:08:31:04 -0300] "GET /cormun/static/prfichaempleado.js?20177612134999 HTTP/1.1" 200 16006
200.111.191.210 - - [14/Mar/2019:08:31:11 -0300] "POST /cormun/servlet/prfichaempleado?f2a1309adfffe89faf497bced977f939,,MD,,gxPopupLevel%3D0%3B,gx-no-cache=1552562898416 HTTP/1.1" 200 3403
192.168.10.89 - - [14/Mar/2019:08:31:52 -0300] "POST /cormun/servlet/trautorizarot?2c5d7c4ffc334eb248e1d46a6bf6329b,,gx-no-cache=1552569917573 HTTP/1.1" 200 5197
200.111.191.210 - - [14/Mar/2019:08:31:52 -0300] "POST /cormun/servlet/solicitudot?gx-no-cache=1552562939988 HTTP/1.1" 200 3435
200.111.191.210 - - [14/Mar/2019:08:31:52 -0300] "POST /cormun/servlet/solicitudot?f2a1309adfffe89faf497bced977f939,INS,0,0,,gx-no-cache=1552562940106 HTTP/1.1" 200 11578
192.168.10.89 - - [14/Mar/2019:08:31:57 -0300] "POST /cormun/servlet/trautorizarot?2c5d7c4ffc334eb248e1d46a6bf6329b,,gx-no-cache=1552569922386 HTTP/1.1" 200 5196
186.67.164.138 - - [14/Mar/2019:08:31:57 -0300] "POST /cormun/servlet/licenciaspermisos?f278e34674b6f0a128b30c60fa3347d7,DSP,15123097,L,20190225000000,,gx-no-cache=1552562898807 HTTP/1.1" 200 93
186.67.164.138 - - [14/Mar/2019:08:31:57 -0300] "GET /cormun/servlet/hpexe_return? HTTP/1.1" 200 1026
186.67.164.138 - - [14/Mar/2019:08:31:57 -0300] "GET /cormun/servlet/trlicencias HTTP/1.1" 200 9219
186.67.164.138 - - [14/Mar/2019:08:31:59 -0300] "GET /cormun/servlet/trlicencias HTTP/1.1" 200 9214
200.111.191.210 - - [14/Mar/2019:08:31:59 -0300] "GET /cormun/servlet/solicitudot?103160f5ef9b380d32db7483682a6d44641ef384a4993df7fec9238ef67ac94a765dadc1b4ec96236a9b4340d1cdb187,gx-no-cache=1552562946671 HTTP/1.1" 200 30
192.168.10.89 - - [14/Mar/2019:08:32:02 -0300] "POST /cormun/servlet/trautorizarot?2c5d7c4ffc334eb248e1d46a6bf6329b,,gx-no-cache=1552569927337 HTTP/1.1" 200 6536
192.168.10.89 - - [14/Mar/2019:08:32:13 -0300] "POST /cormun/servlet/trautorizarot?2c5d7c4ffc334eb248e1d46a6bf6329b,,gx-no-cache=1552569938679 HTTP/1.1" 200 5356
192.168.10.89 - - [14/Mar/2019:08:32:25 -0300] "POST /cormun/servlet/trautorizarot?2c5d7c4ffc334eb248e1d46a6bf6329b,,gx-no-cache=1552569951042 HTTP/1.1" 200 5205
192.168.10.89 - - [14/Mar/2019:08:32:56 -0300] "POST /cormun/servlet/trautorizarot?2c5d7c4ffc334eb248e1d46a6bf6329b,,gx-no-cache=1552569981994 HTTP/1.1" 200 6552
192.168.10.89 - - [14/Mar/2019:08:33:02 -0300] "POST /cormun/servlet/trautorizarot?2c5d7c4ffc334eb248e1d46a6bf6329b,,gx-no-cache=1552569987367 HTTP/1.1" 200 5366
192.168.10.89 - - [14/Mar/2019:08:33:11 -0300] "POST /cormun/servlet/trautorizarot?2c5d7c4ffc334eb248e1d46a6bf6329b,,gx-no-cache=1552569996906 HTTP/1.1" 200 6558
200.111.191.210 - - [14/Mar/2019:08:33:16 -0300] "GET /cormun/servlet/prbanco?,MD,,gxPopupLevel%3D0%3B HTTP/1.1" 200 6600
192.168.10.89 - - [14/Mar/2019:08:33:19 -0300] "POST /cormun/servlet/trautorizarot?2c5d7c4ffc334eb248e1d46a6bf6329b,,gx-no-cache=1552570004319 HTTP/1.1" 200 5374
192.168.10.89 - - [14/Mar/2019:08:33:27 -0300] "POST /cormun/servlet/trautorizarot?2c5d7c4ffc334eb248e1d46a6bf6329b,,gx-no-cache=1552570012258 HTTP/1.1" 200 6541
192.168.10.89 - - [14/Mar/2019:08:33:33 -0300] "POST /cormun/servlet/trautorizarot?2c5d7c4ffc334eb248e1d46a6bf6329b,,gx-no-cache=1552570018175 HTTP/1.1" 200 5363
192.168.10.89 - - [14/Mar/2019:08:33:39 -0300] "POST /cormun/servlet/trautorizarot?2c5d7c4ffc334eb248e1d46a6bf6329b,,gx-no-cache=1552570024778 HTTP/1.1" 200 6532
192.168.10.89 - - [14/Mar/2019:08:33:42 -0300] "POST /cormun/servlet/trautorizarot?2c5d7c4ffc334eb248e1d46a6bf6329b,,gx-no-cache=1552570027596 HTTP/1.1" 200 5358
200.111.191.210 - - [14/Mar/2019:08:33:43 -0300] "GET /cormun/servlet/solicitudot?103160f5ef9b380d32db7483682a6d44045ac0dd3b63d9e09ef0113ade0509141e6b03321a1ddb282dadf40c8c69e6f1765dadc1b4ec96236a9b4340d1cdb187,gx-no-cache=1552563050799 HTTP/1.1" 200 30
200.111.191.210 - - [14/Mar/2019:08:33:44 -0300] "GET /cormun/servlet/solicitudot?103160f5ef9b380d32db7483682a6d4411406482ee9ff23342cf00570ff90736,gx-no-cache=1552563052109 HTTP/1.1" 200 51
192.168.10.89 - - [14/Mar/2019:08:33:49 -0300] "POST /cormun/servlet/trautorizarot?2c5d7c4ffc334eb248e1d46a6bf6329b,,gx-no-cache=1552570034827 HTTP/1.1" 200 6557
192.168.10.89 - - [14/Mar/2019:08:34:08 -0300] "POST /cormun/servlet/trautorizarot?2c5d7c4ffc334eb248e1d46a6bf6329b,,gx-no-cache=1552570053631 HTTP/1.1" 200 5371
192.168.10.89 - - [14/Mar/2019:08:34:48 -0300] "POST /cormun/servlet/trautorizarot?2c5d7c4ffc334eb248e1d46a6bf6329b,,gx-no-cache=1552570093267 HTTP/1.1" 200 5197
200.111.191.210 - - [14/Mar/2019:08:34:55 -0300] "POST /cormun/servlet/solicitudot?gx-no-cache=1552563122756 HTTP/1.1" 200 255
200.111.191.210 - - [14/Mar/2019:08:34:57 -0300] "GET /cormun/servlet/solicitudot?103160f5ef9b380d32db7483682a6d44581912081d2b54286f8011eb534b360e91c89da695dcba35863ae44e6ed5f58185e87517fd3e84813db7f5bdfd6a66cfee52be4bfe3a4d283a7337f4d3402cd04ead251e77ce19e273d51256d39d2d3046721739db4530f5b8005dc52a012e834f7b0631959a43474a514b1008370f8a6a690546519949b5021ce7a7f80843500a1de423abbf262addcc0ea37477850fe13596b358b4c5704a655ba5b20664ed847b84b31aa5cde45d260cfe3e586258fcc56dd4be45a227696de7b4e2bdbbdab72d0232e13d689f1ff1392cf645a4a20de87d837e08bbffe70a44ffff2c52a319547b58bd14cbb8b357e2caeac31b8cf17656b36c1ce701aba7a2a4d4093f3d1782d1d91524875c927cfb0824a0b822df847005472f3da69aae105e72de2b916fb8690ccfa6a355e9dbe9b38ce8dc52f655b658ff9028ba8c6ec61abf352a2c4059874c8b8bd5de01f94b55305d37ddfa6e94f3993e2297f22f0768012a4633d6c442721c70d172110a80f588dd23e0,gx-no-cache=1552563124677 HTTP/1.1" 200 30
200.111.191.210 - - [14/Mar/2019:08:34:59 -0300] "POST /cormun/servlet/solicitudot?gx-no-cache=1552563126600 HTTP/1.1" 200 30
200.111.191.210 - - [14/Mar/2019:08:35:00 -0300] "POST /cormun/servlet/solicitudot?gx-no-cache=1552563128166 HTTP/1.1" 200 1277
200.111.191.210 - - [14/Mar/2019:08:35:00 -0300] "POST /cormun/servlet/solicitudot?gx-no-cache=1552563128194 HTTP/1.1" 200 38
192.168.10.89 - - [14/Mar/2019:08:35:12 -0300] "POST /cormun/servlet/trautorizarot?2c5d7c4ffc334eb248e1d46a6bf6329b,,gx-no-cache=1552570118003 HTTP/1.1" 200 6549
192.168.10.89 - - [14/Mar/2019:08:35:19 -0300] "POST /cormun/servlet/trautorizarot?2c5d7c4ffc334eb248e1d46a6bf6329b,,gx-no-cache=1552570124456 HTTP/1.1" 200 5367
192.168.10.89 - - [14/Mar/2019:08:35:33 -0300] "POST /cormun/servlet/trautorizarot?2c5d7c4ffc334eb248e1d46a6bf6329b,,gx-no-cache=1552570138195 HTTP/1.1" 200 5195
200.111.191.210 - - [14/Mar/2019:08:35:37 -0300] "GET /cormun/servlet/solicitudot?103160f5ef9b380d32db7483682a6d4473570c9d5d072ea779814fee78c3acbb8ada3ae16e0fbcfc334447330dd90824b72bde93e5dd1daf1169f5d110f19df314714e6a846ccc5d33a4c53798fd23c98fe3beaa83a78eeae24ed662e387267b27bb6c6d39e24dba9ed47295173b7ef6,gx-no-cache=1552563165359 HTTP/1.1" 200 110
200.111.191.210 - - [14/Mar/2019:08:35:52 -0300] "POST /cormun/servlet/solicitudot?gx-no-cache=1552563179782 HTTP/1.1" 200 97
192.168.10.89 - - [14/Mar/2019:08:35:59 -0300] "POST /cormun/servlet/trautorizarot?2c5d7c4ffc334eb248e1d46a6bf6329b,,gx-no-cache=1552570165066 HTTP/1.1" 200 6542
192.168.10.89 - - [14/Mar/2019:08:36:08 -0300] "POST /cormun/servlet/trautorizarot?2c5d7c4ffc334eb248e1d46a6bf6329b,,gx-no-cache=1552570173903 HTTP/1.1" 200 5363
200.111.191.210 - - [14/Mar/2019:08:36:13 -0300] "GET /cormun/servlet/solicitudot?103160f5ef9b380d32db7483682a6d4465ba3a65a07769eab23de4f3cdf4194470c27a406b6c695a5bddbdd00482e9c42ee3cef19cb24ef53263a04adf48a651d73bf01879f90d26bbe66a6ab00a18a38c4867f22991e6328a551340a2988236eb3a05136fda2f4f1655c9aa8a93ac5f,gx-no-cache=1552563200646 HTTP/1.1" 200 29
200.111.191.210 - - [14/Mar/2019:08:36:32 -0300] "GET /cormun/servlet/solicitudot?103160f5ef9b380d32db7483682a6d44bf07cd20819ee53d37f8a3bffcf4850cb9b8cd7b4444f8d5e1855935347b472b,gx-no-cache=1552563220315 HTTP/1.1" 200 30
192.168.10.89 - - [14/Mar/2019:08:36:42 -0300] "POST /cormun/servlet/trautorizarot?2c5d7c4ffc334eb248e1d46a6bf6329b,,gx-no-cache=1552570207434 HTTP/1.1" 200 6562
200.111.191.210 - - [14/Mar/2019:08:36:42 -0300] "GET /cormun/servlet/solicitudot?103160f5ef9b380d32db7483682a6d44bf07cd20819ee53d37f8a3bffcf4850cb274e546e5db0f27d86133c33704a3c9,gx-no-cache=1552563229840 HTTP/1.1" 200 30
200.111.191.210 - - [14/Mar/2019:08:36:42 -0300] "POST /cormun/servlet/solicitudot?gx-no-cache=1552563229919 HTTP/1.1" 200 30
192.168.10.89 - - [14/Mar/2019:08:36:45 -0300] "POST /cormun/servlet/trautorizarot?2c5d7c4ffc334eb248e1d46a6bf6329b,,gx-no-cache=1552570210768 HTTP/1.1" 200 5383
200.111.191.210 - - [14/Mar/2019:08:36:46 -0300] "POST /cormun/servlet/solicitudot?f2a1309adfffe89faf497bced977f939,INS,0,0,,gx-no-cache=1552563234104 HTTP/1.1" 200 93
200.111.191.210 - - [14/Mar/2019:08:36:46 -0300] "GET /cormun/servlet/hpexe_return? HTTP/1.1" 200 1005
200.111.191.210 - - [14/Mar/2019:08:36:47 -0300] "GET /cormun/servlet/trsolicitudot HTTP/1.1" 200 8616
200.111.191.210 - - [14/Mar/2019:08:36:47 -0300] "GET /cormun/servlet/trsolicitudot HTTP/1.1" 200 8612
200.111.191.210 - - [14/Mar/2019:08:36:50 -0300] "POST /cormun/servlet/trsolicitudot?f2a1309adfffe89faf497bced977f939,gx-no-cache=1552563237810 HTTP/1.1" 200 5941
200.111.191.210 - - [14/Mar/2019:08:36:50 -0300] "GET /cormun/static/Shared/jqueryui/images/ui-bg_highlight-soft_100_c6c2c8_1x100.png HTTP/1.1" 404 1117
200.111.191.210 - - [14/Mar/2019:08:36:50 -0300] "GET /cormun/static/Shared/jqueryui/images/ui-icons_82798d_256x240.png HTTP/1.1" 404 1089
200.111.191.210 - - [14/Mar/2019:08:36:50 -0300] "GET /cormun/static/Shared/jqueryui/images/ui-bg_flat_55_fafafa_40x100.png HTTP/1.1" 404 1097
200.111.191.210 - - [14/Mar/2019:08:36:50 -0300] "GET /cormun/static/Shared/jqueryui/images/ui-icons_8d78a5_256x240.png HTTP/1.1" 404 1089
192.168.10.89 - - [14/Mar/2019:08:36:52 -0300] "POST /cormun/servlet/trautorizarot?2c5d7c4ffc334eb248e1d46a6bf6329b,,gx-no-cache=1552570218019 HTTP/1.1" 200 6556
200.111.191.210 - - [14/Mar/2019:08:36:53 -0300] "POST /cormun/servlet/trsolicitudot?f2a1309adfffe89faf497bced977f939,gx-no-cache=1552563240428 HTTP/1.1" 200 107
200.111.191.210 - - [14/Mar/2019:08:36:53 -0300] "GET /cormun/servlet/trsolicitudadjuntos?2019,14676, HTTP/1.1" 200 6131
200.111.191.210 - - [14/Mar/2019:08:36:53 -0300] "GET /cormun/servlet/trsolicitudadjuntos?2019,14676, HTTP/1.1" 200 6130
200.111.191.210 - - [14/Mar/2019:08:36:55 -0300] "GET /cormun/servlet/solicitudotadjuntos?INS,2019,14676,,1, HTTP/1.1" 200 6075
200.111.191.210 - - [14/Mar/2019:08:36:55 -0300] "GET /cormun/static/about:blank HTTP/1.1" 404 1011
200.111.191.210 - - [14/Mar/2019:08:36:55 -0300] "GET /cormun/servlet/solicitudotadjuntos?INS,2019,14676,,1, HTTP/1.1" 200 6069
192.168.10.89 - - [14/Mar/2019:08:36:55 -0300] "POST /cormun/servlet/trautorizarot?2c5d7c4ffc334eb248e1d46a6bf6329b,,gx-no-cache=1552570220862 HTTP/1.1" 200 5379
200.111.191.210 - - [14/Mar/2019:08:36:55 -0300] "GET /cormun/servlet/solicitudotadjuntos?103160f5ef9b380d32db7483682a6d44ec43f5c1ebf88e50323c9de5afd59928171ca808e380bc28a29e3009f0be73f5,gx-no-cache=1552563243137 HTTP/1.1" 200 30
200.111.191.210 - - [14/Mar/2019:08:36:55 -0300] "POST /cormun/servlet/solicitudotadjuntos?f2a1309adfffe89faf497bced977f939,INS,2019,14676,,1,,gx-no-cache=1552563243235 HTTP/1.1" 200 3879
200.111.191.210 - - [14/Mar/2019:08:36:57 -0300] "POST /cormun/servlet/solicitudotadjuntos?gx-no-cache=1552563245049 HTTP/1.1" 200 26
192.168.10.89 - - [14/Mar/2019:08:37:02 -0300] "POST /cormun/servlet/trautorizarot?2c5d7c4ffc334eb248e1d46a6bf6329b,,gx-no-cache=1552570228179 HTTP/1.1" 200 6579
200.111.191.210 - - [14/Mar/2019:08:37:06 -0300] "GET /cormun/servlet/solicitudotadjuntos?103160f5ef9b380d32db7483682a6d448724d27ac3a9e18ec6ec01441624a560,gx-no-cache=1552563253577 HTTP/1.1" 200 30
200.111.191.210 - - [14/Mar/2019:08:37:06 -0300] "GET /cormun/servlet/solicitudotadjuntos?103160f5ef9b380d32db7483682a6d448724d27ac3a9e18ec6ec01441624a560,gx-no-cache=1552563253602 HTTP/1.1" 200 30
192.168.10.89 - - [14/Mar/2019:08:37:06 -0300] "POST /cormun/servlet/trautorizarot?2c5d7c4ffc334eb248e1d46a6bf6329b,,gx-no-cache=1552570231637 HTTP/1.1" 200 5390
200.111.191.210 - - [14/Mar/2019:08:37:07 -0300] "POST /cormun/servlet/solicitudotadjuntos?f2a1309adfffe89faf497bced977f939,INS,2019,14676,,1, HTTP/1.1" 200 116
200.111.191.210 - - [14/Mar/2019:08:37:07 -0300] "GET /cormun/servlet/hpexe_return? HTTP/1.1" 200 1025
200.111.191.210 - - [14/Mar/2019:08:37:07 -0300] "GET /cormun/servlet/trsolicitudadjuntos?2019,14676, HTTP/1.1" 200 8689
200.111.191.210 - - [14/Mar/2019:08:37:07 -0300] "GET /cormun/servlet/trsolicitudadjuntos?2019,14676, HTTP/1.1" 200 8684
200.111.191.210 - - [14/Mar/2019:08:37:09 -0300] "GET /cormun/servlet/solicitudotadjuntos?INS,2019,14676,,1, HTTP/1.1" 200 6075
200.111.191.210 - - [14/Mar/2019:08:37:09 -0300] "GET /cormun/static/about:blank HTTP/1.1" 404 1011
200.111.191.210 - - [14/Mar/2019:08:37:09 -0300] "GET /cormun/servlet/solicitudotadjuntos?INS,2019,14676,,1, HTTP/1.1" 200 6069
200.111.191.210 - - [14/Mar/2019:08:37:10 -0300] "GET /cormun/servlet/solicitudotadjuntos?103160f5ef9b380d32db7483682a6d44ec43f5c1ebf88e50323c9de5afd59928171ca808e380bc28a29e3009f0be73f5,gx-no-cache=1552563257672 HTTP/1.1" 200 30
200.111.191.210 - - [14/Mar/2019:08:37:10 -0300] "POST /cormun/servlet/solicitudotadjuntos?f2a1309adfffe89faf497bced977f939,INS,2019,14676,,1,,gx-no-cache=1552563257758 HTTP/1.1" 200 3879
200.111.191.210 - - [14/Mar/2019:08:37:12 -0300] "POST /cormun/servlet/solicitudotadjuntos?gx-no-cache=1552563259629 HTTP/1.1" 200 26
192.168.10.89 - - [14/Mar/2019:08:37:12 -0300] "POST /cormun/servlet/trautorizarot?2c5d7c4ffc334eb248e1d46a6bf6329b,,gx-no-cache=1552570237740 HTTP/1.1" 200 5196
192.168.10.89 - - [14/Mar/2019:08:37:16 -0300] "POST /cormun/servlet/trautorizarot?2c5d7c4ffc334eb248e1d46a6bf6329b,,gx-no-cache=1552570241922 HTTP/1.1" 200 5196
200.111.191.210 - - [14/Mar/2019:08:37:16 -0300] "GET /cormun/servlet/solicitudotadjuntos?103160f5ef9b380d32db7483682a6d448724d27ac3a9e18ec6ec01441624a560,gx-no-cache=1552563264085 HTTP/1.1" 200 30
200.111.191.210 - - [14/Mar/2019:08:37:16 -0300] "GET /cormun/servlet/solicitudotadjuntos?103160f5ef9b380d32db7483682a6d448724d27ac3a9e18ec6ec01441624a560,gx-no-cache=1552563264193 HTTP/1.1" 200 30
200.111.191.210 - - [14/Mar/2019:08:37:17 -0300] "POST /cormun/servlet/solicitudotadjuntos?f2a1309adfffe89faf497bced977f939,INS,2019,14676,,1, HTTP/1.1" 200 116
200.111.191.210 - - [14/Mar/2019:08:37:17 -0300] "GET /cormun/servlet/hpexe_return? HTTP/1.1" 200 1025
200.111.191.210 - - [14/Mar/2019:08:37:17 -0300] "GET /cormun/servlet/trsolicitudadjuntos?2019,14676, HTTP/1.1" 200 8900
200.111.191.210 - - [14/Mar/2019:08:37:18 -0300] "GET /cormun/servlet/trsolicitudadjuntos?2019,14676, HTTP/1.1" 200 8897
200.111.191.210 - - [14/Mar/2019:08:37:19 -0300] "GET /cormun/servlet/solicitudotadjuntos?INS,2019,14676,,1, HTTP/1.1" 200 6075
200.111.191.210 - - [14/Mar/2019:08:37:19 -0300] "GET /cormun/static/about:blank HTTP/1.1" 404 1011
200.111.191.210 - - [14/Mar/2019:08:37:19 -0300] "GET /cormun/servlet/solicitudotadjuntos?INS,2019,14676,,1, HTTP/1.1" 200 6069
200.111.191.210 - - [14/Mar/2019:08:37:20 -0300] "GET /cormun/servlet/solicitudotadjuntos?103160f5ef9b380d32db7483682a6d44ec43f5c1ebf88e50323c9de5afd59928171ca808e380bc28a29e3009f0be73f5,gx-no-cache=1552563267780 HTTP/1.1" 200 30
200.111.191.210 - - [14/Mar/2019:08:37:20 -0300] "POST /cormun/servlet/solicitudotadjuntos?f2a1309adfffe89faf497bced977f939,INS,2019,14676,,1,,gx-no-cache=1552563267792 HTTP/1.1" 200 3879
200.111.191.210 - - [14/Mar/2019:08:37:22 -0300] "POST /cormun/servlet/solicitudotadjuntos?gx-no-cache=1552563269621 HTTP/1.1" 200 26
200.111.191.210 - - [14/Mar/2019:08:37:28 -0300] "GET /cormun/servlet/solicitudotadjuntos?103160f5ef9b380d32db7483682a6d448724d27ac3a9e18ec6ec01441624a560,gx-no-cache=1552563275669 HTTP/1.1" 200 30
200.111.191.210 - - [14/Mar/2019:08:37:28 -0300] "GET /cormun/servlet/solicitudotadjuntos?103160f5ef9b380d32db7483682a6d448724d27ac3a9e18ec6ec01441624a560,gx-no-cache=1552563275677 HTTP/1.1" 200 30
200.111.191.210 - - [14/Mar/2019:08:37:28 -0300] "POST /cormun/servlet/solicitudotadjuntos?f2a1309adfffe89faf497bced977f939,INS,2019,14676,,1, HTTP/1.1" 200 116
200.111.191.210 - - [14/Mar/2019:08:37:29 -0300] "GET /cormun/servlet/hpexe_return? HTTP/1.1" 200 1025
200.111.191.210 - - [14/Mar/2019:08:37:29 -0300] "GET /cormun/servlet/trsolicitudadjuntos?2019,14676, HTTP/1.1" 200 9074
200.111.191.210 - - [14/Mar/2019:08:37:29 -0300] "GET /cormun/servlet/trsolicitudadjuntos?2019,14676, HTTP/1.1" 200 9072
200.111.191.210 - - [14/Mar/2019:08:37:32 -0300] "GET /cormun/servlet/solicitudotadjuntos?INS,2019,14676,,1, HTTP/1.1" 200 6075
200.111.191.210 - - [14/Mar/2019:08:37:32 -0300] "GET /cormun/static/about:blank HTTP/1.1" 404 1011
200.111.191.210 - - [14/Mar/2019:08:37:32 -0300] "GET /cormun/servlet/solicitudotadjuntos?INS,2019,14676,,1, HTTP/1.1" 200 6069
200.111.191.210 - - [14/Mar/2019:08:37:32 -0300] "GET /cormun/servlet/solicitudotadjuntos?103160f5ef9b380d32db7483682a6d44ec43f5c1ebf88e50323c9de5afd59928171ca808e380bc28a29e3009f0be73f5,gx-no-cache=1552563280348 HTTP/1.1" 200 30
200.111.191.210 - - [14/Mar/2019:08:37:32 -0300] "POST /cormun/servlet/solicitudotadjuntos?f2a1309adfffe89faf497bced977f939,INS,2019,14676,,1,,gx-no-cache=1552563280359 HTTP/1.1" 200 3879
200.111.191.210 - - [14/Mar/2019:08:37:37 -0300] "POST /cormun/servlet/solicitudotadjuntos?gx-no-cache=1552563284585 HTTP/1.1" 200 26
192.168.10.89 - - [14/Mar/2019:08:37:40 -0300] "POST /cormun/servlet/trautorizarot?2c5d7c4ffc334eb248e1d46a6bf6329b,,gx-no-cache=1552570265947 HTTP/1.1" 200 6562
200.111.191.210 - - [14/Mar/2019:08:37:43 -0300] "GET /cormun/servlet/solicitudotadjuntos?103160f5ef9b380d32db7483682a6d448724d27ac3a9e18ec6ec01441624a560,gx-no-cache=1552563290589 HTTP/1.1" 200 30
200.111.191.210 - - [14/Mar/2019:08:37:43 -0300] "GET /cormun/servlet/solicitudotadjuntos?103160f5ef9b380d32db7483682a6d448724d27ac3a9e18ec6ec01441624a560,gx-no-cache=1552563290616 HTTP/1.1" 200 30
200.111.191.210 - - [14/Mar/2019:08:37:44 -0300] "POST /cormun/servlet/solicitudotadjuntos?f2a1309adfffe89faf497bced977f939,INS,2019,14676,,1, HTTP/1.1" 200 116
200.111.191.210 - - [14/Mar/2019:08:37:44 -0300] "GET /cormun/servlet/hpexe_return? HTTP/1.1" 200 1025
200.111.191.210 - - [14/Mar/2019:08:37:45 -0300] "GET /cormun/servlet/trsolicitudadjuntos?2019,14676, HTTP/1.1" 200 9274
200.111.191.210 - - [14/Mar/2019:08:37:45 -0300] "GET /cormun/servlet/trsolicitudadjuntos?2019,14676, HTTP/1.1" 200 9273
200.111.191.210 - - [14/Mar/2019:08:37:47 -0300] "GET /cormun/servlet/solicitudotadjuntos?INS,2019,14676,,1, HTTP/1.1" 200 6075
200.111.191.210 - - [14/Mar/2019:08:37:47 -0300] "GET /cormun/static/about:blank HTTP/1.1" 404 1011
200.111.191.210 - - [14/Mar/2019:08:37:47 -0300] "GET /cormun/servlet/solicitudotadjuntos?INS,2019,14676,,1, HTTP/1.1" 200 6069
200.111.191.210 - - [14/Mar/2019:08:37:47 -0300] "GET /cormun/servlet/solicitudotadjuntos?103160f5ef9b380d32db7483682a6d44ec43f5c1ebf88e50323c9de5afd59928171ca808e380bc28a29e3009f0be73f5,gx-no-cache=1552563295309 HTTP/1.1" 200 30
200.111.191.210 - - [14/Mar/2019:08:37:47 -0300] "POST /cormun/servlet/solicitudotadjuntos?f2a1309adfffe89faf497bced977f939,INS,2019,14676,,1,,gx-no-cache=1552563295332 HTTP/1.1" 200 3879
200.111.191.210 - - [14/Mar/2019:08:37:50 -0300] "POST /cormun/servlet/solicitudotadjuntos?gx-no-cache=1552563297877 HTTP/1.1" 200 26
192.168.10.89 - - [14/Mar/2019:08:37:52 -0300] "GET /cormun/servlet/trsolicitudgral? HTTP/1.1" 200 9706
200.111.191.210 - - [14/Mar/2019:08:37:54 -0300] "GET /cormun/servlet/solicitudotadjuntos?103160f5ef9b380d32db7483682a6d448724d27ac3a9e18ec6ec01441624a560,gx-no-cache=1552563302250 HTTP/1.1" 200 30
200.111.191.210 - - [14/Mar/2019:08:37:54 -0300] "GET /cormun/servlet/solicitudotadjuntos?103160f5ef9b380d32db7483682a6d448724d27ac3a9e18ec6ec01441624a560,gx-no-cache=1552563302271 HTTP/1.1" 200 30
200.111.191.210 - - [14/Mar/2019:08:37:56 -0300] "POST /cormun/servlet/solicitudotadjuntos?f2a1309adfffe89faf497bced977f939,INS,2019,14676,,1, HTTP/1.1" 200 116
200.111.191.210 - - [14/Mar/2019:08:37:56 -0300] "GET /cormun/servlet/hpexe_return? HTTP/1.1" 200 1025
200.111.191.210 - - [14/Mar/2019:08:37:57 -0300] "GET /cormun/servlet/trsolicitudadjuntos?2019,14676, HTTP/1.1" 200 9527
192.168.10.89 - - [14/Mar/2019:08:37:58 -0300] "POST /cormun/servlet/trsolicitudgral?2c5d7c4ffc334eb248e1d46a6bf6329b,,gx-no-cache=1552570282956 HTTP/1.1" 200 6673
200.111.191.210 - - [14/Mar/2019:08:37:58 -0300] "GET /cormun/servlet/trsolicitudadjuntos?2019,14676, HTTP/1.1" 200 9527
200.111.191.210 - - [14/Mar/2019:08:37:59 -0300] "GET /cormun/servlet/solicitudotadjuntos?INS,2019,14676,,1, HTTP/1.1" 200 6075
200.111.191.210 - - [14/Mar/2019:08:37:59 -0300] "GET /cormun/static/about:blank HTTP/1.1" 404 1011
192.168.10.89 - - [14/Mar/2019:08:37:59 -0300] "GET /cormun/servlet/solicitudgral2?UPD,2019,12916, HTTP/1.1" 200 12352
200.111.191.210 - - [14/Mar/2019:08:37:59 -0300] "GET /cormun/servlet/solicitudotadjuntos?INS,2019,14676,,1, HTTP/1.1" 200 6069
200.111.191.210 - - [14/Mar/2019:08:38:00 -0300] "GET /cormun/servlet/solicitudotadjuntos?103160f5ef9b380d32db7483682a6d44ec43f5c1ebf88e50323c9de5afd59928171ca808e380bc28a29e3009f0be73f5,gx-no-cache=1552563307719 HTTP/1.1" 200 30
200.111.191.210 - - [14/Mar/2019:08:38:00 -0300] "POST /cormun/servlet/solicitudotadjuntos?f2a1309adfffe89faf497bced977f939,INS,2019,14676,,1,,gx-no-cache=1552563307829 HTTP/1.1" 200 3879
192.168.10.89 - - [14/Mar/2019:08:38:00 -0300] "POST /cormun/servlet/solicitudgral2?gx-no-cache=1552570286166 HTTP/1.1" 200 4056
192.168.10.89 - - [14/Mar/2019:08:38:01 -0300] "GET /cormun/servlet/solicitudgral2?8b728cdad1bc680712d7924404ffebeedd4300a2b440296222847f54d74bd4f35e14c28261b44c8ea3b5b629e036ddb67506c9dfedbe1deec640bc46b337f8f627f0d122427e15bcfd0c63c9cbb00aa5b12e3a0db1853f70d8f5cedb86a762e195b81a1ba6e6945f5e1ca62cff3f893172b050d6dc5ba2fd28a64e8759390994c2a9610609a0c7aeb738e55b434eaf792afd1bc3ab69a7fa16699c45aa2d7e46aaf7d242dbefdf1611a00b35e14829b675ddcfdf23448e88bbfa67bc40a162882c5e5c494678248c7b2b4d61684911232bcedb351182a23df3af848b051e4621a78c855a4ec69d70a34dbaf72233a0de51d3db4695ba2c086a167c653f8ac2e5669f839a8ee35aa11ed9e15d886fc2e3381d51f614c47cae4d0feee3dbddcee4318d6994b7d17a1dec69e67af011763d6e1205d8adb3e2fc7373ef1f56ce9cc36ef25bd428e88eeb1054d8c77a5ccec1,gx-no-cache=1552570286408 HTTP/1.1" 200 255
192.168.10.89 - - [14/Mar/2019:08:38:01 -0300] "GET /cormun/servlet/solicitudgral2?8b728cdad1bc680712d7924404ffebee3c95c8256bcf4d3a1334ceb741c5c3ec5968b85e7ab04c3ce9e275b18758be431d5f3da4e0e348ce059c2debd9936ee6678dbe2bf6c3d0bf55b1c9d7ced519975656166f5480fe355c39ed5d5045b5ee,gx-no-cache=1552570286426 HTTP/1.1" 200 33
192.168.10.89 - - [14/Mar/2019:08:38:01 -0300] "GET /cormun/servlet/solicitudgral2?8b728cdad1bc680712d7924404ffebeedff42568792a193b531bf5a5c2515c81052cf9ec0d43b7327ac3e3b97587be6e9cef7c740b1304e5a6c7d3813a67eb9dde5acbd58236942e4b88fe7b23f66008a05e53af00ca695c5459c60e6acc071470ccae836f8f6307ba97bded1e87e413,gx-no-cache=1552570286440 HTTP/1.1" 200 40
192.168.10.89 - - [14/Mar/2019:08:38:01 -0300] "GET /cormun/servlet/solicitudgral2?8b728cdad1bc680712d7924404ffebee95f278b5a3853ddb8597f5d0dde337ad5e14c28261b44c8ea3b5b629e036ddb67506c9dfedbe1deec640bc46b337f8f62265892d6afce0df0809661d7f19190693bccd6c30f015508b2e15d18d122f38,gx-no-cache=1552570286913 HTTP/1.1" 200 30
192.168.10.89 - - [14/Mar/2019:08:38:01 -0300] "POST /cormun/servlet/solicitudgral2?gx-no-cache=1552570287235 HTTP/1.1" 200 64
200.111.191.210 - - [14/Mar/2019:08:38:02 -0300] "POST /cormun/servlet/solicitudotadjuntos?gx-no-cache=1552563309822 HTTP/1.1" 200 26
192.168.10.89 - - [14/Mar/2019:08:38:03 -0300] "POST /cormun/servlet/solicitudgral2?2c5d7c4ffc334eb248e1d46a6bf6329b,UPD,2019,12916,,gx-no-cache=1552570288380 HTTP/1.1" 200 11393
192.168.10.89 - - [14/Mar/2019:08:38:03 -0300] "GET /cormun/servlet/solicitudgral2?8b728cdad1bc680712d7924404ffebeec4968399a3d798562f428a4c53cc83bbd6bde89698cb7126b9defa18dedff3c128e349c0c00241ced022c1a0e0945021124f91e03d72b89b90257996a51b47c0a0b7b01b465126b0f2b92302151a45487d99f4cd6b8b05428196ba35abdb2f6c108768608d09979a6e2800cfd88829781a056389847b91a146a70b7b2f0940ba1ab15a80a802d70b73d96cab7ec665af9dbf1b1f293ac12e003b9058a90fc6623d531ca2e63ec75be788443f753b15a8ab431a8d8b70f139f077fed3731598f7,gx-no-cache=1552570288797 HTTP/1.1" 200 29
192.168.10.89 - - [14/Mar/2019:08:38:04 -0300] "GET /cormun/servlet/solicitudgral2?8b728cdad1bc680712d7924404ffebee4900d0e84c19298184e55c671cc20fea4ae8dc7a57e9d84f88cf2747533487c9cb5ea0bdfba7a6c927782579d3b2712c63a53387d4dcd540dea25320bc55e876cd3db2dd75e9823c20ad92e14ecb18aa02965328e532d1da655df30c5eb7c333882449d8e97e877aef6129a4946b1fb5,gx-no-cache=1552570289428 HTTP/1.1" 200 30
200.111.191.210 - - [14/Mar/2019:08:38:07 -0300] "GET /cormun/servlet/solicitudotadjuntos?103160f5ef9b380d32db7483682a6d448724d27ac3a9e18ec6ec01441624a560,gx-no-cache=1552563314622 HTTP/1.1" 200 30
200.111.191.210 - - [14/Mar/2019:08:38:07 -0300] "GET /cormun/servlet/solicitudotadjuntos?103160f5ef9b380d32db7483682a6d448724d27ac3a9e18ec6ec01441624a560,gx-no-cache=1552563314630 HTTP/1.1" 200 30
200.111.191.210 - - [14/Mar/2019:08:38:07 -0300] "POST /cormun/servlet/solicitudotadjuntos?f2a1309adfffe89faf497bced977f939,INS,2019,14676,,1, HTTP/1.1" 200 116
200.111.191.210 - - [14/Mar/2019:08:38:07 -0300] "GET /cormun/servlet/hpexe_return? HTTP/1.1" 200 1025
200.111.191.210 - - [14/Mar/2019:08:38:08 -0300] "GET /cormun/servlet/trsolicitudadjuntos?2019,14676, HTTP/1.1" 200 9738
200.111.191.210 - - [14/Mar/2019:08:38:09 -0300] "GET /cormun/servlet/trsolicitudadjuntos?2019,14676, HTTP/1.1" 200 9733
192.168.10.89 - - [14/Mar/2019:08:38:14 -0300] "POST /cormun/servlet/solicitudgral2?gx-no-cache=1552570299990 HTTP/1.1" 200 79
200.111.191.210 - - [14/Mar/2019:08:38:15 -0300] "GET /cormun/servlet/trsolicitudot? HTTP/1.1" 200 8618
200.111.191.210 - - [14/Mar/2019:08:38:15 -0300] "GET /cormun/servlet/trsolicitudot? HTTP/1.1" 200 8612
192.168.10.89 - - [14/Mar/2019:08:38:16 -0300] "POST /cormun/servlet/solicitudgral2?2c5d7c4ffc334eb248e1d46a6bf6329b,UPD,2019,12916,,gx-no-cache=1552570301733 HTTP/1.1" 200 11400
192.168.10.89 - - [14/Mar/2019:08:38:16 -0300] "GET /cormun/servlet/solicitudgral2?8b728cdad1bc680712d7924404ffebeec4968399a3d798562f428a4c53cc83bbd6bde89698cb7126b9defa18dedff3c128e349c0c00241ced022c1a0e0945021124f91e03d72b89b90257996a51b47c0a0b7b01b465126b0f2b92302151a45487d99f4cd6b8b05428196ba35abdb2f6c108768608d09979a6e2800cfd88829781a056389847b91a146a70b7b2f0940ba1ab15a80a802d70b73d96cab7ec665af9dbf1b1f293ac12e003b9058a90fc6623d531ca2e63ec75be788443f753b15a8ab431a8d8b70f139f077fed3731598f7,gx-no-cache=1552570302189 HTTP/1.1" 200 29
200.111.191.210 - - [14/Mar/2019:08:38:17 -0300] "POST /cormun/servlet/trsolicitudot?f2a1309adfffe89faf497bced977f939,,gx-no-cache=1552563324473 HTTP/1.1" 200 4538
200.111.191.210 - - [14/Mar/2019:08:38:17 -0300] "GET /cormun/static/Shared/jqueryui/images/ui-icons_82798d_256x240.png HTTP/1.1" 404 1089
200.111.191.210 - - [14/Mar/2019:08:38:17 -0300] "GET /cormun/static/Shared/jqueryui/images/ui-bg_highlight-soft_100_c6c2c8_1x100.png HTTP/1.1" 404 1117
192.168.10.89 - - [14/Mar/2019:08:38:17 -0300] "GET /cormun/servlet/solicitudgral2?8b728cdad1bc680712d7924404ffebee4900d0e84c19298184e55c671cc20fea4ae8dc7a57e9d84f88cf2747533487c9cb5ea0bdfba7a6c927782579d3b2712c63a53387d4dcd540dea25320bc55e876cd3db2dd75e9823c20ad92e14ecb18aa02965328e532d1da655df30c5eb7c333882449d8e97e877aef6129a4946b1fb5,gx-no-cache=1552570302898 HTTP/1.1" 200 30
200.111.191.210 - - [14/Mar/2019:08:38:17 -0300] "GET /cormun/static/Shared/jqueryui/images/ui-bg_flat_55_fafafa_40x100.png HTTP/1.1" 404 1097
200.111.191.210 - - [14/Mar/2019:08:38:17 -0300] "GET /cormun/static/Shared/jqueryui/images/ui-icons_8d78a5_256x240.png HTTP/1.1" 404 1089
200.111.191.210 - - [14/Mar/2019:08:38:18 -0300] "POST /cormun/servlet/trsolicitudot?f2a1309adfffe89faf497bced977f939,,gx-no-cache=1552563324810 HTTP/1.1" 200 4320
200.111.191.210 - - [14/Mar/2019:08:38:20 -0300] "GET /cormun/servlet/trsolicitudot? HTTP/1.1" 200 7240
200.111.191.210 - - [14/Mar/2019:08:38:20 -0300] "GET /cormun/servlet/trsolicitudot? HTTP/1.1" 200 7240
192.168.10.89 - - [14/Mar/2019:08:38:21 -0300] "POST /cormun/servlet/solicitudgral2?2c5d7c4ffc334eb248e1d46a6bf6329b,UPD,2019,12916,,gx-no-cache=1552570306215 HTTP/1.1" 200 93
192.168.10.89 - - [14/Mar/2019:08:38:21 -0300] "GET /cormun/servlet/hpexe_return? HTTP/1.1" 200 1018
192.168.10.89 - - [14/Mar/2019:08:38:21 -0300] "GET /cormun/servlet/trsolicitudgral? HTTP/1.1" 200 9713
192.168.10.89 - - [14/Mar/2019:08:38:24 -0300] "GET /cormun/servlet/trautorizarot? HTTP/1.1" 200 9567
200.111.191.210 - - [14/Mar/2019:08:38:26 -0300] "GET /cormun/servlet/hlogin HTTP/1.1" 200 1736
192.168.10.89 - - [14/Mar/2019:08:38:26 -0300] "POST /cormun/servlet/trautorizarot?2c5d7c4ffc334eb248e1d46a6bf6329b,,gx-no-cache=1552570312093 HTTP/1.1" 200 5372
200.111.191.210 - - [14/Mar/2019:08:38:32 -0300] "POST /cormun/servlet/hlogin?f2a1309adfffe89faf497bced977f939,gx-no-cache=1552563339989 HTTP/1.1" 200 453
200.111.191.210 - - [14/Mar/2019:08:38:38 -0300] "POST /cormun/servlet/hlogin?f2a1309adfffe89faf497bced977f939,gx-no-cache=1552563345918 HTTP/1.1" 200 90
200.111.191.210 - - [14/Mar/2019:08:38:38 -0300] "GET /cormun/servlet/hpexe_link HTTP/1.1" 200 948
200.111.191.210 - - [14/Mar/2019:08:38:38 -0300] "GET /cormun/servlet/hhome HTTP/1.1" 200 4308
200.111.191.210 - - [14/Mar/2019:08:38:39 -0300] "GET /cormun/static/SmoothNavMenu/resources/images/right.gif HTTP/1.1" 200 860
200.111.191.210 - - [14/Mar/2019:08:38:39 -0300] "GET /cormun/servlet/hhome HTTP/1.1" 200 4304
192.168.10.89 - - [14/Mar/2019:08:38:40 -0300] "POST /cormun/servlet/trautorizarot?2c5d7c4ffc334eb248e1d46a6bf6329b,,gx-no-cache=1552570326148 HTTP/1.1" 200 5196
192.168.10.89 - - [14/Mar/2019:08:38:44 -0300] "POST /cormun/servlet/trautorizarot?2c5d7c4ffc334eb248e1d46a6bf6329b,,gx-no-cache=1552570329954 HTTP/1.1" 200 5197
200.111.191.210 - - [14/Mar/2019:08:38:44 -0300] "GET /cormun/servlet/trautorizarsolicitud? HTTP/1.1" 200 9495
200.111.191.210 - - [14/Mar/2019:08:38:45 -0300] "GET /cormun/static/gxcfg.js?2017111423403364 HTTP/1.1" 200 953
200.111.191.210 - - [14/Mar/2019:08:38:45 -0300] "GET /cormun/static/trautorizarsolicitud.js?201711142340425 HTTP/1.1" 200 53910
200.111.191.210 - - [14/Mar/2019:08:38:45 -0300] "GET /cormun/servlet/trautorizarsolicitud? HTTP/1.1" 200 9492
200.111.191.210 - - [14/Mar/2019:08:39:01 -0300] "POST /cormun/servlet/trautorizarsolicitud?f2a1309adfffe89faf497bced977f939,,gx-no-cache=1552563368453 HTTP/1.1" 200 6191
200.111.191.210 - - [14/Mar/2019:08:39:01 -0300] "GET /cormun/static/Shared/jqueryui/images/ui-bg_highlight-soft_100_c6c2c8_1x100.png HTTP/1.1" 404 1117
200.111.191.210 - - [14/Mar/2019:08:39:01 -0300] "GET /cormun/static/Shared/jqueryui/images/ui-icons_8d78a5_256x240.png HTTP/1.1" 404 1089
200.111.191.210 - - [14/Mar/2019:08:39:01 -0300] "GET /cormun/static/Shared/jqueryui/images/ui-bg_flat_55_fafafa_40x100.png HTTP/1.1" 404 1097
200.111.191.210 - - [14/Mar/2019:08:39:01 -0300] "GET /cormun/static/Shared/jqueryui/images/ui-icons_82798d_256x240.png HTTP/1.1" 404 1089
200.111.191.210 - - [14/Mar/2019:08:39:01 -0300] "POST /cormun/servlet/trautorizarsolicitud?f2a1309adfffe89faf497bced977f939,,gx-no-cache=1552563368711 HTTP/1.1" 200 6134
200.111.191.210 - - [14/Mar/2019:08:39:02 -0300] "POST /cormun/servlet/trautorizarsolicitud?f2a1309adfffe89faf497bced977f939,,gx-no-cache=1552563369562 HTTP/1.1" 200 5855
200.111.191.210 - - [14/Mar/2019:08:39:02 -0300] "POST /cormun/servlet/trautorizarsolicitud?f2a1309adfffe89faf497bced977f939,,gx-no-cache=1552563369712 HTTP/1.1" 200 5801
200.111.191.210 - - [14/Mar/2019:08:39:03 -0300] "POST /cormun/servlet/trautorizarsolicitud?f2a1309adfffe89faf497bced977f939,,gx-no-cache=1552563370639 HTTP/1.1" 200 4676
200.111.191.210 - - [14/Mar/2019:08:39:03 -0300] "POST /cormun/servlet/trautorizarsolicitud?f2a1309adfffe89faf497bced977f939,,gx-no-cache=1552563370792 HTTP/1.1" 200 4448
192.168.10.89 - - [14/Mar/2019:08:45:36 -0300] "GET /cormun/servlet/hlogin HTTP/1.1" 200 1739
192.168.10.89 - - [14/Mar/2019:08:45:54 -0300] "POST /cormun/servlet/hlogin?2c5d7c4ffc334eb248e1d46a6bf6329b,gx-no-cache=1552570760118 HTTP/1.1" 200 90
192.168.10.89 - - [14/Mar/2019:08:45:54 -0300] "GET /cormun/servlet/hpexe_link HTTP/1.1" 200 953
192.168.10.89 - - [14/Mar/2019:08:45:55 -0300] "GET /cormun/servlet/hhome HTTP/1.1" 200 4989
192.168.10.89 - - [14/Mar/2019:08:45:58 -0300] "GET /cormun/servlet/trsecurityuser01? HTTP/1.1" 200 12457
192.168.10.89 - - [14/Mar/2019:08:46:03 -0300] "POST /cormun/servlet/trsecurityuser01?2c5d7c4ffc334eb248e1d46a6bf6329b,,gx-no-cache=1552570768791 HTTP/1.1" 200 5138
192.168.10.89 - - [14/Mar/2019:08:46:05 -0300] "GET /cormun/servlet/securityusers?UPD,3838, HTTP/1.1" 200 8073
192.168.10.89 - - [14/Mar/2019:08:46:20 -0300] "POST /cormun/servlet/securityusers?2c5d7c4ffc334eb248e1d46a6bf6329b,UPD,3838,,gx-no-cache=1552570785517 HTTP/1.1" 200 93
192.168.10.89 - - [14/Mar/2019:08:46:20 -0300] "GET /cormun/servlet/hpexe_return? HTTP/1.1" 200 1013
192.168.10.89 - - [14/Mar/2019:08:46:20 -0300] "GET /cormun/servlet/trsecurityuser01? HTTP/1.1" 200 7843
192.168.10.89 - - [14/Mar/2019:08:46:21 -0300] "GET /cormun/servlet/hlogin HTTP/1.1" 200 1741
192.168.10.89 - - [14/Mar/2019:08:46:32 -0300] "POST /cormun/servlet/hlogin?2c5d7c4ffc334eb248e1d46a6bf6329b,gx-no-cache=1552570797880 HTTP/1.1" 200 90
192.168.10.89 - - [14/Mar/2019:08:46:32 -0300] "GET /cormun/servlet/hpexe_link HTTP/1.1" 200 953
192.168.10.89 - - [14/Mar/2019:08:46:32 -0300] "GET /cormun/servlet/hhome HTTP/1.1" 200 4115
192.168.10.89 - - [14/Mar/2019:08:46:34 -0300] "GET /cormun/servlet/trsolicitudot? HTTP/1.1" 200 7329
192.168.10.89 - - [14/Mar/2019:08:46:37 -0300] "GET /cormun/servlet/solicitudot?INS,0,0, HTTP/1.1" 200 14920
192.168.10.89 - - [14/Mar/2019:08:46:49 -0300] "POST /cormun/servlet/solicitudot?gx-no-cache=1552570814774 HTTP/1.1" 200 3526
192.168.10.89 - - [14/Mar/2019:08:46:49 -0300] "POST /cormun/servlet/solicitudot?2c5d7c4ffc334eb248e1d46a6bf6329b,INS,0,0,,gx-no-cache=1552570815014 HTTP/1.1" 200 11898
192.168.10.89 - - [14/Mar/2019:08:46:51 -0300] "GET /cormun/servlet/solicitudot?8b728cdad1bc680712d7924404ffebee791c204b17d045544e2d5fe65dfc69089b47f998f99c6718c8190d497dd6150d,gx-no-cache=1552570816591 HTTP/1.1" 200 30
192.168.10.89 - - [14/Mar/2019:08:47:03 -0300] "GET /cormun/servlet/solicitudot?8b728cdad1bc680712d7924404ffebee263bbf185e4240d7fdb370071bd7173833bda8afada114082b52301ef5c62c47,gx-no-cache=1552570829031 HTTP/1.1" 200 103
192.168.10.89 - - [14/Mar/2019:08:47:03 -0300] "GET /cormun/servlet/solicitudot?8b728cdad1bc680712d7924404ffebee5e898b901dbc018e388d57bc90f37333,gx-no-cache=1552570829149 HTTP/1.1" 200 60
192.168.10.89 - - [14/Mar/2019:08:47:03 -0300] "POST /cormun/servlet/solicitudot?gx-no-cache=1552570829169 HTTP/1.1" 200 255
192.168.10.89 - - [14/Mar/2019:08:47:03 -0300] "GET /cormun/servlet/solicitudot?8b728cdad1bc680712d7924404ffebeea57045b4f5a99bb008072063c5b72f1eb229f24d6de2e7776a211a55e39a23b2d64524d6a8244b87ed43ab3676b0a58fa0b9b0c52a5de7023f271d7c10fdc942dd159328b4bffc6f7478cb99ac03dcdb985caee09f23360efee658393fe669f992dd4d95a16b325a321d152ad16b3af1535057f908567d1fd6b87aacfa7c9144a543692ce044bd55535465915c1d922a00cbbd9a7ce4be4e4b75e569bccbb38bd130c456e40588ee0d4d8888ec9e3a842585562e6eeb34dbd75baaf255e34978c017c32076c08e743e9868b00842a4c3659d430b92addb5165fa5fd7dc97ab7ec4d865645109144d7721d5dadd402c3562070ae6d1fde974884f8b4edc0319cba5e438d56f313be5fa56ec3b1852dc5b58b58169913b8b6903fcaf23b6c7b74f0abc5569738497cc824e9b7e12fee812317cab92ed1e48d8de05001f75c52633423df2d2d6d6e215897d00db3dc5e146a6e81fc147f282f24e4dcfd2cdd8236d07fcba04769b8a06e2a05bbe25267916,gx-no-cache=1552570829191 HTTP/1.1" 200 30
192.168.10.89 - - [14/Mar/2019:08:47:03 -0300] "GET /cormun/static/Shared/jqueryui/images/ui-bg_flat_55_994d53_40x100.png HTTP/1.1" 404 1097
192.168.10.89 - - [14/Mar/2019:08:47:03 -0300] "GET /cormun/static/Shared/jqueryui/images/ui-bg_highlight-soft_100_c6c2c8_1x100.png HTTP/1.1" 404 1117
192.168.10.89 - - [14/Mar/2019:08:47:03 -0300] "GET /cormun/static/Shared/jqueryui/images/ui-icons_ebccce_256x240.png HTTP/1.1" 404 1089
192.168.10.89 - - [14/Mar/2019:08:47:03 -0300] "GET /cormun/static/Shared/jqueryui/images/ui-icons_82798d_256x240.png HTTP/1.1" 404 1089
203.188.241.205 - - [14/Mar/2019:08:47:24 -0300] "GET / HTTP/1.1" 200 11217
190.171.152.138 - - [14/Mar/2019:08:47:28 -0300] "GET /cormun/servlet/trpermisosadjuntos?8990652,20190314101348,P, HTTP/1.1" 200 6263
190.171.152.138 - - [14/Mar/2019:08:47:28 -0300] "GET /cormun/servlet/trpermisosadjuntos?8990652,20190314101348,P, HTTP/1.1" 200 6264
190.171.152.138 - - [14/Mar/2019:08:47:30 -0300] "GET /cormun/servlet/permisosadjuntos?INS,8990652,P,20190314101348,, HTTP/1.1" 200 5592
190.171.152.138 - - [14/Mar/2019:08:47:31 -0300] "GET /cormun/static/about:blank HTTP/1.1" 404 1011
190.171.152.138 - - [14/Mar/2019:08:47:31 -0300] "GET /cormun/servlet/permisosadjuntos?INS,8990652,P,20190314101348,, HTTP/1.1" 200 5582
190.171.141.138 - - [14/Mar/2019:08:47:53 -0300] "GET /cormun/servlet/hlogin HTTP/1.1" 200 1721
190.171.141.138 - - [14/Mar/2019:08:47:54 -0300] "GET /cormun/servlet/hlogin HTTP/1.1" 200 1732
190.171.141.138 - - [14/Mar/2019:08:47:55 -0300] "POST /cormun/servlet/hlogin?dd6cdd91cfefef1794a86f11ee9628a4,gx-no-cache=1552563858219 HTTP/1.1" 200 90
190.171.141.138 - - [14/Mar/2019:08:47:56 -0300] "GET /cormun/servlet/hpexe_link HTTP/1.1" 200 952
190.171.141.138 - - [14/Mar/2019:08:47:56 -0300] "GET /cormun/servlet/hhome HTTP/1.1" 200 4457
190.171.141.138 - - [14/Mar/2019:08:47:57 -0300] "GET /cormun/servlet/hhome HTTP/1.1" 200 4454
190.171.141.138 - - [14/Mar/2019:08:47:59 -0300] "GET /cormun/servlet/trlicencias? HTTP/1.1" 200 10426
190.171.141.138 - - [14/Mar/2019:08:48:00 -0300] "GET /cormun/servlet/trlicencias? HTTP/1.1" 200 10424
190.171.141.138 - - [14/Mar/2019:08:48:42 -0300] "GET /cormun/servlet/hlogin HTTP/1.1" 200 1721
190.171.152.138 - - [14/Mar/2019:08:50:27 -0300] "POST /cormun/servlet/permisosadjuntos?7deb4221cad49981cf22a6dc1ff1abda,INS,8990652,P,20190314101348,, HTTP/1.1" 200 116
190.171.152.138 - - [14/Mar/2019:08:50:27 -0300] "GET /cormun/servlet/hpexe_return? HTTP/1.1" 200 1033
190.171.152.138 - - [14/Mar/2019:08:50:27 -0300] "GET /cormun/servlet/trpermisosadjuntos?8990652,20190314101348,P, HTTP/1.1" 200 6734
190.171.152.138 - - [14/Mar/2019:08:50:28 -0300] "GET /cormun/servlet/trpermisosadjuntos?8990652,20190314101348,P, HTTP/1.1" 200 6731
190.171.152.138 - - [14/Mar/2019:08:50:32 -0300] "POST /cormun/servlet/trpermisosadjuntos?7deb4221cad49981cf22a6dc1ff1abda,8990652,20190314101348,P,,gx-no-cache=1552567604822 HTTP/1.1" 200 90
190.171.152.138 - - [14/Mar/2019:08:50:32 -0300] "GET /cormun/servlet/hpexe_link HTTP/1.1" 200 977
190.171.152.138 - - [14/Mar/2019:08:50:32 -0300] "GET /cormun/servlet/trpermisosgoce HTTP/1.1" 200 8517
190.171.152.138 - - [14/Mar/2019:08:50:33 -0300] "GET /cormun/servlet/trpermisosgoce HTTP/1.1" 200 8517
190.171.152.138 - - [14/Mar/2019:08:51:09 -0300] "POST /cormun/servlet/trpermisosgoce?7deb4221cad49981cf22a6dc1ff1abda,gx-no-cache=1552567641705 HTTP/1.1" 200 5769
190.171.152.138 - - [14/Mar/2019:08:51:09 -0300] "GET /cormun/static/Shared/jqueryui/images/ui-bg_highlight-soft_100_c6c2c8_1x100.png HTTP/1.1" 404 1117
190.171.152.138 - - [14/Mar/2019:08:51:09 -0300] "GET /cormun/static/Shared/jqueryui/images/ui-icons_82798d_256x240.png HTTP/1.1" 404 1089
190.171.152.138 - - [14/Mar/2019:08:51:09 -0300] "GET /cormun/static/Shared/jqueryui/images/ui-bg_flat_55_fafafa_40x100.png HTTP/1.1" 404 1097
190.171.152.138 - - [14/Mar/2019:08:51:09 -0300] "GET /cormun/static/Shared/jqueryui/images/ui-icons_8d78a5_256x240.png HTTP/1.1" 404 1089
190.171.152.138 - - [14/Mar/2019:08:51:54 -0300] "GET /cormun/servlet/hlogin HTTP/1.1" 200 1734
190.171.152.138 - - [14/Mar/2019:08:52:30 -0300] "POST /cormun/servlet/hlogin?7deb4221cad49981cf22a6dc1ff1abda,gx-no-cache=1552567722699 HTTP/1.1" 200 90
190.171.152.138 - - [14/Mar/2019:08:52:30 -0300] "GET /cormun/servlet/hpexe_link HTTP/1.1" 200 948
190.171.152.138 - - [14/Mar/2019:08:52:30 -0300] "GET /cormun/servlet/hhome HTTP/1.1" 200 4280
190.171.152.138 - - [14/Mar/2019:08:52:31 -0300] "GET /cormun/servlet/hhome HTTP/1.1" 200 4277
190.171.152.138 - - [14/Mar/2019:08:52:34 -0300] "GET /cormun/servlet/trautorizarpermisogoce? HTTP/1.1" 200 7951
190.171.152.138 - - [14/Mar/2019:08:52:35 -0300] "GET /cormun/servlet/trautorizarpermisogoce? HTTP/1.1" 200 7949
190.171.152.138 - - [14/Mar/2019:08:52:42 -0300] "POST /cormun/servlet/trautorizarpermisogoce?7deb4221cad49981cf22a6dc1ff1abda,,gx-no-cache=1552567734818 HTTP/1.1" 200 4428
190.171.152.138 - - [14/Mar/2019:08:52:42 -0300] "GET /cormun/static/Shared/jqueryui/images/ui-bg_highlight-soft_100_c6c2c8_1x100.png HTTP/1.1" 404 1117
190.171.152.138 - - [14/Mar/2019:08:52:42 -0300] "GET /cormun/static/Shared/jqueryui/images/ui-icons_82798d_256x240.png HTTP/1.1" 404 1089
190.171.152.138 - - [14/Mar/2019:08:52:42 -0300] "GET /cormun/static/Shared/jqueryui/images/ui-bg_flat_55_fafafa_40x100.png HTTP/1.1" 404 1097
190.171.152.138 - - [14/Mar/2019:08:52:42 -0300] "GET /cormun/static/Shared/jqueryui/images/ui-icons_8d78a5_256x240.png HTTP/1.1" 404 1089
190.171.152.138 - - [14/Mar/2019:08:52:54 -0300] "GET /cormun/servlet/hlogin HTTP/1.1" 200 1742
192.168.10.89 - - [14/Mar/2019:09:04:23 -0300] "POST /cormun/servlet/solicitudot?2c5d7c4ffc334eb248e1d46a6bf6329b,INS,0,0,,gx-no-cache=1552571868916 HTTP/1.1" 200 93
192.168.10.89 - - [14/Mar/2019:09:04:23 -0300] "GET /cormun/servlet/hpexe_return? HTTP/1.1" 200 1009
192.168.10.89 - - [14/Mar/2019:09:04:24 -0300] "GET /cormun/servlet/trsolicitudot HTTP/1.1" 200 7332
192.168.10.89 - - [14/Mar/2019:09:04:27 -0300] "GET /cormun/servlet/solicitudot?INS,0,0, HTTP/1.1" 200 14936
192.168.10.89 - - [14/Mar/2019:09:04:44 -0300] "POST /cormun/servlet/solicitudot?gx-no-cache=1552571890032 HTTP/1.1" 200 3549
192.168.10.89 - - [14/Mar/2019:09:04:45 -0300] "POST /cormun/servlet/solicitudot?2c5d7c4ffc334eb248e1d46a6bf6329b,INS,0,0,,gx-no-cache=1552571890286 HTTP/1.1" 200 11916
192.168.10.89 - - [14/Mar/2019:09:04:46 -0300] "GET /cormun/servlet/solicitudot?8b728cdad1bc680712d7924404ffebee791c204b17d045544e2d5fe65dfc69089b47f998f99c6718c8190d497dd6150d,gx-no-cache=1552571891736 HTTP/1.1" 200 30
192.168.10.89 - - [14/Mar/2019:09:04:46 -0300] "GET /cormun/servlet/solicitudot?8b728cdad1bc680712d7924404ffebeeb80e0d8d14e14748abe7840454158752f5c50c9a4faeeef189d2e5d772f2eb51,gx-no-cache=1552571891762 HTTP/1.1" 200 30
192.168.10.89 - - [14/Mar/2019:09:04:46 -0300] "GET /cormun/servlet/solicitudot?8b728cdad1bc680712d7924404ffebee5e898b901dbc018e388d57bc90f37333,gx-no-cache=1552571891776 HTTP/1.1" 200 60
192.168.10.89 - - [14/Mar/2019:09:04:46 -0300] "POST /cormun/servlet/solicitudot?gx-no-cache=1552571891795 HTTP/1.1" 200 255
192.168.10.89 - - [14/Mar/2019:09:04:46 -0300] "GET /cormun/servlet/solicitudot?8b728cdad1bc680712d7924404ffebeea57045b4f5a99bb008072063c5b72f1eb229f24d6de2e7776a211a55e39a23b2d64524d6a8244b87ed43ab3676b0a58fa0b9b0c52a5de7023f271d7c10fdc942dd159328b4bffc6f7478cb99ac03dcdb985caee09f23360efee658393fe669f992dd4d95a16b325a321d152ad16b3af1535057f908567d1fd6b87aacfa7c9144a543692ce044bd55535465915c1d922a00cbbd9a7ce4be4e4b75e569bccbb38bd130c456e40588ee0d4d8888ec9e3a842585562e6eeb34dbd75baaf255e34978c017c32076c08e743e9868b00842a4c3659d430b92addb5165fa5fd7dc97ab7ec4d865645109144d7721d5dadd402c3562070ae6d1fde974884f8b4edc0319cba5e438d56f313be5fa56ec3b1852dc5b58b58169913b8b6903fcaf23b6c7b74f0abc5569738497cc824e9b7e12fee812317cab92ed1e48d8de05001f75c52633423df2d2d6d6e215897d00db3dc5e146a6e81fc147f282f24e4dcfd2cdd8236d07fcba04769b8a06e2a05bbe25267916,gx-no-cache=1552571891816 HTTP/1.1" 200 30
192.168.10.89 - - [14/Mar/2019:09:04:48 -0300] "POST /cormun/servlet/solicitudot?gx-no-cache=1552571893382 HTTP/1.1" 200 30
192.168.10.89 - - [14/Mar/2019:09:04:49 -0300] "POST /cormun/servlet/solicitudot?gx-no-cache=1552571894761 HTTP/1.1" 200 1281
192.168.10.89 - - [14/Mar/2019:09:04:49 -0300] "POST /cormun/servlet/solicitudot?gx-no-cache=1552571894793 HTTP/1.1" 200 38
192.168.10.89 - - [14/Mar/2019:09:04:50 -0300] "GET /cormun/servlet/solicitudot?8b728cdad1bc680712d7924404ffebee8859dfe7de4ef6746c13c9e0e997ca72e8c729af7dae3ffcc667e16e2b7fe3a49cef7c740b1304e5a6c7d3813a67eb9d7cd244fe0ba0fbf334a7d1ec59c43fb4f347c4110a94dc4c5f393cb79d63c56ef3530d747632fe29cf03f9ef23ff7519,gx-no-cache=1552571895696 HTTP/1.1" 200 110
192.168.10.89 - - [14/Mar/2019:09:05:07 -0300] "POST /cormun/servlet/solicitudot?gx-no-cache=1552571912740 HTTP/1.1" 200 79
192.168.10.89 - - [14/Mar/2019:09:05:13 -0300] "GET /cormun/servlet/solicitudot?8b728cdad1bc680712d7924404ffebee7182cea5ec175e90b002b6bf91f6144d51d3db4695ba2c086a167c653f8ac2e52964ed646dc0dabb69e9b52f9ff08f8ceeb0e7a27e536b5e0d69f66ead8af25e8910613a430f50570cb8273e5d3f1c7ec098cfea2b038f02baa0d500ace47f91ffe14202b729219c969ff017d0503371a6496c386d075f864a82c58611e6a93874b31db71151cf81ea3ed1eb4eaf2a3e67dce4d4f08b827928d2929b1033ee1d56d90d116b8862d6d53fe2271c06a4b621dae0d09ffb2ec8a6257ac717261236,gx-no-cache=1552571918516 HTTP/1.1" 200 29
192.168.10.89 - - [14/Mar/2019:09:05:15 -0300] "GET /cormun/servlet/solicitudot?8b728cdad1bc680712d7924404ffebee500fd492ae11b566ab1bf8a318cc0ec4931794dd453a2b168d83cec02868a090,gx-no-cache=1552571920378 HTTP/1.1" 200 134
192.168.10.89 - - [14/Mar/2019:09:05:15 -0300] "GET /cormun/static/Shared/jqueryui/images/ui-bg_flat_55_994d53_40x100.png HTTP/1.1" 404 1097
192.168.10.89 - - [14/Mar/2019:09:05:15 -0300] "GET /cormun/static/Shared/jqueryui/images/ui-icons_82798d_256x240.png HTTP/1.1" 404 1089
192.168.10.89 - - [14/Mar/2019:09:05:15 -0300] "GET /cormun/static/Shared/jqueryui/images/ui-icons_ebccce_256x240.png HTTP/1.1" 404 1089
192.168.10.89 - - [14/Mar/2019:09:05:15 -0300] "GET /cormun/static/Shared/jqueryui/images/ui-bg_highlight-soft_100_c6c2c8_1x100.png HTTP/1.1" 404 1117
192.168.10.89 - - [14/Mar/2019:09:05:22 -0300] "POST /cormun/servlet/solicitudot?gx-no-cache=1552571927361 HTTP/1.1" 200 30
192.168.10.89 - - [14/Mar/2019:09:05:35 -0300] "POST /cormun/servlet/solicitudot?2c5d7c4ffc334eb248e1d46a6bf6329b,INS,0,0,,gx-no-cache=1552571940207 HTTP/1.1" 200 93
192.168.10.89 - - [14/Mar/2019:09:05:35 -0300] "GET /cormun/servlet/hpexe_return? HTTP/1.1" 200 1009
192.168.10.89 - - [14/Mar/2019:09:05:35 -0300] "GET /cormun/servlet/trsolicitudot HTTP/1.1" 200 8701
192.168.10.89 - - [14/Mar/2019:09:05:39 -0300] "POST /cormun/servlet/trsolicitudot?2c5d7c4ffc334eb248e1d46a6bf6329b,gx-no-cache=1552571944357 HTTP/1.1" 200 4756
192.168.10.89 - - [14/Mar/2019:09:05:39 -0300] "POST /cormun/servlet/trsolicitudot?2c5d7c4ffc334eb248e1d46a6bf6329b,gx-no-cache=1552571944594 HTTP/1.1" 200 4532
192.168.10.89 - - [14/Mar/2019:09:05:39 -0300] "GET /cormun/static/Shared/jqueryui/images/ui-bg_flat_55_fafafa_40x100.png HTTP/1.1" 404 1097
192.168.10.89 - - [14/Mar/2019:09:05:39 -0300] "GET /cormun/static/Shared/jqueryui/images/ui-icons_82798d_256x240.png HTTP/1.1" 404 1089
192.168.10.89 - - [14/Mar/2019:09:05:39 -0300] "GET /cormun/static/Shared/jqueryui/images/ui-icons_8d78a5_256x240.png HTTP/1.1" 404 1089
192.168.10.89 - - [14/Mar/2019:09:05:39 -0300] "GET /cormun/static/Shared/jqueryui/images/ui-bg_highlight-soft_100_c6c2c8_1x100.png HTTP/1.1" 404 1117
192.168.10.89 - - [14/Mar/2019:09:05:55 -0300] "GET /cormun/servlet/solicitudot?INS,0,0, HTTP/1.1" 200 14935
192.168.10.89 - - [14/Mar/2019:09:06:02 -0300] "POST /cormun/servlet/solicitudot?gx-no-cache=1552571967490 HTTP/1.1" 200 3569
192.168.10.89 - - [14/Mar/2019:09:06:02 -0300] "POST /cormun/servlet/solicitudot?2c5d7c4ffc334eb248e1d46a6bf6329b,INS,0,0,,gx-no-cache=1552571967718 HTTP/1.1" 200 11933
192.168.10.89 - - [14/Mar/2019:09:06:05 -0300] "GET /cormun/servlet/solicitudot?8b728cdad1bc680712d7924404ffebee7099f77aa683c49ab27c59676e801302882449d8e97e877aef6129a4946b1fb5,gx-no-cache=1552571970432 HTTP/1.1" 200 30
192.168.10.89 - - [14/Mar/2019:09:06:05 -0300] "GET /cormun/servlet/solicitudot?8b728cdad1bc680712d7924404ffebeea529386dbe2660edc188eb84acc7a932983b9350e03f7a5262a8990999d5c70180024fb9b904159907236cd8ced058a9,gx-no-cache=1552571970458 HTTP/1.1" 200 30
192.168.10.89 - - [14/Mar/2019:09:06:05 -0300] "GET /cormun/servlet/solicitudot?8b728cdad1bc680712d7924404ffebee61edc159128c170d624bdfe7f5f68d95,gx-no-cache=1552571970474 HTTP/1.1" 200 51
192.168.10.89 - - [14/Mar/2019:09:06:05 -0300] "POST /cormun/servlet/solicitudot?gx-no-cache=1552571970495 HTTP/1.1" 200 255
192.168.10.89 - - [14/Mar/2019:09:06:05 -0300] "GET /cormun/servlet/solicitudot?8b728cdad1bc680712d7924404ffebeea57045b4f5a99bb008072063c5b72f1eb229f24d6de2e7776a211a55e39a23b2d64524d6a8244b87ed43ab3676b0a58fa0b9b0c52a5de7023f271d7c10fdc942dd159328b4bffc6f7478cb99ac03dcdb985caee09f23360efee658393fe669f992dd4d95a16b325a321d152ad16b3af1535057f908567d1fd6b87aacfa7c9144a543692ce044bd55535465915c1d922a00cbbd9a7ce4be4e4b75e569bccbb38bd130c456e40588ee0d4d8888ec9e3a842585562e6eeb34dbd75baaf255e34978c017c32076c08e743e9868b00842a4c3659d430b92addb5165fa5fd7dc97ab7ec4d865645109144d7721d5dadd402c3562070ae6d1fde974884f8b4edc0319cba5e438d56f313be5fa56ec3b1852dc5b58b58169913b8b6903fcaf23b6c7b74f0abc5569738497cc824e9b7e12fee812317cab92ed1e48d8de05001f75c52633423df2d2d6d6e215897d00db3dc5e146a6e81fc147f282f24e4dcfd2cdd8236d07fcba04769b8a06e2a05bbe25267916,gx-no-cache=1552571970517 HTTP/1.1" 200 30
192.168.10.89 - - [14/Mar/2019:09:06:06 -0300] "POST /cormun/servlet/solicitudot?gx-no-cache=1552571971883 HTTP/1.1" 200 30
192.168.10.89 - - [14/Mar/2019:09:06:07 -0300] "POST /cormun/servlet/solicitudot?gx-no-cache=1552571972398 HTTP/1.1" 200 1282
192.168.10.89 - - [14/Mar/2019:09:06:07 -0300] "POST /cormun/servlet/solicitudot?gx-no-cache=1552571972425 HTTP/1.1" 200 38
