192.168.10.96 - - [14/Mar/2019:13:17:20 -0300] "POST /cormun/servlet/trsolicitudot?ce957fb2e8393ba84d17e7eaeede680a,,gx-no-cache=1552587045991 HTTP/1.1" 200 6464
192.168.10.96 - - [14/Mar/2019:13:17:26 -0300] "GET /cormun/servlet/trautorizarsolicitud? HTTP/1.1" 200 7341
192.168.10.96 - - [14/Mar/2019:13:17:26 -0300] "GET /cormun/servlet/trautorizarsolicitud? HTTP/1.1" 200 7341
190.171.141.90 - - [14/Mar/2019:13:17:27 -0300] "GET /cormun/servlet/solicitudotadjuntos?20114de8976e00fe7eb2ca62a2e67a786942df2358e0bcf90da9fd0e94b843aa,gx-no-cache=1552580028949 HTTP/1.1" 200 30
190.171.141.90 - - [14/Mar/2019:13:17:27 -0300] "GET /cormun/servlet/solicitudotadjuntos?20114de8976e00fe7eb2ca62a2e67a786942df2358e0bcf90da9fd0e94b843aa,gx-no-cache=1552580029116 HTTP/1.1" 200 30
190.171.141.90 - - [14/Mar/2019:13:17:28 -0300] "POST /cormun/servlet/solicitudotadjuntos?c077c6e9d57b370d76a0478f6d217842,INS,2019,14692,,1, HTTP/1.1" 200 116
190.171.141.90 - - [14/Mar/2019:13:17:28 -0300] "GET /cormun/servlet/hpexe_return? HTTP/1.1" 200 1028
190.171.141.90 - - [14/Mar/2019:13:17:28 -0300] "GET /cormun/servlet/trsolicitudadjuntos?2019,14692, HTTP/1.1" 200 9518
190.171.141.90 - - [14/Mar/2019:13:17:29 -0300] "GET /cormun/servlet/trsolicitudadjuntos?2019,14692, HTTP/1.1" 200 9516
190.171.141.90 - - [14/Mar/2019:13:17:31 -0300] "GET /cormun/servlet/solicitudotadjuntos?INS,2019,14692,,1, HTTP/1.1" 200 6233
190.171.141.90 - - [14/Mar/2019:13:17:31 -0300] "GET /cormun/static/about:blank HTTP/1.1" 404 1011
190.171.141.90 - - [14/Mar/2019:13:17:31 -0300] "GET /cormun/servlet/solicitudotadjuntos?INS,2019,14692,,1, HTTP/1.1" 200 6227
192.168.10.96 - - [14/Mar/2019:13:17:33 -0300] "GET /cormun/servlet/trsolicitudot? HTTP/1.1" 200 9330
192.168.10.96 - - [14/Mar/2019:13:17:33 -0300] "GET /cormun/servlet/trsolicitudot? HTTP/1.1" 200 9330
190.171.141.90 - - [14/Mar/2019:13:17:34 -0300] "GET /cormun/servlet/solicitudotadjuntos?20114de8976e00fe7eb2ca62a2e67a78785f7303d3a722b218b853a85829f08b47d1f21727d29ebdd5ecc6a956ed7750,gx-no-cache=1552580033638 HTTP/1.1" 200 30
190.171.141.90 - - [14/Mar/2019:13:17:34 -0300] "POST /cormun/servlet/solicitudotadjuntos?c077c6e9d57b370d76a0478f6d217842,INS,2019,14692,,1,,gx-no-cache=1552580035631 HTTP/1.1" 200 4061
190.171.141.90 - - [14/Mar/2019:13:17:50 -0300] "POST /cormun/servlet/solicitudotadjuntos?gx-no-cache=1552580051859 HTTP/1.1" 200 26
190.171.141.90 - - [14/Mar/2019:13:18:15 -0300] "GET /cormun/servlet/solicitudotadjuntos?20114de8976e00fe7eb2ca62a2e67a786942df2358e0bcf90da9fd0e94b843aa,gx-no-cache=1552580076739 HTTP/1.1" 200 30
190.171.141.90 - - [14/Mar/2019:13:18:15 -0300] "GET /cormun/servlet/solicitudotadjuntos?20114de8976e00fe7eb2ca62a2e67a786942df2358e0bcf90da9fd0e94b843aa,gx-no-cache=1552580076767 HTTP/1.1" 200 30
190.171.141.90 - - [14/Mar/2019:13:18:15 -0300] "POST /cormun/servlet/solicitudotadjuntos?c077c6e9d57b370d76a0478f6d217842,INS,2019,14692,,1, HTTP/1.1" 200 116
190.171.141.90 - - [14/Mar/2019:13:18:15 -0300] "GET /cormun/servlet/hpexe_return? HTTP/1.1" 200 1028
190.171.141.90 - - [14/Mar/2019:13:18:16 -0300] "GET /cormun/servlet/trsolicitudadjuntos?2019,14692, HTTP/1.1" 200 9759
190.171.141.90 - - [14/Mar/2019:13:18:16 -0300] "GET /cormun/servlet/trsolicitudadjuntos?2019,14692, HTTP/1.1" 200 9761
190.171.141.90 - - [14/Mar/2019:13:18:18 -0300] "GET /cormun/servlet/solicitudotadjuntos?INS,2019,14692,,1, HTTP/1.1" 200 6233
190.171.141.90 - - [14/Mar/2019:13:18:18 -0300] "GET /cormun/static/about:blank HTTP/1.1" 404 1011
190.171.141.90 - - [14/Mar/2019:13:18:19 -0300] "GET /cormun/servlet/solicitudotadjuntos?INS,2019,14692,,1, HTTP/1.1" 200 6227
190.171.141.90 - - [14/Mar/2019:13:18:19 -0300] "GET /cormun/servlet/solicitudotadjuntos?20114de8976e00fe7eb2ca62a2e67a78785f7303d3a722b218b853a85829f08b47d1f21727d29ebdd5ecc6a956ed7750,gx-no-cache=1552580081115 HTTP/1.1" 200 30
190.171.141.90 - - [14/Mar/2019:13:18:19 -0300] "POST /cormun/servlet/solicitudotadjuntos?c077c6e9d57b370d76a0478f6d217842,INS,2019,14692,,1,,gx-no-cache=1552580081151 HTTP/1.1" 200 4059
190.171.141.90 - - [14/Mar/2019:13:18:21 -0300] "POST /cormun/servlet/solicitudotadjuntos?gx-no-cache=1552580083115 HTTP/1.1" 200 26
190.171.153.50 - - [14/Mar/2019:13:18:30 -0300] "POST /cormun/servlet/trsolicitudot?7297724c39c23d4c6d496baaa48333b1,,gx-no-cache=1552580093393 HTTP/1.1" 200 107
190.171.153.50 - - [14/Mar/2019:13:18:30 -0300] "GET /cormun/servlet/trsolicitudadjuntos?2019,14648, HTTP/1.1" 200 6453
190.171.153.50 - - [14/Mar/2019:13:18:30 -0300] "GET /cormun/static/gxcfg.js?20177612135366 HTTP/1.1" 200 953
190.171.153.50 - - [14/Mar/2019:13:18:30 -0300] "GET /cormun/static/trsolicitudadjuntos.js?20177612135632 HTTP/1.1" 200 17922
190.171.153.50 - - [14/Mar/2019:13:18:31 -0300] "GET /cormun/servlet/trsolicitudadjuntos?2019,14648, HTTP/1.1" 200 6453
190.171.153.50 - - [14/Mar/2019:13:18:33 -0300] "GET /cormun/servlet/solicitudotadjuntos?INS,2019,14648,,2, HTTP/1.1" 200 6396
190.171.153.50 - - [14/Mar/2019:13:18:33 -0300] "GET /cormun/static/gxcfg.js?2017761244068 HTTP/1.1" 200 953
190.171.153.50 - - [14/Mar/2019:13:18:33 -0300] "GET /cormun/static/solicitudotadjuntos.js?2017761244086 HTTP/1.1" 200 11771
190.171.153.50 - - [14/Mar/2019:13:18:33 -0300] "GET /cormun/static/about:blank HTTP/1.1" 404 1011
190.171.153.50 - - [14/Mar/2019:13:18:34 -0300] "GET /cormun/servlet/solicitudotadjuntos?INS,2019,14648,,2, HTTP/1.1" 200 6390
190.171.153.50 - - [14/Mar/2019:13:18:34 -0300] "GET /cormun/servlet/solicitudotadjuntos?cb3cc8b0fa8d5a11549b62aeadb1478669788f4e4cd52f431ab937f19db273d835981a308723d862d1000bbc90e2d8d3,gx-no-cache=1552580097474 HTTP/1.1" 200 30
190.171.153.50 - - [14/Mar/2019:13:18:34 -0300] "POST /cormun/servlet/solicitudotadjuntos?7297724c39c23d4c6d496baaa48333b1,INS,2019,14648,,2,,gx-no-cache=1552580097522 HTTP/1.1" 200 4280
190.171.153.50 - - [14/Mar/2019:13:18:37 -0300] "POST /cormun/servlet/solicitudotadjuntos?gx-no-cache=1552580100666 HTTP/1.1" 200 26
192.168.10.96 - - [14/Mar/2019:13:18:56 -0300] "GET /cormun/servlet/hlogin HTTP/1.1" 200 1742
192.168.10.96 - - [14/Mar/2019:13:19:04 -0300] "POST /cormun/servlet/hlogin?ce957fb2e8393ba84d17e7eaeede680a,gx-no-cache=1552587149411 HTTP/1.1" 200 90
192.168.10.96 - - [14/Mar/2019:13:19:04 -0300] "GET /cormun/servlet/hpexe_link HTTP/1.1" 200 954
192.168.10.96 - - [14/Mar/2019:13:19:04 -0300] "GET /cormun/servlet/hhome HTTP/1.1" 200 4776
192.168.10.96 - - [14/Mar/2019:13:19:04 -0300] "GET /cormun/servlet/hhome HTTP/1.1" 200 4772
192.168.10.96 - - [14/Mar/2019:13:19:07 -0300] "GET /cormun/servlet/trsolicitudot? HTTP/1.1" 200 7997
192.168.10.96 - - [14/Mar/2019:13:19:07 -0300] "GET /cormun/servlet/trsolicitudot? HTTP/1.1" 200 7995
192.168.10.96 - - [14/Mar/2019:13:19:15 -0300] "POST /cormun/servlet/trsolicitudot?ce957fb2e8393ba84d17e7eaeede680a,,gx-no-cache=1552587160676 HTTP/1.1" 200 4951
192.168.10.96 - - [14/Mar/2019:13:19:16 -0300] "POST /cormun/servlet/trsolicitudot?ce957fb2e8393ba84d17e7eaeede680a,,gx-no-cache=1552587161410 HTTP/1.1" 200 4950
192.168.10.96 - - [14/Mar/2019:13:19:16 -0300] "POST /cormun/servlet/trsolicitudot?ce957fb2e8393ba84d17e7eaeede680a,,gx-no-cache=1552587161634 HTTP/1.1" 200 4951
190.171.141.90 - - [14/Mar/2019:13:19:17 -0300] "GET /cormun/servlet/solicitudotadjuntos?20114de8976e00fe7eb2ca62a2e67a786942df2358e0bcf90da9fd0e94b843aa,gx-no-cache=1552580138523 HTTP/1.1" 200 30
190.171.141.90 - - [14/Mar/2019:13:19:17 -0300] "GET /cormun/servlet/solicitudotadjuntos?20114de8976e00fe7eb2ca62a2e67a786942df2358e0bcf90da9fd0e94b843aa,gx-no-cache=1552580138550 HTTP/1.1" 200 30
190.171.141.90 - - [14/Mar/2019:13:19:18 -0300] "POST /cormun/servlet/solicitudotadjuntos?c077c6e9d57b370d76a0478f6d217842,INS,2019,14692,,1, HTTP/1.1" 200 116
190.171.141.90 - - [14/Mar/2019:13:19:18 -0300] "GET /cormun/servlet/hpexe_return? HTTP/1.1" 200 1028
190.171.141.90 - - [14/Mar/2019:13:19:18 -0300] "GET /cormun/servlet/trsolicitudadjuntos?2019,14692, HTTP/1.1" 200 9983
190.171.141.90 - - [14/Mar/2019:13:19:19 -0300] "GET /cormun/servlet/trsolicitudadjuntos?2019,14692, HTTP/1.1" 200 9979
192.168.10.96 - - [14/Mar/2019:13:19:22 -0300] "GET /cormun/servlet/trsolicitudgral? HTTP/1.1" 200 9301
192.168.10.96 - - [14/Mar/2019:13:19:22 -0300] "GET /cormun/servlet/trsolicitudgral? HTTP/1.1" 200 9301
190.171.153.50 - - [14/Mar/2019:13:19:23 -0300] "GET /cormun/servlet/solicitudotadjuntos?cb3cc8b0fa8d5a11549b62aeadb14786649171d96d2751504760ee6ea3e71c5f,gx-no-cache=1552580146329 HTTP/1.1" 200 30
190.171.153.50 - - [14/Mar/2019:13:19:23 -0300] "GET /cormun/servlet/solicitudotadjuntos?cb3cc8b0fa8d5a11549b62aeadb14786649171d96d2751504760ee6ea3e71c5f,gx-no-cache=1552580146400 HTTP/1.1" 200 30
190.171.153.50 - - [14/Mar/2019:13:19:24 -0300] "POST /cormun/servlet/solicitudotadjuntos?7297724c39c23d4c6d496baaa48333b1,INS,2019,14648,,2, HTTP/1.1" 200 116
190.171.153.50 - - [14/Mar/2019:13:19:24 -0300] "GET /cormun/servlet/hpexe_return? HTTP/1.1" 200 1024
190.171.153.50 - - [14/Mar/2019:13:19:24 -0300] "GET /cormun/servlet/trsolicitudadjuntos?2019,14648, HTTP/1.1" 200 9056
190.171.141.90 - - [14/Mar/2019:13:19:24 -0300] "POST /cormun/servlet/trsolicitudadjuntos?c077c6e9d57b370d76a0478f6d217842,2019,14692,,gx-no-cache=1552580146041 HTTP/1.1" 200 90
190.171.141.90 - - [14/Mar/2019:13:19:24 -0300] "GET /cormun/servlet/hpexe_link HTTP/1.1" 200 970
190.171.141.90 - - [14/Mar/2019:13:19:24 -0300] "GET /cormun/servlet/trsolicitudot HTTP/1.1" 200 8740
190.171.153.50 - - [14/Mar/2019:13:19:24 -0300] "GET /cormun/servlet/trsolicitudadjuntos?2019,14648, HTTP/1.1" 200 9056
190.171.141.90 - - [14/Mar/2019:13:19:25 -0300] "GET /cormun/servlet/trsolicitudot HTTP/1.1" 200 8739
190.171.141.90 - - [14/Mar/2019:13:19:28 -0300] "POST /cormun/servlet/trsolicitudot?c077c6e9d57b370d76a0478f6d217842,gx-no-cache=1552580149894 HTTP/1.1" 200 4746
190.171.141.90 - - [14/Mar/2019:13:19:28 -0300] "GET /cormun/static/Shared/jqueryui/images/ui-bg_highlight-soft_100_c6c2c8_1x100.png HTTP/1.1" 404 1117
190.171.141.90 - - [14/Mar/2019:13:19:28 -0300] "GET /cormun/static/Shared/jqueryui/images/ui-icons_82798d_256x240.png HTTP/1.1" 404 1089
190.171.141.90 - - [14/Mar/2019:13:19:28 -0300] "GET /cormun/static/Shared/jqueryui/images/ui-bg_flat_55_fafafa_40x100.png HTTP/1.1" 404 1097
190.171.141.90 - - [14/Mar/2019:13:19:28 -0300] "GET /cormun/static/Shared/jqueryui/images/ui-icons_8d78a5_256x240.png HTTP/1.1" 404 1089
190.171.141.90 - - [14/Mar/2019:13:19:28 -0300] "POST /cormun/servlet/trsolicitudot?c077c6e9d57b370d76a0478f6d217842,gx-no-cache=1552580150238 HTTP/1.1" 200 4525
190.171.141.90 - - [14/Mar/2019:13:19:31 -0300] "GET /cormun/servlet/trsolicitudot? HTTP/1.1" 200 7406
190.171.141.90 - - [14/Mar/2019:13:19:32 -0300] "GET /cormun/servlet/trsolicitudot? HTTP/1.1" 200 7406
190.171.141.90 - - [14/Mar/2019:13:19:34 -0300] "GET /cormun/servlet/trautorizarsolicitud? HTTP/1.1" 200 8633
190.171.141.90 - - [14/Mar/2019:13:19:35 -0300] "GET /cormun/servlet/trautorizarsolicitud? HTTP/1.1" 200 8633
190.171.141.90 - - [14/Mar/2019:13:19:37 -0300] "POST /cormun/servlet/trautorizarsolicitud?c077c6e9d57b370d76a0478f6d217842,,gx-no-cache=1552580158812 HTTP/1.1" 200 4681
190.171.141.90 - - [14/Mar/2019:13:19:37 -0300] "GET /cormun/static/Shared/jqueryui/images/ui-icons_82798d_256x240.png HTTP/1.1" 404 1089
190.171.141.90 - - [14/Mar/2019:13:19:37 -0300] "GET /cormun/static/Shared/jqueryui/images/ui-bg_highlight-soft_100_c6c2c8_1x100.png HTTP/1.1" 404 1117
190.171.141.90 - - [14/Mar/2019:13:19:37 -0300] "GET /cormun/static/Shared/jqueryui/images/ui-icons_8d78a5_256x240.png HTTP/1.1" 404 1089
190.171.141.90 - - [14/Mar/2019:13:19:37 -0300] "GET /cormun/static/Shared/jqueryui/images/ui-bg_flat_55_fafafa_40x100.png HTTP/1.1" 404 1097
190.171.141.90 - - [14/Mar/2019:13:19:37 -0300] "POST /cormun/servlet/trautorizarsolicitud?c077c6e9d57b370d76a0478f6d217842,,gx-no-cache=1552580159015 HTTP/1.1" 200 4462
192.168.10.96 - - [14/Mar/2019:13:19:43 -0300] "POST /cormun/servlet/trsolicitudgral?ce957fb2e8393ba84d17e7eaeede680a,,gx-no-cache=1552587177499 HTTP/1.1" 200 25980
190.171.153.50 - - [14/Mar/2019:13:20:04 -0300] "GET /cormun/servlet/solicitudotadjuntos?INS,2019,14648,,2, HTTP/1.1" 200 6396
190.171.153.50 - - [14/Mar/2019:13:20:04 -0300] "GET /cormun/static/about:blank HTTP/1.1" 404 1011
190.171.153.50 - - [14/Mar/2019:13:20:04 -0300] "GET /cormun/servlet/solicitudotadjuntos?INS,2019,14648,,2, HTTP/1.1" 200 6390
190.171.153.50 - - [14/Mar/2019:13:20:04 -0300] "GET /cormun/servlet/solicitudotadjuntos?cb3cc8b0fa8d5a11549b62aeadb1478669788f4e4cd52f431ab937f19db273d835981a308723d862d1000bbc90e2d8d3,gx-no-cache=1552580187626 HTTP/1.1" 200 30
190.171.153.50 - - [14/Mar/2019:13:20:05 -0300] "POST /cormun/servlet/solicitudotadjuntos?7297724c39c23d4c6d496baaa48333b1,INS,2019,14648,,2,,gx-no-cache=1552580187665 HTTP/1.1" 200 4281
190.171.153.50 - - [14/Mar/2019:13:20:43 -0300] "POST /cormun/servlet/solicitudotadjuntos?7297724c39c23d4c6d496baaa48333b1,INS,2019,14648,,2,,gx-no-cache=1552580225317 HTTP/1.1" 200 90
190.171.153.50 - - [14/Mar/2019:13:20:43 -0300] "GET /cormun/servlet/hpexe_link HTTP/1.1" 200 977
190.171.153.50 - - [14/Mar/2019:13:20:43 -0300] "GET /cormun/servlet/trsolicitudadjuntos?2019,14648, HTTP/1.1" 200 9056
190.171.153.50 - - [14/Mar/2019:13:20:43 -0300] "GET /cormun/servlet/trsolicitudadjuntos?2019,14648, HTTP/1.1" 200 9055
190.171.153.50 - - [14/Mar/2019:13:20:47 -0300] "GET /cormun/servlet/solicitudotadjuntos?INS,2019,14648,,1, HTTP/1.1" 200 6397
190.171.153.50 - - [14/Mar/2019:13:20:47 -0300] "GET /cormun/static/about:blank HTTP/1.1" 404 1011
190.171.153.50 - - [14/Mar/2019:13:20:47 -0300] "GET /cormun/servlet/solicitudotadjuntos?INS,2019,14648,,1, HTTP/1.1" 200 6391
190.171.153.50 - - [14/Mar/2019:13:20:48 -0300] "GET /cormun/servlet/solicitudotadjuntos?cb3cc8b0fa8d5a11549b62aeadb1478669788f4e4cd52f431ab937f19db273d835981a308723d862d1000bbc90e2d8d3,gx-no-cache=1552580231176 HTTP/1.1" 200 30
190.171.153.50 - - [14/Mar/2019:13:20:48 -0300] "POST /cormun/servlet/solicitudotadjuntos?7297724c39c23d4c6d496baaa48333b1,INS,2019,14648,,1,,gx-no-cache=1552580231201 HTTP/1.1" 200 4069
190.171.153.50 - - [14/Mar/2019:13:20:54 -0300] "POST /cormun/servlet/solicitudotadjuntos?gx-no-cache=1552580237217 HTTP/1.1" 200 26
190.171.153.50 - - [14/Mar/2019:13:21:12 -0300] "GET /cormun/servlet/solicitudotadjuntos?cb3cc8b0fa8d5a11549b62aeadb14786649171d96d2751504760ee6ea3e71c5f,gx-no-cache=1552580254944 HTTP/1.1" 200 30
190.171.153.50 - - [14/Mar/2019:13:21:12 -0300] "GET /cormun/servlet/solicitudotadjuntos?cb3cc8b0fa8d5a11549b62aeadb14786649171d96d2751504760ee6ea3e71c5f,gx-no-cache=1552580255056 HTTP/1.1" 200 30
190.171.153.50 - - [14/Mar/2019:13:21:13 -0300] "POST /cormun/servlet/solicitudotadjuntos?7297724c39c23d4c6d496baaa48333b1,INS,2019,14648,,1, HTTP/1.1" 200 116
190.171.153.50 - - [14/Mar/2019:13:21:13 -0300] "GET /cormun/servlet/hpexe_return? HTTP/1.1" 200 1024
190.171.153.50 - - [14/Mar/2019:13:21:13 -0300] "GET /cormun/servlet/trsolicitudadjuntos?2019,14648, HTTP/1.1" 200 9329
190.171.153.50 - - [14/Mar/2019:13:21:14 -0300] "GET /cormun/servlet/trsolicitudadjuntos?2019,14648, HTTP/1.1" 200 9328
190.171.153.50 - - [14/Mar/2019:13:21:18 -0300] "GET /cormun/servlet/solicitudotadjuntos?INS,2019,14648,,1, HTTP/1.1" 200 6397
190.171.153.50 - - [14/Mar/2019:13:21:19 -0300] "GET /cormun/static/about:blank HTTP/1.1" 404 1011
190.171.153.50 - - [14/Mar/2019:13:21:19 -0300] "GET /cormun/servlet/solicitudotadjuntos?INS,2019,14648,,1, HTTP/1.1" 200 6391
190.171.153.50 - - [14/Mar/2019:13:21:19 -0300] "GET /cormun/servlet/solicitudotadjuntos?cb3cc8b0fa8d5a11549b62aeadb1478669788f4e4cd52f431ab937f19db273d835981a308723d862d1000bbc90e2d8d3,gx-no-cache=1552580262384 HTTP/1.1" 200 30
190.171.153.50 - - [14/Mar/2019:13:21:19 -0300] "POST /cormun/servlet/solicitudotadjuntos?7297724c39c23d4c6d496baaa48333b1,INS,2019,14648,,1,,gx-no-cache=1552580262407 HTTP/1.1" 200 4069
190.171.153.50 - - [14/Mar/2019:13:22:09 -0300] "POST /cormun/servlet/solicitudotadjuntos?gx-no-cache=1552580311912 HTTP/1.1" 200 26
190.171.153.50 - - [14/Mar/2019:13:22:19 -0300] "GET /cormun/servlet/solicitudotadjuntos?cb3cc8b0fa8d5a11549b62aeadb14786649171d96d2751504760ee6ea3e71c5f,gx-no-cache=1552580322632 HTTP/1.1" 200 30
190.171.153.50 - - [14/Mar/2019:13:22:19 -0300] "GET /cormun/servlet/solicitudotadjuntos?cb3cc8b0fa8d5a11549b62aeadb14786649171d96d2751504760ee6ea3e71c5f,gx-no-cache=1552580322648 HTTP/1.1" 200 30
190.171.153.50 - - [14/Mar/2019:13:22:21 -0300] "POST /cormun/servlet/solicitudotadjuntos?7297724c39c23d4c6d496baaa48333b1,INS,2019,14648,,1, HTTP/1.1" 200 116
190.171.153.50 - - [14/Mar/2019:13:22:21 -0300] "GET /cormun/servlet/hpexe_return? HTTP/1.1" 200 1024
190.171.153.50 - - [14/Mar/2019:13:22:21 -0300] "GET /cormun/servlet/trsolicitudadjuntos?2019,14648, HTTP/1.1" 200 9538
190.171.153.50 - - [14/Mar/2019:13:22:22 -0300] "GET /cormun/servlet/trsolicitudadjuntos?2019,14648, HTTP/1.1" 200 9537
190.171.153.50 - - [14/Mar/2019:13:22:24 -0300] "GET /cormun/servlet/solicitudotadjuntos?INS,2019,14648,,1, HTTP/1.1" 200 6396
190.171.153.50 - - [14/Mar/2019:13:22:24 -0300] "GET /cormun/static/about:blank HTTP/1.1" 404 1011
190.171.153.50 - - [14/Mar/2019:13:22:24 -0300] "GET /cormun/servlet/solicitudotadjuntos?INS,2019,14648,,1, HTTP/1.1" 200 6390
190.171.153.50 - - [14/Mar/2019:13:22:25 -0300] "GET /cormun/servlet/solicitudotadjuntos?cb3cc8b0fa8d5a11549b62aeadb1478669788f4e4cd52f431ab937f19db273d835981a308723d862d1000bbc90e2d8d3,gx-no-cache=1552580327904 HTTP/1.1" 200 30
190.171.153.50 - - [14/Mar/2019:13:22:25 -0300] "POST /cormun/servlet/solicitudotadjuntos?7297724c39c23d4c6d496baaa48333b1,INS,2019,14648,,1,,gx-no-cache=1552580327928 HTTP/1.1" 200 4068
190.171.153.50 - - [14/Mar/2019:13:22:32 -0300] "POST /cormun/servlet/solicitudotadjuntos?gx-no-cache=1552580335103 HTTP/1.1" 200 26
190.171.153.50 - - [14/Mar/2019:13:22:43 -0300] "GET /cormun/servlet/solicitudotadjuntos?cb3cc8b0fa8d5a11549b62aeadb14786649171d96d2751504760ee6ea3e71c5f,gx-no-cache=1552580346307 HTTP/1.1" 200 30
190.171.153.50 - - [14/Mar/2019:13:22:43 -0300] "GET /cormun/servlet/solicitudotadjuntos?cb3cc8b0fa8d5a11549b62aeadb14786649171d96d2751504760ee6ea3e71c5f,gx-no-cache=1552580346324 HTTP/1.1" 200 30
190.171.153.50 - - [14/Mar/2019:13:22:43 -0300] "POST /cormun/servlet/solicitudotadjuntos?7297724c39c23d4c6d496baaa48333b1,INS,2019,14648,,1, HTTP/1.1" 200 6580
190.171.153.50 - - [14/Mar/2019:13:22:44 -0300] "GET /home/sistema/apache-tomcat-7.0.65/webapps/cormun/PrivateTempStorage/upload_00007315.pdf HTTP/1.1" 404 1135
190.171.153.50 - - [14/Mar/2019:13:22:44 -0300] "GET /cormun/static/Shared/jqueryui/images/ui-icons_ebccce_256x240.png HTTP/1.1" 404 1089
190.171.153.50 - - [14/Mar/2019:13:22:44 -0300] "GET /cormun/static/Shared/jqueryui/images/ui-bg_highlight-soft_100_c6c2c8_1x100.png HTTP/1.1" 404 1117
190.171.153.50 - - [14/Mar/2019:13:22:44 -0300] "GET /cormun/static/Shared/jqueryui/images/ui-icons_82798d_256x240.png HTTP/1.1" 404 1089
190.171.153.50 - - [14/Mar/2019:13:22:44 -0300] "GET /cormun/static/Shared/jqueryui/images/ui-bg_flat_55_994d53_40x100.png HTTP/1.1" 404 1097
190.171.153.50 - - [14/Mar/2019:13:22:44 -0300] "GET /cormun/PrivateTempStorage/upload_00007315.pdf HTTP/1.1" 200 34502
190.171.153.50 - - [14/Mar/2019:13:22:48 -0300] "POST /cormun/servlet/solicitudotadjuntos?7297724c39c23d4c6d496baaa48333b1,INS,2019,14648,,1, HTTP/1.1" 200 116
190.171.153.50 - - [14/Mar/2019:13:22:48 -0300] "GET /cormun/servlet/hpexe_return? HTTP/1.1" 200 1024
190.171.153.50 - - [14/Mar/2019:13:22:48 -0300] "GET /cormun/servlet/trsolicitudadjuntos?2019,14648, HTTP/1.1" 200 9538
190.171.153.50 - - [14/Mar/2019:13:22:49 -0300] "GET /cormun/servlet/trsolicitudadjuntos?2019,14648, HTTP/1.1" 200 9537
190.171.153.50 - - [14/Mar/2019:13:22:55 -0300] "GET /cormun/servlet/solicitudotadjuntos?INS,2019,14648,,1, HTTP/1.1" 200 6397
190.171.153.50 - - [14/Mar/2019:13:22:55 -0300] "GET /cormun/static/about:blank HTTP/1.1" 404 1011
190.171.153.50 - - [14/Mar/2019:13:22:56 -0300] "GET /cormun/servlet/solicitudotadjuntos?INS,2019,14648,,1, HTTP/1.1" 200 6391
190.171.153.50 - - [14/Mar/2019:13:22:56 -0300] "GET /cormun/servlet/solicitudotadjuntos?cb3cc8b0fa8d5a11549b62aeadb1478669788f4e4cd52f431ab937f19db273d835981a308723d862d1000bbc90e2d8d3,gx-no-cache=1552580359207 HTTP/1.1" 200 30
190.171.153.50 - - [14/Mar/2019:13:22:56 -0300] "POST /cormun/servlet/solicitudotadjuntos?7297724c39c23d4c6d496baaa48333b1,INS,2019,14648,,1,,gx-no-cache=1552580359231 HTTP/1.1" 200 4069
190.171.153.50 - - [14/Mar/2019:13:23:05 -0300] "POST /cormun/servlet/solicitudotadjuntos?gx-no-cache=1552580368271 HTTP/1.1" 200 26
190.171.153.50 - - [14/Mar/2019:13:23:17 -0300] "GET /cormun/servlet/solicitudotadjuntos?cb3cc8b0fa8d5a11549b62aeadb14786649171d96d2751504760ee6ea3e71c5f,gx-no-cache=1552580379816 HTTP/1.1" 200 30
190.171.153.50 - - [14/Mar/2019:13:23:17 -0300] "GET /cormun/servlet/solicitudotadjuntos?cb3cc8b0fa8d5a11549b62aeadb14786649171d96d2751504760ee6ea3e71c5f,gx-no-cache=1552580379842 HTTP/1.1" 200 30
190.171.153.50 - - [14/Mar/2019:13:23:17 -0300] "POST /cormun/servlet/solicitudotadjuntos?7297724c39c23d4c6d496baaa48333b1,INS,2019,14648,,1, HTTP/1.1" 200 116
190.171.153.50 - - [14/Mar/2019:13:23:17 -0300] "GET /cormun/servlet/hpexe_return? HTTP/1.1" 200 1024
190.171.153.50 - - [14/Mar/2019:13:23:17 -0300] "GET /cormun/servlet/trsolicitudadjuntos?2019,14648, HTTP/1.1" 200 9765
190.171.153.50 - - [14/Mar/2019:13:23:18 -0300] "GET /cormun/servlet/trsolicitudadjuntos?2019,14648, HTTP/1.1" 200 9761
190.171.153.50 - - [14/Mar/2019:13:23:24 -0300] "GET /cormun/servlet/solicitudotadjuntos?INS,2019,14648,,1, HTTP/1.1" 200 6397
190.171.153.50 - - [14/Mar/2019:13:23:24 -0300] "GET /cormun/static/about:blank HTTP/1.1" 404 1011
190.171.153.50 - - [14/Mar/2019:13:23:24 -0300] "GET /cormun/servlet/solicitudotadjuntos?INS,2019,14648,,1, HTTP/1.1" 200 6391
190.171.153.50 - - [14/Mar/2019:13:23:25 -0300] "GET /cormun/servlet/solicitudotadjuntos?cb3cc8b0fa8d5a11549b62aeadb1478669788f4e4cd52f431ab937f19db273d835981a308723d862d1000bbc90e2d8d3,gx-no-cache=1552580387975 HTTP/1.1" 200 30
190.171.153.50 - - [14/Mar/2019:13:23:25 -0300] "POST /cormun/servlet/solicitudotadjuntos?7297724c39c23d4c6d496baaa48333b1,INS,2019,14648,,1,,gx-no-cache=1552580388059 HTTP/1.1" 200 4069
78.108.177.50 - - [14/Mar/2019:13:23:25 -0300] "GET / HTTP/1.0" 200 11197
190.171.153.50 - - [14/Mar/2019:13:23:33 -0300] "POST /cormun/servlet/solicitudotadjuntos?gx-no-cache=1552580396071 HTTP/1.1" 200 26
190.171.153.50 - - [14/Mar/2019:13:23:54 -0300] "GET /cormun/servlet/solicitudotadjuntos?cb3cc8b0fa8d5a11549b62aeadb14786649171d96d2751504760ee6ea3e71c5f,gx-no-cache=1552580417079 HTTP/1.1" 200 30
190.171.153.50 - - [14/Mar/2019:13:23:54 -0300] "GET /cormun/servlet/solicitudotadjuntos?cb3cc8b0fa8d5a11549b62aeadb14786649171d96d2751504760ee6ea3e71c5f,gx-no-cache=1552580417176 HTTP/1.1" 200 30
190.171.153.50 - - [14/Mar/2019:13:23:54 -0300] "POST /cormun/servlet/solicitudotadjuntos?7297724c39c23d4c6d496baaa48333b1,INS,2019,14648,,1, HTTP/1.1" 200 116
190.171.153.50 - - [14/Mar/2019:13:23:54 -0300] "GET /cormun/servlet/hpexe_return? HTTP/1.1" 200 1024
190.171.153.50 - - [14/Mar/2019:13:23:55 -0300] "GET /cormun/servlet/trsolicitudadjuntos?2019,14648, HTTP/1.1" 200 10050
190.171.153.50 - - [14/Mar/2019:13:23:55 -0300] "GET /cormun/servlet/trsolicitudadjuntos?2019,14648, HTTP/1.1" 200 10050
190.171.153.50 - - [14/Mar/2019:13:23:58 -0300] "GET /cormun/servlet/solicitudotadjuntos?INS,2019,14648,,1, HTTP/1.1" 200 6397
190.171.153.50 - - [14/Mar/2019:13:23:58 -0300] "GET /cormun/static/about:blank HTTP/1.1" 404 1011
190.171.153.50 - - [14/Mar/2019:13:23:58 -0300] "GET /cormun/servlet/solicitudotadjuntos?INS,2019,14648,,1, HTTP/1.1" 200 6391
190.171.153.50 - - [14/Mar/2019:13:23:59 -0300] "GET /cormun/servlet/solicitudotadjuntos?cb3cc8b0fa8d5a11549b62aeadb1478669788f4e4cd52f431ab937f19db273d835981a308723d862d1000bbc90e2d8d3,gx-no-cache=1552580421945 HTTP/1.1" 200 30
190.171.153.50 - - [14/Mar/2019:13:23:59 -0300] "POST /cormun/servlet/solicitudotadjuntos?7297724c39c23d4c6d496baaa48333b1,INS,2019,14648,,1,,gx-no-cache=1552580421983 HTTP/1.1" 200 4069
192.168.10.94 - - [14/Mar/2019:13:25:08 -0300] "GET /digitalizacion/servlet/trdocumentos HTTP/1.1" 200 9635
192.168.10.94 - - [14/Mar/2019:13:25:10 -0300] "GET /digitalizacion/servlet/hlogin HTTP/1.1" 302 -
192.168.10.94 - - [14/Mar/2019:13:25:10 -0300] "GET /digitalizacion/servlet/wblogin? HTTP/1.1" 200 2336
192.168.10.94 - - [14/Mar/2019:13:25:10 -0300] "GET /digitalizacion/servlet/trdocumentos HTTP/1.1" 200 9646
192.168.10.94 - - [14/Mar/2019:13:25:18 -0300] "POST /digitalizacion/servlet/wblogin?d516f762e3684153942ab508fcf09182,,gx-no-cache=1552587524007 HTTP/1.1" 200 65
192.168.10.94 - - [14/Mar/2019:13:25:18 -0300] "GET /digitalizacion/servlet/hhome HTTP/1.1" 200 2826
192.168.10.94 - - [14/Mar/2019:13:25:19 -0300] "GET /digitalizacion/servlet/hhome HTTP/1.1" 200 2825
190.171.153.50 - - [14/Mar/2019:13:25:23 -0300] "POST /cormun/servlet/solicitudotadjuntos?7297724c39c23d4c6d496baaa48333b1,INS,2019,14648,,1,,gx-no-cache=1552580505674 HTTP/1.1" 200 90
190.171.153.50 - - [14/Mar/2019:13:25:23 -0300] "GET /cormun/servlet/hpexe_link HTTP/1.1" 200 977
190.171.153.50 - - [14/Mar/2019:13:25:23 -0300] "GET /cormun/servlet/trsolicitudadjuntos?2019,14648, HTTP/1.1" 200 10050
190.171.153.50 - - [14/Mar/2019:13:25:24 -0300] "GET /cormun/servlet/trsolicitudadjuntos?2019,14648, HTTP/1.1" 200 10050
192.168.10.94 - - [14/Mar/2019:13:25:25 -0300] "GET /digitalizacion/servlet/trdocumentos? HTTP/1.1" 200 9884
192.168.10.94 - - [14/Mar/2019:13:25:26 -0300] "GET /digitalizacion/servlet/trdocumentos? HTTP/1.1" 200 9881
192.168.10.94 - - [14/Mar/2019:13:25:26 -0300] "POST /digitalizacion/servlet/trdocumentos?gx-no-cache=1552587531703 HTTP/1.1" 200 449
192.168.10.94 - - [14/Mar/2019:13:25:26 -0300] "POST /digitalizacion/servlet/trdocumentos?gx-no-cache=1552587531785 HTTP/1.1" 200 78
190.171.141.90 - - [14/Mar/2019:13:25:28 -0300] "GET /cormun/servlet/trsolicitudcuentarbd? HTTP/1.1" 200 8338
190.171.141.90 - - [14/Mar/2019:13:25:28 -0300] "GET /cormun/static/gxcfg.js?20183619402487 HTTP/1.1" 200 953
190.171.141.90 - - [14/Mar/2019:13:25:28 -0300] "GET /cormun/static/trsolicitudcuentarbd.js?2018361940291 HTTP/1.1" 200 29350
190.171.141.90 - - [14/Mar/2019:13:25:29 -0300] "GET /cormun/servlet/trsolicitudcuentarbd? HTTP/1.1" 200 8338
190.171.141.90 - - [14/Mar/2019:13:25:30 -0300] "POST /cormun/servlet/acontrolpreferencessavestate?None,MABARCA,true HTTP/1.1" 200 35
190.171.141.90 - - [14/Mar/2019:13:25:31 -0300] "GET /cormun/servlet/trautorizarsolicitud? HTTP/1.1" 200 7320
190.171.141.90 - - [14/Mar/2019:13:25:32 -0300] "GET /cormun/servlet/trautorizarsolicitud? HTTP/1.1" 200 7320
190.171.141.90 - - [14/Mar/2019:13:25:35 -0300] "POST /cormun/servlet/trautorizarsolicitud?c077c6e9d57b370d76a0478f6d217842,,gx-no-cache=1552580516747 HTTP/1.1" 200 22873
192.168.10.94 - - [14/Mar/2019:13:25:43 -0300] "POST /digitalizacion/servlet/trdocumentos?gx-no-cache=1552587548629 HTTP/1.1" 200 237
192.168.10.94 - - [14/Mar/2019:13:25:54 -0300] "POST /digitalizacion/servlet/trdocumentos?d516f762e3684153942ab508fcf09182,,gx-no-cache=1552587557558 HTTP/1.1" 200 3184
192.168.10.94 - - [14/Mar/2019:13:26:03 -0300] "POST /digitalizacion/servlet/trdocumentos?gx-no-cache=1552587568261 HTTP/1.1" 200 133
192.168.10.94 - - [14/Mar/2019:13:26:04 -0300] "POST /digitalizacion/servlet/trdocumentos?d516f762e3684153942ab508fcf09182,,gx-no-cache=1552587569477 HTTP/1.1" 200 3026
192.168.10.94 - - [14/Mar/2019:13:26:09 -0300] "POST /digitalizacion/servlet/trdocumentos?gx-no-cache=1552587575045 HTTP/1.1" 200 233
192.168.10.94 - - [14/Mar/2019:13:26:11 -0300] "POST /digitalizacion/servlet/trdocumentos?d516f762e3684153942ab508fcf09182,,gx-no-cache=1552587576189 HTTP/1.1" 200 3179
192.168.10.94 - - [14/Mar/2019:13:26:19 -0300] "POST /digitalizacion/servlet/trdocumentos?d516f762e3684153942ab508fcf09182,,gx-no-cache=1552587583797 HTTP/1.1" 200 7086
192.168.10.94 - - [14/Mar/2019:13:26:25 -0300] "POST /digitalizacion/servlet/trdocumentos?gx-no-cache=1552587590604 HTTP/1.1" 200 237
192.168.10.94 - - [14/Mar/2019:13:26:27 -0300] "POST /digitalizacion/servlet/trdocumentos?d516f762e3684153942ab508fcf09182,,gx-no-cache=1552587592087 HTTP/1.1" 200 7076
192.168.10.94 - - [14/Mar/2019:13:26:48 -0300] "POST /digitalizacion/servlet/trdocumentos?d516f762e3684153942ab508fcf09182,,gx-no-cache=1552587613118 HTTP/1.1" 200 7443
190.171.153.50 - - [14/Mar/2019:13:26:49 -0300] "GET /cormun/servlet/solicitudotadjuntos?INS,2019,14648,,1, HTTP/1.1" 200 6398
190.171.153.50 - - [14/Mar/2019:13:26:50 -0300] "GET /cormun/static/about:blank HTTP/1.1" 404 1011
190.171.153.50 - - [14/Mar/2019:13:26:50 -0300] "GET /cormun/servlet/solicitudotadjuntos?INS,2019,14648,,1, HTTP/1.1" 200 6392
190.171.153.50 - - [14/Mar/2019:13:26:50 -0300] "GET /cormun/servlet/solicitudotadjuntos?cb3cc8b0fa8d5a11549b62aeadb1478669788f4e4cd52f431ab937f19db273d835981a308723d862d1000bbc90e2d8d3,gx-no-cache=1552580593532 HTTP/1.1" 200 30
190.171.153.50 - - [14/Mar/2019:13:26:51 -0300] "POST /cormun/servlet/solicitudotadjuntos?7297724c39c23d4c6d496baaa48333b1,INS,2019,14648,,1,,gx-no-cache=1552580593555 HTTP/1.1" 200 4069
192.168.10.94 - - [14/Mar/2019:13:27:05 -0300] "POST /digitalizacion/servlet/trdocumentos?gx-no-cache=1552587630676 HTTP/1.1" 200 128
186.103.159.46 - - [14/Mar/2019:13:27:06 -0300] "GET /cormun/servlet/hlogin HTTP/1.1" 200 1729
192.168.10.94 - - [14/Mar/2019:13:27:06 -0300] "POST /digitalizacion/servlet/trdocumentos?d516f762e3684153942ab508fcf09182,,gx-no-cache=1552587631789 HTTP/1.1" 200 3002
186.103.159.46 - - [14/Mar/2019:13:27:07 -0300] "GET /cormun/servlet/hlogin HTTP/1.1" 200 1735
186.103.159.46 - - [14/Mar/2019:13:27:08 -0300] "GET /favicon.ico HTTP/1.1" 200 21630
192.168.10.94 - - [14/Mar/2019:13:27:08 -0300] "POST /digitalizacion/servlet/trdocumentos?d516f762e3684153942ab508fcf09182,,gx-no-cache=1552587633620 HTTP/1.1" 200 3002
192.168.10.94 - - [14/Mar/2019:13:27:14 -0300] "POST /digitalizacion/servlet/trdocumentos?gx-no-cache=1552587639284 HTTP/1.1" 200 234
192.168.10.94 - - [14/Mar/2019:13:27:17 -0300] "POST /digitalizacion/servlet/trdocumentos?d516f762e3684153942ab508fcf09182,,gx-no-cache=1552587640268 HTTP/1.1" 200 7089
186.103.159.46 - - [14/Mar/2019:13:27:18 -0300] "POST /cormun/servlet/hlogin?946abc330bd232ceb6819f7fe61ead18,gx-no-cache=1552580620460 HTTP/1.1" 200 90
186.103.159.46 - - [14/Mar/2019:13:27:18 -0300] "GET /cormun/servlet/hpexe_link HTTP/1.1" 200 956
186.103.159.46 - - [14/Mar/2019:13:27:19 -0300] "GET /cormun/servlet/hhome HTTP/1.1" 200 4058
186.103.159.46 - - [14/Mar/2019:13:27:21 -0300] "GET /cormun/servlet/hhome HTTP/1.1" 200 4054
192.168.10.96 - - [14/Mar/2019:13:27:27 -0300] "GET /cormun/servlet/trsolicitudgral? HTTP/1.1" 200 28710
186.103.159.46 - - [14/Mar/2019:13:27:28 -0300] "GET /cormun/servlet/trrenuncias? HTTP/1.1" 200 6933
186.103.159.46 - - [14/Mar/2019:13:27:28 -0300] "GET /cormun/static/gxcfg.js?20175251282642 HTTP/1.1" 200 953
192.168.10.96 - - [14/Mar/2019:13:27:28 -0300] "GET /cormun/servlet/hlogin HTTP/1.1" 200 1725
186.103.159.46 - - [14/Mar/2019:13:27:28 -0300] "GET /cormun/static/trrenuncias.js?20175251283179 HTTP/1.1" 200 31174
186.103.159.46 - - [14/Mar/2019:13:27:30 -0300] "GET /cormun/servlet/trrenuncias? HTTP/1.1" 200 6932
190.171.153.50 - - [14/Mar/2019:13:27:34 -0300] "GET /cormun/servlet/trautorizarsolicitud? HTTP/1.1" 200 9484
190.171.153.50 - - [14/Mar/2019:13:27:34 -0300] "GET /cormun/static/gxcfg.js?2017111423403364 HTTP/1.1" 200 953
190.171.153.50 - - [14/Mar/2019:13:27:34 -0300] "GET /cormun/static/trautorizarsolicitud.js?201711142340425 HTTP/1.1" 200 53910
190.171.153.50 - - [14/Mar/2019:13:27:35 -0300] "GET /cormun/servlet/trautorizarsolicitud? HTTP/1.1" 200 9468
186.103.159.46 - - [14/Mar/2019:13:27:37 -0300] "GET /cormun/servlet/renuncias?INS,0, HTTP/1.1" 200 6193
186.103.159.46 - - [14/Mar/2019:13:27:37 -0300] "GET /cormun/static/gxcfg.js?2017426922787 HTTP/1.1" 200 953
186.103.159.46 - - [14/Mar/2019:13:27:37 -0300] "GET /cormun/static/Resources/Spanish/PXTools.css?11294912 HTTP/1.1" 200 89042
186.103.159.46 - - [14/Mar/2019:13:27:37 -0300] "GET /cormun/static/renuncias.js?201742692287 HTTP/1.1" 200 14762
192.168.10.96 - - [14/Mar/2019:13:27:38 -0300] "POST /cormun/servlet/hlogin?ce957fb2e8393ba84d17e7eaeede680a,gx-no-cache=1552587663200 HTTP/1.1" 200 90
192.168.10.96 - - [14/Mar/2019:13:27:38 -0300] "GET /cormun/servlet/hpexe_link HTTP/1.1" 200 959
186.103.159.46 - - [14/Mar/2019:13:27:39 -0300] "GET /cormun/servlet/renuncias?INS,0, HTTP/1.1" 200 6194
192.168.10.96 - - [14/Mar/2019:13:27:40 -0300] "GET /cormun/servlet/trsolicitudgral? HTTP/1.1" 200 28710
190.171.153.50 - - [14/Mar/2019:13:27:46 -0300] "POST /cormun/servlet/trautorizarsolicitud?7297724c39c23d4c6d496baaa48333b1,,gx-no-cache=1552580648716 HTTP/1.1" 200 6175
190.171.153.50 - - [14/Mar/2019:13:27:46 -0300] "GET /cormun/static/Shared/jqueryui/images/ui-bg_highlight-soft_100_c6c2c8_1x100.png HTTP/1.1" 404 1117
190.171.153.50 - - [14/Mar/2019:13:27:46 -0300] "GET /cormun/static/Shared/jqueryui/images/ui-icons_82798d_256x240.png HTTP/1.1" 404 1089
190.171.153.50 - - [14/Mar/2019:13:27:46 -0300] "GET /cormun/static/Shared/jqueryui/images/ui-bg_flat_55_fafafa_40x100.png HTTP/1.1" 404 1097
190.171.153.50 - - [14/Mar/2019:13:27:46 -0300] "GET /cormun/static/Shared/jqueryui/images/ui-icons_8d78a5_256x240.png HTTP/1.1" 404 1089
190.171.153.50 - - [14/Mar/2019:13:27:46 -0300] "POST /cormun/servlet/trautorizarsolicitud?7297724c39c23d4c6d496baaa48333b1,,gx-no-cache=1552580649209 HTTP/1.1" 200 6121
190.171.153.50 - - [14/Mar/2019:13:27:48 -0300] "POST /cormun/servlet/trautorizarsolicitud?7297724c39c23d4c6d496baaa48333b1,,gx-no-cache=1552580650785 HTTP/1.1" 200 5886
190.171.153.50 - - [14/Mar/2019:13:27:48 -0300] "POST /cormun/servlet/trautorizarsolicitud?7297724c39c23d4c6d496baaa48333b1,,gx-no-cache=1552580651039 HTTP/1.1" 200 5832
192.168.10.96 - - [14/Mar/2019:13:27:49 -0300] "GET /cormun/servlet/trsolicitudgral HTTP/1.1" 200 28712
186.103.159.46 - - [14/Mar/2019:13:27:50 -0300] "GET /cormun/servlet/renuncias?ad7260e2fd3046012f3ffe99049664db7f37090b9f7f4bed6659b8e774feda91a2871c55e8ca2f78728dbb04b7313c48,gx-no-cache=1552580652333 HTTP/1.1" 200 33
190.171.153.50 - - [14/Mar/2019:13:27:50 -0300] "POST /cormun/servlet/trautorizarsolicitud?7297724c39c23d4c6d496baaa48333b1,,gx-no-cache=1552580652754 HTTP/1.1" 200 4694
190.171.153.50 - - [14/Mar/2019:13:27:50 -0300] "POST /cormun/servlet/trautorizarsolicitud?7297724c39c23d4c6d496baaa48333b1,,gx-no-cache=1552580652999 HTTP/1.1" 200 4476
192.168.10.96 - - [14/Mar/2019:13:27:55 -0300] "POST /cormun/servlet/trsolicitudgral?ce957fb2e8393ba84d17e7eaeede680a,,gx-no-cache=1552587680472 HTTP/1.1" 200 7339
192.168.10.96 - - [14/Mar/2019:13:28:01 -0300] "GET /cormun/servlet/trsolicitudgral HTTP/1.1" 200 28710
190.171.153.50 - - [14/Mar/2019:13:28:01 -0300] "GET /cormun/servlet/trsolicitudot? HTTP/1.1" 200 8932
190.171.153.50 - - [14/Mar/2019:13:28:02 -0300] "GET /cormun/servlet/trsolicitudot? HTTP/1.1" 200 8932
190.171.153.50 - - [14/Mar/2019:13:28:05 -0300] "POST /cormun/servlet/trsolicitudot?7297724c39c23d4c6d496baaa48333b1,,gx-no-cache=1552580667862 HTTP/1.1" 200 107
190.171.153.50 - - [14/Mar/2019:13:28:05 -0300] "GET /cormun/servlet/trsolicitudadjuntos?2019,14648, HTTP/1.1" 200 10046
190.171.153.50 - - [14/Mar/2019:13:28:06 -0300] "GET /cormun/servlet/trsolicitudadjuntos?2019,14648, HTTP/1.1" 200 10049
190.171.153.50 - - [14/Mar/2019:13:28:12 -0300] "GET /cormun/servlet/trcontratounov2? HTTP/1.1" 200 15896
190.171.153.50 - - [14/Mar/2019:13:28:12 -0300] "GET /cormun/static/gxcfg.js?201752512124396 HTTP/1.1" 200 953
190.171.153.50 - - [14/Mar/2019:13:28:12 -0300] "GET /cormun/static/Resources/PXToolsAddSelectedAction.png HTTP/1.1" 200 3660
190.171.153.50 - - [14/Mar/2019:13:28:12 -0300] "GET /cormun/static/trcontratounov2.js?201752512125146 HTTP/1.1" 200 38486
190.171.153.50 - - [14/Mar/2019:13:28:12 -0300] "GET /cormun//static/Resources/PXToolsActionDisabled.gif HTTP/1.1" 200 53
190.171.153.50 - - [14/Mar/2019:13:28:12 -0300] "GET /cormun/servlet/trcontratounov2? HTTP/1.1" 200 15883
192.168.10.94 - - [14/Mar/2019:13:28:26 -0300] "POST /digitalizacion/servlet/trdocumentos?gx-no-cache=1552587711756 HTTP/1.1" 200 233
192.168.10.94 - - [14/Mar/2019:13:28:34 -0300] "POST /digitalizacion/servlet/trdocumentos?d516f762e3684153942ab508fcf09182,,gx-no-cache=1552587718589 HTTP/1.1" 200 7501
186.103.159.46 - - [14/Mar/2019:13:28:43 -0300] "GET /cormun/static/Resources/resize.gif HTTP/1.1" 200 77
186.103.159.46 - - [14/Mar/2019:13:28:43 -0300] "GET /cormun/servlet/prfichaempleado?,MD,,gxPopupLevel%3D0%3B HTTP/1.1" 200 9354
186.103.159.46 - - [14/Mar/2019:13:28:44 -0300] "GET /cormun/static/gxcfg.js?20177612134814 HTTP/1.1" 200 953
186.103.159.46 - - [14/Mar/2019:13:28:44 -0300] "GET /cormun/static/Resources/PXToolsMenuSearch.png HTTP/1.1" 200 2914
186.103.159.46 - - [14/Mar/2019:13:28:44 -0300] "GET /cormun/static/Resources/PXToolsMenuSearchCancel.png HTTP/1.1" 200 2972
186.103.159.46 - - [14/Mar/2019:13:28:44 -0300] "GET /cormun/static/prfichaempleado.js?20177612134999 HTTP/1.1" 200 16006
186.103.159.46 - - [14/Mar/2019:13:28:44 -0300] "GET /cormun/static/menusearch.js?201610171694467 HTTP/1.1" 200 1424
186.103.159.46 - - [14/Mar/2019:13:28:44 -0300] "GET /cormun/static/hmpwkw011.js?20177612121862 HTTP/1.1" 200 1968
192.168.10.94 - - [14/Mar/2019:13:28:56 -0300] "GET /digitalizacion/servlet/wbadjunto?33268,PU HTTP/1.1" 302 -
192.168.10.94 - - [14/Mar/2019:13:28:56 -0300] "GET /digitalizacion/PublicTempStorage/4354088.tmp HTTP/1.1" 200 826134
190.171.154.42 - - [14/Mar/2019:13:29:10 -0300] "GET /cormun/servlet/hlogin HTTP/1.1" 200 1733
186.103.159.46 - - [14/Mar/2019:13:29:12 -0300] "POST /cormun/servlet/prfichaempleado?946abc330bd232ceb6819f7fe61ead18,,MD,,gxPopupLevel%3D0%3B,gx-no-cache=1552580733814 HTTP/1.1" 200 6451
186.103.159.46 - - [14/Mar/2019:13:29:12 -0300] "GET /cormun/static/Resources/PXToolsGridFirst.gif HTTP/1.1" 200 379
186.103.159.46 - - [14/Mar/2019:13:29:12 -0300] "GET /cormun/static/Resources/PXToolsGridPrevious.gif HTTP/1.1" 200 369
186.103.159.46 - - [14/Mar/2019:13:29:12 -0300] "GET /cormun/static/Resources/PXToolsGridNext.gif HTTP/1.1" 200 369
186.103.159.46 - - [14/Mar/2019:13:29:12 -0300] "GET /cormun/static/Resources/PXToolsGridLast.gif HTTP/1.1" 200 370
186.103.159.46 - - [14/Mar/2019:13:29:18 -0300] "POST /cormun/servlet/prfichaempleado?946abc330bd232ceb6819f7fe61ead18,,MD,,gxPopupLevel%3D0%3B,gx-no-cache=1552580740605 HTTP/1.1" 200 6328
186.103.159.46 - - [14/Mar/2019:13:29:25 -0300] "POST /cormun/servlet/prfichaempleado?946abc330bd232ceb6819f7fe61ead18,,MD,,gxPopupLevel%3D0%3B,gx-no-cache=1552580747154 HTTP/1.1" 200 6439
186.103.159.46 - - [14/Mar/2019:13:29:30 -0300] "POST /cormun/servlet/prfichaempleado?946abc330bd232ceb6819f7fe61ead18,,MD,,gxPopupLevel%3D0%3B,gx-no-cache=1552580752749 HTTP/1.1" 200 6480
186.103.159.46 - - [14/Mar/2019:13:29:41 -0300] "GET /cormun/servlet/renuncias?ad7260e2fd3046012f3ffe99049664dbcd4851473a028f4057f9fcd1a6de5d778fd8eaad66c774ed810b96a82c8e9704,gx-no-cache=1552580763778 HTTP/1.1" 200 69
186.103.159.46 - - [14/Mar/2019:13:29:45 -0300] "GET /cormun/servlet/prcontrato?11547957,,,MD,,gxPopupLevel%3D0%3B HTTP/1.1" 200 7395
186.103.159.46 - - [14/Mar/2019:13:29:45 -0300] "GET /cormun/static/gxcfg.js?20175251232326 HTTP/1.1" 200 953
186.103.159.46 - - [14/Mar/2019:13:29:45 -0300] "GET /cormun/static/prcontrato.js?20175251232552 HTTP/1.1" 200 13820
192.168.10.96 - - [14/Mar/2019:13:31:52 -0300] "GET /cormun/servlet/trfuncionariobloqueados? HTTP/1.1" 200 10493
192.168.10.96 - - [14/Mar/2019:13:31:53 -0300] "GET /cormun/servlet/trfuncionariobloqueados? HTTP/1.1" 200 10493
190.171.153.50 - - [14/Mar/2019:13:31:55 -0300] "GET /cormun/servlet/trsolicitudot? HTTP/1.1" 200 8932
190.171.153.50 - - [14/Mar/2019:13:31:56 -0300] "GET /cormun/servlet/trsolicitudot? HTTP/1.1" 200 8932
190.171.153.50 - - [14/Mar/2019:13:32:40 -0300] "GET /cormun/servlet/trcontratounov2? HTTP/1.1" 200 15889
190.171.153.50 - - [14/Mar/2019:13:32:41 -0300] "GET /cormun/servlet/trcontratounov2? HTTP/1.1" 200 15891
186.103.159.46 - - [14/Mar/2019:13:33:27 -0300] "POST /cormun/servlet/renuncias?946abc330bd232ceb6819f7fe61ead18,INS,0,,gx-no-cache=1552580988817 HTTP/1.1" 200 93
186.103.159.46 - - [14/Mar/2019:13:33:27 -0300] "GET /cormun/servlet/hpexe_return? HTTP/1.1" 200 1009
186.103.159.46 - - [14/Mar/2019:13:33:28 -0300] "GET /cormun/servlet/trrenuncias HTTP/1.1" 200 7672
186.103.159.46 - - [14/Mar/2019:13:33:31 -0300] "GET /cormun/servlet/trrenuncias HTTP/1.1" 200 7668
186.103.159.46 - - [14/Mar/2019:13:33:31 -0300] "GET /cormun//static/Resources/PXToolsGridUpdate.png HTTP/1.1" 200 2984
186.103.159.46 - - [14/Mar/2019:13:33:31 -0300] "GET /cormun//static/Resources/PXToolsGridDelete.png HTTP/1.1" 200 357
186.103.159.46 - - [14/Mar/2019:13:34:18 -0300] "POST /cormun/servlet/trrenuncias?946abc330bd232ceb6819f7fe61ead18,gx-no-cache=1552581040464 HTTP/1.1" 200 4850
186.103.159.46 - - [14/Mar/2019:13:34:35 -0300] "GET /cormun/servlet/arenunciaprn?214,PU HTTP/1.1" 200 1561
192.168.10.96 - - [14/Mar/2019:13:34:37 -0300] "GET /cormun/servlet/trsolicitudgral? HTTP/1.1" 200 10649
192.168.10.96 - - [14/Mar/2019:13:34:37 -0300] "GET /cormun/servlet/trsolicitudgral? HTTP/1.1" 200 10650
192.168.10.96 - - [14/Mar/2019:13:34:45 -0300] "POST /cormun/servlet/trsolicitudgral?ce957fb2e8393ba84d17e7eaeede680a,,gx-no-cache=1552588090641 HTTP/1.1" 200 7699
190.171.153.50 - - [14/Mar/2019:13:35:44 -0300] "GET /cormun/servlet/trsolicitudot? HTTP/1.1" 200 8932
190.171.153.50 - - [14/Mar/2019:13:35:44 -0300] "GET /cormun/servlet/trsolicitudot? HTTP/1.1" 200 8932
192.168.10.94 - - [14/Mar/2019:13:36:33 -0300] "GET /digitalizacion/servlet/wblogin? HTTP/1.1" 200 2349
190.171.153.50 - - [14/Mar/2019:13:36:39 -0300] "GET /cormun/servlet/hlogin HTTP/1.1" 200 1725
186.103.159.46 - - [14/Mar/2019:13:36:49 -0300] "GET /cormun/servlet/renuncias?INS,0, HTTP/1.1" 200 6192
186.103.159.46 - - [14/Mar/2019:13:36:52 -0300] "GET /cormun/servlet/renuncias?INS,0, HTTP/1.1" 200 6192
186.103.159.46 - - [14/Mar/2019:13:36:55 -0300] "GET /cormun/servlet/renuncias?ad7260e2fd3046012f3ffe99049664db7f37090b9f7f4bed6659b8e774feda91a2871c55e8ca2f78728dbb04b7313c48,gx-no-cache=1552581198277 HTTP/1.1" 200 33
190.171.153.50 - - [14/Mar/2019:13:37:00 -0300] "POST /cormun/servlet/hlogin?7297724c39c23d4c6d496baaa48333b1,gx-no-cache=1552581203403 HTTP/1.1" 200 435
190.171.153.50 - - [14/Mar/2019:13:37:13 -0300] "POST /cormun/servlet/hlogin?7297724c39c23d4c6d496baaa48333b1,gx-no-cache=1552581216287 HTTP/1.1" 200 435
186.103.159.46 - - [14/Mar/2019:13:37:19 -0300] "GET /cormun/servlet/prfichaempleado?,MD,,gxPopupLevel%3D0%3B HTTP/1.1" 200 9354
186.103.159.46 - - [14/Mar/2019:13:37:32 -0300] "POST /cormun/servlet/prfichaempleado?946abc330bd232ceb6819f7fe61ead18,,MD,,gxPopupLevel%3D0%3B,gx-no-cache=1552581234413 HTTP/1.1" 200 6268
190.171.153.50 - - [14/Mar/2019:13:37:35 -0300] "POST /cormun/servlet/hlogin?7297724c39c23d4c6d496baaa48333b1,gx-no-cache=1552581238351 HTTP/1.1" 200 435
186.103.159.46 - - [14/Mar/2019:13:37:38 -0300] "POST /cormun/servlet/prfichaempleado?946abc330bd232ceb6819f7fe61ead18,,MD,,gxPopupLevel%3D0%3B,gx-no-cache=1552581240494 HTTP/1.1" 200 6285
186.103.159.46 - - [14/Mar/2019:13:37:45 -0300] "POST /cormun/servlet/prfichaempleado?946abc330bd232ceb6819f7fe61ead18,,MD,,gxPopupLevel%3D0%3B,gx-no-cache=1552581246652 HTTP/1.1" 200 6394
186.103.159.46 - - [14/Mar/2019:13:37:59 -0300] "POST /cormun/servlet/prfichaempleado?946abc330bd232ceb6819f7fe61ead18,,MD,,gxPopupLevel%3D0%3B,gx-no-cache=1552581260263 HTTP/1.1" 200 6271
186.103.159.46 - - [14/Mar/2019:13:38:10 -0300] "POST /cormun/servlet/prfichaempleado?946abc330bd232ceb6819f7fe61ead18,,MD,,gxPopupLevel%3D0%3B,gx-no-cache=1552581270769 HTTP/1.1" 200 6282
190.171.141.90 - - [14/Mar/2019:13:38:35 -0300] "GET /cormun/servlet/trsolicitudot? HTTP/1.1" 200 7416
190.171.141.90 - - [14/Mar/2019:13:38:36 -0300] "GET /cormun/servlet/trsolicitudot? HTTP/1.1" 200 7415
190.171.141.90 - - [14/Mar/2019:13:38:38 -0300] "GET /cormun/servlet/solicitudot?INS,0,0, HTTP/1.1" 200 15035
190.171.141.90 - - [14/Mar/2019:13:38:39 -0300] "GET /cormun/servlet/solicitudot?INS,0,0, HTTP/1.1" 200 15039
186.103.159.46 - - [14/Mar/2019:13:38:42 -0300] "GET /cormun/servlet/prcontrato?17844530,,,MD,,gxPopupLevel%3D0%3B HTTP/1.1" 200 5962
200.54.103.162 - - [14/Mar/2019:13:38:54 -0300] "GET /cormun/servlet/hlogin HTTP/1.1" 200 1726
200.54.103.162 - - [14/Mar/2019:13:38:55 -0300] "GET /cormun/servlet/hlogin HTTP/1.1" 200 1736
200.54.103.162 - - [14/Mar/2019:13:39:00 -0300] "POST /cormun/servlet/hlogin?4b6dd9ab9db2523f64501abeed88f642,gx-no-cache=1552581323344 HTTP/1.1" 200 90
200.54.103.162 - - [14/Mar/2019:13:39:00 -0300] "GET /cormun/servlet/hpexe_link HTTP/1.1" 200 956
200.54.103.162 - - [14/Mar/2019:13:39:00 -0300] "GET /cormun/servlet/hhome HTTP/1.1" 200 4341
190.171.141.90 - - [14/Mar/2019:13:39:01 -0300] "POST /cormun/servlet/solicitudot?gx-no-cache=1552581322759 HTTP/1.1" 200 3549
190.171.141.90 - - [14/Mar/2019:13:39:01 -0300] "POST /cormun/servlet/solicitudot?c077c6e9d57b370d76a0478f6d217842,INS,0,0,,gx-no-cache=1552581322958 HTTP/1.1" 200 11909
200.54.103.162 - - [14/Mar/2019:13:39:03 -0300] "GET /cormun/servlet/hhome HTTP/1.1" 200 4337
200.54.103.162 - - [14/Mar/2019:13:39:05 -0300] "GET /cormun/servlet/trsolicitudot? HTTP/1.1" 200 7558
200.54.103.162 - - [14/Mar/2019:13:39:07 -0300] "GET /cormun/servlet/trsolicitudot? HTTP/1.1" 200 7556
186.103.159.46 - - [14/Mar/2019:13:39:08 -0300] "GET /cormun/servlet/renuncias?ad7260e2fd3046012f3ffe99049664db986a7a98128f65b696abfaa7f6b1134e8fd8eaad66c774ed810b96a82c8e9704,gx-no-cache=1552581330667 HTTP/1.1" 200 175
186.103.159.46 - - [14/Mar/2019:13:39:08 -0300] "GET /cormun/static/Shared/jqueryui/images/ui-bg_highlight-soft_100_c6c2c8_1x100.png HTTP/1.1" 404 1117
186.103.159.46 - - [14/Mar/2019:13:39:08 -0300] "GET /cormun/static/Shared/jqueryui/images/ui-icons_82798d_256x240.png HTTP/1.1" 404 1089
186.103.159.46 - - [14/Mar/2019:13:39:08 -0300] "GET /cormun/static/Shared/jqueryui/images/ui-bg_flat_55_994d53_40x100.png HTTP/1.1" 404 1097
186.103.159.46 - - [14/Mar/2019:13:39:08 -0300] "GET /cormun/static/Shared/jqueryui/images/ui-icons_ebccce_256x240.png HTTP/1.1" 404 1089
190.171.141.90 - - [14/Mar/2019:13:39:14 -0300] "GET /cormun/servlet/solicitudot?20114de8976e00fe7eb2ca62a2e67a7854c866a8eee164642b975c5dffcbf775abc90e28d1969e672314e44564b5e66b,gx-no-cache=1552581336133 HTTP/1.1" 200 30
190.171.141.90 - - [14/Mar/2019:13:39:14 -0300] "GET /cormun/servlet/solicitudot?20114de8976e00fe7eb2ca62a2e67a78115b7df66edea60d3a9a55f7eb8e7f4ad7a0316f230ce92926fafc6d8e159fb7b6f3a3499272e3f352e2af4ed6ee0e69,gx-no-cache=1552581336183 HTTP/1.1" 200 30
190.171.141.90 - - [14/Mar/2019:13:39:14 -0300] "GET /cormun/servlet/solicitudot?20114de8976e00fe7eb2ca62a2e67a784cc89f819acf86ff4df5d41305c0489d,gx-no-cache=1552581336207 HTTP/1.1" 200 53
190.171.141.90 - - [14/Mar/2019:13:39:14 -0300] "POST /cormun/servlet/solicitudot?gx-no-cache=1552581336235 HTTP/1.1" 200 255
190.171.141.90 - - [14/Mar/2019:13:39:14 -0300] "GET /cormun/servlet/solicitudot?20114de8976e00fe7eb2ca62a2e67a7833170f866663ecc31e8eb5c3d8b236c9bac776324f6b362fff135e059d66932f25d0e766c068e97bd8e1c7f32597fc4b45c154981972e3984a4b1b0d19fc60987cded0fe9b46a61a2ed3c72025810e30e0153ba37ad501b610192285cceff3a393fa81a4e2f9e1c4896d30ffc291f9b991ce7bb10d88b855f749018260f2b0d64af9829482e255a06d4702dd06490bb8bdf8e774c6bd19fc9b73b7cb73797b9c7a68d441c04cc08f89b3431f01b792f67f5a38b65df341e871ef6f61577800b4fd43e4fcfd95840bf44c469c9dd7cb34c1f6717d17a6c7229d835c6bf79412dfba3cd61473070e877ba97342c0ff6cf8e489e654768d41db462f2b449d13a718ce8716ab96674b76aca18fe063c08cb826b8e9c412e5fd74542592c23ec3a52f36568166bb32e8226c714fb0d5f0f74d321a290cf2cc67844c20fa4da149944af21897dd68bcf09f2975ab1e77dd3b8c60de82b2eb470cae9fd89b70078c6259b6cacbdf799735a72b3711b72c6d0d7d,gx-no-cache=1552581336270 HTTP/1.1" 200 30
190.171.153.50 - - [14/Mar/2019:13:39:15 -0300] "POST /cormun/servlet/trsolicitudot?7297724c39c23d4c6d496baaa48333b1,,gx-no-cache=1552581337959 HTTP/1.1" 200 107
190.171.153.50 - - [14/Mar/2019:13:39:15 -0300] "GET /cormun/servlet/trsolicitudadjuntos?2019,14648, HTTP/1.1" 200 9109
190.171.153.50 - - [14/Mar/2019:13:39:16 -0300] "GET /cormun/servlet/hlogin HTTP/1.1" 200 1749
190.171.153.50 - - [14/Mar/2019:13:39:16 -0300] "GET /cormun/servlet/trsolicitudadjuntos?2019,14648, HTTP/1.1" 200 9111
190.171.141.90 - - [14/Mar/2019:13:39:17 -0300] "POST /cormun/servlet/solicitudot?gx-no-cache=1552581339183 HTTP/1.1" 200 30
190.171.141.90 - - [14/Mar/2019:13:39:20 -0300] "POST /cormun/servlet/solicitudot?gx-no-cache=1552581341586 HTTP/1.1" 200 1281
190.171.141.90 - - [14/Mar/2019:13:39:20 -0300] "POST /cormun/servlet/solicitudot?gx-no-cache=1552581341630 HTTP/1.1" 200 38
190.171.141.90 - - [14/Mar/2019:13:39:20 -0300] "GET /cormun/servlet/solicitudot?20114de8976e00fe7eb2ca62a2e67a78b8a3513d5d4d4b723d67d126e5ee1ed335239f1390d25ac901a08b46d667e430a3d5b97f466c8a45a64370abce8cde2ff9f5e248785a76ef0c7e781ba31b016d8b2cd7670715d69192cce112234c104321331d2b8fc662f7f580c1013759a0ae,gx-no-cache=1552581341655 HTTP/1.1" 200 110
190.171.153.50 - - [14/Mar/2019:13:39:25 -0300] "POST /cormun/servlet/hlogin?7297724c39c23d4c6d496baaa48333b1,gx-no-cache=1552581348650 HTTP/1.1" 200 465
186.103.159.188 - - [14/Mar/2019:13:39:34 -0300] "GET /cormun/servlet/hlogin HTTP/1.1" 200 1725
190.171.153.50 - - [14/Mar/2019:13:39:35 -0300] "POST /cormun/servlet/hlogin?7297724c39c23d4c6d496baaa48333b1,gx-no-cache=1552581357959 HTTP/1.1" 200 90
190.171.153.50 - - [14/Mar/2019:13:39:35 -0300] "GET /cormun/servlet/hpexe_link HTTP/1.1" 200 966
