192.168.10.96 - - [14/Mar/2019:12:49:08 -0300] "POST /cormun/servlet/trsolicitudgral?ce957fb2e8393ba84d17e7eaeede680a,,gx-no-cache=1552585353789 HTTP/1.1" 200 7309
46.174.191.31 - - [14/Mar/2019:12:49:39 -0300] "GET / HTTP/1.0" 200 11197
190.171.141.90 - - [14/Mar/2019:12:53:15 -0300] "GET /cormun/servlet/trsolicitudot? HTTP/1.1" 200 7403
190.171.141.90 - - [14/Mar/2019:12:53:15 -0300] "GET /cormun/servlet/trsolicitudot? HTTP/1.1" 200 7403
190.171.141.90 - - [14/Mar/2019:12:53:17 -0300] "GET /cormun/servlet/solicitudot?INS,0,0, HTTP/1.1" 200 15022
190.171.141.90 - - [14/Mar/2019:12:53:18 -0300] "GET /cormun/servlet/solicitudot?INS,0,0, HTTP/1.1" 200 15027
190.171.141.90 - - [14/Mar/2019:12:55:12 -0300] "POST /cormun/servlet/solicitudot?gx-no-cache=1552578694078 HTTP/1.1" 200 3450
190.171.141.90 - - [14/Mar/2019:12:55:12 -0300] "POST /cormun/servlet/solicitudot?c077c6e9d57b370d76a0478f6d217842,INS,0,0,,gx-no-cache=1552578694320 HTTP/1.1" 200 11811
190.171.141.90 - - [14/Mar/2019:12:55:14 -0300] "GET /cormun/servlet/solicitudot?20114de8976e00fe7eb2ca62a2e67a788eeac3f595007fa79dfd275945f013ff06519c63acfa4da2c149fe24d1100b47,gx-no-cache=1552578695740 HTTP/1.1" 200 30
186.103.159.204 - - [14/Mar/2019:12:55:27 -0300] "GET /cormun/servlet/hlogin HTTP/1.1" 200 1724
186.103.159.204 - - [14/Mar/2019:12:55:27 -0300] "GET /cormun/servlet/hlogin HTTP/1.1" 200 1732
186.103.159.204 - - [14/Mar/2019:12:55:29 -0300] "POST /cormun/servlet/hlogin?8070156604852a06cb612eac91cc0881,gx-no-cache=1552578706347 HTTP/1.1" 200 90
186.103.159.204 - - [14/Mar/2019:12:55:29 -0300] "GET /cormun/servlet/hpexe_link HTTP/1.1" 200 948
186.103.159.204 - - [14/Mar/2019:12:55:29 -0300] "GET /cormun/servlet/hhome HTTP/1.1" 200 4016
186.103.159.204 - - [14/Mar/2019:12:55:30 -0300] "GET /cormun/servlet/hhome HTTP/1.1" 200 4012
186.103.159.204 - - [14/Mar/2019:12:55:33 -0300] "GET /cormun/servlet/trlicencias? HTTP/1.1" 200 8323
186.103.159.204 - - [14/Mar/2019:12:55:33 -0300] "GET /cormun/servlet/trlicencias? HTTP/1.1" 200 8320
190.171.144.234 - - [14/Mar/2019:12:56:02 -0300] "GET /cormun/servlet/hlogin HTTP/1.1" 200 1717
190.171.144.234 - - [14/Mar/2019:12:56:02 -0300] "GET /cormun/servlet/hlogin HTTP/1.1" 200 1727
190.171.144.234 - - [14/Mar/2019:12:56:14 -0300] "POST /cormun/servlet/hlogin?2c2cab36e785a5066adf3ee256f15a48,gx-no-cache=1552578756344 HTTP/1.1" 200 90
190.171.144.234 - - [14/Mar/2019:12:56:14 -0300] "GET /cormun/servlet/hpexe_link HTTP/1.1" 200 947
190.171.144.234 - - [14/Mar/2019:12:56:14 -0300] "GET /cormun/servlet/hhome HTTP/1.1" 200 4013
190.171.144.234 - - [14/Mar/2019:12:56:15 -0300] "GET /cormun/servlet/hhome HTTP/1.1" 200 4010
190.171.144.234 - - [14/Mar/2019:12:56:19 -0300] "GET /cormun/servlet/trlicencias? HTTP/1.1" 200 8372
190.171.144.234 - - [14/Mar/2019:12:56:19 -0300] "GET /cormun/servlet/trlicencias? HTTP/1.1" 200 8369
190.171.141.90 - - [14/Mar/2019:12:57:05 -0300] "POST /cormun/servlet/solicitudot?c077c6e9d57b370d76a0478f6d217842,INS,0,0,,gx-no-cache=1552578806609 HTTP/1.1" 200 11987
190.171.141.90 - - [14/Mar/2019:12:57:05 -0300] "GET /cormun/static/Shared/jqueryui/images/ui-bg_highlight-soft_100_c6c2c8_1x100.png HTTP/1.1" 404 1117
190.171.141.90 - - [14/Mar/2019:12:57:05 -0300] "GET /cormun/static/Shared/jqueryui/images/ui-bg_flat_55_fafafa_40x100.png HTTP/1.1" 404 1097
190.171.141.90 - - [14/Mar/2019:12:57:05 -0300] "GET /cormun/static/Shared/jqueryui/images/ui-icons_8d78a5_256x240.png HTTP/1.1" 404 1089
190.171.141.90 - - [14/Mar/2019:12:57:05 -0300] "GET /cormun/static/Shared/jqueryui/images/ui-icons_82798d_256x240.png HTTP/1.1" 404 1089
190.171.144.234 - - [14/Mar/2019:12:57:07 -0300] "GET /cormun/servlet/trvacaciones? HTTP/1.1" 200 6887
190.171.144.234 - - [14/Mar/2019:12:57:07 -0300] "GET /cormun/static/gxcfg.js?201761221242035 HTTP/1.1" 200 953
190.171.144.234 - - [14/Mar/2019:12:57:07 -0300] "GET /cormun/static/trvacaciones.js?201761221242452 HTTP/1.1" 200 32368
190.171.144.234 - - [14/Mar/2019:12:57:07 -0300] "GET /cormun/servlet/trvacaciones? HTTP/1.1" 200 6887
190.171.141.90 - - [14/Mar/2019:12:57:27 -0300] "GET /cormun/servlet/solicitudot?20114de8976e00fe7eb2ca62a2e67a786a0025313c6f23898eaafa287ad5cdd57f077b883093f4bd893a0ecce3538bf106519c63acfa4da2c149fe24d1100b47,gx-no-cache=1552578828928 HTTP/1.1" 200 30
190.171.141.90 - - [14/Mar/2019:12:57:27 -0300] "GET /cormun/servlet/solicitudot?20114de8976e00fe7eb2ca62a2e67a782fd03077c80be44c1f20ec0399af56d5,gx-no-cache=1552578828966 HTTP/1.1" 200 29
190.171.141.90 - - [14/Mar/2019:12:57:28 -0300] "POST /cormun/servlet/solicitudot?gx-no-cache=1552578830341 HTTP/1.1" 200 255
190.171.141.90 - - [14/Mar/2019:12:57:30 -0300] "GET /cormun/servlet/solicitudot?20114de8976e00fe7eb2ca62a2e67a7833170f866663ecc31e8eb5c3d8b236c9bac776324f6b362fff135e059d66932f25d0e766c068e97bd8e1c7f32597fc4b45c154981972e3984a4b1b0d19fc60987cded0fe9b46a61a2ed3c72025810e30e0153ba37ad501b610192285cceff3a393fa81a4e2f9e1c4896d30ffc291f9b991ce7bb10d88b855f749018260f2b0d64af9829482e255a06d4702dd06490bb8bdf8e774c6bd19fc9b73b7cb73797b9c7a68d441c04cc08f89b3431f01b792f67f5a38b65df341e871ef6f61577800b4fd43e4fcfd95840bf44c469c9dd7cb34c1f6717d17a6c7229d835c6bf79412dfba3cd61473070e877ba97342c0ff6cf8e489e654768d41db462f2b449d13a718ce8716ab96674b76aca18fe063c08cb826b8e9c412e5fd74542592c23ec3a52f36568166bb32e8226c714fb0d5f0f74d321a290cf2cc67844c20fa4da149944af21897dd68bcf09f2975ab1e77dd3b8c60de82b2eb470cae9fd89b70078c6259b6cacbdf799735a72b3711b72c6d0d7d,gx-no-cache=1552578831919 HTTP/1.1" 200 30
190.171.141.90 - - [14/Mar/2019:12:57:33 -0300] "POST /cormun/servlet/solicitudot?gx-no-cache=1552578834789 HTTP/1.1" 200 30
190.171.141.90 - - [14/Mar/2019:12:57:34 -0300] "POST /cormun/servlet/solicitudot?gx-no-cache=1552578835573 HTTP/1.1" 200 1277
190.171.141.90 - - [14/Mar/2019:12:57:34 -0300] "POST /cormun/servlet/solicitudot?gx-no-cache=1552578835744 HTTP/1.1" 200 38
190.171.141.90 - - [14/Mar/2019:12:57:44 -0300] "GET /cormun/servlet/solicitudot?20114de8976e00fe7eb2ca62a2e67a78b8a3513d5d4d4b723d67d126e5ee1ed335239f1390d25ac901a08b46d667e430a3d5b97f466c8a45a64370abce8cde2ff9f5e248785a76ef0c7e781ba31b016d8b2cd7670715d69192cce112234c104321331d2b8fc662f7f580c1013759a0ae,gx-no-cache=1552578845585 HTTP/1.1" 200 110
190.171.141.90 - - [14/Mar/2019:12:58:06 -0300] "POST /cormun/servlet/solicitudot?gx-no-cache=1552578867542 HTTP/1.1" 200 97
190.171.141.90 - - [14/Mar/2019:12:58:22 -0300] "GET /cormun/servlet/solicitudot?20114de8976e00fe7eb2ca62a2e67a78143f5278ac737d714d11e743e936f6e6972d9d55c5aacd7b1214adf94a1cb9cf752a1354b26739f50b6ce6776f0e53eddd9931ee6e582b42d86fee9aff7af3b2e1fb322d2bee99345a765cec51c3f217d91890c29977ed8f20a09d515dbf647c,gx-no-cache=1552578884240 HTTP/1.1" 200 29
190.171.141.90 - - [14/Mar/2019:12:58:22 -0300] "GET /cormun/static/menuarrow.gif HTTP/1.1" 404 1015
190.171.141.90 - - [14/Mar/2019:12:58:25 -0300] "GET /cormun/servlet/solicitudot?20114de8976e00fe7eb2ca62a2e67a782e41d78200be1e721c81c09dd255b9e540d21de8797229f5d1a0a08f0ce847d4,gx-no-cache=1552578886695 HTTP/1.1" 200 30
190.171.141.90 - - [14/Mar/2019:12:58:36 -0300] "POST /cormun/servlet/solicitudot?gx-no-cache=1552578897945 HTTP/1.1" 200 30
190.171.141.90 - - [14/Mar/2019:12:58:39 -0300] "POST /cormun/servlet/solicitudot?c077c6e9d57b370d76a0478f6d217842,INS,0,0,,gx-no-cache=1552578900342 HTTP/1.1" 200 93
190.171.141.90 - - [14/Mar/2019:12:58:39 -0300] "GET /cormun/servlet/hpexe_return? HTTP/1.1" 200 1008
190.171.141.90 - - [14/Mar/2019:12:58:39 -0300] "GET /cormun/servlet/trsolicitudot HTTP/1.1" 200 8764
190.171.141.90 - - [14/Mar/2019:12:58:39 -0300] "GET /cormun/servlet/trsolicitudot HTTP/1.1" 200 8760
190.171.141.90 - - [14/Mar/2019:12:59:46 -0300] "POST /cormun/servlet/trsolicitudot?c077c6e9d57b370d76a0478f6d217842,gx-no-cache=1552578967358 HTTP/1.1" 200 107
190.171.141.90 - - [14/Mar/2019:12:59:46 -0300] "GET /cormun/servlet/trsolicitudadjuntos?2019,14691, HTTP/1.1" 200 6287
190.171.141.90 - - [14/Mar/2019:12:59:46 -0300] "GET /cormun/servlet/trsolicitudadjuntos?2019,14691, HTTP/1.1" 200 6286
190.171.141.90 - - [14/Mar/2019:12:59:48 -0300] "GET /cormun/servlet/solicitudotadjuntos?INS,2019,14691,,1, HTTP/1.1" 200 6229
190.171.141.90 - - [14/Mar/2019:12:59:48 -0300] "GET /cormun/static/about:blank HTTP/1.1" 404 1011
190.171.141.90 - - [14/Mar/2019:12:59:48 -0300] "GET /cormun/servlet/solicitudotadjuntos?INS,2019,14691,,1, HTTP/1.1" 200 6223
190.171.141.90 - - [14/Mar/2019:12:59:49 -0300] "GET /cormun/servlet/solicitudotadjuntos?20114de8976e00fe7eb2ca62a2e67a78093cd814f1bd80b224ef926bf11fddaeaa936e6185e3a068edeb3d470fdf4d78,gx-no-cache=1552578970516 HTTP/1.1" 200 30
190.171.141.90 - - [14/Mar/2019:12:59:49 -0300] "POST /cormun/servlet/solicitudotadjuntos?c077c6e9d57b370d76a0478f6d217842,INS,2019,14691,,1,,gx-no-cache=1552578970554 HTTP/1.1" 200 4094
190.171.141.90 - - [14/Mar/2019:12:59:51 -0300] "POST /cormun/servlet/solicitudotadjuntos?gx-no-cache=1552578972662 HTTP/1.1" 200 26
190.171.141.90 - - [14/Mar/2019:12:59:55 -0300] "GET /cormun/servlet/solicitudotadjuntos?20114de8976e00fe7eb2ca62a2e67a786942df2358e0bcf90da9fd0e94b843aa,gx-no-cache=1552578976613 HTTP/1.1" 200 30
190.171.141.90 - - [14/Mar/2019:12:59:55 -0300] "GET /cormun/servlet/solicitudotadjuntos?20114de8976e00fe7eb2ca62a2e67a786942df2358e0bcf90da9fd0e94b843aa,gx-no-cache=1552578976712 HTTP/1.1" 200 30
190.171.141.90 - - [14/Mar/2019:12:59:55 -0300] "POST /cormun/servlet/solicitudotadjuntos?c077c6e9d57b370d76a0478f6d217842,INS,2019,14691,,1, HTTP/1.1" 200 116
190.171.141.90 - - [14/Mar/2019:12:59:55 -0300] "GET /cormun/servlet/hpexe_return? HTTP/1.1" 200 1029
190.171.141.90 - - [14/Mar/2019:12:59:55 -0300] "GET /cormun/servlet/trsolicitudadjuntos?2019,14691, HTTP/1.1" 200 8877
190.171.141.90 - - [14/Mar/2019:12:59:56 -0300] "GET /cormun/servlet/trsolicitudadjuntos?2019,14691, HTTP/1.1" 200 8872
190.171.141.90 - - [14/Mar/2019:12:59:58 -0300] "GET /cormun/servlet/solicitudotadjuntos?INS,2019,14691,,1, HTTP/1.1" 200 6229
190.171.141.90 - - [14/Mar/2019:12:59:58 -0300] "GET /cormun/static/about:blank HTTP/1.1" 404 1011
190.171.141.90 - - [14/Mar/2019:12:59:58 -0300] "GET /cormun/servlet/solicitudotadjuntos?INS,2019,14691,,1, HTTP/1.1" 200 6223
186.103.159.188 - - [14/Mar/2019:12:59:58 -0300] "GET /cormun/servlet/hlogin HTTP/1.1" 200 1729
190.171.141.90 - - [14/Mar/2019:12:59:59 -0300] "GET /cormun/servlet/solicitudotadjuntos?20114de8976e00fe7eb2ca62a2e67a78093cd814f1bd80b224ef926bf11fddaeaa936e6185e3a068edeb3d470fdf4d78,gx-no-cache=1552578980543 HTTP/1.1" 200 30
190.171.141.90 - - [14/Mar/2019:12:59:59 -0300] "POST /cormun/servlet/solicitudotadjuntos?c077c6e9d57b370d76a0478f6d217842,INS,2019,14691,,1,,gx-no-cache=1552578980574 HTTP/1.1" 200 4094
186.103.159.188 - - [14/Mar/2019:13:00:20 -0300] "POST /cormun/servlet/hlogin?c74599798d2dddce8367b56ec237b283,gx-no-cache=1552579001744 HTTP/1.1" 200 90
186.103.159.188 - - [14/Mar/2019:13:00:21 -0300] "GET /cormun/servlet/hpexe_link HTTP/1.1" 200 952
186.103.159.188 - - [14/Mar/2019:13:00:21 -0300] "GET /cormun/servlet/hhome HTTP/1.1" 200 4235
186.103.159.188 - - [14/Mar/2019:13:00:22 -0300] "GET /cormun/servlet/hhome HTTP/1.1" 200 4231
186.103.159.188 - - [14/Mar/2019:13:00:28 -0300] "GET /cormun/servlet/trsolicitudot? HTTP/1.1" 200 8831
186.103.159.188 - - [14/Mar/2019:13:00:29 -0300] "GET /cormun/servlet/trsolicitudot? HTTP/1.1" 200 8829
186.103.159.188 - - [14/Mar/2019:13:00:37 -0300] "GET /cormun/static/menuarrow.gif HTTP/1.1" 404 1015
190.171.141.90 - - [14/Mar/2019:13:00:37 -0300] "POST /cormun/servlet/solicitudotadjuntos?gx-no-cache=1552579019028 HTTP/1.1" 200 26
186.103.159.188 - - [14/Mar/2019:13:00:48 -0300] "POST /cormun/servlet/trsolicitudot?c74599798d2dddce8367b56ec237b283,,gx-no-cache=1552579028333 HTTP/1.1" 200 22736
190.171.141.90 - - [14/Mar/2019:13:00:48 -0300] "GET /cormun/servlet/solicitudotadjuntos?20114de8976e00fe7eb2ca62a2e67a786942df2358e0bcf90da9fd0e94b843aa,gx-no-cache=1552579029828 HTTP/1.1" 200 30
190.171.141.90 - - [14/Mar/2019:13:00:48 -0300] "GET /cormun/servlet/solicitudotadjuntos?20114de8976e00fe7eb2ca62a2e67a786942df2358e0bcf90da9fd0e94b843aa,gx-no-cache=1552579029871 HTTP/1.1" 200 30
190.171.141.90 - - [14/Mar/2019:13:00:48 -0300] "POST /cormun/servlet/solicitudotadjuntos?c077c6e9d57b370d76a0478f6d217842,INS,2019,14691,,1, HTTP/1.1" 200 116
190.171.141.90 - - [14/Mar/2019:13:00:48 -0300] "GET /cormun/servlet/hpexe_return? HTTP/1.1" 200 1029
190.171.141.90 - - [14/Mar/2019:13:00:49 -0300] "GET /cormun/servlet/trsolicitudadjuntos?2019,14691, HTTP/1.1" 200 9105
190.171.141.90 - - [14/Mar/2019:13:00:49 -0300] "GET /cormun/servlet/trsolicitudadjuntos?2019,14691, HTTP/1.1" 200 9102
190.171.141.90 - - [14/Mar/2019:13:00:51 -0300] "GET /cormun/servlet/solicitudotadjuntos?INS,2019,14691,,1, HTTP/1.1" 200 6229
190.171.141.90 - - [14/Mar/2019:13:00:51 -0300] "GET /cormun/static/about:blank HTTP/1.1" 404 1011
190.171.141.90 - - [14/Mar/2019:13:00:51 -0300] "GET /cormun/servlet/solicitudotadjuntos?INS,2019,14691,,1, HTTP/1.1" 200 6223
190.171.141.90 - - [14/Mar/2019:13:00:52 -0300] "GET /cormun/servlet/solicitudotadjuntos?20114de8976e00fe7eb2ca62a2e67a78093cd814f1bd80b224ef926bf11fddaeaa936e6185e3a068edeb3d470fdf4d78,gx-no-cache=1552579033817 HTTP/1.1" 200 30
190.171.141.90 - - [14/Mar/2019:13:00:52 -0300] "POST /cormun/servlet/solicitudotadjuntos?c077c6e9d57b370d76a0478f6d217842,INS,2019,14691,,1,,gx-no-cache=1552579033853 HTTP/1.1" 200 4094
190.171.141.90 - - [14/Mar/2019:13:00:54 -0300] "POST /cormun/servlet/solicitudotadjuntos?gx-no-cache=1552579036332 HTTP/1.1" 200 26
190.171.141.90 - - [14/Mar/2019:13:01:18 -0300] "GET /cormun/servlet/solicitudotadjuntos?20114de8976e00fe7eb2ca62a2e67a786942df2358e0bcf90da9fd0e94b843aa,gx-no-cache=1552579059972 HTTP/1.1" 200 30
190.171.141.90 - - [14/Mar/2019:13:01:18 -0300] "GET /cormun/servlet/solicitudotadjuntos?20114de8976e00fe7eb2ca62a2e67a786942df2358e0bcf90da9fd0e94b843aa,gx-no-cache=1552579060058 HTTP/1.1" 200 30
190.171.141.90 - - [14/Mar/2019:13:01:19 -0300] "POST /cormun/servlet/solicitudotadjuntos?c077c6e9d57b370d76a0478f6d217842,INS,2019,14691,,1, HTTP/1.1" 200 116
190.171.141.90 - - [14/Mar/2019:13:01:19 -0300] "GET /cormun/servlet/hpexe_return? HTTP/1.1" 200 1029
190.171.141.90 - - [14/Mar/2019:13:01:19 -0300] "GET /cormun/servlet/trsolicitudadjuntos?2019,14691, HTTP/1.1" 200 9275
190.171.141.90 - - [14/Mar/2019:13:01:19 -0300] "GET /cormun/servlet/trsolicitudadjuntos?2019,14691, HTTP/1.1" 200 9272
190.171.141.90 - - [14/Mar/2019:13:01:22 -0300] "GET /cormun/PublicTempStorage/doc021276201903141300024470357.pdf HTTP/1.1" 200 147529
190.171.141.90 - - [14/Mar/2019:13:01:25 -0300] "GET /cormun/servlet/trsolicitudadjuntos?2019,14691, HTTP/1.1" 200 9272
190.171.141.90 - - [14/Mar/2019:13:01:25 -0300] "GET /cormun/servlet/trsolicitudadjuntos?2019,14691, HTTP/1.1" 200 9270
190.171.141.90 - - [14/Mar/2019:13:01:27 -0300] "GET /cormun/servlet/solicitudotadjuntos?INS,2019,14691,,1, HTTP/1.1" 200 6229
190.171.141.90 - - [14/Mar/2019:13:01:27 -0300] "GET /cormun/static/about:blank HTTP/1.1" 404 1011
190.171.141.90 - - [14/Mar/2019:13:01:27 -0300] "GET /cormun/servlet/solicitudotadjuntos?INS,2019,14691,,1, HTTP/1.1" 200 6223
190.171.141.90 - - [14/Mar/2019:13:01:28 -0300] "GET /cormun/servlet/solicitudotadjuntos?20114de8976e00fe7eb2ca62a2e67a78093cd814f1bd80b224ef926bf11fddaeaa936e6185e3a068edeb3d470fdf4d78,gx-no-cache=1552579069658 HTTP/1.1" 200 30
190.171.141.90 - - [14/Mar/2019:13:01:28 -0300] "POST /cormun/servlet/solicitudotadjuntos?c077c6e9d57b370d76a0478f6d217842,INS,2019,14691,,1,,gx-no-cache=1552579069694 HTTP/1.1" 200 4094
190.171.141.90 - - [14/Mar/2019:13:01:54 -0300] "POST /cormun/servlet/solicitudotadjuntos?gx-no-cache=1552579095990 HTTP/1.1" 200 26
190.171.141.90 - - [14/Mar/2019:13:02:02 -0300] "GET /cormun/servlet/solicitudotadjuntos?20114de8976e00fe7eb2ca62a2e67a786942df2358e0bcf90da9fd0e94b843aa,gx-no-cache=1552579103839 HTTP/1.1" 200 30
190.171.141.90 - - [14/Mar/2019:13:02:02 -0300] "GET /cormun/servlet/solicitudotadjuntos?20114de8976e00fe7eb2ca62a2e67a786942df2358e0bcf90da9fd0e94b843aa,gx-no-cache=1552579103901 HTTP/1.1" 200 30
190.171.141.90 - - [14/Mar/2019:13:02:03 -0300] "POST /cormun/servlet/solicitudotadjuntos?c077c6e9d57b370d76a0478f6d217842,INS,2019,14691,,1, HTTP/1.1" 200 116
190.171.141.90 - - [14/Mar/2019:13:02:03 -0300] "GET /cormun/servlet/hpexe_return? HTTP/1.1" 200 1029
190.171.141.90 - - [14/Mar/2019:13:02:03 -0300] "GET /cormun/servlet/trsolicitudadjuntos?2019,14691, HTTP/1.1" 200 9509
190.171.141.90 - - [14/Mar/2019:13:02:04 -0300] "GET /cormun/servlet/trsolicitudadjuntos?2019,14691, HTTP/1.1" 200 9507
190.171.141.90 - - [14/Mar/2019:13:02:06 -0300] "GET /cormun/servlet/solicitudotadjuntos?INS,2019,14691,,1, HTTP/1.1" 200 6229
190.171.141.90 - - [14/Mar/2019:13:02:06 -0300] "GET /cormun/static/about:blank HTTP/1.1" 404 1011
190.171.141.90 - - [14/Mar/2019:13:02:06 -0300] "GET /cormun/servlet/solicitudotadjuntos?INS,2019,14691,,1, HTTP/1.1" 200 6223
190.171.141.90 - - [14/Mar/2019:13:02:07 -0300] "GET /cormun/servlet/solicitudotadjuntos?20114de8976e00fe7eb2ca62a2e67a78093cd814f1bd80b224ef926bf11fddaeaa936e6185e3a068edeb3d470fdf4d78,gx-no-cache=1552579108682 HTTP/1.1" 200 30
190.171.141.90 - - [14/Mar/2019:13:02:07 -0300] "POST /cormun/servlet/solicitudotadjuntos?c077c6e9d57b370d76a0478f6d217842,INS,2019,14691,,1,,gx-no-cache=1552579108742 HTTP/1.1" 200 4094
190.171.141.90 - - [14/Mar/2019:13:02:09 -0300] "POST /cormun/servlet/solicitudotadjuntos?gx-no-cache=1552579110925 HTTP/1.1" 200 26
190.171.141.90 - - [14/Mar/2019:13:02:45 -0300] "GET /cormun/servlet/solicitudotadjuntos?20114de8976e00fe7eb2ca62a2e67a786942df2358e0bcf90da9fd0e94b843aa,gx-no-cache=1552579146469 HTTP/1.1" 200 30
190.171.141.90 - - [14/Mar/2019:13:02:45 -0300] "GET /cormun/servlet/solicitudotadjuntos?20114de8976e00fe7eb2ca62a2e67a786942df2358e0bcf90da9fd0e94b843aa,gx-no-cache=1552579146596 HTTP/1.1" 200 30
190.171.141.90 - - [14/Mar/2019:13:02:51 -0300] "POST /cormun/servlet/solicitudotadjuntos?c077c6e9d57b370d76a0478f6d217842,INS,2019,14691,,1, HTTP/1.1" 200 116
190.171.141.90 - - [14/Mar/2019:13:02:51 -0300] "GET /cormun/servlet/hpexe_return? HTTP/1.1" 200 1029
190.171.141.90 - - [14/Mar/2019:13:02:51 -0300] "GET /cormun/servlet/trsolicitudadjuntos?2019,14691, HTTP/1.1" 200 9757
190.171.141.90 - - [14/Mar/2019:13:02:52 -0300] "GET /cormun/servlet/trsolicitudadjuntos?2019,14691, HTTP/1.1" 200 9754
190.171.141.90 - - [14/Mar/2019:13:02:54 -0300] "GET /cormun/servlet/solicitudotadjuntos?INS,2019,14691,,1, HTTP/1.1" 200 6229
190.171.141.90 - - [14/Mar/2019:13:02:54 -0300] "GET /cormun/static/about:blank HTTP/1.1" 404 1011
190.171.141.90 - - [14/Mar/2019:13:02:55 -0300] "GET /cormun/servlet/solicitudotadjuntos?INS,2019,14691,,1, HTTP/1.1" 200 6223
190.171.141.90 - - [14/Mar/2019:13:02:55 -0300] "GET /cormun/servlet/solicitudotadjuntos?20114de8976e00fe7eb2ca62a2e67a78093cd814f1bd80b224ef926bf11fddaeaa936e6185e3a068edeb3d470fdf4d78,gx-no-cache=1552579157001 HTTP/1.1" 200 30
190.171.141.90 - - [14/Mar/2019:13:02:56 -0300] "POST /cormun/servlet/solicitudotadjuntos?c077c6e9d57b370d76a0478f6d217842,INS,2019,14691,,1,,gx-no-cache=1552579157455 HTTP/1.1" 200 4094
190.171.141.90 - - [14/Mar/2019:13:03:37 -0300] "POST /cormun/servlet/solicitudotadjuntos?gx-no-cache=1552579198766 HTTP/1.1" 200 26
190.171.141.90 - - [14/Mar/2019:13:03:43 -0300] "GET /cormun/servlet/solicitudotadjuntos?20114de8976e00fe7eb2ca62a2e67a786942df2358e0bcf90da9fd0e94b843aa,gx-no-cache=1552579205107 HTTP/1.1" 200 30
190.171.141.90 - - [14/Mar/2019:13:03:43 -0300] "GET /cormun/servlet/solicitudotadjuntos?20114de8976e00fe7eb2ca62a2e67a786942df2358e0bcf90da9fd0e94b843aa,gx-no-cache=1552579205131 HTTP/1.1" 200 30
190.171.141.90 - - [14/Mar/2019:13:03:44 -0300] "POST /cormun/servlet/solicitudotadjuntos?c077c6e9d57b370d76a0478f6d217842,INS,2019,14691,,1, HTTP/1.1" 200 6491
190.171.141.90 - - [14/Mar/2019:13:03:44 -0300] "GET /home/sistema/apache-tomcat-7.0.65/webapps/cormun/PrivateTempStorage/upload_00007183.pdf HTTP/1.1" 404 1135
190.171.141.90 - - [14/Mar/2019:13:03:44 -0300] "GET /cormun/static/Shared/jqueryui/images/ui-icons_ebccce_256x240.png HTTP/1.1" 404 1089
190.171.141.90 - - [14/Mar/2019:13:03:44 -0300] "GET /cormun/static/Shared/jqueryui/images/ui-bg_flat_55_994d53_40x100.png HTTP/1.1" 404 1097
190.171.141.90 - - [14/Mar/2019:13:03:44 -0300] "GET /cormun/static/Shared/jqueryui/images/ui-bg_highlight-soft_100_c6c2c8_1x100.png HTTP/1.1" 404 1117
190.171.141.90 - - [14/Mar/2019:13:03:44 -0300] "GET /cormun/static/Shared/jqueryui/images/ui-icons_82798d_256x240.png HTTP/1.1" 404 1089
190.171.141.90 - - [14/Mar/2019:13:03:44 -0300] "GET /cormun/PrivateTempStorage/upload_00007183.pdf HTTP/1.1" 200 195777
190.171.141.90 - - [14/Mar/2019:13:03:51 -0300] "POST /cormun/servlet/solicitudotadjuntos?c077c6e9d57b370d76a0478f6d217842,INS,2019,14691,,1,,gx-no-cache=1552579212757 HTTP/1.1" 200 93
190.171.141.90 - - [14/Mar/2019:13:03:51 -0300] "GET /cormun/servlet/hpexe_return? HTTP/1.1" 200 1029
190.171.141.90 - - [14/Mar/2019:13:03:52 -0300] "GET /cormun/servlet/trsolicitudadjuntos?2019,14691, HTTP/1.1" 200 9753
190.171.141.90 - - [14/Mar/2019:13:03:52 -0300] "GET /cormun/servlet/trsolicitudadjuntos?2019,14691, HTTP/1.1" 200 9755
190.171.141.90 - - [14/Mar/2019:13:03:55 -0300] "GET /cormun/servlet/solicitudotadjuntos?INS,2019,14691,,1, HTTP/1.1" 200 6229
190.171.141.90 - - [14/Mar/2019:13:03:55 -0300] "GET /cormun/static/about:blank HTTP/1.1" 404 1011
190.171.141.90 - - [14/Mar/2019:13:03:55 -0300] "GET /cormun/servlet/solicitudotadjuntos?INS,2019,14691,,1, HTTP/1.1" 200 6223
190.171.141.90 - - [14/Mar/2019:13:03:56 -0300] "GET /cormun/servlet/solicitudotadjuntos?20114de8976e00fe7eb2ca62a2e67a78093cd814f1bd80b224ef926bf11fddaeaa936e6185e3a068edeb3d470fdf4d78,gx-no-cache=1552579217815 HTTP/1.1" 200 30
190.171.141.90 - - [14/Mar/2019:13:03:56 -0300] "POST /cormun/servlet/solicitudotadjuntos?c077c6e9d57b370d76a0478f6d217842,INS,2019,14691,,1,,gx-no-cache=1552579217894 HTTP/1.1" 200 4094
190.171.141.90 - - [14/Mar/2019:13:03:58 -0300] "POST /cormun/servlet/solicitudotadjuntos?gx-no-cache=1552579220171 HTTP/1.1" 200 26
190.171.141.90 - - [14/Mar/2019:13:04:03 -0300] "GET /cormun/servlet/solicitudotadjuntos?20114de8976e00fe7eb2ca62a2e67a786942df2358e0bcf90da9fd0e94b843aa,gx-no-cache=1552579224779 HTTP/1.1" 200 30
190.171.141.90 - - [14/Mar/2019:13:04:03 -0300] "GET /cormun/servlet/solicitudotadjuntos?20114de8976e00fe7eb2ca62a2e67a786942df2358e0bcf90da9fd0e94b843aa,gx-no-cache=1552579224812 HTTP/1.1" 200 30
190.171.141.90 - - [14/Mar/2019:13:04:03 -0300] "POST /cormun/servlet/solicitudotadjuntos?c077c6e9d57b370d76a0478f6d217842,INS,2019,14691,,1, HTTP/1.1" 200 116
190.171.141.90 - - [14/Mar/2019:13:04:03 -0300] "GET /cormun/servlet/hpexe_return? HTTP/1.1" 200 1029
190.171.141.90 - - [14/Mar/2019:13:04:04 -0300] "GET /cormun/servlet/trsolicitudadjuntos?2019,14691, HTTP/1.1" 200 9980
190.171.141.90 - - [14/Mar/2019:13:04:05 -0300] "GET /cormun/servlet/trsolicitudadjuntos?2019,14691, HTTP/1.1" 200 9977
190.171.141.90 - - [14/Mar/2019:13:04:06 -0300] "GET /cormun/PublicTempStorage/doc021279201903141302143211126.pdf HTTP/1.1" 200 195777
190.171.141.90 - - [14/Mar/2019:13:04:09 -0300] "GET /cormun/servlet/trsolicitudadjuntos?2019,14691, HTTP/1.1" 200 9975
190.171.141.90 - - [14/Mar/2019:13:04:10 -0300] "GET /cormun/servlet/trsolicitudadjuntos?2019,14691, HTTP/1.1" 200 9976
190.171.141.90 - - [14/Mar/2019:13:04:12 -0300] "POST /cormun/servlet/trsolicitudadjuntos?c077c6e9d57b370d76a0478f6d217842,2019,14691,,gx-no-cache=1552579233510 HTTP/1.1" 200 90
190.171.141.90 - - [14/Mar/2019:13:04:12 -0300] "GET /cormun/servlet/hpexe_link HTTP/1.1" 200 970
190.171.141.90 - - [14/Mar/2019:13:04:12 -0300] "GET /cormun/servlet/trsolicitudot HTTP/1.1" 200 8762
190.171.141.90 - - [14/Mar/2019:13:04:13 -0300] "GET /cormun/servlet/trsolicitudot HTTP/1.1" 200 8760
190.171.141.90 - - [14/Mar/2019:13:04:15 -0300] "POST /cormun/servlet/trsolicitudot?c077c6e9d57b370d76a0478f6d217842,gx-no-cache=1552579236949 HTTP/1.1" 200 4744
190.171.141.90 - - [14/Mar/2019:13:04:15 -0300] "GET /cormun/static/Shared/jqueryui/images/ui-bg_highlight-soft_100_c6c2c8_1x100.png HTTP/1.1" 404 1117
190.171.141.90 - - [14/Mar/2019:13:04:15 -0300] "GET /cormun/static/Shared/jqueryui/images/ui-bg_flat_55_fafafa_40x100.png HTTP/1.1" 404 1097
190.171.141.90 - - [14/Mar/2019:13:04:15 -0300] "GET /cormun/static/Shared/jqueryui/images/ui-icons_82798d_256x240.png HTTP/1.1" 404 1089
190.171.141.90 - - [14/Mar/2019:13:04:16 -0300] "GET /cormun/static/Shared/jqueryui/images/ui-icons_8d78a5_256x240.png HTTP/1.1" 404 1089
190.171.141.90 - - [14/Mar/2019:13:04:16 -0300] "POST /cormun/servlet/trsolicitudot?c077c6e9d57b370d76a0478f6d217842,gx-no-cache=1552579237349 HTTP/1.1" 200 4526
190.171.141.90 - - [14/Mar/2019:13:04:20 -0300] "GET /cormun/servlet/trautorizarsolicitud? HTTP/1.1" 200 8655
190.171.141.90 - - [14/Mar/2019:13:04:21 -0300] "GET /cormun/servlet/trautorizarsolicitud? HTTP/1.1" 200 8655
190.171.141.90 - - [14/Mar/2019:13:04:24 -0300] "POST /cormun/servlet/trautorizarsolicitud?c077c6e9d57b370d76a0478f6d217842,,gx-no-cache=1552579245628 HTTP/1.1" 200 4676
190.171.141.90 - - [14/Mar/2019:13:04:24 -0300] "GET /cormun/static/Shared/jqueryui/images/ui-icons_8d78a5_256x240.png HTTP/1.1" 404 1089
190.171.141.90 - - [14/Mar/2019:13:04:24 -0300] "GET /cormun/static/Shared/jqueryui/images/ui-bg_highlight-soft_100_c6c2c8_1x100.png HTTP/1.1" 404 1117
190.171.141.90 - - [14/Mar/2019:13:04:24 -0300] "GET /cormun/static/Shared/jqueryui/images/ui-icons_82798d_256x240.png HTTP/1.1" 404 1089
190.171.141.90 - - [14/Mar/2019:13:04:24 -0300] "GET /cormun/static/Shared/jqueryui/images/ui-bg_flat_55_fafafa_40x100.png HTTP/1.1" 404 1097
190.171.141.90 - - [14/Mar/2019:13:04:24 -0300] "POST /cormun/servlet/trautorizarsolicitud?c077c6e9d57b370d76a0478f6d217842,,gx-no-cache=1552579246036 HTTP/1.1" 200 4461
190.171.141.90 - - [14/Mar/2019:13:06:45 -0300] "GET /cormun/servlet/trlicencias? HTTP/1.1" 200 10195
190.171.141.90 - - [14/Mar/2019:13:06:45 -0300] "GET /cormun/static/gxcfg.js?20176272054169 HTTP/1.1" 200 953
190.171.141.90 - - [14/Mar/2019:13:06:45 -0300] "GET /cormun/static/trlicencias.js?20176272054837 HTTP/1.1" 200 41883
190.171.141.90 - - [14/Mar/2019:13:06:45 -0300] "GET /cormun/static/Resources/Spanish/PXTools.css?17315867 HTTP/1.1" 200 89042
190.171.141.90 - - [14/Mar/2019:13:06:45 -0300] "GET /cormun/servlet/trlicencias? HTTP/1.1" 200 10193
190.171.141.90 - - [14/Mar/2019:13:06:47 -0300] "GET /cormun/static/menuarrow.gif HTTP/1.1" 404 1015
190.171.141.90 - - [14/Mar/2019:13:06:56 -0300] "POST /cormun/servlet/trlicencias?c077c6e9d57b370d76a0478f6d217842,,gx-no-cache=1552579396802 HTTP/1.1" 200 19038
190.171.141.90 - - [14/Mar/2019:13:07:03 -0300] "POST /cormun/servlet/trlicencias?c077c6e9d57b370d76a0478f6d217842,,gx-no-cache=1552579404478 HTTP/1.1" 200 7148
190.171.141.90 - - [14/Mar/2019:13:07:12 -0300] "GET /cormun/servlet/trlicenciaspermisosadjuntos?13945989,20181228000000,L, HTTP/1.1" 200 6514
190.171.141.90 - - [14/Mar/2019:13:07:12 -0300] "GET /cormun/static/gxcfg.js?20177612163414 HTTP/1.1" 200 953
190.171.141.90 - - [14/Mar/2019:13:07:12 -0300] "GET /cormun/static/trlicenciaspermisosadjuntos.js?20177612163719 HTTP/1.1" 200 21036
190.171.141.90 - - [14/Mar/2019:13:07:13 -0300] "GET /cormun/servlet/trlicenciaspermisosadjuntos?13945989,20181228000000,L, HTTP/1.1" 200 6514
190.171.141.90 - - [14/Mar/2019:13:07:14 -0300] "POST /cormun/servlet/acontrolpreferencessavestate?None,MABARCA,true HTTP/1.1" 200 35
190.171.141.90 - - [14/Mar/2019:13:07:15 -0300] "GET /cormun/servlet/trlicencias? HTTP/1.1" 200 9637
190.171.141.90 - - [14/Mar/2019:13:07:15 -0300] "GET /cormun/servlet/trlicencias? HTTP/1.1" 200 9636
190.171.141.90 - - [14/Mar/2019:13:07:18 -0300] "GET /cormun/servlet/licenciaspermisos?DSP,13945989,L,20181228000000, HTTP/1.1" 200 7296
190.171.141.90 - - [14/Mar/2019:13:07:18 -0300] "GET /cormun/static/gxcfg.js?201762917281167 HTTP/1.1" 200 953
190.171.141.90 - - [14/Mar/2019:13:07:18 -0300] "GET /cormun/static/licenciaspermisos.js?201762917281260 HTTP/1.1" 200 37491
190.171.141.90 - - [14/Mar/2019:13:07:18 -0300] "GET /cormun/servlet/licenciaspermisos?DSP,13945989,L,20181228000000, HTTP/1.1" 200 7293
190.171.141.90 - - [14/Mar/2019:13:07:25 -0300] "GET /cormun/servlet/trlicencias? HTTP/1.1" 200 9637
190.171.141.90 - - [14/Mar/2019:13:07:26 -0300] "GET /cormun/servlet/trlicencias? HTTP/1.1" 200 9636
190.171.141.90 - - [14/Mar/2019:13:07:50 -0300] "GET /cormun/servlet/trsolicitudot? HTTP/1.1" 200 7406
190.171.141.90 - - [14/Mar/2019:13:07:50 -0300] "GET /cormun/servlet/trsolicitudot? HTTP/1.1" 200 7406
192.168.10.96 - - [14/Mar/2019:13:10:08 -0300] "GET /cormun/servlet/trsolicitudgral? HTTP/1.1" 200 10619
192.168.10.96 - - [14/Mar/2019:13:10:09 -0300] "GET /cormun/servlet/trsolicitudgral? HTTP/1.1" 200 10619
192.168.10.96 - - [14/Mar/2019:13:10:18 -0300] "POST /cormun/servlet/trsolicitudgral?ce957fb2e8393ba84d17e7eaeede680a,,gx-no-cache=1552586624141 HTTP/1.1" 200 7934
192.168.10.96 - - [14/Mar/2019:13:10:29 -0300] "POST /cormun/servlet/trsolicitudgral?ce957fb2e8393ba84d17e7eaeede680a,,gx-no-cache=1552586634391 HTTP/1.1" 200 7955
190.171.141.90 - - [14/Mar/2019:13:11:12 -0300] "GET /cormun/servlet/trsolicitudot? HTTP/1.1" 200 7406
190.171.141.90 - - [14/Mar/2019:13:11:12 -0300] "GET /cormun/servlet/trsolicitudot? HTTP/1.1" 200 7406
190.171.141.90 - - [14/Mar/2019:13:11:15 -0300] "GET /cormun/servlet/solicitudot?INS,0,0, HTTP/1.1" 200 15026
190.171.141.90 - - [14/Mar/2019:13:11:16 -0300] "GET /cormun/servlet/solicitudot?INS,0,0, HTTP/1.1" 200 15031
190.171.141.90 - - [14/Mar/2019:13:11:57 -0300] "POST /cormun/servlet/solicitudot?gx-no-cache=1552579699147 HTTP/1.1" 200 3458
190.171.141.90 - - [14/Mar/2019:13:11:58 -0300] "POST /cormun/servlet/solicitudot?c077c6e9d57b370d76a0478f6d217842,INS,0,0,,gx-no-cache=1552579699342 HTTP/1.1" 200 11816
190.171.141.90 - - [14/Mar/2019:13:12:12 -0300] "GET /cormun/servlet/solicitudot?20114de8976e00fe7eb2ca62a2e67a78f72ae12fbb9be1b6e22d5d4ff2dcd36dabc90e28d1969e672314e44564b5e66b,gx-no-cache=1552579713515 HTTP/1.1" 200 30
190.171.141.90 - - [14/Mar/2019:13:13:38 -0300] "POST /cormun/servlet/solicitudot?c077c6e9d57b370d76a0478f6d217842,INS,0,0,,gx-no-cache=1552579800121 HTTP/1.1" 200 12016
190.171.141.90 - - [14/Mar/2019:13:13:38 -0300] "GET /cormun/static/Shared/jqueryui/images/ui-bg_highlight-soft_100_c6c2c8_1x100.png HTTP/1.1" 404 1117
190.171.141.90 - - [14/Mar/2019:13:13:38 -0300] "GET /cormun/static/Shared/jqueryui/images/ui-icons_82798d_256x240.png HTTP/1.1" 404 1089
190.171.141.90 - - [14/Mar/2019:13:13:38 -0300] "GET /cormun/static/Shared/jqueryui/images/ui-bg_flat_55_fafafa_40x100.png HTTP/1.1" 404 1097
190.171.141.90 - - [14/Mar/2019:13:13:38 -0300] "GET /cormun/static/Shared/jqueryui/images/ui-icons_8d78a5_256x240.png HTTP/1.1" 404 1089
190.171.141.90 - - [14/Mar/2019:13:13:40 -0300] "GET /cormun/servlet/solicitudot?20114de8976e00fe7eb2ca62a2e67a78d0ee4494a233cc63296e305933b2ca8dfc1172bb29fae3b835e6b696a047f9aa025aaac74d6a85b213c4ac86912018c8,gx-no-cache=1552579801837 HTTP/1.1" 200 30
190.171.141.90 - - [14/Mar/2019:13:13:40 -0300] "GET /cormun/servlet/solicitudot?20114de8976e00fe7eb2ca62a2e67a782fd03077c80be44c1f20ec0399af56d5,gx-no-cache=1552579801863 HTTP/1.1" 200 29
190.171.141.90 - - [14/Mar/2019:13:13:47 -0300] "POST /cormun/servlet/solicitudot?gx-no-cache=1552579809047 HTTP/1.1" 200 256
192.168.10.96 - - [14/Mar/2019:13:13:48 -0300] "GET /cormun/servlet/trsolicitudgral? HTTP/1.1" 200 11247
192.168.10.96 - - [14/Mar/2019:13:13:49 -0300] "GET /cormun/servlet/trsolicitudgral? HTTP/1.1" 200 11247
190.171.141.90 - - [14/Mar/2019:13:13:50 -0300] "GET /cormun/servlet/solicitudot?20114de8976e00fe7eb2ca62a2e67a7833170f866663ecc31e8eb5c3d8b236c9194f432bbbe28e29e05810d4a3cee1db25d0e766c068e97bd8e1c7f32597fc4b45c154981972e3984a4b1b0d19fc60987cded0fe9b46a61a2ed3c72025810e30e0153ba37ad501b610192285cceff3a393fa81a4e2f9e1c4896d30ffc291f9b991ce7bb10d88b855f749018260f2b0d64af9829482e255a06d4702dd06490bb8bdf8e774c6bd19fc9b73b7cb73797b9c7a68d441c04cc08f89b3431f01b792f67f5a38b65df341e871ef6f61577800b4fd43e4fcfd95840bf44c469c9dd7cb34c1f6717d17a6c7229d835c6bf79412dfad8ed0a88200e5c8c2e5f2566d814e42e489e654768d41db462f2b449d13a7184b9b2a174e2283049ba7bb4bbbff5f05d8d613bdd1cfac2809e6d75092509eda6927fdb07007dce04bf57e626d5061c3c3c72f823a44b000e9b126a1b6f90b1d465a6498a7c39d2f566429e2e6936502d19e5496dd96f77c82c68ae93019050ab667c2619b7709126e3470cf9b2bfc8e,gx-no-cache=1552579811856 HTTP/1.1" 200 30
190.171.141.90 - - [14/Mar/2019:13:13:53 -0300] "POST /cormun/servlet/solicitudot?gx-no-cache=1552579815232 HTTP/1.1" 200 30
190.171.141.90 - - [14/Mar/2019:13:13:54 -0300] "POST /cormun/servlet/solicitudot?gx-no-cache=1552579815941 HTTP/1.1" 200 1282
190.171.141.90 - - [14/Mar/2019:13:13:54 -0300] "POST /cormun/servlet/solicitudot?gx-no-cache=1552579815986 HTTP/1.1" 200 38
190.171.141.90 - - [14/Mar/2019:13:13:58 -0300] "GET /cormun/servlet/solicitudot?20114de8976e00fe7eb2ca62a2e67a78b8a3513d5d4d4b723d67d126e5ee1ed335239f1390d25ac901a08b46d667e430a3d5b97f466c8a45a64370abce8cde2ff9f5e248785a76ef0c7e781ba31b016d8b2cd7670715d69192cce112234c104321331d2b8fc662f7f580c1013759a0ae,gx-no-cache=1552579819666 HTTP/1.1" 200 110
190.171.141.90 - - [14/Mar/2019:13:13:59 -0300] "POST /cormun/servlet/solicitudot?gx-no-cache=1552579820089 HTTP/1.1" 200 110
190.171.141.90 - - [14/Mar/2019:13:14:03 -0300] "GET /cormun/servlet/solicitudot?20114de8976e00fe7eb2ca62a2e67a78143f5278ac737d714d11e743e936f6e6972d9d55c5aacd7b1214adf94a1cb9cf752a1354b26739f50b6ce6776f0e53eddd9931ee6e582b42d86fee9aff7af3b2e1fb322d2bee99345a765cec51c3f217d91890c29977ed8f20a09d515dbf647c,gx-no-cache=1552579825023 HTTP/1.1" 200 29
190.171.141.90 - - [14/Mar/2019:13:14:03 -0300] "GET /cormun/static/menuarrow.gif HTTP/1.1" 404 1015
192.168.10.96 - - [14/Mar/2019:13:14:04 -0300] "POST /cormun/servlet/trsolicitudgral?ce957fb2e8393ba84d17e7eaeede680a,,gx-no-cache=1552586849544 HTTP/1.1" 200 7703
190.171.141.90 - - [14/Mar/2019:13:14:06 -0300] "GET /cormun/servlet/solicitudot?20114de8976e00fe7eb2ca62a2e67a782e41d78200be1e721c81c09dd255b9e540d21de8797229f5d1a0a08f0ce847d4,gx-no-cache=1552579827670 HTTP/1.1" 200 30
192.168.10.96 - - [14/Mar/2019:13:14:13 -0300] "POST /cormun/servlet/trsolicitudgral?ce957fb2e8393ba84d17e7eaeede680a,,gx-no-cache=1552586858951 HTTP/1.1" 200 7797
190.171.141.90 - - [14/Mar/2019:13:14:16 -0300] "POST /cormun/servlet/solicitudot?gx-no-cache=1552579837697 HTTP/1.1" 200 30
192.168.10.96 - - [14/Mar/2019:13:14:17 -0300] "POST /cormun/servlet/trsolicitudgral?ce957fb2e8393ba84d17e7eaeede680a,,gx-no-cache=1552586862351 HTTP/1.1" 200 7765
190.171.141.90 - - [14/Mar/2019:13:14:18 -0300] "POST /cormun/servlet/solicitudot?c077c6e9d57b370d76a0478f6d217842,INS,0,0,,gx-no-cache=1552579839996 HTTP/1.1" 200 93
190.171.141.90 - - [14/Mar/2019:13:14:18 -0300] "GET /cormun/servlet/hpexe_return? HTTP/1.1" 200 1008
190.171.141.90 - - [14/Mar/2019:13:14:19 -0300] "GET /cormun/servlet/trsolicitudot HTTP/1.1" 200 8743
190.171.141.90 - - [14/Mar/2019:13:14:19 -0300] "GET /cormun/servlet/trsolicitudot HTTP/1.1" 200 8739
192.168.10.96 - - [14/Mar/2019:13:14:25 -0300] "POST /cormun/servlet/trsolicitudgral?ce957fb2e8393ba84d17e7eaeede680a,,gx-no-cache=1552586870416 HTTP/1.1" 200 5968
192.168.10.96 - - [14/Mar/2019:13:14:26 -0300] "POST /cormun/servlet/trsolicitudgral?ce957fb2e8393ba84d17e7eaeede680a,,gx-no-cache=1552586871205 HTTP/1.1" 200 5967
192.168.10.96 - - [14/Mar/2019:13:14:26 -0300] "POST /cormun/servlet/trsolicitudgral?ce957fb2e8393ba84d17e7eaeede680a,,gx-no-cache=1552586871390 HTTP/1.1" 200 5966
192.168.10.96 - - [14/Mar/2019:13:14:26 -0300] "POST /cormun/servlet/trsolicitudgral?ce957fb2e8393ba84d17e7eaeede680a,,gx-no-cache=1552586871573 HTTP/1.1" 200 5966
192.168.10.96 - - [14/Mar/2019:13:14:26 -0300] "POST /cormun/servlet/trsolicitudgral?ce957fb2e8393ba84d17e7eaeede680a,,gx-no-cache=1552586871789 HTTP/1.1" 200 5966
192.168.10.96 - - [14/Mar/2019:13:14:26 -0300] "POST /cormun/servlet/trsolicitudgral?ce957fb2e8393ba84d17e7eaeede680a,,gx-no-cache=1552586871973 HTTP/1.1" 200 5966
192.168.10.96 - - [14/Mar/2019:13:14:26 -0300] "POST /cormun/servlet/trsolicitudgral?ce957fb2e8393ba84d17e7eaeede680a,,gx-no-cache=1552586872164 HTTP/1.1" 200 5968
190.171.141.90 - - [14/Mar/2019:13:14:27 -0300] "POST /cormun/servlet/trsolicitudot?c077c6e9d57b370d76a0478f6d217842,gx-no-cache=1552579848255 HTTP/1.1" 200 107
190.171.141.90 - - [14/Mar/2019:13:14:27 -0300] "GET /cormun/servlet/trsolicitudadjuntos?2019,14692, HTTP/1.1" 200 6290
192.168.10.96 - - [14/Mar/2019:13:14:27 -0300] "POST /cormun/servlet/trsolicitudgral?ce957fb2e8393ba84d17e7eaeede680a,,gx-no-cache=1552586872359 HTTP/1.1" 200 5966
192.168.10.96 - - [14/Mar/2019:13:14:27 -0300] "POST /cormun/servlet/trsolicitudgral?ce957fb2e8393ba84d17e7eaeede680a,,gx-no-cache=1552586872551 HTTP/1.1" 200 5967
192.168.10.96 - - [14/Mar/2019:13:14:27 -0300] "POST /cormun/servlet/trsolicitudgral?ce957fb2e8393ba84d17e7eaeede680a,,gx-no-cache=1552586872725 HTTP/1.1" 200 5968
190.171.141.90 - - [14/Mar/2019:13:14:27 -0300] "GET /cormun/servlet/trsolicitudadjuntos?2019,14692, HTTP/1.1" 200 6289
190.171.141.90 - - [14/Mar/2019:13:14:30 -0300] "GET /cormun/servlet/solicitudotadjuntos?INS,2019,14692,,1, HTTP/1.1" 200 6234
190.171.141.90 - - [14/Mar/2019:13:14:30 -0300] "GET /cormun/static/about:blank HTTP/1.1" 404 1011
190.171.141.90 - - [14/Mar/2019:13:14:30 -0300] "GET /cormun/servlet/solicitudotadjuntos?INS,2019,14692,,1, HTTP/1.1" 200 6227
190.171.141.90 - - [14/Mar/2019:13:14:31 -0300] "GET /cormun/servlet/solicitudotadjuntos?20114de8976e00fe7eb2ca62a2e67a78785f7303d3a722b218b853a85829f08b47d1f21727d29ebdd5ecc6a956ed7750,gx-no-cache=1552579852735 HTTP/1.1" 200 30
190.171.141.90 - - [14/Mar/2019:13:14:31 -0300] "POST /cormun/servlet/solicitudotadjuntos?c077c6e9d57b370d76a0478f6d217842,INS,2019,14692,,1,,gx-no-cache=1552579852835 HTTP/1.1" 200 4061
190.171.141.90 - - [14/Mar/2019:13:14:34 -0300] "POST /cormun/servlet/solicitudotadjuntos?gx-no-cache=1552579855839 HTTP/1.1" 200 26
192.168.10.96 - - [14/Mar/2019:13:14:37 -0300] "POST /cormun/servlet/trsolicitudgral?ce957fb2e8393ba84d17e7eaeede680a,,gx-no-cache=1552586882182 HTTP/1.1" 200 5966
192.168.10.96 - - [14/Mar/2019:13:14:37 -0300] "POST /cormun/servlet/trsolicitudgral?ce957fb2e8393ba84d17e7eaeede680a,,gx-no-cache=1552586882390 HTTP/1.1" 200 5966
192.168.10.96 - - [14/Mar/2019:13:14:37 -0300] "POST /cormun/servlet/trsolicitudgral?ce957fb2e8393ba84d17e7eaeede680a,,gx-no-cache=1552586882558 HTTP/1.1" 200 5967
192.168.10.96 - - [14/Mar/2019:13:14:49 -0300] "POST /cormun/servlet/trsolicitudgral?ce957fb2e8393ba84d17e7eaeede680a,,gx-no-cache=1552586894574 HTTP/1.1" 200 5972
192.168.10.96 - - [14/Mar/2019:13:14:50 -0300] "POST /cormun/servlet/trsolicitudgral?ce957fb2e8393ba84d17e7eaeede680a,,gx-no-cache=1552586895357 HTTP/1.1" 200 5972
192.168.10.96 - - [14/Mar/2019:13:14:50 -0300] "POST /cormun/servlet/trsolicitudgral?ce957fb2e8393ba84d17e7eaeede680a,,gx-no-cache=1552586895573 HTTP/1.1" 200 5972
192.168.10.96 - - [14/Mar/2019:13:14:50 -0300] "POST /cormun/servlet/trsolicitudgral?ce957fb2e8393ba84d17e7eaeede680a,,gx-no-cache=1552586895765 HTTP/1.1" 200 5972
192.168.10.96 - - [14/Mar/2019:13:14:50 -0300] "POST /cormun/servlet/trsolicitudgral?ce957fb2e8393ba84d17e7eaeede680a,,gx-no-cache=1552586895911 HTTP/1.1" 200 5972
192.168.10.96 - - [14/Mar/2019:13:14:50 -0300] "POST /cormun/servlet/trsolicitudgral?ce957fb2e8393ba84d17e7eaeede680a,,gx-no-cache=1552586896078 HTTP/1.1" 200 5972
192.168.10.96 - - [14/Mar/2019:13:14:51 -0300] "POST /cormun/servlet/trsolicitudgral?ce957fb2e8393ba84d17e7eaeede680a,,gx-no-cache=1552586896279 HTTP/1.1" 200 5972
192.168.10.96 - - [14/Mar/2019:13:14:51 -0300] "POST /cormun/servlet/trsolicitudgral?ce957fb2e8393ba84d17e7eaeede680a,,gx-no-cache=1552586896462 HTTP/1.1" 200 5972
192.168.10.96 - - [14/Mar/2019:13:14:51 -0300] "POST /cormun/servlet/trsolicitudgral?ce957fb2e8393ba84d17e7eaeede680a,,gx-no-cache=1552586896661 HTTP/1.1" 200 5971
192.168.10.96 - - [14/Mar/2019:13:14:51 -0300] "POST /cormun/servlet/trsolicitudgral?ce957fb2e8393ba84d17e7eaeede680a,,gx-no-cache=1552586896981 HTTP/1.1" 200 5971
192.168.10.96 - - [14/Mar/2019:13:14:52 -0300] "POST /cormun/servlet/trsolicitudgral?ce957fb2e8393ba84d17e7eaeede680a,,gx-no-cache=1552586897175 HTTP/1.1" 200 5972
192.168.10.96 - - [14/Mar/2019:13:14:52 -0300] "POST /cormun/servlet/trsolicitudgral?ce957fb2e8393ba84d17e7eaeede680a,,gx-no-cache=1552586897365 HTTP/1.1" 200 5972
192.168.10.96 - - [14/Mar/2019:13:14:52 -0300] "POST /cormun/servlet/trsolicitudgral?ce957fb2e8393ba84d17e7eaeede680a,,gx-no-cache=1552586897558 HTTP/1.1" 200 5972
192.168.10.96 - - [14/Mar/2019:13:14:52 -0300] "POST /cormun/servlet/trsolicitudgral?ce957fb2e8393ba84d17e7eaeede680a,,gx-no-cache=1552586897757 HTTP/1.1" 200 5971
192.168.10.96 - - [14/Mar/2019:13:15:01 -0300] "GET /cormun/servlet/hlogin HTTP/1.1" 200 1744
190.171.141.90 - - [14/Mar/2019:13:15:10 -0300] "GET /cormun/servlet/solicitudotadjuntos?20114de8976e00fe7eb2ca62a2e67a786942df2358e0bcf90da9fd0e94b843aa,gx-no-cache=1552579891477 HTTP/1.1" 200 30
190.171.141.90 - - [14/Mar/2019:13:15:10 -0300] "GET /cormun/servlet/solicitudotadjuntos?20114de8976e00fe7eb2ca62a2e67a786942df2358e0bcf90da9fd0e94b843aa,gx-no-cache=1552579891596 HTTP/1.1" 200 30
190.171.141.90 - - [14/Mar/2019:13:15:10 -0300] "POST /cormun/servlet/solicitudotadjuntos?c077c6e9d57b370d76a0478f6d217842,INS,2019,14692,,1, HTTP/1.1" 200 116
190.171.141.90 - - [14/Mar/2019:13:15:10 -0300] "GET /cormun/servlet/hpexe_return? HTTP/1.1" 200 1028
190.171.141.90 - - [14/Mar/2019:13:15:10 -0300] "GET /cormun/servlet/trsolicitudadjuntos?2019,14692, HTTP/1.1" 200 8882
190.171.141.90 - - [14/Mar/2019:13:15:11 -0300] "GET /cormun/servlet/trsolicitudadjuntos?2019,14692, HTTP/1.1" 200 8876
192.168.10.96 - - [14/Mar/2019:13:15:12 -0300] "POST /cormun/servlet/hlogin?ce957fb2e8393ba84d17e7eaeede680a,gx-no-cache=1552586917720 HTTP/1.1" 200 459
190.171.141.90 - - [14/Mar/2019:13:15:13 -0300] "GET /cormun/servlet/solicitudotadjuntos?INS,2019,14692,,1, HTTP/1.1" 200 6234
190.171.141.90 - - [14/Mar/2019:13:15:13 -0300] "GET /cormun/static/about:blank HTTP/1.1" 404 1011
190.171.141.90 - - [14/Mar/2019:13:15:13 -0300] "GET /cormun/servlet/solicitudotadjuntos?INS,2019,14692,,1, HTTP/1.1" 200 6228
190.171.141.90 - - [14/Mar/2019:13:15:13 -0300] "GET /cormun/servlet/solicitudotadjuntos?20114de8976e00fe7eb2ca62a2e67a78785f7303d3a722b218b853a85829f08b47d1f21727d29ebdd5ecc6a956ed7750,gx-no-cache=1552579895324 HTTP/1.1" 200 30
190.171.141.90 - - [14/Mar/2019:13:15:14 -0300] "POST /cormun/servlet/solicitudotadjuntos?c077c6e9d57b370d76a0478f6d217842,INS,2019,14692,,1,,gx-no-cache=1552579895366 HTTP/1.1" 200 4061
192.168.10.96 - - [14/Mar/2019:13:15:14 -0300] "POST /cormun/servlet/hlogin?ce957fb2e8393ba84d17e7eaeede680a,gx-no-cache=1552586919916 HTTP/1.1" 200 90
192.168.10.96 - - [14/Mar/2019:13:15:14 -0300] "GET /cormun/servlet/hpexe_link HTTP/1.1" 200 954
192.168.10.96 - - [14/Mar/2019:13:15:14 -0300] "GET /cormun/servlet/hhome HTTP/1.1" 200 4231
192.168.10.96 - - [14/Mar/2019:13:15:15 -0300] "GET /cormun/servlet/hhome HTTP/1.1" 200 4227
190.171.141.90 - - [14/Mar/2019:13:15:15 -0300] "POST /cormun/servlet/solicitudotadjuntos?gx-no-cache=1552579897412 HTTP/1.1" 200 26
192.168.10.96 - - [14/Mar/2019:13:15:18 -0300] "GET /cormun/servlet/trsolicitudot? HTTP/1.1" 200 7442
192.168.10.96 - - [14/Mar/2019:13:15:18 -0300] "GET /cormun/servlet/trsolicitudot? HTTP/1.1" 200 7441
192.168.10.96 - - [14/Mar/2019:13:15:29 -0300] "POST /cormun/servlet/trsolicitudot?ce957fb2e8393ba84d17e7eaeede680a,,gx-no-cache=1552586934673 HTTP/1.1" 200 22793
192.168.10.96 - - [14/Mar/2019:13:15:42 -0300] "POST /cormun/servlet/trsolicitudot?ce957fb2e8393ba84d17e7eaeede680a,,gx-no-cache=1552586947428 HTTP/1.1" 200 4562
190.171.141.90 - - [14/Mar/2019:13:15:47 -0300] "GET /cormun/servlet/solicitudotadjuntos?20114de8976e00fe7eb2ca62a2e67a786942df2358e0bcf90da9fd0e94b843aa,gx-no-cache=1552579928524 HTTP/1.1" 200 30
190.171.141.90 - - [14/Mar/2019:13:15:47 -0300] "GET /cormun/servlet/solicitudotadjuntos?20114de8976e00fe7eb2ca62a2e67a786942df2358e0bcf90da9fd0e94b843aa,gx-no-cache=1552579928551 HTTP/1.1" 200 30
190.171.141.90 - - [14/Mar/2019:13:15:47 -0300] "POST /cormun/servlet/solicitudotadjuntos?c077c6e9d57b370d76a0478f6d217842,INS,2019,14692,,1, HTTP/1.1" 200 116
190.171.141.90 - - [14/Mar/2019:13:15:47 -0300] "GET /cormun/servlet/hpexe_return? HTTP/1.1" 200 1028
190.171.141.90 - - [14/Mar/2019:13:15:47 -0300] "GET /cormun/servlet/trsolicitudadjuntos?2019,14692, HTTP/1.1" 200 9105
190.171.141.90 - - [14/Mar/2019:13:15:48 -0300] "GET /cormun/servlet/trsolicitudadjuntos?2019,14692, HTTP/1.1" 200 9105
190.171.141.90 - - [14/Mar/2019:13:15:50 -0300] "GET /cormun/servlet/solicitudotadjuntos?INS,2019,14692,,1, HTTP/1.1" 200 6234
192.168.10.96 - - [14/Mar/2019:13:15:50 -0300] "POST /cormun/servlet/trsolicitudot?ce957fb2e8393ba84d17e7eaeede680a,,gx-no-cache=1552586955270 HTTP/1.1" 200 4559
190.171.141.90 - - [14/Mar/2019:13:15:50 -0300] "GET /cormun/static/about:blank HTTP/1.1" 404 1011
190.171.141.90 - - [14/Mar/2019:13:15:50 -0300] "GET /cormun/servlet/solicitudotadjuntos?INS,2019,14692,,1, HTTP/1.1" 200 6228
190.171.141.90 - - [14/Mar/2019:13:15:51 -0300] "GET /cormun/servlet/solicitudotadjuntos?20114de8976e00fe7eb2ca62a2e67a78785f7303d3a722b218b853a85829f08b47d1f21727d29ebdd5ecc6a956ed7750,gx-no-cache=1552579932422 HTTP/1.1" 200 30
190.171.141.90 - - [14/Mar/2019:13:15:51 -0300] "POST /cormun/servlet/solicitudotadjuntos?c077c6e9d57b370d76a0478f6d217842,INS,2019,14692,,1,,gx-no-cache=1552579932457 HTTP/1.1" 200 4060
190.171.141.90 - - [14/Mar/2019:13:15:53 -0300] "POST /cormun/servlet/solicitudotadjuntos?gx-no-cache=1552579935220 HTTP/1.1" 200 26
192.168.10.96 - - [14/Mar/2019:13:15:54 -0300] "POST /cormun/servlet/trsolicitudot?ce957fb2e8393ba84d17e7eaeede680a,,gx-no-cache=1552586959333 HTTP/1.1" 200 4561
192.168.10.96 - - [14/Mar/2019:13:15:59 -0300] "POST /cormun/servlet/trsolicitudot?ce957fb2e8393ba84d17e7eaeede680a,,gx-no-cache=1552586964925 HTTP/1.1" 200 6461
192.168.10.96 - - [14/Mar/2019:13:16:00 -0300] "POST /cormun/servlet/trsolicitudot?ce957fb2e8393ba84d17e7eaeede680a,,gx-no-cache=1552586965180 HTTP/1.1" 200 6460
190.171.141.90 - - [14/Mar/2019:13:16:41 -0300] "GET /cormun/servlet/solicitudotadjuntos?20114de8976e00fe7eb2ca62a2e67a786942df2358e0bcf90da9fd0e94b843aa,gx-no-cache=1552579983132 HTTP/1.1" 200 30
190.171.141.90 - - [14/Mar/2019:13:16:41 -0300] "GET /cormun/servlet/solicitudotadjuntos?20114de8976e00fe7eb2ca62a2e67a786942df2358e0bcf90da9fd0e94b843aa,gx-no-cache=1552579983179 HTTP/1.1" 200 30
190.171.141.90 - - [14/Mar/2019:13:16:43 -0300] "POST /cormun/servlet/solicitudotadjuntos?c077c6e9d57b370d76a0478f6d217842,INS,2019,14692,,1, HTTP/1.1" 200 116
190.171.141.90 - - [14/Mar/2019:13:16:43 -0300] "GET /cormun/servlet/hpexe_return? HTTP/1.1" 200 1028
190.171.141.90 - - [14/Mar/2019:13:16:43 -0300] "GET /cormun/servlet/trsolicitudadjuntos?2019,14692, HTTP/1.1" 200 9284
190.171.141.90 - - [14/Mar/2019:13:16:44 -0300] "GET /cormun/servlet/trsolicitudadjuntos?2019,14692, HTTP/1.1" 200 9281
192.168.10.96 - - [14/Mar/2019:13:16:45 -0300] "POST /cormun/servlet/trsolicitudot?ce957fb2e8393ba84d17e7eaeede680a,,gx-no-cache=1552587010637 HTTP/1.1" 200 4548
190.171.141.90 - - [14/Mar/2019:13:16:45 -0300] "GET /cormun/servlet/solicitudotadjuntos?INS,2019,14692,,1, HTTP/1.1" 200 6233
190.171.141.90 - - [14/Mar/2019:13:16:45 -0300] "GET /cormun/static/about:blank HTTP/1.1" 404 1011
190.171.141.90 - - [14/Mar/2019:13:16:46 -0300] "GET /cormun/servlet/solicitudotadjuntos?INS,2019,14692,,1, HTTP/1.1" 200 6227
192.168.10.96 - - [14/Mar/2019:13:16:46 -0300] "POST /cormun/servlet/trsolicitudot?ce957fb2e8393ba84d17e7eaeede680a,,gx-no-cache=1552587011395 HTTP/1.1" 200 4549
192.168.10.96 - - [14/Mar/2019:13:16:46 -0300] "POST /cormun/servlet/trsolicitudot?ce957fb2e8393ba84d17e7eaeede680a,,gx-no-cache=1552587011596 HTTP/1.1" 200 4548
190.171.141.90 - - [14/Mar/2019:13:16:46 -0300] "GET /cormun/servlet/solicitudotadjuntos?20114de8976e00fe7eb2ca62a2e67a78785f7303d3a722b218b853a85829f08b47d1f21727d29ebdd5ecc6a956ed7750,gx-no-cache=1552579988078 HTTP/1.1" 200 30
190.171.141.90 - - [14/Mar/2019:13:16:46 -0300] "POST /cormun/servlet/solicitudotadjuntos?c077c6e9d57b370d76a0478f6d217842,INS,2019,14692,,1,,gx-no-cache=1552579988116 HTTP/1.1" 200 4061
192.168.10.96 - - [14/Mar/2019:13:16:50 -0300] "GET /cormun/servlet/trlicencias? HTTP/1.1" 200 9233
190.171.141.90 - - [14/Mar/2019:13:16:50 -0300] "POST /cormun/servlet/solicitudotadjuntos?gx-no-cache=1552579991812 HTTP/1.1" 200 26
192.168.10.96 - - [14/Mar/2019:13:16:50 -0300] "GET /cormun/servlet/trlicencias? HTTP/1.1" 200 9232
192.168.10.96 - - [14/Mar/2019:13:16:56 -0300] "GET /cormun/servlet/trlicenciaspermisosadjuntos?17515844,20190301000000,L, HTTP/1.1" 200 7015
192.168.10.96 - - [14/Mar/2019:13:16:56 -0300] "GET /cormun/servlet/trlicenciaspermisosadjuntos?17515844,20190301000000,L, HTTP/1.1" 200 7015
192.168.10.96 - - [14/Mar/2019:13:16:58 -0300] "GET /cormun/PublicTempStorage/img_20190301_00018349516.pdf HTTP/1.1" 200 1117498
192.168.10.96 - - [14/Mar/2019:13:17:06 -0300] "POST /cormun/servlet/trlicenciaspermisosadjuntos?ce957fb2e8393ba84d17e7eaeede680a,17515844,20190301000000,L,,gx-no-cache=1552587032194 HTTP/1.1" 200 90
192.168.10.96 - - [14/Mar/2019:13:17:07 -0300] "GET /cormun/servlet/hpexe_link HTTP/1.1" 200 987
192.168.10.96 - - [14/Mar/2019:13:17:07 -0300] "GET /cormun/servlet/trlicencias HTTP/1.1" 200 9234
192.168.10.96 - - [14/Mar/2019:13:17:07 -0300] "GET /cormun/servlet/trlicencias HTTP/1.1" 200 9232
192.168.10.96 - - [14/Mar/2019:13:17:14 -0300] "GET /cormun/servlet/trsolicitudot? HTTP/1.1" 200 7439
192.168.10.96 - - [14/Mar/2019:13:17:14 -0300] "GET /cormun/servlet/trsolicitudot? HTTP/1.1" 200 7439
