186.103.159.46 - - [14/Mar/2019:17:12:26 -0300] "POST /cormun/servlet/solicitudotadjuntos?d7afc109e5f78455df4551d029b03def,INS,2019,14704,,1,,gx-no-cache=1552594128962 HTTP/1.1" 200 3878
186.103.159.46 - - [14/Mar/2019:17:12:37 -0300] "POST /cormun/servlet/solicitudotadjuntos?gx-no-cache=1552594139846 HTTP/1.1" 200 26
186.103.159.46 - - [14/Mar/2019:17:12:46 -0300] "GET /cormun/servlet/solicitudotadjuntos?3b68dcbae353449827061fa6ff42dccf921ffc8c6bb52547aa750b1cd6a4ec6c,gx-no-cache=1552594148406 HTTP/1.1" 200 30
186.103.159.46 - - [14/Mar/2019:17:12:46 -0300] "GET /cormun/servlet/solicitudotadjuntos?3b68dcbae353449827061fa6ff42dccf921ffc8c6bb52547aa750b1cd6a4ec6c,gx-no-cache=1552594148459 HTTP/1.1" 200 30
186.103.159.46 - - [14/Mar/2019:17:12:46 -0300] "POST /cormun/servlet/solicitudotadjuntos?d7afc109e5f78455df4551d029b03def,INS,2019,14704,,1, HTTP/1.1" 200 116
186.103.159.46 - - [14/Mar/2019:17:12:47 -0300] "GET /cormun/servlet/hpexe_return? HTTP/1.1" 200 1018
186.103.159.46 - - [14/Mar/2019:17:12:48 -0300] "GET /cormun/servlet/trsolicitudadjuntos?2019,14704, HTTP/1.1" 200 9886
186.103.159.46 - - [14/Mar/2019:17:12:51 -0300] "GET /cormun/servlet/trsolicitudadjuntos?2019,14704, HTTP/1.1" 200 9881
186.103.159.46 - - [14/Mar/2019:17:13:06 -0300] "GET /cormun/servlet/trsolicitudot? HTTP/1.1" 200 9725
186.103.159.46 - - [14/Mar/2019:17:13:09 -0300] "GET /cormun/servlet/trsolicitudot? HTTP/1.1" 200 9719
186.103.159.46 - - [14/Mar/2019:17:13:21 -0300] "POST /cormun/servlet/trsolicitudot?d7afc109e5f78455df4551d029b03def,,gx-no-cache=1552594183005 HTTP/1.1" 200 107
186.103.159.46 - - [14/Mar/2019:17:13:21 -0300] "GET /cormun/servlet/trsolicitudadjuntos?2019,14706, HTTP/1.1" 200 6149
186.103.159.46 - - [14/Mar/2019:17:13:24 -0300] "GET /cormun/servlet/trsolicitudadjuntos?2019,14706, HTTP/1.1" 200 6149
192.168.10.96 - - [14/Mar/2019:17:13:42 -0300] "POST /cormun/servlet/trsolicitudgral?7625c7542e7fca391593b182bfe31302,,gx-no-cache=1552601227255 HTTP/1.1" 200 25770
186.103.159.46 - - [14/Mar/2019:17:13:50 -0300] "GET /cormun/servlet/solicitudotadjuntos?INS,2019,14706,,1, HTTP/1.1" 200 6093
186.103.159.46 - - [14/Mar/2019:17:13:52 -0300] "GET /cormun/static/about:blank HTTP/1.1" 404 1011
186.103.159.46 - - [14/Mar/2019:17:13:52 -0300] "GET /cormun/servlet/solicitudotadjuntos?INS,2019,14706,,1, HTTP/1.1" 200 6087
186.103.159.46 - - [14/Mar/2019:17:13:53 -0300] "GET /cormun/servlet/solicitudotadjuntos?3b68dcbae353449827061fa6ff42dccfa8bccaebda243cb50e46ebcf50b88767664b18e4a2683ffdcdb6f98a4a206ce0,gx-no-cache=1552594215425 HTTP/1.1" 200 30
186.103.159.46 - - [14/Mar/2019:17:13:53 -0300] "POST /cormun/servlet/solicitudotadjuntos?d7afc109e5f78455df4551d029b03def,INS,2019,14706,,1,,gx-no-cache=1552594215554 HTTP/1.1" 200 3878
186.103.159.46 - - [14/Mar/2019:17:13:56 -0300] "POST /cormun/servlet/solicitudotadjuntos?gx-no-cache=1552594219012 HTTP/1.1" 200 26
186.103.159.46 - - [14/Mar/2019:17:14:17 -0300] "GET /cormun/servlet/solicitudotadjuntos?3b68dcbae353449827061fa6ff42dccf921ffc8c6bb52547aa750b1cd6a4ec6c,gx-no-cache=1552594239657 HTTP/1.1" 200 30
186.103.159.46 - - [14/Mar/2019:17:14:17 -0300] "GET /cormun/servlet/solicitudotadjuntos?3b68dcbae353449827061fa6ff42dccf921ffc8c6bb52547aa750b1cd6a4ec6c,gx-no-cache=1552594239754 HTTP/1.1" 200 30
186.103.159.46 - - [14/Mar/2019:17:14:18 -0300] "POST /cormun/servlet/solicitudotadjuntos?d7afc109e5f78455df4551d029b03def,INS,2019,14706,,1, HTTP/1.1" 200 116
186.103.159.46 - - [14/Mar/2019:17:14:19 -0300] "GET /cormun/servlet/hpexe_return? HTTP/1.1" 200 1018
186.103.159.46 - - [14/Mar/2019:17:14:19 -0300] "GET /cormun/servlet/trsolicitudadjuntos?2019,14706, HTTP/1.1" 200 8744
186.103.159.46 - - [14/Mar/2019:17:14:23 -0300] "GET /cormun/servlet/trsolicitudadjuntos?2019,14706, HTTP/1.1" 200 8738
192.168.10.96 - - [14/Mar/2019:17:14:26 -0300] "POST /cormun/servlet/trsolicitudgral?7625c7542e7fca391593b182bfe31302,,gx-no-cache=1552601271648 HTTP/1.1" 200 7608
186.103.159.46 - - [14/Mar/2019:17:14:26 -0300] "GET /cormun/servlet/solicitudotadjuntos?INS,2019,14706,,1, HTTP/1.1" 200 6093
186.103.159.46 - - [14/Mar/2019:17:14:27 -0300] "GET /cormun/static/about:blank HTTP/1.1" 404 1011
186.103.159.46 - - [14/Mar/2019:17:14:28 -0300] "GET /cormun/servlet/solicitudotadjuntos?INS,2019,14706,,1, HTTP/1.1" 200 6087
186.103.159.46 - - [14/Mar/2019:17:14:29 -0300] "GET /cormun/servlet/solicitudotadjuntos?3b68dcbae353449827061fa6ff42dccfa8bccaebda243cb50e46ebcf50b88767664b18e4a2683ffdcdb6f98a4a206ce0,gx-no-cache=1552594251783 HTTP/1.1" 200 30
186.103.159.46 - - [14/Mar/2019:17:14:29 -0300] "POST /cormun/servlet/solicitudotadjuntos?d7afc109e5f78455df4551d029b03def,INS,2019,14706,,1,,gx-no-cache=1552594251938 HTTP/1.1" 200 3878
192.168.10.96 - - [14/Mar/2019:17:14:30 -0300] "POST /cormun/servlet/trsolicitudgral?7625c7542e7fca391593b182bfe31302,,gx-no-cache=1552601275836 HTTP/1.1" 200 5964
186.103.159.46 - - [14/Mar/2019:17:14:33 -0300] "POST /cormun/servlet/solicitudotadjuntos?gx-no-cache=1552594255364 HTTP/1.1" 200 26
192.168.10.96 - - [14/Mar/2019:17:14:34 -0300] "POST /cormun/servlet/trsolicitudgral?7625c7542e7fca391593b182bfe31302,,gx-no-cache=1552601279558 HTTP/1.1" 200 7969
186.103.159.46 - - [14/Mar/2019:17:14:43 -0300] "GET /cormun/servlet/solicitudotadjuntos?3b68dcbae353449827061fa6ff42dccf921ffc8c6bb52547aa750b1cd6a4ec6c,gx-no-cache=1552594265332 HTTP/1.1" 200 30
186.103.159.46 - - [14/Mar/2019:17:14:43 -0300] "GET /cormun/servlet/solicitudotadjuntos?3b68dcbae353449827061fa6ff42dccf921ffc8c6bb52547aa750b1cd6a4ec6c,gx-no-cache=1552594265397 HTTP/1.1" 200 30
186.103.159.46 - - [14/Mar/2019:17:14:44 -0300] "POST /cormun/servlet/solicitudotadjuntos?d7afc109e5f78455df4551d029b03def,INS,2019,14706,,1, HTTP/1.1" 200 116
186.103.159.46 - - [14/Mar/2019:17:14:45 -0300] "GET /cormun/servlet/hpexe_return? HTTP/1.1" 200 1018
186.103.159.46 - - [14/Mar/2019:17:14:46 -0300] "GET /cormun/servlet/trsolicitudadjuntos?2019,14706, HTTP/1.1" 200 8973
186.103.159.46 - - [14/Mar/2019:17:14:48 -0300] "GET /cormun/servlet/trsolicitudadjuntos?2019,14706, HTTP/1.1" 200 8971
186.103.159.46 - - [14/Mar/2019:17:14:52 -0300] "GET /cormun/servlet/solicitudotadjuntos?INS,2019,14706,,1, HTTP/1.1" 200 6095
186.103.159.46 - - [14/Mar/2019:17:14:52 -0300] "GET /cormun/static/about:blank HTTP/1.1" 404 1011
186.103.159.46 - - [14/Mar/2019:17:14:54 -0300] "GET /cormun/servlet/solicitudotadjuntos?INS,2019,14706,,1, HTTP/1.1" 200 6088
186.103.159.46 - - [14/Mar/2019:17:14:54 -0300] "GET /cormun/servlet/solicitudotadjuntos?3b68dcbae353449827061fa6ff42dccfa8bccaebda243cb50e46ebcf50b88767664b18e4a2683ffdcdb6f98a4a206ce0,gx-no-cache=1552594277163 HTTP/1.1" 200 30
186.103.159.46 - - [14/Mar/2019:17:14:55 -0300] "POST /cormun/servlet/solicitudotadjuntos?d7afc109e5f78455df4551d029b03def,INS,2019,14706,,1,,gx-no-cache=1552594277262 HTTP/1.1" 200 3879
186.103.159.46 - - [14/Mar/2019:17:14:58 -0300] "POST /cormun/servlet/solicitudotadjuntos?gx-no-cache=1552594281117 HTTP/1.1" 200 26
186.103.159.46 - - [14/Mar/2019:17:15:07 -0300] "GET /cormun/servlet/solicitudotadjuntos?3b68dcbae353449827061fa6ff42dccf921ffc8c6bb52547aa750b1cd6a4ec6c,gx-no-cache=1552594290171 HTTP/1.1" 200 30
186.103.159.46 - - [14/Mar/2019:17:15:08 -0300] "GET /cormun/servlet/solicitudotadjuntos?3b68dcbae353449827061fa6ff42dccf921ffc8c6bb52547aa750b1cd6a4ec6c,gx-no-cache=1552594290223 HTTP/1.1" 200 30
186.103.159.46 - - [14/Mar/2019:17:15:08 -0300] "POST /cormun/servlet/solicitudotadjuntos?d7afc109e5f78455df4551d029b03def,INS,2019,14706,,1, HTTP/1.1" 200 116
186.103.159.46 - - [14/Mar/2019:17:15:09 -0300] "GET /cormun/servlet/hpexe_return? HTTP/1.1" 200 1018
186.103.159.46 - - [14/Mar/2019:17:15:10 -0300] "GET /cormun/servlet/trsolicitudadjuntos?2019,14706, HTTP/1.1" 200 9150
186.103.159.46 - - [14/Mar/2019:17:15:13 -0300] "GET /cormun/servlet/trsolicitudadjuntos?2019,14706, HTTP/1.1" 200 9150
186.103.159.46 - - [14/Mar/2019:17:15:16 -0300] "GET /cormun/servlet/solicitudotadjuntos?INS,2019,14706,,1, HTTP/1.1" 200 6095
186.103.159.46 - - [14/Mar/2019:17:15:18 -0300] "GET /cormun/static/about:blank HTTP/1.1" 404 1011
186.103.159.46 - - [14/Mar/2019:17:15:18 -0300] "GET /cormun/servlet/solicitudotadjuntos?INS,2019,14706,,1, HTTP/1.1" 200 6088
186.103.159.46 - - [14/Mar/2019:17:15:19 -0300] "GET /cormun/servlet/solicitudotadjuntos?3b68dcbae353449827061fa6ff42dccfa8bccaebda243cb50e46ebcf50b88767664b18e4a2683ffdcdb6f98a4a206ce0,gx-no-cache=1552594301355 HTTP/1.1" 200 30
186.103.159.46 - - [14/Mar/2019:17:15:19 -0300] "POST /cormun/servlet/solicitudotadjuntos?d7afc109e5f78455df4551d029b03def,INS,2019,14706,,1,,gx-no-cache=1552594301458 HTTP/1.1" 200 3879
186.103.159.46 - - [14/Mar/2019:17:15:23 -0300] "POST /cormun/servlet/solicitudotadjuntos?gx-no-cache=1552594305372 HTTP/1.1" 200 26
192.168.10.96 - - [14/Mar/2019:17:15:28 -0300] "GET /cormun/servlet/trsolicitudgral? HTTP/1.1" 200 11290
192.168.10.96 - - [14/Mar/2019:17:15:28 -0300] "GET /cormun/servlet/trsolicitudgral? HTTP/1.1" 200 11290
186.103.159.46 - - [14/Mar/2019:17:15:32 -0300] "GET /cormun/servlet/solicitudotadjuntos?3b68dcbae353449827061fa6ff42dccf921ffc8c6bb52547aa750b1cd6a4ec6c,gx-no-cache=1552594314686 HTTP/1.1" 200 30
186.103.159.46 - - [14/Mar/2019:17:15:32 -0300] "GET /cormun/servlet/solicitudotadjuntos?3b68dcbae353449827061fa6ff42dccf921ffc8c6bb52547aa750b1cd6a4ec6c,gx-no-cache=1552594314826 HTTP/1.1" 200 30
186.103.159.46 - - [14/Mar/2019:17:15:37 -0300] "POST /cormun/servlet/solicitudotadjuntos?d7afc109e5f78455df4551d029b03def,INS,2019,14706,,1, HTTP/1.1" 200 116
186.103.159.46 - - [14/Mar/2019:17:15:38 -0300] "GET /cormun/servlet/hpexe_return? HTTP/1.1" 200 1018
186.103.159.46 - - [14/Mar/2019:17:15:39 -0300] "GET /cormun/servlet/trsolicitudadjuntos?2019,14706, HTTP/1.1" 200 9386
186.103.159.46 - - [14/Mar/2019:17:15:43 -0300] "GET /cormun/servlet/trsolicitudadjuntos?2019,14706, HTTP/1.1" 200 9384
186.103.159.46 - - [14/Mar/2019:17:15:46 -0300] "GET /cormun/servlet/solicitudotadjuntos?INS,2019,14706,,1, HTTP/1.1" 200 6094
186.103.159.46 - - [14/Mar/2019:17:15:47 -0300] "GET /cormun/static/about:blank HTTP/1.1" 404 1011
186.103.159.46 - - [14/Mar/2019:17:15:48 -0300] "GET /cormun/servlet/solicitudotadjuntos?INS,2019,14706,,1, HTTP/1.1" 200 6088
186.103.159.46 - - [14/Mar/2019:17:15:49 -0300] "GET /cormun/servlet/solicitudotadjuntos?3b68dcbae353449827061fa6ff42dccfa8bccaebda243cb50e46ebcf50b88767664b18e4a2683ffdcdb6f98a4a206ce0,gx-no-cache=1552594331260 HTTP/1.1" 200 30
186.103.159.46 - - [14/Mar/2019:17:15:49 -0300] "POST /cormun/servlet/solicitudotadjuntos?d7afc109e5f78455df4551d029b03def,INS,2019,14706,,1,,gx-no-cache=1552594331442 HTTP/1.1" 200 3878
186.103.159.46 - - [14/Mar/2019:17:15:52 -0300] "POST /cormun/servlet/solicitudotadjuntos?gx-no-cache=1552594335078 HTTP/1.1" 200 26
186.103.159.46 - - [14/Mar/2019:17:16:04 -0300] "GET /cormun/servlet/solicitudotadjuntos?3b68dcbae353449827061fa6ff42dccf921ffc8c6bb52547aa750b1cd6a4ec6c,gx-no-cache=1552594346441 HTTP/1.1" 200 30
186.103.159.46 - - [14/Mar/2019:17:16:04 -0300] "GET /cormun/servlet/solicitudotadjuntos?3b68dcbae353449827061fa6ff42dccf921ffc8c6bb52547aa750b1cd6a4ec6c,gx-no-cache=1552594346514 HTTP/1.1" 200 30
186.103.159.46 - - [14/Mar/2019:17:16:04 -0300] "POST /cormun/servlet/solicitudotadjuntos?d7afc109e5f78455df4551d029b03def,INS,2019,14706,,1, HTTP/1.1" 200 116
186.103.159.46 - - [14/Mar/2019:17:16:05 -0300] "GET /cormun/servlet/hpexe_return? HTTP/1.1" 200 1018
186.103.159.46 - - [14/Mar/2019:17:16:06 -0300] "GET /cormun/servlet/trsolicitudadjuntos?2019,14706, HTTP/1.1" 200 9651
186.103.159.46 - - [14/Mar/2019:17:16:09 -0300] "GET /cormun/servlet/trsolicitudadjuntos?2019,14706, HTTP/1.1" 200 9646
186.103.159.46 - - [14/Mar/2019:17:16:12 -0300] "GET /cormun/servlet/solicitudotadjuntos?INS,2019,14706,,1, HTTP/1.1" 200 6094
186.103.159.46 - - [14/Mar/2019:17:16:13 -0300] "GET /cormun/static/about:blank HTTP/1.1" 404 1011
186.103.159.46 - - [14/Mar/2019:17:16:14 -0300] "GET /cormun/servlet/solicitudotadjuntos?INS,2019,14706,,1, HTTP/1.1" 200 6088
186.103.159.46 - - [14/Mar/2019:17:16:15 -0300] "GET /cormun/servlet/solicitudotadjuntos?3b68dcbae353449827061fa6ff42dccfa8bccaebda243cb50e46ebcf50b88767664b18e4a2683ffdcdb6f98a4a206ce0,gx-no-cache=1552594357458 HTTP/1.1" 200 30
186.103.159.46 - - [14/Mar/2019:17:16:15 -0300] "POST /cormun/servlet/solicitudotadjuntos?d7afc109e5f78455df4551d029b03def,INS,2019,14706,,1,,gx-no-cache=1552594357596 HTTP/1.1" 200 3878
186.103.159.46 - - [14/Mar/2019:17:16:19 -0300] "POST /cormun/servlet/solicitudotadjuntos?gx-no-cache=1552594361204 HTTP/1.1" 200 26
186.103.159.46 - - [14/Mar/2019:17:16:30 -0300] "GET /cormun/servlet/solicitudotadjuntos?3b68dcbae353449827061fa6ff42dccf921ffc8c6bb52547aa750b1cd6a4ec6c,gx-no-cache=1552594372861 HTTP/1.1" 200 30
186.103.159.46 - - [14/Mar/2019:17:16:30 -0300] "GET /cormun/servlet/solicitudotadjuntos?3b68dcbae353449827061fa6ff42dccf921ffc8c6bb52547aa750b1cd6a4ec6c,gx-no-cache=1552594372977 HTTP/1.1" 200 30
186.103.159.46 - - [14/Mar/2019:17:16:31 -0300] "POST /cormun/servlet/solicitudotadjuntos?d7afc109e5f78455df4551d029b03def,INS,2019,14706,,1, HTTP/1.1" 200 116
186.103.159.46 - - [14/Mar/2019:17:16:32 -0300] "GET /cormun/servlet/hpexe_return? HTTP/1.1" 200 1018
186.103.159.46 - - [14/Mar/2019:17:16:33 -0300] "GET /cormun/servlet/trsolicitudadjuntos?2019,14706, HTTP/1.1" 200 9867
186.103.159.46 - - [14/Mar/2019:17:16:36 -0300] "GET /cormun/servlet/trsolicitudadjuntos?2019,14706, HTTP/1.1" 200 9867
186.103.159.46 - - [14/Mar/2019:17:16:50 -0300] "GET /cormun/servlet/trsolicitudot? HTTP/1.1" 200 9725
186.103.159.46 - - [14/Mar/2019:17:16:52 -0300] "GET /cormun/servlet/trsolicitudot? HTTP/1.1" 200 9719
186.103.159.46 - - [14/Mar/2019:17:16:59 -0300] "POST /cormun/servlet/trsolicitudot?d7afc109e5f78455df4551d029b03def,,gx-no-cache=1552594400960 HTTP/1.1" 200 107
186.103.159.46 - - [14/Mar/2019:17:16:59 -0300] "GET /cormun/servlet/trsolicitudadjuntos?2019,14707, HTTP/1.1" 200 6149
186.103.159.46 - - [14/Mar/2019:17:17:02 -0300] "GET /cormun/servlet/trsolicitudadjuntos?2019,14707, HTTP/1.1" 200 6149
192.168.10.94 - - [14/Mar/2019:17:18:10 -0300] "GET /digitalizacion/servlet/trdocumentos HTTP/1.1" 200 9637
186.103.159.46 - - [14/Mar/2019:17:18:11 -0300] "GET /cormun/servlet/trsolicitudot? HTTP/1.1" 200 9725
192.168.10.94 - - [14/Mar/2019:17:18:12 -0300] "GET /digitalizacion/servlet/hlogin HTTP/1.1" 302 -
192.168.10.94 - - [14/Mar/2019:17:18:12 -0300] "GET /digitalizacion/servlet/wblogin? HTTP/1.1" 200 2337
192.168.10.94 - - [14/Mar/2019:17:18:12 -0300] "GET /digitalizacion/servlet/trdocumentos HTTP/1.1" 200 9648
186.103.159.46 - - [14/Mar/2019:17:18:13 -0300] "GET /cormun/servlet/trsolicitudot? HTTP/1.1" 200 9719
192.168.10.94 - - [14/Mar/2019:17:18:18 -0300] "POST /digitalizacion/servlet/wblogin?7e672ca2e04b48d1fc1208e19048c205,,gx-no-cache=1552601503298 HTTP/1.1" 200 65
186.103.159.46 - - [14/Mar/2019:17:18:18 -0300] "POST /cormun/servlet/trsolicitudot?d7afc109e5f78455df4551d029b03def,,gx-no-cache=1552594480168 HTTP/1.1" 200 107
192.168.10.94 - - [14/Mar/2019:17:18:18 -0300] "GET /digitalizacion/servlet/hhome HTTP/1.1" 200 2828
186.103.159.46 - - [14/Mar/2019:17:18:18 -0300] "GET /cormun/servlet/trsolicitudadjuntos?2019,14707, HTTP/1.1" 200 6149
192.168.10.94 - - [14/Mar/2019:17:18:18 -0300] "GET /digitalizacion/servlet/hhome HTTP/1.1" 200 2827
186.103.159.46 - - [14/Mar/2019:17:18:21 -0300] "GET /cormun/servlet/trsolicitudadjuntos?2019,14707, HTTP/1.1" 200 6149
192.168.10.94 - - [14/Mar/2019:17:19:29 -0300] "GET /digitalizacion/servlet/trclase? HTTP/1.1" 200 5166
192.168.10.94 - - [14/Mar/2019:17:19:29 -0300] "GET /digitalizacion/static/gxcfg.js?201862111121437 HTTP/1.1" 200 954
192.168.10.94 - - [14/Mar/2019:17:19:29 -0300] "GET /digitalizacion/static/trclase.js?201862111121742 HTTP/1.1" 200 13126
192.168.10.94 - - [14/Mar/2019:17:19:29 -0300] "GET /digitalizacion/static/Resources/PXToolsGridNew.png HTTP/1.1" 200 427
192.168.10.94 - - [14/Mar/2019:17:19:29 -0300] "GET /digitalizacion//static/Resources/PXToolsGridDelete.png HTTP/1.1" 200 538
192.168.10.94 - - [14/Mar/2019:17:19:29 -0300] "GET /digitalizacion//static/Resources/PXToolsGridUpdate.png HTTP/1.1" 200 470
192.168.10.94 - - [14/Mar/2019:17:19:29 -0300] "GET /digitalizacion/servlet/trclase? HTTP/1.1" 200 5166
192.168.10.94 - - [14/Mar/2019:17:19:32 -0300] "GET /digitalizacion/servlet/trdocumentos? HTTP/1.1" 200 9883
192.168.10.94 - - [14/Mar/2019:17:19:33 -0300] "GET /digitalizacion/servlet/trdocumentos? HTTP/1.1" 200 9883
192.168.10.94 - - [14/Mar/2019:17:19:33 -0300] "POST /digitalizacion/servlet/trdocumentos?gx-no-cache=1552601578820 HTTP/1.1" 200 449
192.168.10.94 - - [14/Mar/2019:17:19:33 -0300] "POST /digitalizacion/servlet/trdocumentos?gx-no-cache=1552601579030 HTTP/1.1" 200 78
186.103.159.46 - - [14/Mar/2019:17:19:35 -0300] "GET /cormun/servlet/solicitudotadjuntos?INS,2019,14707,,1, HTTP/1.1" 200 6093
186.103.159.46 - - [14/Mar/2019:17:19:38 -0300] "GET /cormun/static/about:blank HTTP/1.1" 404 1011
186.103.159.46 - - [14/Mar/2019:17:19:40 -0300] "GET /cormun/servlet/solicitudotadjuntos?INS,2019,14707,,1, HTTP/1.1" 200 6087
192.168.10.94 - - [14/Mar/2019:17:19:41 -0300] "POST /digitalizacion/servlet/trdocumentos?gx-no-cache=1552601586779 HTTP/1.1" 200 78
192.168.10.94 - - [14/Mar/2019:17:19:43 -0300] "POST /digitalizacion/servlet/trdocumentos?7e672ca2e04b48d1fc1208e19048c205,,gx-no-cache=1552601588061 HTTP/1.1" 200 3411
192.168.10.94 - - [14/Mar/2019:17:19:44 -0300] "GET /digitalizacion/servlet/wbadjunto?4403,PU HTTP/1.1" 302 -
192.168.10.94 - - [14/Mar/2019:17:19:44 -0300] "GET /digitalizacion/PublicTempStorage/4099566.tmp HTTP/1.1" 200 446706
186.103.159.46 - - [14/Mar/2019:17:19:47 -0300] "GET /cormun/servlet/solicitudotadjuntos?3b68dcbae353449827061fa6ff42dccfed28ac0b1dfb943e293d0bf1195fe458664b18e4a2683ffdcdb6f98a4a206ce0,gx-no-cache=1552594569003 HTTP/1.1" 200 30
186.103.159.46 - - [14/Mar/2019:17:19:47 -0300] "POST /cormun/servlet/solicitudotadjuntos?d7afc109e5f78455df4551d029b03def,INS,2019,14707,,1,,gx-no-cache=1552594569482 HTTP/1.1" 200 3879
186.103.159.46 - - [14/Mar/2019:17:19:51 -0300] "POST /cormun/servlet/solicitudotadjuntos?gx-no-cache=1552594573420 HTTP/1.1" 200 26
192.168.10.94 - - [14/Mar/2019:17:19:54 -0300] "GET /digitalizacion/servlet/wbadjunto?4402,PU HTTP/1.1" 302 -
192.168.10.94 - - [14/Mar/2019:17:19:54 -0300] "GET /digitalizacion/PublicTempStorage/9383442.tmp HTTP/1.1" 200 446706
192.168.10.94 - - [14/Mar/2019:17:20:05 -0300] "GET /digitalizacion/servlet/trdocumentos? HTTP/1.1" 200 6029
192.168.10.94 - - [14/Mar/2019:17:20:06 -0300] "GET /digitalizacion/servlet/trdocumentos? HTTP/1.1" 200 6009
192.168.10.94 - - [14/Mar/2019:17:20:06 -0300] "POST /digitalizacion/servlet/trdocumentos?gx-no-cache=1552601611779 HTTP/1.1" 200 453
192.168.10.94 - - [14/Mar/2019:17:20:06 -0300] "POST /digitalizacion/servlet/trdocumentos?gx-no-cache=1552601611851 HTTP/1.1" 200 78
186.103.159.46 - - [14/Mar/2019:17:20:07 -0300] "GET /cormun/servlet/solicitudotadjuntos?3b68dcbae353449827061fa6ff42dccf921ffc8c6bb52547aa750b1cd6a4ec6c,gx-no-cache=1552594589243 HTTP/1.1" 200 30
186.103.159.46 - - [14/Mar/2019:17:20:07 -0300] "GET /cormun/servlet/solicitudotadjuntos?3b68dcbae353449827061fa6ff42dccf921ffc8c6bb52547aa750b1cd6a4ec6c,gx-no-cache=1552594589347 HTTP/1.1" 200 30
186.103.159.46 - - [14/Mar/2019:17:20:07 -0300] "POST /cormun/servlet/solicitudotadjuntos?d7afc109e5f78455df4551d029b03def,INS,2019,14707,,1, HTTP/1.1" 200 116
186.103.159.46 - - [14/Mar/2019:17:20:08 -0300] "GET /cormun/servlet/hpexe_return? HTTP/1.1" 200 1018
186.103.159.46 - - [14/Mar/2019:17:20:09 -0300] "GET /cormun/servlet/trsolicitudadjuntos?2019,14707, HTTP/1.1" 200 8749
186.103.159.46 - - [14/Mar/2019:17:20:12 -0300] "GET /cormun/servlet/trsolicitudadjuntos?2019,14707, HTTP/1.1" 200 8746
192.168.10.94 - - [14/Mar/2019:17:20:14 -0300] "POST /digitalizacion/servlet/trdocumentos?gx-no-cache=1552601619418 HTTP/1.1" 200 237
186.103.159.46 - - [14/Mar/2019:17:20:16 -0300] "GET /cormun/servlet/solicitudotadjuntos?INS,2019,14707,,1, HTTP/1.1" 200 6093
186.103.159.46 - - [14/Mar/2019:17:20:17 -0300] "GET /cormun/static/about:blank HTTP/1.1" 404 1011
186.103.159.46 - - [14/Mar/2019:17:20:19 -0300] "GET /cormun/servlet/solicitudotadjuntos?INS,2019,14707,,1, HTTP/1.1" 200 6087
186.103.159.46 - - [14/Mar/2019:17:20:19 -0300] "GET /cormun/servlet/solicitudotadjuntos?3b68dcbae353449827061fa6ff42dccfed28ac0b1dfb943e293d0bf1195fe458664b18e4a2683ffdcdb6f98a4a206ce0,gx-no-cache=1552594601857 HTTP/1.1" 200 30
186.103.159.46 - - [14/Mar/2019:17:20:19 -0300] "POST /cormun/servlet/solicitudotadjuntos?d7afc109e5f78455df4551d029b03def,INS,2019,14707,,1,,gx-no-cache=1552594601945 HTTP/1.1" 200 3879
192.168.10.94 - - [14/Mar/2019:17:20:22 -0300] "POST /digitalizacion/servlet/trdocumentos?7e672ca2e04b48d1fc1208e19048c205,,gx-no-cache=1552601626580 HTTP/1.1" 200 3763
186.103.159.46 - - [14/Mar/2019:17:20:23 -0300] "POST /cormun/servlet/solicitudotadjuntos?gx-no-cache=1552594605215 HTTP/1.1" 200 26
192.168.10.94 - - [14/Mar/2019:17:20:25 -0300] "GET /digitalizacion/servlet/wbadjunto?11646,PU HTTP/1.1" 302 -
192.168.10.94 - - [14/Mar/2019:17:20:26 -0300] "GET /digitalizacion/PublicTempStorage/2415535.tmp HTTP/1.1" 200 1074870
192.168.10.94 - - [14/Mar/2019:17:20:31 -0300] "GET /digitalizacion/servlet/wbadjunto?16850,PU HTTP/1.1" 302 -
192.168.10.94 - - [14/Mar/2019:17:20:31 -0300] "GET /digitalizacion/PublicTempStorage/2479226.tmp HTTP/1.1" 200 1056846
186.103.159.46 - - [14/Mar/2019:17:20:35 -0300] "GET /cormun/servlet/solicitudotadjuntos?3b68dcbae353449827061fa6ff42dccf921ffc8c6bb52547aa750b1cd6a4ec6c,gx-no-cache=1552594617397 HTTP/1.1" 200 30
186.103.159.46 - - [14/Mar/2019:17:20:35 -0300] "GET /cormun/servlet/solicitudotadjuntos?3b68dcbae353449827061fa6ff42dccf921ffc8c6bb52547aa750b1cd6a4ec6c,gx-no-cache=1552594617495 HTTP/1.1" 200 30
186.103.159.46 - - [14/Mar/2019:17:20:35 -0300] "POST /cormun/servlet/solicitudotadjuntos?d7afc109e5f78455df4551d029b03def,INS,2019,14707,,1, HTTP/1.1" 200 116
186.103.159.46 - - [14/Mar/2019:17:20:36 -0300] "GET /cormun/servlet/hpexe_return? HTTP/1.1" 200 1018
186.103.159.46 - - [14/Mar/2019:17:20:37 -0300] "GET /cormun/servlet/trsolicitudadjuntos?2019,14707, HTTP/1.1" 200 8966
186.103.159.46 - - [14/Mar/2019:17:20:39 -0300] "GET /cormun/servlet/trsolicitudadjuntos?2019,14707, HTTP/1.1" 200 8964
186.103.159.46 - - [14/Mar/2019:17:20:44 -0300] "GET /cormun/servlet/solicitudotadjuntos?INS,2019,14707,,1, HTTP/1.1" 200 6093
186.103.159.46 - - [14/Mar/2019:17:20:45 -0300] "GET /cormun/static/about:blank HTTP/1.1" 404 1011
186.103.159.46 - - [14/Mar/2019:17:20:46 -0300] "GET /cormun/servlet/solicitudotadjuntos?INS,2019,14707,,1, HTTP/1.1" 200 6087
186.103.159.46 - - [14/Mar/2019:17:20:46 -0300] "GET /cormun/servlet/solicitudotadjuntos?3b68dcbae353449827061fa6ff42dccfed28ac0b1dfb943e293d0bf1195fe458664b18e4a2683ffdcdb6f98a4a206ce0,gx-no-cache=1552594628985 HTTP/1.1" 200 30
186.103.159.46 - - [14/Mar/2019:17:20:47 -0300] "POST /cormun/servlet/solicitudotadjuntos?d7afc109e5f78455df4551d029b03def,INS,2019,14707,,1,,gx-no-cache=1552594629188 HTTP/1.1" 200 3879
192.168.10.94 - - [14/Mar/2019:17:20:50 -0300] "POST /digitalizacion/servlet/trdocumentos?7e672ca2e04b48d1fc1208e19048c205,,gx-no-cache=1552601654482 HTTP/1.1" 200 3700
186.103.159.46 - - [14/Mar/2019:17:20:52 -0300] "POST /cormun/servlet/solicitudotadjuntos?gx-no-cache=1552594634199 HTTP/1.1" 200 26
186.103.159.46 - - [14/Mar/2019:17:21:01 -0300] "GET /cormun/servlet/solicitudotadjuntos?3b68dcbae353449827061fa6ff42dccf921ffc8c6bb52547aa750b1cd6a4ec6c,gx-no-cache=1552594643746 HTTP/1.1" 200 30
186.103.159.46 - - [14/Mar/2019:17:21:01 -0300] "GET /cormun/servlet/solicitudotadjuntos?3b68dcbae353449827061fa6ff42dccf921ffc8c6bb52547aa750b1cd6a4ec6c,gx-no-cache=1552594643808 HTTP/1.1" 200 30
186.103.159.46 - - [14/Mar/2019:17:21:01 -0300] "POST /cormun/servlet/solicitudotadjuntos?d7afc109e5f78455df4551d029b03def,INS,2019,14707,,1, HTTP/1.1" 200 116
186.103.159.46 - - [14/Mar/2019:17:21:02 -0300] "GET /cormun/servlet/hpexe_return? HTTP/1.1" 200 1018
186.103.159.46 - - [14/Mar/2019:17:21:03 -0300] "GET /cormun/servlet/trsolicitudadjuntos?2019,14707, HTTP/1.1" 200 9176
186.103.159.46 - - [14/Mar/2019:17:21:06 -0300] "GET /cormun/servlet/trsolicitudadjuntos?2019,14707, HTTP/1.1" 200 9171
186.103.159.46 - - [14/Mar/2019:17:21:10 -0300] "GET /cormun/servlet/solicitudotadjuntos?INS,2019,14707,,1, HTTP/1.1" 200 6093
186.103.159.46 - - [14/Mar/2019:17:21:11 -0300] "GET /cormun/static/about:blank HTTP/1.1" 404 1011
186.103.159.46 - - [14/Mar/2019:17:21:12 -0300] "GET /cormun/servlet/solicitudotadjuntos?INS,2019,14707,,1, HTTP/1.1" 200 6087
186.103.159.46 - - [14/Mar/2019:17:21:13 -0300] "GET /cormun/servlet/solicitudotadjuntos?3b68dcbae353449827061fa6ff42dccfed28ac0b1dfb943e293d0bf1195fe458664b18e4a2683ffdcdb6f98a4a206ce0,gx-no-cache=1552594655662 HTTP/1.1" 200 30
186.103.159.46 - - [14/Mar/2019:17:21:13 -0300] "POST /cormun/servlet/solicitudotadjuntos?d7afc109e5f78455df4551d029b03def,INS,2019,14707,,1,,gx-no-cache=1552594655790 HTTP/1.1" 200 3879
186.103.159.46 - - [14/Mar/2019:17:21:18 -0300] "POST /cormun/servlet/solicitudotadjuntos?gx-no-cache=1552594660978 HTTP/1.1" 200 26
186.103.159.46 - - [14/Mar/2019:17:21:34 -0300] "GET /cormun/servlet/solicitudotadjuntos?3b68dcbae353449827061fa6ff42dccf921ffc8c6bb52547aa750b1cd6a4ec6c,gx-no-cache=1552594676252 HTTP/1.1" 200 30
186.103.159.46 - - [14/Mar/2019:17:21:34 -0300] "GET /cormun/servlet/solicitudotadjuntos?3b68dcbae353449827061fa6ff42dccf921ffc8c6bb52547aa750b1cd6a4ec6c,gx-no-cache=1552594676307 HTTP/1.1" 200 30
186.103.159.46 - - [14/Mar/2019:17:21:35 -0300] "POST /cormun/servlet/solicitudotadjuntos?d7afc109e5f78455df4551d029b03def,INS,2019,14707,,1, HTTP/1.1" 200 116
186.103.159.46 - - [14/Mar/2019:17:21:35 -0300] "GET /cormun/servlet/hpexe_return? HTTP/1.1" 200 1018
186.103.159.46 - - [14/Mar/2019:17:21:36 -0300] "GET /cormun/servlet/trsolicitudadjuntos?2019,14707, HTTP/1.1" 200 9406
186.103.159.46 - - [14/Mar/2019:17:21:39 -0300] "GET /cormun/servlet/trsolicitudadjuntos?2019,14707, HTTP/1.1" 200 9404
186.103.159.46 - - [14/Mar/2019:17:21:43 -0300] "GET /cormun/servlet/solicitudotadjuntos?INS,2019,14707,,1, HTTP/1.1" 200 6093
186.103.159.46 - - [14/Mar/2019:17:21:44 -0300] "GET /cormun/static/about:blank HTTP/1.1" 404 1011
186.103.159.46 - - [14/Mar/2019:17:21:45 -0300] "GET /cormun/servlet/solicitudotadjuntos?INS,2019,14707,,1, HTTP/1.1" 200 6087
186.103.159.46 - - [14/Mar/2019:17:21:46 -0300] "GET /cormun/servlet/solicitudotadjuntos?3b68dcbae353449827061fa6ff42dccfed28ac0b1dfb943e293d0bf1195fe458664b18e4a2683ffdcdb6f98a4a206ce0,gx-no-cache=1552594688723 HTTP/1.1" 200 30
186.103.159.46 - - [14/Mar/2019:17:21:46 -0300] "POST /cormun/servlet/solicitudotadjuntos?d7afc109e5f78455df4551d029b03def,INS,2019,14707,,1,,gx-no-cache=1552594688829 HTTP/1.1" 200 3879
186.103.159.46 - - [14/Mar/2019:17:21:50 -0300] "POST /cormun/servlet/solicitudotadjuntos?gx-no-cache=1552594692743 HTTP/1.1" 200 26
186.103.159.46 - - [14/Mar/2019:17:22:01 -0300] "GET /cormun/servlet/solicitudotadjuntos?3b68dcbae353449827061fa6ff42dccf921ffc8c6bb52547aa750b1cd6a4ec6c,gx-no-cache=1552594703642 HTTP/1.1" 200 30
186.103.159.46 - - [14/Mar/2019:17:22:01 -0300] "GET /cormun/servlet/solicitudotadjuntos?3b68dcbae353449827061fa6ff42dccf921ffc8c6bb52547aa750b1cd6a4ec6c,gx-no-cache=1552594703697 HTTP/1.1" 200 30
186.103.159.46 - - [14/Mar/2019:17:22:02 -0300] "POST /cormun/servlet/solicitudotadjuntos?d7afc109e5f78455df4551d029b03def,INS,2019,14707,,1, HTTP/1.1" 200 116
186.103.159.46 - - [14/Mar/2019:17:22:02 -0300] "GET /cormun/servlet/hpexe_return? HTTP/1.1" 200 1018
186.103.159.46 - - [14/Mar/2019:17:22:03 -0300] "GET /cormun/servlet/trsolicitudadjuntos?2019,14707, HTTP/1.1" 200 9663
186.103.159.46 - - [14/Mar/2019:17:22:06 -0300] "GET /cormun/servlet/trsolicitudadjuntos?2019,14707, HTTP/1.1" 200 9660
186.103.159.46 - - [14/Mar/2019:17:22:10 -0300] "GET /cormun/servlet/solicitudotadjuntos?INS,2019,14707,,1, HTTP/1.1" 200 6093
186.103.159.46 - - [14/Mar/2019:17:22:11 -0300] "GET /cormun/static/about:blank HTTP/1.1" 404 1011
186.103.159.46 - - [14/Mar/2019:17:22:12 -0300] "GET /cormun/servlet/solicitudotadjuntos?INS,2019,14707,,1, HTTP/1.1" 200 6087
186.103.159.46 - - [14/Mar/2019:17:22:13 -0300] "GET /cormun/servlet/solicitudotadjuntos?3b68dcbae353449827061fa6ff42dccfed28ac0b1dfb943e293d0bf1195fe458664b18e4a2683ffdcdb6f98a4a206ce0,gx-no-cache=1552594715433 HTTP/1.1" 200 30
186.103.159.46 - - [14/Mar/2019:17:22:13 -0300] "POST /cormun/servlet/solicitudotadjuntos?d7afc109e5f78455df4551d029b03def,INS,2019,14707,,1,,gx-no-cache=1552594715556 HTTP/1.1" 200 3879
186.103.159.46 - - [14/Mar/2019:17:22:17 -0300] "POST /cormun/servlet/solicitudotadjuntos?gx-no-cache=1552594719362 HTTP/1.1" 200 26
186.103.159.46 - - [14/Mar/2019:17:22:33 -0300] "GET /cormun/servlet/solicitudotadjuntos?3b68dcbae353449827061fa6ff42dccf921ffc8c6bb52547aa750b1cd6a4ec6c,gx-no-cache=1552594735352 HTTP/1.1" 200 30
186.103.159.46 - - [14/Mar/2019:17:22:33 -0300] "GET /cormun/servlet/solicitudotadjuntos?3b68dcbae353449827061fa6ff42dccf921ffc8c6bb52547aa750b1cd6a4ec6c,gx-no-cache=1552594735457 HTTP/1.1" 200 30
186.103.159.46 - - [14/Mar/2019:17:22:36 -0300] "POST /cormun/servlet/solicitudotadjuntos?d7afc109e5f78455df4551d029b03def,INS,2019,14707,,1, HTTP/1.1" 200 116
186.103.159.46 - - [14/Mar/2019:17:22:36 -0300] "GET /cormun/servlet/hpexe_return? HTTP/1.1" 200 1018
186.103.159.46 - - [14/Mar/2019:17:22:38 -0300] "GET /cormun/servlet/trsolicitudadjuntos?2019,14707, HTTP/1.1" 200 9905
186.103.159.46 - - [14/Mar/2019:17:22:41 -0300] "GET /cormun/servlet/trsolicitudadjuntos?2019,14707, HTTP/1.1" 200 9904
186.103.159.46 - - [14/Mar/2019:17:22:45 -0300] "GET /cormun/servlet/solicitudotadjuntos?INS,2019,14707,,2, HTTP/1.1" 200 6090
186.103.159.46 - - [14/Mar/2019:17:22:45 -0300] "GET /cormun/static/about:blank HTTP/1.1" 404 1011
186.103.159.46 - - [14/Mar/2019:17:22:47 -0300] "GET /cormun/servlet/solicitudotadjuntos?INS,2019,14707,,2, HTTP/1.1" 200 6084
186.103.159.46 - - [14/Mar/2019:17:22:47 -0300] "GET /cormun/servlet/solicitudotadjuntos?3b68dcbae353449827061fa6ff42dccfed28ac0b1dfb943e293d0bf1195fe458664b18e4a2683ffdcdb6f98a4a206ce0,gx-no-cache=1552594750002 HTTP/1.1" 200 30
186.103.159.46 - - [14/Mar/2019:17:22:48 -0300] "POST /cormun/servlet/solicitudotadjuntos?d7afc109e5f78455df4551d029b03def,INS,2019,14707,,2,,gx-no-cache=1552594750194 HTTP/1.1" 200 4022
186.103.159.46 - - [14/Mar/2019:17:23:33 -0300] "POST /cormun/servlet/solicitudotadjuntos?gx-no-cache=1552594795594 HTTP/1.1" 200 26
186.103.159.46 - - [14/Mar/2019:17:23:39 -0300] "GET /cormun/servlet/solicitudotadjuntos?3b68dcbae353449827061fa6ff42dccf921ffc8c6bb52547aa750b1cd6a4ec6c,gx-no-cache=1552594802115 HTTP/1.1" 200 30
186.103.159.46 - - [14/Mar/2019:17:23:40 -0300] "GET /cormun/servlet/solicitudotadjuntos?3b68dcbae353449827061fa6ff42dccf921ffc8c6bb52547aa750b1cd6a4ec6c,gx-no-cache=1552594802231 HTTP/1.1" 200 30
186.103.159.46 - - [14/Mar/2019:17:23:41 -0300] "POST /cormun/servlet/solicitudotadjuntos?d7afc109e5f78455df4551d029b03def,INS,2019,14707,,2, HTTP/1.1" 200 116
186.103.159.46 - - [14/Mar/2019:17:23:41 -0300] "GET /cormun/servlet/hpexe_return? HTTP/1.1" 200 1018
186.103.159.46 - - [14/Mar/2019:17:23:42 -0300] "GET /cormun/servlet/trsolicitudadjuntos?2019,14707, HTTP/1.1" 200 10069
186.103.159.46 - - [14/Mar/2019:17:23:45 -0300] "GET /cormun/servlet/trsolicitudadjuntos?2019,14707, HTTP/1.1" 200 10069
186.103.159.46 - - [14/Mar/2019:17:24:06 -0300] "GET /cormun/servlet/trsolicitudot? HTTP/1.1" 200 9725
186.103.159.46 - - [14/Mar/2019:17:24:10 -0300] "GET /cormun/servlet/trsolicitudot? HTTP/1.1" 200 9719
186.103.159.46 - - [14/Mar/2019:17:24:22 -0300] "GET /cormun/servlet/hlogin HTTP/1.1" 200 1733
186.103.159.187 - - [14/Mar/2019:17:25:33 -0300] "GET /cormun/servlet/hhome HTTP/1.1" 200 3420
186.103.159.187 - - [14/Mar/2019:17:25:34 -0300] "GET /cormun/servlet/hhome HTTP/1.1" 200 3430
186.103.159.187 - - [14/Mar/2019:17:25:34 -0300] "GET /cormun/servlet/hlogin HTTP/1.1" 200 1732
186.103.159.187 - - [14/Mar/2019:17:25:45 -0300] "POST /cormun/servlet/hlogin?7c4eba2543760722b7bff03eb1289d91,gx-no-cache=1552598669013 HTTP/1.1" 200 90
186.103.159.187 - - [14/Mar/2019:17:25:45 -0300] "GET /cormun/servlet/hpexe_link HTTP/1.1" 200 950
186.103.159.187 - - [14/Mar/2019:17:25:46 -0300] "GET /cormun/servlet/hhome HTTP/1.1" 200 4007
186.103.159.187 - - [14/Mar/2019:17:25:47 -0300] "GET /cormun/servlet/hhome HTTP/1.1" 200 4005
186.103.159.46 - - [14/Mar/2019:17:25:52 -0300] "GET /cormun/servlet/hlogin HTTP/1.1" 200 1717
186.103.159.46 - - [14/Mar/2019:17:26:00 -0300] "POST /cormun/servlet/hlogin?d7afc109e5f78455df4551d029b03def,gx-no-cache=1552594942343 HTTP/1.1" 200 90
186.103.159.46 - - [14/Mar/2019:17:26:00 -0300] "GET /cormun/servlet/hpexe_link HTTP/1.1" 200 950
186.103.159.46 - - [14/Mar/2019:17:26:01 -0300] "GET /cormun/servlet/trsolicitudot HTTP/1.1" 200 9720
186.103.159.46 - - [14/Mar/2019:17:26:04 -0300] "GET /cormun/servlet/trsolicitudot HTTP/1.1" 200 9719
186.103.159.46 - - [14/Mar/2019:17:26:11 -0300] "POST /cormun/servlet/trsolicitudot?d7afc109e5f78455df4551d029b03def,gx-no-cache=1552594953448 HTTP/1.1" 200 106
186.103.159.46 - - [14/Mar/2019:17:26:11 -0300] "GET /cormun/servlet/solicitudot?UPD,2019,14707, HTTP/1.1" 200 15463
186.103.159.46 - - [14/Mar/2019:17:26:14 -0300] "GET /cormun/servlet/solicitudot?UPD,2019,14707, HTTP/1.1" 200 15473
186.103.159.46 - - [14/Mar/2019:17:26:15 -0300] "POST /cormun/servlet/solicitudot?gx-no-cache=1552594957522 HTTP/1.1" 200 3567
186.103.159.46 - - [14/Mar/2019:17:26:15 -0300] "POST /cormun/servlet/solicitudot?d7afc109e5f78455df4551d029b03def,UPD,2019,14707,,gx-no-cache=1552594958080 HTTP/1.1" 200 11795
186.103.159.46 - - [14/Mar/2019:17:26:16 -0300] "GET /cormun/servlet/solicitudot?3b68dcbae353449827061fa6ff42dccfafb5131ff3d17cb93b3128c5c594b5e771735d37876e29b1378d3baba4311b85,gx-no-cache=1552594958726 HTTP/1.1" 200 30
186.103.159.46 - - [14/Mar/2019:17:26:16 -0300] "GET /cormun/servlet/solicitudot?3b68dcbae353449827061fa6ff42dccf3ff22fd2eb7db93a95b150f4a51b48678fb070bb84acb6893704205fc21c37998a063b6e3320b662faedcf878843843c,gx-no-cache=1552594958892 HTTP/1.1" 200 30
186.103.159.46 - - [14/Mar/2019:17:26:16 -0300] "GET /cormun/servlet/solicitudot?3b68dcbae353449827061fa6ff42dccf2449c223d6ebd85ce55c6fb874a33365b1f2599f810b94abedd87bf0b5f3a22c031186c4d54fd6072a4c7e7fca7fbf95,gx-no-cache=1552594959014 HTTP/1.1" 200 53
186.103.159.46 - - [14/Mar/2019:17:26:16 -0300] "POST /cormun/servlet/solicitudot?gx-no-cache=1552594959120 HTTP/1.1" 200 254
186.103.159.46 - - [14/Mar/2019:17:26:17 -0300] "GET /cormun/servlet/solicitudot?3b68dcbae353449827061fa6ff42dccf7eff59844c910214ee1a8823922e4a3d7b65852eb34c86c2b653a8fc6445e32ef1307d6f7b25559d8fabc772fd99b49c13561dce3c020506d7dd58337adc6070ea44e3838c0235dcb8b53427923cd3c70326889f41b8c11126cf69c5a61db887339b37426d84290d89d2b838dbecb99f46430aad30e9219d6031babac5a76a31da5bb93a545dd426721c43b2f8ba43e97b3f6d3a5eb9195bf3a3c1cdadcd2194f7a8824cdb08d16183d0aba0418dbc8aec6d5bbd7a103d92c129012c8d10022ef9695ddc7056a87f9ed40cbeac16459d3297de994a9ebf277c545b32dd28f327d97db823d1f7edafd860eb83a285475cd98577b4b5e8498f8ff29629c4b2642fde3b84a9e27d8b3280145688784be060c0890b7feb9799566e5f28b5f7d9a4b7acf972671506b6afe28e65e29fbf22ea44270e8130a52370c3f4666ccfcd8365ae52f94b1765a41af84f64d0a8949ec89dc7b6466455fa507802986ed0df8fda8a6f1f480a47d626fe71af9168438ee8,gx-no-cache=1552594959296 HTTP/1.1" 200 30
186.103.159.46 - - [14/Mar/2019:17:26:17 -0300] "POST /cormun/servlet/solicitudot?gx-no-cache=1552594959400 HTTP/1.1" 200 30
186.103.159.46 - - [14/Mar/2019:17:26:17 -0300] "POST /cormun/servlet/solicitudot?gx-no-cache=1552594959585 HTTP/1.1" 200 1282
186.103.159.46 - - [14/Mar/2019:17:26:17 -0300] "POST /cormun/servlet/solicitudot?gx-no-cache=1552594959728 HTTP/1.1" 200 40
186.103.159.46 - - [14/Mar/2019:17:26:42 -0300] "POST /cormun/servlet/solicitudot?d7afc109e5f78455df4551d029b03def,UPD,2019,14707,,gx-no-cache=1552594984106 HTTP/1.1" 200 93
186.103.159.46 - - [14/Mar/2019:17:26:43 -0300] "GET /cormun/servlet/hpexe_return? HTTP/1.1" 200 1006
186.103.159.46 - - [14/Mar/2019:17:26:44 -0300] "GET /cormun/servlet/trsolicitudot HTTP/1.1" 200 9723
186.103.159.46 - - [14/Mar/2019:17:26:47 -0300] "GET /cormun/servlet/trsolicitudot HTTP/1.1" 200 9719
186.103.159.46 - - [14/Mar/2019:17:27:01 -0300] "POST /cormun/servlet/trsolicitudot?d7afc109e5f78455df4551d029b03def,gx-no-cache=1552595003512 HTTP/1.1" 200 106
186.103.159.46 - - [14/Mar/2019:17:27:01 -0300] "GET /cormun/servlet/solicitudot?UPD,2019,14707, HTTP/1.1" 200 15463
186.103.159.46 - - [14/Mar/2019:17:27:04 -0300] "GET /cormun/servlet/solicitudot?UPD,2019,14707, HTTP/1.1" 200 15473
186.103.159.46 - - [14/Mar/2019:17:27:05 -0300] "POST /cormun/servlet/solicitudot?gx-no-cache=1552595007450 HTTP/1.1" 200 3567
186.103.159.46 - - [14/Mar/2019:17:27:06 -0300] "POST /cormun/servlet/solicitudot?d7afc109e5f78455df4551d029b03def,UPD,2019,14707,,gx-no-cache=1552595008071 HTTP/1.1" 200 11795
186.103.159.46 - - [14/Mar/2019:17:27:06 -0300] "GET /cormun/servlet/solicitudot?3b68dcbae353449827061fa6ff42dccfafb5131ff3d17cb93b3128c5c594b5e771735d37876e29b1378d3baba4311b85,gx-no-cache=1552595008708 HTTP/1.1" 200 30
186.103.159.46 - - [14/Mar/2019:17:27:06 -0300] "GET /cormun/servlet/solicitudot?3b68dcbae353449827061fa6ff42dccf3ff22fd2eb7db93a95b150f4a51b48678fb070bb84acb6893704205fc21c37998a063b6e3320b662faedcf878843843c,gx-no-cache=1552595008811 HTTP/1.1" 200 30
186.103.159.46 - - [14/Mar/2019:17:27:06 -0300] "GET /cormun/servlet/solicitudot?3b68dcbae353449827061fa6ff42dccf2449c223d6ebd85ce55c6fb874a33365b1f2599f810b94abedd87bf0b5f3a22c031186c4d54fd6072a4c7e7fca7fbf95,gx-no-cache=1552595008884 HTTP/1.1" 200 53
186.103.159.46 - - [14/Mar/2019:17:27:06 -0300] "POST /cormun/servlet/solicitudot?gx-no-cache=1552595008987 HTTP/1.1" 200 254
186.103.159.46 - - [14/Mar/2019:17:27:07 -0300] "GET /cormun/servlet/solicitudot?3b68dcbae353449827061fa6ff42dccf7eff59844c910214ee1a8823922e4a3d7b65852eb34c86c2b653a8fc6445e32ef1307d6f7b25559d8fabc772fd99b49c13561dce3c020506d7dd58337adc6070ea44e3838c0235dcb8b53427923cd3c70326889f41b8c11126cf69c5a61db887339b37426d84290d89d2b838dbecb99f46430aad30e9219d6031babac5a76a31da5bb93a545dd426721c43b2f8ba43e97b3f6d3a5eb9195bf3a3c1cdadcd2194f7a8824cdb08d16183d0aba0418dbc8aec6d5bbd7a103d92c129012c8d10022ef9695ddc7056a87f9ed40cbeac16459d3297de994a9ebf277c545b32dd28f327d97db823d1f7edafd860eb83a285475cd98577b4b5e8498f8ff29629c4b2642fde3b84a9e27d8b3280145688784be060c0890b7feb9799566e5f28b5f7d9a4b7acf972671506b6afe28e65e29fbf22ea44270e8130a52370c3f4666ccfcd8365ae52f94b1765a41af84f64d0a8949ec89dc7b6466455fa507802986ed0df8fda8a6f1f480a47d626fe71af9168438ee8,gx-no-cache=1552595009107 HTTP/1.1" 200 30
186.103.159.46 - - [14/Mar/2019:17:27:07 -0300] "POST /cormun/servlet/solicitudot?gx-no-cache=1552595009489 HTTP/1.1" 200 30
186.103.159.46 - - [14/Mar/2019:17:27:07 -0300] "POST /cormun/servlet/solicitudot?gx-no-cache=1552595009680 HTTP/1.1" 200 1282
186.103.159.46 - - [14/Mar/2019:17:27:07 -0300] "POST /cormun/servlet/solicitudot?gx-no-cache=1552595009867 HTTP/1.1" 200 40
186.103.159.46 - - [14/Mar/2019:17:27:37 -0300] "POST /cormun/servlet/solicitudot?gx-no-cache=1552595039737 HTTP/1.1" 200 254
186.103.159.46 - - [14/Mar/2019:17:27:37 -0300] "GET /cormun/servlet/solicitudot?3b68dcbae353449827061fa6ff42dccf7eff59844c910214ee1a8823922e4a3d7b65852eb34c86c2b653a8fc6445e32ef1307d6f7b25559d8fabc772fd99b49c13561dce3c020506d7dd58337adc6070ea44e3838c0235dcb8b53427923cd3c70326889f41b8c11126cf69c5a61db887339b37426d84290d89d2b838dbecb99f46430aad30e9219d6031babac5a76a31da5bb93a545dd426721c43b2f8ba43e97b3f6d3a5eb9195bf3a3c1cdadcd2194f7a8824cdb08d16183d0aba0418dbc8aec6d5bbd7a103d92c129012c8d10022ef9695ddc7056a87f9ed40cbeac16459d3297de994a9ebf277c545b32dd28f327d97db823d1f7edafd860eb83a285475cd98577b4b5e8498f8ff29629c4b2642fde3b84a9e27d8b3280145688784be060c0890b7feb9799566e5f28b5f7d9a4b7acf972671506b6afe28e65e29fbf22ea44270e8130a52370c3f4666ccfcd8365ae52f94b1765a41af84f64d0a8949ec89dc7b6466455fa507802986ed0df8fda8a6f1f480a47d626fe71af9168438ee8,gx-no-cache=1552595039874 HTTP/1.1" 200 30
186.103.159.46 - - [14/Mar/2019:17:27:37 -0300] "POST /cormun/servlet/solicitudot?gx-no-cache=1552595039946 HTTP/1.1" 200 30
186.103.159.46 - - [14/Mar/2019:17:27:37 -0300] "POST /cormun/servlet/solicitudot?gx-no-cache=1552595040060 HTTP/1.1" 200 1282
186.103.159.46 - - [14/Mar/2019:17:27:38 -0300] "POST /cormun/servlet/solicitudot?gx-no-cache=1552595040211 HTTP/1.1" 200 40
186.103.159.46 - - [14/Mar/2019:17:27:38 -0300] "GET /cormun/servlet/solicitudot?3b68dcbae353449827061fa6ff42dccf1ba1a646fc7a5e1ecae125004459ac29b758c396eec3592cfd23add7cd64e94b86a2fd32e1782bdb67f4402e3e6088028f2e105dc872cabf44bf8f42cf5563acbebb7fc130667b42b98e4e112d64e077fdc693471ccb21138c8deb9e25c5e75d,gx-no-cache=1552595040316 HTTP/1.1" 200 110
186.103.159.46 - - [14/Mar/2019:17:27:38 -0300] "POST /cormun/servlet/solicitudot?gx-no-cache=1552595040395 HTTP/1.1" 200 97
186.103.159.46 - - [14/Mar/2019:17:27:38 -0300] "GET /cormun/servlet/solicitudot?3b68dcbae353449827061fa6ff42dccfd526ea7932a6959e24c39c104c103e706964e57407492bc71bcff53971d6043c3750ab49efcce7c0c334e20aa9ecfe48e09d9f8f0893a7ffadbba2eb03a83b6313c002c579b6d2b8600af878d4ed3f9a1dd788a18931008329c882bc9b404cb2ef406518330dae401da430c7ae1f12c1dac950716c7e2ebc2094f6a6034f64ba1f518884b4449a95b1b71922e17d632c,gx-no-cache=1552595040510 HTTP/1.1" 200 29
186.103.159.46 - - [14/Mar/2019:17:27:38 -0300] "GET /cormun/servlet/solicitudot?3b68dcbae353449827061fa6ff42dccfd94bdfbd6bf9c6bc1744077b8fe3daa75f9f7b35bcc60a5b3b596b19f73567e1,gx-no-cache=1552595040568 HTTP/1.1" 200 30
186.103.159.46 - - [14/Mar/2019:17:27:38 -0300] "POST /cormun/servlet/solicitudot?gx-no-cache=1552595040635 HTTP/1.1" 200 30
186.103.159.46 - - [14/Mar/2019:17:27:38 -0300] "POST /cormun/servlet/solicitudot?d7afc109e5f78455df4551d029b03def,UPD,2019,14707,,gx-no-cache=1552595040746 HTTP/1.1" 200 93
186.103.159.46 - - [14/Mar/2019:17:27:38 -0300] "GET /cormun/servlet/hpexe_return? HTTP/1.1" 200 1006
186.103.159.46 - - [14/Mar/2019:17:27:39 -0300] "GET /cormun/servlet/trsolicitudot HTTP/1.1" 200 9715
186.103.159.46 - - [14/Mar/2019:17:27:43 -0300] "GET /cormun/servlet/trsolicitudot HTTP/1.1" 200 9711
186.103.159.46 - - [14/Mar/2019:17:27:57 -0300] "POST /cormun/servlet/trsolicitudot?d7afc109e5f78455df4551d029b03def,gx-no-cache=1552595059737 HTTP/1.1" 200 6426
186.103.159.46 - - [14/Mar/2019:17:27:58 -0300] "GET /cormun/static/Shared/jqueryui/images/ui-bg_highlight-soft_100_c6c2c8_1x100.png HTTP/1.1" 404 1117
186.103.159.46 - - [14/Mar/2019:17:27:58 -0300] "GET /cormun/static/Shared/jqueryui/images/ui-icons_82798d_256x240.png HTTP/1.1" 404 1089
186.103.159.46 - - [14/Mar/2019:17:27:58 -0300] "GET /cormun/static/Shared/jqueryui/images/ui-bg_flat_55_fafafa_40x100.png HTTP/1.1" 404 1097
186.103.159.46 - - [14/Mar/2019:17:27:58 -0300] "GET /cormun/static/Shared/jqueryui/images/ui-icons_8d78a5_256x240.png HTTP/1.1" 404 1089
186.103.159.46 - - [14/Mar/2019:17:27:58 -0300] "POST /cormun/servlet/trsolicitudot?d7afc109e5f78455df4551d029b03def,gx-no-cache=1552595060821 HTTP/1.1" 200 6367
186.103.159.46 - - [14/Mar/2019:17:28:02 -0300] "POST /cormun/servlet/trsolicitudot?d7afc109e5f78455df4551d029b03def,gx-no-cache=1552595064073 HTTP/1.1" 200 6155
186.103.159.46 - - [14/Mar/2019:17:28:02 -0300] "POST /cormun/servlet/trsolicitudot?d7afc109e5f78455df4551d029b03def,gx-no-cache=1552595064848 HTTP/1.1" 200 6098
186.103.159.46 - - [14/Mar/2019:17:28:06 -0300] "POST /cormun/servlet/trsolicitudot?d7afc109e5f78455df4551d029b03def,gx-no-cache=1552595068229 HTTP/1.1" 200 107
186.103.159.46 - - [14/Mar/2019:17:28:06 -0300] "GET /cormun/servlet/trsolicitudadjuntos?2019,14704, HTTP/1.1" 200 9878
186.103.159.46 - - [14/Mar/2019:17:28:09 -0300] "GET /cormun/servlet/trsolicitudadjuntos?2019,14704, HTTP/1.1" 200 9880
186.103.159.46 - - [14/Mar/2019:17:28:15 -0300] "GET /cormun/servlet/trsolicitudot? HTTP/1.1" 200 9068
186.103.159.46 - - [14/Mar/2019:17:28:18 -0300] "GET /cormun/servlet/trsolicitudot? HTTP/1.1" 200 9061
186.103.159.46 - - [14/Mar/2019:17:28:24 -0300] "POST /cormun/servlet/trsolicitudot?d7afc109e5f78455df4551d029b03def,,gx-no-cache=1552595086331 HTTP/1.1" 200 5742
186.103.159.46 - - [14/Mar/2019:17:28:24 -0300] "GET /cormun/static/Shared/jqueryui/images/ui-bg_highlight-soft_100_c6c2c8_1x100.png HTTP/1.1" 404 1117
186.103.159.46 - - [14/Mar/2019:17:28:24 -0300] "GET /cormun/static/Shared/jqueryui/images/ui-bg_flat_55_fafafa_40x100.png HTTP/1.1" 404 1097
186.103.159.46 - - [14/Mar/2019:17:28:24 -0300] "GET /cormun/static/Shared/jqueryui/images/ui-icons_82798d_256x240.png HTTP/1.1" 404 1089
186.103.159.46 - - [14/Mar/2019:17:28:24 -0300] "GET /cormun/static/Shared/jqueryui/images/ui-icons_8d78a5_256x240.png HTTP/1.1" 404 1089
186.103.159.46 - - [14/Mar/2019:17:28:25 -0300] "POST /cormun/servlet/trsolicitudot?d7afc109e5f78455df4551d029b03def,,gx-no-cache=1552595087170 HTTP/1.1" 200 5687
186.103.159.46 - - [14/Mar/2019:17:29:50 -0300] "GET /cormun/servlet/solicitudot?INS,0,0, HTTP/1.1" 200 14879
186.103.159.46 - - [14/Mar/2019:17:29:53 -0300] "GET /cormun/servlet/solicitudot?INS,0,0, HTTP/1.1" 200 14883
186.103.159.46 - - [14/Mar/2019:17:30:07 -0300] "POST /cormun/servlet/solicitudot?gx-no-cache=1552595189449 HTTP/1.1" 200 3571
186.103.159.46 - - [14/Mar/2019:17:30:08 -0300] "POST /cormun/servlet/solicitudot?d7afc109e5f78455df4551d029b03def,INS,0,0,,gx-no-cache=1552595190108 HTTP/1.1" 200 11709
186.103.159.46 - - [14/Mar/2019:17:30:14 -0300] "POST /cormun/servlet/solicitudot?d7afc109e5f78455df4551d029b03def,INS,0,0,,gx-no-cache=1552595196584 HTTP/1.1" 200 93
186.103.159.46 - - [14/Mar/2019:17:30:14 -0300] "GET /cormun/servlet/hpexe_return? HTTP/1.1" 200 1000
186.103.159.46 - - [14/Mar/2019:17:30:15 -0300] "GET /cormun/servlet/trsolicitudot? HTTP/1.1" 200 8641
186.103.159.46 - - [14/Mar/2019:17:30:18 -0300] "GET /cormun/servlet/trsolicitudot? HTTP/1.1" 200 8637
186.103.159.46 - - [14/Mar/2019:17:30:23 -0300] "GET /cormun/servlet/solicitudot?INS,0,0, HTTP/1.1" 200 14879
186.103.159.46 - - [14/Mar/2019:17:30:26 -0300] "GET /cormun/servlet/solicitudot?INS,0,0, HTTP/1.1" 200 14883
186.103.159.46 - - [14/Mar/2019:17:30:44 -0300] "POST /cormun/servlet/solicitudot?gx-no-cache=1552595226414 HTTP/1.1" 200 3547
186.103.159.46 - - [14/Mar/2019:17:30:44 -0300] "POST /cormun/servlet/solicitudot?d7afc109e5f78455df4551d029b03def,INS,0,0,,gx-no-cache=1552595226834 HTTP/1.1" 200 11669
192.168.10.89 - - [14/Mar/2019:17:31:22 -0300] "GET /cormun/servlet/hlogin HTTP/1.1" 200 1745
186.103.159.46 - - [14/Mar/2019:17:31:49 -0300] "GET /cormun/servlet/solicitudot?3b68dcbae353449827061fa6ff42dccf625c34b4eec55ee51e6e9f3501b45087fd7f899b5bd18b0d49c7a12b4086fd1c,gx-no-cache=1552595290982 HTTP/1.1" 200 30
186.103.159.46 - - [14/Mar/2019:17:31:49 -0300] "GET /cormun/servlet/solicitudot?3b68dcbae353449827061fa6ff42dccf1eff630fbe38536bf40efed4420c95664f4faec3b93fcf0474964c95aecbca0efd7f899b5bd18b0d49c7a12b4086fd1c,gx-no-cache=1552595291306 HTTP/1.1" 200 30
192.168.10.89 - - [14/Mar/2019:17:31:49 -0300] "GET /cormun/servlet/hlogin HTTP/1.1" 200 1717
186.103.159.46 - - [14/Mar/2019:17:31:49 -0300] "GET /cormun/servlet/solicitudot?3b68dcbae353449827061fa6ff42dccf5e2344c1c5a29cb165e595b795f637c9,gx-no-cache=1552595291453 HTTP/1.1" 200 70
186.103.159.46 - - [14/Mar/2019:17:31:49 -0300] "POST /cormun/servlet/solicitudot?gx-no-cache=1552595291644 HTTP/1.1" 200 255
186.103.159.46 - - [14/Mar/2019:17:31:50 -0300] "GET /cormun/servlet/solicitudot?3b68dcbae353449827061fa6ff42dccf7eff59844c910214ee1a8823922e4a3d7b65852eb34c86c2b653a8fc6445e32ef1307d6f7b25559d8fabc772fd99b49c13561dce3c020506d7dd58337adc6070ea44e3838c0235dcb8b53427923cd3c70326889f41b8c11126cf69c5a61db887339b37426d84290d89d2b838dbecb99f46430aad30e9219d6031babac5a76a31da5bb93a545dd426721c43b2f8ba43e97b3f6d3a5eb9195bf3a3c1cdadcd2194f7a8824cdb08d16183d0aba0418dbc8aec6d5bbd7a103d92c129012c8d10022ef9695ddc7056a87f9ed40cbeac16459d3297de994a9ebf277c545b32dd28f327d97db823d1f7edafd860eb83a285475cd98577b4b5e8498f8ff29629c4b2642fde3b84a9e27d8b3280145688784be060c0890b7feb9799566e5f28b5f7d9a4b7acf972671506b6afe28e65e29fbf22ea44270e8130a52370c3f4666ccfcd8365ae52f94b1765a41af84f64d0a8949ec89dc7b6466455fa507802986ed0df8fda2b9239f2011324d651686d1b1e342d98,gx-no-cache=1552595291896 HTTP/1.1" 200 30
186.103.159.46 - - [14/Mar/2019:17:31:50 -0300] "POST /cormun/servlet/solicitudot?gx-no-cache=1552595292386 HTTP/1.1" 200 30
186.103.159.46 - - [14/Mar/2019:17:31:51 -0300] "POST /cormun/servlet/solicitudot?gx-no-cache=1552595293053 HTTP/1.1" 200 1281
186.103.159.46 - - [14/Mar/2019:17:31:51 -0300] "POST /cormun/servlet/solicitudot?gx-no-cache=1552595293456 HTTP/1.1" 200 38
186.103.159.46 - - [14/Mar/2019:17:31:51 -0300] "GET /cormun/servlet/solicitudot?3b68dcbae353449827061fa6ff42dccf1ba1a646fc7a5e1ecae125004459ac29b758c396eec3592cfd23add7cd64e94b86a2fd32e1782bdb67f4402e3e6088028f2e105dc872cabf44bf8f42cf5563acbebb7fc130667b42b98e4e112d64e077fdc693471ccb21138c8deb9e25c5e75d,gx-no-cache=1552595293663 HTTP/1.1" 200 110
192.168.10.89 - - [14/Mar/2019:17:31:58 -0300] "POST /cormun/servlet/hlogin?628b8383ad86afbc1158176c8b94894a,gx-no-cache=1552602323350 HTTP/1.1" 200 90
192.168.10.89 - - [14/Mar/2019:17:31:58 -0300] "GET /cormun/servlet/hpexe_link HTTP/1.1" 200 949
192.168.10.89 - - [14/Mar/2019:17:31:58 -0300] "GET /cormun/servlet/hhome HTTP/1.1" 200 3822
192.168.10.89 - - [14/Mar/2019:17:32:01 -0300] "GET /cormun/servlet/trsolicitudgral? HTTP/1.1" 200 27167
186.103.159.46 - - [14/Mar/2019:17:32:02 -0300] "POST /cormun/servlet/solicitudot?gx-no-cache=1552595304648 HTTP/1.1" 200 30
186.103.159.46 - - [14/Mar/2019:17:32:14 -0300] "POST /cormun/servlet/solicitudot?gx-no-cache=1552595316523 HTTP/1.1" 200 1281
