186.67.164.138 - - [14/Mar/2019:11:54:02 -0300] "GET /cormun/servlet/trsolicitudadjuntos?2019,14681, HTTP/1.1" 200 6156
186.67.164.138 - - [14/Mar/2019:11:54:04 -0300] "GET /cormun/servlet/solicitudotadjuntos?INS,2019,14681,,1, HTTP/1.1" 200 6097
186.67.164.138 - - [14/Mar/2019:11:54:05 -0300] "GET /cormun/static/about:blank HTTP/1.1" 404 1011
186.67.164.138 - - [14/Mar/2019:11:54:05 -0300] "GET /cormun/servlet/solicitudotadjuntos?INS,2019,14681,,1, HTTP/1.1" 200 6090
186.67.164.138 - - [14/Mar/2019:11:54:05 -0300] "GET /cormun/servlet/solicitudotadjuntos?414ffff23abb6192b1c343d0c30fbc3e0e8306ea376f966214229ba22f3ee6bd0d813291a87c533f151a711b4a550d7d,gx-no-cache=1552575027349 HTTP/1.1" 200 30
186.67.164.138 - - [14/Mar/2019:11:54:06 -0300] "POST /cormun/servlet/solicitudotadjuntos?f7fec452c77b33c1f71d7fb22a8a35fb,INS,2019,14681,,1,,gx-no-cache=1552575027375 HTTP/1.1" 200 3902
192.168.10.89 - - [14/Mar/2019:11:54:07 -0300] "POST /cormun/servlet/trsolicitudgral?74881785744dd70b64c85d2828a32343,,gx-no-cache=1552582051922 HTTP/1.1" 200 24557
186.67.164.138 - - [14/Mar/2019:11:54:09 -0300] "POST /cormun/servlet/solicitudotadjuntos?gx-no-cache=1552575030755 HTTP/1.1" 200 26
192.168.10.89 - - [14/Mar/2019:11:54:12 -0300] "POST /cormun/servlet/trsolicitudgral?74881785744dd70b64c85d2828a32343,,gx-no-cache=1552582056875 HTTP/1.1" 200 105
192.168.10.89 - - [14/Mar/2019:11:54:13 -0300] "GET /cormun/SolicitudGral-3773.xls HTTP/1.1" 200 72704
192.168.10.89 - - [14/Mar/2019:11:54:17 -0300] "OPTIONS /cormun/ HTTP/1.1" 200 -
192.168.10.89 - - [14/Mar/2019:11:54:17 -0300] "OPTIONS /cormun/ HTTP/1.1" 200 -
186.103.159.187 - - [14/Mar/2019:11:54:18 -0300] "POST /cormun/servlet/trsolicitudot?e66c9d593da1e84b978bcb422a2e336b,gx-no-cache=1552578781229 HTTP/1.1" 200 5805
186.103.159.187 - - [14/Mar/2019:11:54:18 -0300] "GET /cormun/static/Shared/jqueryui/images/ui-bg_highlight-soft_100_c6c2c8_1x100.png HTTP/1.1" 404 1117
186.103.159.187 - - [14/Mar/2019:11:54:18 -0300] "GET /cormun/static/Shared/jqueryui/images/ui-icons_82798d_256x240.png HTTP/1.1" 404 1089
186.103.159.187 - - [14/Mar/2019:11:54:18 -0300] "GET /cormun/static/Shared/jqueryui/images/ui-bg_flat_55_fafafa_40x100.png HTTP/1.1" 404 1097
186.103.159.187 - - [14/Mar/2019:11:54:18 -0300] "GET /cormun/static/Shared/jqueryui/images/ui-icons_8d78a5_256x240.png HTTP/1.1" 404 1089
186.103.159.187 - - [14/Mar/2019:11:54:18 -0300] "POST /cormun/servlet/trsolicitudot?e66c9d593da1e84b978bcb422a2e336b,gx-no-cache=1552578781690 HTTP/1.1" 200 5749
186.103.159.187 - - [14/Mar/2019:11:54:20 -0300] "POST /cormun/servlet/trsolicitudot?e66c9d593da1e84b978bcb422a2e336b,gx-no-cache=1552578783086 HTTP/1.1" 200 4568
186.103.159.187 - - [14/Mar/2019:11:54:20 -0300] "POST /cormun/servlet/trsolicitudot?e66c9d593da1e84b978bcb422a2e336b,gx-no-cache=1552578783357 HTTP/1.1" 200 4319
192.168.10.89 - - [14/Mar/2019:11:54:22 -0300] "HEAD /cormun/SolicitudGral-3773.xls HTTP/1.1" 200 -
192.168.10.89 - - [14/Mar/2019:11:54:22 -0300] "HEAD /cormun/SolicitudGral-3773.xls HTTP/1.1" 200 -
186.103.159.187 - - [14/Mar/2019:11:54:23 -0300] "POST /cormun/servlet/trsolicitudot?e66c9d593da1e84b978bcb422a2e336b,gx-no-cache=1552578786404 HTTP/1.1" 200 90
186.103.159.187 - - [14/Mar/2019:11:54:23 -0300] "GET /cormun/servlet/hpexe_link HTTP/1.1" 200 958
186.103.159.187 - - [14/Mar/2019:11:54:23 -0300] "GET /cormun/servlet/hhome HTTP/1.1" 200 4008
186.103.159.187 - - [14/Mar/2019:11:54:24 -0300] "GET /cormun/servlet/hhome HTTP/1.1" 200 4005
186.103.159.187 - - [14/Mar/2019:11:54:26 -0300] "GET /cormun/servlet/hlogin HTTP/1.1" 200 1735
207.46.13.137 - - [14/Mar/2019:11:54:27 -0300] "GET /cormun/servlet/hhome?_escaped_fragment_= HTTP/1.1" 200 3246
192.168.10.89 - - [14/Mar/2019:11:54:27 -0300] "GET /cormun/SolicitudGral-3773.xls HTTP/1.1" 200 72704
192.168.10.89 - - [14/Mar/2019:11:54:28 -0300] "HEAD /cormun/SolicitudGral-3773.xls HTTP/1.1" 200 -
186.67.164.138 - - [14/Mar/2019:11:54:29 -0300] "GET /cormun/servlet/solicitudotadjuntos?414ffff23abb6192b1c343d0c30fbc3e3581a8426996b2a14c52b4691f152b7f,gx-no-cache=1552575050810 HTTP/1.1" 200 30
186.67.164.138 - - [14/Mar/2019:11:54:29 -0300] "GET /cormun/servlet/solicitudotadjuntos?414ffff23abb6192b1c343d0c30fbc3e3581a8426996b2a14c52b4691f152b7f,gx-no-cache=1552575050859 HTTP/1.1" 200 30
186.67.164.138 - - [14/Mar/2019:11:54:31 -0300] "POST /cormun/servlet/solicitudotadjuntos?f7fec452c77b33c1f71d7fb22a8a35fb,INS,2019,14681,,1, HTTP/1.1" 200 116
186.67.164.138 - - [14/Mar/2019:11:54:31 -0300] "GET /cormun/servlet/hpexe_return? HTTP/1.1" 200 1028
186.67.164.138 - - [14/Mar/2019:11:54:32 -0300] "GET /cormun/servlet/trsolicitudadjuntos?2019,14681, HTTP/1.1" 200 8752
186.67.164.138 - - [14/Mar/2019:11:54:34 -0300] "GET /cormun/servlet/trsolicitudadjuntos?2019,14681, HTTP/1.1" 200 8748
186.103.159.187 - - [14/Mar/2019:11:54:34 -0300] "POST /cormun/servlet/hlogin?e66c9d593da1e84b978bcb422a2e336b,gx-no-cache=1552578797842 HTTP/1.1" 200 446
186.67.164.138 - - [14/Mar/2019:11:54:36 -0300] "GET /cormun/servlet/solicitudotadjuntos?INS,2019,14681,,1, HTTP/1.1" 200 6098
186.67.164.138 - - [14/Mar/2019:11:54:36 -0300] "GET /cormun/static/about:blank HTTP/1.1" 404 1011
186.67.164.138 - - [14/Mar/2019:11:54:40 -0300] "GET /cormun/servlet/solicitudotadjuntos?INS,2019,14681,,1, HTTP/1.1" 200 6091
186.103.159.187 - - [14/Mar/2019:11:54:40 -0300] "POST /cormun/servlet/hlogin?e66c9d593da1e84b978bcb422a2e336b,gx-no-cache=1552578803148 HTTP/1.1" 200 90
186.103.159.187 - - [14/Mar/2019:11:54:40 -0300] "GET /cormun/servlet/hpexe_link HTTP/1.1" 200 954
186.103.159.187 - - [14/Mar/2019:11:54:40 -0300] "GET /cormun/servlet/hhome HTTP/1.1" 200 4242
186.67.164.138 - - [14/Mar/2019:11:54:40 -0300] "GET /cormun/servlet/solicitudotadjuntos?414ffff23abb6192b1c343d0c30fbc3e0e8306ea376f966214229ba22f3ee6bd0d813291a87c533f151a711b4a550d7d,gx-no-cache=1552575061947 HTTP/1.1" 200 30
186.67.164.138 - - [14/Mar/2019:11:54:40 -0300] "POST /cormun/servlet/solicitudotadjuntos?f7fec452c77b33c1f71d7fb22a8a35fb,INS,2019,14681,,1,,gx-no-cache=1552575062011 HTTP/1.1" 200 3903
186.103.159.187 - - [14/Mar/2019:11:54:41 -0300] "GET /cormun/servlet/hhome HTTP/1.1" 200 4238
186.67.164.138 - - [14/Mar/2019:11:54:43 -0300] "POST /cormun/servlet/solicitudotadjuntos?gx-no-cache=1552575064468 HTTP/1.1" 200 26
192.168.10.89 - - [14/Mar/2019:11:54:47 -0300] "POST /cormun/servlet/trsolicitudgral?74881785744dd70b64c85d2828a32343,,gx-no-cache=1552582091688 HTTP/1.1" 200 23779
186.67.164.138 - - [14/Mar/2019:11:54:48 -0300] "GET /cormun/servlet/solicitudotadjuntos?414ffff23abb6192b1c343d0c30fbc3e3581a8426996b2a14c52b4691f152b7f,gx-no-cache=1552575070246 HTTP/1.1" 200 30
186.67.164.138 - - [14/Mar/2019:11:54:48 -0300] "GET /cormun/servlet/solicitudotadjuntos?414ffff23abb6192b1c343d0c30fbc3e3581a8426996b2a14c52b4691f152b7f,gx-no-cache=1552575070273 HTTP/1.1" 200 30
186.67.164.138 - - [14/Mar/2019:11:54:49 -0300] "POST /cormun/servlet/solicitudotadjuntos?f7fec452c77b33c1f71d7fb22a8a35fb,INS,2019,14681,,1, HTTP/1.1" 200 116
186.67.164.138 - - [14/Mar/2019:11:54:50 -0300] "GET /cormun/servlet/hpexe_return? HTTP/1.1" 200 1028
186.67.164.138 - - [14/Mar/2019:11:54:50 -0300] "GET /cormun/servlet/trsolicitudadjuntos?2019,14681, HTTP/1.1" 200 8980
186.67.164.138 - - [14/Mar/2019:11:54:51 -0300] "GET /cormun/servlet/trsolicitudadjuntos?2019,14681, HTTP/1.1" 200 8979
192.168.10.89 - - [14/Mar/2019:11:54:52 -0300] "POST /cormun/servlet/trsolicitudgral?74881785744dd70b64c85d2828a32343,,gx-no-cache=1552582096172 HTTP/1.1" 200 105
192.168.10.89 - - [14/Mar/2019:11:54:52 -0300] "GET /cormun/SolicitudGral-5889.xls HTTP/1.1" 200 80896
186.67.164.138 - - [14/Mar/2019:11:54:53 -0300] "GET /cormun/servlet/solicitudotadjuntos?INS,2019,14681,,1, HTTP/1.1" 200 6098
186.67.164.138 - - [14/Mar/2019:11:54:54 -0300] "GET /cormun/static/about:blank HTTP/1.1" 404 1011
192.168.10.89 - - [14/Mar/2019:11:54:54 -0300] "OPTIONS /cormun/ HTTP/1.1" 200 -
192.168.10.89 - - [14/Mar/2019:11:54:54 -0300] "OPTIONS /cormun/ HTTP/1.1" 200 -
186.67.164.138 - - [14/Mar/2019:11:54:54 -0300] "GET /cormun/servlet/solicitudotadjuntos?INS,2019,14681,,1, HTTP/1.1" 200 6091
186.67.164.138 - - [14/Mar/2019:11:54:55 -0300] "GET /cormun/servlet/solicitudotadjuntos?414ffff23abb6192b1c343d0c30fbc3e0e8306ea376f966214229ba22f3ee6bd0d813291a87c533f151a711b4a550d7d,gx-no-cache=1552575076406 HTTP/1.1" 200 30
186.67.164.138 - - [14/Mar/2019:11:54:55 -0300] "POST /cormun/servlet/solicitudotadjuntos?f7fec452c77b33c1f71d7fb22a8a35fb,INS,2019,14681,,1,,gx-no-cache=1552575076441 HTTP/1.1" 200 3903
186.67.164.138 - - [14/Mar/2019:11:54:58 -0300] "POST /cormun/servlet/solicitudotadjuntos?gx-no-cache=1552575079493 HTTP/1.1" 200 26
192.168.10.89 - - [14/Mar/2019:11:54:58 -0300] "HEAD /cormun/SolicitudGral-5889.xls HTTP/1.1" 200 -
192.168.10.89 - - [14/Mar/2019:11:54:58 -0300] "HEAD /cormun/SolicitudGral-5889.xls HTTP/1.1" 200 -
192.168.10.89 - - [14/Mar/2019:11:55:02 -0300] "GET /cormun/SolicitudGral-5889.xls HTTP/1.1" 200 80896
192.168.10.89 - - [14/Mar/2019:11:55:02 -0300] "HEAD /cormun/SolicitudGral-5889.xls HTTP/1.1" 200 -
186.67.164.138 - - [14/Mar/2019:11:55:05 -0300] "GET /cormun/servlet/solicitudotadjuntos?414ffff23abb6192b1c343d0c30fbc3e3581a8426996b2a14c52b4691f152b7f,gx-no-cache=1552575086781 HTTP/1.1" 200 30
186.67.164.138 - - [14/Mar/2019:11:55:05 -0300] "GET /cormun/servlet/solicitudotadjuntos?414ffff23abb6192b1c343d0c30fbc3e3581a8426996b2a14c52b4691f152b7f,gx-no-cache=1552575086812 HTTP/1.1" 200 30
186.67.164.138 - - [14/Mar/2019:11:55:05 -0300] "POST /cormun/servlet/solicitudotadjuntos?f7fec452c77b33c1f71d7fb22a8a35fb,INS,2019,14681,,1, HTTP/1.1" 200 116
186.67.164.138 - - [14/Mar/2019:11:55:06 -0300] "GET /cormun/servlet/hpexe_return? HTTP/1.1" 200 1028
186.67.164.138 - - [14/Mar/2019:11:55:06 -0300] "GET /cormun/servlet/trsolicitudadjuntos?2019,14681, HTTP/1.1" 200 9164
186.67.164.138 - - [14/Mar/2019:11:55:08 -0300] "GET /cormun/servlet/trsolicitudadjuntos?2019,14681, HTTP/1.1" 200 9162
186.67.164.138 - - [14/Mar/2019:11:55:10 -0300] "GET /cormun/servlet/solicitudotadjuntos?INS,2019,14681,,1, HTTP/1.1" 200 6098
186.67.164.138 - - [14/Mar/2019:11:55:10 -0300] "GET /cormun/static/about:blank HTTP/1.1" 404 1011
186.67.164.138 - - [14/Mar/2019:11:55:10 -0300] "GET /cormun/servlet/solicitudotadjuntos?INS,2019,14681,,1, HTTP/1.1" 200 6091
186.67.164.138 - - [14/Mar/2019:11:55:11 -0300] "GET /cormun/servlet/solicitudotadjuntos?414ffff23abb6192b1c343d0c30fbc3e0e8306ea376f966214229ba22f3ee6bd0d813291a87c533f151a711b4a550d7d,gx-no-cache=1552575092678 HTTP/1.1" 200 30
186.67.164.138 - - [14/Mar/2019:11:55:11 -0300] "POST /cormun/servlet/solicitudotadjuntos?f7fec452c77b33c1f71d7fb22a8a35fb,INS,2019,14681,,1,,gx-no-cache=1552575092713 HTTP/1.1" 200 3903
186.67.164.138 - - [14/Mar/2019:11:55:13 -0300] "POST /cormun/servlet/solicitudotadjuntos?gx-no-cache=1552575095316 HTTP/1.1" 200 26
186.67.164.138 - - [14/Mar/2019:11:55:39 -0300] "GET /cormun/servlet/solicitudotadjuntos?414ffff23abb6192b1c343d0c30fbc3e3581a8426996b2a14c52b4691f152b7f,gx-no-cache=1552575120581 HTTP/1.1" 200 30
186.67.164.138 - - [14/Mar/2019:11:55:39 -0300] "GET /cormun/servlet/solicitudotadjuntos?414ffff23abb6192b1c343d0c30fbc3e3581a8426996b2a14c52b4691f152b7f,gx-no-cache=1552575120608 HTTP/1.1" 200 30
186.67.164.138 - - [14/Mar/2019:11:55:40 -0300] "POST /cormun/servlet/solicitudotadjuntos?f7fec452c77b33c1f71d7fb22a8a35fb,INS,2019,14681,,1, HTTP/1.1" 200 116
186.67.164.138 - - [14/Mar/2019:11:55:40 -0300] "GET /cormun/servlet/hpexe_return? HTTP/1.1" 200 1028
186.67.164.138 - - [14/Mar/2019:11:55:41 -0300] "GET /cormun/servlet/trsolicitudadjuntos?2019,14681, HTTP/1.1" 200 9410
186.67.164.138 - - [14/Mar/2019:11:55:43 -0300] "GET /cormun/servlet/trsolicitudadjuntos?2019,14681, HTTP/1.1" 200 9407
186.67.164.138 - - [14/Mar/2019:11:55:45 -0300] "GET /cormun/servlet/solicitudotadjuntos?INS,2019,14681,,1, HTTP/1.1" 200 6098
186.67.164.138 - - [14/Mar/2019:11:55:46 -0300] "GET /cormun/static/about:blank HTTP/1.1" 404 1011
186.67.164.138 - - [14/Mar/2019:11:55:46 -0300] "GET /cormun/servlet/solicitudotadjuntos?INS,2019,14681,,1, HTTP/1.1" 200 6091
186.67.164.138 - - [14/Mar/2019:11:55:46 -0300] "GET /cormun/servlet/solicitudotadjuntos?414ffff23abb6192b1c343d0c30fbc3e0e8306ea376f966214229ba22f3ee6bd0d813291a87c533f151a711b4a550d7d,gx-no-cache=1552575128130 HTTP/1.1" 200 30
186.67.164.138 - - [14/Mar/2019:11:55:46 -0300] "POST /cormun/servlet/solicitudotadjuntos?f7fec452c77b33c1f71d7fb22a8a35fb,INS,2019,14681,,1,,gx-no-cache=1552575128159 HTTP/1.1" 200 3902
186.67.164.138 - - [14/Mar/2019:11:55:48 -0300] "POST /cormun/servlet/solicitudotadjuntos?gx-no-cache=1552575130204 HTTP/1.1" 200 26
186.67.164.138 - - [14/Mar/2019:11:55:55 -0300] "GET /cormun/servlet/solicitudotadjuntos?414ffff23abb6192b1c343d0c30fbc3e3581a8426996b2a14c52b4691f152b7f,gx-no-cache=1552575136733 HTTP/1.1" 200 30
186.67.164.138 - - [14/Mar/2019:11:55:55 -0300] "GET /cormun/servlet/solicitudotadjuntos?414ffff23abb6192b1c343d0c30fbc3e3581a8426996b2a14c52b4691f152b7f,gx-no-cache=1552575136758 HTTP/1.1" 200 30
186.67.164.138 - - [14/Mar/2019:11:55:55 -0300] "POST /cormun/servlet/solicitudotadjuntos?f7fec452c77b33c1f71d7fb22a8a35fb,INS,2019,14681,,1, HTTP/1.1" 200 116
186.67.164.138 - - [14/Mar/2019:11:55:56 -0300] "GET /cormun/servlet/hpexe_return? HTTP/1.1" 200 1028
186.67.164.138 - - [14/Mar/2019:11:55:57 -0300] "GET /cormun/servlet/trsolicitudadjuntos?2019,14681, HTTP/1.1" 200 9649
186.67.164.138 - - [14/Mar/2019:11:55:58 -0300] "GET /cormun/servlet/trsolicitudadjuntos?2019,14681, HTTP/1.1" 200 9649
186.67.164.138 - - [14/Mar/2019:11:56:01 -0300] "GET /cormun/servlet/solicitudotadjuntos?INS,2019,14681,,1, HTTP/1.1" 200 6098
186.67.164.138 - - [14/Mar/2019:11:56:01 -0300] "GET /cormun/static/about:blank HTTP/1.1" 404 1011
186.67.164.138 - - [14/Mar/2019:11:56:02 -0300] "GET /cormun/servlet/solicitudotadjuntos?INS,2019,14681,,1, HTTP/1.1" 200 6091
186.67.164.138 - - [14/Mar/2019:11:56:02 -0300] "GET /cormun/servlet/solicitudotadjuntos?414ffff23abb6192b1c343d0c30fbc3e0e8306ea376f966214229ba22f3ee6bd0d813291a87c533f151a711b4a550d7d,gx-no-cache=1552575144199 HTTP/1.1" 200 30
186.67.164.138 - - [14/Mar/2019:11:56:02 -0300] "POST /cormun/servlet/solicitudotadjuntos?f7fec452c77b33c1f71d7fb22a8a35fb,INS,2019,14681,,1,,gx-no-cache=1552575144231 HTTP/1.1" 200 3902
186.67.164.138 - - [14/Mar/2019:11:56:05 -0300] "POST /cormun/servlet/solicitudotadjuntos?gx-no-cache=1552575146940 HTTP/1.1" 200 26
186.67.164.138 - - [14/Mar/2019:11:56:11 -0300] "GET /cormun/servlet/solicitudotadjuntos?414ffff23abb6192b1c343d0c30fbc3e3581a8426996b2a14c52b4691f152b7f,gx-no-cache=1552575152923 HTTP/1.1" 200 30
186.67.164.138 - - [14/Mar/2019:11:56:11 -0300] "GET /cormun/servlet/solicitudotadjuntos?414ffff23abb6192b1c343d0c30fbc3e3581a8426996b2a14c52b4691f152b7f,gx-no-cache=1552575152945 HTTP/1.1" 200 30
186.67.164.138 - - [14/Mar/2019:11:56:13 -0300] "POST /cormun/servlet/solicitudotadjuntos?f7fec452c77b33c1f71d7fb22a8a35fb,INS,2019,14681,,1, HTTP/1.1" 200 116
186.67.164.138 - - [14/Mar/2019:11:56:13 -0300] "GET /cormun/servlet/hpexe_return? HTTP/1.1" 200 1028
186.67.164.138 - - [14/Mar/2019:11:56:14 -0300] "GET /cormun/servlet/trsolicitudadjuntos?2019,14681, HTTP/1.1" 200 9865
186.67.164.138 - - [14/Mar/2019:11:56:16 -0300] "GET /cormun/servlet/trsolicitudadjuntos?2019,14681, HTTP/1.1" 200 9863
186.67.164.138 - - [14/Mar/2019:11:56:36 -0300] "POST /cormun/servlet/trsolicitudadjuntos?f7fec452c77b33c1f71d7fb22a8a35fb,2019,14681,,gx-no-cache=1552575177430 HTTP/1.1" 200 90
186.67.164.138 - - [14/Mar/2019:11:56:36 -0300] "GET /cormun/servlet/hpexe_link HTTP/1.1" 200 970
186.67.164.138 - - [14/Mar/2019:11:56:36 -0300] "GET /cormun/servlet/trsolicitudot HTTP/1.1" 200 9570
186.67.164.138 - - [14/Mar/2019:11:56:37 -0300] "GET /cormun/servlet/trsolicitudot HTTP/1.1" 200 9568
186.67.164.138 - - [14/Mar/2019:11:56:43 -0300] "POST /cormun/servlet/trsolicitudot?f7fec452c77b33c1f71d7fb22a8a35fb,gx-no-cache=1552575184452 HTTP/1.1" 200 106
186.67.164.138 - - [14/Mar/2019:11:56:43 -0300] "GET /cormun/servlet/solicitudot?UPD,2019,14681, HTTP/1.1" 200 15434
186.67.164.138 - - [14/Mar/2019:11:56:44 -0300] "GET /cormun/servlet/solicitudot?UPD,2019,14681, HTTP/1.1" 200 15443
186.67.164.138 - - [14/Mar/2019:11:56:45 -0300] "POST /cormun/servlet/solicitudot?gx-no-cache=1552575186476 HTTP/1.1" 200 3550
186.67.164.138 - - [14/Mar/2019:11:56:45 -0300] "POST /cormun/servlet/solicitudot?f7fec452c77b33c1f71d7fb22a8a35fb,UPD,2019,14681,,gx-no-cache=1552575186668 HTTP/1.1" 200 11795
186.67.164.138 - - [14/Mar/2019:11:56:45 -0300] "GET /cormun/servlet/solicitudot?414ffff23abb6192b1c343d0c30fbc3e711e747e54b864d228ec86f943480252ea9807fc1ec58cb1392f8093a31e5f0c,gx-no-cache=1552575186928 HTTP/1.1" 200 30
186.67.164.138 - - [14/Mar/2019:11:56:45 -0300] "GET /cormun/servlet/solicitudot?414ffff23abb6192b1c343d0c30fbc3e4a5939a34e6200093fa2d6922ebf349b311061bde68d7cb438955271088f5055,gx-no-cache=1552575186964 HTTP/1.1" 200 30
186.67.164.138 - - [14/Mar/2019:11:56:45 -0300] "GET /cormun/servlet/solicitudot?414ffff23abb6192b1c343d0c30fbc3e2adbca5e60ab5730f8c9b1264d0b9791db2302a255c47d408b6f8e1a52135d145735d66e0502695901481471c62e4747,gx-no-cache=1552575186986 HTTP/1.1" 200 53
186.67.164.138 - - [14/Mar/2019:11:56:45 -0300] "POST /cormun/servlet/solicitudot?gx-no-cache=1552575187014 HTTP/1.1" 200 254
186.67.164.138 - - [14/Mar/2019:11:56:45 -0300] "GET /cormun/servlet/solicitudot?414ffff23abb6192b1c343d0c30fbc3e8b0e36d9701cf985a49aa670e51c0dda02e80d66bc9fab0535fd0a043624b6ca3a98dd9fec517c0b50697090b3b2397e3fb2a6ea773dec7cd5b6d1f06b3aad0504e3602af1e1d8396b660d648706e4f5d58feb7f6c1d077a12ea01f80fa7264542c58d42ae1b00b61e3ba1500056c51b8126fd4c3dcf56f18a6335cbefc1767fdaa019f7f3f71c6ca7e1ddd7284efdaa7eee89dc6dd086a797b2b19de1b5db1027674b03603559957c932b4d5d986b7b5b1b83d46854b7fc49030235f3791587c49c35cce793268633d9d2e235b91d34196d9dc1fe1c9c37025cdcd68b8b007daa0982f342e6f08b7be2ac73bf8858ee710e0cc29e0c3da1b1a0334b6c3dd28330b09e49faaa952d6779b8249a38b2127a35319925f968058014a631154af0d8948ae37dbeb6295342f11a96e56c7f16972a7a3c7f26026e407fdbd551caedb957979365ac2c4e4b4e0b01b6b5085f63b79e4a638cfd30d4b1abc3d11a26210545c6a7c266d30e152a6371557d8e8731,gx-no-cache=1552575187052 HTTP/1.1" 200 30
186.67.164.138 - - [14/Mar/2019:11:56:45 -0300] "POST /cormun/servlet/solicitudot?gx-no-cache=1552575187075 HTTP/1.1" 200 30
186.67.164.138 - - [14/Mar/2019:11:56:45 -0300] "POST /cormun/servlet/solicitudot?gx-no-cache=1552575187107 HTTP/1.1" 200 1282
186.67.164.138 - - [14/Mar/2019:11:56:45 -0300] "POST /cormun/servlet/solicitudot?gx-no-cache=1552575187148 HTTP/1.1" 200 40
186.67.164.138 - - [14/Mar/2019:11:57:00 -0300] "GET /cormun/servlet/solicitudot?414ffff23abb6192b1c343d0c30fbc3e387d5396e706c99747ea1f1f8b4426b80191b3ea8f92176ed73e22b06d1a6eecd5fad0755fb3c062f1e33907750783032baa396cee42ba7f8a58089c74dbfaf4f303e35135f93a14d270b2427b056c569aed107770ce2f088a8557b4e6eb8c4a,gx-no-cache=1552575202010 HTTP/1.1" 200 110
186.67.164.138 - - [14/Mar/2019:11:57:00 -0300] "POST /cormun/servlet/solicitudot?gx-no-cache=1552575202048 HTTP/1.1" 200 97
186.67.164.138 - - [14/Mar/2019:11:57:00 -0300] "GET /cormun/servlet/solicitudot?414ffff23abb6192b1c343d0c30fbc3e54d8222ab23f9ea1d5e0089c02062aa90962aeafa18f2a38ccaeb29300466a00e38003f0690fa234553c1b032ea33f185def811def574ce08377ac6930b1a563d5b7eeea06e6485820a2637f01dce974f37e551828cb0fe9e470890de9408a3d36057f5761fbb153ddd13e0bda1e638b522d940e3a97341c8bdfbb8f53060cf4fb28f26a06268462f488366a6481bd386367a62e8631d02bc983d562aafac0151cdb9ea0a8588b294f60cb4c2aa3b63a75eba59eaa953cc9de90a9bf0d052da0,gx-no-cache=1552575202085 HTTP/1.1" 200 29
186.67.164.138 - - [14/Mar/2019:11:57:00 -0300] "GET /cormun/servlet/solicitudot?414ffff23abb6192b1c343d0c30fbc3e1a5bbd422be90f9778a0fce0589c9ae4786b5eb576e4759f2682a2efc2c77529,gx-no-cache=1552575202108 HTTP/1.1" 200 30
186.67.164.138 - - [14/Mar/2019:11:57:00 -0300] "POST /cormun/servlet/solicitudot?gx-no-cache=1552575202132 HTTP/1.1" 200 30
186.67.164.138 - - [14/Mar/2019:11:57:01 -0300] "POST /cormun/servlet/solicitudot?f7fec452c77b33c1f71d7fb22a8a35fb,UPD,2019,14681,,gx-no-cache=1552575202164 HTTP/1.1" 200 93
186.67.164.138 - - [14/Mar/2019:11:57:01 -0300] "GET /cormun/servlet/hpexe_return? HTTP/1.1" 200 1015
186.67.164.138 - - [14/Mar/2019:11:57:01 -0300] "GET /cormun/servlet/trsolicitudot HTTP/1.1" 200 9573
186.67.164.138 - - [14/Mar/2019:11:57:02 -0300] "GET /cormun/servlet/trsolicitudot HTTP/1.1" 200 9568
186.67.164.138 - - [14/Mar/2019:11:57:05 -0300] "POST /cormun/servlet/trsolicitudot?f7fec452c77b33c1f71d7fb22a8a35fb,gx-no-cache=1552575207061 HTTP/1.1" 200 6309
186.67.164.138 - - [14/Mar/2019:11:57:05 -0300] "GET /cormun/static/Shared/jqueryui/images/ui-bg_highlight-soft_100_c6c2c8_1x100.png HTTP/1.1" 404 1117
186.67.164.138 - - [14/Mar/2019:11:57:05 -0300] "GET /cormun/static/Shared/jqueryui/images/ui-icons_82798d_256x240.png HTTP/1.1" 404 1089
186.67.164.138 - - [14/Mar/2019:11:57:05 -0300] "GET /cormun/static/Shared/jqueryui/images/ui-bg_flat_55_fafafa_40x100.png HTTP/1.1" 404 1097
186.67.164.138 - - [14/Mar/2019:11:57:05 -0300] "GET /cormun/static/Shared/jqueryui/images/ui-icons_8d78a5_256x240.png HTTP/1.1" 404 1089
186.67.164.138 - - [14/Mar/2019:11:57:06 -0300] "POST /cormun/servlet/trsolicitudot?f7fec452c77b33c1f71d7fb22a8a35fb,gx-no-cache=1552575207352 HTTP/1.1" 200 6252
186.103.159.187 - - [14/Mar/2019:11:58:19 -0300] "GET /cormun/servlet/hlogin HTTP/1.1" 200 1735
186.103.159.187 - - [14/Mar/2019:11:58:31 -0300] "POST /cormun/servlet/hlogin?e66c9d593da1e84b978bcb422a2e336b,gx-no-cache=1552579034355 HTTP/1.1" 200 90
186.103.159.187 - - [14/Mar/2019:11:58:31 -0300] "GET /cormun/servlet/hpexe_link HTTP/1.1" 200 954
186.103.159.187 - - [14/Mar/2019:11:58:31 -0300] "GET /cormun/servlet/hhome HTTP/1.1" 200 4242
186.103.159.187 - - [14/Mar/2019:11:58:33 -0300] "GET /cormun/servlet/hhome HTTP/1.1" 200 4238
186.103.159.187 - - [14/Mar/2019:11:58:36 -0300] "GET /cormun/servlet/trautorizarsolicitud? HTTP/1.1" 200 9082
186.103.159.187 - - [14/Mar/2019:11:58:37 -0300] "GET /cormun/servlet/trautorizarsolicitud? HTTP/1.1" 200 9080
192.168.10.89 - - [14/Mar/2019:11:58:39 -0300] "POST /cormun/servlet/trsolicitudgral?74881785744dd70b64c85d2828a32343,,gx-no-cache=1552582324322 HTTP/1.1" 200 6715
186.103.159.187 - - [14/Mar/2019:11:58:56 -0300] "POST /cormun/servlet/trautorizarsolicitud?e66c9d593da1e84b978bcb422a2e336b,,gx-no-cache=1552579049504 HTTP/1.1" 200 5931
186.103.159.187 - - [14/Mar/2019:11:58:56 -0300] "GET /cormun/static/Shared/jqueryui/images/ui-bg_highlight-soft_100_c6c2c8_1x100.png HTTP/1.1" 404 1117
186.103.159.187 - - [14/Mar/2019:11:58:56 -0300] "GET /cormun/static/Shared/jqueryui/images/ui-icons_82798d_256x240.png HTTP/1.1" 404 1089
186.103.159.187 - - [14/Mar/2019:11:58:56 -0300] "GET /cormun/static/Shared/jqueryui/images/ui-icons_8d78a5_256x240.png HTTP/1.1" 404 1089
186.103.159.187 - - [14/Mar/2019:11:58:56 -0300] "GET /cormun/static/Shared/jqueryui/images/ui-bg_flat_55_fafafa_40x100.png HTTP/1.1" 404 1097
186.103.159.187 - - [14/Mar/2019:11:58:56 -0300] "POST /cormun/servlet/trautorizarsolicitud?e66c9d593da1e84b978bcb422a2e336b,,gx-no-cache=1552579059149 HTTP/1.1" 200 5877
186.103.159.187 - - [14/Mar/2019:11:58:59 -0300] "POST /cormun/servlet/trautorizarsolicitud?e66c9d593da1e84b978bcb422a2e336b,,gx-no-cache=1552579062176 HTTP/1.1" 200 4708
186.103.159.187 - - [14/Mar/2019:11:58:59 -0300] "POST /cormun/servlet/trautorizarsolicitud?e66c9d593da1e84b978bcb422a2e336b,,gx-no-cache=1552579062445 HTTP/1.1" 200 4455
190.171.143.106 - - [14/Mar/2019:11:59:27 -0300] "GET /cormun/servlet/trsolicitudot? HTTP/1.1" 200 7285
190.171.143.106 - - [14/Mar/2019:11:59:28 -0300] "GET /cormun/servlet/trsolicitudot? HTTP/1.1" 200 7286
190.171.143.106 - - [14/Mar/2019:11:59:30 -0300] "GET /cormun/servlet/solicitudot?INS,0,0, HTTP/1.1" 200 14917
190.171.143.106 - - [14/Mar/2019:11:59:31 -0300] "GET /cormun/servlet/solicitudot?INS,0,0, HTTP/1.1" 200 14922
190.171.143.106 - - [14/Mar/2019:11:59:40 -0300] "POST /cormun/servlet/solicitudot?gx-no-cache=1552575360970 HTTP/1.1" 200 3540
190.171.143.106 - - [14/Mar/2019:11:59:40 -0300] "POST /cormun/servlet/solicitudot?f1a8b2f7f19d5370167c85827a20b2fc,INS,0,0,,gx-no-cache=1552575361427 HTTP/1.1" 200 11674
190.171.143.106 - - [14/Mar/2019:12:00:02 -0300] "GET /cormun/servlet/solicitudot?INS,0,0, HTTP/1.1" 200 14917
190.171.143.106 - - [14/Mar/2019:12:00:02 -0300] "GET /cormun/servlet/solicitudot?INS,0,0, HTTP/1.1" 200 14922
190.171.143.106 - - [14/Mar/2019:12:00:02 -0300] "GET /favicon.ico HTTP/1.1" 200 21630
192.168.10.89 - - [14/Mar/2019:12:00:03 -0300] "POST /cormun/servlet/trsolicitudgral?74881785744dd70b64c85d2828a32343,,gx-no-cache=1552582408699 HTTP/1.1" 200 7085
192.168.10.89 - - [14/Mar/2019:12:00:21 -0300] "POST /cormun/servlet/trsolicitudgral?74881785744dd70b64c85d2828a32343,,gx-no-cache=1552582426299 HTTP/1.1" 200 6625
192.168.10.89 - - [14/Mar/2019:12:00:31 -0300] "POST /cormun/servlet/trsolicitudgral?74881785744dd70b64c85d2828a32343,,gx-no-cache=1552582436408 HTTP/1.1" 200 6659
192.168.10.89 - - [14/Mar/2019:12:00:31 -0300] "GET /cormun/static/Shared/jqueryui/images/ui-icons_82798d_256x240.png HTTP/1.1" 404 1089
192.168.10.89 - - [14/Mar/2019:12:00:31 -0300] "GET /cormun/static/Shared/jqueryui/images/ui-bg_highlight-soft_100_c6c2c8_1x100.png HTTP/1.1" 404 1117
192.168.10.89 - - [14/Mar/2019:12:00:31 -0300] "GET /cormun/static/Shared/jqueryui/images/ui-bg_flat_55_fafafa_40x100.png HTTP/1.1" 404 1097
192.168.10.89 - - [14/Mar/2019:12:00:31 -0300] "GET /cormun/static/Shared/jqueryui/images/ui-icons_8d78a5_256x240.png HTTP/1.1" 404 1089
192.168.10.89 - - [14/Mar/2019:12:00:33 -0300] "GET /cormun/servlet/trautorizarot? HTTP/1.1" 200 10716
192.168.10.89 - - [14/Mar/2019:12:00:44 -0300] "POST /cormun/servlet/trautorizarot?74881785744dd70b64c85d2828a32343,,gx-no-cache=1552582449892 HTTP/1.1" 200 6516
192.168.10.89 - - [14/Mar/2019:12:00:47 -0300] "POST /cormun/servlet/trautorizarot?74881785744dd70b64c85d2828a32343,,gx-no-cache=1552582452868 HTTP/1.1" 200 5346
192.168.10.89 - - [14/Mar/2019:12:00:50 -0300] "GET /cormun/servlet/trsolicitudgral? HTTP/1.1" 200 9681
192.168.10.89 - - [14/Mar/2019:12:03:40 -0300] "POST /cormun/servlet/trsolicitudgral?74881785744dd70b64c85d2828a32343,,gx-no-cache=1552582625171 HTTP/1.1" 200 7540
192.168.10.89 - - [14/Mar/2019:12:04:19 -0300] "POST /cormun/servlet/trsolicitudgral?74881785744dd70b64c85d2828a32343,,gx-no-cache=1552582664754 HTTP/1.1" 200 6962
192.168.10.89 - - [14/Mar/2019:12:10:24 -0300] "GET /cormun/servlet/hlogin HTTP/1.1" 200 1741
192.168.10.89 - - [14/Mar/2019:12:10:38 -0300] "POST /cormun/servlet/hlogin?74881785744dd70b64c85d2828a32343,gx-no-cache=1552583043389 HTTP/1.1" 200 456
192.168.10.89 - - [14/Mar/2019:12:10:42 -0300] "POST /cormun/servlet/hlogin?74881785744dd70b64c85d2828a32343,gx-no-cache=1552583048107 HTTP/1.1" 200 456
192.168.10.89 - - [14/Mar/2019:12:10:55 -0300] "POST /cormun/servlet/hlogin?74881785744dd70b64c85d2828a32343,gx-no-cache=1552583061210 HTTP/1.1" 200 456
192.168.10.89 - - [14/Mar/2019:12:11:06 -0300] "POST /cormun/servlet/hlogin?74881785744dd70b64c85d2828a32343,gx-no-cache=1552583071834 HTTP/1.1" 200 456
192.168.10.89 - - [14/Mar/2019:12:11:18 -0300] "POST /cormun/servlet/hlogin?74881785744dd70b64c85d2828a32343,gx-no-cache=1552583083386 HTTP/1.1" 200 90
192.168.10.89 - - [14/Mar/2019:12:11:18 -0300] "GET /cormun/servlet/hpexe_link HTTP/1.1" 200 951
192.168.10.89 - - [14/Mar/2019:12:11:18 -0300] "GET /cormun/servlet/hhome HTTP/1.1" 200 4990
192.168.10.89 - - [14/Mar/2019:12:11:25 -0300] "GET /cormun/servlet/trsecurityuser01? HTTP/1.1" 200 12460
192.168.10.89 - - [14/Mar/2019:12:11:30 -0300] "POST /cormun/servlet/trsecurityuser01?74881785744dd70b64c85d2828a32343,,gx-no-cache=1552583095702 HTTP/1.1" 200 5152
192.168.10.89 - - [14/Mar/2019:12:11:32 -0300] "GET /cormun/servlet/securityusers?UPD,3809, HTTP/1.1" 200 8080
192.168.10.89 - - [14/Mar/2019:12:11:53 -0300] "GET /cormun/servlet/hlogin HTTP/1.1" 200 1746
192.168.10.89 - - [14/Mar/2019:12:12:03 -0300] "POST /cormun/servlet/hlogin?74881785744dd70b64c85d2828a32343,gx-no-cache=1552583128565 HTTP/1.1" 200 90
192.168.10.89 - - [14/Mar/2019:12:12:03 -0300] "GET /cormun/servlet/hpexe_link HTTP/1.1" 200 951
192.168.10.89 - - [14/Mar/2019:12:12:03 -0300] "GET /cormun/servlet/hhome HTTP/1.1" 200 4308
192.168.10.89 - - [14/Mar/2019:12:12:06 -0300] "GET /cormun/servlet/trsolicitudot? HTTP/1.1" 200 7528
192.168.10.89 - - [14/Mar/2019:12:12:08 -0300] "GET /cormun/servlet/solicitudot?INS,0,0, HTTP/1.1" 200 15146
192.168.10.89 - - [14/Mar/2019:12:12:25 -0300] "POST /cormun/servlet/solicitudot?gx-no-cache=1552583150484 HTTP/1.1" 200 3575
192.168.10.89 - - [14/Mar/2019:12:12:25 -0300] "POST /cormun/servlet/solicitudot?74881785744dd70b64c85d2828a32343,INS,0,0,,gx-no-cache=1552583150723 HTTP/1.1" 200 11931
192.168.10.89 - - [14/Mar/2019:12:12:26 -0300] "GET /cormun/servlet/solicitudot?76dccbd568a26f772864ec928286593a37d00ed2c870e612ec1974c6abea8adafe0662bfae04d383e32d19a5f3445881,gx-no-cache=1552583151817 HTTP/1.1" 200 30
192.168.10.89 - - [14/Mar/2019:12:12:29 -0300] "GET /cormun/servlet/solicitudot?76dccbd568a26f772864ec928286593a38f8436bc889b413408d4c430b6056af9c82e6ffcd344e8e1ef37e715bd288ce7ae5deb49153cd341e86f485999a9bb5,gx-no-cache=1552583154891 HTTP/1.1" 200 30
192.168.10.89 - - [14/Mar/2019:12:12:29 -0300] "GET /cormun/servlet/solicitudot?76dccbd568a26f772864ec928286593a8de797c1028110a8a272333cee99265e,gx-no-cache=1552583154912 HTTP/1.1" 200 51
192.168.10.89 - - [14/Mar/2019:12:12:29 -0300] "POST /cormun/servlet/solicitudot?gx-no-cache=1552583154966 HTTP/1.1" 200 255
192.168.10.89 - - [14/Mar/2019:12:12:29 -0300] "GET /cormun/servlet/solicitudot?76dccbd568a26f772864ec928286593a189443ce491291c2021e9ba192399a57f49adb5596685db00e4442600b5a559b302c8c77cee78eb0b33cf7e872a1d29dc3e4d8ef0d1909c8fe38820479f9808f3fc5731282eebc64de7a45baf3fc6325a15c670b7ef14c08b91127da4116b0b503c74cb22396ca42c141da2b14ad467566b02cd0104e1a40a7a08f8f3f8952420e05c8a5497913ae62ef15e4b3cda584d36e3116a5fb67dd5de6d3c10e5a2cf9444f34f2731fa22511860ad061c5fa4f46cf1315d7d2870348cc83f28f0da8a0bb1606df6e6eede384f9b453282ca45643ee5f227739d8469854e58a8b528e6791bbe2a4eb4f25f5425a9f2a483b3cb2ad77af1efe46968df49e3585da659397db6fe7e01c817babe97284a1d55474f68ef72517e06c3141984f2409b87371cf6e5893db5b024ea89349b42b3eacf2f930be1c13b99b1b5a18ecf54bc8bbd3c49709276ae9264eb0924a9a1ed0bcefe3dc20a2cf53f01a3f0fa0ecd7439747818075e34a0a2855f84b30b66eb08814e0,gx-no-cache=1552583154989 HTTP/1.1" 200 30
192.168.10.89 - - [14/Mar/2019:12:12:35 -0300] "POST /cormun/servlet/solicitudot?gx-no-cache=1552583160375 HTTP/1.1" 200 30
192.168.10.89 - - [14/Mar/2019:12:12:44 -0300] "GET /cormun/servlet/prcontratosol?8144635,,,,,MD,,gxPopupLevel%3D0%3B HTTP/1.1" 200 9130
192.168.10.89 - - [14/Mar/2019:12:12:50 -0300] "POST /cormun/servlet/solicitudot?gx-no-cache=1552583176183 HTTP/1.1" 200 1281
192.168.10.89 - - [14/Mar/2019:12:12:51 -0300] "POST /cormun/servlet/solicitudot?gx-no-cache=1552583176265 HTTP/1.1" 200 38
192.168.10.89 - - [14/Mar/2019:12:12:51 -0300] "GET /cormun/servlet/solicitudot?76dccbd568a26f772864ec928286593a71a37fb62fe37012e45662653abc0e85ae61dde3ef3b67d130a06dfa2de594e60f464a79e334bd32fcbd9614c250f53bc311a6c5827ffd74da3df1d85503443c14ba0d13b0ccd9674c575c83fe27bc70ffe34214e6c756e257b088e87314e4c8,gx-no-cache=1552583176285 HTTP/1.1" 200 110
192.168.10.89 - - [14/Mar/2019:12:12:51 -0300] "POST /cormun/servlet/solicitudot?gx-no-cache=1552583176322 HTTP/1.1" 200 72
192.168.10.89 - - [14/Mar/2019:12:12:51 -0300] "GET /cormun/servlet/solicitudot?76dccbd568a26f772864ec928286593ac732144181ee6924d8c7e6350b8642670d5cafd0e8cdaa21546d97b23c6ce7a16173dfb3702d96b15a42704399c2be4ba322f0ce1f97fdcc8b4059f463ff827fe652cb2fa6cf34f5ff68bbf8813b6d5340c2a464507e663b074e4ecb9c43cf17ca95bab7d77861d99abde99a61e5d330df1d3142f74287f26a0c1aa4982f0f46c15959cbb4e59d3457fdec8e47093e9c,gx-no-cache=1552583176348 HTTP/1.1" 200 29
192.168.10.89 - - [14/Mar/2019:12:12:51 -0300] "GET /cormun/servlet/solicitudot?76dccbd568a26f772864ec928286593ad49986f4c3ff288b6884060aeefdde5f,gx-no-cache=1552583176363 HTTP/1.1" 200 30
192.168.10.89 - - [14/Mar/2019:12:12:52 -0300] "GET /cormun/servlet/prsolicitudot?8144635,,,,,MD,,gxPopupLevel%3D0%3B HTTP/1.1" 200 6435
192.168.10.89 - - [14/Mar/2019:12:12:56 -0300] "POST /cormun/servlet/solicitudot?gx-no-cache=1552583182184 HTTP/1.1" 200 1281
192.168.10.89 - - [14/Mar/2019:12:12:56 -0300] "POST /cormun/servlet/solicitudot?gx-no-cache=1552583182215 HTTP/1.1" 200 38
192.168.10.89 - - [14/Mar/2019:12:12:57 -0300] "GET /cormun/servlet/solicitudot?76dccbd568a26f772864ec928286593a71a37fb62fe37012e45662653abc0e85ae61dde3ef3b67d130a06dfa2de594e60f464a79e334bd32fcbd9614c250f53bc311a6c5827ffd74da3df1d85503443c14ba0d13b0ccd9674c575c83fe27bc70ffe34214e6c756e257b088e87314e4c8,gx-no-cache=1552583182240 HTTP/1.1" 200 110
192.168.10.89 - - [14/Mar/2019:12:12:57 -0300] "POST /cormun/servlet/solicitudot?gx-no-cache=1552583182261 HTTP/1.1" 200 67
192.168.10.89 - - [14/Mar/2019:12:12:57 -0300] "GET /cormun/servlet/solicitudot?76dccbd568a26f772864ec928286593ae8a3835d48790859b74a1c90686d3b5d70c1d5efbd80542107846f1964d4cb9e,gx-no-cache=1552583182280 HTTP/1.1" 200 30
192.168.10.89 - - [14/Mar/2019:12:13:04 -0300] "POST /cormun/servlet/solicitudot?gx-no-cache=1552583189374 HTTP/1.1" 200 105
192.168.10.89 - - [14/Mar/2019:12:13:08 -0300] "GET /cormun/servlet/solicitudot?76dccbd568a26f772864ec928286593ac732144181ee6924d8c7e6350b8642670d5cafd0e8cdaa21546d97b23c6ce7a16173dfb3702d96b15a42704399c2be4ba322f0ce1f97fdcc8b4059f463ff827fe652cb2fa6cf34f5ff68bbf8813b6d5340c2a464507e663b074e4ecb9c43cf17ca95bab7d77861d99abde99a61e5d330df1d3142f74287f26a0c1aa4982f0f46c15959cbb4e59d3457fdec8e47093e9c,gx-no-cache=1552583194190 HTTP/1.1" 200 29
192.168.10.89 - - [14/Mar/2019:12:13:09 -0300] "GET /cormun/servlet/solicitudot?76dccbd568a26f772864ec928286593ae8a3835d48790859b74a1c90686d3b5d70c1d5efbd80542107846f1964d4cb9e,gx-no-cache=1552583195042 HTTP/1.1" 200 30
192.168.10.89 - - [14/Mar/2019:12:13:10 -0300] "POST /cormun/servlet/solicitudot?gx-no-cache=1552583195367 HTTP/1.1" 200 33
192.168.10.89 - - [14/Mar/2019:12:13:17 -0300] "POST /cormun/servlet/solicitudot?74881785744dd70b64c85d2828a32343,INS,0,0,,gx-no-cache=1552583202540 HTTP/1.1" 200 93
192.168.10.89 - - [14/Mar/2019:12:13:17 -0300] "GET /cormun/servlet/hpexe_return? HTTP/1.1" 200 1007
192.168.10.89 - - [14/Mar/2019:12:13:18 -0300] "GET /cormun/servlet/trsolicitudot HTTP/1.1" 200 8922
192.168.10.89 - - [14/Mar/2019:12:13:20 -0300] "POST /cormun/servlet/trsolicitudot?74881785744dd70b64c85d2828a32343,gx-no-cache=1552583206082 HTTP/1.1" 200 4769
192.168.10.89 - - [14/Mar/2019:12:13:21 -0300] "POST /cormun/servlet/trsolicitudot?74881785744dd70b64c85d2828a32343,gx-no-cache=1552583206387 HTTP/1.1" 200 4533
192.168.10.89 - - [14/Mar/2019:12:13:21 -0300] "GET /cormun/static/Shared/jqueryui/images/ui-bg_flat_55_fafafa_40x100.png HTTP/1.1" 404 1097
192.168.10.89 - - [14/Mar/2019:12:13:21 -0300] "GET /cormun/static/Shared/jqueryui/images/ui-icons_82798d_256x240.png HTTP/1.1" 404 1089
192.168.10.89 - - [14/Mar/2019:12:13:21 -0300] "GET /cormun/static/Shared/jqueryui/images/ui-icons_8d78a5_256x240.png HTTP/1.1" 404 1089
192.168.10.89 - - [14/Mar/2019:12:13:21 -0300] "GET /cormun/static/Shared/jqueryui/images/ui-bg_highlight-soft_100_c6c2c8_1x100.png HTTP/1.1" 404 1117
192.168.10.89 - - [14/Mar/2019:12:13:31 -0300] "GET /cormun/servlet/hlogin HTTP/1.1" 200 1738
192.168.10.89 - - [14/Mar/2019:12:13:55 -0300] "POST /cormun/servlet/hlogin?74881785744dd70b64c85d2828a32343,gx-no-cache=1552583240917 HTTP/1.1" 200 90
192.168.10.89 - - [14/Mar/2019:12:13:55 -0300] "GET /cormun/servlet/hpexe_link HTTP/1.1" 200 951
192.168.10.89 - - [14/Mar/2019:12:13:55 -0300] "GET /cormun/servlet/hhome HTTP/1.1" 200 3827
192.168.10.89 - - [14/Mar/2019:12:13:58 -0300] "GET /cormun/servlet/trsolicitudgral? HTTP/1.1" 200 10273
192.168.10.89 - - [14/Mar/2019:12:14:09 -0300] "POST /cormun/servlet/trsolicitudgral?74881785744dd70b64c85d2828a32343,,gx-no-cache=1552583254807 HTTP/1.1" 200 7234
192.168.10.89 - - [14/Mar/2019:12:14:15 -0300] "GET /cormun/servlet/hlogin HTTP/1.1" 200 1741
192.168.10.89 - - [14/Mar/2019:12:14:25 -0300] "POST /cormun/servlet/hlogin?74881785744dd70b64c85d2828a32343,gx-no-cache=1552583271065 HTTP/1.1" 200 90
192.168.10.89 - - [14/Mar/2019:12:14:25 -0300] "GET /cormun/servlet/hpexe_link HTTP/1.1" 200 951
192.168.10.89 - - [14/Mar/2019:12:14:26 -0300] "GET /cormun/servlet/hhome HTTP/1.1" 200 4308
192.168.10.89 - - [14/Mar/2019:12:14:27 -0300] "GET /cormun/servlet/trautorizarsolicitud? HTTP/1.1" 200 8807
192.168.10.89 - - [14/Mar/2019:12:14:30 -0300] "POST /cormun/servlet/trautorizarsolicitud?74881785744dd70b64c85d2828a32343,,gx-no-cache=1552583275465 HTTP/1.1" 200 4693
192.168.10.89 - - [14/Mar/2019:12:14:30 -0300] "POST /cormun/servlet/trautorizarsolicitud?74881785744dd70b64c85d2828a32343,,gx-no-cache=1552583275788 HTTP/1.1" 200 4457
192.168.10.89 - - [14/Mar/2019:12:14:30 -0300] "GET /cormun/static/Shared/jqueryui/images/ui-icons_8d78a5_256x240.png HTTP/1.1" 404 1089
192.168.10.89 - - [14/Mar/2019:12:14:30 -0300] "GET /cormun/static/Shared/jqueryui/images/ui-bg_highlight-soft_100_c6c2c8_1x100.png HTTP/1.1" 404 1117
192.168.10.89 - - [14/Mar/2019:12:14:30 -0300] "GET /cormun/static/Shared/jqueryui/images/ui-icons_82798d_256x240.png HTTP/1.1" 404 1089
192.168.10.89 - - [14/Mar/2019:12:14:30 -0300] "GET /cormun/static/Shared/jqueryui/images/ui-bg_flat_55_fafafa_40x100.png HTTP/1.1" 404 1097
192.168.10.89 - - [14/Mar/2019:12:14:44 -0300] "GET /cormun/servlet/hlogin HTTP/1.1" 200 1744
192.168.10.89 - - [14/Mar/2019:12:14:56 -0300] "POST /cormun/servlet/hlogin?74881785744dd70b64c85d2828a32343,gx-no-cache=1552583302112 HTTP/1.1" 200 90
192.168.10.89 - - [14/Mar/2019:12:14:56 -0300] "GET /cormun/servlet/hpexe_link HTTP/1.1" 200 964
192.168.10.89 - - [14/Mar/2019:12:14:57 -0300] "GET /cormun/servlet/trautorizarsolicitud? HTTP/1.1" 200 7424
192.168.10.89 - - [14/Mar/2019:12:15:01 -0300] "GET /cormun/servlet/trsolicitudot? HTTP/1.1" 200 7524
192.168.10.89 - - [14/Mar/2019:12:15:07 -0300] "POST /cormun/servlet/trsolicitudot?74881785744dd70b64c85d2828a32343,,gx-no-cache=1552583312971 HTTP/1.1" 200 5955
192.168.10.89 - - [14/Mar/2019:12:15:09 -0300] "POST /cormun/servlet/trsolicitudot?74881785744dd70b64c85d2828a32343,,gx-no-cache=1552583315058 HTTP/1.1" 200 5932
192.168.10.89 - - [14/Mar/2019:12:15:12 -0300] "GET /cormun/servlet/trautorizarsolicitud? HTTP/1.1" 200 7423
186.103.157.39 - - [14/Mar/2019:12:15:17 -0300] "GET /cormun/servlet/hlogin HTTP/1.1" 200 1719
192.168.10.89 - - [14/Mar/2019:12:15:18 -0300] "POST /cormun/servlet/trautorizarsolicitud?74881785744dd70b64c85d2828a32343,,gx-no-cache=1552583323543 HTTP/1.1" 200 4489
186.103.157.39 - - [14/Mar/2019:12:15:18 -0300] "GET /cormun/servlet/hlogin HTTP/1.1" 200 1729
192.168.10.89 - - [14/Mar/2019:12:15:26 -0300] "GET /cormun/servlet/hlogin HTTP/1.1" 200 1744
186.103.157.39 - - [14/Mar/2019:12:15:29 -0300] "POST /cormun/servlet/hlogin?236f9d82a264bb5044e25f7bab11c1c3,gx-no-cache=1552576310184 HTTP/1.1" 200 90
186.103.157.39 - - [14/Mar/2019:12:15:29 -0300] "GET /cormun/servlet/hpexe_link HTTP/1.1" 200 949
186.103.157.39 - - [14/Mar/2019:12:15:29 -0300] "GET /cormun/servlet/hhome HTTP/1.1" 200 4002
186.103.157.39 - - [14/Mar/2019:12:15:31 -0300] "GET /cormun/servlet/hhome HTTP/1.1" 200 3998
186.103.157.39 - - [14/Mar/2019:12:15:35 -0300] "GET /cormun/servlet/trsolicitudot? HTTP/1.1" 200 7219
192.168.10.89 - - [14/Mar/2019:12:15:35 -0300] "POST /cormun/servlet/hlogin?74881785744dd70b64c85d2828a32343,gx-no-cache=1552583341001 HTTP/1.1" 200 90
192.168.10.89 - - [14/Mar/2019:12:15:35 -0300] "GET /cormun/servlet/hpexe_link HTTP/1.1" 200 951
192.168.10.89 - - [14/Mar/2019:12:15:35 -0300] "GET /cormun/servlet/hhome HTTP/1.1" 200 3827
186.103.157.39 - - [14/Mar/2019:12:15:36 -0300] "GET /cormun/servlet/trsolicitudot? HTTP/1.1" 200 7218
192.168.10.89 - - [14/Mar/2019:12:15:37 -0300] "GET /cormun/servlet/trsolicitudgral? HTTP/1.1" 200 10272
186.103.157.39 - - [14/Mar/2019:12:15:40 -0300] "GET /cormun/servlet/solicitudot?INS,0,0, HTTP/1.1" 200 14828
186.103.157.39 - - [14/Mar/2019:12:15:42 -0300] "GET /cormun/servlet/solicitudot?INS,0,0, HTTP/1.1" 200 14833
192.168.10.89 - - [14/Mar/2019:12:15:44 -0300] "POST /cormun/servlet/trsolicitudgral?74881785744dd70b64c85d2828a32343,,gx-no-cache=1552583349356 HTTP/1.1" 200 7267
192.168.10.89 - - [14/Mar/2019:12:15:44 -0300] "GET /cormun/static/Shared/jqueryui/images/ui-bg_flat_55_fafafa_40x100.png HTTP/1.1" 404 1097
192.168.10.89 - - [14/Mar/2019:12:15:44 -0300] "GET /cormun/static/Shared/jqueryui/images/ui-bg_highlight-soft_100_c6c2c8_1x100.png HTTP/1.1" 404 1117
192.168.10.89 - - [14/Mar/2019:12:15:44 -0300] "GET /cormun/static/Shared/jqueryui/images/ui-icons_82798d_256x240.png HTTP/1.1" 404 1089
192.168.10.89 - - [14/Mar/2019:12:15:44 -0300] "GET /cormun/static/Shared/jqueryui/images/ui-icons_8d78a5_256x240.png HTTP/1.1" 404 1089
192.168.10.89 - - [14/Mar/2019:12:15:46 -0300] "GET /cormun/servlet/trautorizarot? HTTP/1.1" 200 8165
192.168.10.89 - - [14/Mar/2019:12:15:54 -0300] "POST /cormun/servlet/trautorizarot?74881785744dd70b64c85d2828a32343,,gx-no-cache=1552583359250 HTTP/1.1" 200 6537
192.168.10.89 - - [14/Mar/2019:12:15:58 -0300] "POST /cormun/servlet/trautorizarot?74881785744dd70b64c85d2828a32343,,gx-no-cache=1552583363829 HTTP/1.1" 200 5357
190.171.154.42 - - [14/Mar/2019:12:17:09 -0300] "GET /cormun/servlet/hlogin HTTP/1.1" 200 1721
190.171.154.42 - - [14/Mar/2019:12:17:10 -0300] "GET /cormun/servlet/hlogin HTTP/1.1" 200 1731
186.103.157.39 - - [14/Mar/2019:12:17:20 -0300] "POST /cormun/servlet/solicitudot?gx-no-cache=1552576420878 HTTP/1.1" 200 3560
186.103.157.39 - - [14/Mar/2019:12:17:21 -0300] "POST /cormun/servlet/solicitudot?236f9d82a264bb5044e25f7bab11c1c3,INS,0,0,,gx-no-cache=1552576421264 HTTP/1.1" 200 11721
190.171.154.42 - - [14/Mar/2019:12:17:29 -0300] "POST /cormun/servlet/hlogin?5d9923c32f11e2233c58f897dec0924f,gx-no-cache=1552576428870 HTTP/1.1" 200 90
190.171.154.42 - - [14/Mar/2019:12:17:29 -0300] "GET /cormun/servlet/hpexe_link HTTP/1.1" 200 949
190.171.154.42 - - [14/Mar/2019:12:17:29 -0300] "GET /cormun/servlet/hhome HTTP/1.1" 200 4333
190.171.154.42 - - [14/Mar/2019:12:17:31 -0300] "GET /cormun/servlet/hhome HTTP/1.1" 200 4329
190.171.154.42 - - [14/Mar/2019:12:17:34 -0300] "GET /cormun/servlet/trlicencias? HTTP/1.1" 200 8936
190.171.154.42 - - [14/Mar/2019:12:17:36 -0300] "GET /cormun/servlet/trlicencias? HTTP/1.1" 200 8934
186.103.157.39 - - [14/Mar/2019:12:18:23 -0300] "GET /cormun/servlet/solicitudot?ea084a0f7d56a26d4e3a3b4656075bad13f6d5463551fc945c1246fc5f379ec9a7411f7ac1545243b95fb3df61adc5da,gx-no-cache=1552576483769 HTTP/1.1" 200 30
186.103.157.39 - - [14/Mar/2019:12:18:23 -0300] "GET /cormun/servlet/solicitudot?ea084a0f7d56a26d4e3a3b4656075bad83e918c99b9bbbc3dce05950edf59945d300d0bca6c55bb46e52adc34a8f850b47cb374a987810eebc26c59bad3aa0a4,gx-no-cache=1552576483979 HTTP/1.1" 200 30
186.103.157.39 - - [14/Mar/2019:12:18:23 -0300] "GET /cormun/servlet/solicitudot?ea084a0f7d56a26d4e3a3b4656075badcd8fd1be55d89a9ee3dd368bc5994f3d,gx-no-cache=1552576484076 HTTP/1.1" 200 61
186.103.157.39 - - [14/Mar/2019:12:18:23 -0300] "POST /cormun/servlet/solicitudot?gx-no-cache=1552576484209 HTTP/1.1" 200 255
186.103.157.39 - - [14/Mar/2019:12:18:23 -0300] "GET /cormun/servlet/solicitudot?ea084a0f7d56a26d4e3a3b4656075bad3cbf58946fd3c5a25f4f7c205765f82357cea6543f7c09b72eb8629a55e694256590f77c877bbb77754c9f71e914493af860abc9915f81f9fd81e18d59de06865673bf2446f0cf058840af5b6a7e0906c6dbc3159d4235bb5e3d1f48c9c90272ab5c62fe9561bb8db853c1b566902482313ee5bf48637c97fe4b510646370a71418018e9c0c30a42973f8d69168c2675d6b5d821c01f99cf52f23ce0e8340f823c29d9c9984466676f15ccdfe55f155d26b5c08e575b9de8ec691271bf3486a832f4d477935133aff7de73f20f7efd7671fbbe701f42361bc248557054f401df3f1cd2b9c7459976677d87d6930bcc792931c5eef451c6aa62be763b8ea8c4cc4aabe21ae427880c5808d3c0aefa21a7bc11d07394063c25784d6e9bcb6d1326b02f1d928f2cd4c9e3f3466bff9b138c14e3c24d18056a415fc39da7c9b6ca80019d31106ffc22d5028eed2b6830d849dcff69b1734cd9b00f40a7798ba286c94ea0957c5372c4af28d23f061e5b20d7,gx-no-cache=1552576484284 HTTP/1.1" 200 30
186.103.157.39 - - [14/Mar/2019:12:19:10 -0300] "POST /cormun/servlet/solicitudot?gx-no-cache=1552576530837 HTTP/1.1" 200 30
186.103.157.39 - - [14/Mar/2019:12:19:10 -0300] "POST /cormun/servlet/solicitudot?gx-no-cache=1552576530920 HTTP/1.1" 200 1281
186.103.157.39 - - [14/Mar/2019:12:19:10 -0300] "POST /cormun/servlet/solicitudot?gx-no-cache=1552576531062 HTTP/1.1" 200 38
186.103.157.39 - - [14/Mar/2019:12:19:10 -0300] "GET /cormun/servlet/solicitudot?ea084a0f7d56a26d4e3a3b4656075bad3f9f8e33d93dc2e3ccdb2dabdad8e8922b419e031e837a1424a699bfb381db64a17a92b33dc3a75ba554953fda7df106c60944e1c78296e8de84dfcfabcf77640ae25a299685fb6b1cd7e1d5b4ed74d5ed9a51e15261c20bb082ef053570bdbb,gx-no-cache=1552576531099 HTTP/1.1" 200 110
186.103.157.39 - - [14/Mar/2019:12:19:10 -0300] "POST /cormun/servlet/solicitudot?gx-no-cache=1552576531190 HTTP/1.1" 200 97
186.103.157.39 - - [14/Mar/2019:12:19:10 -0300] "GET /cormun/servlet/solicitudot?ea084a0f7d56a26d4e3a3b4656075bad8ad10cf5ee1db9d3552337aaa967756178bdce851fd5964642c1f6138112f44d4c3c72e6f398d84f5bd8e046f9fc92888d07d96e3c5d5e8ab807d4b9644a21eb1e67fb1b38545b356cf654be40a1f4677b20a0e3d1b0952d61acdbc9eafc302fa73a3a34dbab1111277e10ba5a58f739120723332d7e14eff9a1472951f3857dc1262a5a126754109c43c4462e972cf32ffec4d297187bb60b83682fed0db148fac3fd35f40bc08ebdf007f757ac8374364bd8e6cbb14f53e68fdd9320eacd8e,gx-no-cache=1552576531266 HTTP/1.1" 200 29
92.29.253.60 - - [14/Mar/2019:12:28:44 -0300] "GET / HTTP/1.1" 200 11217
192.168.10.89 - - [14/Mar/2019:12:28:56 -0300] "GET /cormun/servlet/trsolicitudgral? HTTP/1.1" 200 10266
192.168.10.89 - - [14/Mar/2019:12:29:07 -0300] "POST /cormun/servlet/trsolicitudgral?74881785744dd70b64c85d2828a32343,,gx-no-cache=1552584152685 HTTP/1.1" 200 7863
192.168.10.89 - - [14/Mar/2019:12:29:27 -0300] "POST /cormun/servlet/trsolicitudgral?74881785744dd70b64c85d2828a32343,,gx-no-cache=1552584172264 HTTP/1.1" 200 7454
186.103.159.189 - - [14/Mar/2019:12:29:31 -0300] "GET /cormun/servlet/hlogin HTTP/1.1" 200 1715
186.103.159.189 - - [14/Mar/2019:12:29:42 -0300] "POST /cormun/servlet/hlogin?75c493ff89d63867f8f2d52bcb7da2bb,gx-no-cache=1552577161341 HTTP/1.1" 200 90
186.103.159.189 - - [14/Mar/2019:12:29:42 -0300] "GET /cormun/servlet/hpexe_link HTTP/1.1" 200 944
186.103.159.189 - - [14/Mar/2019:12:29:43 -0300] "GET /cormun/servlet/hhome HTTP/1.1" 200 4044
192.168.10.89 - - [14/Mar/2019:12:29:45 -0300] "GET /cormun/servlet/hlogin HTTP/1.1" 200 1741
186.103.159.189 - - [14/Mar/2019:12:29:46 -0300] "GET /cormun/servlet/hhome HTTP/1.1" 200 4041
192.168.10.89 - - [14/Mar/2019:12:30:08 -0300] "POST /cormun/servlet/hlogin?74881785744dd70b64c85d2828a32343,gx-no-cache=1552584213941 HTTP/1.1" 200 454
192.168.10.89 - - [14/Mar/2019:12:30:12 -0300] "POST /cormun/servlet/hlogin?74881785744dd70b64c85d2828a32343,gx-no-cache=1552584218003 HTTP/1.1" 200 454
186.103.159.189 - - [14/Mar/2019:12:30:17 -0300] "GET /cormun/servlet/trpermisosgoce? HTTP/1.1" 200 6952
192.168.10.89 - - [14/Mar/2019:12:30:19 -0300] "POST /cormun/servlet/hlogin?74881785744dd70b64c85d2828a32343,gx-no-cache=1552584225059 HTTP/1.1" 200 90
192.168.10.89 - - [14/Mar/2019:12:30:19 -0300] "GET /cormun/servlet/hpexe_link HTTP/1.1" 200 951
192.168.10.89 - - [14/Mar/2019:12:30:20 -0300] "GET /cormun/servlet/hhome HTTP/1.1" 200 4990
186.103.159.189 - - [14/Mar/2019:12:30:20 -0300] "GET /cormun/servlet/trpermisosgoce? HTTP/1.1" 200 6952
186.103.159.189 - - [14/Mar/2019:12:30:24 -0300] "GET /cormun/servlet/permisogoce?INS,0,,, HTTP/1.1" 200 6887
192.168.10.89 - - [14/Mar/2019:12:30:24 -0300] "GET /cormun/servlet/trsecurityuser01? HTTP/1.1" 200 7846
186.103.159.189 - - [14/Mar/2019:12:30:26 -0300] "GET /cormun/servlet/permisogoce?INS,0,,, HTTP/1.1" 200 6887
186.103.159.189 - - [14/Mar/2019:12:30:31 -0300] "GET /cormun/servlet/prfichaempleado?,MD,,gxPopupLevel%3D0%3B HTTP/1.1" 200 9344
192.168.10.89 - - [14/Mar/2019:12:30:33 -0300] "POST /cormun/servlet/trsecurityuser01?74881785744dd70b64c85d2828a32343,,gx-no-cache=1552584239098 HTTP/1.1" 200 4476
186.103.159.189 - - [14/Mar/2019:12:30:50 -0300] "POST /cormun/servlet/prfichaempleado?75c493ff89d63867f8f2d52bcb7da2bb,,MD,,gxPopupLevel%3D0%3B,gx-no-cache=1552577229553 HTTP/1.1" 200 3176
192.168.10.89 - - [14/Mar/2019:12:30:56 -0300] "POST /cormun/servlet/trsecurityuser01?74881785744dd70b64c85d2828a32343,,gx-no-cache=1552584261832 HTTP/1.1" 200 5306
192.168.10.89 - - [14/Mar/2019:12:30:59 -0300] "GET /cormun/servlet/securityusers?UPD,3807, HTTP/1.1" 200 8087
190.171.141.90 - - [14/Mar/2019:12:31:05 -0300] "GET /cormun/servlet/hlogin HTTP/1.1" 200 1729
192.168.10.89 - - [14/Mar/2019:12:31:17 -0300] "POST /cormun/servlet/securityusers?74881785744dd70b64c85d2828a32343,UPD,3807,,gx-no-cache=1552584282436 HTTP/1.1" 200 93
192.168.10.89 - - [14/Mar/2019:12:31:17 -0300] "GET /cormun/servlet/hpexe_return? HTTP/1.1" 200 1012
192.168.10.89 - - [14/Mar/2019:12:31:17 -0300] "GET /cormun/servlet/trsecurityuser01? HTTP/1.1" 200 7992
192.168.10.89 - - [14/Mar/2019:12:31:19 -0300] "GET /cormun/servlet/hlogin HTTP/1.1" 200 1742
192.168.10.89 - - [14/Mar/2019:12:31:31 -0300] "POST /cormun/servlet/hlogin?74881785744dd70b64c85d2828a32343,gx-no-cache=1552584296942 HTTP/1.1" 200 453
190.171.141.90 - - [14/Mar/2019:12:31:32 -0300] "POST /cormun/servlet/hlogin?c077c6e9d57b370d76a0478f6d217842,gx-no-cache=1552577274188 HTTP/1.1" 200 90
190.171.141.90 - - [14/Mar/2019:12:31:32 -0300] "GET /cormun/servlet/hpexe_link HTTP/1.1" 200 952
190.171.141.90 - - [14/Mar/2019:12:31:32 -0300] "GET /cormun/servlet/hhome HTTP/1.1" 200 4189
190.171.141.90 - - [14/Mar/2019:12:31:33 -0300] "GET /cormun/servlet/hhome HTTP/1.1" 200 4185
