190.171.153.50 - - [14/Mar/2019:13:39:35 -0300] "GET /cormun/servlet/trsolicitudadjuntos?2019,14648, HTTP/1.1" 200 10051
190.171.141.90 - - [14/Mar/2019:13:39:36 -0300] "POST /cormun/servlet/solicitudot?gx-no-cache=1552581357551 HTTP/1.1" 200 97
190.171.153.50 - - [14/Mar/2019:13:39:36 -0300] "GET /cormun/servlet/trsolicitudadjuntos?2019,14648, HTTP/1.1" 200 10047
190.171.153.50 - - [14/Mar/2019:13:39:39 -0300] "GET /cormun/servlet/solicitudotadjuntos?INS,2019,14648,,1, HTTP/1.1" 200 6397
190.171.153.50 - - [14/Mar/2019:13:39:39 -0300] "GET /cormun/static/about:blank HTTP/1.1" 404 1011
190.171.153.50 - - [14/Mar/2019:13:39:40 -0300] "GET /cormun/servlet/solicitudotadjuntos?INS,2019,14648,,1, HTTP/1.1" 200 6390
190.171.153.50 - - [14/Mar/2019:13:39:40 -0300] "GET /cormun/servlet/solicitudotadjuntos?cb3cc8b0fa8d5a11549b62aeadb1478669788f4e4cd52f431ab937f19db273d835981a308723d862d1000bbc90e2d8d3,gx-no-cache=1552581363385 HTTP/1.1" 200 30
190.171.153.50 - - [14/Mar/2019:13:39:40 -0300] "POST /cormun/servlet/solicitudotadjuntos?7297724c39c23d4c6d496baaa48333b1,INS,2019,14648,,1,,gx-no-cache=1552581363469 HTTP/1.1" 200 4069
190.171.141.90 - - [14/Mar/2019:13:39:44 -0300] "GET /cormun/servlet/solicitudot?20114de8976e00fe7eb2ca62a2e67a78143f5278ac737d714d11e743e936f6e6972d9d55c5aacd7b1214adf94a1cb9cfd64b46618c178f49cf55efbd041a040cc62f83a93e768c6f092504c3d5bc8c46ab3d9fd7ce3f00f1badfaf13b545a4a76a8693996defb830799095f646e303f2888611fc1fbcbe3bf570f5f6adb83b9c05bba188ce403a6428683661a87535176e47f99a18eb227db7a88307c3115e81,gx-no-cache=1552581365606 HTTP/1.1" 200 29
190.171.141.90 - - [14/Mar/2019:13:39:44 -0300] "GET /cormun/static/menuarrow.gif HTTP/1.1" 404 1015
186.103.159.188 - - [14/Mar/2019:13:39:45 -0300] "POST /cormun/servlet/hlogin?e5e853d464549b2ce32ff5e218974253,gx-no-cache=1552581366667 HTTP/1.1" 200 90
186.103.159.188 - - [14/Mar/2019:13:39:45 -0300] "GET /cormun/servlet/hpexe_link HTTP/1.1" 200 951
186.103.159.188 - - [14/Mar/2019:13:39:46 -0300] "GET /cormun/servlet/hhome HTTP/1.1" 200 4046
190.171.141.90 - - [14/Mar/2019:13:39:46 -0300] "GET /cormun/servlet/solicitudot?20114de8976e00fe7eb2ca62a2e67a782e41d78200be1e721c81c09dd255b9e540d21de8797229f5d1a0a08f0ce847d4,gx-no-cache=1552581367716 HTTP/1.1" 200 30
186.103.159.188 - - [14/Mar/2019:13:39:46 -0300] "GET /cormun/servlet/hhome HTTP/1.1" 200 4043
190.171.153.50 - - [14/Mar/2019:13:39:48 -0300] "POST /cormun/servlet/solicitudotadjuntos?gx-no-cache=1552581370656 HTTP/1.1" 200 26
186.103.159.188 - - [14/Mar/2019:13:39:49 -0300] "GET /cormun/servlet/trsolicitudot? HTTP/1.1" 200 8647
186.103.159.188 - - [14/Mar/2019:13:39:49 -0300] "GET /cormun/servlet/trsolicitudot? HTTP/1.1" 200 8645
190.171.141.90 - - [14/Mar/2019:13:39:56 -0300] "POST /cormun/servlet/solicitudot?gx-no-cache=1552581378101 HTTP/1.1" 200 30
190.171.153.50 - - [14/Mar/2019:13:39:58 -0300] "GET /cormun/servlet/solicitudotadjuntos?cb3cc8b0fa8d5a11549b62aeadb14786649171d96d2751504760ee6ea3e71c5f,gx-no-cache=1552581381601 HTTP/1.1" 200 30
190.171.153.50 - - [14/Mar/2019:13:39:58 -0300] "GET /cormun/servlet/solicitudotadjuntos?cb3cc8b0fa8d5a11549b62aeadb14786649171d96d2751504760ee6ea3e71c5f,gx-no-cache=1552581381628 HTTP/1.1" 200 30
190.171.153.50 - - [14/Mar/2019:13:39:59 -0300] "POST /cormun/servlet/solicitudotadjuntos?7297724c39c23d4c6d496baaa48333b1,INS,2019,14648,,1, HTTP/1.1" 200 116
190.171.153.50 - - [14/Mar/2019:13:39:59 -0300] "GET /cormun/servlet/hpexe_return? HTTP/1.1" 200 1024
190.171.153.50 - - [14/Mar/2019:13:39:59 -0300] "GET /cormun/servlet/trsolicitudadjuntos?2019,14648, HTTP/1.1" 200 10292
190.171.153.50 - - [14/Mar/2019:13:40:00 -0300] "GET /cormun/servlet/trsolicitudadjuntos?2019,14648, HTTP/1.1" 200 10290
190.171.141.90 - - [14/Mar/2019:13:40:01 -0300] "POST /cormun/servlet/solicitudot?c077c6e9d57b370d76a0478f6d217842,INS,0,0,,gx-no-cache=1552581382210 HTTP/1.1" 200 93
190.171.141.90 - - [14/Mar/2019:13:40:01 -0300] "GET /cormun/servlet/hpexe_return? HTTP/1.1" 200 1008
190.171.141.90 - - [14/Mar/2019:13:40:01 -0300] "GET /cormun/servlet/trsolicitudot HTTP/1.1" 200 8775
190.171.141.90 - - [14/Mar/2019:13:40:01 -0300] "GET /cormun/servlet/trsolicitudot HTTP/1.1" 200 8771
190.171.153.50 - - [14/Mar/2019:13:40:03 -0300] "POST /cormun/servlet/trsolicitudadjuntos?7297724c39c23d4c6d496baaa48333b1,2019,14648,,gx-no-cache=1552581386371 HTTP/1.1" 200 90
190.171.153.50 - - [14/Mar/2019:13:40:03 -0300] "GET /cormun/servlet/hpexe_link HTTP/1.1" 200 965
190.171.141.90 - - [14/Mar/2019:13:40:03 -0300] "POST /cormun/servlet/trsolicitudot?c077c6e9d57b370d76a0478f6d217842,gx-no-cache=1552581385196 HTTP/1.1" 200 107
190.171.141.90 - - [14/Mar/2019:13:40:04 -0300] "GET /cormun/servlet/trsolicitudadjuntos?2019,14693, HTTP/1.1" 200 6298
190.171.153.50 - - [14/Mar/2019:13:40:04 -0300] "GET /cormun/servlet/trsolicitudot HTTP/1.1" 200 8933
190.171.153.50 - - [14/Mar/2019:13:40:04 -0300] "GET /cormun/servlet/trsolicitudot HTTP/1.1" 200 8932
190.171.141.90 - - [14/Mar/2019:13:40:04 -0300] "GET /cormun/servlet/trsolicitudadjuntos?2019,14693, HTTP/1.1" 200 6297
190.171.141.90 - - [14/Mar/2019:13:40:05 -0300] "GET /cormun/servlet/solicitudotadjuntos?INS,2019,14693,,1, HTTP/1.1" 200 6242
190.171.141.90 - - [14/Mar/2019:13:40:06 -0300] "GET /cormun/static/about:blank HTTP/1.1" 404 1011
190.171.141.90 - - [14/Mar/2019:13:40:06 -0300] "GET /cormun/servlet/solicitudotadjuntos?INS,2019,14693,,1, HTTP/1.1" 200 6235
190.171.141.90 - - [14/Mar/2019:13:40:06 -0300] "GET /cormun/servlet/solicitudotadjuntos?20114de8976e00fe7eb2ca62a2e67a78b05720d9b9cfb4f5f930319d2801a491aa936e6185e3a068edeb3d470fdf4d78,gx-no-cache=1552581388178 HTTP/1.1" 200 30
190.171.141.90 - - [14/Mar/2019:13:40:07 -0300] "POST /cormun/servlet/solicitudotadjuntos?c077c6e9d57b370d76a0478f6d217842,INS,2019,14693,,1,,gx-no-cache=1552581388297 HTTP/1.1" 200 4094
190.171.153.50 - - [14/Mar/2019:13:40:07 -0300] "POST /cormun/servlet/trsolicitudot?7297724c39c23d4c6d496baaa48333b1,gx-no-cache=1552581390156 HTTP/1.1" 200 5988
190.171.153.50 - - [14/Mar/2019:13:40:07 -0300] "GET /cormun/static/Shared/jqueryui/images/ui-bg_highlight-soft_100_c6c2c8_1x100.png HTTP/1.1" 404 1117
190.171.153.50 - - [14/Mar/2019:13:40:07 -0300] "GET /cormun/static/Shared/jqueryui/images/ui-bg_flat_55_fafafa_40x100.png HTTP/1.1" 404 1097
190.171.153.50 - - [14/Mar/2019:13:40:07 -0300] "GET /cormun/static/Shared/jqueryui/images/ui-icons_82798d_256x240.png HTTP/1.1" 404 1089
190.171.153.50 - - [14/Mar/2019:13:40:07 -0300] "GET /cormun/static/Shared/jqueryui/images/ui-icons_8d78a5_256x240.png HTTP/1.1" 404 1089
190.171.153.50 - - [14/Mar/2019:13:40:12 -0300] "POST /cormun/servlet/trsolicitudot?7297724c39c23d4c6d496baaa48333b1,gx-no-cache=1552581394962 HTTP/1.1" 200 107
190.171.153.50 - - [14/Mar/2019:13:40:12 -0300] "GET /cormun/servlet/trsolicitudadjuntos?2019,14648, HTTP/1.1" 200 10286
190.171.141.90 - - [14/Mar/2019:13:40:13 -0300] "POST /cormun/servlet/solicitudotadjuntos?c077c6e9d57b370d76a0478f6d217842,INS,2019,14693,,1,,gx-no-cache=1552581393817 HTTP/1.1" 200 93
190.171.141.90 - - [14/Mar/2019:13:40:13 -0300] "GET /cormun/servlet/hpexe_return? HTTP/1.1" 200 1029
190.171.141.90 - - [14/Mar/2019:13:40:13 -0300] "GET /cormun/servlet/trsolicitudadjuntos?2019,14693, HTTP/1.1" 200 6301
190.171.153.50 - - [14/Mar/2019:13:40:13 -0300] "GET /cormun/servlet/trsolicitudadjuntos?2019,14648, HTTP/1.1" 200 10289
190.171.141.90 - - [14/Mar/2019:13:40:13 -0300] "GET /cormun/servlet/trsolicitudadjuntos?2019,14693, HTTP/1.1" 200 6297
190.171.141.90 - - [14/Mar/2019:13:40:15 -0300] "POST /cormun/servlet/trsolicitudadjuntos?c077c6e9d57b370d76a0478f6d217842,2019,14693,,gx-no-cache=1552581397089 HTTP/1.1" 200 90
190.171.141.90 - - [14/Mar/2019:13:40:15 -0300] "GET /cormun/servlet/hpexe_link HTTP/1.1" 200 970
190.171.141.90 - - [14/Mar/2019:13:40:15 -0300] "GET /cormun/servlet/trsolicitudot HTTP/1.1" 200 8772
190.171.141.90 - - [14/Mar/2019:13:40:16 -0300] "GET /cormun/servlet/trsolicitudot HTTP/1.1" 200 8771
190.171.141.90 - - [14/Mar/2019:13:40:18 -0300] "POST /cormun/servlet/trsolicitudot?c077c6e9d57b370d76a0478f6d217842,gx-no-cache=1552581399832 HTTP/1.1" 200 106
190.171.141.90 - - [14/Mar/2019:13:40:18 -0300] "GET /cormun/servlet/solicitudot?UPD,2019,14693, HTTP/1.1" 200 15570
190.171.141.90 - - [14/Mar/2019:13:40:19 -0300] "GET /cormun/servlet/solicitudot?UPD,2019,14693, HTTP/1.1" 200 15579
190.171.141.90 - - [14/Mar/2019:13:40:20 -0300] "POST /cormun/servlet/solicitudot?gx-no-cache=1552581401112 HTTP/1.1" 200 3549
190.171.141.90 - - [14/Mar/2019:13:40:20 -0300] "POST /cormun/servlet/solicitudot?c077c6e9d57b370d76a0478f6d217842,UPD,2019,14693,,gx-no-cache=1552581401492 HTTP/1.1" 200 12002
190.171.141.90 - - [14/Mar/2019:13:40:20 -0300] "GET /cormun/servlet/solicitudot?20114de8976e00fe7eb2ca62a2e67a7854c866a8eee164642b975c5dffcbf775cb59a47f22594a85d93a29a50a1217da,gx-no-cache=1552581401717 HTTP/1.1" 200 30
190.171.141.90 - - [14/Mar/2019:13:40:20 -0300] "GET /cormun/servlet/solicitudot?20114de8976e00fe7eb2ca62a2e67a78115b7df66edea60d3a9a55f7eb8e7f4ad7a0316f230ce92926fafc6d8e159fb71a164f500fa9e70900c3d91c75890fa9,gx-no-cache=1552581401758 HTTP/1.1" 200 30
190.171.141.90 - - [14/Mar/2019:13:40:20 -0300] "GET /cormun/servlet/solicitudot?20114de8976e00fe7eb2ca62a2e67a78483e701a84702e870a2d0fd453800670035dcdc41c0c17cdc95594861f85ee325ed9409487ec0abbf5f73d8540100ab9,gx-no-cache=1552581401784 HTTP/1.1" 200 53
190.171.141.90 - - [14/Mar/2019:13:40:20 -0300] "POST /cormun/servlet/solicitudot?gx-no-cache=1552581401811 HTTP/1.1" 200 254
190.171.141.90 - - [14/Mar/2019:13:40:20 -0300] "GET /cormun/servlet/solicitudot?20114de8976e00fe7eb2ca62a2e67a7833170f866663ecc31e8eb5c3d8b236c9bac776324f6b362fff135e059d66932f25d0e766c068e97bd8e1c7f32597fc4b45c154981972e3984a4b1b0d19fc60987cded0fe9b46a61a2ed3c72025810e30e0153ba37ad501b610192285cceff3a393fa81a4e2f9e1c4896d30ffc291f9b991ce7bb10d88b855f749018260f2b0d64af9829482e255a06d4702dd06490bb8bdf8e774c6bd19fc9b73b7cb73797b9c7a68d441c04cc08f89b3431f01b792f67f5a38b65df341e871ef6f61577800b4fd43e4fcfd95840bf44c469c9dd7cb34c1f6717d17a6c7229d835c6bf79412dfba3cd61473070e877ba97342c0ff6cf8e489e654768d41db462f2b449d13a718ce8716ab96674b76aca18fe063c08cb826b8e9c412e5fd74542592c23ec3a52f36568166bb32e8226c714fb0d5f0f74d321a290cf2cc67844c20fa4da149944af21897dd68bcf09f2975ab1e77dd3b8c60de82b2eb470cae9fd89b70078c62590e2e1e6ed4be0e9ea2943eb69549caa4,gx-no-cache=1552581401857 HTTP/1.1" 200 30
190.171.141.90 - - [14/Mar/2019:13:40:20 -0300] "POST /cormun/servlet/solicitudot?gx-no-cache=1552581401904 HTTP/1.1" 200 30
190.171.141.90 - - [14/Mar/2019:13:40:20 -0300] "POST /cormun/servlet/solicitudot?gx-no-cache=1552581401953 HTTP/1.1" 200 1281
190.171.141.90 - - [14/Mar/2019:13:40:20 -0300] "POST /cormun/servlet/solicitudot?gx-no-cache=1552581402003 HTTP/1.1" 200 40
190.171.141.90 - - [14/Mar/2019:13:40:22 -0300] "GET /cormun/servlet/solicitudot?20114de8976e00fe7eb2ca62a2e67a78b8a3513d5d4d4b723d67d126e5ee1ed335239f1390d25ac901a08b46d667e430a3d5b97f466c8a45a64370abce8cde2ff9f5e248785a76ef0c7e781ba31b016d8b2cd7670715d69192cce112234c104321331d2b8fc662f7f580c1013759a0ae,gx-no-cache=1552581403736 HTTP/1.1" 200 110
190.171.141.90 - - [14/Mar/2019:13:40:22 -0300] "POST /cormun/servlet/solicitudot?gx-no-cache=1552581403861 HTTP/1.1" 200 97
190.171.141.90 - - [14/Mar/2019:13:40:25 -0300] "GET /cormun/servlet/solicitudot?20114de8976e00fe7eb2ca62a2e67a78765b781f86745a2faa685469c683544feed90fd94a4f9f051363f8aed7cbe8fc12f2f6d28ef47d542b65e90b8d8773b163b891de6ec9a1e8e31f94617fb7463969177ada1d653166e7708c186ea50f8cb982cfff9fff01819d7e4996d606451a85ead79aa7ec28908071e3edaa2223799f95191465df8979f7ad547281d443fb6050b7b836dd619c469dd3e1c3a3c926,gx-no-cache=1552581406736 HTTP/1.1" 200 29
190.171.141.90 - - [14/Mar/2019:13:40:25 -0300] "GET /cormun/servlet/solicitudot?20114de8976e00fe7eb2ca62a2e67a782e41d78200be1e721c81c09dd255b9e540d21de8797229f5d1a0a08f0ce847d4,gx-no-cache=1552581406759 HTTP/1.1" 200 30
190.171.141.90 - - [14/Mar/2019:13:40:25 -0300] "POST /cormun/servlet/solicitudot?gx-no-cache=1552581406784 HTTP/1.1" 200 30
190.171.141.90 - - [14/Mar/2019:13:40:25 -0300] "POST /cormun/servlet/solicitudot?c077c6e9d57b370d76a0478f6d217842,UPD,2019,14693,,gx-no-cache=1552581406846 HTTP/1.1" 200 93
190.171.141.90 - - [14/Mar/2019:13:40:25 -0300] "GET /cormun/servlet/hpexe_return? HTTP/1.1" 200 1016
190.171.141.90 - - [14/Mar/2019:13:40:25 -0300] "GET /cormun/servlet/trsolicitudot HTTP/1.1" 200 8774
190.171.141.90 - - [14/Mar/2019:13:40:26 -0300] "GET /cormun/servlet/trsolicitudot HTTP/1.1" 200 8770
190.171.153.50 - - [14/Mar/2019:13:40:28 -0300] "GET /cormun/servlet/solicitudotadjuntos?INS,2019,14648,,1, HTTP/1.1" 200 6397
190.171.153.50 - - [14/Mar/2019:13:40:28 -0300] "GET /cormun/static/about:blank HTTP/1.1" 404 1011
190.171.153.50 - - [14/Mar/2019:13:40:28 -0300] "GET /cormun/servlet/solicitudotadjuntos?INS,2019,14648,,1, HTTP/1.1" 200 6390
190.171.153.50 - - [14/Mar/2019:13:40:29 -0300] "GET /cormun/servlet/solicitudotadjuntos?cb3cc8b0fa8d5a11549b62aeadb1478669788f4e4cd52f431ab937f19db273d835981a308723d862d1000bbc90e2d8d3,gx-no-cache=1552581411752 HTTP/1.1" 200 30
190.171.153.50 - - [14/Mar/2019:13:40:29 -0300] "POST /cormun/servlet/solicitudotadjuntos?7297724c39c23d4c6d496baaa48333b1,INS,2019,14648,,1,,gx-no-cache=1552581411779 HTTP/1.1" 200 4069
200.54.103.162 - - [14/Mar/2019:13:40:29 -0300] "GET /cormun/servlet/solicitudot?INS,0,0, HTTP/1.1" 200 15165
200.54.103.162 - - [14/Mar/2019:13:40:31 -0300] "GET /cormun/servlet/solicitudot?INS,0,0, HTTP/1.1" 200 15171
190.171.153.50 - - [14/Mar/2019:13:40:33 -0300] "POST /cormun/servlet/solicitudotadjuntos?gx-no-cache=1552581415880 HTTP/1.1" 200 26
186.103.159.188 - - [14/Mar/2019:13:40:36 -0300] "GET /cormun/servlet/hlogin HTTP/1.1" 200 1721
190.171.153.50 - - [14/Mar/2019:13:40:41 -0300] "GET /cormun/servlet/solicitudotadjuntos?cb3cc8b0fa8d5a11549b62aeadb14786649171d96d2751504760ee6ea3e71c5f,gx-no-cache=1552581424113 HTTP/1.1" 200 30
190.171.153.50 - - [14/Mar/2019:13:40:41 -0300] "GET /cormun/servlet/solicitudotadjuntos?cb3cc8b0fa8d5a11549b62aeadb14786649171d96d2751504760ee6ea3e71c5f,gx-no-cache=1552581424139 HTTP/1.1" 200 30
190.171.153.50 - - [14/Mar/2019:13:40:41 -0300] "POST /cormun/servlet/solicitudotadjuntos?7297724c39c23d4c6d496baaa48333b1,INS,2019,14648,,1, HTTP/1.1" 200 116
190.171.153.50 - - [14/Mar/2019:13:40:41 -0300] "GET /cormun/servlet/hpexe_return? HTTP/1.1" 200 1024
190.171.153.50 - - [14/Mar/2019:13:40:42 -0300] "GET /cormun/servlet/trsolicitudadjuntos?2019,14648, HTTP/1.1" 200 10424
190.171.153.50 - - [14/Mar/2019:13:40:42 -0300] "GET /cormun/servlet/trsolicitudadjuntos?2019,14648, HTTP/1.1" 200 10422
200.54.103.162 - - [14/Mar/2019:13:40:45 -0300] "POST /cormun/servlet/solicitudot?gx-no-cache=1552581428684 HTTP/1.1" 200 3450
200.54.103.162 - - [14/Mar/2019:13:40:46 -0300] "POST /cormun/servlet/solicitudot?4b6dd9ab9db2523f64501abeed88f642,INS,0,0,,gx-no-cache=1552581429116 HTTP/1.1" 200 11808
186.103.159.188 - - [14/Mar/2019:13:40:52 -0300] "POST /cormun/servlet/hlogin?ddc8904a3dd17e31876bcd4ecd1df9ca,gx-no-cache=1552581433430 HTTP/1.1" 200 90
186.103.159.188 - - [14/Mar/2019:13:40:52 -0300] "GET /cormun/servlet/hpexe_link HTTP/1.1" 200 947
186.103.159.188 - - [14/Mar/2019:13:40:52 -0300] "GET /cormun/servlet/hhome HTTP/1.1" 200 4228
200.54.103.162 - - [14/Mar/2019:13:40:53 -0300] "GET /cormun/servlet/solicitudot?550c09e6d26d811a323046915f9359bc2f6d9478a3ae1e3a229445156803d0f4c88ed3c38e3aaa04bf42998d17029d7f,gx-no-cache=1552581436105 HTTP/1.1" 200 30
186.103.159.188 - - [14/Mar/2019:13:40:53 -0300] "GET /cormun/servlet/hhome HTTP/1.1" 200 4225
190.171.153.50 - - [14/Mar/2019:13:40:57 -0300] "GET /cormun/servlet/solicitudotadjuntos?DLT,2019,14648,CERTIF1,0, HTTP/1.1" 200 6386
190.171.153.50 - - [14/Mar/2019:13:40:57 -0300] "GET /cormun/PublicTempStorage/certificado_titulo_%282%295951991.pdf HTTP/1.1" 200 226852
190.171.153.50 - - [14/Mar/2019:13:40:57 -0300] "GET /cormun/static/Shared/jqueryui/images/ui-bg_highlight-soft_100_c6c2c8_1x100.png HTTP/1.1" 404 1117
190.171.153.50 - - [14/Mar/2019:13:40:57 -0300] "GET /cormun/static/Shared/jqueryui/images/ui-icons_82798d_256x240.png HTTP/1.1" 404 1089
190.171.153.50 - - [14/Mar/2019:13:40:57 -0300] "GET /cormun/static/Shared/jqueryui/images/ui-bg_flat_55_fafafa_40x100.png HTTP/1.1" 404 1097
190.171.153.50 - - [14/Mar/2019:13:40:57 -0300] "GET /cormun/static/Shared/jqueryui/images/ui-icons_8d78a5_256x240.png HTTP/1.1" 404 1089
186.103.159.188 - - [14/Mar/2019:13:40:57 -0300] "GET /cormun/servlet/trsolicitudot? HTTP/1.1" 200 8824
190.171.153.50 - - [14/Mar/2019:13:40:57 -0300] "GET /cormun/servlet/solicitudotadjuntos?DLT,2019,14648,CERTIF1,0, HTTP/1.1" 200 6379
186.103.159.188 - - [14/Mar/2019:13:40:57 -0300] "GET /cormun/servlet/trsolicitudot? HTTP/1.1" 200 8821
190.171.153.50 - - [14/Mar/2019:13:41:00 -0300] "POST /cormun/servlet/solicitudotadjuntos?7297724c39c23d4c6d496baaa48333b1,DLT,2019,14648,CERTIF1,0,,gx-no-cache=1552581443147 HTTP/1.1" 200 90
190.171.153.50 - - [14/Mar/2019:13:41:00 -0300] "GET /cormun/servlet/hpexe_link HTTP/1.1" 200 983
190.171.153.50 - - [14/Mar/2019:13:41:00 -0300] "GET /cormun/servlet/trsolicitudadjuntos?2019,14648, HTTP/1.1" 200 10414
190.171.153.50 - - [14/Mar/2019:13:41:01 -0300] "GET /cormun/servlet/trsolicitudadjuntos?2019,14648, HTTP/1.1" 200 10418
190.171.153.50 - - [14/Mar/2019:13:41:04 -0300] "POST /cormun/servlet/trsolicitudadjuntos?7297724c39c23d4c6d496baaa48333b1,2019,14648,,gx-no-cache=1552581446962 HTTP/1.1" 200 90
190.171.153.50 - - [14/Mar/2019:13:41:04 -0300] "GET /cormun/servlet/hpexe_link HTTP/1.1" 200 986
190.171.153.50 - - [14/Mar/2019:13:41:04 -0300] "GET /cormun/servlet/trsolicitudot?gx-no-cache=1552581390156 HTTP/1.1" 200 8933
190.171.153.50 - - [14/Mar/2019:13:41:04 -0300] "GET /cormun/servlet/trsolicitudot?gx-no-cache=1552581390156 HTTP/1.1" 200 8952
190.171.153.50 - - [14/Mar/2019:13:41:09 -0300] "POST /cormun/servlet/trsolicitudot?7297724c39c23d4c6d496baaa48333b1,gx-no-cache=1552581390156,gx-no-cache=1552581452524 HTTP/1.1" 200 4764
190.171.153.50 - - [14/Mar/2019:13:41:10 -0300] "GET /cormun/static/Shared/jqueryui/images/ui-bg_highlight-soft_100_c6c2c8_1x100.png HTTP/1.1" 404 1117
190.171.153.50 - - [14/Mar/2019:13:41:10 -0300] "GET /cormun/static/Shared/jqueryui/images/ui-icons_82798d_256x240.png HTTP/1.1" 404 1089
190.171.153.50 - - [14/Mar/2019:13:41:10 -0300] "GET /cormun/static/Shared/jqueryui/images/ui-icons_8d78a5_256x240.png HTTP/1.1" 404 1089
190.171.153.50 - - [14/Mar/2019:13:41:10 -0300] "GET /cormun/static/Shared/jqueryui/images/ui-bg_flat_55_fafafa_40x100.png HTTP/1.1" 404 1097
190.171.153.50 - - [14/Mar/2019:13:41:10 -0300] "POST /cormun/servlet/trsolicitudot?7297724c39c23d4c6d496baaa48333b1,gx-no-cache=1552581390156,gx-no-cache=1552581452782 HTTP/1.1" 200 4532
190.171.153.50 - - [14/Mar/2019:13:41:14 -0300] "GET /cormun/servlet/trautorizarsolicitud? HTTP/1.1" 200 8851
190.171.153.50 - - [14/Mar/2019:13:41:15 -0300] "GET /cormun/servlet/trautorizarsolicitud? HTTP/1.1" 200 8830
186.103.159.188 - - [14/Mar/2019:13:41:17 -0300] "GET /cormun/servlet/hlogin HTTP/1.1" 200 1721
190.171.153.50 - - [14/Mar/2019:13:41:17 -0300] "POST /cormun/servlet/trautorizarsolicitud?7297724c39c23d4c6d496baaa48333b1,,gx-no-cache=1552581460482 HTTP/1.1" 200 4708
190.171.153.50 - - [14/Mar/2019:13:41:17 -0300] "GET /cormun/static/Shared/jqueryui/images/ui-bg_highlight-soft_100_c6c2c8_1x100.png HTTP/1.1" 404 1117
190.171.153.50 - - [14/Mar/2019:13:41:17 -0300] "GET /cormun/static/Shared/jqueryui/images/ui-bg_flat_55_fafafa_40x100.png HTTP/1.1" 404 1097
190.171.153.50 - - [14/Mar/2019:13:41:17 -0300] "GET /cormun/static/Shared/jqueryui/images/ui-icons_82798d_256x240.png HTTP/1.1" 404 1089
190.171.153.50 - - [14/Mar/2019:13:41:17 -0300] "GET /cormun/static/Shared/jqueryui/images/ui-icons_8d78a5_256x240.png HTTP/1.1" 404 1089
190.171.153.50 - - [14/Mar/2019:13:41:18 -0300] "POST /cormun/servlet/trautorizarsolicitud?7297724c39c23d4c6d496baaa48333b1,,gx-no-cache=1552581460685 HTTP/1.1" 200 4476
190.171.153.50 - - [14/Mar/2019:13:41:24 -0300] "GET /cormun/servlet/trsolicitudot? HTTP/1.1" 200 7569
190.171.153.50 - - [14/Mar/2019:13:41:24 -0300] "GET /cormun/servlet/trsolicitudot? HTTP/1.1" 200 7569
186.103.159.188 - - [14/Mar/2019:13:41:24 -0300] "POST /cormun/servlet/hlogin?ddc8904a3dd17e31876bcd4ecd1df9ca,gx-no-cache=1552581465269 HTTP/1.1" 200 90
186.103.159.188 - - [14/Mar/2019:13:41:24 -0300] "GET /cormun/servlet/hpexe_link HTTP/1.1" 200 947
186.103.159.188 - - [14/Mar/2019:13:41:24 -0300] "GET /cormun/servlet/hhome HTTP/1.1" 200 4041
186.103.159.188 - - [14/Mar/2019:13:41:24 -0300] "GET /cormun/servlet/hhome HTTP/1.1" 200 4037
190.171.153.50 - - [14/Mar/2019:13:41:27 -0300] "GET /cormun/servlet/solicitudot?INS,0,0, HTTP/1.1" 200 15188
190.171.153.50 - - [14/Mar/2019:13:41:28 -0300] "GET /cormun/servlet/solicitudot?INS,0,0, HTTP/1.1" 200 15194
186.103.159.188 - - [14/Mar/2019:13:41:28 -0300] "GET /cormun/servlet/trsolicitudot? HTTP/1.1" 200 8642
186.103.159.188 - - [14/Mar/2019:13:41:28 -0300] "GET /cormun/servlet/trsolicitudot? HTTP/1.1" 200 8639
190.171.153.50 - - [14/Mar/2019:13:41:50 -0300] "POST /cormun/servlet/solicitudot?gx-no-cache=1552581492809 HTTP/1.1" 200 3450
190.171.153.50 - - [14/Mar/2019:13:41:50 -0300] "POST /cormun/servlet/solicitudot?7297724c39c23d4c6d496baaa48333b1,INS,0,0,,gx-no-cache=1552581493208 HTTP/1.1" 200 11806
190.171.153.50 - - [14/Mar/2019:13:41:55 -0300] "GET /cormun/servlet/solicitudot?cb3cc8b0fa8d5a11549b62aeadb14786a4ddd44a1250aa3574bf4813b11be9a6ab2a183d030531e2d1949f6eb6bb6d2d,gx-no-cache=1552581498037 HTTP/1.1" 200 30
200.54.103.162 - - [14/Mar/2019:13:42:44 -0300] "GET /cormun/static/Resources/resize.gif HTTP/1.1" 200 77
200.54.103.162 - - [14/Mar/2019:13:42:44 -0300] "GET /cormun/servlet/prbanco?,MD,,gxPopupLevel%3D0%3B HTTP/1.1" 200 6722
200.54.103.162 - - [14/Mar/2019:13:42:45 -0300] "GET /cormun/static/gxcfg.js?20181161016094 HTTP/1.1" 200 953
200.54.103.162 - - [14/Mar/2019:13:42:45 -0300] "GET /cormun/static/prbanco.js?2018116101633 HTTP/1.1" 200 10693
190.171.141.90 - - [14/Mar/2019:13:42:49 -0300] "POST /cormun/servlet/trsolicitudot?c077c6e9d57b370d76a0478f6d217842,gx-no-cache=1552581550697 HTTP/1.1" 200 107
190.171.141.90 - - [14/Mar/2019:13:42:49 -0300] "GET /cormun/servlet/trsolicitudadjuntos?2019,14693, HTTP/1.1" 200 6298
190.171.141.90 - - [14/Mar/2019:13:42:49 -0300] "GET /cormun/servlet/trsolicitudadjuntos?2019,14693, HTTP/1.1" 200 6297
200.54.103.162 - - [14/Mar/2019:13:42:50 -0300] "GET /cormun/servlet/solicitudot?550c09e6d26d811a323046915f9359bc8e33b9ab85fb988abfa8201ea662fab67230353253a420ca1afcaeee734c1f981c8de3800ff99bf8fe275db94ccf5cea,gx-no-cache=1552581553640 HTTP/1.1" 200 30
190.171.141.90 - - [14/Mar/2019:13:42:51 -0300] "GET /cormun/servlet/solicitudotadjuntos?INS,2019,14693,,1, HTTP/1.1" 200 6242
190.171.141.90 - - [14/Mar/2019:13:42:51 -0300] "GET /cormun/static/about:blank HTTP/1.1" 404 1011
200.54.103.162 - - [14/Mar/2019:13:42:51 -0300] "GET /cormun/servlet/solicitudot?550c09e6d26d811a323046915f9359bcd7e0f9bd2d89fa1d1c44a8fb80a6e4e5,gx-no-cache=1552581554843 HTTP/1.1" 200 53
190.171.141.90 - - [14/Mar/2019:13:42:52 -0300] "GET /cormun/servlet/solicitudotadjuntos?INS,2019,14693,,1, HTTP/1.1" 200 6236
190.171.141.90 - - [14/Mar/2019:13:42:52 -0300] "GET /cormun/servlet/solicitudotadjuntos?20114de8976e00fe7eb2ca62a2e67a78b05720d9b9cfb4f5f930319d2801a491aa936e6185e3a068edeb3d470fdf4d78,gx-no-cache=1552581553899 HTTP/1.1" 200 30
190.171.141.90 - - [14/Mar/2019:13:42:52 -0300] "POST /cormun/servlet/solicitudotadjuntos?c077c6e9d57b370d76a0478f6d217842,INS,2019,14693,,1,,gx-no-cache=1552581553939 HTTP/1.1" 200 4095
190.171.141.90 - - [14/Mar/2019:13:43:18 -0300] "POST /cormun/servlet/solicitudotadjuntos?gx-no-cache=1552581580281 HTTP/1.1" 200 26
200.54.103.162 - - [14/Mar/2019:13:43:24 -0300] "POST /cormun/servlet/solicitudot?gx-no-cache=1552581587616 HTTP/1.1" 200 255
200.54.103.162 - - [14/Mar/2019:13:43:28 -0300] "GET /cormun/servlet/solicitudot?550c09e6d26d811a323046915f9359bc7ef43b97839d70c708e2aae722ae63fdb71ae02bd37fb625e33838be2cab70f120e8f1321400a0c7a802c82bd3f7e848162b8665bcf6e5ae801377d66db13ac9d7b134b34dd71582f9331a0281e6ea2f06bfd0e43c898ad653be4b287ee062ef5a0c9d184bdcf2f68c97235b69dae2d201f367a7bfc44cac182e29fd38f8c6e6d019e975d8ab7ffda691df0d746f576a679e43961ad2a3714ebffc7bf2f420d502134f5a033a7a8d75a90018e8309d208c691adc026951a399db650274e55d7d90db3fea091a37978fce8f4a431e0c399fbd71bafaa61724b2f07e1d8ced7b87bf9a80ecceaf2dbb9c649d8e342d0e1d1982ba4a14f5584fc9aadbd9f62a3764b61b6bfefac771c06f775cc1371f03c6082adebb4cb15d38f0ea65bba9692a87eae4d63520747ac9609cd7e6107b3f0a70094d079d09819ad4d7030f5bb31ff755e6af03e0de41c8c68c2fddcf35982795d9a90e9829b5dec48e1aa058f230a584f68153eb0537283d9b6f27aba12ae8,gx-no-cache=1552581591210 HTTP/1.1" 200 30
190.171.141.90 - - [14/Mar/2019:13:43:34 -0300] "GET /cormun/servlet/solicitudotadjuntos?20114de8976e00fe7eb2ca62a2e67a786942df2358e0bcf90da9fd0e94b843aa,gx-no-cache=1552581596228 HTTP/1.1" 200 30
190.171.141.90 - - [14/Mar/2019:13:43:35 -0300] "GET /cormun/servlet/solicitudotadjuntos?20114de8976e00fe7eb2ca62a2e67a786942df2358e0bcf90da9fd0e94b843aa,gx-no-cache=1552581596334 HTTP/1.1" 200 30
200.54.103.162 - - [14/Mar/2019:13:43:35 -0300] "POST /cormun/servlet/solicitudot?gx-no-cache=1552581598471 HTTP/1.1" 200 30
190.171.141.90 - - [14/Mar/2019:13:43:36 -0300] "POST /cormun/servlet/solicitudotadjuntos?c077c6e9d57b370d76a0478f6d217842,INS,2019,14693,,1, HTTP/1.1" 200 116
190.171.141.90 - - [14/Mar/2019:13:43:36 -0300] "GET /cormun/servlet/hpexe_return? HTTP/1.1" 200 1029
190.171.141.90 - - [14/Mar/2019:13:43:36 -0300] "GET /cormun/servlet/trsolicitudadjuntos?2019,14693, HTTP/1.1" 200 8890
190.171.141.90 - - [14/Mar/2019:13:43:37 -0300] "GET /cormun/servlet/trsolicitudadjuntos?2019,14693, HTTP/1.1" 200 8883
200.54.103.162 - - [14/Mar/2019:13:43:38 -0300] "POST /cormun/servlet/solicitudot?gx-no-cache=1552581601314 HTTP/1.1" 200 1277
200.54.103.162 - - [14/Mar/2019:13:43:38 -0300] "POST /cormun/servlet/solicitudot?gx-no-cache=1552581601405 HTTP/1.1" 200 38
190.171.141.90 - - [14/Mar/2019:13:43:38 -0300] "GET /cormun/servlet/solicitudotadjuntos?INS,2019,14693,,1, HTTP/1.1" 200 6242
190.171.141.90 - - [14/Mar/2019:13:43:39 -0300] "GET /cormun/static/about:blank HTTP/1.1" 404 1011
190.171.141.90 - - [14/Mar/2019:13:43:39 -0300] "GET /cormun/servlet/solicitudotadjuntos?INS,2019,14693,,1, HTTP/1.1" 200 6236
190.171.141.90 - - [14/Mar/2019:13:43:39 -0300] "GET /cormun/servlet/solicitudotadjuntos?20114de8976e00fe7eb2ca62a2e67a78b05720d9b9cfb4f5f930319d2801a491aa936e6185e3a068edeb3d470fdf4d78,gx-no-cache=1552581601194 HTTP/1.1" 200 30
190.171.141.90 - - [14/Mar/2019:13:43:39 -0300] "POST /cormun/servlet/solicitudotadjuntos?c077c6e9d57b370d76a0478f6d217842,INS,2019,14693,,1,,gx-no-cache=1552581601234 HTTP/1.1" 200 4095
190.171.153.50 - - [14/Mar/2019:13:43:53 -0300] "GET /cormun/servlet/solicitudot?cb3cc8b0fa8d5a11549b62aeadb14786898a6f86a84bc4533beccef6eadf846975ddacf9d73601a2ae696d0dfaca94059981024cc4bd701dbd93e0512bbae38c,gx-no-cache=1552581615902 HTTP/1.1" 200 30
190.171.153.50 - - [14/Mar/2019:13:43:53 -0300] "GET /cormun/servlet/solicitudot?cb3cc8b0fa8d5a11549b62aeadb14786b046b621a725d17f6f871c0374b2b7d0,gx-no-cache=1552581615967 HTTP/1.1" 200 29
200.54.103.162 - - [14/Mar/2019:13:43:57 -0300] "GET /cormun/servlet/solicitudot?550c09e6d26d811a323046915f9359bcd2c734259adbf5e600c17cd8d617e29ef902a54d25f387f52c6d2cac7e559d7b3d556cd608455f2bdd24de63d8c790d4c5280969bc428f191114ef40d8caffec1cc06cdb6b4266646a0b648cdf63627ccae5834f45b70aec90bac4e536415b33,gx-no-cache=1552581620418 HTTP/1.1" 200 110
200.54.103.162 - - [14/Mar/2019:13:43:57 -0300] "POST /cormun/servlet/solicitudot?gx-no-cache=1552581620462 HTTP/1.1" 200 64
200.54.103.162 - - [14/Mar/2019:13:44:01 -0300] "GET /cormun/servlet/solicitudot?550c09e6d26d811a323046915f9359bc54fb37e754acf98ecdc25c95f897bf094bd7017cbbd784c82726623a0ad7bbd0f5ced8a9f2d8427cb4c3700d3a01f473898bdd3b29a0b36bf78e10dabbbda2a5d370acbb5e4ae0a230fcbdaf6b6620fe79ba53e0b47397b66f03d380d2a60dff,gx-no-cache=1552581624725 HTTP/1.1" 200 29
200.54.103.162 - - [14/Mar/2019:13:44:01 -0300] "GET /cormun/static/menuarrow.gif HTTP/1.1" 404 1015
190.171.153.50 - - [14/Mar/2019:13:44:02 -0300] "GET /cormun/servlet/prbanco?,MD,,gxPopupLevel%3D0%3B HTTP/1.1" 200 6736
200.54.103.162 - - [14/Mar/2019:13:44:04 -0300] "GET /cormun/servlet/solicitudot?550c09e6d26d811a323046915f9359bcc37198c8ef3d5eff4ce54009d3538fc62cb2cef6f84a80be016a15cf023496c0,gx-no-cache=1552581627878 HTTP/1.1" 200 30
190.171.153.50 - - [14/Mar/2019:13:44:10 -0300] "GET /cormun/servlet/solicitudot?cb3cc8b0fa8d5a11549b62aeadb1478620498cd58630cc2d57bc4cc6f88ac81a,gx-no-cache=1552581632817 HTTP/1.1" 200 53
200.54.103.162 - - [14/Mar/2019:13:44:10 -0300] "POST /cormun/servlet/solicitudot?gx-no-cache=1552581633910 HTTP/1.1" 200 30
190.171.153.50 - - [14/Mar/2019:13:44:29 -0300] "POST /cormun/servlet/solicitudot?7297724c39c23d4c6d496baaa48333b1,INS,0,0,,gx-no-cache=1552581652266 HTTP/1.1" 200 12034
190.171.153.50 - - [14/Mar/2019:13:44:29 -0300] "GET /cormun/static/Shared/jqueryui/images/ui-bg_highlight-soft_100_c6c2c8_1x100.png HTTP/1.1" 404 1117
190.171.153.50 - - [14/Mar/2019:13:44:29 -0300] "GET /cormun/static/Shared/jqueryui/images/ui-icons_82798d_256x240.png HTTP/1.1" 404 1089
190.171.153.50 - - [14/Mar/2019:13:44:29 -0300] "GET /cormun/static/Shared/jqueryui/images/ui-bg_flat_55_fafafa_40x100.png HTTP/1.1" 404 1097
190.171.153.50 - - [14/Mar/2019:13:44:29 -0300] "GET /cormun/static/Shared/jqueryui/images/ui-icons_8d78a5_256x240.png HTTP/1.1" 404 1089
190.171.153.50 - - [14/Mar/2019:13:44:33 -0300] "GET /cormun/servlet/solicitudot?cb3cc8b0fa8d5a11549b62aeadb14786898a6f86a84bc4533beccef6eadf846975ddacf9d73601a2ae696d0dfaca9405c79c7d0f333bc913d28820e7c1c441ac,gx-no-cache=1552581655684 HTTP/1.1" 200 30
190.171.153.50 - - [14/Mar/2019:13:44:33 -0300] "GET /cormun/servlet/solicitudot?cb3cc8b0fa8d5a11549b62aeadb14786a7fdb99935e19a7cbb0798f9e2d3ae7b176a4c6d8a99c352ff663cfd4bc03154bd22f5d620e1c0be56398577e1b8afed,gx-no-cache=1552581655762 HTTP/1.1" 200 53
190.171.153.50 - - [14/Mar/2019:13:44:36 -0300] "POST /cormun/servlet/solicitudot?gx-no-cache=1552581659009 HTTP/1.1" 200 255
190.171.153.50 - - [14/Mar/2019:13:44:40 -0300] "GET /cormun/servlet/solicitudot?cb3cc8b0fa8d5a11549b62aeadb14786a03fcd515b2093fdbcf12a310fa18090a06b6ea4cb70f2316839bc1b531c2c3eca5463098e85012be631fba0dead578f2e55eb5c898c3979ffb2ce967d7721b0011587bcd9782d38c94ff772e45b721c2516d97f320c38ab7ccc7f0836e392cb5566b50f86ac0b3a94879b784ac29e274b5251575163a7aa82c347edbd3e4e7110fb7b525074bdeb52c26962a803b42a79b8222725d543565984ad02d5daa0f157e9330384e4fa3ce62adcbd4ee44632f6bf2774ea3b9b546b4cd7504a1f4ff954266a7480148ed0f70545bc09263e89a7d7891d791269fce692c512bdef4c7075a39be71a9a91f826f5fec9d18bc40855793986a6c7ef6b81c360b1d6f474ef2fbbb0a92d4bc262a7a4d9382a97b0110362c8f10947977246e2c80cda5ba9f55d125499ea3e2f3e5036d3bcb7da470f52c84b2ac494f474a55372b657c2f02b7695bab3e74b02b3e22be01842947c040b31f1af82dbd8c36f62e8eca1e73f2a0d47ccf5234ab9e8f4cb625b514799d1,gx-no-cache=1552581663331 HTTP/1.1" 200 30
190.171.153.50 - - [14/Mar/2019:13:44:43 -0300] "POST /cormun/servlet/solicitudot?gx-no-cache=1552581666248 HTTP/1.1" 200 30
200.54.103.162 - - [14/Mar/2019:13:44:44 -0300] "POST /cormun/servlet/solicitudot?4b6dd9ab9db2523f64501abeed88f642,INS,0,0,,gx-no-cache=1552581667084 HTTP/1.1" 200 93
200.54.103.162 - - [14/Mar/2019:13:44:44 -0300] "GET /cormun/servlet/hpexe_return? HTTP/1.1" 200 1012
200.54.103.162 - - [14/Mar/2019:13:44:44 -0300] "GET /cormun/servlet/trsolicitudot HTTP/1.1" 200 8911
190.171.153.50 - - [14/Mar/2019:13:44:46 -0300] "POST /cormun/servlet/solicitudot?gx-no-cache=1552581668819 HTTP/1.1" 200 1277
190.171.153.50 - - [14/Mar/2019:13:44:46 -0300] "POST /cormun/servlet/solicitudot?gx-no-cache=1552581668866 HTTP/1.1" 200 38
200.54.103.162 - - [14/Mar/2019:13:44:46 -0300] "GET /cormun/servlet/trsolicitudot HTTP/1.1" 200 8907
190.171.153.50 - - [14/Mar/2019:13:44:54 -0300] "GET /cormun/servlet/solicitudot?cb3cc8b0fa8d5a11549b62aeadb1478670d28599f20d9e497cc3653093f58b15aef774db4494c93f6a326f5b765cd4c1d699479d61267e21e06d56b2070cdcebc05315388a10394a5e2c22aa9198bd87bda727157258e2578aba0fb0d64d3f8026ff4a46dd05bf63f5b0adcc3a7156f9,gx-no-cache=1552581676964 HTTP/1.1" 200 110
200.54.103.162 - - [14/Mar/2019:13:44:55 -0300] "GET /cormun/servlet/solicitudot?INS,0,0, HTTP/1.1" 200 15165
200.54.103.162 - - [14/Mar/2019:13:44:56 -0300] "GET /cormun/servlet/solicitudot?INS,0,0, HTTP/1.1" 200 15171
190.171.153.50 - - [14/Mar/2019:13:45:08 -0300] "POST /cormun/servlet/solicitudot?gx-no-cache=1552581691394 HTTP/1.1" 200 97
200.54.103.162 - - [14/Mar/2019:13:45:19 -0300] "POST /cormun/servlet/solicitudot?gx-no-cache=1552581702385 HTTP/1.1" 200 3450
200.54.103.162 - - [14/Mar/2019:13:45:19 -0300] "POST /cormun/servlet/solicitudot?4b6dd9ab9db2523f64501abeed88f642,INS,0,0,,gx-no-cache=1552581702828 HTTP/1.1" 200 11807
200.54.103.162 - - [14/Mar/2019:13:45:21 -0300] "GET /cormun/servlet/solicitudot?550c09e6d26d811a323046915f9359bc2f6d9478a3ae1e3a229445156803d0f4c88ed3c38e3aaa04bf42998d17029d7f,gx-no-cache=1552581704610 HTTP/1.1" 200 30
190.171.153.50 - - [14/Mar/2019:13:45:25 -0300] "GET /cormun/servlet/solicitudot?cb3cc8b0fa8d5a11549b62aeadb1478694ce68f098d1169881473d3b81ddcbcdcfbf14fab7db33831832d2fa90331f50f6f78c585864d405f21e489e51daff22addf2b94d4dc9efb5e95fadcdd71dfeba56ae1b19db82dd2b1b8e4f437401c0ab2f7c3dbb01747f8a3f9bce339262cd3,gx-no-cache=1552581707685 HTTP/1.1" 200 29
190.171.153.50 - - [14/Mar/2019:13:45:25 -0300] "GET /cormun/static/menuarrow.gif HTTP/1.1" 404 1015
190.171.141.90 - - [14/Mar/2019:13:45:31 -0300] "POST /cormun/servlet/solicitudotadjuntos?gx-no-cache=1552581713081 HTTP/1.1" 200 26
190.171.153.50 - - [14/Mar/2019:13:45:35 -0300] "GET /cormun/servlet/solicitudot?cb3cc8b0fa8d5a11549b62aeadb1478659262cafe419b8d5b05a890af75cc1ec5b02290fa0c10ef58a0c4540b098ca91,gx-no-cache=1552581717803 HTTP/1.1" 200 30
190.171.153.50 - - [14/Mar/2019:13:45:47 -0300] "POST /cormun/servlet/solicitudot?gx-no-cache=1552581729706 HTTP/1.1" 200 30
190.171.153.50 - - [14/Mar/2019:13:45:58 -0300] "POST /cormun/servlet/solicitudot?7297724c39c23d4c6d496baaa48333b1,INS,0,0,,gx-no-cache=1552581740431 HTTP/1.1" 200 93
190.171.153.50 - - [14/Mar/2019:13:45:58 -0300] "GET /cormun/servlet/hpexe_return? HTTP/1.1" 200 1004
190.171.153.50 - - [14/Mar/2019:13:45:58 -0300] "GET /cormun/servlet/trsolicitudot HTTP/1.1" 200 8911
190.171.153.50 - - [14/Mar/2019:13:45:59 -0300] "GET /cormun/servlet/trsolicitudot HTTP/1.1" 200 8907
190.171.141.90 - - [14/Mar/2019:13:46:01 -0300] "GET /cormun/servlet/solicitudotadjuntos?20114de8976e00fe7eb2ca62a2e67a786942df2358e0bcf90da9fd0e94b843aa,gx-no-cache=1552581742758 HTTP/1.1" 200 30
190.171.141.90 - - [14/Mar/2019:13:46:01 -0300] "GET /cormun/servlet/solicitudotadjuntos?20114de8976e00fe7eb2ca62a2e67a786942df2358e0bcf90da9fd0e94b843aa,gx-no-cache=1552581742913 HTTP/1.1" 200 30
190.171.141.90 - - [14/Mar/2019:13:46:01 -0300] "POST /cormun/servlet/solicitudotadjuntos?c077c6e9d57b370d76a0478f6d217842,INS,2019,14693,,1, HTTP/1.1" 200 116
190.171.141.90 - - [14/Mar/2019:13:46:02 -0300] "GET /cormun/servlet/hpexe_return? HTTP/1.1" 200 1029
190.171.141.90 - - [14/Mar/2019:13:46:02 -0300] "GET /cormun/servlet/trsolicitudadjuntos?2019,14693, HTTP/1.1" 200 9115
190.171.141.90 - - [14/Mar/2019:13:46:02 -0300] "GET /cormun/servlet/trsolicitudadjuntos?2019,14693, HTTP/1.1" 200 9112
190.171.141.90 - - [14/Mar/2019:13:46:06 -0300] "GET /cormun/PublicTempStorage/doc021288201903141344197765244.pdf HTTP/1.1" 200 159645
190.171.141.90 - - [14/Mar/2019:13:46:09 -0300] "GET /cormun/servlet/trsolicitudadjuntos?2019,14693, HTTP/1.1" 200 9114
190.171.141.90 - - [14/Mar/2019:13:46:09 -0300] "GET /cormun/servlet/trsolicitudadjuntos?2019,14693, HTTP/1.1" 200 9112
200.54.103.162 - - [14/Mar/2019:13:46:14 -0300] "GET /cormun/servlet/solicitudot?550c09e6d26d811a323046915f9359bc8e33b9ab85fb988abfa8201ea662fab67230353253a420ca1afcaeee734c1f981c8de3800ff99bf8fe275db94ccf5cea,gx-no-cache=1552581757765 HTTP/1.1" 200 30
200.54.103.162 - - [14/Mar/2019:13:46:17 -0300] "GET /cormun/servlet/solicitudot?550c09e6d26d811a323046915f9359bcd7e0f9bd2d89fa1d1c44a8fb80a6e4e5,gx-no-cache=1552581760903 HTTP/1.1" 200 53
200.54.103.162 - - [14/Mar/2019:13:46:32 -0300] "POST /cormun/servlet/solicitudot?gx-no-cache=1552581775579 HTTP/1.1" 200 256
200.54.103.162 - - [14/Mar/2019:13:46:34 -0300] "GET /cormun/servlet/solicitudot?550c09e6d26d811a323046915f9359bc7ef43b97839d70c708e2aae722ae63fdb3b01cb2a670d681a168bb34930f306f20e8f1321400a0c7a802c82bd3f7e848162b8665bcf6e5ae801377d66db13ac9d7b134b34dd71582f9331a0281e6ea2f06bfd0e43c898ad653be4b287ee062ef5a0c9d184bdcf2f68c97235b69dae2d201f367a7bfc44cac182e29fd38f8c6e6d019e975d8ab7ffda691df0d746f576a679e43961ad2a3714ebffc7bf2f420d502134f5a033a7a8d75a90018e8309d208c691adc026951a399db650274e55d7d90db3fea091a37978fce8f4a431e0c399fbd71bafaa61724b2f07e1d8ced7b87bf9a80ecceaf2dbb9c649d8e342d0e1d1982ba4a14f5584fc9aadbd9f62a3764fdfa96297b9e17933b686fffb03071dac88e7184851d5a3823a0cf1c27b2937410bf816e2248238a3624b87270933ccffca58acd8989e5baca561a16a675c7e8fec09e863f45ecaaace70dffef379b4d38a8659668f77b6b588b4f51785e7004a334d105f4bc476ec16949c025cd50a8,gx-no-cache=1552581777807 HTTP/1.1" 200 30
200.54.103.162 - - [14/Mar/2019:13:46:42 -0300] "POST /cormun/servlet/solicitudot?gx-no-cache=1552581785144 HTTP/1.1" 200 30
200.54.103.162 - - [14/Mar/2019:13:46:49 -0300] "POST /cormun/servlet/solicitudot?gx-no-cache=1552581792049 HTTP/1.1" 200 30
200.54.103.162 - - [14/Mar/2019:13:46:53 -0300] "POST /cormun/servlet/solicitudot?gx-no-cache=1552581796169 HTTP/1.1" 200 30
200.54.103.162 - - [14/Mar/2019:13:46:54 -0300] "GET /cormun/servlet/prsolicitudot?17066796,,,,,MD,,gxPopupLevel%3D0%3B HTTP/1.1" 200 6069
200.54.103.162 - - [14/Mar/2019:13:46:54 -0300] "GET /cormun/static/gxcfg.js?2017111422591492 HTTP/1.1" 200 953
200.54.103.162 - - [14/Mar/2019:13:46:54 -0300] "GET /cormun/static/prsolicitudot.js?2017111422591715 HTTP/1.1" 200 13680
190.171.141.90 - - [14/Mar/2019:13:46:58 -0300] "GET /cormun/servlet/solicitudotadjuntos?INS,2019,14693,,1, HTTP/1.1" 200 6243
190.171.141.90 - - [14/Mar/2019:13:46:58 -0300] "GET /cormun/static/about:blank HTTP/1.1" 404 1011
190.171.141.90 - - [14/Mar/2019:13:46:58 -0300] "GET /cormun/servlet/solicitudotadjuntos?INS,2019,14693,,1, HTTP/1.1" 200 6237
190.171.141.90 - - [14/Mar/2019:13:46:59 -0300] "GET /cormun/servlet/solicitudotadjuntos?20114de8976e00fe7eb2ca62a2e67a78b05720d9b9cfb4f5f930319d2801a491aa936e6185e3a068edeb3d470fdf4d78,gx-no-cache=1552581800418 HTTP/1.1" 200 30
190.171.141.90 - - [14/Mar/2019:13:46:59 -0300] "POST /cormun/servlet/solicitudotadjuntos?c077c6e9d57b370d76a0478f6d217842,INS,2019,14693,,1,,gx-no-cache=1552581800496 HTTP/1.1" 200 4095
200.54.103.162 - - [14/Mar/2019:13:46:59 -0300] "POST /cormun/servlet/solicitudot?gx-no-cache=1552581802727 HTTP/1.1" 200 1277
200.54.103.162 - - [14/Mar/2019:13:46:59 -0300] "POST /cormun/servlet/solicitudot?gx-no-cache=1552581802910 HTTP/1.1" 200 38
200.54.103.162 - - [14/Mar/2019:13:46:59 -0300] "GET /cormun/servlet/solicitudot?550c09e6d26d811a323046915f9359bcd2c734259adbf5e600c17cd8d617e29ef902a54d25f387f52c6d2cac7e559d7b3d556cd608455f2bdd24de63d8c790d4c5280969bc428f191114ef40d8caffec1cc06cdb6b4266646a0b648cdf63627ccae5834f45b70aec90bac4e536415b33,gx-no-cache=1552581803008 HTTP/1.1" 200 110
200.54.103.162 - - [14/Mar/2019:13:47:00 -0300] "POST /cormun/servlet/solicitudot?gx-no-cache=1552581803090 HTTP/1.1" 200 64
200.54.103.162 - - [14/Mar/2019:13:47:00 -0300] "GET /cormun/servlet/solicitudot?550c09e6d26d811a323046915f9359bc54fb37e754acf98ecdc25c95f897bf094bd7017cbbd784c82726623a0ad7bbd0f5ced8a9f2d8427cb4c3700d3a01f473898bdd3b29a0b36bf78e10dabbbda2a5d370acbb5e4ae0a230fcbdaf6b6620fe79ba53e0b47397b66f03d380d2a60dff,gx-no-cache=1552581803235 HTTP/1.1" 200 29
200.54.103.162 - - [14/Mar/2019:13:47:00 -0300] "GET /cormun/servlet/solicitudot?550c09e6d26d811a323046915f9359bcc37198c8ef3d5eff4ce54009d3538fc62cb2cef6f84a80be016a15cf023496c0,gx-no-cache=1552581803397 HTTP/1.1" 200 30
190.171.141.90 - - [14/Mar/2019:13:47:01 -0300] "POST /cormun/servlet/solicitudotadjuntos?gx-no-cache=1552581802995 HTTP/1.1" 200 26
190.171.141.90 - - [14/Mar/2019:13:47:37 -0300] "GET /cormun/servlet/solicitudotadjuntos?20114de8976e00fe7eb2ca62a2e67a786942df2358e0bcf90da9fd0e94b843aa,gx-no-cache=1552581838380 HTTP/1.1" 200 30
190.171.141.90 - - [14/Mar/2019:13:47:37 -0300] "GET /cormun/servlet/solicitudotadjuntos?20114de8976e00fe7eb2ca62a2e67a786942df2358e0bcf90da9fd0e94b843aa,gx-no-cache=1552581838507 HTTP/1.1" 200 30
200.54.103.162 - - [14/Mar/2019:13:47:37 -0300] "GET /cormun/servlet/solicitudot?550c09e6d26d811a323046915f9359bcd2c734259adbf5e600c17cd8d617e29ef902a54d25f387f52c6d2cac7e559d7b3d556cd608455f2bdd24de63d8c790d4c5280969bc428f191114ef40d8caffec1cc06cdb6b4266646a0b648cdf63627ccae5834f45b70aec90bac4e536415b33,gx-no-cache=1552581840212 HTTP/1.1" 200 110
190.171.141.90 - - [14/Mar/2019:13:47:37 -0300] "POST /cormun/servlet/solicitudotadjuntos?c077c6e9d57b370d76a0478f6d217842,INS,2019,14693,,1, HTTP/1.1" 200 116
190.171.141.90 - - [14/Mar/2019:13:47:37 -0300] "GET /cormun/servlet/hpexe_return? HTTP/1.1" 200 1029
190.171.141.90 - - [14/Mar/2019:13:47:37 -0300] "GET /cormun/servlet/trsolicitudadjuntos?2019,14693, HTTP/1.1" 200 9290
190.171.141.90 - - [14/Mar/2019:13:47:38 -0300] "GET /cormun/servlet/trsolicitudadjuntos?2019,14693, HTTP/1.1" 200 9287
190.171.141.90 - - [14/Mar/2019:13:47:41 -0300] "GET /cormun/servlet/solicitudotadjuntos?INS,2019,14693,,1, HTTP/1.1" 200 6241
190.171.141.90 - - [14/Mar/2019:13:47:41 -0300] "GET /cormun/static/about:blank HTTP/1.1" 404 1011
190.171.141.90 - - [14/Mar/2019:13:47:41 -0300] "GET /cormun/servlet/solicitudotadjuntos?INS,2019,14693,,1, HTTP/1.1" 200 6235
190.171.141.90 - - [14/Mar/2019:13:47:42 -0300] "GET /cormun/servlet/solicitudotadjuntos?20114de8976e00fe7eb2ca62a2e67a78b05720d9b9cfb4f5f930319d2801a491aa936e6185e3a068edeb3d470fdf4d78,gx-no-cache=1552581843319 HTTP/1.1" 200 30
190.171.141.90 - - [14/Mar/2019:13:47:42 -0300] "POST /cormun/servlet/solicitudotadjuntos?c077c6e9d57b370d76a0478f6d217842,INS,2019,14693,,1,,gx-no-cache=1552581843424 HTTP/1.1" 200 4093
190.171.141.90 - - [14/Mar/2019:13:47:46 -0300] "POST /cormun/servlet/solicitudotadjuntos?gx-no-cache=1552581848043 HTTP/1.1" 200 26
200.54.103.162 - - [14/Mar/2019:13:47:53 -0300] "POST /cormun/servlet/solicitudot?gx-no-cache=1552581856535 HTTP/1.1" 200 97
200.54.103.162 - - [14/Mar/2019:13:48:01 -0300] "POST /cormun/servlet/solicitudot?gx-no-cache=1552581864586 HTTP/1.1" 200 33
200.54.103.162 - - [14/Mar/2019:13:48:04 -0300] "POST /cormun/servlet/solicitudot?4b6dd9ab9db2523f64501abeed88f642,INS,0,0,,gx-no-cache=1552581867695 HTTP/1.1" 200 93
200.54.103.162 - - [14/Mar/2019:13:48:05 -0300] "GET /cormun/servlet/hpexe_return? HTTP/1.1" 200 1012
200.54.103.162 - - [14/Mar/2019:13:48:05 -0300] "GET /cormun/servlet/trsolicitudot HTTP/1.1" 200 9274
200.54.103.162 - - [14/Mar/2019:13:48:07 -0300] "GET /cormun/servlet/trsolicitudot HTTP/1.1" 200 9270
200.54.103.162 - - [14/Mar/2019:13:48:11 -0300] "POST /cormun/servlet/trsolicitudot?4b6dd9ab9db2523f64501abeed88f642,gx-no-cache=1552581874198 HTTP/1.1" 200 6298
200.54.103.162 - - [14/Mar/2019:13:48:11 -0300] "GET /cormun/static/Shared/jqueryui/images/ui-icons_82798d_256x240.png HTTP/1.1" 404 1089
200.54.103.162 - - [14/Mar/2019:13:48:11 -0300] "GET /cormun/static/Shared/jqueryui/images/ui-bg_highlight-soft_100_c6c2c8_1x100.png HTTP/1.1" 404 1117
200.54.103.162 - - [14/Mar/2019:13:48:11 -0300] "GET /cormun/static/Shared/jqueryui/images/ui-icons_8d78a5_256x240.png HTTP/1.1" 404 1089
200.54.103.162 - - [14/Mar/2019:13:48:11 -0300] "GET /cormun/static/Shared/jqueryui/images/ui-bg_flat_55_fafafa_40x100.png HTTP/1.1" 404 1097
190.171.141.90 - - [14/Mar/2019:13:48:12 -0300] "GET /cormun/servlet/solicitudotadjuntos?20114de8976e00fe7eb2ca62a2e67a786942df2358e0bcf90da9fd0e94b843aa,gx-no-cache=1552581873596 HTTP/1.1" 200 30
190.171.141.90 - - [14/Mar/2019:13:48:12 -0300] "GET /cormun/servlet/solicitudotadjuntos?20114de8976e00fe7eb2ca62a2e67a786942df2358e0bcf90da9fd0e94b843aa,gx-no-cache=1552581873623 HTTP/1.1" 200 30
190.171.141.90 - - [14/Mar/2019:13:48:12 -0300] "POST /cormun/servlet/solicitudotadjuntos?c077c6e9d57b370d76a0478f6d217842,INS,2019,14693,,1, HTTP/1.1" 200 116
190.171.141.90 - - [14/Mar/2019:13:48:12 -0300] "GET /cormun/servlet/hpexe_return? HTTP/1.1" 200 1029
190.171.141.90 - - [14/Mar/2019:13:48:12 -0300] "GET /cormun/servlet/trsolicitudadjuntos?2019,14693, HTTP/1.1" 200 9525
190.171.141.90 - - [14/Mar/2019:13:48:13 -0300] "GET /cormun/servlet/trsolicitudadjuntos?2019,14693, HTTP/1.1" 200 9522
190.171.141.90 - - [14/Mar/2019:13:48:17 -0300] "POST /cormun/servlet/trsolicitudadjuntos?c077c6e9d57b370d76a0478f6d217842,2019,14693,,gx-no-cache=1552581878121 HTTP/1.1" 200 90
190.171.141.90 - - [14/Mar/2019:13:48:17 -0300] "GET /cormun/servlet/hpexe_link HTTP/1.1" 200 970
190.171.141.90 - - [14/Mar/2019:13:48:17 -0300] "GET /cormun/servlet/trsolicitudot HTTP/1.1" 200 8772
190.171.141.90 - - [14/Mar/2019:13:48:18 -0300] "GET /cormun/servlet/trsolicitudot HTTP/1.1" 200 8770
190.171.141.90 - - [14/Mar/2019:13:48:20 -0300] "POST /cormun/servlet/trsolicitudot?c077c6e9d57b370d76a0478f6d217842,gx-no-cache=1552581882031 HTTP/1.1" 200 107
200.54.103.162 - - [14/Mar/2019:13:48:20 -0300] "POST /cormun/servlet/trsolicitudot?4b6dd9ab9db2523f64501abeed88f642,gx-no-cache=1552581883831 HTTP/1.1" 200 107
190.171.141.90 - - [14/Mar/2019:13:48:21 -0300] "GET /cormun/servlet/trsolicitudadjuntos?2019,14693, HTTP/1.1" 200 9519
200.54.103.162 - - [14/Mar/2019:13:48:21 -0300] "GET /cormun/servlet/trsolicitudadjuntos?2019,14694, HTTP/1.1" 200 6438
190.171.141.90 - - [14/Mar/2019:13:48:21 -0300] "GET /cormun/servlet/trsolicitudadjuntos?2019,14693, HTTP/1.1" 200 9522
200.54.103.162 - - [14/Mar/2019:13:48:22 -0300] "GET /cormun/servlet/trsolicitudadjuntos?2019,14694, HTTP/1.1" 200 6438
200.54.103.162 - - [14/Mar/2019:13:48:24 -0300] "GET /cormun/servlet/solicitudotadjuntos?INS,2019,14694,,1, HTTP/1.1" 200 6384
200.54.103.162 - - [14/Mar/2019:13:48:25 -0300] "GET /cormun/static/about:blank HTTP/1.1" 404 1011
200.54.103.162 - - [14/Mar/2019:13:48:26 -0300] "GET /cormun/servlet/solicitudotadjuntos?INS,2019,14694,,1, HTTP/1.1" 200 6377
200.54.103.162 - - [14/Mar/2019:13:48:26 -0300] "GET /cormun/servlet/solicitudotadjuntos?550c09e6d26d811a323046915f9359bc00c5a64eab2d332dd2e702bbb1e6f3b381ecf1659283694907e4ac025082eed5,gx-no-cache=1552581889796 HTTP/1.1" 200 30
200.54.103.162 - - [14/Mar/2019:13:48:26 -0300] "POST /cormun/servlet/solicitudotadjuntos?4b6dd9ab9db2523f64501abeed88f642,INS,2019,14694,,1,,gx-no-cache=1552581889880 HTTP/1.1" 200 4104
200.54.103.162 - - [14/Mar/2019:13:48:28 -0300] "POST /cormun/servlet/solicitudotadjuntos?gx-no-cache=1552581891616 HTTP/1.1" 200 26
190.171.141.90 - - [14/Mar/2019:13:48:34 -0300] "GET /cormun/servlet/solicitudotadjuntos?INS,2019,14693,,1, HTTP/1.1" 200 6241
190.171.141.90 - - [14/Mar/2019:13:48:34 -0300] "GET /cormun/static/about:blank HTTP/1.1" 404 1011
190.171.141.90 - - [14/Mar/2019:13:48:34 -0300] "GET /cormun/servlet/solicitudotadjuntos?INS,2019,14693,,1, HTTP/1.1" 200 6235
190.171.141.90 - - [14/Mar/2019:13:48:34 -0300] "GET /cormun/servlet/solicitudotadjuntos?20114de8976e00fe7eb2ca62a2e67a78b05720d9b9cfb4f5f930319d2801a491aa936e6185e3a068edeb3d470fdf4d78,gx-no-cache=1552581896320 HTTP/1.1" 200 30
190.171.141.90 - - [14/Mar/2019:13:48:35 -0300] "POST /cormun/servlet/solicitudotadjuntos?c077c6e9d57b370d76a0478f6d217842,INS,2019,14693,,1,,gx-no-cache=1552581896380 HTTP/1.1" 200 4093
200.54.103.162 - - [14/Mar/2019:13:48:40 -0300] "GET /cormun/servlet/solicitudotadjuntos?550c09e6d26d811a323046915f9359bca66a21d34a0a5d8347820310837accf0,gx-no-cache=1552581903243 HTTP/1.1" 200 30
200.54.103.162 - - [14/Mar/2019:13:48:40 -0300] "GET /cormun/servlet/solicitudotadjuntos?550c09e6d26d811a323046915f9359bca66a21d34a0a5d8347820310837accf0,gx-no-cache=1552581903324 HTTP/1.1" 200 30
200.54.103.162 - - [14/Mar/2019:13:48:40 -0300] "POST /cormun/servlet/solicitudotadjuntos?4b6dd9ab9db2523f64501abeed88f642,INS,2019,14694,,1, HTTP/1.1" 200 116
200.54.103.162 - - [14/Mar/2019:13:48:40 -0300] "GET /cormun/servlet/hpexe_return? HTTP/1.1" 200 1031
200.54.103.162 - - [14/Mar/2019:13:48:41 -0300] "GET /cormun/servlet/trsolicitudadjuntos?2019,14694, HTTP/1.1" 200 9023
200.54.103.162 - - [14/Mar/2019:13:48:42 -0300] "GET /cormun/servlet/trsolicitudadjuntos?2019,14694, HTTP/1.1" 200 9020
200.54.103.162 - - [14/Mar/2019:13:48:45 -0300] "GET /cormun/servlet/solicitudotadjuntos?INS,2019,14694,,1, HTTP/1.1" 200 6383
200.54.103.162 - - [14/Mar/2019:13:48:45 -0300] "GET /cormun/static/about:blank HTTP/1.1" 404 1011
200.54.103.162 - - [14/Mar/2019:13:48:46 -0300] "GET /cormun/servlet/solicitudotadjuntos?INS,2019,14694,,1, HTTP/1.1" 200 6376
200.54.103.162 - - [14/Mar/2019:13:48:47 -0300] "GET /cormun/servlet/solicitudotadjuntos?550c09e6d26d811a323046915f9359bc00c5a64eab2d332dd2e702bbb1e6f3b381ecf1659283694907e4ac025082eed5,gx-no-cache=1552581910271 HTTP/1.1" 200 30
200.54.103.162 - - [14/Mar/2019:13:48:47 -0300] "POST /cormun/servlet/solicitudotadjuntos?4b6dd9ab9db2523f64501abeed88f642,INS,2019,14694,,1,,gx-no-cache=1552581910409 HTTP/1.1" 200 4104
200.54.103.162 - - [14/Mar/2019:13:48:49 -0300] "POST /cormun/servlet/solicitudotadjuntos?gx-no-cache=1552581912785 HTTP/1.1" 200 26
200.54.103.162 - - [14/Mar/2019:13:48:54 -0300] "GET /cormun/servlet/solicitudotadjuntos?550c09e6d26d811a323046915f9359bca66a21d34a0a5d8347820310837accf0,gx-no-cache=1552581917858 HTTP/1.1" 200 30
200.54.103.162 - - [14/Mar/2019:13:48:54 -0300] "GET /cormun/servlet/solicitudotadjuntos?550c09e6d26d811a323046915f9359bca66a21d34a0a5d8347820310837accf0,gx-no-cache=1552581917982 HTTP/1.1" 200 30
