192.168.10.89 - - [14/Mar/2019:08:14:46 -0300] "POST /cormun/servlet/trautorizarot?2c5d7c4ffc334eb248e1d46a6bf6329b,,gx-no-cache=1552568892103 HTTP/1.1" 200 5371
192.168.10.89 - - [14/Mar/2019:08:14:53 -0300] "POST /cormun/servlet/trautorizarot?2c5d7c4ffc334eb248e1d46a6bf6329b,,gx-no-cache=1552568899483 HTTP/1.1" 200 6960
192.168.10.89 - - [14/Mar/2019:08:15:01 -0300] "POST /cormun/servlet/trautorizarot?2c5d7c4ffc334eb248e1d46a6bf6329b,,gx-no-cache=1552568907424 HTTP/1.1" 200 6555
192.168.10.89 - - [14/Mar/2019:08:15:07 -0300] "POST /cormun/servlet/trautorizarot?2c5d7c4ffc334eb248e1d46a6bf6329b,,gx-no-cache=1552568913730 HTTP/1.1" 200 6543
192.168.10.89 - - [14/Mar/2019:08:15:11 -0300] "POST /cormun/servlet/trautorizarot?2c5d7c4ffc334eb248e1d46a6bf6329b,,gx-no-cache=1552568917320 HTTP/1.1" 200 5355
192.168.10.89 - - [14/Mar/2019:08:15:18 -0300] "POST /cormun/servlet/trautorizarot?2c5d7c4ffc334eb248e1d46a6bf6329b,,gx-no-cache=1552568924675 HTTP/1.1" 200 6557
192.168.10.89 - - [14/Mar/2019:08:15:27 -0300] "POST /cormun/servlet/trautorizarot?2c5d7c4ffc334eb248e1d46a6bf6329b,,gx-no-cache=1552568933392 HTTP/1.1" 200 5359
192.168.10.89 - - [14/Mar/2019:08:15:35 -0300] "POST /cormun/servlet/trautorizarot?2c5d7c4ffc334eb248e1d46a6bf6329b,,gx-no-cache=1552568941075 HTTP/1.1" 200 6571
192.168.10.89 - - [14/Mar/2019:08:15:47 -0300] "POST /cormun/servlet/trautorizarot?2c5d7c4ffc334eb248e1d46a6bf6329b,,gx-no-cache=1552568953072 HTTP/1.1" 200 5374
192.168.10.89 - - [14/Mar/2019:08:15:55 -0300] "POST /cormun/servlet/trautorizarot?2c5d7c4ffc334eb248e1d46a6bf6329b,,gx-no-cache=1552568961252 HTTP/1.1" 200 6545
192.168.10.89 - - [14/Mar/2019:08:16:00 -0300] "POST /cormun/servlet/trautorizarot?2c5d7c4ffc334eb248e1d46a6bf6329b,,gx-no-cache=1552568965937 HTTP/1.1" 200 5358
192.168.10.89 - - [14/Mar/2019:08:16:19 -0300] "POST /cormun/servlet/trautorizarot?2c5d7c4ffc334eb248e1d46a6bf6329b,,gx-no-cache=1552568984940 HTTP/1.1" 200 6540
192.168.10.89 - - [14/Mar/2019:08:16:24 -0300] "POST /cormun/servlet/trautorizarot?2c5d7c4ffc334eb248e1d46a6bf6329b,,gx-no-cache=1552568989898 HTTP/1.1" 200 5352
192.168.10.89 - - [14/Mar/2019:08:16:31 -0300] "POST /cormun/servlet/trautorizarot?2c5d7c4ffc334eb248e1d46a6bf6329b,,gx-no-cache=1552568997739 HTTP/1.1" 200 6582
192.168.10.89 - - [14/Mar/2019:08:16:37 -0300] "POST /cormun/servlet/trautorizarot?2c5d7c4ffc334eb248e1d46a6bf6329b,,gx-no-cache=1552569002912 HTTP/1.1" 200 5388
192.168.10.89 - - [14/Mar/2019:08:16:54 -0300] "POST /cormun/servlet/trautorizarot?2c5d7c4ffc334eb248e1d46a6bf6329b,,gx-no-cache=1552569019891 HTTP/1.1" 200 6569
192.168.10.89 - - [14/Mar/2019:08:17:00 -0300] "POST /cormun/servlet/trautorizarot?2c5d7c4ffc334eb248e1d46a6bf6329b,,gx-no-cache=1552569026761 HTTP/1.1" 200 5372
192.168.10.89 - - [14/Mar/2019:08:17:11 -0300] "POST /cormun/servlet/trautorizarot?2c5d7c4ffc334eb248e1d46a6bf6329b,,gx-no-cache=1552569037180 HTTP/1.1" 200 6543
192.168.10.89 - - [14/Mar/2019:08:17:16 -0300] "POST /cormun/servlet/trautorizarot?2c5d7c4ffc334eb248e1d46a6bf6329b,,gx-no-cache=1552569042473 HTTP/1.1" 200 5352
200.111.191.210 - - [14/Mar/2019:08:17:24 -0300] "GET /cormun/servlet/hlogin HTTP/1.1" 200 1718
200.111.191.210 - - [14/Mar/2019:08:17:24 -0300] "GET /cormun/static/gxcfg.js?20177612122725 HTTP/1.1" 200 953
200.111.191.210 - - [14/Mar/2019:08:17:24 -0300] "GET /cormun/static/gxtimezone.js?85251 HTTP/1.1" 200 5781
200.111.191.210 - - [14/Mar/2019:08:17:24 -0300] "GET /cormun/static/messages.spa.js?85251 HTTP/1.1" 200 30736
200.111.191.210 - - [14/Mar/2019:08:17:24 -0300] "GET /cormun/static/Resources/ComunLogin.png HTTP/1.1" 200 17326
200.111.191.210 - - [14/Mar/2019:08:17:24 -0300] "GET /cormun/static/Resources/Spanish/PXTools.css?1155365 HTTP/1.1" 200 89042
200.111.191.210 - - [14/Mar/2019:08:17:24 -0300] "GET /cormun/static/hlogin.js?20177612122738 HTTP/1.1" 200 2136
200.111.191.210 - - [14/Mar/2019:08:17:25 -0300] "GET /cormun/static/gxgral.js?85251 HTTP/1.1" 200 384558
200.111.191.210 - - [14/Mar/2019:08:17:25 -0300] "GET /cormun/static/Resources/PXToolsLoginBackground.png HTTP/1.1" 200 1164
200.111.191.210 - - [14/Mar/2019:08:17:25 -0300] "GET /cormun/static/Resources/PXToolsLoginTop.png HTTP/1.1" 200 1337
200.111.191.210 - - [14/Mar/2019:08:17:25 -0300] "GET /cormun/static/Resources/PXToolsButtonLeft21.png HTTP/1.1" 200 1287
200.111.191.210 - - [14/Mar/2019:08:17:25 -0300] "GET /cormun/static/Resources/PXToolsButtonRight21.png HTTP/1.1" 200 1283
200.111.191.210 - - [14/Mar/2019:08:17:25 -0300] "GET /cormun/static/Resources/PXToolsButtonBackground2.png HTTP/1.1" 200 1181
200.111.191.210 - - [14/Mar/2019:08:17:25 -0300] "GET /cormun/static/Resources/PXToolsLoginBottom.png HTTP/1.1" 200 1389
200.111.191.210 - - [14/Mar/2019:08:17:25 -0300] "GET /cormun/static/Resources/indicator.gif HTTP/1.1" 200 1553
200.111.191.210 - - [14/Mar/2019:08:17:29 -0300] "POST /cormun/servlet/hlogin?f2a1309adfffe89faf497bced977f939,gx-no-cache=1552562076927 HTTP/1.1" 200 90
200.111.191.210 - - [14/Mar/2019:08:17:29 -0300] "GET /cormun/servlet/hpexe_link HTTP/1.1" 200 948
200.111.191.210 - - [14/Mar/2019:08:17:29 -0300] "GET /cormun/static/gxcfg.js?20177612121792 HTTP/1.1" 200 953
200.111.191.210 - - [14/Mar/2019:08:17:29 -0300] "GET /cormun/static/hpexe_link.js?20177612121795 HTTP/1.1" 200 625
200.111.191.210 - - [14/Mar/2019:08:17:29 -0300] "GET /cormun/servlet/hhome HTTP/1.1" 200 4026
200.111.191.210 - - [14/Mar/2019:08:17:29 -0300] "GET /cormun/static/Shared/jqueryui/jquery-ui.min.css?1245370 HTTP/1.1" 200 30288
200.111.191.210 - - [14/Mar/2019:08:17:29 -0300] "GET /cormun/static/gxcfg.js?20175251212442 HTTP/1.1" 200 953
200.111.191.210 - - [14/Mar/2019:08:17:29 -0300] "GET /cormun/static/SmoothNavMenu/resources/ddsmoothmenu-v.css?1012540 HTTP/1.1" 200 1188
200.111.191.210 - - [14/Mar/2019:08:17:29 -0300] "GET /cormun/static/SmoothNavMenu/resources/ddsmoothmenu.css?1012540 HTTP/1.1" 200 2223
200.111.191.210 - - [14/Mar/2019:08:17:29 -0300] "GET /cormun/static/scaMessage/css/jquery.pnotify.default.css?1716380 HTTP/1.1" 200 1707
200.111.191.210 - - [14/Mar/2019:08:17:30 -0300] "GET /cormun/static/PXToolsJavascripts/pexe_autoreload.js HTTP/1.1" 200 1762
200.111.191.210 - - [14/Mar/2019:08:17:30 -0300] "GET /cormun/static/Resources/Spanish/PXTools.css?11423723 HTTP/1.1" 200 89042
200.111.191.210 - - [14/Mar/2019:08:17:30 -0300] "GET /cormun/static/PXToolsJavascripts/pexe_grid.js HTTP/1.1" 200 7559
200.111.191.210 - - [14/Mar/2019:08:17:30 -0300] "GET /cormun/static/PXToolsJavascripts/pexe_windows.js HTTP/1.1" 200 15207
200.111.191.210 - - [14/Mar/2019:08:17:30 -0300] "GET /cormun/static/PXToolsJavascripts/pexe_cookies.js HTTP/1.1" 200 792
200.111.191.210 - - [14/Mar/2019:08:17:30 -0300] "GET /cormun/static/PXToolsJavascripts/pexe_link.js HTTP/1.1" 200 5671
200.111.191.210 - - [14/Mar/2019:08:17:30 -0300] "GET /cormun/static/PXToolsJavascripts/pexe_griddivfix.js HTTP/1.1" 200 6644
200.111.191.210 - - [14/Mar/2019:08:17:30 -0300] "GET /cormun/static/PXToolsJavascripts/pexe_menudivfix.js HTTP/1.1" 200 333
200.111.191.210 - - [14/Mar/2019:08:17:30 -0300] "GET /cormun/static/PXToolsJavascripts/pexe_menus.js HTTP/1.1" 200 1286
200.111.191.210 - - [14/Mar/2019:08:17:30 -0300] "GET /cormun/static/PXToolsJavascripts/pexe_layers.js HTTP/1.1" 200 4114
200.111.191.210 - - [14/Mar/2019:08:17:30 -0300] "GET /cormun/static/PXToolsJavascripts/pexe_oav.js HTTP/1.1" 200 645
200.111.191.210 - - [14/Mar/2019:08:17:30 -0300] "GET /cormun/static/PXToolsJavascripts/pexe_oavdivfix.js HTTP/1.1" 200 639
200.111.191.210 - - [14/Mar/2019:08:17:30 -0300] "GET /cormun/static/PXToolsJavascripts/pexe_picture.js HTTP/1.1" 200 689
200.111.191.210 - - [14/Mar/2019:08:17:30 -0300] "GET /cormun/static/PXToolsJavascripts/pexe_popup.js HTTP/1.1" 200 13458
200.111.191.210 - - [14/Mar/2019:08:17:30 -0300] "GET /cormun/static/PXToolsJavascripts/pexe_scrolldiv.js HTTP/1.1" 200 4138
200.111.191.210 - - [14/Mar/2019:08:17:30 -0300] "GET /cormun/static/PXToolsJavascripts/pexe_tabdivfix.js HTTP/1.1" 200 876
200.111.191.210 - - [14/Mar/2019:08:17:30 -0300] "GET /cormun/static/PXToolsJavascripts/pexe_tabs.js HTTP/1.1" 200 3748
200.111.191.210 - - [14/Mar/2019:08:17:30 -0300] "GET /cormun/static/PXToolsJavascripts/pexe_upload.js HTTP/1.1" 200 1423
200.111.191.210 - - [14/Mar/2019:08:17:30 -0300] "GET /cormun/static/PXToolsJavascripts/PXToolsJavascriptsRender.js HTTP/1.1" 200 367
200.111.191.210 - - [14/Mar/2019:08:17:30 -0300] "GET /cormun/static/Resources/logo4.png HTTP/1.1" 200 6582
200.111.191.210 - - [14/Mar/2019:08:17:30 -0300] "GET /cormun/static/Resources/PXToolsHeaderActionsLeft.png HTTP/1.1" 200 1118
200.111.191.210 - - [14/Mar/2019:08:17:30 -0300] "GET /cormun/static/RunJS/RunJS.js HTTP/1.1" 200 288
200.111.191.210 - - [14/Mar/2019:08:17:30 -0300] "GET /cormun/static/Shared/ext/locale/ext-lang-en.js HTTP/1.1" 200 10940
200.111.191.210 - - [14/Mar/2019:08:17:30 -0300] "GET /cormun/static/Resources/PXToolsHeaderBackground2.png HTTP/1.1" 200 1174
200.111.191.210 - - [14/Mar/2019:08:17:30 -0300] "GET /cormun/static/Resources/PXToolsHeaderHome.png HTTP/1.1" 200 4147
200.111.191.210 - - [14/Mar/2019:08:17:30 -0300] "GET /cormun/static/Resources/PXToolsFooterBackground2.png HTTP/1.1" 200 1172
200.111.191.210 - - [14/Mar/2019:08:17:30 -0300] "GET /cormun/static/Resources/PXToolsDataTitle.png HTTP/1.1" 200 1173
200.111.191.210 - - [14/Mar/2019:08:17:30 -0300] "GET /cormun/static/gxui/gxui-all.js HTTP/1.1" 200 107772
200.111.191.210 - - [14/Mar/2019:08:17:30 -0300] "GET /cormun/static/Resources/PXToolsHeaderActionsBackground.png HTTP/1.1" 200 484
200.111.191.210 - - [14/Mar/2019:08:17:30 -0300] "GET /cormun/static/Resources/PXToolsHeaderSecurity.png HTTP/1.1" 200 4166
200.111.191.210 - - [14/Mar/2019:08:17:30 -0300] "GET /cormun/static/Resources/PXToolsHeaderPreferences.png HTTP/1.1" 200 4189
200.111.191.210 - - [14/Mar/2019:08:17:30 -0300] "GET /cormun/static/Resources/PXToolsHeaderActionsRight.png HTTP/1.1" 200 1201
200.111.191.210 - - [14/Mar/2019:08:17:30 -0300] "GET /cormun/static/Resources/PXToolsHeaderLogin.png HTTP/1.1" 200 4279
200.111.191.210 - - [14/Mar/2019:08:17:30 -0300] "GET /cormun/static/hhome.js?20175251212450 HTTP/1.1" 200 777
200.111.191.210 - - [14/Mar/2019:08:17:30 -0300] "GET /cormun/static/hwchdr01.js?201752511465785 HTTP/1.1" 200 1183
200.111.191.210 - - [14/Mar/2019:08:17:30 -0300] "GET /cormun/static/hpexe_recentlink.js?20177611595044 HTTP/1.1" 200 2144
200.111.191.210 - - [14/Mar/2019:08:17:30 -0300] "GET /cormun/static/hpexe_scripts.js?201752511465715 HTTP/1.1" 200 1544
200.111.191.210 - - [14/Mar/2019:08:17:30 -0300] "GET /cormun/static/hpexe_messagecontroller.js?20177611595012 HTTP/1.1" 200 870
200.111.191.210 - - [14/Mar/2019:08:17:30 -0300] "GET /cormun/static/hpexe_messagepopupcomponent.js?20161017169425 HTTP/1.1" 200 605
200.111.191.210 - - [14/Mar/2019:08:17:30 -0300] "GET /cormun/static/cmcontrolpreferences.js?201752511465670 HTTP/1.1" 200 1375
200.111.191.210 - - [14/Mar/2019:08:17:30 -0300] "GET /cormun/static/hpexe_messagegenexuscomponent.js?201752511465344 HTTP/1.1" 200 587
200.111.191.210 - - [14/Mar/2019:08:17:30 -0300] "GET /cormun/static/SmoothNavMenu/resources/SmoothNavMenuRender.js HTTP/1.1" 200 5951
200.111.191.210 - - [14/Mar/2019:08:17:30 -0300] "GET /cormun/static/SmoothNavMenu/resources/ddsmoothmenu.js HTTP/1.1" 200 12712
200.111.191.210 - - [14/Mar/2019:08:17:31 -0300] "GET /cormun/static/Shared/ext/ext-all.js HTTP/1.1" 200 1289687
200.111.191.210 - - [14/Mar/2019:08:17:31 -0300] "GET /cormun/static/scaMessage/js/jquery.pnotify.min.js HTTP/1.1" 200 13038
200.111.191.210 - - [14/Mar/2019:08:17:31 -0300] "GET /cormun/static/scaMessage/scaMessageRender.js HTTP/1.1" 200 11977
200.111.191.210 - - [14/Mar/2019:08:17:31 -0300] "GET /cormun/static/hmpwkw03.js?20189613443875 HTTP/1.1" 200 3965
200.111.191.210 - - [14/Mar/2019:08:17:31 -0300] "GET /cormun/static/Shared/jquery/jquery-1.4.2.min.js HTTP/1.1" 200 72174
200.111.191.210 - - [14/Mar/2019:08:17:31 -0300] "GET /cormun/static/Shared/jquery/jquery-1.10.2.min.js HTTP/1.1" 200 273199
200.111.191.210 - - [14/Mar/2019:08:17:31 -0300] "GET /cormun/static/Shared/jqueryui/jquery-ui.min.js HTTP/1.1" 200 240427
200.111.191.210 - - [14/Mar/2019:08:17:32 -0300] "GET /cormun/static/SmoothNavMenu/resources/images/down.gif HTTP/1.1" 200 854
200.111.191.210 - - [14/Mar/2019:08:17:32 -0300] "GET /cormun/servlet/hhome HTTP/1.1" 200 4022
192.168.10.89 - - [14/Mar/2019:08:17:34 -0300] "POST /cormun/servlet/trautorizarot?2c5d7c4ffc334eb248e1d46a6bf6329b,,gx-no-cache=1552569060763 HTTP/1.1" 200 6881
192.168.10.89 - - [14/Mar/2019:08:17:41 -0300] "POST /cormun/servlet/trautorizarot?2c5d7c4ffc334eb248e1d46a6bf6329b,,gx-no-cache=1552569067396 HTTP/1.1" 200 5352
192.168.10.89 - - [14/Mar/2019:08:17:50 -0300] "POST /cormun/servlet/trautorizarot?2c5d7c4ffc334eb248e1d46a6bf6329b,,gx-no-cache=1552569075860 HTTP/1.1" 200 6868
200.111.191.210 - - [14/Mar/2019:08:18:26 -0300] "GET /cormun/servlet/trsolicitudot? HTTP/1.1" 200 7241
200.111.191.210 - - [14/Mar/2019:08:18:26 -0300] "GET /cormun/static/gxui/gxui-all.css?120300 HTTP/1.1" 200 2179
200.111.191.210 - - [14/Mar/2019:08:18:26 -0300] "GET /cormun/static/calendar-system.css?85620 HTTP/1.1" 200 5572
200.111.191.210 - - [14/Mar/2019:08:18:26 -0300] "GET /cormun/static/gxcfg.js?2017111422585916 HTTP/1.1" 200 953
200.111.191.210 - - [14/Mar/2019:08:18:26 -0300] "GET /cormun/static/calendar-setup.js?85251 HTTP/1.1" 200 2588
200.111.191.210 - - [14/Mar/2019:08:18:26 -0300] "GET /cormun/static/calendar.js?85251 HTTP/1.1" 200 26246
200.111.191.210 - - [14/Mar/2019:08:18:26 -0300] "GET /cormun/static/calendar-es.js?85251 HTTP/1.1" 200 1901
200.111.191.210 - - [14/Mar/2019:08:18:26 -0300] "GET /cormun/static/Resources/Spanish/PXTools.css?1255365 HTTP/1.1" 200 89042
200.111.191.210 - - [14/Mar/2019:08:18:26 -0300] "GET /cormun/static/Resources/PXToolsDataSearch.png HTTP/1.1" 200 419
200.111.191.210 - - [14/Mar/2019:08:18:26 -0300] "GET /cormun/static/Resources/PXTools/calendar.png HTTP/1.1" 200 1306
200.111.191.210 - - [14/Mar/2019:08:18:26 -0300] "GET /cormun/static/gxdec.js?85251 HTTP/1.1" 200 19579
200.111.191.210 - - [14/Mar/2019:08:18:26 -0300] "GET /cormun/static/Resources/PXToolsGridFirstDisabled.gif HTTP/1.1" 200 100
200.111.191.210 - - [14/Mar/2019:08:18:26 -0300] "GET /cormun/static/trsolicitudot.js?201711142259839 HTTP/1.1" 200 54041
200.111.191.210 - - [14/Mar/2019:08:18:26 -0300] "GET /cormun/static/Resources/PXToolsGridPreviousDisabled.gif HTTP/1.1" 200 90
200.111.191.210 - - [14/Mar/2019:08:18:26 -0300] "GET /cormun/static/Resources/PXToolsGridNextDisabled.gif HTTP/1.1" 200 90
200.111.191.210 - - [14/Mar/2019:08:18:26 -0300] "GET /cormun/static/Resources/PXToolsGridLastDisabled.gif HTTP/1.1" 200 98
200.111.191.210 - - [14/Mar/2019:08:18:26 -0300] "GET /cormun/static/Resources/PXToolsGridPage.gif HTTP/1.1" 200 725
200.111.191.210 - - [14/Mar/2019:08:18:26 -0300] "GET /cormun/static/Shared/ext/resources/css/ext-all.css?215870 HTTP/1.1" 200 416045
200.111.191.210 - - [14/Mar/2019:08:18:26 -0300] "GET /cormun/static/Resources/PXToolsActionExcel.png HTTP/1.1" 200 3187
200.111.191.210 - - [14/Mar/2019:08:18:26 -0300] "GET /cormun/static/Resources/PXToolsGridNew.png HTTP/1.1" 200 2949
200.111.191.210 - - [14/Mar/2019:08:18:27 -0300] "GET /cormun/static/Resources/desc.gif HTTP/1.1" 200 65
200.111.191.210 - - [14/Mar/2019:08:18:27 -0300] "GET /cormun/static/Resources/asc.gif HTTP/1.1" 200 67
200.111.191.210 - - [14/Mar/2019:08:18:27 -0300] "GET /cormun/servlet/trsolicitudot? HTTP/1.1" 200 7240
200.111.191.210 - - [14/Mar/2019:08:18:27 -0300] "GET /cormun/static/Shared/ext/resources/themes/images/default/panel/bg-headersPanel.png HTTP/1.1" 200 255
200.111.191.210 - - [14/Mar/2019:08:18:27 -0300] "GET /cormun/static/Shared/ext/resources/themes/images/default/tools/tool-sprites.gif HTTP/1.1" 200 5434
200.111.191.210 - - [14/Mar/2019:08:18:48 -0300] "GET /cormun/servlet/solicitudot?INS,0,0, HTTP/1.1" 200 14845
200.111.191.210 - - [14/Mar/2019:08:18:48 -0300] "GET /cormun/static/calendar-system.css?75620 HTTP/1.1" 200 5572
200.111.191.210 - - [14/Mar/2019:08:18:48 -0300] "GET /cormun/static/gxcfg.js?20189101114418 HTTP/1.1" 200 953
200.111.191.210 - - [14/Mar/2019:08:18:48 -0300] "GET /cormun/static/Resources/prompt.gif HTTP/1.1" 200 902
192.168.10.89 - - [14/Mar/2019:08:18:48 -0300] "GET /cormun/servlet/trsolicitudgral? HTTP/1.1" 200 26908
200.111.191.210 - - [14/Mar/2019:08:18:48 -0300] "GET /cormun/static/solicitudot.js?20189101114718 HTTP/1.1" 200 71883
200.111.191.210 - - [14/Mar/2019:08:18:49 -0300] "GET /cormun/servlet/solicitudot?INS,0,0, HTTP/1.1" 200 14850
192.168.10.89 - - [14/Mar/2019:08:18:52 -0300] "GET /cormun/static/menuarrow.gif HTTP/1.1" 404 1015
200.111.191.210 - - [14/Mar/2019:08:19:07 -0300] "POST /cormun/servlet/solicitudot?gx-no-cache=1552562174945 HTTP/1.1" 200 3435
200.111.191.210 - - [14/Mar/2019:08:19:07 -0300] "POST /cormun/servlet/solicitudot?f2a1309adfffe89faf497bced977f939,INS,0,0,,gx-no-cache=1552562175179 HTTP/1.1" 200 11578
192.168.10.89 - - [14/Mar/2019:08:19:09 -0300] "POST /cormun/servlet/trsolicitudgral?2c5d7c4ffc334eb248e1d46a6bf6329b,,gx-no-cache=1552569155319 HTTP/1.1" 200 6982
192.168.10.89 - - [14/Mar/2019:08:19:11 -0300] "GET /cormun/servlet/solicitudgral?UPD,2019,12902, HTTP/1.1" 200 12358
192.168.10.89 - - [14/Mar/2019:08:19:12 -0300] "POST /cormun/servlet/solicitudgral?gx-no-cache=1552569158562 HTTP/1.1" 200 4050
192.168.10.89 - - [14/Mar/2019:08:19:12 -0300] "GET /cormun/servlet/solicitudgral?8b728cdad1bc680712d7924404ffebeedd4300a2b440296222847f54d74bd4f35e14c28261b44c8ea3b5b629e036ddb67506c9dfedbe1deec640bc46b337f8f627f0d122427e15bcfd0c63c9cbb00aa5b12e3a0db1853f70d8f5cedb86a762e195b81a1ba6e6945f5e1ca62cff3f893172b050d6dc5ba2fd28a64e8759390994c2a9610609a0c7aeb738e55b434eaf792afd1bc3ab69a7fa16699c45aa2d7e46aaf7d242dbefdf1611a00b35e14829b675ddcfdf23448e88bbfa67bc40a162882c5e5c494678248c7b2b4d61684911232bcedb351182a23df3af848b051e4621a78c855a4ec69d70a34dbaf72233a0de51d3db4695ba2c086a167c653f8ac2e5669f839a8ee35aa11ed9e15d886fc2e3381d51f614c47cae4d0feee3dbddcee4318d6994b7d17a1dec69e67af011763d6e1205d8adb3e2fc7373ef1f56ce9cc36ef25bd428e88eeb1054d8c77a5ccec1,gx-no-cache=1552569158746 HTTP/1.1" 200 255
192.168.10.89 - - [14/Mar/2019:08:19:13 -0300] "GET /cormun/servlet/solicitudgral?8b728cdad1bc680712d7924404ffebee95f278b5a3853ddb8597f5d0dde337ad5e14c28261b44c8ea3b5b629e036ddb67506c9dfedbe1deec640bc46b337f8f62265892d6afce0df0809661d7f19190693bccd6c30f015508b2e15d18d122f38,gx-no-cache=1552569159491 HTTP/1.1" 200 30
192.168.10.89 - - [14/Mar/2019:08:19:13 -0300] "POST /cormun/servlet/solicitudgral?gx-no-cache=1552569159781 HTTP/1.1" 200 97
192.168.10.89 - - [14/Mar/2019:08:19:14 -0300] "GET /cormun/servlet/solicitudgral?8b728cdad1bc680712d7924404ffebeed1d12d5a4ca02fca1c8403bbac19f767985b4de3631174b325d2700a1ff64121669f839a8ee35aa11ed9e15d886fc2e3910d037568ad5c35172e6b6db0e045fb7c6274ab9c63178486a6aed1da7a2bdc0136f6e430f034cb98719450acb5a2e1ed64112812fb0ea2af25e30a35613433e0b97a4e3fa0a56de92e4ef0a4eeb4dc489e0a03383c35ea83798b8926a8fb23fb799902017fdb5c00b8bf49c009dd52e357c9d756329dff607c9a1b7bc07f330f44491767255c7a527ed485e04a80c5,gx-no-cache=1552569160159 HTTP/1.1" 200 49
192.168.10.89 - - [14/Mar/2019:08:19:15 -0300] "POST /cormun/servlet/solicitudgral?2c5d7c4ffc334eb248e1d46a6bf6329b,UPD,2019,12902,,gx-no-cache=1552569161430 HTTP/1.1" 200 11377
192.168.10.89 - - [14/Mar/2019:08:19:16 -0300] "GET /cormun/servlet/solicitudgral?8b728cdad1bc680712d7924404ffebeec4968399a3d798562f428a4c53cc83bbd6bde89698cb7126b9defa18dedff3c128e349c0c00241ced022c1a0e0945021124f91e03d72b89b90257996a51b47c0a0b7b01b465126b0f2b92302151a45487d99f4cd6b8b05428196ba35abdb2f6c108768608d09979a6e2800cfd88829781a056389847b91a146a70b7b2f0940ba1ab15a80a802d70b73d96cab7ec665af9dbf1b1f293ac12e003b9058a90fc6623d531ca2e63ec75be788443f753b15a8ab431a8d8b70f139f077fed3731598f7,gx-no-cache=1552569162303 HTTP/1.1" 200 29
192.168.10.89 - - [14/Mar/2019:08:19:17 -0300] "POST /cormun/servlet/solicitudgral?2c5d7c4ffc334eb248e1d46a6bf6329b,UPD,2019,12902,,gx-no-cache=1552569163570 HTTP/1.1" 200 93
192.168.10.89 - - [14/Mar/2019:08:19:17 -0300] "GET /cormun/servlet/hpexe_return? HTTP/1.1" 200 1016
192.168.10.89 - - [14/Mar/2019:08:19:18 -0300] "GET /cormun/servlet/trsolicitudgral? HTTP/1.1" 200 10020
192.168.10.89 - - [14/Mar/2019:08:19:21 -0300] "GET /cormun/servlet/trautorizarot? HTTP/1.1" 200 9864
190.171.152.138 - - [14/Mar/2019:08:19:26 -0300] "GET /cormun/servlet/hhome HTTP/1.1" 200 3415
190.171.152.138 - - [14/Mar/2019:08:19:27 -0300] "GET /cormun/servlet/hhome HTTP/1.1" 200 3425
190.171.152.138 - - [14/Mar/2019:08:19:27 -0300] "GET /cormun/servlet/hlogin HTTP/1.1" 200 1729
192.168.10.89 - - [14/Mar/2019:08:19:51 -0300] "POST /cormun/servlet/trautorizarot?2c5d7c4ffc334eb248e1d46a6bf6329b,,gx-no-cache=1552569196825 HTTP/1.1" 200 5372
200.111.191.210 - - [14/Mar/2019:08:19:54 -0300] "GET /cormun/servlet/solicitudot?103160f5ef9b380d32db7483682a6d44edd1458516e3a8e58edc99b9f563ac28765dadc1b4ec96236a9b4340d1cdb187,gx-no-cache=1552562221673 HTTP/1.1" 200 30
192.168.10.89 - - [14/Mar/2019:08:20:00 -0300] "POST /cormun/servlet/trautorizarot?2c5d7c4ffc334eb248e1d46a6bf6329b,,gx-no-cache=1552569206336 HTTP/1.1" 200 6882
192.168.10.89 - - [14/Mar/2019:08:20:11 -0300] "POST /cormun/servlet/trautorizarot?2c5d7c4ffc334eb248e1d46a6bf6329b,,gx-no-cache=1552569217295 HTTP/1.1" 200 6548
190.171.152.138 - - [14/Mar/2019:08:20:14 -0300] "POST /cormun/servlet/hlogin?7deb4221cad49981cf22a6dc1ff1abda,gx-no-cache=1552565787021 HTTP/1.1" 200 90
190.171.152.138 - - [14/Mar/2019:08:20:14 -0300] "GET /cormun/servlet/hpexe_link HTTP/1.1" 200 948
190.171.152.138 - - [14/Mar/2019:08:20:15 -0300] "GET /cormun/servlet/hhome HTTP/1.1" 200 3948
190.171.152.138 - - [14/Mar/2019:08:20:15 -0300] "GET /cormun/servlet/hhome HTTP/1.1" 200 3945
190.171.152.138 - - [14/Mar/2019:08:20:19 -0300] "GET /cormun/servlet/trpermisosgoce? HTTP/1.1" 200 8257
190.171.152.138 - - [14/Mar/2019:08:20:20 -0300] "GET /cormun/servlet/trpermisosgoce? HTTP/1.1" 200 8255
190.171.152.138 - - [14/Mar/2019:08:20:23 -0300] "GET /cormun/servlet/permisogoce?INS,0,,, HTTP/1.1" 200 6781
190.171.152.138 - - [14/Mar/2019:08:20:23 -0300] "GET /cormun/servlet/permisogoce?INS,0,,, HTTP/1.1" 200 6781
190.171.152.138 - - [14/Mar/2019:08:20:39 -0300] "GET /cormun/static/Resources/resize.gif HTTP/1.1" 200 77
190.171.152.138 - - [14/Mar/2019:08:20:39 -0300] "GET /cormun/servlet/prfichaempleado?,MD,,gxPopupLevel%3D0%3B HTTP/1.1" 200 9223
190.171.152.138 - - [14/Mar/2019:08:20:40 -0300] "GET /cormun/static/Resources/PXToolsMenuSearch.png HTTP/1.1" 200 2914
190.171.152.138 - - [14/Mar/2019:08:20:40 -0300] "GET /cormun/static/gxcfg.js?20177612134814 HTTP/1.1" 200 953
190.171.152.138 - - [14/Mar/2019:08:20:40 -0300] "GET /cormun/static/Resources/PXToolsMenuSearchCancel.png HTTP/1.1" 200 2972
190.171.152.138 - - [14/Mar/2019:08:20:40 -0300] "GET /cormun/static/prfichaempleado.js?20177612134999 HTTP/1.1" 200 16006
190.171.152.138 - - [14/Mar/2019:08:20:40 -0300] "GET /cormun/static/menusearch.js?201610171694467 HTTP/1.1" 200 1424
190.171.152.138 - - [14/Mar/2019:08:20:40 -0300] "GET /cormun/static/hmpwkw011.js?20177612121862 HTTP/1.1" 200 1968
190.171.152.138 - - [14/Mar/2019:08:20:51 -0300] "GET /cormun/servlet/permisogoce?4e8432cc54e85a737a65c70c51f2575007e9ff570260bbd2db71db632e605a8bcfdb72b4911b9eb72625b6d6fd968210,gx-no-cache=1552565823400 HTTP/1.1" 200 78
190.171.152.138 - - [14/Mar/2019:08:20:54 -0300] "GET /cormun/static/menuarrow.gif HTTP/1.1" 404 1015
192.168.10.89 - - [14/Mar/2019:08:21:00 -0300] "POST /cormun/servlet/trautorizarot?2c5d7c4ffc334eb248e1d46a6bf6329b,,gx-no-cache=1552569266547 HTTP/1.1" 200 5368
190.171.152.138 - - [14/Mar/2019:08:21:01 -0300] "GET /cormun/servlet/permisogoce?4e8432cc54e85a737a65c70c51f257500b2cb2cf5313cd135deb716f5c4206bcb59155ec436752de931b89740aade51e8fc1515d7851bfc2254e795c7f3819eb,gx-no-cache=1552565834422 HTTP/1.1" 200 47
192.168.10.89 - - [14/Mar/2019:08:21:08 -0300] "POST /cormun/servlet/trautorizarot?2c5d7c4ffc334eb248e1d46a6bf6329b,,gx-no-cache=1552569273879 HTTP/1.1" 200 6880
190.171.152.138 - - [14/Mar/2019:08:21:10 -0300] "POST /cormun/servlet/permisogoce?7deb4221cad49981cf22a6dc1ff1abda,INS,0,,,,gx-no-cache=1552565842645 HTTP/1.1" 200 93
190.171.152.138 - - [14/Mar/2019:08:21:10 -0300] "GET /cormun/servlet/hpexe_return? HTTP/1.1" 200 1007
190.171.152.138 - - [14/Mar/2019:08:21:11 -0300] "GET /cormun/servlet/trpermisosgoce HTTP/1.1" 200 8521
190.171.152.138 - - [14/Mar/2019:08:21:11 -0300] "GET /cormun/servlet/trpermisosgoce HTTP/1.1" 200 8515
192.168.10.89 - - [14/Mar/2019:08:21:15 -0300] "POST /cormun/servlet/trautorizarot?2c5d7c4ffc334eb248e1d46a6bf6329b,,gx-no-cache=1552569281371 HTTP/1.1" 200 6555
190.171.152.138 - - [14/Mar/2019:08:21:16 -0300] "GET /cormun/servlet/apermisogoceprn?8990652,P,20190314101348,PU HTTP/1.1" 200 1649
200.111.191.210 - - [14/Mar/2019:08:21:35 -0300] "GET /cormun/servlet/solicitudot?103160f5ef9b380d32db7483682a6d446290b54b25ece6feb644aea7c215088d769fb969c8a65632d2258d5030483c84580ef285ff10310240e75265bdcfec5e,gx-no-cache=1552562322902 HTTP/1.1" 200 30
200.111.191.210 - - [14/Mar/2019:08:21:47 -0300] "GET /cormun/static/Resources/resize.gif HTTP/1.1" 200 77
200.111.191.210 - - [14/Mar/2019:08:21:48 -0300] "GET /cormun/servlet/prbanco?,MD,,gxPopupLevel%3D0%3B HTTP/1.1" 200 6600
200.111.191.210 - - [14/Mar/2019:08:21:48 -0300] "GET /cormun/static/Resources/PXToolsMenuSearch.png HTTP/1.1" 200 2914
200.111.191.210 - - [14/Mar/2019:08:21:48 -0300] "GET /cormun/static/gxcfg.js?20181161016094 HTTP/1.1" 200 953
200.111.191.210 - - [14/Mar/2019:08:21:48 -0300] "GET /cormun/static/Resources/PXToolsMenuSearchCancel.png HTTP/1.1" 200 2972
200.111.191.210 - - [14/Mar/2019:08:21:48 -0300] "GET /cormun/static/prbanco.js?2018116101633 HTTP/1.1" 200 10693
200.111.191.210 - - [14/Mar/2019:08:21:48 -0300] "GET /cormun/static/menusearch.js?201610171694467 HTTP/1.1" 200 1424
200.111.191.210 - - [14/Mar/2019:08:21:48 -0300] "GET /cormun/static/hmpwkw011.js?20177612121862 HTTP/1.1" 200 1968
200.111.191.210 - - [14/Mar/2019:08:22:00 -0300] "GET /cormun/servlet/solicitudot?103160f5ef9b380d32db7483682a6d441b02a3b7b35732e766b3e4f266c2eb22,gx-no-cache=1552562347634 HTTP/1.1" 200 53
200.111.191.210 - - [14/Mar/2019:08:22:08 -0300] "POST /cormun/servlet/solicitudot?gx-no-cache=1552562355746 HTTP/1.1" 200 255
200.111.191.210 - - [14/Mar/2019:08:22:09 -0300] "GET /cormun/servlet/solicitudot?103160f5ef9b380d32db7483682a6d44581912081d2b54286f8011eb534b360e91c89da695dcba35863ae44e6ed5f58185e87517fd3e84813db7f5bdfd6a66cfee52be4bfe3a4d283a7337f4d3402cd04ead251e77ce19e273d51256d39d2d3046721739db4530f5b8005dc52a012e834f7b0631959a43474a514b1008370f8a6a690546519949b5021ce7a7f80843500a1de423abbf262addcc0ea37477850fe13596b358b4c5704a655ba5b20664ed847b84b31aa5cde45d260cfe3e586258fcc56dd4be45a227696de7b4e2bdbbdab72d0232e13d689f1ff1392cf645a4a20de87d837e08bbffe70a44ffff2c52a319547b58bd14cbb8b357e2caeac31b8cf17656b36c1ce701aba7a2a4d4093f3d1782d1d91524875c927cfb0824a0b822df847005472f3da69aae105e72de2b916fb8690ccfa6a355e9dbe9b38ce8dc52f655b658ff9028ba8c6ec61abf352a2c4059874c8b8bd5de01f94b55305d37ddfa6e94f3993e2297f22f0768012a4633d6c442721c70d172110a80f588dd23e0,gx-no-cache=1552562357320 HTTP/1.1" 200 30
192.168.10.89 - - [14/Mar/2019:08:22:12 -0300] "GET /cormun/servlet/trsolicitudgral? HTTP/1.1" 200 8326
200.111.191.210 - - [14/Mar/2019:08:22:16 -0300] "POST /cormun/servlet/solicitudot?gx-no-cache=1552562363774 HTTP/1.1" 200 30
192.168.10.89 - - [14/Mar/2019:08:22:17 -0300] "POST /cormun/servlet/trsolicitudgral?2c5d7c4ffc334eb248e1d46a6bf6329b,,gx-no-cache=1552569343475 HTTP/1.1" 200 6657
200.111.191.210 - - [14/Mar/2019:08:22:19 -0300] "POST /cormun/servlet/solicitudot?gx-no-cache=1552562366733 HTTP/1.1" 200 1277
200.111.191.210 - - [14/Mar/2019:08:22:19 -0300] "POST /cormun/servlet/solicitudot?gx-no-cache=1552562366906 HTTP/1.1" 200 38
192.168.10.89 - - [14/Mar/2019:08:22:19 -0300] "GET /cormun/servlet/solicitudgral?UPD,2019,12921, HTTP/1.1" 200 12395
192.168.10.89 - - [14/Mar/2019:08:22:20 -0300] "POST /cormun/servlet/solicitudgral?gx-no-cache=1552569346698 HTTP/1.1" 200 4058
192.168.10.89 - - [14/Mar/2019:08:22:21 -0300] "GET /cormun/servlet/solicitudgral?8b728cdad1bc680712d7924404ffebeedd4300a2b440296222847f54d74bd4f35e14c28261b44c8ea3b5b629e036ddb67506c9dfedbe1deec640bc46b337f8f627f0d122427e15bcfd0c63c9cbb00aa5b12e3a0db1853f70d8f5cedb86a762e195b81a1ba6e6945f5e1ca62cff3f893172b050d6dc5ba2fd28a64e8759390994c2a9610609a0c7aeb738e55b434eaf792afd1bc3ab69a7fa16699c45aa2d7e46aaf7d242dbefdf1611a00b35e14829b675ddcfdf23448e88bbfa67bc40a162882c5e5c494678248c7b2b4d61684911232bcedb351182a23df3af848b051e4621a78c855a4ec69d70a34dbaf72233a0de51d3db4695ba2c086a167c653f8ac2e5669f839a8ee35aa11ed9e15d886fc2e3381d51f614c47cae4d0feee3dbddcee4318d6994b7d17a1dec69e67af011763d6e1205d8adb3e2fc7373ef1f56ce9cc36ef25bd428e88eeb1054d8c77a5ccec1,gx-no-cache=1552569346892 HTTP/1.1" 200 255
192.168.10.89 - - [14/Mar/2019:08:22:21 -0300] "GET /cormun/servlet/solicitudgral?8b728cdad1bc680712d7924404ffebee95f278b5a3853ddb8597f5d0dde337ad5e14c28261b44c8ea3b5b629e036ddb67506c9dfedbe1deec640bc46b337f8f62265892d6afce0df0809661d7f19190693bccd6c30f015508b2e15d18d122f38,gx-no-cache=1552569347670 HTTP/1.1" 200 30
192.168.10.89 - - [14/Mar/2019:08:22:22 -0300] "POST /cormun/servlet/solicitudgral?gx-no-cache=1552569347924 HTTP/1.1" 200 97
192.168.10.89 - - [14/Mar/2019:08:22:22 -0300] "GET /cormun/servlet/solicitudgral?8b728cdad1bc680712d7924404ffebeed1d12d5a4ca02fca1c8403bbac19f767985b4de3631174b325d2700a1ff64121669f839a8ee35aa11ed9e15d886fc2e3910d037568ad5c35172e6b6db0e045fb7c6274ab9c63178486a6aed1da7a2bdc0136f6e430f034cb98719450acb5a2e1ed64112812fb0ea2af25e30a35613433e0b97a4e3fa0a56de92e4ef0a4eeb4dc489e0a03383c35ea83798b8926a8fb23fb799902017fdb5c00b8bf49c009dd52e357c9d756329dff607c9a1b7bc07f330f44491767255c7a527ed485e04a80c5,gx-no-cache=1552569348160 HTTP/1.1" 200 49
192.168.10.89 - - [14/Mar/2019:08:22:23 -0300] "POST /cormun/servlet/solicitudgral?2c5d7c4ffc334eb248e1d46a6bf6329b,UPD,2019,12921,,gx-no-cache=1552569349414 HTTP/1.1" 200 11379
192.168.10.89 - - [14/Mar/2019:08:22:24 -0300] "GET /cormun/servlet/solicitudgral?8b728cdad1bc680712d7924404ffebeec4968399a3d798562f428a4c53cc83bbd6bde89698cb7126b9defa18dedff3c128e349c0c00241ced022c1a0e0945021124f91e03d72b89b90257996a51b47c0a0b7b01b465126b0f2b92302151a45487d99f4cd6b8b05428196ba35abdb2f6c108768608d09979a6e2800cfd88829781a056389847b91a146a70b7b2f0940ba1ab15a80a802d70b73d96cab7ec665af9dbf1b1f293ac12e003b9058a90fc6623d531ca2e63ec75be788443f753b15a8ab431a8d8b70f139f077fed3731598f7,gx-no-cache=1552569350160 HTTP/1.1" 200 29
192.168.10.89 - - [14/Mar/2019:08:22:25 -0300] "POST /cormun/servlet/solicitudgral?2c5d7c4ffc334eb248e1d46a6bf6329b,UPD,2019,12921,,gx-no-cache=1552569351681 HTTP/1.1" 200 93
192.168.10.89 - - [14/Mar/2019:08:22:25 -0300] "GET /cormun/servlet/hpexe_return? HTTP/1.1" 200 1016
192.168.10.89 - - [14/Mar/2019:08:22:26 -0300] "GET /cormun/servlet/trsolicitudgral? HTTP/1.1" 200 9701
192.168.10.89 - - [14/Mar/2019:08:22:28 -0300] "GET /cormun/servlet/trautorizarot? HTTP/1.1" 200 9558
192.168.10.89 - - [14/Mar/2019:08:22:31 -0300] "POST /cormun/servlet/trautorizarot?2c5d7c4ffc334eb248e1d46a6bf6329b,,gx-no-cache=1552569357160 HTTP/1.1" 200 5371
192.168.10.89 - - [14/Mar/2019:08:22:45 -0300] "POST /cormun/servlet/trautorizarot?2c5d7c4ffc334eb248e1d46a6bf6329b,,gx-no-cache=1552569371688 HTTP/1.1" 200 6861
192.168.10.89 - - [14/Mar/2019:08:22:52 -0300] "POST /cormun/servlet/trautorizarot?2c5d7c4ffc334eb248e1d46a6bf6329b,,gx-no-cache=1552569378630 HTTP/1.1" 200 5359
192.168.10.89 - - [14/Mar/2019:08:23:00 -0300] "POST /cormun/servlet/trautorizarot?2c5d7c4ffc334eb248e1d46a6bf6329b,,gx-no-cache=1552569386318 HTTP/1.1" 200 5199
192.168.10.89 - - [14/Mar/2019:08:23:09 -0300] "POST /cormun/servlet/trautorizarot?2c5d7c4ffc334eb248e1d46a6bf6329b,,gx-no-cache=1552569394814 HTTP/1.1" 200 6578
192.168.10.89 - - [14/Mar/2019:08:23:33 -0300] "GET /cormun/servlet/trsolicitudgral? HTTP/1.1" 200 8327
192.168.10.89 - - [14/Mar/2019:08:23:41 -0300] "POST /cormun/servlet/trsolicitudgral?2c5d7c4ffc334eb248e1d46a6bf6329b,,gx-no-cache=1552569427681 HTTP/1.1" 200 7021
192.168.10.89 - - [14/Mar/2019:08:23:52 -0300] "POST /cormun/servlet/trsolicitudgral?2c5d7c4ffc334eb248e1d46a6bf6329b,,gx-no-cache=1552569438061 HTTP/1.1" 200 6988
192.168.10.89 - - [14/Mar/2019:08:23:57 -0300] "POST /cormun/servlet/trsolicitudgral?2c5d7c4ffc334eb248e1d46a6bf6329b,,gx-no-cache=1552569443220 HTTP/1.1" 200 7021
192.168.10.89 - - [14/Mar/2019:08:24:01 -0300] "GET /cormun/servlet/trsolicitudgral? HTTP/1.1" 200 10034
192.168.10.89 - - [14/Mar/2019:08:24:09 -0300] "POST /cormun/servlet/trsolicitudgral?2c5d7c4ffc334eb248e1d46a6bf6329b,,gx-no-cache=1552569454968 HTTP/1.1" 200 7043
192.168.10.89 - - [14/Mar/2019:08:24:09 -0300] "GET /cormun/static/Shared/jqueryui/images/ui-bg_flat_55_fafafa_40x100.png HTTP/1.1" 404 1097
192.168.10.89 - - [14/Mar/2019:08:24:09 -0300] "GET /cormun/static/Shared/jqueryui/images/ui-bg_highlight-soft_100_c6c2c8_1x100.png HTTP/1.1" 404 1117
192.168.10.89 - - [14/Mar/2019:08:24:09 -0300] "GET /cormun/static/Shared/jqueryui/images/ui-icons_82798d_256x240.png HTTP/1.1" 404 1089
192.168.10.89 - - [14/Mar/2019:08:24:09 -0300] "GET /cormun/static/Shared/jqueryui/images/ui-icons_8d78a5_256x240.png HTTP/1.1" 404 1089
192.168.10.89 - - [14/Mar/2019:08:24:12 -0300] "GET /cormun/servlet/trautorizarot? HTTP/1.1" 200 9886
192.168.10.89 - - [14/Mar/2019:08:24:20 -0300] "POST /cormun/servlet/trautorizarot?2c5d7c4ffc334eb248e1d46a6bf6329b,,gx-no-cache=1552569466266 HTTP/1.1" 200 5386
192.168.10.89 - - [14/Mar/2019:08:24:39 -0300] "POST /cormun/servlet/trautorizarot?2c5d7c4ffc334eb248e1d46a6bf6329b,,gx-no-cache=1552569485014 HTTP/1.1" 200 6565
192.168.10.89 - - [14/Mar/2019:08:25:07 -0300] "GET /cormun/servlet/trsolicitudgral? HTTP/1.1" 200 10028
200.111.191.210 - - [14/Mar/2019:08:25:09 -0300] "GET /cormun/servlet/solicitudot?103160f5ef9b380d32db7483682a6d4473570c9d5d072ea779814fee78c3acbb8ada3ae16e0fbcfc334447330dd90824b72bde93e5dd1daf1169f5d110f19df314714e6a846ccc5d33a4c53798fd23c98fe3beaa83a78eeae24ed662e387267b27bb6c6d39e24dba9ed47295173b7ef6,gx-no-cache=1552562537268 HTTP/1.1" 200 110
192.168.10.89 - - [14/Mar/2019:08:25:11 -0300] "POST /cormun/servlet/trsolicitudgral?2c5d7c4ffc334eb248e1d46a6bf6329b,,gx-no-cache=1552569517312 HTTP/1.1" 200 6675
192.168.10.89 - - [14/Mar/2019:08:25:13 -0300] "GET /cormun/servlet/solicitudgral2?UPD,2019,12915, HTTP/1.1" 200 12371
192.168.10.89 - - [14/Mar/2019:08:25:14 -0300] "POST /cormun/servlet/solicitudgral2?gx-no-cache=1552569520166 HTTP/1.1" 200 4038
192.168.10.89 - - [14/Mar/2019:08:25:14 -0300] "GET /cormun/servlet/solicitudgral2?8b728cdad1bc680712d7924404ffebeedd4300a2b440296222847f54d74bd4f35e14c28261b44c8ea3b5b629e036ddb67506c9dfedbe1deec640bc46b337f8f627f0d122427e15bcfd0c63c9cbb00aa5b12e3a0db1853f70d8f5cedb86a762e195b81a1ba6e6945f5e1ca62cff3f893172b050d6dc5ba2fd28a64e8759390994c2a9610609a0c7aeb738e55b434eaf792afd1bc3ab69a7fa16699c45aa2d7e46aaf7d242dbefdf1611a00b35e14829b675ddcfdf23448e88bbfa67bc40a162882c5e5c494678248c7b2b4d61684911232bcedb351182a23df3af848b051e4621a78c855a4ec69d70a34dbaf72233a0de51d3db4695ba2c086a167c653f8ac2e5669f839a8ee35aa11ed9e15d886fc2e3381d51f614c47cae4d0feee3dbddcee4318d6994b7d17a1dec69e67af011763d6e1205d8adb3e2fc7373ef1f56ce9cc36ef25bd428e88eeb1054d8c77a5ccec1,gx-no-cache=1552569520348 HTTP/1.1" 200 255
192.168.10.89 - - [14/Mar/2019:08:25:14 -0300] "GET /cormun/servlet/solicitudgral2?8b728cdad1bc680712d7924404ffebeeb02d3108089e6c56d87c1eb55eda93bc290ce6e783fdee705cfb4825bb2488b0e2a352785b4e65c35d3823724c15ff173f0cddd21d96b8c5ce66373660121a68c64aadb30c020d9e7a8ee83ef964dde7,gx-no-cache=1552569520365 HTTP/1.1" 200 33
192.168.10.89 - - [14/Mar/2019:08:25:14 -0300] "GET /cormun/servlet/solicitudgral2?8b728cdad1bc680712d7924404ffebeedff42568792a193b531bf5a5c2515c81052cf9ec0d43b7327ac3e3b97587be6e9cef7c740b1304e5a6c7d3813a67eb9dde5acbd58236942e4b88fe7b23f66008a05e53af00ca695c5459c60e6acc071470ccae836f8f6307ba97bded1e87e413,gx-no-cache=1552569520379 HTTP/1.1" 200 40
192.168.10.89 - - [14/Mar/2019:08:25:15 -0300] "GET /cormun/servlet/solicitudgral2?8b728cdad1bc680712d7924404ffebee95f278b5a3853ddb8597f5d0dde337ad5e14c28261b44c8ea3b5b629e036ddb67506c9dfedbe1deec640bc46b337f8f62265892d6afce0df0809661d7f19190693bccd6c30f015508b2e15d18d122f38,gx-no-cache=1552569520995 HTTP/1.1" 200 30
192.168.10.89 - - [14/Mar/2019:08:25:15 -0300] "POST /cormun/servlet/solicitudgral2?gx-no-cache=1552569521233 HTTP/1.1" 200 97
192.168.10.89 - - [14/Mar/2019:08:25:17 -0300] "POST /cormun/servlet/solicitudgral2?2c5d7c4ffc334eb248e1d46a6bf6329b,UPD,2019,12915,,gx-no-cache=1552569522593 HTTP/1.1" 200 11405
192.168.10.89 - - [14/Mar/2019:08:25:17 -0300] "GET /cormun/servlet/solicitudgral2?8b728cdad1bc680712d7924404ffebeec4968399a3d798562f428a4c53cc83bbd6bde89698cb7126b9defa18dedff3c128e349c0c00241ced022c1a0e0945021124f91e03d72b89b90257996a51b47c0a0b7b01b465126b0f2b92302151a45487d99f4cd6b8b05428196ba35abdb2f6c108768608d09979a6e2800cfd88829781a056389847b91a146a70b7b2f0940ba1ab15a80a802d70b73d96cab7ec665af9dbf1b1f293ac12e003b9058a90fc6623d531ca2e63ec75be788443f753b15a8ab431a8d8b70f139f077fed3731598f7,gx-no-cache=1552569523176 HTTP/1.1" 200 29
192.168.10.89 - - [14/Mar/2019:08:25:18 -0300] "GET /cormun/servlet/solicitudgral2?8b728cdad1bc680712d7924404ffebee4900d0e84c19298184e55c671cc20fea4ae8dc7a57e9d84f88cf2747533487c9cb5ea0bdfba7a6c927782579d3b2712c63a53387d4dcd540dea25320bc55e876cd3db2dd75e9823c20ad92e14ecb18aa02965328e532d1da655df30c5eb7c333882449d8e97e877aef6129a4946b1fb5,gx-no-cache=1552569523820 HTTP/1.1" 200 30
192.168.10.89 - - [14/Mar/2019:08:25:19 -0300] "POST /cormun/servlet/solicitudgral2?2c5d7c4ffc334eb248e1d46a6bf6329b,UPD,2019,12915,,gx-no-cache=1552569525149 HTTP/1.1" 200 93
192.168.10.89 - - [14/Mar/2019:08:25:19 -0300] "GET /cormun/servlet/hpexe_return? HTTP/1.1" 200 1018
192.168.10.89 - - [14/Mar/2019:08:25:19 -0300] "GET /cormun/servlet/trsolicitudgral? HTTP/1.1" 200 9719
192.168.10.89 - - [14/Mar/2019:08:25:22 -0300] "GET /cormun/servlet/trautorizarot? HTTP/1.1" 200 9575
200.111.191.210 - - [14/Mar/2019:08:25:25 -0300] "POST /cormun/servlet/solicitudot?gx-no-cache=1552562552586 HTTP/1.1" 200 97
200.111.191.210 - - [14/Mar/2019:08:25:31 -0300] "GET /cormun/servlet/solicitudot?103160f5ef9b380d32db7483682a6d4465ba3a65a07769eab23de4f3cdf4194470c27a406b6c695a5bddbdd00482e9c42ee3cef19cb24ef53263a04adf48a651d73bf01879f90d26bbe66a6ab00a18a38c4867f22991e6328a551340a2988236eb3a05136fda2f4f1655c9aa8a93ac5f,gx-no-cache=1552562558972 HTTP/1.1" 200 29
200.111.191.210 - - [14/Mar/2019:08:25:36 -0300] "GET /cormun/servlet/solicitudot?103160f5ef9b380d32db7483682a6d44bf07cd20819ee53d37f8a3bffcf4850cfac02dcb6a0dda708b49c50f9e087815,gx-no-cache=1552562564147 HTTP/1.1" 200 30
192.168.10.89 - - [14/Mar/2019:08:25:38 -0300] "POST /cormun/servlet/trautorizarot?2c5d7c4ffc334eb248e1d46a6bf6329b,,gx-no-cache=1552569544064 HTTP/1.1" 200 5378
200.111.191.210 - - [14/Mar/2019:08:25:39 -0300] "POST /cormun/servlet/solicitudot?gx-no-cache=1552562567203 HTTP/1.1" 200 30
200.111.191.210 - - [14/Mar/2019:08:25:45 -0300] "POST /cormun/servlet/solicitudot?f2a1309adfffe89faf497bced977f939,INS,0,0,,gx-no-cache=1552562572579 HTTP/1.1" 200 93
200.111.191.210 - - [14/Mar/2019:08:25:45 -0300] "GET /cormun/servlet/hpexe_return? HTTP/1.1" 200 1005
200.111.191.210 - - [14/Mar/2019:08:25:45 -0300] "GET /cormun/static/gxcfg.js?2016101716175148 HTTP/1.1" 200 953
200.111.191.210 - - [14/Mar/2019:08:25:45 -0300] "GET /cormun/static/hpexe_return.js?2016101716175153 HTTP/1.1" 200 1633
200.111.191.210 - - [14/Mar/2019:08:25:46 -0300] "GET /cormun/static/Resources/Spanish/PXTools.css?167811 HTTP/1.1" 200 89042
200.111.191.210 - - [14/Mar/2019:08:25:46 -0300] "GET /cormun/servlet/trsolicitudot HTTP/1.1" 200 8611
200.111.191.210 - - [14/Mar/2019:08:25:46 -0300] "GET /cormun//static/Resources/PXToolsActionView.png HTTP/1.1" 200 2995
200.111.191.210 - - [14/Mar/2019:08:25:46 -0300] "GET /cormun//static/Resources/PXToolsGridUpdate.png HTTP/1.1" 200 2984
200.111.191.210 - - [14/Mar/2019:08:25:46 -0300] "GET /cormun//static/Resources/PXTools/ActionInsert.png HTTP/1.1" 200 1482
200.111.191.210 - - [14/Mar/2019:08:25:46 -0300] "GET /cormun//static/Resources/PXToolsGridDelete.png HTTP/1.1" 200 357
200.111.191.210 - - [14/Mar/2019:08:25:46 -0300] "GET /cormun//static/Resources/PXToolsRemoveAllAction.png HTTP/1.1" 200 3558
200.111.191.210 - - [14/Mar/2019:08:25:46 -0300] "GET /cormun/servlet/trsolicitudot HTTP/1.1" 200 8607
192.168.10.89 - - [14/Mar/2019:08:25:48 -0300] "POST /cormun/servlet/trautorizarot?2c5d7c4ffc334eb248e1d46a6bf6329b,,gx-no-cache=1552569554211 HTTP/1.1" 200 6566
200.111.191.210 - - [14/Mar/2019:08:25:49 -0300] "POST /cormun/servlet/trsolicitudot?f2a1309adfffe89faf497bced977f939,gx-no-cache=1552562576542 HTTP/1.1" 200 107
200.111.191.210 - - [14/Mar/2019:08:25:49 -0300] "GET /cormun/servlet/trsolicitudadjuntos?2019,14674, HTTP/1.1" 200 6131
200.111.191.210 - - [14/Mar/2019:08:25:49 -0300] "GET /cormun/static/gxui/gxui-all.css?110300 HTTP/1.1" 200 2179
200.111.191.210 - - [14/Mar/2019:08:25:49 -0300] "GET /cormun/static/gxcfg.js?20177612135366 HTTP/1.1" 200 953
200.111.191.210 - - [14/Mar/2019:08:25:49 -0300] "GET /cormun/static/trsolicitudadjuntos.js?20177612135632 HTTP/1.1" 200 17922
200.111.191.210 - - [14/Mar/2019:08:25:49 -0300] "GET /cormun/static/Shared/ext/resources/css/ext-all.css?205870 HTTP/1.1" 200 416045
200.111.191.210 - - [14/Mar/2019:08:25:50 -0300] "GET /cormun/servlet/trsolicitudadjuntos?2019,14674, HTTP/1.1" 200 6130
200.111.191.210 - - [14/Mar/2019:08:25:51 -0300] "GET /cormun/servlet/solicitudotadjuntos?INS,2019,14674,,1, HTTP/1.1" 200 6075
200.111.191.210 - - [14/Mar/2019:08:25:51 -0300] "GET /cormun/static/gxcfg.js?2017761244068 HTTP/1.1" 200 953
200.111.191.210 - - [14/Mar/2019:08:25:51 -0300] "GET /cormun/static/solicitudotadjuntos.js?2017761244086 HTTP/1.1" 200 11771
200.111.191.210 - - [14/Mar/2019:08:25:51 -0300] "GET /cormun/static/about:blank HTTP/1.1" 404 1011
200.111.191.210 - - [14/Mar/2019:08:25:52 -0300] "GET /cormun/servlet/solicitudotadjuntos?INS,2019,14674,,1, HTTP/1.1" 200 6069
200.111.191.210 - - [14/Mar/2019:08:25:52 -0300] "GET /cormun/servlet/solicitudotadjuntos?103160f5ef9b380d32db7483682a6d44792a94919655e87bd52008d29ff2f48c171ca808e380bc28a29e3009f0be73f5,gx-no-cache=1552562579847 HTTP/1.1" 200 30
200.111.191.210 - - [14/Mar/2019:08:25:52 -0300] "POST /cormun/servlet/solicitudotadjuntos?f2a1309adfffe89faf497bced977f939,INS,2019,14674,,1,,gx-no-cache=1552562579913 HTTP/1.1" 200 3878
200.111.191.210 - - [14/Mar/2019:08:25:54 -0300] "POST /cormun/servlet/solicitudotadjuntos?gx-no-cache=1552562581930 HTTP/1.1" 200 26
200.111.191.210 - - [14/Mar/2019:08:26:10 -0300] "GET /cormun/servlet/solicitudotadjuntos?103160f5ef9b380d32db7483682a6d448724d27ac3a9e18ec6ec01441624a560,gx-no-cache=1552562598290 HTTP/1.1" 200 30
200.111.191.210 - - [14/Mar/2019:08:26:10 -0300] "GET /cormun/servlet/solicitudotadjuntos?103160f5ef9b380d32db7483682a6d448724d27ac3a9e18ec6ec01441624a560,gx-no-cache=1552562598318 HTTP/1.1" 200 30
200.111.191.210 - - [14/Mar/2019:08:26:12 -0300] "POST /cormun/servlet/solicitudotadjuntos?f2a1309adfffe89faf497bced977f939,INS,2019,14674,,1, HTTP/1.1" 200 116
200.111.191.210 - - [14/Mar/2019:08:26:12 -0300] "GET /cormun/servlet/hpexe_return? HTTP/1.1" 200 1025
200.111.191.210 - - [14/Mar/2019:08:26:12 -0300] "GET /cormun/servlet/trsolicitudadjuntos?2019,14674, HTTP/1.1" 200 8689
200.111.191.210 - - [14/Mar/2019:08:26:13 -0300] "GET /cormun/servlet/trsolicitudadjuntos?2019,14674, HTTP/1.1" 200 8684
192.168.10.89 - - [14/Mar/2019:08:26:14 -0300] "GET /cormun/servlet/trsolicitudgral? HTTP/1.1" 200 9713
200.111.191.210 - - [14/Mar/2019:08:26:15 -0300] "GET /cormun/servlet/solicitudotadjuntos?INS,2019,14674,,1, HTTP/1.1" 200 6075
200.111.191.210 - - [14/Mar/2019:08:26:15 -0300] "GET /cormun/static/about:blank HTTP/1.1" 404 1011
200.111.191.210 - - [14/Mar/2019:08:26:15 -0300] "GET /cormun/servlet/solicitudotadjuntos?INS,2019,14674,,1, HTTP/1.1" 200 6069
200.111.191.210 - - [14/Mar/2019:08:26:16 -0300] "GET /cormun/servlet/solicitudotadjuntos?103160f5ef9b380d32db7483682a6d44792a94919655e87bd52008d29ff2f48c171ca808e380bc28a29e3009f0be73f5,gx-no-cache=1552562603494 HTTP/1.1" 200 30
200.111.191.210 - - [14/Mar/2019:08:26:16 -0300] "POST /cormun/servlet/solicitudotadjuntos?f2a1309adfffe89faf497bced977f939,INS,2019,14674,,1,,gx-no-cache=1552562603535 HTTP/1.1" 200 3878
200.111.191.210 - - [14/Mar/2019:08:26:18 -0300] "POST /cormun/servlet/solicitudotadjuntos?gx-no-cache=1552562605542 HTTP/1.1" 200 26
192.168.10.89 - - [14/Mar/2019:08:26:19 -0300] "POST /cormun/servlet/trsolicitudgral?2c5d7c4ffc334eb248e1d46a6bf6329b,,gx-no-cache=1552569585211 HTTP/1.1" 200 5296
200.111.191.210 - - [14/Mar/2019:08:26:22 -0300] "GET /cormun/servlet/solicitudotadjuntos?103160f5ef9b380d32db7483682a6d448724d27ac3a9e18ec6ec01441624a560,gx-no-cache=1552562610258 HTTP/1.1" 200 30
200.111.191.210 - - [14/Mar/2019:08:26:22 -0300] "GET /cormun/servlet/solicitudotadjuntos?103160f5ef9b380d32db7483682a6d448724d27ac3a9e18ec6ec01441624a560,gx-no-cache=1552562610288 HTTP/1.1" 200 30
200.111.191.210 - - [14/Mar/2019:08:26:24 -0300] "POST /cormun/servlet/solicitudotadjuntos?f2a1309adfffe89faf497bced977f939,INS,2019,14674,,1, HTTP/1.1" 200 116
200.111.191.210 - - [14/Mar/2019:08:26:24 -0300] "GET /cormun/servlet/hpexe_return? HTTP/1.1" 200 1025
200.111.191.210 - - [14/Mar/2019:08:26:24 -0300] "GET /cormun/servlet/trsolicitudadjuntos?2019,14674, HTTP/1.1" 200 8896
200.111.191.210 - - [14/Mar/2019:08:26:24 -0300] "GET /cormun/servlet/trsolicitudadjuntos?2019,14674, HTTP/1.1" 200 8895
200.111.191.210 - - [14/Mar/2019:08:26:26 -0300] "GET /cormun/servlet/solicitudotadjuntos?INS,2019,14674,,1, HTTP/1.1" 200 6075
200.111.191.210 - - [14/Mar/2019:08:26:26 -0300] "GET /cormun/static/about:blank HTTP/1.1" 404 1011
200.111.191.210 - - [14/Mar/2019:08:26:27 -0300] "GET /cormun/servlet/solicitudotadjuntos?INS,2019,14674,,1, HTTP/1.1" 200 6069
200.111.191.210 - - [14/Mar/2019:08:26:27 -0300] "GET /cormun/servlet/solicitudotadjuntos?103160f5ef9b380d32db7483682a6d44792a94919655e87bd52008d29ff2f48c171ca808e380bc28a29e3009f0be73f5,gx-no-cache=1552562614847 HTTP/1.1" 200 30
192.168.10.89 - - [14/Mar/2019:08:26:27 -0300] "POST /cormun/servlet/trsolicitudgral?2c5d7c4ffc334eb248e1d46a6bf6329b,,gx-no-cache=1552569592980 HTTP/1.1" 200 6675
200.111.191.210 - - [14/Mar/2019:08:26:28 -0300] "POST /cormun/servlet/solicitudotadjuntos?f2a1309adfffe89faf497bced977f939,INS,2019,14674,,1,,gx-no-cache=1552562614965 HTTP/1.1" 200 3878
200.111.191.210 - - [14/Mar/2019:08:26:30 -0300] "POST /cormun/servlet/solicitudotadjuntos?gx-no-cache=1552562618126 HTTP/1.1" 200 26
192.168.10.89 - - [14/Mar/2019:08:26:33 -0300] "GET /cormun/servlet/solicitudgral2?UPD,2019,12911, HTTP/1.1" 200 12318
192.168.10.89 - - [14/Mar/2019:08:26:34 -0300] "POST /cormun/servlet/solicitudgral2?gx-no-cache=1552569599593 HTTP/1.1" 200 4009
192.168.10.89 - - [14/Mar/2019:08:26:34 -0300] "GET /cormun/servlet/solicitudgral2?8b728cdad1bc680712d7924404ffebeedd4300a2b440296222847f54d74bd4f35e14c28261b44c8ea3b5b629e036ddb67506c9dfedbe1deec640bc46b337f8f627f0d122427e15bcfd0c63c9cbb00aa5b12e3a0db1853f70d8f5cedb86a762e195b81a1ba6e6945f5e1ca62cff3f893172b050d6dc5ba2fd28a64e8759390994c2a9610609a0c7aeb738e55b434eaf792afd1bc3ab69a7fa16699c45aa2d7e46aaf7d242dbefdf1611a00b35e14829b675ddcfdf23448e88bbfa67bc40a162882c5e5c494678248c7b2b4d61684911232bcedb351182a23df3af848b051e4621a78c855a4ec69d70a34dbaf72233a0de51d3db4695ba2c086a167c653f8ac2e5669f839a8ee35aa11ed9e15d886fc2e3381d51f614c47cae4d0feee3dbddcee4318d6994b7d17a1dec69e67af011763d6e1205d8adb3e2fc7373ef1f56ce9cc36ef25bd428e88eeb1054d8c77a5ccec1,gx-no-cache=1552569599774 HTTP/1.1" 200 255
192.168.10.89 - - [14/Mar/2019:08:26:34 -0300] "GET /cormun/servlet/solicitudgral2?8b728cdad1bc680712d7924404ffebeee5d04d90cdf82224ca2dae72671b965f8a5e87c98c9ca06ab53213826f035fdc1d5f3da4e0e348ce059c2debd9936ee6678dbe2bf6c3d0bf55b1c9d7ced519975656166f5480fe355c39ed5d5045b5ee,gx-no-cache=1552569599792 HTTP/1.1" 200 33
192.168.10.89 - - [14/Mar/2019:08:26:34 -0300] "GET /cormun/servlet/solicitudgral2?8b728cdad1bc680712d7924404ffebeedff42568792a193b531bf5a5c2515c81052cf9ec0d43b7327ac3e3b97587be6e9cef7c740b1304e5a6c7d3813a67eb9dde5acbd58236942e4b88fe7b23f66008a05e53af00ca695c5459c60e6acc071470ccae836f8f6307ba97bded1e87e413,gx-no-cache=1552569599807 HTTP/1.1" 200 40
200.111.191.210 - - [14/Mar/2019:08:26:34 -0300] "GET /cormun/servlet/solicitudotadjuntos?103160f5ef9b380d32db7483682a6d448724d27ac3a9e18ec6ec01441624a560,gx-no-cache=1552562621990 HTTP/1.1" 200 30
200.111.191.210 - - [14/Mar/2019:08:26:34 -0300] "GET /cormun/servlet/solicitudotadjuntos?103160f5ef9b380d32db7483682a6d448724d27ac3a9e18ec6ec01441624a560,gx-no-cache=1552562622080 HTTP/1.1" 200 30
192.168.10.89 - - [14/Mar/2019:08:26:38 -0300] "GET /cormun/servlet/solicitudgral2?8b728cdad1bc680712d7924404ffebee95f278b5a3853ddb8597f5d0dde337ad5e14c28261b44c8ea3b5b629e036ddb67506c9dfedbe1deec640bc46b337f8f62265892d6afce0df0809661d7f19190693bccd6c30f015508b2e15d18d122f38,gx-no-cache=1552569604239 HTTP/1.1" 200 30
192.168.10.89 - - [14/Mar/2019:08:26:39 -0300] "POST /cormun/servlet/solicitudgral2?gx-no-cache=1552569605054 HTTP/1.1" 200 97
200.111.191.210 - - [14/Mar/2019:08:26:39 -0300] "POST /cormun/servlet/solicitudotadjuntos?f2a1309adfffe89faf497bced977f939,INS,2019,14674,,1, HTTP/1.1" 200 116
200.111.191.210 - - [14/Mar/2019:08:26:39 -0300] "GET /cormun/servlet/hpexe_return? HTTP/1.1" 200 1025
200.111.191.210 - - [14/Mar/2019:08:26:40 -0300] "GET /cormun/servlet/trsolicitudadjuntos?2019,14674, HTTP/1.1" 200 9084
