200.111.191.210 - - [14/Mar/2019:08:26:40 -0300] "GET /cormun/servlet/trsolicitudadjuntos?2019,14674, HTTP/1.1" 200 9083
200.111.191.210 - - [14/Mar/2019:08:26:42 -0300] "GET /cormun/servlet/solicitudotadjuntos?INS,2019,14674,,1, HTTP/1.1" 200 6077
200.111.191.210 - - [14/Mar/2019:08:26:42 -0300] "GET /cormun/static/about:blank HTTP/1.1" 404 1011
200.111.191.210 - - [14/Mar/2019:08:26:42 -0300] "GET /cormun/servlet/solicitudotadjuntos?INS,2019,14674,,1, HTTP/1.1" 200 6070
200.111.191.210 - - [14/Mar/2019:08:26:43 -0300] "GET /cormun/servlet/solicitudotadjuntos?103160f5ef9b380d32db7483682a6d44792a94919655e87bd52008d29ff2f48c171ca808e380bc28a29e3009f0be73f5,gx-no-cache=1552562630561 HTTP/1.1" 200 30
200.111.191.210 - - [14/Mar/2019:08:26:43 -0300] "POST /cormun/servlet/solicitudotadjuntos?f2a1309adfffe89faf497bced977f939,INS,2019,14674,,1,,gx-no-cache=1552562630629 HTTP/1.1" 200 3879
200.111.191.210 - - [14/Mar/2019:08:26:45 -0300] "POST /cormun/servlet/solicitudotadjuntos?gx-no-cache=1552562632874 HTTP/1.1" 200 26
192.168.10.89 - - [14/Mar/2019:08:26:49 -0300] "POST /cormun/servlet/solicitudgral2?2c5d7c4ffc334eb248e1d46a6bf6329b,UPD,2019,12911,,gx-no-cache=1552569614950 HTTP/1.1" 200 11365
192.168.10.89 - - [14/Mar/2019:08:26:50 -0300] "GET /cormun/servlet/solicitudgral2?8b728cdad1bc680712d7924404ffebeec4968399a3d798562f428a4c53cc83bbd6bde89698cb7126b9defa18dedff3c128e349c0c00241ced022c1a0e0945021124f91e03d72b89b90257996a51b47c0a0b7b01b465126b0f2b92302151a45487d99f4cd6b8b05428196ba35abdb2f6c108768608d09979a6e2800cfd88829781a056389847b91a146a70b7b2f0940ba1ab15a80a802d70b73d96cab7ec665af9dbf1b1f293ac12e003b9058a90fc6623d531ca2e63ec75be788443f753b15a8ab431a8d8b70f139f077fed3731598f7,gx-no-cache=1552569615652 HTTP/1.1" 200 29
192.168.10.89 - - [14/Mar/2019:08:26:50 -0300] "GET /cormun/servlet/solicitudgral2?8b728cdad1bc680712d7924404ffebee4900d0e84c19298184e55c671cc20fea4ae8dc7a57e9d84f88cf2747533487c9cb5ea0bdfba7a6c927782579d3b2712c63a53387d4dcd540dea25320bc55e876cd3db2dd75e9823c20ad92e14ecb18aa02965328e532d1da655df30c5eb7c333882449d8e97e877aef6129a4946b1fb5,gx-no-cache=1552569616314 HTTP/1.1" 200 30
200.111.191.210 - - [14/Mar/2019:08:26:51 -0300] "GET /cormun/servlet/solicitudotadjuntos?103160f5ef9b380d32db7483682a6d448724d27ac3a9e18ec6ec01441624a560,gx-no-cache=1552562638689 HTTP/1.1" 200 30
200.111.191.210 - - [14/Mar/2019:08:26:51 -0300] "GET /cormun/servlet/solicitudotadjuntos?103160f5ef9b380d32db7483682a6d448724d27ac3a9e18ec6ec01441624a560,gx-no-cache=1552562638770 HTTP/1.1" 200 30
192.168.10.89 - - [14/Mar/2019:08:26:52 -0300] "POST /cormun/servlet/solicitudgral2?2c5d7c4ffc334eb248e1d46a6bf6329b,UPD,2019,12911,,gx-no-cache=1552569617617 HTTP/1.1" 200 93
192.168.10.89 - - [14/Mar/2019:08:26:52 -0300] "GET /cormun/servlet/hpexe_return? HTTP/1.1" 200 1018
192.168.10.89 - - [14/Mar/2019:08:26:52 -0300] "GET /cormun/servlet/trsolicitudgral? HTTP/1.1" 200 9714
200.111.191.210 - - [14/Mar/2019:08:26:53 -0300] "POST /cormun/servlet/solicitudotadjuntos?f2a1309adfffe89faf497bced977f939,INS,2019,14674,,1, HTTP/1.1" 200 116
200.111.191.210 - - [14/Mar/2019:08:26:53 -0300] "GET /cormun/servlet/hpexe_return? HTTP/1.1" 200 1025
200.111.191.210 - - [14/Mar/2019:08:26:53 -0300] "GET /cormun/servlet/trsolicitudadjuntos?2019,14674, HTTP/1.1" 200 9280
200.111.191.210 - - [14/Mar/2019:08:26:54 -0300] "GET /cormun/servlet/trsolicitudadjuntos?2019,14674, HTTP/1.1" 200 9276
192.168.10.89 - - [14/Mar/2019:08:26:54 -0300] "GET /cormun/servlet/trautorizarot? HTTP/1.1" 200 9570
200.111.191.210 - - [14/Mar/2019:08:26:55 -0300] "GET /cormun/servlet/solicitudotadjuntos?INS,2019,14674,,1, HTTP/1.1" 200 6077
200.111.191.210 - - [14/Mar/2019:08:26:56 -0300] "GET /cormun/static/about:blank HTTP/1.1" 404 1011
200.111.191.210 - - [14/Mar/2019:08:26:56 -0300] "GET /cormun/servlet/solicitudotadjuntos?INS,2019,14674,,1, HTTP/1.1" 200 6070
200.111.191.210 - - [14/Mar/2019:08:26:56 -0300] "GET /cormun/servlet/solicitudotadjuntos?103160f5ef9b380d32db7483682a6d44792a94919655e87bd52008d29ff2f48c171ca808e380bc28a29e3009f0be73f5,gx-no-cache=1552562644135 HTTP/1.1" 200 30
200.111.191.210 - - [14/Mar/2019:08:26:56 -0300] "POST /cormun/servlet/solicitudotadjuntos?f2a1309adfffe89faf497bced977f939,INS,2019,14674,,1,,gx-no-cache=1552562644227 HTTP/1.1" 200 3879
192.168.10.89 - - [14/Mar/2019:08:26:58 -0300] "POST /cormun/servlet/trautorizarot?2c5d7c4ffc334eb248e1d46a6bf6329b,,gx-no-cache=1552569624289 HTTP/1.1" 200 5376
200.111.191.210 - - [14/Mar/2019:08:27:00 -0300] "POST /cormun/servlet/solicitudotadjuntos?gx-no-cache=1552562647618 HTTP/1.1" 200 26
200.111.191.210 - - [14/Mar/2019:08:27:09 -0300] "GET /cormun/servlet/solicitudotadjuntos?103160f5ef9b380d32db7483682a6d448724d27ac3a9e18ec6ec01441624a560,gx-no-cache=1552562656814 HTTP/1.1" 200 30
200.111.191.210 - - [14/Mar/2019:08:27:09 -0300] "GET /cormun/servlet/solicitudotadjuntos?103160f5ef9b380d32db7483682a6d448724d27ac3a9e18ec6ec01441624a560,gx-no-cache=1552562656895 HTTP/1.1" 200 30
186.67.164.138 - - [14/Mar/2019:08:27:11 -0300] "GET /cormun/servlet/hlogin HTTP/1.1" 200 1717
200.111.191.210 - - [14/Mar/2019:08:27:14 -0300] "POST /cormun/servlet/solicitudotadjuntos?f2a1309adfffe89faf497bced977f939,INS,2019,14674,,1, HTTP/1.1" 200 116
200.111.191.210 - - [14/Mar/2019:08:27:14 -0300] "GET /cormun/servlet/hpexe_return? HTTP/1.1" 200 1025
200.111.191.210 - - [14/Mar/2019:08:27:15 -0300] "GET /cormun/servlet/trsolicitudadjuntos?2019,14674, HTTP/1.1" 200 9536
200.111.191.210 - - [14/Mar/2019:08:27:16 -0300] "GET /cormun/servlet/trsolicitudadjuntos?2019,14674, HTTP/1.1" 200 9532
200.111.191.210 - - [14/Mar/2019:08:27:17 -0300] "GET /cormun/servlet/solicitudotadjuntos?INS,2019,14674,,1, HTTP/1.1" 200 6077
200.111.191.210 - - [14/Mar/2019:08:27:18 -0300] "GET /cormun/static/about:blank HTTP/1.1" 404 1011
192.168.10.89 - - [14/Mar/2019:08:27:18 -0300] "POST /cormun/servlet/trautorizarot?2c5d7c4ffc334eb248e1d46a6bf6329b,,gx-no-cache=1552569643361 HTTP/1.1" 200 6562
200.111.191.210 - - [14/Mar/2019:08:27:18 -0300] "GET /cormun/servlet/solicitudotadjuntos?INS,2019,14674,,1, HTTP/1.1" 200 6070
200.111.191.210 - - [14/Mar/2019:08:27:18 -0300] "GET /cormun/servlet/solicitudotadjuntos?103160f5ef9b380d32db7483682a6d44792a94919655e87bd52008d29ff2f48c171ca808e380bc28a29e3009f0be73f5,gx-no-cache=1552562665990 HTTP/1.1" 200 30
200.111.191.210 - - [14/Mar/2019:08:27:18 -0300] "POST /cormun/servlet/solicitudotadjuntos?f2a1309adfffe89faf497bced977f939,INS,2019,14674,,1,,gx-no-cache=1552562666096 HTTP/1.1" 200 3879
186.67.164.138 - - [14/Mar/2019:08:27:19 -0300] "POST /cormun/servlet/hlogin?f278e34674b6f0a128b30c60fa3347d7,gx-no-cache=1552562620385 HTTP/1.1" 200 90
186.67.164.138 - - [14/Mar/2019:08:27:19 -0300] "GET /cormun/servlet/hpexe_link HTTP/1.1" 200 947
186.67.164.138 - - [14/Mar/2019:08:27:19 -0300] "GET /cormun/servlet/hhome HTTP/1.1" 200 4046
186.67.164.138 - - [14/Mar/2019:08:27:20 -0300] "GET /cormun/servlet/hhome HTTP/1.1" 200 4043
200.111.191.210 - - [14/Mar/2019:08:27:21 -0300] "POST /cormun/servlet/solicitudotadjuntos?gx-no-cache=1552562669377 HTTP/1.1" 200 26
186.67.164.138 - - [14/Mar/2019:08:27:26 -0300] "GET /cormun/servlet/trlicencias? HTTP/1.1" 200 9217
200.111.191.210 - - [14/Mar/2019:08:27:26 -0300] "GET /cormun/servlet/solicitudotadjuntos?103160f5ef9b380d32db7483682a6d448724d27ac3a9e18ec6ec01441624a560,gx-no-cache=1552562674161 HTTP/1.1" 200 30
200.111.191.210 - - [14/Mar/2019:08:27:26 -0300] "GET /cormun/servlet/solicitudotadjuntos?103160f5ef9b380d32db7483682a6d448724d27ac3a9e18ec6ec01441624a560,gx-no-cache=1552562674171 HTTP/1.1" 200 30
186.67.164.138 - - [14/Mar/2019:08:27:27 -0300] "GET /cormun/servlet/trlicencias? HTTP/1.1" 200 9214
200.111.191.210 - - [14/Mar/2019:08:27:31 -0300] "POST /cormun/servlet/solicitudotadjuntos?f2a1309adfffe89faf497bced977f939,INS,2019,14674,,1, HTTP/1.1" 200 116
200.111.191.210 - - [14/Mar/2019:08:27:31 -0300] "GET /cormun/servlet/hpexe_return? HTTP/1.1" 200 1025
200.111.191.210 - - [14/Mar/2019:08:27:32 -0300] "GET /cormun/servlet/trsolicitudadjuntos?2019,14674, HTTP/1.1" 200 9747
200.111.191.210 - - [14/Mar/2019:08:27:33 -0300] "GET /cormun/servlet/trsolicitudadjuntos?2019,14674, HTTP/1.1" 200 9741
200.111.191.210 - - [14/Mar/2019:08:27:36 -0300] "GET /cormun/servlet/trsolicitudot? HTTP/1.1" 200 8613
200.111.191.210 - - [14/Mar/2019:08:27:36 -0300] "GET /cormun/servlet/trsolicitudot? HTTP/1.1" 200 8607
200.111.191.210 - - [14/Mar/2019:08:27:39 -0300] "POST /cormun/servlet/trsolicitudot?f2a1309adfffe89faf497bced977f939,,gx-no-cache=1552562686988 HTTP/1.1" 200 4545
200.111.191.210 - - [14/Mar/2019:08:27:39 -0300] "GET /cormun/static/Shared/jqueryui/images/ui-bg_highlight-soft_100_c6c2c8_1x100.png HTTP/1.1" 404 1117
200.111.191.210 - - [14/Mar/2019:08:27:39 -0300] "GET /cormun/static/Shared/jqueryui/images/ui-icons_82798d_256x240.png HTTP/1.1" 404 1089
200.111.191.210 - - [14/Mar/2019:08:27:39 -0300] "GET /cormun/static/Shared/jqueryui/images/ui-icons_8d78a5_256x240.png HTTP/1.1" 404 1089
200.111.191.210 - - [14/Mar/2019:08:27:39 -0300] "GET /cormun/static/Shared/jqueryui/images/ui-bg_flat_55_fafafa_40x100.png HTTP/1.1" 404 1097
200.111.191.210 - - [14/Mar/2019:08:27:39 -0300] "POST /cormun/servlet/trsolicitudot?f2a1309adfffe89faf497bced977f939,,gx-no-cache=1552562687200 HTTP/1.1" 200 4320
200.111.191.210 - - [14/Mar/2019:08:27:42 -0300] "GET /cormun/servlet/solicitudot?INS,0,0, HTTP/1.1" 200 14845
200.111.191.210 - - [14/Mar/2019:08:27:42 -0300] "GET /cormun/servlet/solicitudot?INS,0,0, HTTP/1.1" 200 14850
200.111.191.210 - - [14/Mar/2019:08:27:49 -0300] "POST /cormun/servlet/solicitudot?gx-no-cache=1552562696829 HTTP/1.1" 200 3435
200.111.191.210 - - [14/Mar/2019:08:27:49 -0300] "POST /cormun/servlet/solicitudot?f2a1309adfffe89faf497bced977f939,INS,0,0,,gx-no-cache=1552562696948 HTTP/1.1" 200 11580
200.111.191.210 - - [14/Mar/2019:08:27:51 -0300] "GET /cormun/servlet/solicitudot?103160f5ef9b380d32db7483682a6d44edd1458516e3a8e58edc99b9f563ac28765dadc1b4ec96236a9b4340d1cdb187,gx-no-cache=1552562699290 HTTP/1.1" 200 30
186.67.164.138 - - [14/Mar/2019:08:28:11 -0300] "GET /cormun/servlet/licenciaspermisos?DSP,17477102,L,20190212000000, HTTP/1.1" 200 7150
186.67.164.138 - - [14/Mar/2019:08:28:11 -0300] "GET /cormun/static/gxcfg.js?201762917281167 HTTP/1.1" 200 953
186.67.164.138 - - [14/Mar/2019:08:28:11 -0300] "GET /cormun/static/licenciaspermisos.js?201762917281260 HTTP/1.1" 200 37491
186.67.164.138 - - [14/Mar/2019:08:28:12 -0300] "GET /cormun/servlet/licenciaspermisos?DSP,17477102,L,20190212000000, HTTP/1.1" 200 7150
200.111.191.210 - - [14/Mar/2019:08:28:27 -0300] "GET /cormun/servlet/prbanco?,MD,,gxPopupLevel%3D0%3B HTTP/1.1" 200 6600
200.111.191.210 - - [14/Mar/2019:08:28:31 -0300] "GET /cormun/servlet/solicitudot?103160f5ef9b380d32db7483682a6d446290b54b25ece6feb644aea7c215088d769fb969c8a65632d2258d5030483c84580ef285ff10310240e75265bdcfec5e,gx-no-cache=1552562738572 HTTP/1.1" 200 30
200.111.191.210 - - [14/Mar/2019:08:28:33 -0300] "GET /cormun/servlet/solicitudot?103160f5ef9b380d32db7483682a6d441b02a3b7b35732e766b3e4f266c2eb22,gx-no-cache=1552562740506 HTTP/1.1" 200 53
200.111.191.210 - - [14/Mar/2019:08:28:40 -0300] "POST /cormun/servlet/solicitudot?gx-no-cache=1552562748010 HTTP/1.1" 200 255
190.171.142.18 - - [14/Mar/2019:08:28:43 -0300] "GET /cormun/servlet/hlogin HTTP/1.1" 200 1726
190.171.142.18 - - [14/Mar/2019:08:28:43 -0300] "GET /cormun/static/gxtimezone.js?85251 HTTP/1.1" 200 5781
190.171.142.18 - - [14/Mar/2019:08:28:43 -0300] "GET /cormun/static/gxcfg.js?20177612122725 HTTP/1.1" 200 953
190.171.142.18 - - [14/Mar/2019:08:28:43 -0300] "GET /cormun/static/Resources/ComunLogin.png HTTP/1.1" 200 17326
190.171.142.18 - - [14/Mar/2019:08:28:43 -0300] "GET /cormun/static/Resources/Spanish/PXTools.css?1155365 HTTP/1.1" 200 89042
190.171.142.18 - - [14/Mar/2019:08:28:43 -0300] "GET /cormun/static/hlogin.js?20177612122738 HTTP/1.1" 200 2136
190.171.142.18 - - [14/Mar/2019:08:28:43 -0300] "GET /cormun/static/messages.spa.js?85251 HTTP/1.1" 200 30736
190.171.142.18 - - [14/Mar/2019:08:28:45 -0300] "GET /cormun/static/gxgral.js?85251 HTTP/1.1" 200 384558
190.171.142.18 - - [14/Mar/2019:08:28:45 -0300] "GET /cormun/static/Resources/PXToolsLoginBackground.png HTTP/1.1" 200 1164
190.171.142.18 - - [14/Mar/2019:08:28:45 -0300] "GET /cormun/static/Resources/PXToolsLoginTop.png HTTP/1.1" 200 1337
190.171.142.18 - - [14/Mar/2019:08:28:45 -0300] "GET /cormun/static/Resources/PXToolsButtonLeft21.png HTTP/1.1" 200 1287
190.171.142.18 - - [14/Mar/2019:08:28:45 -0300] "GET /cormun/static/Resources/PXToolsLoginBottom.png HTTP/1.1" 200 1389
190.171.142.18 - - [14/Mar/2019:08:28:45 -0300] "GET /cormun/static/Resources/PXToolsButtonBackground2.png HTTP/1.1" 200 1181
190.171.142.18 - - [14/Mar/2019:08:28:45 -0300] "GET /cormun/static/Resources/PXToolsButtonRight21.png HTTP/1.1" 200 1283
190.171.142.18 - - [14/Mar/2019:08:28:46 -0300] "GET /cormun/static/Resources/indicator.gif HTTP/1.1" 200 1553
190.171.142.18 - - [14/Mar/2019:08:28:46 -0300] "GET /cormun/servlet/hlogin HTTP/1.1" 200 1734
190.171.142.18 - - [14/Mar/2019:08:28:46 -0300] "GET /favicon.ico HTTP/1.1" 200 21630
186.67.164.138 - - [14/Mar/2019:08:28:48 -0300] "GET /cormun/servlet/trlicencias? HTTP/1.1" 200 9217
200.111.191.210 - - [14/Mar/2019:08:28:48 -0300] "GET /cormun/servlet/solicitudot?103160f5ef9b380d32db7483682a6d44581912081d2b54286f8011eb534b360e91c89da695dcba35863ae44e6ed5f58185e87517fd3e84813db7f5bdfd6a66cfee52be4bfe3a4d283a7337f4d3402cd04ead251e77ce19e273d51256d39d2d3046721739db4530f5b8005dc52a012e834f7b0631959a43474a514b1008370f8a6a690546519949b5021ce7a7f80843500a1de423abbf262addcc0ea37477850fe13596b358b4c5704a655ba5b20664ed847b84b31aa5cde45d260cfe3e586258fcc56dd4be45a227696de7b4e2bdbbdab72d0232e13d689f1ff1392cf645a4a20de87d837e08bbffe70a44ffff2c52a319547b58bd14cbb8b357e2caeac31b8cf17656b36c1ce701aba7a2a4d4093f3d1782d1d91524875c927cfb0824a0b822df847005472f3da69aae105e72de2b916fb8690ccfa6a355e9dbe9b38ce8dc52f655b658ff9028ba8c6ec61abf352a2c4059874c8b8bd5de01f94b55305d37ddfa6e94f3993e2297f22f0768012a4633d6c442721c70d172110a80f588dd23e0,gx-no-cache=1552562755697 HTTP/1.1" 200 30
190.171.142.18 - - [14/Mar/2019:08:28:48 -0300] "POST /cormun/servlet/hlogin?e27b0247b9925ad1a0f9a70fd7b1aa8d,gx-no-cache=1552562870436 HTTP/1.1" 200 90
190.171.142.18 - - [14/Mar/2019:08:28:48 -0300] "GET /cormun/servlet/hpexe_link HTTP/1.1" 200 952
190.171.142.18 - - [14/Mar/2019:08:28:48 -0300] "GET /cormun/static/hpexe_link.js?20177612121795 HTTP/1.1" 200 625
190.171.142.18 - - [14/Mar/2019:08:28:49 -0300] "GET /cormun/static/gxcfg.js?20177612121792 HTTP/1.1" 200 953
190.171.142.18 - - [14/Mar/2019:08:28:49 -0300] "GET /cormun/servlet/hhome HTTP/1.1" 200 4340
190.171.142.18 - - [14/Mar/2019:08:28:49 -0300] "GET /cormun/static/Shared/jqueryui/jquery-ui.min.css?1245370 HTTP/1.1" 200 30288
190.171.142.18 - - [14/Mar/2019:08:28:49 -0300] "GET /cormun/static/SmoothNavMenu/resources/ddsmoothmenu-v.css?1012540 HTTP/1.1" 200 1188
190.171.142.18 - - [14/Mar/2019:08:28:49 -0300] "GET /cormun/static/SmoothNavMenu/resources/ddsmoothmenu.css?1012540 HTTP/1.1" 200 2223
190.171.142.18 - - [14/Mar/2019:08:28:49 -0300] "GET /cormun/static/scaMessage/css/jquery.pnotify.default.css?1716380 HTTP/1.1" 200 1707
190.171.142.18 - - [14/Mar/2019:08:28:49 -0300] "GET /cormun/static/gxcfg.js?20175251212442 HTTP/1.1" 200 953
190.171.142.18 - - [14/Mar/2019:08:28:50 -0300] "GET /cormun/static/PXToolsJavascripts/pexe_windows.js HTTP/1.1" 200 15207
190.171.142.18 - - [14/Mar/2019:08:28:50 -0300] "GET /cormun/static/PXToolsJavascripts/pexe_autoreload.js HTTP/1.1" 200 1762
190.171.142.18 - - [14/Mar/2019:08:28:50 -0300] "GET /cormun/static/PXToolsJavascripts/pexe_cookies.js HTTP/1.1" 200 792
190.171.142.18 - - [14/Mar/2019:08:28:50 -0300] "GET /cormun/static/PXToolsJavascripts/pexe_grid.js HTTP/1.1" 200 7559
190.171.142.18 - - [14/Mar/2019:08:28:50 -0300] "GET /cormun/static/Resources/Spanish/PXTools.css?11423723 HTTP/1.1" 200 89042
190.171.142.18 - - [14/Mar/2019:08:28:50 -0300] "GET /cormun/static/PXToolsJavascripts/pexe_link.js HTTP/1.1" 200 5671
190.171.142.18 - - [14/Mar/2019:08:28:50 -0300] "GET /cormun/static/PXToolsJavascripts/pexe_griddivfix.js HTTP/1.1" 200 6644
190.171.142.18 - - [14/Mar/2019:08:28:50 -0300] "GET /cormun/static/PXToolsJavascripts/pexe_menudivfix.js HTTP/1.1" 200 333
190.171.142.18 - - [14/Mar/2019:08:28:50 -0300] "GET /cormun/static/PXToolsJavascripts/pexe_menus.js HTTP/1.1" 200 1286
190.171.142.18 - - [14/Mar/2019:08:28:50 -0300] "GET /cormun/static/PXToolsJavascripts/pexe_layers.js HTTP/1.1" 200 4114
190.171.142.18 - - [14/Mar/2019:08:28:50 -0300] "GET /cormun/static/PXToolsJavascripts/pexe_oav.js HTTP/1.1" 200 645
190.171.142.18 - - [14/Mar/2019:08:28:50 -0300] "GET /cormun/static/PXToolsJavascripts/pexe_oavdivfix.js HTTP/1.1" 200 639
190.171.142.18 - - [14/Mar/2019:08:28:50 -0300] "GET /cormun/static/PXToolsJavascripts/pexe_picture.js HTTP/1.1" 200 689
190.171.142.18 - - [14/Mar/2019:08:28:50 -0300] "GET /cormun/static/PXToolsJavascripts/pexe_popup.js HTTP/1.1" 200 13458
190.171.142.18 - - [14/Mar/2019:08:28:50 -0300] "GET /cormun/static/PXToolsJavascripts/pexe_scrolldiv.js HTTP/1.1" 200 4138
190.171.142.18 - - [14/Mar/2019:08:28:50 -0300] "GET /cormun/static/PXToolsJavascripts/pexe_tabdivfix.js HTTP/1.1" 200 876
190.171.142.18 - - [14/Mar/2019:08:28:50 -0300] "GET /cormun/static/PXToolsJavascripts/pexe_tabs.js HTTP/1.1" 200 3748
190.171.142.18 - - [14/Mar/2019:08:28:50 -0300] "GET /cormun/static/PXToolsJavascripts/pexe_upload.js HTTP/1.1" 200 1423
190.171.142.18 - - [14/Mar/2019:08:28:50 -0300] "GET /cormun/static/PXToolsJavascripts/PXToolsJavascriptsRender.js HTTP/1.1" 200 367
190.171.142.18 - - [14/Mar/2019:08:28:50 -0300] "GET /cormun/static/Resources/logo4.png HTTP/1.1" 200 6582
190.171.142.18 - - [14/Mar/2019:08:28:50 -0300] "GET /cormun/static/Resources/PXToolsHeaderActionsLeft.png HTTP/1.1" 200 1118
190.171.142.18 - - [14/Mar/2019:08:28:50 -0300] "GET /cormun/static/RunJS/RunJS.js HTTP/1.1" 200 288
190.171.142.18 - - [14/Mar/2019:08:28:50 -0300] "GET /cormun/static/Shared/ext/locale/ext-lang-en.js HTTP/1.1" 200 10940
190.171.142.18 - - [14/Mar/2019:08:28:50 -0300] "GET /cormun/static/hhome.js?20175251212450 HTTP/1.1" 200 777
190.171.142.18 - - [14/Mar/2019:08:28:50 -0300] "GET /cormun/static/hwchdr01.js?201752511465785 HTTP/1.1" 200 1183
186.67.164.138 - - [14/Mar/2019:08:28:50 -0300] "GET /cormun/servlet/trlicencias? HTTP/1.1" 200 9214
190.171.142.18 - - [14/Mar/2019:08:28:50 -0300] "GET /cormun/static/Resources/PXToolsHeaderLogin.png HTTP/1.1" 200 4279
190.171.142.18 - - [14/Mar/2019:08:28:50 -0300] "GET /cormun/static/Resources/PXToolsHeaderActionsRight.png HTTP/1.1" 200 1201
190.171.142.18 - - [14/Mar/2019:08:28:50 -0300] "GET /cormun/static/hpexe_recentlink.js?20177611595044 HTTP/1.1" 200 2144
190.171.142.18 - - [14/Mar/2019:08:28:50 -0300] "GET /cormun/static/Resources/PXToolsFooterBackground2.png HTTP/1.1" 200 1172
190.171.142.18 - - [14/Mar/2019:08:28:51 -0300] "GET /cormun/static/Resources/PXToolsDataTitle.png HTTP/1.1" 200 1173
190.171.142.18 - - [14/Mar/2019:08:28:51 -0300] "GET /cormun/static/Resources/PXToolsHeaderBackground2.png HTTP/1.1" 200 1174
190.171.142.18 - - [14/Mar/2019:08:28:51 -0300] "GET /cormun/static/Resources/PXToolsHeaderPreferences.png HTTP/1.1" 200 4189
190.171.142.18 - - [14/Mar/2019:08:28:51 -0300] "GET /cormun/static/Resources/PXToolsHeaderSecurity.png HTTP/1.1" 200 4166
190.171.142.18 - - [14/Mar/2019:08:28:51 -0300] "GET /cormun/static/gxui/gxui-all.js HTTP/1.1" 200 107772
190.171.142.18 - - [14/Mar/2019:08:28:51 -0300] "GET /cormun/static/Resources/PXToolsHeaderHome.png HTTP/1.1" 200 4147
190.171.142.18 - - [14/Mar/2019:08:28:51 -0300] "GET /cormun/static/hpexe_scripts.js?201752511465715 HTTP/1.1" 200 1544
190.171.142.18 - - [14/Mar/2019:08:28:51 -0300] "GET /cormun/static/hpexe_messagecontroller.js?20177611595012 HTTP/1.1" 200 870
190.171.142.18 - - [14/Mar/2019:08:28:51 -0300] "GET /cormun/static/Resources/PXToolsHeaderActionsBackground.png HTTP/1.1" 200 484
190.171.142.18 - - [14/Mar/2019:08:28:51 -0300] "GET /cormun/static/hpexe_messagepopupcomponent.js?20161017169425 HTTP/1.1" 200 605
190.171.142.18 - - [14/Mar/2019:08:28:51 -0300] "GET /cormun/static/hpexe_messagegenexuscomponent.js?201752511465344 HTTP/1.1" 200 587
190.171.142.18 - - [14/Mar/2019:08:28:51 -0300] "GET /cormun/static/cmcontrolpreferences.js?201752511465670 HTTP/1.1" 200 1375
190.171.142.18 - - [14/Mar/2019:08:28:51 -0300] "GET /cormun/static/Shared/jquery/jquery-1.4.2.min.js HTTP/1.1" 200 72174
190.171.142.18 - - [14/Mar/2019:08:28:51 -0300] "GET /cormun/static/SmoothNavMenu/resources/SmoothNavMenuRender.js HTTP/1.1" 200 5951
190.171.142.18 - - [14/Mar/2019:08:28:51 -0300] "GET /cormun/static/SmoothNavMenu/resources/ddsmoothmenu.js HTTP/1.1" 200 12712
200.111.191.210 - - [14/Mar/2019:08:28:51 -0300] "POST /cormun/servlet/solicitudot?gx-no-cache=1552562759011 HTTP/1.1" 200 30
190.171.142.18 - - [14/Mar/2019:08:28:51 -0300] "GET /cormun/static/scaMessage/js/jquery.pnotify.min.js HTTP/1.1" 200 13038
190.171.142.18 - - [14/Mar/2019:08:28:51 -0300] "GET /cormun/static/scaMessage/scaMessageRender.js HTTP/1.1" 200 11977
190.171.142.18 - - [14/Mar/2019:08:28:51 -0300] "GET /cormun/static/hmpwkw03.js?20189613443875 HTTP/1.1" 200 3965
190.171.142.18 - - [14/Mar/2019:08:28:52 -0300] "GET /cormun/static/Shared/jquery/jquery-1.10.2.min.js HTTP/1.1" 200 273199
190.171.142.18 - - [14/Mar/2019:08:28:52 -0300] "GET /cormun/static/Shared/jqueryui/jquery-ui.min.js HTTP/1.1" 200 240427
200.111.191.210 - - [14/Mar/2019:08:28:53 -0300] "POST /cormun/servlet/solicitudot?gx-no-cache=1552562760453 HTTP/1.1" 200 1277
200.111.191.210 - - [14/Mar/2019:08:28:53 -0300] "POST /cormun/servlet/solicitudot?gx-no-cache=1552562760581 HTTP/1.1" 200 38
190.171.142.18 - - [14/Mar/2019:08:28:54 -0300] "GET /cormun/static/Shared/ext/ext-all.js HTTP/1.1" 200 1289687
186.67.164.138 - - [14/Mar/2019:08:28:54 -0300] "GET /cormun/servlet/licenciaspermisos?DSP,15123097,L,20190225000000, HTTP/1.1" 200 7114
190.171.142.18 - - [14/Mar/2019:08:28:54 -0300] "GET /cormun/static/SmoothNavMenu/resources/images/right.gif HTTP/1.1" 200 860
190.171.142.18 - - [14/Mar/2019:08:28:54 -0300] "GET /cormun/static/SmoothNavMenu/resources/images/down.gif HTTP/1.1" 200 854
190.171.142.18 - - [14/Mar/2019:08:28:54 -0300] "GET /cormun/servlet/hhome HTTP/1.1" 200 4336
186.67.164.138 - - [14/Mar/2019:08:28:55 -0300] "GET /cormun/servlet/licenciaspermisos?DSP,15123097,L,20190225000000, HTTP/1.1" 200 7114
190.171.142.18 - - [14/Mar/2019:08:28:59 -0300] "GET /cormun/servlet/trsolicitudot? HTTP/1.1" 200 7558
190.171.142.18 - - [14/Mar/2019:08:29:00 -0300] "GET /cormun/static/gxui/gxui-all.css?120300 HTTP/1.1" 200 2179
190.171.142.18 - - [14/Mar/2019:08:29:00 -0300] "GET /cormun/static/calendar-system.css?85620 HTTP/1.1" 200 5572
190.171.142.18 - - [14/Mar/2019:08:29:00 -0300] "GET /cormun/static/gxcfg.js?2017111422585916 HTTP/1.1" 200 953
190.171.142.18 - - [14/Mar/2019:08:29:00 -0300] "GET /cormun/static/calendar.js?85251 HTTP/1.1" 200 26246
190.171.142.18 - - [14/Mar/2019:08:29:00 -0300] "GET /cormun/static/calendar-setup.js?85251 HTTP/1.1" 200 2588
190.171.142.18 - - [14/Mar/2019:08:29:00 -0300] "GET /cormun/static/calendar-es.js?85251 HTTP/1.1" 200 1901
190.171.142.18 - - [14/Mar/2019:08:29:00 -0300] "GET /cormun/static/Resources/PXTools/calendar.png HTTP/1.1" 200 1306
190.171.142.18 - - [14/Mar/2019:08:29:00 -0300] "GET /cormun/static/Resources/PXToolsDataSearch.png HTTP/1.1" 200 419
190.171.142.18 - - [14/Mar/2019:08:29:00 -0300] "GET /cormun/static/gxdec.js?85251 HTTP/1.1" 200 19579
190.171.142.18 - - [14/Mar/2019:08:29:00 -0300] "GET /cormun/static/Resources/Spanish/PXTools.css?1255365 HTTP/1.1" 200 89042
190.171.142.18 - - [14/Mar/2019:08:29:00 -0300] "GET /cormun/static/Resources/PXToolsGridFirstDisabled.gif HTTP/1.1" 200 100
190.171.142.18 - - [14/Mar/2019:08:29:00 -0300] "GET /cormun/static/trsolicitudot.js?201711142259839 HTTP/1.1" 200 54041
190.171.142.18 - - [14/Mar/2019:08:29:00 -0300] "GET /cormun/static/Resources/PXToolsGridPreviousDisabled.gif HTTP/1.1" 200 90
190.171.142.18 - - [14/Mar/2019:08:29:00 -0300] "GET /cormun/static/Resources/PXToolsGridNextDisabled.gif HTTP/1.1" 200 90
190.171.142.18 - - [14/Mar/2019:08:29:00 -0300] "GET /cormun/static/Resources/PXToolsGridLastDisabled.gif HTTP/1.1" 200 98
200.111.191.210 - - [14/Mar/2019:08:29:00 -0300] "GET /cormun/servlet/solicitudot?103160f5ef9b380d32db7483682a6d4473570c9d5d072ea779814fee78c3acbb8ada3ae16e0fbcfc334447330dd90824b72bde93e5dd1daf1169f5d110f19df314714e6a846ccc5d33a4c53798fd23c98fe3beaa83a78eeae24ed662e387267b27bb6c6d39e24dba9ed47295173b7ef6,gx-no-cache=1552562768089 HTTP/1.1" 200 110
190.171.142.18 - - [14/Mar/2019:08:29:00 -0300] "GET /cormun/static/Shared/ext/resources/css/ext-all.css?215870 HTTP/1.1" 200 416045
190.171.142.18 - - [14/Mar/2019:08:29:00 -0300] "GET /cormun/static/Resources/PXToolsGridPage.gif HTTP/1.1" 200 725
190.171.142.18 - - [14/Mar/2019:08:29:00 -0300] "GET /cormun/static/Resources/PXToolsActionExcel.png HTTP/1.1" 200 3187
190.171.142.18 - - [14/Mar/2019:08:29:01 -0300] "GET /cormun/static/Resources/PXToolsGridNew.png HTTP/1.1" 200 2949
190.171.142.18 - - [14/Mar/2019:08:29:01 -0300] "GET /cormun/static/Resources/desc.gif HTTP/1.1" 200 65
190.171.142.18 - - [14/Mar/2019:08:29:01 -0300] "GET /cormun/static/Resources/asc.gif HTTP/1.1" 200 67
190.171.142.18 - - [14/Mar/2019:08:29:01 -0300] "GET /cormun/servlet/trsolicitudot? HTTP/1.1" 200 7556
190.171.142.18 - - [14/Mar/2019:08:29:01 -0300] "GET /cormun/static/Shared/ext/resources/themes/images/default/panel/bg-headersPanel.png HTTP/1.1" 200 255
190.171.142.18 - - [14/Mar/2019:08:29:01 -0300] "GET /cormun/static/Shared/ext/resources/themes/images/default/tools/tool-sprites.gif HTTP/1.1" 200 5434
190.171.142.18 - - [14/Mar/2019:08:29:08 -0300] "GET /cormun/static/menuarrow.gif HTTP/1.1" 404 1015
200.111.191.210 - - [14/Mar/2019:08:29:13 -0300] "POST /cormun/servlet/solicitudot?gx-no-cache=1552562780572 HTTP/1.1" 200 97
190.171.142.18 - - [14/Mar/2019:08:29:15 -0300] "POST /cormun/servlet/trsolicitudot?e27b0247b9925ad1a0f9a70fd7b1aa8d,,gx-no-cache=1552562897006 HTTP/1.1" 200 5922
190.171.142.18 - - [14/Mar/2019:08:29:15 -0300] "GET /cormun//static/Resources/PXToolsActionView.png HTTP/1.1" 200 2995
190.171.142.18 - - [14/Mar/2019:08:29:15 -0300] "GET /cormun//static/Resources/PXToolsRemoveAllAction.png HTTP/1.1" 200 3558
190.171.142.18 - - [14/Mar/2019:08:29:15 -0300] "GET /cormun//static/Resources/PXToolsGridUpdate.png HTTP/1.1" 200 2984
190.171.142.18 - - [14/Mar/2019:08:29:15 -0300] "GET /cormun//static/Resources/PXToolsGridDelete.png HTTP/1.1" 200 357
190.171.142.18 - - [14/Mar/2019:08:29:15 -0300] "GET /cormun//static/Resources/PXTools/ActionInsert.png HTTP/1.1" 200 1482
200.111.191.210 - - [14/Mar/2019:08:29:18 -0300] "POST /cormun/servlet/solicitudot?gx-no-cache=1552562785813 HTTP/1.1" 200 255
190.171.142.18 - - [14/Mar/2019:08:29:19 -0300] "GET /cormun/servlet/vesolicitudot?2019,13620,, HTTP/1.1" 200 8679
190.171.142.18 - - [14/Mar/2019:08:29:19 -0300] "GET /cormun/static/Resources/PXToolsTabFirstSelected.png HTTP/1.1" 200 1259
190.171.142.18 - - [14/Mar/2019:08:29:19 -0300] "GET /cormun/pexe_scrolldiv.js HTTP/1.1" 404 1009
190.171.142.18 - - [14/Mar/2019:08:29:19 -0300] "GET /cormun/static/gxcfg.js?2017111422591385 HTTP/1.1" 200 953
190.171.142.18 - - [14/Mar/2019:08:29:19 -0300] "GET /cormun/static/hwcviewtabs.js?20177611594913 HTTP/1.1" 200 1074
190.171.142.18 - - [14/Mar/2019:08:29:19 -0300] "GET /cormun/static/Resources/PXToolsTabPrevious.gif HTTP/1.1" 200 172
190.171.142.18 - - [14/Mar/2019:08:29:19 -0300] "GET /cormun/static/hpexe_tabsview.js?201610171694228 HTTP/1.1" 200 1661
190.171.142.18 - - [14/Mar/2019:08:29:19 -0300] "GET /cormun/static/tbsolicitudot01.js?2017111422581186 HTTP/1.1" 200 30566
190.171.142.18 - - [14/Mar/2019:08:29:19 -0300] "GET /cormun/static/Resources/PXToolsTabLastUnselected.png HTTP/1.1" 200 1291
190.171.142.18 - - [14/Mar/2019:08:29:19 -0300] "GET /cormun/static/vesolicitudot.js?2017111422591449 HTTP/1.1" 200 6091
190.171.142.18 - - [14/Mar/2019:08:29:19 -0300] "GET /cormun/pexe_scrolldiv.js HTTP/1.1" 404 1009
190.171.142.18 - - [14/Mar/2019:08:29:19 -0300] "GET /cormun/static/Resources/PXToolsTabNext.gif HTTP/1.1" 200 168
190.171.142.18 - - [14/Mar/2019:08:29:19 -0300] "GET /cormun/static/calendar-system.css HTTP/1.1" 200 5572
190.171.142.18 - - [14/Mar/2019:08:29:19 -0300] "GET /cormun/static/Resources/PXToolsTabBackSelected.png HTTP/1.1" 200 1157
190.171.142.18 - - [14/Mar/2019:08:29:19 -0300] "GET /cormun/static/Resources/PXToolsTabBackUnselected.png HTTP/1.1" 200 1175
190.171.142.18 - - [14/Mar/2019:08:29:19 -0300] "GET /cormun/static/Resources/PXToolsTabUnselectedUnselected.png HTTP/1.1" 200 1459
190.171.142.18 - - [14/Mar/2019:08:29:19 -0300] "GET /cormun/static/Resources/PXToolsTabSelectedUnselected.png HTTP/1.1" 200 1428
190.171.142.18 - - [14/Mar/2019:08:29:20 -0300] "GET /cormun/servlet/vesolicitudot?2019,13620,, HTTP/1.1" 200 8679
200.111.191.210 - - [14/Mar/2019:08:29:20 -0300] "GET /cormun/servlet/solicitudot?103160f5ef9b380d32db7483682a6d44581912081d2b54286f8011eb534b360e96cf983327169892f64ad39a1d706dc585e87517fd3e84813db7f5bdfd6a66cfee52be4bfe3a4d283a7337f4d3402cd04ead251e77ce19e273d51256d39d2d3046721739db4530f5b8005dc52a012e834f7b0631959a43474a514b1008370f8a6a690546519949b5021ce7a7f80843500a1de423abbf262addcc0ea37477850fe13596b358b4c5704a655ba5b20664ed847b84b31aa5cde45d260cfe3e586258fcc56dd4be45a227696de7b4e2bdbbdab72d0232e13d689f1ff1392cf645a4a20de87d837e08bbffe70a44ffff2c52a319547b58bd14cbb8b357e2caeac31b8cf17656b36c1ce701aba7a2a4d4093f3daf6808ed5766cfb7dedb5aef0b465db4ad1ce2b62171ab5853c4f2be4d790c54d6cb84a4f5a6e56c8f6ec1a0662e487e8cdc721f69af30f4cf8c569db2b41a57077c08f99a11b6ef4bb61305d796335eb9f62eba379294d22f282274dc3ff47a9ce7ed8c60710e23222bdc1105d6876c,gx-no-cache=1552562788257 HTTP/1.1" 200 30
200.111.191.210 - - [14/Mar/2019:08:29:20 -0300] "POST /cormun/servlet/solicitudot?gx-no-cache=1552562788372 HTTP/1.1" 200 30
200.111.191.210 - - [14/Mar/2019:08:29:21 -0300] "POST /cormun/servlet/solicitudot?gx-no-cache=1552562788458 HTTP/1.1" 200 1280
200.111.191.210 - - [14/Mar/2019:08:29:21 -0300] "POST /cormun/servlet/solicitudot?gx-no-cache=1552562788528 HTTP/1.1" 200 38
200.111.191.210 - - [14/Mar/2019:08:29:21 -0300] "GET /cormun/servlet/solicitudot?103160f5ef9b380d32db7483682a6d4473570c9d5d072ea779814fee78c3acbb8ada3ae16e0fbcfc334447330dd90824b72bde93e5dd1daf1169f5d110f19df314714e6a846ccc5d33a4c53798fd23c98fe3beaa83a78eeae24ed662e387267b27bb6c6d39e24dba9ed47295173b7ef6,gx-no-cache=1552562788573 HTTP/1.1" 200 110
200.111.191.210 - - [14/Mar/2019:08:29:21 -0300] "POST /cormun/servlet/solicitudot?gx-no-cache=1552562788628 HTTP/1.1" 200 97
200.111.191.210 - - [14/Mar/2019:08:29:30 -0300] "GET /cormun/servlet/solicitudot?103160f5ef9b380d32db7483682a6d4465ba3a65a07769eab23de4f3cdf4194470c27a406b6c695a5bddbdd00482e9c42ee3cef19cb24ef53263a04adf48a651d73bf01879f90d26bbe66a6ab00a18a38c4867f22991e6328a551340a2988236eb3a05136fda2f4f1655c9aa8a93ac5f,gx-no-cache=1552562798118 HTTP/1.1" 200 29
200.111.191.210 - - [14/Mar/2019:08:29:35 -0300] "GET /cormun/servlet/solicitudot?103160f5ef9b380d32db7483682a6d44bf07cd20819ee53d37f8a3bffcf4850cfac02dcb6a0dda708b49c50f9e087815,gx-no-cache=1552562802926 HTTP/1.1" 200 30
200.111.191.210 - - [14/Mar/2019:08:29:37 -0300] "POST /cormun/servlet/solicitudot?gx-no-cache=1552562805370 HTTP/1.1" 200 30
200.111.191.210 - - [14/Mar/2019:08:29:41 -0300] "POST /cormun/servlet/solicitudot?f2a1309adfffe89faf497bced977f939,INS,0,0,,gx-no-cache=1552562808781 HTTP/1.1" 200 93
200.111.191.210 - - [14/Mar/2019:08:29:41 -0300] "GET /cormun/servlet/hpexe_return? HTTP/1.1" 200 1005
200.111.191.210 - - [14/Mar/2019:08:29:41 -0300] "GET /cormun/servlet/trsolicitudot? HTTP/1.1" 200 8620
200.111.191.210 - - [14/Mar/2019:08:29:41 -0300] "GET /cormun/servlet/trsolicitudot? HTTP/1.1" 200 8616
200.111.191.210 - - [14/Mar/2019:08:29:44 -0300] "POST /cormun/servlet/trsolicitudot?f2a1309adfffe89faf497bced977f939,,gx-no-cache=1552562811658 HTTP/1.1" 200 5949
200.111.191.210 - - [14/Mar/2019:08:29:44 -0300] "GET /cormun/static/Shared/jqueryui/images/ui-bg_highlight-soft_100_c6c2c8_1x100.png HTTP/1.1" 404 1117
200.111.191.210 - - [14/Mar/2019:08:29:44 -0300] "GET /cormun/static/Shared/jqueryui/images/ui-icons_82798d_256x240.png HTTP/1.1" 404 1089
200.111.191.210 - - [14/Mar/2019:08:29:44 -0300] "GET /cormun/static/Shared/jqueryui/images/ui-bg_flat_55_fafafa_40x100.png HTTP/1.1" 404 1097
200.111.191.210 - - [14/Mar/2019:08:29:44 -0300] "GET /cormun/static/Shared/jqueryui/images/ui-icons_8d78a5_256x240.png HTTP/1.1" 404 1089
200.111.191.210 - - [14/Mar/2019:08:29:46 -0300] "POST /cormun/servlet/trsolicitudot?f2a1309adfffe89faf497bced977f939,,gx-no-cache=1552562813844 HTTP/1.1" 200 108
200.111.191.210 - - [14/Mar/2019:08:29:46 -0300] "GET /cormun/servlet/trsolicitudadjuntos?2019,14675, HTTP/1.1" 200 6130
200.111.191.210 - - [14/Mar/2019:08:29:46 -0300] "GET /cormun/servlet/trsolicitudadjuntos?2019,14675, HTTP/1.1" 200 6130
200.111.191.210 - - [14/Mar/2019:08:29:49 -0300] "GET /cormun/servlet/solicitudotadjuntos?INS,2019,14675,,1, HTTP/1.1" 200 6076
200.111.191.210 - - [14/Mar/2019:08:29:49 -0300] "GET /cormun/static/about:blank HTTP/1.1" 404 1011
200.111.191.210 - - [14/Mar/2019:08:29:49 -0300] "GET /cormun/servlet/solicitudotadjuntos?INS,2019,14675,,1, HTTP/1.1" 200 6070
200.111.191.210 - - [14/Mar/2019:08:29:49 -0300] "GET /cormun/servlet/solicitudotadjuntos?103160f5ef9b380d32db7483682a6d4479a1dacf37177c007f2768d2efc7afca171ca808e380bc28a29e3009f0be73f5,gx-no-cache=1552562817143 HTTP/1.1" 200 30
200.111.191.210 - - [14/Mar/2019:08:29:49 -0300] "POST /cormun/servlet/solicitudotadjuntos?f2a1309adfffe89faf497bced977f939,INS,2019,14675,,1,,gx-no-cache=1552562817313 HTTP/1.1" 200 3880
200.111.191.210 - - [14/Mar/2019:08:29:51 -0300] "POST /cormun/servlet/solicitudotadjuntos?gx-no-cache=1552562818899 HTTP/1.1" 200 26
200.111.191.210 - - [14/Mar/2019:08:29:57 -0300] "GET /cormun/servlet/solicitudotadjuntos?103160f5ef9b380d32db7483682a6d448724d27ac3a9e18ec6ec01441624a560,gx-no-cache=1552562825034 HTTP/1.1" 200 30
200.111.191.210 - - [14/Mar/2019:08:29:57 -0300] "GET /cormun/servlet/solicitudotadjuntos?103160f5ef9b380d32db7483682a6d448724d27ac3a9e18ec6ec01441624a560,gx-no-cache=1552562825061 HTTP/1.1" 200 30
200.111.191.210 - - [14/Mar/2019:08:29:58 -0300] "POST /cormun/servlet/solicitudotadjuntos?f2a1309adfffe89faf497bced977f939,INS,2019,14675,,1, HTTP/1.1" 200 116
200.111.191.210 - - [14/Mar/2019:08:29:58 -0300] "GET /cormun/servlet/hpexe_return? HTTP/1.1" 200 1025
200.111.191.210 - - [14/Mar/2019:08:29:58 -0300] "GET /cormun/servlet/trsolicitudadjuntos?2019,14675, HTTP/1.1" 200 8688
200.111.191.210 - - [14/Mar/2019:08:29:58 -0300] "GET /cormun/servlet/trsolicitudadjuntos?2019,14675, HTTP/1.1" 200 8683
200.111.191.210 - - [14/Mar/2019:08:30:00 -0300] "GET /cormun/servlet/solicitudotadjuntos?INS,2019,14675,,1, HTTP/1.1" 200 6076
200.111.191.210 - - [14/Mar/2019:08:30:00 -0300] "GET /cormun/static/about:blank HTTP/1.1" 404 1011
200.111.191.210 - - [14/Mar/2019:08:30:00 -0300] "GET /cormun/servlet/solicitudotadjuntos?INS,2019,14675,,1, HTTP/1.1" 200 6070
200.111.191.210 - - [14/Mar/2019:08:30:01 -0300] "GET /cormun/servlet/solicitudotadjuntos?103160f5ef9b380d32db7483682a6d4479a1dacf37177c007f2768d2efc7afca171ca808e380bc28a29e3009f0be73f5,gx-no-cache=1552562828621 HTTP/1.1" 200 30
200.111.191.210 - - [14/Mar/2019:08:30:01 -0300] "POST /cormun/servlet/solicitudotadjuntos?f2a1309adfffe89faf497bced977f939,INS,2019,14675,,1,,gx-no-cache=1552562828719 HTTP/1.1" 200 3880
200.111.191.210 - - [14/Mar/2019:08:30:02 -0300] "POST /cormun/servlet/solicitudotadjuntos?gx-no-cache=1552562830165 HTTP/1.1" 200 26
200.111.191.210 - - [14/Mar/2019:08:30:06 -0300] "GET /cormun/servlet/solicitudotadjuntos?103160f5ef9b380d32db7483682a6d448724d27ac3a9e18ec6ec01441624a560,gx-no-cache=1552562834157 HTTP/1.1" 200 30
200.111.191.210 - - [14/Mar/2019:08:30:06 -0300] "GET /cormun/servlet/solicitudotadjuntos?103160f5ef9b380d32db7483682a6d448724d27ac3a9e18ec6ec01441624a560,gx-no-cache=1552562834165 HTTP/1.1" 200 30
200.111.191.210 - - [14/Mar/2019:08:30:07 -0300] "POST /cormun/servlet/solicitudotadjuntos?f2a1309adfffe89faf497bced977f939,INS,2019,14675,,1, HTTP/1.1" 200 116
200.111.191.210 - - [14/Mar/2019:08:30:07 -0300] "GET /cormun/servlet/hpexe_return? HTTP/1.1" 200 1025
200.111.191.210 - - [14/Mar/2019:08:30:07 -0300] "GET /cormun/servlet/trsolicitudadjuntos?2019,14675, HTTP/1.1" 200 8899
200.111.191.210 - - [14/Mar/2019:08:30:07 -0300] "GET /cormun/servlet/trsolicitudadjuntos?2019,14675, HTTP/1.1" 200 8895
200.111.191.210 - - [14/Mar/2019:08:30:09 -0300] "GET /cormun/servlet/solicitudotadjuntos?INS,2019,14675,,1, HTTP/1.1" 200 6076
200.111.191.210 - - [14/Mar/2019:08:30:09 -0300] "GET /cormun/static/about:blank HTTP/1.1" 404 1011
200.111.191.210 - - [14/Mar/2019:08:30:09 -0300] "GET /cormun/servlet/solicitudotadjuntos?INS,2019,14675,,1, HTTP/1.1" 200 6070
200.111.191.210 - - [14/Mar/2019:08:30:10 -0300] "GET /cormun/servlet/solicitudotadjuntos?103160f5ef9b380d32db7483682a6d4479a1dacf37177c007f2768d2efc7afca171ca808e380bc28a29e3009f0be73f5,gx-no-cache=1552562837898 HTTP/1.1" 200 30
200.111.191.210 - - [14/Mar/2019:08:30:10 -0300] "POST /cormun/servlet/solicitudotadjuntos?f2a1309adfffe89faf497bced977f939,INS,2019,14675,,1,,gx-no-cache=1552562837989 HTTP/1.1" 200 3880
192.168.10.89 - - [14/Mar/2019:08:30:11 -0300] "GET /cormun/servlet/trsolicitudgral? HTTP/1.1" 200 9708
200.111.191.210 - - [14/Mar/2019:08:30:12 -0300] "POST /cormun/servlet/solicitudotadjuntos?gx-no-cache=1552562839617 HTTP/1.1" 200 26
200.111.191.210 - - [14/Mar/2019:08:30:16 -0300] "GET /cormun/servlet/solicitudotadjuntos?103160f5ef9b380d32db7483682a6d448724d27ac3a9e18ec6ec01441624a560,gx-no-cache=1552562843554 HTTP/1.1" 200 30
200.111.191.210 - - [14/Mar/2019:08:30:16 -0300] "GET /cormun/servlet/solicitudotadjuntos?103160f5ef9b380d32db7483682a6d448724d27ac3a9e18ec6ec01441624a560,gx-no-cache=1552562843562 HTTP/1.1" 200 30
192.168.10.89 - - [14/Mar/2019:08:30:16 -0300] "POST /cormun/servlet/trsolicitudgral?2c5d7c4ffc334eb248e1d46a6bf6329b,,gx-no-cache=1552569821742 HTTP/1.1" 200 6671
200.111.191.210 - - [14/Mar/2019:08:30:16 -0300] "POST /cormun/servlet/solicitudotadjuntos?f2a1309adfffe89faf497bced977f939,INS,2019,14675,,1, HTTP/1.1" 200 116
200.111.191.210 - - [14/Mar/2019:08:30:16 -0300] "GET /cormun/servlet/hpexe_return? HTTP/1.1" 200 1025
200.111.191.210 - - [14/Mar/2019:08:30:17 -0300] "GET /cormun/servlet/trsolicitudadjuntos?2019,14675, HTTP/1.1" 200 9079
200.111.191.210 - - [14/Mar/2019:08:30:17 -0300] "GET /cormun/servlet/trsolicitudadjuntos?2019,14675, HTTP/1.1" 200 9074
192.168.10.89 - - [14/Mar/2019:08:30:19 -0300] "GET /cormun/servlet/solicitudgral2?UPD,2019,12905, HTTP/1.1" 200 12406
200.111.191.210 - - [14/Mar/2019:08:30:19 -0300] "GET /cormun/servlet/solicitudotadjuntos?INS,2019,14675,,1, HTTP/1.1" 200 6076
200.111.191.210 - - [14/Mar/2019:08:30:19 -0300] "GET /cormun/static/about:blank HTTP/1.1" 404 1011
200.111.191.210 - - [14/Mar/2019:08:30:19 -0300] "GET /cormun/servlet/solicitudotadjuntos?INS,2019,14675,,1, HTTP/1.1" 200 6070
200.111.191.210 - - [14/Mar/2019:08:30:19 -0300] "GET /cormun/servlet/solicitudotadjuntos?103160f5ef9b380d32db7483682a6d4479a1dacf37177c007f2768d2efc7afca171ca808e380bc28a29e3009f0be73f5,gx-no-cache=1552562847228 HTTP/1.1" 200 30
200.111.191.210 - - [14/Mar/2019:08:30:19 -0300] "POST /cormun/servlet/solicitudotadjuntos?f2a1309adfffe89faf497bced977f939,INS,2019,14675,,1,,gx-no-cache=1552562847250 HTTP/1.1" 200 3880
192.168.10.89 - - [14/Mar/2019:08:30:20 -0300] "POST /cormun/servlet/solicitudgral2?gx-no-cache=1552569825362 HTTP/1.1" 200 4044
192.168.10.89 - - [14/Mar/2019:08:30:20 -0300] "GET /cormun/servlet/solicitudgral2?8b728cdad1bc680712d7924404ffebeedd4300a2b440296222847f54d74bd4f35e14c28261b44c8ea3b5b629e036ddb67506c9dfedbe1deec640bc46b337f8f627f0d122427e15bcfd0c63c9cbb00aa5b12e3a0db1853f70d8f5cedb86a762e195b81a1ba6e6945f5e1ca62cff3f893172b050d6dc5ba2fd28a64e8759390994c2a9610609a0c7aeb738e55b434eaf792afd1bc3ab69a7fa16699c45aa2d7e46aaf7d242dbefdf1611a00b35e14829b675ddcfdf23448e88bbfa67bc40a162882c5e5c494678248c7b2b4d61684911232bcedb351182a23df3af848b051e4621a78c855a4ec69d70a34dbaf72233a0de51d3db4695ba2c086a167c653f8ac2e5669f839a8ee35aa11ed9e15d886fc2e3381d51f614c47cae4d0feee3dbddcee4318d6994b7d17a1dec69e67af011763d6e1205d8adb3e2fc7373ef1f56ce9cc36ef25bd428e88eeb1054d8c77a5ccec1,gx-no-cache=1552569825547 HTTP/1.1" 200 255
192.168.10.89 - - [14/Mar/2019:08:30:20 -0300] "GET /cormun/servlet/solicitudgral2?8b728cdad1bc680712d7924404ffebee294fd83d324b1c4a53cc082f0183d303dbd942aaab527f96ffa04c05fb8d07721d5f3da4e0e348ce059c2debd9936ee6678dbe2bf6c3d0bf55b1c9d7ced519975656166f5480fe355c39ed5d5045b5ee,gx-no-cache=1552569825564 HTTP/1.1" 200 33
192.168.10.89 - - [14/Mar/2019:08:30:20 -0300] "GET /cormun/servlet/solicitudgral2?8b728cdad1bc680712d7924404ffebeedff42568792a193b531bf5a5c2515c81052cf9ec0d43b7327ac3e3b97587be6e9cef7c740b1304e5a6c7d3813a67eb9dde5acbd58236942e4b88fe7b23f66008a05e53af00ca695c5459c60e6acc071470ccae836f8f6307ba97bded1e87e413,gx-no-cache=1552569825579 HTTP/1.1" 200 40
192.168.10.89 - - [14/Mar/2019:08:30:21 -0300] "GET /cormun/servlet/solicitudgral2?8b728cdad1bc680712d7924404ffebee95f278b5a3853ddb8597f5d0dde337ad5e14c28261b44c8ea3b5b629e036ddb67506c9dfedbe1deec640bc46b337f8f62265892d6afce0df0809661d7f19190693bccd6c30f015508b2e15d18d122f38,gx-no-cache=1552569826382 HTTP/1.1" 200 30
192.168.10.89 - - [14/Mar/2019:08:30:21 -0300] "POST /cormun/servlet/solicitudgral2?gx-no-cache=1552569826638 HTTP/1.1" 200 97
200.111.191.210 - - [14/Mar/2019:08:30:21 -0300] "POST /cormun/servlet/solicitudotadjuntos?gx-no-cache=1552562849113 HTTP/1.1" 200 26
192.168.10.89 - - [14/Mar/2019:08:30:22 -0300] "POST /cormun/servlet/solicitudgral2?2c5d7c4ffc334eb248e1d46a6bf6329b,UPD,2019,12905,,gx-no-cache=1552569828075 HTTP/1.1" 200 11395
192.168.10.89 - - [14/Mar/2019:08:30:23 -0300] "GET /cormun/servlet/solicitudgral2?8b728cdad1bc680712d7924404ffebeec4968399a3d798562f428a4c53cc83bbd6bde89698cb7126b9defa18dedff3c128e349c0c00241ced022c1a0e0945021124f91e03d72b89b90257996a51b47c0a0b7b01b465126b0f2b92302151a45487d99f4cd6b8b05428196ba35abdb2f6c108768608d09979a6e2800cfd88829781a056389847b91a146a70b7b2f0940ba1ab15a80a802d70b73d96cab7ec665af9dbf1b1f293ac12e003b9058a90fc6623d531ca2e63ec75be788443f753b15a8ab431a8d8b70f139f077fed3731598f7,gx-no-cache=1552569828617 HTTP/1.1" 200 29
192.168.10.89 - - [14/Mar/2019:08:30:24 -0300] "GET /cormun/servlet/solicitudgral2?8b728cdad1bc680712d7924404ffebee4900d0e84c19298184e55c671cc20fea4ae8dc7a57e9d84f88cf2747533487c9cb5ea0bdfba7a6c927782579d3b2712c63a53387d4dcd540dea25320bc55e876cd3db2dd75e9823c20ad92e14ecb18aa02965328e532d1da655df30c5eb7c333882449d8e97e877aef6129a4946b1fb5,gx-no-cache=1552569829438 HTTP/1.1" 200 30
192.168.10.89 - - [14/Mar/2019:08:30:25 -0300] "POST /cormun/servlet/solicitudgral2?2c5d7c4ffc334eb248e1d46a6bf6329b,UPD,2019,12905,,gx-no-cache=1552569831044 HTTP/1.1" 200 93
200.111.191.210 - - [14/Mar/2019:08:30:25 -0300] "GET /cormun/servlet/solicitudotadjuntos?103160f5ef9b380d32db7483682a6d448724d27ac3a9e18ec6ec01441624a560,gx-no-cache=1552562853342 HTTP/1.1" 200 30
200.111.191.210 - - [14/Mar/2019:08:30:25 -0300] "GET /cormun/servlet/solicitudotadjuntos?103160f5ef9b380d32db7483682a6d448724d27ac3a9e18ec6ec01441624a560,gx-no-cache=1552562853350 HTTP/1.1" 200 30
192.168.10.89 - - [14/Mar/2019:08:30:25 -0300] "GET /cormun/servlet/hpexe_return? HTTP/1.1" 200 1018
192.168.10.89 - - [14/Mar/2019:08:30:26 -0300] "GET /cormun/servlet/trsolicitudgral? HTTP/1.1" 200 9710
200.111.191.210 - - [14/Mar/2019:08:30:26 -0300] "POST /cormun/servlet/solicitudotadjuntos?f2a1309adfffe89faf497bced977f939,INS,2019,14675,,1, HTTP/1.1" 200 116
200.111.191.210 - - [14/Mar/2019:08:30:26 -0300] "GET /cormun/servlet/hpexe_return? HTTP/1.1" 200 1025
200.111.191.210 - - [14/Mar/2019:08:30:27 -0300] "GET /cormun/servlet/trsolicitudadjuntos?2019,14675, HTTP/1.1" 200 9270
200.111.191.210 - - [14/Mar/2019:08:30:27 -0300] "GET /cormun/servlet/trsolicitudadjuntos?2019,14675, HTTP/1.1" 200 9267
200.111.191.210 - - [14/Mar/2019:08:30:29 -0300] "GET /cormun/servlet/solicitudotadjuntos?INS,2019,14675,,1, HTTP/1.1" 200 6076
200.111.191.210 - - [14/Mar/2019:08:30:29 -0300] "GET /cormun/static/about:blank HTTP/1.1" 404 1011
200.111.191.210 - - [14/Mar/2019:08:30:29 -0300] "GET /cormun/servlet/solicitudotadjuntos?INS,2019,14675,,1, HTTP/1.1" 200 6070
200.111.191.210 - - [14/Mar/2019:08:30:30 -0300] "GET /cormun/servlet/solicitudotadjuntos?103160f5ef9b380d32db7483682a6d4479a1dacf37177c007f2768d2efc7afca171ca808e380bc28a29e3009f0be73f5,gx-no-cache=1552562857479 HTTP/1.1" 200 30
192.168.10.89 - - [14/Mar/2019:08:30:30 -0300] "GET /cormun/servlet/trautorizarot? HTTP/1.1" 200 9566
200.111.191.210 - - [14/Mar/2019:08:30:30 -0300] "POST /cormun/servlet/solicitudotadjuntos?f2a1309adfffe89faf497bced977f939,INS,2019,14675,,1,,gx-no-cache=1552562857574 HTTP/1.1" 200 3880
200.111.191.210 - - [14/Mar/2019:08:30:32 -0300] "POST /cormun/servlet/solicitudotadjuntos?gx-no-cache=1552562859765 HTTP/1.1" 200 26
192.168.10.89 - - [14/Mar/2019:08:30:33 -0300] "POST /cormun/servlet/trautorizarot?2c5d7c4ffc334eb248e1d46a6bf6329b,,gx-no-cache=1552569838246 HTTP/1.1" 200 5374
200.111.191.210 - - [14/Mar/2019:08:30:36 -0300] "GET /cormun/servlet/solicitudotadjuntos?103160f5ef9b380d32db7483682a6d448724d27ac3a9e18ec6ec01441624a560,gx-no-cache=1552562864078 HTTP/1.1" 200 30
200.111.191.210 - - [14/Mar/2019:08:30:36 -0300] "GET /cormun/servlet/solicitudotadjuntos?103160f5ef9b380d32db7483682a6d448724d27ac3a9e18ec6ec01441624a560,gx-no-cache=1552562864086 HTTP/1.1" 200 30
200.111.191.210 - - [14/Mar/2019:08:30:39 -0300] "POST /cormun/servlet/solicitudotadjuntos?f2a1309adfffe89faf497bced977f939,INS,2019,14675,,1, HTTP/1.1" 200 116
200.111.191.210 - - [14/Mar/2019:08:30:39 -0300] "GET /cormun/servlet/hpexe_return? HTTP/1.1" 200 1025
200.111.191.210 - - [14/Mar/2019:08:30:39 -0300] "GET /cormun/servlet/trsolicitudadjuntos?2019,14675, HTTP/1.1" 200 9531
200.111.191.210 - - [14/Mar/2019:08:30:40 -0300] "GET /cormun/servlet/trsolicitudadjuntos?2019,14675, HTTP/1.1" 200 9528
200.111.191.210 - - [14/Mar/2019:08:30:41 -0300] "GET /cormun/servlet/solicitudotadjuntos?INS,2019,14675,,1, HTTP/1.1" 200 6076
200.111.191.210 - - [14/Mar/2019:08:30:41 -0300] "GET /cormun/static/about:blank HTTP/1.1" 404 1011
200.111.191.210 - - [14/Mar/2019:08:30:41 -0300] "GET /cormun/servlet/solicitudotadjuntos?INS,2019,14675,,1, HTTP/1.1" 200 6070
200.111.191.210 - - [14/Mar/2019:08:30:42 -0300] "GET /cormun/servlet/solicitudotadjuntos?103160f5ef9b380d32db7483682a6d4479a1dacf37177c007f2768d2efc7afca171ca808e380bc28a29e3009f0be73f5,gx-no-cache=1552562869910 HTTP/1.1" 200 30
200.111.191.210 - - [14/Mar/2019:08:30:42 -0300] "POST /cormun/servlet/solicitudotadjuntos?f2a1309adfffe89faf497bced977f939,INS,2019,14675,,1,,gx-no-cache=1552562870026 HTTP/1.1" 200 3880
200.111.191.210 - - [14/Mar/2019:08:30:44 -0300] "POST /cormun/servlet/solicitudotadjuntos?gx-no-cache=1552562871777 HTTP/1.1" 200 26
200.111.191.210 - - [14/Mar/2019:08:30:48 -0300] "GET /cormun/servlet/solicitudotadjuntos?103160f5ef9b380d32db7483682a6d448724d27ac3a9e18ec6ec01441624a560,gx-no-cache=1552562876194 HTTP/1.1" 200 30
200.111.191.210 - - [14/Mar/2019:08:30:48 -0300] "GET /cormun/servlet/solicitudotadjuntos?103160f5ef9b380d32db7483682a6d448724d27ac3a9e18ec6ec01441624a560,gx-no-cache=1552562876203 HTTP/1.1" 200 30
200.111.191.210 - - [14/Mar/2019:08:30:49 -0300] "POST /cormun/servlet/solicitudotadjuntos?f2a1309adfffe89faf497bced977f939,INS,2019,14675,,1, HTTP/1.1" 200 116
200.111.191.210 - - [14/Mar/2019:08:30:49 -0300] "GET /cormun/servlet/hpexe_return? HTTP/1.1" 200 1025
200.111.191.210 - - [14/Mar/2019:08:30:50 -0300] "GET /cormun/servlet/trsolicitudadjuntos?2019,14675, HTTP/1.1" 200 9736
200.111.191.210 - - [14/Mar/2019:08:30:51 -0300] "GET /cormun/servlet/trsolicitudadjuntos?2019,14675, HTTP/1.1" 200 9737
200.111.191.210 - - [14/Mar/2019:08:30:53 -0300] "GET /cormun/servlet/trsolicitudot? HTTP/1.1" 200 8622
200.111.191.210 - - [14/Mar/2019:08:30:53 -0300] "GET /cormun/servlet/trsolicitudot? HTTP/1.1" 200 8616
200.111.191.210 - - [14/Mar/2019:08:30:54 -0300] "POST /cormun/servlet/trsolicitudot?f2a1309adfffe89faf497bced977f939,,gx-no-cache=1552562882149 HTTP/1.1" 200 4556
200.111.191.210 - - [14/Mar/2019:08:30:54 -0300] "GET /cormun/static/Shared/jqueryui/images/ui-icons_82798d_256x240.png HTTP/1.1" 404 1089
200.111.191.210 - - [14/Mar/2019:08:30:54 -0300] "GET /cormun/static/Shared/jqueryui/images/ui-bg_highlight-soft_100_c6c2c8_1x100.png HTTP/1.1" 404 1117
200.111.191.210 - - [14/Mar/2019:08:30:54 -0300] "GET /cormun/static/Shared/jqueryui/images/ui-bg_flat_55_fafafa_40x100.png HTTP/1.1" 404 1097
200.111.191.210 - - [14/Mar/2019:08:30:54 -0300] "GET /cormun/static/Shared/jqueryui/images/ui-icons_8d78a5_256x240.png HTTP/1.1" 404 1089
200.111.191.210 - - [14/Mar/2019:08:30:54 -0300] "POST /cormun/servlet/trsolicitudot?f2a1309adfffe89faf497bced977f939,,gx-no-cache=1552562882295 HTTP/1.1" 200 4321
200.111.191.210 - - [14/Mar/2019:08:30:57 -0300] "GET /cormun/servlet/trsolicitudot? HTTP/1.1" 200 7240
200.111.191.210 - - [14/Mar/2019:08:30:57 -0300] "GET /cormun/servlet/trsolicitudot? HTTP/1.1" 200 7240
200.111.191.210 - - [14/Mar/2019:08:31:01 -0300] "GET /cormun/servlet/solicitudot?INS,0,0, HTTP/1.1" 200 14845
200.111.191.210 - - [14/Mar/2019:08:31:02 -0300] "GET /cormun/servlet/solicitudot?INS,0,0, HTTP/1.1" 200 14850
200.111.191.210 - - [14/Mar/2019:08:31:04 -0300] "GET /cormun/servlet/prfichaempleado?,MD,,gxPopupLevel%3D0%3B HTTP/1.1" 200 9323
