186.103.159.188 - - [12/Mar/2019:10:13:53 -0300] "POST /cormun/servlet/solicitudot?gx-no-cache=1552396215112 HTTP/1.1" 200 3435
186.103.159.188 - - [12/Mar/2019:10:13:53 -0300] "POST /cormun/servlet/solicitudot?71161abd0d84b5c8f92d6ca8c99c49fd,INS,0,0,,gx-no-cache=1552396215597 HTTP/1.1" 200 11586
186.103.159.188 - - [12/Mar/2019:10:13:55 -0300] "GET /cormun/servlet/solicitudot?5b317daf83afefbea7514241851a61baf2460e3e425e7d512d72ef33103f0b8ba0b944ab561848087834f824340b6ca6,gx-no-cache=1552396217949 HTTP/1.1" 200 30
186.79.69.186 - - [12/Mar/2019:10:14:07 -0300] "GET /cormun/servlet/trsolicitudot? HTTP/1.1" 200 7550
186.79.69.186 - - [12/Mar/2019:10:14:08 -0300] "GET /cormun/servlet/trsolicitudot? HTTP/1.1" 200 7550
186.79.69.186 - - [12/Mar/2019:10:14:10 -0300] "GET /cormun/servlet/solicitudot?INS,0,0, HTTP/1.1" 200 15152
186.79.69.186 - - [12/Mar/2019:10:14:11 -0300] "GET /cormun/servlet/solicitudot?INS,0,0, HTTP/1.1" 200 15159
186.79.69.186 - - [12/Mar/2019:10:14:18 -0300] "POST /cormun/servlet/solicitudot?gx-no-cache=1552396239366 HTTP/1.1" 200 3435
186.79.69.186 - - [12/Mar/2019:10:14:19 -0300] "POST /cormun/servlet/solicitudot?891f92620eed2f25e1abb30292eb7186,INS,0,0,,gx-no-cache=1552396239791 HTTP/1.1" 200 11797
186.79.69.186 - - [12/Mar/2019:10:14:23 -0300] "GET /cormun/servlet/solicitudot?c4e3ca8301b5ad502fbd5bf495e6eb511c845b901b0a96b78135e0000199486875d57acaeaf7374222750764d74fae22,gx-no-cache=1552396244420 HTTP/1.1" 200 30
186.103.159.188 - - [12/Mar/2019:10:16:29 -0300] "GET /cormun/servlet/solicitudot?5b317daf83afefbea7514241851a61bace79048422b13e001d03a515fce5c39a43a819c2cfd68d3546cc00ade2b4f121480c2738755f56769cb6a7c158df47ab,gx-no-cache=1552396371751 HTTP/1.1" 200 30
186.103.159.188 - - [12/Mar/2019:10:16:38 -0300] "GET /cormun/servlet/prbanco?,MD,,gxPopupLevel%3D0%3B HTTP/1.1" 200 6609
186.103.159.188 - - [12/Mar/2019:10:16:38 -0300] "GET /cormun/static/gxcfg.js?20181161016094 HTTP/1.1" 200 953
186.103.159.188 - - [12/Mar/2019:10:16:38 -0300] "GET /cormun/static/prbanco.js?2018116101633 HTTP/1.1" 200 10693
186.103.159.188 - - [12/Mar/2019:10:16:47 -0300] "GET /cormun/servlet/solicitudot?5b317daf83afefbea7514241851a61ba4f89a004d5495f2310b34d90df7bc119,gx-no-cache=1552396389828 HTTP/1.1" 200 60
186.79.69.186 - - [12/Mar/2019:10:16:48 -0300] "GET /cormun/servlet/solicitudot?c4e3ca8301b5ad502fbd5bf495e6eb51c0eff3131fd5a92a7a12b8deb0101686,gx-no-cache=1552396389012 HTTP/1.1" 200 94
186.79.69.186 - - [12/Mar/2019:10:16:48 -0300] "GET /cormun/static/Shared/jqueryui/images/ui-icons_82798d_256x240.png HTTP/1.1" 404 1089
186.79.69.186 - - [12/Mar/2019:10:16:48 -0300] "GET /cormun/static/Shared/jqueryui/images/ui-bg_highlight-soft_100_c6c2c8_1x100.png HTTP/1.1" 404 1117
186.79.69.186 - - [12/Mar/2019:10:16:48 -0300] "GET /cormun/servlet/solicitudot?c4e3ca8301b5ad502fbd5bf495e6eb5120fc78d15f117fd3cc9e412b737cedc1,gx-no-cache=1552396389404 HTTP/1.1" 200 29
186.79.69.186 - - [12/Mar/2019:10:16:48 -0300] "GET /cormun/static/Shared/jqueryui/images/ui-icons_ebccce_256x240.png HTTP/1.1" 404 1089
186.79.69.186 - - [12/Mar/2019:10:16:48 -0300] "GET /cormun/static/Shared/jqueryui/images/ui-bg_flat_55_994d53_40x100.png HTTP/1.1" 404 1097
186.79.69.186 - - [12/Mar/2019:10:16:48 -0300] "POST /cormun/servlet/solicitudot?gx-no-cache=1552396389505 HTTP/1.1" 200 297
186.79.69.186 - - [12/Mar/2019:10:16:48 -0300] "GET /cormun/servlet/solicitudot?c4e3ca8301b5ad502fbd5bf495e6eb5150e936e90eab0a664a2136b6e1c7d35c494e2ddc7b5e747799da1cee7d3df94cf922bf8e4afe05dccf8577dc7e676c49a6d486f7a4253d8129b7e6a9cf13d1d53922ba8a204fcd9471e0e9779ba33d457238eac9e73a5d4a1b0eed83eca0351c3e6de40710de27e12f4525a100f7bc0e36c77cecb73f093b79f497754538b9696985f5fdf41eb4cfac8ef8242dcc0a0dbd2f7705ba931af42cfb938440139382b807faafd162c841845bc82cb8f45b088de9b29a4a0232a32fdb163f0ab467343a8e79ed0280456440884695a6fa8fbeacccb5aab41a281fcd90c3b3e7f4da94a16036f00f39e010f7adb026c48c0dc613d38855756597d2cb3bf379ea56000bb965c1950b105c7cdc4475fe8f2ed595fb19de3518053da0573076b64d3dd82ac7a7793eabae76f0185091955ad1d372c1c27e1614e62c41ed82ee12ad7e7aab5b89e7d1528502548bf577baffd01929462ec747a9ab451376ae261ece65138e3bfcd4552919070880624dbb0034cdb6c7ffd7c752654c43c36556d0451ade77,gx-no-cache=1552396389618 HTTP/1.1" 200 30
186.79.69.186 - - [12/Mar/2019:10:16:57 -0300] "POST /cormun/servlet/solicitudot?gx-no-cache=1552396398689 HTTP/1.1" 200 30
186.79.69.186 - - [12/Mar/2019:10:17:00 -0300] "POST /cormun/servlet/solicitudot?gx-no-cache=1552396400824 HTTP/1.1" 200 1277
186.79.69.186 - - [12/Mar/2019:10:17:00 -0300] "POST /cormun/servlet/solicitudot?gx-no-cache=1552396401015 HTTP/1.1" 200 38
186.103.159.188 - - [12/Mar/2019:10:17:04 -0300] "POST /cormun/servlet/solicitudot?gx-no-cache=1552396406940 HTTP/1.1" 200 255
186.103.159.188 - - [12/Mar/2019:10:17:15 -0300] "GET /cormun/servlet/solicitudot?5b317daf83afefbea7514241851a61ba4650b97b4d15cca43bcd5ae9dcd938966e7335d4c9e61235a285384c994fceb3ac8a9d3c17732ee7f1db02792a36494a26451087803c59ded4a193f6cb3c7d1e128efa003120156375fc99f5975b28e1d3bbbb23f30bafbe1b051a3dd27350f947174d58e483ca67aca633861fe628f247e757586d866eb15e4926861a5ecd5c6ccafe151030ea6d5cab013e7062c336bd7d01f0ee49cab085e13a3a8e256a4bcb4d2dd5130205d177818bb4fe8bee723137f807cb0647426e4eda5221c2e53df795b610ca90cd424b7905bbf6a916ca152efcf758d02ad0e20c72b0595dc67bc28ae46bf7a8ea8a34d30ae2b11518ffd1ab7808224b6eeae7755310a9f1be860942c9c6264010daa141cfa29a29e114243fb4fbad4b705299ff49a876f366de19d3364851df29e1a1dac57168f47c9d200d7fe2e44fbfef6d8fa87de0719eb911906b74af3a3b924956c1c798195d18e1924cabbc7f8f19a908f22fe78f403b2d7cab3912662710bb5a89aa8f8a79a2,gx-no-cache=1552396417248 HTTP/1.1" 200 30
186.103.159.188 - - [12/Mar/2019:10:17:19 -0300] "POST /cormun/servlet/solicitudot?gx-no-cache=1552396421027 HTTP/1.1" 200 30
186.103.159.188 - - [12/Mar/2019:10:17:20 -0300] "POST /cormun/servlet/solicitudot?gx-no-cache=1552396422542 HTTP/1.1" 200 1277
186.103.159.188 - - [12/Mar/2019:10:17:20 -0300] "POST /cormun/servlet/solicitudot?gx-no-cache=1552396422609 HTTP/1.1" 200 38
192.168.10.89 - - [12/Mar/2019:10:18:07 -0300] "GET /cormun/servlet/solicitudot?cf5c0452f1239eb445a972d67a460c4fed543e7f827d9ec696d61dc1bdecc6aff5d868503755ff771dff3ecf22059e4a,gx-no-cache=1552403493017 HTTP/1.1" 200 30
186.103.159.188 - - [12/Mar/2019:10:18:11 -0300] "GET /cormun/servlet/solicitudot?5b317daf83afefbea7514241851a61ba4db30d40a3c83b9c72a0706987c0378a9b1db8487e7c73d6fad6d865507d51cdad0dfa7d3c40174f730fe268ee3a4ba602f5f4c0baa1696228bdf211967a5cd2e56113d8074d2656068f8b151d58af598c8cb6a694566d200f29d65abf8097d0,gx-no-cache=1552396473103 HTTP/1.1" 200 110
192.168.10.89 - - [12/Mar/2019:10:18:13 -0300] "POST /cormun/servlet/solicitudot?gx-no-cache=1552403499514 HTTP/1.1" 200 30
186.103.159.188 - - [12/Mar/2019:10:18:28 -0300] "POST /cormun/servlet/solicitudot?gx-no-cache=1552396490697 HTTP/1.1" 200 97
186.103.159.188 - - [12/Mar/2019:10:21:06 -0300] "GET /cormun/servlet/solicitudot?5b317daf83afefbea7514241851a61baf85bc9f83384873e173366987a79153e78e7da2b2086deb789e08af5324286fb2d5357dbb6a383ae66a6807efcfd6fe48aa495a06c27869f564ac7ee2e7e5b9af4e6c826551c26625a497e5e244684910ced19e8deec679f8687652a2bc7fe53,gx-no-cache=1552396648420 HTTP/1.1" 200 29
186.103.159.188 - - [12/Mar/2019:10:21:06 -0300] "GET /cormun/static/menuarrow.gif HTTP/1.1" 404 1015
186.103.159.188 - - [12/Mar/2019:10:21:11 -0300] "GET /cormun/servlet/solicitudot?5b317daf83afefbea7514241851a61ba6c9926f35f98c6855f1b30606efacf105235987f1d16f35645f0814b95155bea,gx-no-cache=1552396653523 HTTP/1.1" 200 30
186.103.159.188 - - [12/Mar/2019:10:21:29 -0300] "POST /cormun/servlet/solicitudot?gx-no-cache=1552396671129 HTTP/1.1" 200 30
186.103.159.188 - - [12/Mar/2019:10:21:29 -0300] "POST /cormun/servlet/solicitudot?71161abd0d84b5c8f92d6ca8c99c49fd,INS,0,0,,gx-no-cache=1552396671160 HTTP/1.1" 200 93
186.103.159.188 - - [12/Mar/2019:10:21:29 -0300] "GET /cormun/servlet/hpexe_return? HTTP/1.1" 200 1009
186.103.159.188 - - [12/Mar/2019:10:21:29 -0300] "GET /cormun/servlet/trsolicitudot HTTP/1.1" 200 10678
186.103.159.188 - - [12/Mar/2019:10:21:30 -0300] "GET /cormun/servlet/trsolicitudot HTTP/1.1" 200 10674
186.79.69.186 - - [12/Mar/2019:10:22:24 -0300] "GET /cormun/servlet/trsolicitudot? HTTP/1.1" 200 7551
186.79.69.186 - - [12/Mar/2019:10:22:25 -0300] "GET /cormun/servlet/trsolicitudot? HTTP/1.1" 200 7550
186.103.159.188 - - [12/Mar/2019:10:22:35 -0300] "POST /cormun/servlet/trsolicitudot?71161abd0d84b5c8f92d6ca8c99c49fd,gx-no-cache=1552396736997 HTTP/1.1" 200 107
186.103.159.188 - - [12/Mar/2019:10:22:35 -0300] "GET /cormun/servlet/trsolicitudadjuntos?2019,14634, HTTP/1.1" 200 6151
186.103.159.188 - - [12/Mar/2019:10:22:35 -0300] "GET /cormun/static/gxcfg.js?20177612135366 HTTP/1.1" 200 953
186.103.159.188 - - [12/Mar/2019:10:22:35 -0300] "GET /cormun/static/trsolicitudadjuntos.js?20177612135632 HTTP/1.1" 200 17922
186.103.159.188 - - [12/Mar/2019:10:22:35 -0300] "GET /cormun/servlet/trsolicitudadjuntos?2019,14634, HTTP/1.1" 200 6150
186.103.159.188 - - [12/Mar/2019:10:22:38 -0300] "GET /cormun/servlet/solicitudotadjuntos?INS,2019,14634,,1, HTTP/1.1" 200 6095
186.103.159.188 - - [12/Mar/2019:10:22:38 -0300] "GET /cormun/static/gxcfg.js?2017761244068 HTTP/1.1" 200 953
186.103.159.188 - - [12/Mar/2019:10:22:38 -0300] "GET /cormun/static/solicitudotadjuntos.js?2017761244086 HTTP/1.1" 200 11771
186.103.159.188 - - [12/Mar/2019:10:22:38 -0300] "GET /cormun/static/about:blank HTTP/1.1" 404 1011
186.103.159.188 - - [12/Mar/2019:10:22:38 -0300] "GET /cormun/servlet/solicitudotadjuntos?INS,2019,14634,,1, HTTP/1.1" 200 6089
186.103.159.188 - - [12/Mar/2019:10:22:39 -0300] "GET /cormun/servlet/solicitudotadjuntos?5b317daf83afefbea7514241851a61baab61bd40553179005e085b76ea3d88ec816185d12b5b8e2f611208041fb8f05a,gx-no-cache=1552396741442 HTTP/1.1" 200 30
186.103.159.188 - - [12/Mar/2019:10:22:39 -0300] "POST /cormun/servlet/solicitudotadjuntos?71161abd0d84b5c8f92d6ca8c99c49fd,INS,2019,14634,,1,,gx-no-cache=1552396741483 HTTP/1.1" 200 3893
186.103.159.188 - - [12/Mar/2019:10:22:45 -0300] "POST /cormun/servlet/solicitudotadjuntos?gx-no-cache=1552396747547 HTTP/1.1" 200 26
186.79.69.186 - - [12/Mar/2019:10:23:09 -0300] "GET /cormun/static/menuarrow.gif HTTP/1.1" 404 1015
186.79.69.186 - - [12/Mar/2019:10:23:18 -0300] "POST /cormun/servlet/trsolicitudot?891f92620eed2f25e1abb30292eb7186,,gx-no-cache=1552396778808 HTTP/1.1" 200 17258
186.103.159.188 - - [12/Mar/2019:10:23:22 -0300] "GET /cormun/servlet/solicitudotadjuntos?5b317daf83afefbea7514241851a61ba4935838e8814abd883a6d37389e10467,gx-no-cache=1552396784372 HTTP/1.1" 200 30
186.103.159.188 - - [12/Mar/2019:10:23:22 -0300] "GET /cormun/servlet/solicitudotadjuntos?5b317daf83afefbea7514241851a61ba4935838e8814abd883a6d37389e10467,gx-no-cache=1552396784430 HTTP/1.1" 200 30
190.171.141.138 - - [12/Mar/2019:10:23:23 -0300] "POST /cormun/servlet/trlicencias?25359a92b475453c6afd836a94aa5709,,gx-no-cache=1552396785401 HTTP/1.1" 440 972
186.103.159.188 - - [12/Mar/2019:10:23:24 -0300] "POST /cormun/servlet/solicitudotadjuntos?71161abd0d84b5c8f92d6ca8c99c49fd,INS,2019,14634,,1, HTTP/1.1" 200 116
186.103.159.188 - - [12/Mar/2019:10:23:24 -0300] "GET /cormun/servlet/hpexe_return? HTTP/1.1" 200 1028
190.171.141.138 - - [12/Mar/2019:10:23:24 -0300] "GET /cormun/servlet/trlicencias? HTTP/1.1" 200 6129
186.103.159.188 - - [12/Mar/2019:10:23:24 -0300] "GET /cormun/servlet/trsolicitudadjuntos?2019,14634, HTTP/1.1" 200 8724
192.168.10.89 - - [12/Mar/2019:10:23:25 -0300] "POST /cormun/servlet/solicitudot?f3fe70c2ec9fe273941537c2a7c4cbd4,INS,0,0,,gx-no-cache=1552403810648 HTTP/1.1" 200 93
192.168.10.89 - - [12/Mar/2019:10:23:25 -0300] "GET /cormun/servlet/hpexe_return? HTTP/1.1" 200 1006
186.103.159.188 - - [12/Mar/2019:10:23:25 -0300] "GET /cormun/servlet/trsolicitudadjuntos?2019,14634, HTTP/1.1" 200 8720
190.171.141.138 - - [12/Mar/2019:10:23:25 -0300] "GET /cormun/servlet/hlogin HTTP/1.1" 200 1737
190.171.141.138 - - [12/Mar/2019:10:23:25 -0300] "GET /cormun/servlet/trlicencias? HTTP/1.1" 200 6129
192.168.10.89 - - [12/Mar/2019:10:23:25 -0300] "GET /cormun/servlet/trsolicitudot HTTP/1.1" 200 8859
190.171.141.138 - - [12/Mar/2019:10:23:28 -0300] "POST /cormun/servlet/hlogin?16026ba2acfd5fd8862907f904f8d98f,gx-no-cache=1552396790915 HTTP/1.1" 200 90
190.171.141.138 - - [12/Mar/2019:10:23:28 -0300] "GET /cormun/servlet/hpexe_link HTTP/1.1" 200 955
190.171.141.138 - - [12/Mar/2019:10:23:28 -0300] "GET /cormun/servlet/trlicencias HTTP/1.1" 200 9771
192.168.10.89 - - [12/Mar/2019:10:23:29 -0300] "POST /cormun/servlet/trsolicitudot?f3fe70c2ec9fe273941537c2a7c4cbd4,gx-no-cache=1552403814920 HTTP/1.1" 200 4762
192.168.10.89 - - [12/Mar/2019:10:23:29 -0300] "POST /cormun/servlet/trsolicitudot?f3fe70c2ec9fe273941537c2a7c4cbd4,gx-no-cache=1552403815168 HTTP/1.1" 200 4526
192.168.10.89 - - [12/Mar/2019:10:23:29 -0300] "GET /cormun/static/Shared/jqueryui/images/ui-icons_82798d_256x240.png HTTP/1.1" 404 1089
192.168.10.89 - - [12/Mar/2019:10:23:29 -0300] "GET /cormun/static/Shared/jqueryui/images/ui-bg_highlight-soft_100_c6c2c8_1x100.png HTTP/1.1" 404 1117
192.168.10.89 - - [12/Mar/2019:10:23:29 -0300] "GET /cormun/static/Shared/jqueryui/images/ui-bg_flat_55_fafafa_40x100.png HTTP/1.1" 404 1097
192.168.10.89 - - [12/Mar/2019:10:23:29 -0300] "GET /cormun/static/Shared/jqueryui/images/ui-icons_8d78a5_256x240.png HTTP/1.1" 404 1089
190.171.141.138 - - [12/Mar/2019:10:23:29 -0300] "GET /cormun/servlet/trlicencias HTTP/1.1" 200 9769
192.168.10.89 - - [12/Mar/2019:10:23:31 -0300] "GET /cormun/servlet/trautorizarsolicitud? HTTP/1.1" 200 8745
192.168.10.89 - - [12/Mar/2019:10:23:34 -0300] "POST /cormun/servlet/trautorizarsolicitud?f3fe70c2ec9fe273941537c2a7c4cbd4,,gx-no-cache=1552403819902 HTTP/1.1" 200 4691
192.168.10.89 - - [12/Mar/2019:10:23:34 -0300] "POST /cormun/servlet/trautorizarsolicitud?f3fe70c2ec9fe273941537c2a7c4cbd4,,gx-no-cache=1552403820142 HTTP/1.1" 200 4458
192.168.10.89 - - [12/Mar/2019:10:23:34 -0300] "GET /cormun/static/Shared/jqueryui/images/ui-icons_82798d_256x240.png HTTP/1.1" 404 1089
192.168.10.89 - - [12/Mar/2019:10:23:34 -0300] "GET /cormun/static/Shared/jqueryui/images/ui-icons_8d78a5_256x240.png HTTP/1.1" 404 1089
192.168.10.89 - - [12/Mar/2019:10:23:34 -0300] "GET /cormun/static/Shared/jqueryui/images/ui-bg_highlight-soft_100_c6c2c8_1x100.png HTTP/1.1" 404 1117
192.168.10.89 - - [12/Mar/2019:10:23:34 -0300] "GET /cormun/static/Shared/jqueryui/images/ui-bg_flat_55_fafafa_40x100.png HTTP/1.1" 404 1097
192.168.10.89 - - [12/Mar/2019:10:23:43 -0300] "GET /cormun/servlet/hlogin HTTP/1.1" 200 1742
192.168.10.89 - - [12/Mar/2019:10:23:50 -0300] "POST /cormun/servlet/hlogin?f3fe70c2ec9fe273941537c2a7c4cbd4,gx-no-cache=1552403836087 HTTP/1.1" 200 90
192.168.10.89 - - [12/Mar/2019:10:23:50 -0300] "GET /cormun/servlet/hpexe_link HTTP/1.1" 200 949
192.168.10.89 - - [12/Mar/2019:10:23:50 -0300] "GET /cormun/servlet/hhome HTTP/1.1" 200 4986
192.168.10.89 - - [12/Mar/2019:10:23:52 -0300] "GET /cormun/servlet/trsolicitudgral? HTTP/1.1" 200 10870
186.79.69.186 - - [12/Mar/2019:10:23:53 -0300] "POST /cormun/servlet/trsolicitudot?891f92620eed2f25e1abb30292eb7186,,gx-no-cache=1552396813224 HTTP/1.1" 200 107
186.79.69.186 - - [12/Mar/2019:10:23:53 -0300] "GET /cormun/servlet/trsolicitudadjuntos?2019,14559, HTTP/1.1" 200 10035
186.79.69.186 - - [12/Mar/2019:10:23:54 -0300] "GET /cormun/servlet/trsolicitudadjuntos?2019,14559, HTTP/1.1" 200 10046
192.168.10.89 - - [12/Mar/2019:10:23:56 -0300] "POST /cormun/servlet/trsolicitudgral?f3fe70c2ec9fe273941537c2a7c4cbd4,,gx-no-cache=1552403841933 HTTP/1.1" 200 7373
190.171.141.138 - - [12/Mar/2019:10:23:56 -0300] "GET /cormun/servlet/trlicencias HTTP/1.1" 200 9771
192.168.10.89 - - [12/Mar/2019:10:23:56 -0300] "GET /cormun/static/Shared/jqueryui/images/ui-icons_8d78a5_256x240.png HTTP/1.1" 404 1089
192.168.10.89 - - [12/Mar/2019:10:23:56 -0300] "GET /cormun/static/Shared/jqueryui/images/ui-bg_flat_55_fafafa_40x100.png HTTP/1.1" 404 1097
192.168.10.89 - - [12/Mar/2019:10:23:56 -0300] "GET /cormun/static/Shared/jqueryui/images/ui-icons_82798d_256x240.png HTTP/1.1" 404 1089
192.168.10.89 - - [12/Mar/2019:10:23:56 -0300] "GET /cormun/static/Shared/jqueryui/images/ui-bg_highlight-soft_100_c6c2c8_1x100.png HTTP/1.1" 404 1117
190.171.141.138 - - [12/Mar/2019:10:23:56 -0300] "GET /cormun/servlet/trlicencias HTTP/1.1" 200 9761
190.171.141.138 - - [12/Mar/2019:10:23:57 -0300] "GET /favicon.ico HTTP/1.1" 200 21630
192.168.10.89 - - [12/Mar/2019:10:24:10 -0300] "GET /cormun/servlet/hlogin HTTP/1.1" 200 1740
186.79.69.186 - - [12/Mar/2019:10:24:13 -0300] "GET /cormun/PublicTempStorage/afiliacion6325449.pdf HTTP/1.1" 200 73836
186.103.159.188 - - [12/Mar/2019:10:24:52 -0300] "GET /cormun/servlet/solicitudotadjuntos?INS,2019,14634,,2, HTTP/1.1" 200 6093
186.103.159.188 - - [12/Mar/2019:10:24:53 -0300] "GET /cormun/static/about:blank HTTP/1.1" 404 1011
186.103.159.188 - - [12/Mar/2019:10:24:53 -0300] "GET /cormun/servlet/solicitudotadjuntos?INS,2019,14634,,2, HTTP/1.1" 200 6087
186.103.159.188 - - [12/Mar/2019:10:24:53 -0300] "GET /cormun/servlet/solicitudotadjuntos?5b317daf83afefbea7514241851a61baab61bd40553179005e085b76ea3d88ec816185d12b5b8e2f611208041fb8f05a,gx-no-cache=1552396875845 HTTP/1.1" 200 30
186.103.159.188 - - [12/Mar/2019:10:24:53 -0300] "POST /cormun/servlet/solicitudotadjuntos?71161abd0d84b5c8f92d6ca8c99c49fd,INS,2019,14634,,2,,gx-no-cache=1552396875880 HTTP/1.1" 200 4035
186.103.159.188 - - [12/Mar/2019:10:24:58 -0300] "POST /cormun/servlet/solicitudotadjuntos?gx-no-cache=1552396880408 HTTP/1.1" 200 26
186.103.159.188 - - [12/Mar/2019:10:25:03 -0300] "GET /cormun/servlet/solicitudotadjuntos?5b317daf83afefbea7514241851a61ba4935838e8814abd883a6d37389e10467,gx-no-cache=1552396885164 HTTP/1.1" 200 30
186.103.159.188 - - [12/Mar/2019:10:25:03 -0300] "GET /cormun/servlet/solicitudotadjuntos?5b317daf83afefbea7514241851a61ba4935838e8814abd883a6d37389e10467,gx-no-cache=1552396885233 HTTP/1.1" 200 30
186.103.159.188 - - [12/Mar/2019:10:25:06 -0300] "POST /cormun/servlet/solicitudotadjuntos?71161abd0d84b5c8f92d6ca8c99c49fd,INS,2019,14634,,2, HTTP/1.1" 200 116
186.103.159.188 - - [12/Mar/2019:10:25:06 -0300] "GET /cormun/servlet/hpexe_return? HTTP/1.1" 200 1029
186.103.159.188 - - [12/Mar/2019:10:25:06 -0300] "GET /cormun/servlet/trsolicitudadjuntos?2019,14634, HTTP/1.1" 200 8944
186.103.159.188 - - [12/Mar/2019:10:25:07 -0300] "GET /cormun/servlet/trsolicitudadjuntos?2019,14634, HTTP/1.1" 200 8942
186.103.159.188 - - [12/Mar/2019:10:25:09 -0300] "GET /cormun/servlet/solicitudotadjuntos?INS,2019,14634,,2, HTTP/1.1" 200 6093
186.103.159.188 - - [12/Mar/2019:10:25:09 -0300] "GET /cormun/static/about:blank HTTP/1.1" 404 1011
186.103.159.188 - - [12/Mar/2019:10:25:10 -0300] "GET /cormun/servlet/solicitudotadjuntos?INS,2019,14634,,2, HTTP/1.1" 200 6087
186.103.159.188 - - [12/Mar/2019:10:25:10 -0300] "GET /cormun/servlet/solicitudotadjuntos?5b317daf83afefbea7514241851a61baab61bd40553179005e085b76ea3d88ec816185d12b5b8e2f611208041fb8f05a,gx-no-cache=1552396892602 HTTP/1.1" 200 30
186.103.159.188 - - [12/Mar/2019:10:25:10 -0300] "POST /cormun/servlet/solicitudotadjuntos?71161abd0d84b5c8f92d6ca8c99c49fd,INS,2019,14634,,2,,gx-no-cache=1552396892633 HTTP/1.1" 200 4035
186.103.159.188 - - [12/Mar/2019:10:25:13 -0300] "POST /cormun/servlet/solicitudotadjuntos?gx-no-cache=1552396895753 HTTP/1.1" 200 26
186.103.159.188 - - [12/Mar/2019:10:25:29 -0300] "POST /cormun/servlet/solicitudotadjuntos?71161abd0d84b5c8f92d6ca8c99c49fd,INS,2019,14634,,2,,gx-no-cache=1552396911173 HTTP/1.1" 200 93
186.103.159.188 - - [12/Mar/2019:10:25:29 -0300] "GET /cormun/servlet/hpexe_return? HTTP/1.1" 200 1029
192.168.10.89 - - [12/Mar/2019:10:25:29 -0300] "POST /cormun/servlet/hlogin?f3fe70c2ec9fe273941537c2a7c4cbd4,gx-no-cache=1552403935226 HTTP/1.1" 200 90
186.103.159.188 - - [12/Mar/2019:10:25:29 -0300] "GET /cormun/servlet/trsolicitudadjuntos?2019,14634, HTTP/1.1" 200 8945
192.168.10.89 - - [12/Mar/2019:10:25:29 -0300] "GET /cormun/servlet/hpexe_link HTTP/1.1" 200 949
192.168.10.89 - - [12/Mar/2019:10:25:29 -0300] "GET /cormun/servlet/hhome HTTP/1.1" 200 3823
186.103.159.188 - - [12/Mar/2019:10:25:30 -0300] "GET /cormun/servlet/trsolicitudadjuntos?2019,14634, HTTP/1.1" 200 8942
192.168.10.89 - - [12/Mar/2019:10:25:33 -0300] "GET /cormun/servlet/trsolicitudgral? HTTP/1.1" 200 9701
186.103.159.188 - - [12/Mar/2019:10:25:34 -0300] "GET /cormun/servlet/solicitudotadjuntos?INS,2019,14634,,2, HTTP/1.1" 200 6092
186.103.159.188 - - [12/Mar/2019:10:25:34 -0300] "GET /cormun/static/about:blank HTTP/1.1" 404 1011
186.103.159.188 - - [12/Mar/2019:10:25:34 -0300] "GET /cormun/servlet/solicitudotadjuntos?INS,2019,14634,,2, HTTP/1.1" 200 6086
186.103.159.188 - - [12/Mar/2019:10:25:35 -0300] "GET /cormun/servlet/solicitudotadjuntos?5b317daf83afefbea7514241851a61baab61bd40553179005e085b76ea3d88ec816185d12b5b8e2f611208041fb8f05a,gx-no-cache=1552396917417 HTTP/1.1" 200 30
186.103.159.188 - - [12/Mar/2019:10:25:35 -0300] "POST /cormun/servlet/solicitudotadjuntos?71161abd0d84b5c8f92d6ca8c99c49fd,INS,2019,14634,,2,,gx-no-cache=1552396917517 HTTP/1.1" 200 4033
186.103.159.188 - - [12/Mar/2019:10:25:41 -0300] "POST /cormun/servlet/solicitudotadjuntos?71161abd0d84b5c8f92d6ca8c99c49fd,INS,2019,14634,,2,,gx-no-cache=1552396923908 HTTP/1.1" 200 93
186.103.159.188 - - [12/Mar/2019:10:25:41 -0300] "GET /cormun/servlet/hpexe_return? HTTP/1.1" 200 1029
186.103.159.188 - - [12/Mar/2019:10:25:42 -0300] "GET /cormun/servlet/trsolicitudadjuntos?2019,14634, HTTP/1.1" 200 8945
186.103.159.188 - - [12/Mar/2019:10:25:42 -0300] "GET /cormun/servlet/trsolicitudadjuntos?2019,14634, HTTP/1.1" 200 8942
186.103.159.188 - - [12/Mar/2019:10:25:46 -0300] "GET /cormun/servlet/solicitudotadjuntos?INS,2019,14634,,2, HTTP/1.1" 200 6092
186.103.159.188 - - [12/Mar/2019:10:25:46 -0300] "GET /cormun/static/about:blank HTTP/1.1" 404 1011
186.103.159.188 - - [12/Mar/2019:10:25:46 -0300] "GET /cormun/servlet/solicitudotadjuntos?INS,2019,14634,,2, HTTP/1.1" 200 6086
186.103.159.188 - - [12/Mar/2019:10:25:47 -0300] "GET /cormun/servlet/solicitudotadjuntos?5b317daf83afefbea7514241851a61baab61bd40553179005e085b76ea3d88ec816185d12b5b8e2f611208041fb8f05a,gx-no-cache=1552396929042 HTTP/1.1" 200 30
186.103.159.188 - - [12/Mar/2019:10:25:47 -0300] "POST /cormun/servlet/solicitudotadjuntos?71161abd0d84b5c8f92d6ca8c99c49fd,INS,2019,14634,,2,,gx-no-cache=1552396929083 HTTP/1.1" 200 4033
186.103.159.188 - - [12/Mar/2019:10:26:02 -0300] "POST /cormun/servlet/solicitudotadjuntos?71161abd0d84b5c8f92d6ca8c99c49fd,INS,2019,14634,,2,,gx-no-cache=1552396944493 HTTP/1.1" 200 93
186.103.159.188 - - [12/Mar/2019:10:26:02 -0300] "GET /cormun/servlet/hpexe_return? HTTP/1.1" 200 1029
186.103.159.188 - - [12/Mar/2019:10:26:02 -0300] "GET /cormun/servlet/trsolicitudadjuntos?2019,14634, HTTP/1.1" 200 8944
186.103.159.188 - - [12/Mar/2019:10:26:03 -0300] "GET /cormun/servlet/trsolicitudadjuntos?2019,14634, HTTP/1.1" 200 8942
192.168.10.89 - - [12/Mar/2019:10:26:10 -0300] "POST /cormun/servlet/trsolicitudgral?f3fe70c2ec9fe273941537c2a7c4cbd4,,gx-no-cache=1552403976504 HTTP/1.1" 200 6990
186.103.159.188 - - [12/Mar/2019:10:26:24 -0300] "GET /cormun/servlet/solicitudotadjuntos?INS,2019,14634,,1, HTTP/1.1" 200 6095
186.103.159.188 - - [12/Mar/2019:10:26:24 -0300] "GET /cormun/static/about:blank HTTP/1.1" 404 1011
186.103.159.188 - - [12/Mar/2019:10:26:24 -0300] "GET /cormun/servlet/solicitudotadjuntos?INS,2019,14634,,1, HTTP/1.1" 200 6088
186.103.159.188 - - [12/Mar/2019:10:26:25 -0300] "GET /cormun/servlet/solicitudotadjuntos?5b317daf83afefbea7514241851a61baab61bd40553179005e085b76ea3d88ec816185d12b5b8e2f611208041fb8f05a,gx-no-cache=1552396967267 HTTP/1.1" 200 30
186.103.159.188 - - [12/Mar/2019:10:26:25 -0300] "POST /cormun/servlet/solicitudotadjuntos?71161abd0d84b5c8f92d6ca8c99c49fd,INS,2019,14634,,1,,gx-no-cache=1552396967305 HTTP/1.1" 200 3892
186.103.159.188 - - [12/Mar/2019:10:26:32 -0300] "POST /cormun/servlet/solicitudotadjuntos?gx-no-cache=1552396974595 HTTP/1.1" 200 26
186.103.159.188 - - [12/Mar/2019:10:26:44 -0300] "GET /cormun/servlet/solicitudotadjuntos?5b317daf83afefbea7514241851a61ba4935838e8814abd883a6d37389e10467,gx-no-cache=1552396986355 HTTP/1.1" 200 30
186.103.159.188 - - [12/Mar/2019:10:26:44 -0300] "GET /cormun/servlet/solicitudotadjuntos?5b317daf83afefbea7514241851a61ba4935838e8814abd883a6d37389e10467,gx-no-cache=1552396986381 HTTP/1.1" 200 30
186.103.159.188 - - [12/Mar/2019:10:26:45 -0300] "POST /cormun/servlet/solicitudotadjuntos?71161abd0d84b5c8f92d6ca8c99c49fd,INS,2019,14634,,1, HTTP/1.1" 200 116
186.103.159.188 - - [12/Mar/2019:10:26:45 -0300] "GET /cormun/servlet/hpexe_return? HTTP/1.1" 200 1028
186.103.159.188 - - [12/Mar/2019:10:26:45 -0300] "GET /cormun/servlet/trsolicitudadjuntos?2019,14634, HTTP/1.1" 200 9126
186.103.159.188 - - [12/Mar/2019:10:26:46 -0300] "GET /cormun/servlet/trsolicitudadjuntos?2019,14634, HTTP/1.1" 200 9123
186.103.159.188 - - [12/Mar/2019:10:26:48 -0300] "GET /cormun/servlet/solicitudotadjuntos?INS,2019,14634,,1, HTTP/1.1" 200 6096
186.103.159.188 - - [12/Mar/2019:10:26:49 -0300] "GET /cormun/static/about:blank HTTP/1.1" 404 1011
186.103.159.188 - - [12/Mar/2019:10:26:49 -0300] "GET /cormun/servlet/solicitudotadjuntos?INS,2019,14634,,1, HTTP/1.1" 200 6090
186.103.159.188 - - [12/Mar/2019:10:26:49 -0300] "GET /cormun/servlet/solicitudotadjuntos?5b317daf83afefbea7514241851a61baab61bd40553179005e085b76ea3d88ec816185d12b5b8e2f611208041fb8f05a,gx-no-cache=1552396991749 HTTP/1.1" 200 30
186.103.159.188 - - [12/Mar/2019:10:26:49 -0300] "POST /cormun/servlet/solicitudotadjuntos?71161abd0d84b5c8f92d6ca8c99c49fd,INS,2019,14634,,1,,gx-no-cache=1552396991778 HTTP/1.1" 200 3893
186.67.172.234 - - [12/Mar/2019:10:27:02 -0300] "GET /cormun/servlet/trlicencias HTTP/1.1" 200 6125
186.67.172.234 - - [12/Mar/2019:10:27:02 -0300] "GET /cormun/static/Resources/logo4.png HTTP/1.1" 304 -
186.67.172.234 - - [12/Mar/2019:10:27:03 -0300] "GET /cormun/static/scaMessage/scaMessageRender.js HTTP/1.1" 304 -
186.67.172.234 - - [12/Mar/2019:10:27:03 -0300] "GET /cormun/static/Resources/PXTools/calendar.png HTTP/1.1" 304 -
186.67.172.234 - - [12/Mar/2019:10:27:03 -0300] "GET /cormun/static/Resources/PXToolsFooterBackground2.png HTTP/1.1" 304 -
186.67.172.234 - - [12/Mar/2019:10:27:03 -0300] "GET /cormun/static/Resources/PXToolsHeaderBackground2.png HTTP/1.1" 304 -
186.67.172.234 - - [12/Mar/2019:10:27:03 -0300] "GET /cormun/servlet/hlogin HTTP/1.1" 200 1739
186.67.172.234 - - [12/Mar/2019:10:27:03 -0300] "GET /cormun/servlet/trlicencias HTTP/1.1" 200 6135
186.103.159.188 - - [12/Mar/2019:10:27:05 -0300] "POST /cormun/servlet/solicitudotadjuntos?gx-no-cache=1552397007227 HTTP/1.1" 200 26
186.67.172.234 - - [12/Mar/2019:10:27:10 -0300] "POST /cormun/servlet/hlogin?ca3f0ae10751bf69a6dd9f3dc9c72fdf,gx-no-cache=1552396969710 HTTP/1.1" 200 90
186.67.172.234 - - [12/Mar/2019:10:27:10 -0300] "GET /cormun/servlet/hpexe_link HTTP/1.1" 200 956
186.67.172.234 - - [12/Mar/2019:10:27:11 -0300] "GET /cormun/servlet/trlicencias HTTP/1.1" 200 9664
186.67.172.234 - - [12/Mar/2019:10:27:11 -0300] "GET /cormun/servlet/trlicencias HTTP/1.1" 200 9659
186.103.159.188 - - [12/Mar/2019:10:27:12 -0300] "GET /cormun/servlet/solicitudotadjuntos?5b317daf83afefbea7514241851a61ba4935838e8814abd883a6d37389e10467,gx-no-cache=1552397014396 HTTP/1.1" 200 30
186.103.159.188 - - [12/Mar/2019:10:27:12 -0300] "GET /cormun/servlet/solicitudotadjuntos?5b317daf83afefbea7514241851a61ba4935838e8814abd883a6d37389e10467,gx-no-cache=1552397014413 HTTP/1.1" 200 30
186.103.159.188 - - [12/Mar/2019:10:27:13 -0300] "POST /cormun/servlet/solicitudotadjuntos?71161abd0d84b5c8f92d6ca8c99c49fd,INS,2019,14634,,1, HTTP/1.1" 200 116
186.103.159.188 - - [12/Mar/2019:10:27:13 -0300] "GET /cormun/servlet/hpexe_return? HTTP/1.1" 200 1028
186.103.159.188 - - [12/Mar/2019:10:27:13 -0300] "GET /cormun/servlet/trsolicitudadjuntos?2019,14634, HTTP/1.1" 200 9324
186.103.159.188 - - [12/Mar/2019:10:27:14 -0300] "GET /cormun/servlet/trsolicitudadjuntos?2019,14634, HTTP/1.1" 200 9322
186.103.159.188 - - [12/Mar/2019:10:27:18 -0300] "GET /cormun/servlet/solicitudotadjuntos?INS,2019,14634,,1, HTTP/1.1" 200 6096
186.103.159.188 - - [12/Mar/2019:10:27:18 -0300] "GET /cormun/static/about:blank HTTP/1.1" 404 1011
186.103.159.188 - - [12/Mar/2019:10:27:19 -0300] "GET /cormun/servlet/solicitudotadjuntos?INS,2019,14634,,1, HTTP/1.1" 200 6090
186.103.159.188 - - [12/Mar/2019:10:27:19 -0300] "GET /cormun/servlet/solicitudotadjuntos?5b317daf83afefbea7514241851a61baab61bd40553179005e085b76ea3d88ec816185d12b5b8e2f611208041fb8f05a,gx-no-cache=1552397021607 HTTP/1.1" 200 30
186.103.159.188 - - [12/Mar/2019:10:27:19 -0300] "POST /cormun/servlet/solicitudotadjuntos?71161abd0d84b5c8f92d6ca8c99c49fd,INS,2019,14634,,1,,gx-no-cache=1552397021638 HTTP/1.1" 200 3893
186.67.172.234 - - [12/Mar/2019:10:27:22 -0300] "GET /cormun/static/menuarrow.gif HTTP/1.1" 404 1015
186.103.159.188 - - [12/Mar/2019:10:27:23 -0300] "POST /cormun/servlet/solicitudotadjuntos?gx-no-cache=1552397025467 HTTP/1.1" 200 26
186.103.159.188 - - [12/Mar/2019:10:27:34 -0300] "GET /cormun/servlet/solicitudotadjuntos?5b317daf83afefbea7514241851a61ba4935838e8814abd883a6d37389e10467,gx-no-cache=1552397036331 HTTP/1.1" 200 30
186.103.159.188 - - [12/Mar/2019:10:27:34 -0300] "GET /cormun/servlet/solicitudotadjuntos?5b317daf83afefbea7514241851a61ba4935838e8814abd883a6d37389e10467,gx-no-cache=1552397036346 HTTP/1.1" 200 30
186.103.159.188 - - [12/Mar/2019:10:27:35 -0300] "POST /cormun/servlet/solicitudotadjuntos?71161abd0d84b5c8f92d6ca8c99c49fd,INS,2019,14634,,1, HTTP/1.1" 200 116
186.103.159.188 - - [12/Mar/2019:10:27:35 -0300] "GET /cormun/servlet/hpexe_return? HTTP/1.1" 200 1028
186.103.159.188 - - [12/Mar/2019:10:27:35 -0300] "GET /cormun/servlet/trsolicitudadjuntos?2019,14634, HTTP/1.1" 200 9594
186.103.159.188 - - [12/Mar/2019:10:27:36 -0300] "GET /cormun/servlet/trsolicitudadjuntos?2019,14634, HTTP/1.1" 200 9593
186.103.159.188 - - [12/Mar/2019:10:27:39 -0300] "GET /cormun/servlet/solicitudotadjuntos?INS,2019,14634,,1, HTTP/1.1" 200 6095
186.103.159.188 - - [12/Mar/2019:10:27:39 -0300] "GET /cormun/static/about:blank HTTP/1.1" 404 1011
186.103.159.188 - - [12/Mar/2019:10:27:39 -0300] "GET /cormun/servlet/solicitudotadjuntos?INS,2019,14634,,1, HTTP/1.1" 200 6089
186.103.159.188 - - [12/Mar/2019:10:27:40 -0300] "GET /cormun/servlet/solicitudotadjuntos?5b317daf83afefbea7514241851a61baab61bd40553179005e085b76ea3d88ec816185d12b5b8e2f611208041fb8f05a,gx-no-cache=1552397042368 HTTP/1.1" 200 30
186.103.159.188 - - [12/Mar/2019:10:27:40 -0300] "POST /cormun/servlet/solicitudotadjuntos?71161abd0d84b5c8f92d6ca8c99c49fd,INS,2019,14634,,1,,gx-no-cache=1552397042395 HTTP/1.1" 200 3893
186.103.159.188 - - [12/Mar/2019:10:27:43 -0300] "POST /cormun/servlet/solicitudotadjuntos?gx-no-cache=1552397045434 HTTP/1.1" 200 26
186.67.172.234 - - [12/Mar/2019:10:27:48 -0300] "POST /cormun/servlet/trlicencias?ca3f0ae10751bf69a6dd9f3dc9c72fdf,gx-no-cache=1552397007873 HTTP/1.1" 200 6334
186.103.159.188 - - [12/Mar/2019:10:27:53 -0300] "GET /cormun/servlet/solicitudotadjuntos?5b317daf83afefbea7514241851a61ba4935838e8814abd883a6d37389e10467,gx-no-cache=1552397055411 HTTP/1.1" 200 30
186.103.159.188 - - [12/Mar/2019:10:27:53 -0300] "GET /cormun/servlet/solicitudotadjuntos?5b317daf83afefbea7514241851a61ba4935838e8814abd883a6d37389e10467,gx-no-cache=1552397055426 HTTP/1.1" 200 30
192.168.10.89 - - [12/Mar/2019:10:27:54 -0300] "GET /cormun/servlet/trautorizarot? HTTP/1.1" 200 11517
186.103.159.188 - - [12/Mar/2019:10:27:56 -0300] "POST /cormun/servlet/solicitudotadjuntos?71161abd0d84b5c8f92d6ca8c99c49fd,INS,2019,14634,,1, HTTP/1.1" 200 116
186.103.159.188 - - [12/Mar/2019:10:27:57 -0300] "GET /cormun/servlet/hpexe_return? HTTP/1.1" 200 1028
186.103.159.188 - - [12/Mar/2019:10:27:57 -0300] "GET /cormun/servlet/trsolicitudadjuntos?2019,14634, HTTP/1.1" 200 9818
186.103.159.188 - - [12/Mar/2019:10:27:58 -0300] "GET /cormun/servlet/trsolicitudadjuntos?2019,14634, HTTP/1.1" 200 9814
186.103.159.188 - - [12/Mar/2019:10:28:01 -0300] "GET /cormun/servlet/solicitudotadjuntos?INS,2019,14634,,1, HTTP/1.1" 200 6095
186.103.159.188 - - [12/Mar/2019:10:28:01 -0300] "GET /cormun/static/about:blank HTTP/1.1" 404 1011
186.103.159.188 - - [12/Mar/2019:10:28:01 -0300] "GET /cormun/servlet/solicitudotadjuntos?INS,2019,14634,,1, HTTP/1.1" 200 6089
186.103.159.188 - - [12/Mar/2019:10:28:02 -0300] "GET /cormun/servlet/solicitudotadjuntos?5b317daf83afefbea7514241851a61baab61bd40553179005e085b76ea3d88ec816185d12b5b8e2f611208041fb8f05a,gx-no-cache=1552397064108 HTTP/1.1" 200 30
186.103.159.188 - - [12/Mar/2019:10:28:02 -0300] "POST /cormun/servlet/solicitudotadjuntos?71161abd0d84b5c8f92d6ca8c99c49fd,INS,2019,14634,,1,,gx-no-cache=1552397064156 HTTP/1.1" 200 3893
186.103.159.188 - - [12/Mar/2019:10:28:05 -0300] "POST /cormun/servlet/solicitudotadjuntos?gx-no-cache=1552397067490 HTTP/1.1" 200 26
186.67.172.234 - - [12/Mar/2019:10:28:05 -0300] "POST /cormun/servlet/trlicencias?ca3f0ae10751bf69a6dd9f3dc9c72fdf,gx-no-cache=1552397024695 HTTP/1.1" 200 101
186.67.172.234 - - [12/Mar/2019:10:28:05 -0300] "GET /cormun/Licencias-2964.xls HTTP/1.1" 200 6144
186.103.159.188 - - [12/Mar/2019:10:28:15 -0300] "GET /cormun/servlet/solicitudotadjuntos?5b317daf83afefbea7514241851a61ba4935838e8814abd883a6d37389e10467,gx-no-cache=1552397077651 HTTP/1.1" 200 30
186.103.159.188 - - [12/Mar/2019:10:28:16 -0300] "GET /cormun/servlet/solicitudotadjuntos?5b317daf83afefbea7514241851a61ba4935838e8814abd883a6d37389e10467,gx-no-cache=1552397077668 HTTP/1.1" 200 30
192.168.10.89 - - [12/Mar/2019:10:28:18 -0300] "POST /cormun/servlet/trautorizarot?f3fe70c2ec9fe273941537c2a7c4cbd4,,gx-no-cache=1552404104228 HTTP/1.1" 200 14848
186.103.159.188 - - [12/Mar/2019:10:28:20 -0300] "POST /cormun/servlet/solicitudotadjuntos?71161abd0d84b5c8f92d6ca8c99c49fd,INS,2019,14634,,1, HTTP/1.1" 200 116
186.103.159.188 - - [12/Mar/2019:10:28:20 -0300] "GET /cormun/servlet/hpexe_return? HTTP/1.1" 200 1028
186.103.159.188 - - [12/Mar/2019:10:28:21 -0300] "GET /cormun/servlet/trsolicitudadjuntos?2019,14634, HTTP/1.1" 200 9946
186.103.159.188 - - [12/Mar/2019:10:28:22 -0300] "GET /cormun/servlet/trsolicitudadjuntos?2019,14634, HTTP/1.1" 200 9943
192.168.10.89 - - [12/Mar/2019:10:28:28 -0300] "POST /cormun/servlet/trautorizarot?f3fe70c2ec9fe273941537c2a7c4cbd4,,gx-no-cache=1552404113753 HTTP/1.1" 200 5345
186.103.159.188 - - [12/Mar/2019:10:28:37 -0300] "GET /cormun/servlet/trsolicitudot? HTTP/1.1" 200 10679
186.103.159.188 - - [12/Mar/2019:10:28:38 -0300] "GET /cormun/servlet/trsolicitudot? HTTP/1.1" 200 10674
186.103.159.188 - - [12/Mar/2019:10:29:16 -0300] "GET /cormun/servlet/solicitudot?INS,0,0, HTTP/1.1" 200 14872
186.103.159.188 - - [12/Mar/2019:10:29:16 -0300] "GET /cormun/servlet/solicitudot?INS,0,0, HTTP/1.1" 200 14876
186.103.159.188 - - [12/Mar/2019:10:29:42 -0300] "POST /cormun/servlet/solicitudot?gx-no-cache=1552397164299 HTTP/1.1" 200 3435
192.168.10.89 - - [12/Mar/2019:10:29:42 -0300] "GET /cormun/servlet/trsolicitudgral? HTTP/1.1" 200 10025
186.103.159.188 - - [12/Mar/2019:10:29:43 -0300] "POST /cormun/servlet/solicitudot?71161abd0d84b5c8f92d6ca8c99c49fd,INS,0,0,,gx-no-cache=1552397164788 HTTP/1.1" 200 11587
186.103.159.188 - - [12/Mar/2019:10:29:48 -0300] "GET /cormun/servlet/solicitudot?5b317daf83afefbea7514241851a61baf2460e3e425e7d512d72ef33103f0b8ba0b944ab561848087834f824340b6ca6,gx-no-cache=1552397170944 HTTP/1.1" 200 30
190.171.152.242 - - [12/Mar/2019:10:29:50 -0300] "GET /cormun/servlet/hlogin HTTP/1.1" 200 1726
190.171.152.242 - - [12/Mar/2019:10:29:52 -0300] "POST /cormun/servlet/hlogin?9a919ba670d6ed811bba2b97b836984b,gx-no-cache=1552397173808 HTTP/1.1" 200 90
190.171.152.242 - - [12/Mar/2019:10:29:52 -0300] "GET /cormun/servlet/hpexe_link HTTP/1.1" 200 950
190.171.152.242 - - [12/Mar/2019:10:29:52 -0300] "GET /cormun/servlet/hhome HTTP/1.1" 200 4069
190.171.152.242 - - [12/Mar/2019:10:29:52 -0300] "GET /cormun/servlet/hhome HTTP/1.1" 200 4066
190.171.152.242 - - [12/Mar/2019:10:29:56 -0300] "GET /cormun/servlet/trsolicitudot? HTTP/1.1" 200 7285
190.171.152.242 - - [12/Mar/2019:10:29:56 -0300] "GET /cormun/servlet/trsolicitudot? HTTP/1.1" 200 7284
190.171.152.242 - - [12/Mar/2019:10:29:58 -0300] "GET /cormun/servlet/solicitudot?INS,0,0, HTTP/1.1" 200 14884
190.171.152.242 - - [12/Mar/2019:10:29:58 -0300] "GET /cormun/servlet/solicitudot?INS,0,0, HTTP/1.1" 200 14888
190.171.152.242 - - [12/Mar/2019:10:30:03 -0300] "GET /cormun/servlet/prfichaempleado?,MD,,gxPopupLevel%3D0%3B HTTP/1.1" 200 9366
186.67.164.138 - - [12/Mar/2019:10:30:11 -0300] "GET /cormun/servlet/hlogin HTTP/1.1" 200 1725
186.67.164.138 - - [12/Mar/2019:10:30:11 -0300] "GET /cormun/static/gxcfg.js?20177612122725 HTTP/1.1" 200 953
186.67.164.138 - - [12/Mar/2019:10:30:11 -0300] "GET /cormun/static/Resources/ComunLogin.png HTTP/1.1" 200 17326
186.67.164.138 - - [12/Mar/2019:10:30:11 -0300] "GET /cormun/static/messages.spa.js?85251 HTTP/1.1" 200 30736
186.67.164.138 - - [12/Mar/2019:10:30:11 -0300] "GET /cormun/static/gxtimezone.js?85251 HTTP/1.1" 200 5781
186.67.164.138 - - [12/Mar/2019:10:30:11 -0300] "GET /cormun/static/Resources/Spanish/PXTools.css?1155365 HTTP/1.1" 200 89042
186.67.164.138 - - [12/Mar/2019:10:30:11 -0300] "GET /cormun/static/hlogin.js?20177612122738 HTTP/1.1" 200 2136
186.67.164.138 - - [12/Mar/2019:10:30:11 -0300] "GET /cormun/static/gxgral.js?85251 HTTP/1.1" 200 384558
186.67.164.138 - - [12/Mar/2019:10:30:11 -0300] "GET /cormun/static/Resources/PXToolsLoginTop.png HTTP/1.1" 200 1337
186.67.164.138 - - [12/Mar/2019:10:30:11 -0300] "GET /cormun/static/Resources/PXToolsLoginBackground.png HTTP/1.1" 200 1164
186.67.164.138 - - [12/Mar/2019:10:30:11 -0300] "GET /cormun/static/Resources/PXToolsButtonLeft21.png HTTP/1.1" 200 1287
186.67.164.138 - - [12/Mar/2019:10:30:11 -0300] "GET /cormun/static/Resources/PXToolsButtonRight21.png HTTP/1.1" 200 1283
186.67.164.138 - - [12/Mar/2019:10:30:11 -0300] "GET /cormun/static/Resources/PXToolsButtonBackground2.png HTTP/1.1" 200 1181
186.67.164.138 - - [12/Mar/2019:10:30:11 -0300] "GET /cormun/static/Resources/PXToolsLoginBottom.png HTTP/1.1" 200 1389
186.67.164.138 - - [12/Mar/2019:10:30:12 -0300] "GET /cormun/static/Resources/indicator.gif HTTP/1.1" 200 1553
186.67.164.138 - - [12/Mar/2019:10:30:12 -0300] "GET /cormun/servlet/hlogin HTTP/1.1" 200 1735
190.171.152.242 - - [12/Mar/2019:10:30:20 -0300] "POST /cormun/servlet/prfichaempleado?9a919ba670d6ed811bba2b97b836984b,,MD,,gxPopupLevel%3D0%3B,gx-no-cache=1552397202145 HTTP/1.1" 200 3420
190.171.152.242 - - [12/Mar/2019:10:30:26 -0300] "POST /cormun/servlet/solicitudot?gx-no-cache=1552397207347 HTTP/1.1" 200 3543
190.171.152.242 - - [12/Mar/2019:10:30:26 -0300] "POST /cormun/servlet/solicitudot?9a919ba670d6ed811bba2b97b836984b,INS,0,0,,gx-no-cache=1552397207498 HTTP/1.1" 200 11690
190.171.152.242 - - [12/Mar/2019:10:30:26 -0300] "GET /cormun/servlet/solicitudot?2e7d6729b40ca3aba5cf94e04956d6df84db90b2af7783c0d47a20f29bddecaddf084bdc61a2c06bff84a753a055cbd8,gx-no-cache=1552397207690 HTTP/1.1" 200 30
186.67.164.138 - - [12/Mar/2019:10:30:35 -0300] "POST /cormun/servlet/hlogin?1b8a91484fdde5e8f6a98be1ce68994d,gx-no-cache=1552397216457 HTTP/1.1" 200 449
186.67.172.234 - - [12/Mar/2019:10:30:43 -0300] "POST /cormun/servlet/trlicencias?ca3f0ae10751bf69a6dd9f3dc9c72fdf,gx-no-cache=1552397182929 HTTP/1.1" 200 4110
186.103.159.188 - - [12/Mar/2019:10:30:59 -0300] "GET /cormun/servlet/prbanco?,MD,,gxPopupLevel%3D0%3B HTTP/1.1" 200 6609
186.103.159.188 - - [12/Mar/2019:10:31:10 -0300] "GET /cormun/servlet/solicitudot?5b317daf83afefbea7514241851a61baae8a0aaa99edf87ff945b0f8d97eeff5,gx-no-cache=1552397252531 HTTP/1.1" 200 94
186.103.159.188 - - [12/Mar/2019:10:31:10 -0300] "GET /cormun/static/Shared/jqueryui/images/ui-bg_highlight-soft_100_c6c2c8_1x100.png HTTP/1.1" 404 1117
186.103.159.188 - - [12/Mar/2019:10:31:10 -0300] "GET /cormun/static/Shared/jqueryui/images/ui-icons_82798d_256x240.png HTTP/1.1" 404 1089
186.103.159.188 - - [12/Mar/2019:10:31:10 -0300] "GET /cormun/static/Shared/jqueryui/images/ui-bg_flat_55_994d53_40x100.png HTTP/1.1" 404 1097
186.103.159.188 - - [12/Mar/2019:10:31:10 -0300] "GET /cormun/static/Shared/jqueryui/images/ui-icons_ebccce_256x240.png HTTP/1.1" 404 1089
186.103.159.188 - - [12/Mar/2019:10:31:12 -0300] "GET /cormun/servlet/solicitudot?5b317daf83afefbea7514241851a61ba4f89a004d5495f2310b34d90df7bc119,gx-no-cache=1552397254589 HTTP/1.1" 200 60
190.171.152.242 - - [12/Mar/2019:10:31:13 -0300] "GET /cormun/servlet/solicitudot?2e7d6729b40ca3aba5cf94e04956d6df9f12a20abf8eda473eda8478efc81288622bd989f63cd6c47c98fd815ec96e17df084bdc61a2c06bff84a753a055cbd8,gx-no-cache=1552397254386 HTTP/1.1" 200 30
190.171.152.242 - - [12/Mar/2019:10:31:13 -0300] "GET /cormun/servlet/solicitudot?2e7d6729b40ca3aba5cf94e04956d6dfc6eaec1377f654b3b10df30f6573d184,gx-no-cache=1552397254435 HTTP/1.1" 200 53
190.171.152.242 - - [12/Mar/2019:10:31:13 -0300] "POST /cormun/servlet/solicitudot?gx-no-cache=1552397254470 HTTP/1.1" 200 255
190.171.152.242 - - [12/Mar/2019:10:31:13 -0300] "GET /cormun/servlet/solicitudot?2e7d6729b40ca3aba5cf94e04956d6dff18b913adc027baf7ca9ffa62598b72343df71d2fad908e5f61242ec086bef1ef12a2d8baf26b10e1cf8843a931fdb4ee80329b11a95752e04ac610beec851e1db1e08f9bfc120a821c723cb116c34cd898b7a03959d6782c297c56aa5943ed4072f3aba3825166ffd144f9319b9892527466d1f75f490fe1a3f2ab4d473915e220d91f337a6eb1b48a475dd4401b0bd0fb21f953598b82d24d580a6db1072d00876ff08ed2fd5a21ec79a45a10acbde9cfdb34b419e668d35c25097bdf72e57b1c820a3de02ffa0631e08ffbfc31ce9d4bfe1fd1e7076422ca9bfa518f0a77ff19b82cfa02f543487ef6c159fbcf6043280bd854ba362cca7227dfd8c74aeee128007febafdc0403663d39b999f7f9c09a3634a7fe3b610a1c8d883e892fd4e7ff9d87865e3eafdde4df821b55ab672c72157c0a98fcd7c6b4f0abbc8281bdbedc756d6137515cae2815b3375577c691cc1a40a2ab4de950360176d091844b953d9287f0cbe7f4fdbac83a059feb91d,gx-no-cache=1552397254524 HTTP/1.1" 200 30
190.171.152.242 - - [12/Mar/2019:10:31:14 -0300] "POST /cormun/servlet/solicitudot?gx-no-cache=1552397256047 HTTP/1.1" 200 30
190.171.152.242 - - [12/Mar/2019:10:31:19 -0300] "POST /cormun/servlet/solicitudot?gx-no-cache=1552397260891 HTTP/1.1" 200 1280
190.171.152.242 - - [12/Mar/2019:10:31:19 -0300] "POST /cormun/servlet/solicitudot?gx-no-cache=1552397260941 HTTP/1.1" 200 38
190.171.152.242 - - [12/Mar/2019:10:31:19 -0300] "GET /cormun/servlet/solicitudot?2e7d6729b40ca3aba5cf94e04956d6df8f7b0649ba37e7806faf5a372878b456cd389f34446205602c0798ba1d640744f32222f62b5d317c04c3ae94513970b03e6653de179f8ef8d46fb9a10fe99759c2f5d379c81b0d8f14689a97d0b545831460bff41ada36fbb8802d3641d56dee,gx-no-cache=1552397260964 HTTP/1.1" 200 110
190.171.152.114 - - [12/Mar/2019:10:31:20 -0300] "GET /cormun/servlet/hlogin HTTP/1.1" 200 1722
190.171.152.114 - - [12/Mar/2019:10:31:20 -0300] "GET /cormun/static/gxcfg.js?20177612122725 HTTP/1.1" 200 953
190.171.152.114 - - [12/Mar/2019:10:31:20 -0300] "GET /cormun/static/Resources/ComunLogin.png HTTP/1.1" 200 17326
190.171.152.114 - - [12/Mar/2019:10:31:20 -0300] "GET /cormun/static/Resources/Spanish/PXTools.css?1155365 HTTP/1.1" 200 89042
190.171.152.114 - - [12/Mar/2019:10:31:20 -0300] "GET /cormun/static/gxtimezone.js?85251 HTTP/1.1" 200 5781
190.171.152.114 - - [12/Mar/2019:10:31:20 -0300] "GET /cormun/static/hlogin.js?20177612122738 HTTP/1.1" 200 2136
190.171.152.114 - - [12/Mar/2019:10:31:20 -0300] "GET /cormun/static/gxgral.js?85251 HTTP/1.1" 200 384558
190.171.152.114 - - [12/Mar/2019:10:31:20 -0300] "GET /cormun/static/messages.spa.js?85251 HTTP/1.1" 200 30736
190.171.152.114 - - [12/Mar/2019:10:31:20 -0300] "GET /cormun/static/Resources/indicator.gif HTTP/1.1" 200 1553
190.171.152.114 - - [12/Mar/2019:10:31:20 -0300] "GET /cormun/servlet/hlogin HTTP/1.1" 200 1732
190.171.152.114 - - [12/Mar/2019:10:31:20 -0300] "GET /cormun/static/Resources/PXToolsLoginBackground.png HTTP/1.1" 200 1164
190.171.152.114 - - [12/Mar/2019:10:31:20 -0300] "GET /cormun/static/Resources/PXToolsButtonLeft21.png HTTP/1.1" 200 1287
190.171.152.114 - - [12/Mar/2019:10:31:20 -0300] "GET /cormun/static/Resources/PXToolsButtonRight21.png HTTP/1.1" 200 1283
190.171.152.114 - - [12/Mar/2019:10:31:20 -0300] "GET /cormun/static/Resources/PXToolsButtonBackground2.png HTTP/1.1" 200 1181
190.171.152.114 - - [12/Mar/2019:10:31:20 -0300] "GET /cormun/static/Resources/PXToolsLoginTop.png HTTP/1.1" 200 1337
190.171.152.114 - - [12/Mar/2019:10:31:20 -0300] "GET /cormun/static/Resources/PXToolsLoginBottom.png HTTP/1.1" 200 1389
190.171.152.114 - - [12/Mar/2019:10:31:21 -0300] "GET /cormun/static/Resources/PXToolsButtonRight21.png HTTP/1.1" 200 1283
190.171.152.114 - - [12/Mar/2019:10:31:21 -0300] "GET /cormun/static/Resources/PXToolsLoginBottom.png HTTP/1.1" 200 1389
190.171.152.114 - - [12/Mar/2019:10:31:21 -0300] "GET /favicon.ico HTTP/1.1" 200 21630
190.171.152.114 - - [12/Mar/2019:10:31:32 -0300] "POST /cormun/servlet/hlogin?2ffce4d89601518bb90791b383ebef35,gx-no-cache=1552397274717 HTTP/1.1" 200 90
190.171.152.114 - - [12/Mar/2019:10:31:32 -0300] "GET /cormun/servlet/hpexe_link HTTP/1.1" 200 953
190.171.152.114 - - [12/Mar/2019:10:31:32 -0300] "GET /cormun/static/gxcfg.js?20177612121792 HTTP/1.1" 200 953
190.171.152.114 - - [12/Mar/2019:10:31:32 -0300] "GET /cormun/static/hpexe_link.js?20177612121795 HTTP/1.1" 200 625
190.171.152.114 - - [12/Mar/2019:10:31:32 -0300] "GET /cormun/servlet/hhome HTTP/1.1" 200 4268
190.171.152.114 - - [12/Mar/2019:10:31:32 -0300] "GET /cormun/static/gxcfg.js?20175251212442 HTTP/1.1" 200 953
190.171.152.114 - - [12/Mar/2019:10:31:32 -0300] "GET /cormun/static/Shared/jqueryui/jquery-ui.min.css?1245370 HTTP/1.1" 200 30288
190.171.152.114 - - [12/Mar/2019:10:31:32 -0300] "GET /cormun/static/Resources/Spanish/PXTools.css?11423723 HTTP/1.1" 200 89042
190.171.152.114 - - [12/Mar/2019:10:31:32 -0300] "GET /cormun/static/SmoothNavMenu/resources/ddsmoothmenu-v.css?1012540 HTTP/1.1" 200 1188
190.171.152.114 - - [12/Mar/2019:10:31:32 -0300] "GET /cormun/static/SmoothNavMenu/resources/ddsmoothmenu.css?1012540 HTTP/1.1" 200 2223
190.171.152.114 - - [12/Mar/2019:10:31:32 -0300] "GET /cormun/static/scaMessage/css/jquery.pnotify.default.css?1716380 HTTP/1.1" 200 1707
190.171.152.114 - - [12/Mar/2019:10:31:32 -0300] "GET /cormun/static/PXToolsJavascripts/pexe_cookies.js HTTP/1.1" 200 792
190.171.152.114 - - [12/Mar/2019:10:31:32 -0300] "GET /cormun/static/PXToolsJavascripts/pexe_autoreload.js HTTP/1.1" 200 1762
190.171.152.114 - - [12/Mar/2019:10:31:32 -0300] "GET /cormun/static/PXToolsJavascripts/pexe_windows.js HTTP/1.1" 200 15207
190.171.152.114 - - [12/Mar/2019:10:31:32 -0300] "GET /cormun/static/PXToolsJavascripts/pexe_griddivfix.js HTTP/1.1" 200 6644
190.171.152.114 - - [12/Mar/2019:10:31:32 -0300] "GET /cormun/static/PXToolsJavascripts/pexe_link.js HTTP/1.1" 200 5671
190.171.152.114 - - [12/Mar/2019:10:31:32 -0300] "GET /cormun/static/PXToolsJavascripts/pexe_grid.js HTTP/1.1" 200 7559
190.171.152.114 - - [12/Mar/2019:10:31:32 -0300] "GET /cormun/static/PXToolsJavascripts/pexe_menudivfix.js HTTP/1.1" 200 333
190.171.152.114 - - [12/Mar/2019:10:31:32 -0300] "GET /cormun/static/PXToolsJavascripts/pexe_oav.js HTTP/1.1" 200 645
190.171.152.114 - - [12/Mar/2019:10:31:32 -0300] "GET /cormun/static/PXToolsJavascripts/pexe_picture.js HTTP/1.1" 200 689
190.171.152.114 - - [12/Mar/2019:10:31:32 -0300] "GET /cormun/static/PXToolsJavascripts/pexe_layers.js HTTP/1.1" 200 4114
190.171.152.114 - - [12/Mar/2019:10:31:32 -0300] "GET /cormun/static/PXToolsJavascripts/pexe_oavdivfix.js HTTP/1.1" 200 639
190.171.152.114 - - [12/Mar/2019:10:31:32 -0300] "GET /cormun/static/PXToolsJavascripts/pexe_popup.js HTTP/1.1" 200 13458
190.171.152.114 - - [12/Mar/2019:10:31:32 -0300] "GET /cormun/static/PXToolsJavascripts/pexe_tabdivfix.js HTTP/1.1" 200 876
190.171.152.114 - - [12/Mar/2019:10:31:32 -0300] "GET /cormun/static/PXToolsJavascripts/pexe_tabs.js HTTP/1.1" 200 3748
190.171.152.114 - - [12/Mar/2019:10:31:32 -0300] "GET /cormun/static/PXToolsJavascripts/pexe_scrolldiv.js HTTP/1.1" 200 4138
190.171.152.114 - - [12/Mar/2019:10:31:32 -0300] "GET /cormun/static/PXToolsJavascripts/pexe_menus.js HTTP/1.1" 200 1286
190.171.152.114 - - [12/Mar/2019:10:31:32 -0300] "GET /cormun/static/PXToolsJavascripts/pexe_upload.js HTTP/1.1" 200 1423
190.171.152.114 - - [12/Mar/2019:10:31:32 -0300] "GET /cormun/static/PXToolsJavascripts/PXToolsJavascriptsRender.js HTTP/1.1" 200 367
190.171.152.114 - - [12/Mar/2019:10:31:32 -0300] "GET /cormun/static/Resources/logo4.png HTTP/1.1" 200 6582
190.171.152.114 - - [12/Mar/2019:10:31:32 -0300] "GET /cormun/static/Resources/PXToolsHeaderActionsLeft.png HTTP/1.1" 200 1118
190.171.152.114 - - [12/Mar/2019:10:31:32 -0300] "GET /cormun/static/Resources/PXToolsHeaderHome.png HTTP/1.1" 200 4147
190.171.152.114 - - [12/Mar/2019:10:31:32 -0300] "GET /cormun/static/Resources/PXToolsHeaderLogin.png HTTP/1.1" 200 4279
190.171.152.114 - - [12/Mar/2019:10:31:32 -0300] "GET /cormun/static/Resources/PXToolsHeaderSecurity.png HTTP/1.1" 200 4166
190.171.152.114 - - [12/Mar/2019:10:31:32 -0300] "GET /cormun/static/Resources/PXToolsHeaderActionsRight.png HTTP/1.1" 200 1201
190.171.152.114 - - [12/Mar/2019:10:31:32 -0300] "GET /cormun/static/Resources/PXToolsHeaderPreferences.png HTTP/1.1" 200 4189
190.171.152.114 - - [12/Mar/2019:10:31:32 -0300] "GET /cormun/static/hhome.js?20175251212450 HTTP/1.1" 200 777
190.171.152.114 - - [12/Mar/2019:10:31:32 -0300] "GET /cormun/static/Shared/ext/locale/ext-lang-en.js HTTP/1.1" 200 10940
190.171.152.114 - - [12/Mar/2019:10:31:32 -0300] "GET /cormun/static/RunJS/RunJS.js HTTP/1.1" 200 288
190.171.152.114 - - [12/Mar/2019:10:31:32 -0300] "GET /cormun/static/gxui/gxui-all.js HTTP/1.1" 200 107772
190.171.152.114 - - [12/Mar/2019:10:31:32 -0300] "GET /cormun/static/hpexe_recentlink.js?20177611595044 HTTP/1.1" 200 2144
190.171.152.114 - - [12/Mar/2019:10:31:32 -0300] "GET /cormun/static/hwchdr01.js?201752511465785 HTTP/1.1" 200 1183
