192.168.10.89 - - [12/Mar/2019:10:55:09 -0300] "POST /cormun/servlet/trsolicitudgral?f3fe70c2ec9fe273941537c2a7c4cbd4,,gx-no-cache=1552405715478 HTTP/1.1" 200 7647
200.54.246.54 - - [12/Mar/2019:10:55:23 -0300] "GET /cormun/servlet/trpermisosgoce? HTTP/1.1" 200 8082
200.54.246.54 - - [12/Mar/2019:10:55:23 -0300] "GET /cormun/servlet/trpermisosgoce? HTTP/1.1" 200 8080
200.54.246.54 - - [12/Mar/2019:10:55:28 -0300] "GET /cormun/servlet/permisogoce?INS,0,,, HTTP/1.1" 200 7211
200.54.246.54 - - [12/Mar/2019:10:55:28 -0300] "GET /cormun/servlet/permisogoce?INS,0,,, HTTP/1.1" 200 7211
200.54.246.54 - - [12/Mar/2019:10:55:47 -0300] "GET /cormun/servlet/permisogoce?8a1e45e7b56a34f095d880175cffc9b3cb1e25830c530af2debda60f4e470baea7b47772b65ad2169965459c45dc3700874242d58044b36e5da62e8f4801fa8e,gx-no-cache=1552398724684 HTTP/1.1" 200 76
200.54.246.54 - - [12/Mar/2019:10:55:47 -0300] "GET /cormun/static/menuarrow.gif HTTP/1.1" 404 1015
192.168.10.89 - - [12/Mar/2019:10:55:47 -0300] "POST /cormun/servlet/trsolicitudgral?f3fe70c2ec9fe273941537c2a7c4cbd4,,gx-no-cache=1552405753367 HTTP/1.1" 200 9419
200.54.246.54 - - [12/Mar/2019:10:55:56 -0300] "GET /cormun/servlet/permisogoce?8a1e45e7b56a34f095d880175cffc9b3731ee7ae333ced5fe7b423000c3b05d0ca2306bf09e8a9087db6eae8843247e4a8e0e644c5bb11da880d3df59035cb91,gx-no-cache=1552398733969 HTTP/1.1" 200 47
192.168.10.89 - - [12/Mar/2019:10:55:59 -0300] "POST /cormun/servlet/trsolicitudgral?f3fe70c2ec9fe273941537c2a7c4cbd4,,gx-no-cache=1552405762991 HTTP/1.1" 200 24299
200.54.246.54 - - [12/Mar/2019:10:56:01 -0300] "POST /cormun/servlet/permisogoce?d22169f9d3fb1a03dce5da93bf4864cd,INS,0,,,,gx-no-cache=1552398738716 HTTP/1.1" 200 93
200.54.246.54 - - [12/Mar/2019:10:56:01 -0300] "GET /cormun/servlet/hpexe_return? HTTP/1.1" 200 1009
200.54.246.54 - - [12/Mar/2019:10:56:01 -0300] "GET /cormun/static/gxcfg.js?2016101716175148 HTTP/1.1" 200 953
200.54.246.54 - - [12/Mar/2019:10:56:01 -0300] "GET /cormun/static/hpexe_return.js?2016101716175153 HTTP/1.1" 200 1633
200.54.246.54 - - [12/Mar/2019:10:56:01 -0300] "GET /cormun/static/Resources/Spanish/PXTools.css?167811 HTTP/1.1" 200 89042
200.54.246.54 - - [12/Mar/2019:10:56:01 -0300] "GET /cormun/servlet/trpermisosgoce HTTP/1.1" 200 8476
200.54.246.54 - - [12/Mar/2019:10:56:02 -0300] "GET /cormun//static/Resources/PXToolsGridUpdate.png HTTP/1.1" 200 2984
200.54.246.54 - - [12/Mar/2019:10:56:02 -0300] "GET /cormun/servlet/trpermisosgoce HTTP/1.1" 200 8472
200.54.246.54 - - [12/Mar/2019:10:56:05 -0300] "GET /cormun/servlet/permisogoce?INS,0,,, HTTP/1.1" 200 7210
200.54.246.54 - - [12/Mar/2019:10:56:05 -0300] "GET /cormun/servlet/permisogoce?INS,0,,, HTTP/1.1" 200 7210
192.168.10.89 - - [12/Mar/2019:10:56:12 -0300] "POST /cormun/servlet/trsolicitudgral?f3fe70c2ec9fe273941537c2a7c4cbd4,,gx-no-cache=1552405776261 HTTP/1.1" 200 105
192.168.10.89 - - [12/Mar/2019:10:56:12 -0300] "GET /cormun/SolicitudGral-6699.xls HTTP/1.1" 200 171008
192.168.10.89 - - [12/Mar/2019:10:56:15 -0300] "OPTIONS /cormun/ HTTP/1.1" 200 -
200.54.246.54 - - [12/Mar/2019:10:56:15 -0300] "GET /cormun/servlet/permisogoce?8a1e45e7b56a34f095d880175cffc9b38dc5c828dc9fb46b214b9817f875e4a7a7b47772b65ad2169965459c45dc3700874242d58044b36e5da62e8f4801fa8e,gx-no-cache=1552398753548 HTTP/1.1" 200 93
200.54.246.54 - - [12/Mar/2019:10:56:16 -0300] "GET /cormun/static/menuarrow.gif HTTP/1.1" 404 1015
192.168.10.89 - - [12/Mar/2019:10:56:19 -0300] "HEAD /cormun/SolicitudGral-6699.xls HTTP/1.1" 200 -
192.168.10.89 - - [12/Mar/2019:10:56:20 -0300] "HEAD /cormun/SolicitudGral-6699.xls HTTP/1.1" 200 -
200.54.246.54 - - [12/Mar/2019:10:56:25 -0300] "GET /cormun/servlet/permisogoce?8a1e45e7b56a34f095d880175cffc9b3a7c16a5d75caeb83ed5d24e1d895099423df8b67590be682ac5be0ca90099385abe8e63c1116d2c1fdc9e3733c6db048,gx-no-cache=1552398762657 HTTP/1.1" 200 47
192.168.10.89 - - [12/Mar/2019:10:56:29 -0300] "GET /cormun/SolicitudGral-6699.xls HTTP/1.1" 200 171008
192.168.10.89 - - [12/Mar/2019:10:56:29 -0300] "HEAD /cormun/SolicitudGral-6699.xls HTTP/1.1" 200 -
200.54.246.54 - - [12/Mar/2019:10:56:37 -0300] "POST /cormun/servlet/permisogoce?d22169f9d3fb1a03dce5da93bf4864cd,INS,0,,,,gx-no-cache=1552398765852 HTTP/1.1" 200 93
200.54.246.54 - - [12/Mar/2019:10:56:37 -0300] "GET /cormun/servlet/hpexe_return? HTTP/1.1" 200 1009
200.54.246.54 - - [12/Mar/2019:10:56:38 -0300] "GET /cormun/servlet/trpermisosgoce HTTP/1.1" 200 8721
200.54.246.54 - - [12/Mar/2019:10:56:38 -0300] "GET /cormun/servlet/trpermisosgoce HTTP/1.1" 200 8717
186.79.69.186 - - [12/Mar/2019:10:56:43 -0300] "GET /cormun/servlet/hlogin HTTP/1.1" 200 1720
200.54.246.54 - - [12/Mar/2019:10:56:44 -0300] "GET /cormun/servlet/permisogoce?INS,0,,, HTTP/1.1" 200 7210
200.54.246.54 - - [12/Mar/2019:10:56:51 -0300] "GET /cormun/servlet/permisogoce?INS,0,,, HTTP/1.1" 200 7210
186.79.69.186 - - [12/Mar/2019:10:56:53 -0300] "POST /cormun/servlet/hlogin?66ee15c1d1e8092be40211b0afceea74,gx-no-cache=1552398794494 HTTP/1.1" 200 90
186.79.69.186 - - [12/Mar/2019:10:56:53 -0300] "GET /cormun/servlet/hpexe_link HTTP/1.1" 200 971
186.79.69.186 - - [12/Mar/2019:10:56:54 -0300] "GET /cormun/servlet/trsolicitudadjuntos?2019,14559, HTTP/1.1" 200 9908
186.79.69.186 - - [12/Mar/2019:10:56:54 -0300] "GET /cormun/servlet/trsolicitudadjuntos?2019,14559, HTTP/1.1" 200 9917
186.79.69.186 - - [12/Mar/2019:10:56:57 -0300] "GET /cormun/servlet/trsolicitudot? HTTP/1.1" 200 7554
186.79.69.186 - - [12/Mar/2019:10:56:57 -0300] "GET /cormun/servlet/trsolicitudot? HTTP/1.1" 200 7540
200.54.246.54 - - [12/Mar/2019:10:57:02 -0300] "GET /cormun/servlet/permisogoce?8a1e45e7b56a34f095d880175cffc9b39052e35c7c10f2fc9fc095dd15112306a7b47772b65ad2169965459c45dc3700874242d58044b36e5da62e8f4801fa8e,gx-no-cache=1552398799769 HTTP/1.1" 200 176
200.54.246.54 - - [12/Mar/2019:10:57:02 -0300] "GET /cormun/static/Shared/jqueryui/images/ui-bg_highlight-soft_100_c6c2c8_1x100.png HTTP/1.1" 404 1117
200.54.246.54 - - [12/Mar/2019:10:57:02 -0300] "GET /cormun/static/Shared/jqueryui/images/ui-icons_82798d_256x240.png HTTP/1.1" 404 1089
200.54.246.54 - - [12/Mar/2019:10:57:02 -0300] "GET /cormun/static/Shared/jqueryui/images/ui-bg_flat_55_994d53_40x100.png HTTP/1.1" 404 1097
200.54.246.54 - - [12/Mar/2019:10:57:02 -0300] "GET /cormun/static/Shared/jqueryui/images/ui-icons_ebccce_256x240.png HTTP/1.1" 404 1089
186.79.69.186 - - [12/Mar/2019:10:57:06 -0300] "GET /cormun/servlet/solicitudot?INS,0,0, HTTP/1.1" 200 15146
186.79.69.186 - - [12/Mar/2019:10:57:07 -0300] "GET /cormun/servlet/solicitudot?INS,0,0, HTTP/1.1" 200 15152
186.79.69.186 - - [12/Mar/2019:10:57:30 -0300] "POST /cormun/servlet/solicitudot?gx-no-cache=1552398831217 HTTP/1.1" 200 3435
186.79.69.186 - - [12/Mar/2019:10:57:31 -0300] "POST /cormun/servlet/solicitudot?66ee15c1d1e8092be40211b0afceea74,INS,0,0,,gx-no-cache=1552398831680 HTTP/1.1" 200 11793
186.79.69.186 - - [12/Mar/2019:10:57:36 -0300] "GET /cormun/servlet/solicitudot?a226d1a7b07d50ea17b87ba7d25c3ef39817b11e7d91bd124eb2af62d6f02181f2660f125ad831135f2d6c65f6770cdf,gx-no-cache=1552398837036 HTTP/1.1" 200 30
200.54.246.54 - - [12/Mar/2019:10:57:45 -0300] "GET /cormun/servlet/permisogoce?8a1e45e7b56a34f095d880175cffc9b39052e35c7c10f2fc9fc095dd15112306a7b47772b65ad2169965459c45dc3700874242d58044b36e5da62e8f4801fa8e,gx-no-cache=1552398842720 HTTP/1.1" 200 176
200.54.246.54 - - [12/Mar/2019:10:58:05 -0300] "POST /cormun/servlet/permisogoce?d22169f9d3fb1a03dce5da93bf4864cd,INS,0,,,,gx-no-cache=1552398853921 HTTP/1.1" 200 93
200.54.246.54 - - [12/Mar/2019:10:58:05 -0300] "GET /cormun/servlet/hpexe_return? HTTP/1.1" 200 1009
200.54.246.54 - - [12/Mar/2019:10:58:05 -0300] "GET /cormun/servlet/trpermisosgoce HTTP/1.1" 200 8721
200.54.246.54 - - [12/Mar/2019:10:58:06 -0300] "GET /cormun/servlet/trpermisosgoce HTTP/1.1" 200 8720
200.54.246.54 - - [12/Mar/2019:10:58:21 -0300] "GET /cormun/servlet/trpermisosadjuntos?11887843,20190312124854,P, HTTP/1.1" 200 6650
200.54.246.54 - - [12/Mar/2019:10:58:21 -0300] "GET /cormun/static/gxcfg.js?201762817193957 HTTP/1.1" 200 953
200.54.246.54 - - [12/Mar/2019:10:58:21 -0300] "GET /cormun/static/trpermisosadjuntos.js?201762817194366 HTTP/1.1" 200 20158
200.54.246.54 - - [12/Mar/2019:10:58:21 -0300] "GET /cormun/static/Resources/Spanish/PXTools.css?17315867 HTTP/1.1" 200 89042
200.54.246.54 - - [12/Mar/2019:10:58:21 -0300] "GET /cormun/servlet/trpermisosadjuntos?11887843,20190312124854,P, HTTP/1.1" 200 6650
190.171.141.82 - - [12/Mar/2019:10:58:22 -0300] "GET /cormun/servlet/hlogin HTTP/1.1" 200 1724
200.54.246.54 - - [12/Mar/2019:10:58:23 -0300] "GET /cormun/servlet/permisosadjuntos?INS,11887843,P,20190312124854,, HTTP/1.1" 200 5978
200.54.246.54 - - [12/Mar/2019:10:58:23 -0300] "GET /cormun/static/gxcfg.js?201762717441171 HTTP/1.1" 200 953
200.54.246.54 - - [12/Mar/2019:10:58:23 -0300] "GET /cormun/static/permisosadjuntos.js?201762717441184 HTTP/1.1" 200 8724
200.54.246.54 - - [12/Mar/2019:10:58:23 -0300] "GET /cormun/static/about:blank HTTP/1.1" 404 1011
200.54.246.54 - - [12/Mar/2019:10:58:23 -0300] "GET /cormun/servlet/permisosadjuntos?INS,11887843,P,20190312124854,, HTTP/1.1" 200 5968
200.54.246.54 - - [12/Mar/2019:10:58:33 -0300] "POST /cormun/servlet/permisosadjuntos?d22169f9d3fb1a03dce5da93bf4864cd,INS,11887843,P,20190312124854,, HTTP/1.1" 200 116
200.54.246.54 - - [12/Mar/2019:10:58:33 -0300] "GET /cormun/servlet/hpexe_return? HTTP/1.1" 200 1038
200.54.246.54 - - [12/Mar/2019:10:58:33 -0300] "GET /cormun/servlet/trpermisosadjuntos?11887843,20190312124854,P, HTTP/1.1" 200 7163
200.54.246.54 - - [12/Mar/2019:10:58:34 -0300] "GET /cormun/servlet/trpermisosadjuntos?11887843,20190312124854,P, HTTP/1.1" 200 7160
190.171.141.82 - - [12/Mar/2019:10:58:35 -0300] "POST /cormun/servlet/hlogin?55f6b7d84dfe5ef4e6a1788986f61be9,gx-no-cache=1552398896551 HTTP/1.1" 200 90
190.171.141.82 - - [12/Mar/2019:10:58:35 -0300] "GET /cormun/servlet/hpexe_link HTTP/1.1" 200 949
190.171.141.82 - - [12/Mar/2019:10:58:35 -0300] "GET /cormun/servlet/hhome HTTP/1.1" 200 4341
190.171.141.82 - - [12/Mar/2019:10:58:36 -0300] "GET /cormun/servlet/hhome HTTP/1.1" 200 4337
200.54.246.54 - - [12/Mar/2019:10:58:39 -0300] "POST /cormun/servlet/trpermisosadjuntos?d22169f9d3fb1a03dce5da93bf4864cd,11887843,20190312124854,P,,gx-no-cache=1552398896794 HTTP/1.1" 200 90
200.54.246.54 - - [12/Mar/2019:10:58:39 -0300] "GET /cormun/servlet/hpexe_link HTTP/1.1" 200 982
200.54.246.54 - - [12/Mar/2019:10:58:39 -0300] "GET /cormun/servlet/trpermisosgoce HTTP/1.1" 200 8721
200.54.246.54 - - [12/Mar/2019:10:58:39 -0300] "GET /cormun/servlet/trpermisosgoce HTTP/1.1" 200 8720
190.171.141.82 - - [12/Mar/2019:10:58:50 -0300] "GET /cormun/servlet/trsolicitudot? HTTP/1.1" 200 7555
190.171.141.82 - - [12/Mar/2019:10:58:51 -0300] "GET /cormun/servlet/trsolicitudot? HTTP/1.1" 200 7553
190.171.141.82 - - [12/Mar/2019:10:59:03 -0300] "POST /cormun/servlet/trsolicitudot?55f6b7d84dfe5ef4e6a1788986f61be9,,gx-no-cache=1552398923615 HTTP/1.1" 200 22810
190.171.141.82 - - [12/Mar/2019:10:59:11 -0300] "POST /cormun/servlet/trsolicitudot?55f6b7d84dfe5ef4e6a1788986f61be9,,gx-no-cache=1552398932630 HTTP/1.1" 200 7039
186.67.164.138 - - [12/Mar/2019:10:59:15 -0300] "GET /cormun/servlet/trsolicitudot? HTTP/1.1" 200 6414
186.67.164.138 - - [12/Mar/2019:10:59:17 -0300] "GET /cormun/servlet/hlogin HTTP/1.1" 200 1735
186.67.164.138 - - [12/Mar/2019:10:59:17 -0300] "GET /cormun/servlet/trsolicitudot? HTTP/1.1" 200 6411
200.54.246.54 - - [12/Mar/2019:10:59:28 -0300] "GET /cormun/servlet/trpermisosadjuntos?13568456,20190312124930,P, HTTP/1.1" 200 6656
200.54.246.54 - - [12/Mar/2019:10:59:29 -0300] "GET /cormun/servlet/trpermisosadjuntos?13568456,20190312124930,P, HTTP/1.1" 200 6667
186.67.172.234 - - [12/Mar/2019:10:59:31 -0300] "GET /cormun/servlet/permisosadjuntos?INS,13568456,P,20190312124930,, HTTP/1.1" 200 5997
186.67.172.234 - - [12/Mar/2019:10:59:31 -0300] "GET /cormun/static/about:blank HTTP/1.1" 404 1011
186.67.172.234 - - [12/Mar/2019:10:59:32 -0300] "GET /cormun/servlet/permisosadjuntos?INS,13568456,P,20190312124930,, HTTP/1.1" 200 5987
186.67.172.234 - - [12/Mar/2019:10:59:41 -0300] "POST /cormun/servlet/permisosadjuntos?d22169f9d3fb1a03dce5da93bf4864cd,INS,13568456,P,20190312124930,, HTTP/1.1" 200 116
186.67.172.234 - - [12/Mar/2019:10:59:41 -0300] "GET /cormun/servlet/hpexe_return? HTTP/1.1" 200 1037
186.67.172.234 - - [12/Mar/2019:10:59:41 -0300] "GET /cormun/servlet/trpermisosadjuntos?13568456,20190312124930,P, HTTP/1.1" 200 7197
186.67.172.234 - - [12/Mar/2019:10:59:41 -0300] "GET /cormun/servlet/trpermisosadjuntos?13568456,20190312124930,P, HTTP/1.1" 200 7193
186.67.172.234 - - [12/Mar/2019:10:59:44 -0300] "POST /cormun/servlet/trpermisosadjuntos?d22169f9d3fb1a03dce5da93bf4864cd,13568456,20190312124930,P,,gx-no-cache=1552398961655 HTTP/1.1" 200 90
186.67.172.234 - - [12/Mar/2019:10:59:44 -0300] "GET /cormun/servlet/hpexe_link HTTP/1.1" 200 983
186.67.172.234 - - [12/Mar/2019:10:59:44 -0300] "GET /cormun/servlet/trpermisosgoce HTTP/1.1" 200 8718
186.67.172.234 - - [12/Mar/2019:10:59:45 -0300] "GET /cormun/servlet/trpermisosgoce HTTP/1.1" 200 8720
186.67.172.234 - - [12/Mar/2019:10:59:50 -0300] "POST /cormun/servlet/trpermisosgoce?d22169f9d3fb1a03dce5da93bf4864cd,gx-no-cache=1552398968233 HTTP/1.1" 200 5836
186.67.172.234 - - [12/Mar/2019:10:59:51 -0300] "GET /cormun/static/Shared/jqueryui/images/ui-bg_highlight-soft_100_c6c2c8_1x100.png HTTP/1.1" 404 1117
186.67.172.234 - - [12/Mar/2019:10:59:51 -0300] "GET /cormun/static/Shared/jqueryui/images/ui-icons_82798d_256x240.png HTTP/1.1" 404 1089
186.67.172.234 - - [12/Mar/2019:10:59:51 -0300] "GET /cormun/static/Shared/jqueryui/images/ui-bg_flat_55_fafafa_40x100.png HTTP/1.1" 404 1097
186.67.172.234 - - [12/Mar/2019:10:59:51 -0300] "GET /cormun/static/Shared/jqueryui/images/ui-icons_8d78a5_256x240.png HTTP/1.1" 404 1089
186.67.172.234 - - [12/Mar/2019:11:00:09 -0300] "POST /cormun/servlet/trpermisosgoce?d22169f9d3fb1a03dce5da93bf4864cd,gx-no-cache=1552398977641 HTTP/1.1" 200 5831
186.67.172.234 - - [12/Mar/2019:11:00:12 -0300] "GET /cormun/servlet/trautorizarsolicitud? HTTP/1.1" 200 7455
186.67.172.234 - - [12/Mar/2019:11:00:12 -0300] "GET /cormun/static/gxui/gxui-all.css?120300 HTTP/1.1" 200 2179
186.67.172.234 - - [12/Mar/2019:11:00:12 -0300] "GET /cormun/static/calendar-system.css?85620 HTTP/1.1" 200 5572
186.67.172.234 - - [12/Mar/2019:11:00:12 -0300] "GET /cormun/static/gxcfg.js?2017111423403364 HTTP/1.1" 200 953
186.67.172.234 - - [12/Mar/2019:11:00:12 -0300] "GET /cormun/static/trautorizarsolicitud.js?201711142340425 HTTP/1.1" 200 53910
186.67.172.234 - - [12/Mar/2019:11:00:12 -0300] "GET /cormun/static/Resources/Spanish/PXTools.css?1255365 HTTP/1.1" 200 89042
186.67.172.234 - - [12/Mar/2019:11:00:13 -0300] "GET /cormun/static/Shared/ext/resources/css/ext-all.css?215870 HTTP/1.1" 200 416045
186.67.172.234 - - [12/Mar/2019:11:00:13 -0300] "GET /cormun/servlet/trautorizarsolicitud? HTTP/1.1" 200 7454
186.67.172.234 - - [12/Mar/2019:11:00:20 -0300] "GET /cormun/servlet/trautorizarsolicitud? HTTP/1.1" 200 7454
186.67.172.234 - - [12/Mar/2019:11:00:20 -0300] "GET /cormun/servlet/trautorizarsolicitud? HTTP/1.1" 200 7454
186.67.172.234 - - [12/Mar/2019:11:00:20 -0300] "GET /cormun/servlet/trautorizarsolicitud? HTTP/1.1" 200 7454
186.67.172.234 - - [12/Mar/2019:11:00:26 -0300] "GET /cormun/servlet/trpermisosgoce HTTP/1.1" 200 8725
186.67.172.234 - - [12/Mar/2019:11:00:26 -0300] "GET /cormun/servlet/trpermisosgoce HTTP/1.1" 200 8724
186.79.69.186 - - [12/Mar/2019:11:00:33 -0300] "GET /cormun/servlet/solicitudot?a226d1a7b07d50ea17b87ba7d25c3ef3580e28bfdc283d002f993b9ebc68623b,gx-no-cache=1552399013790 HTTP/1.1" 200 94
186.79.69.186 - - [12/Mar/2019:11:00:33 -0300] "GET /cormun/static/Shared/jqueryui/images/ui-bg_highlight-soft_100_c6c2c8_1x100.png HTTP/1.1" 404 1117
186.79.69.186 - - [12/Mar/2019:11:00:33 -0300] "GET /cormun/servlet/solicitudot?a226d1a7b07d50ea17b87ba7d25c3ef3f672858d55c3162bed3c5db18088a9e6,gx-no-cache=1552399014089 HTTP/1.1" 200 29
186.79.69.186 - - [12/Mar/2019:11:00:33 -0300] "GET /cormun/static/Shared/jqueryui/images/ui-icons_82798d_256x240.png HTTP/1.1" 404 1089
186.79.69.186 - - [12/Mar/2019:11:00:33 -0300] "GET /cormun/static/Shared/jqueryui/images/ui-bg_flat_55_994d53_40x100.png HTTP/1.1" 404 1097
186.79.69.186 - - [12/Mar/2019:11:00:33 -0300] "GET /cormun/static/Shared/jqueryui/images/ui-icons_ebccce_256x240.png HTTP/1.1" 404 1089
186.79.69.186 - - [12/Mar/2019:11:00:33 -0300] "POST /cormun/servlet/solicitudot?gx-no-cache=1552399014187 HTTP/1.1" 200 297
186.79.69.186 - - [12/Mar/2019:11:00:33 -0300] "GET /cormun/servlet/solicitudot?a226d1a7b07d50ea17b87ba7d25c3ef37710d644a1bc18e2ecb492f34d480c199d925f817f7a3a8b5f67c3ac66887e8f4f3688b1d4d172dc5b24ce899df9a10b1cd53c070fe66473751cc069fd36f6f875bd205975ca00a5bc4e8a8636b3ec210198a42ec53be7d6bd2f7475e1af8111b5e59ef033710f49d8ce6f6617158a0193b4d792da84b63de543b87008f9e0049a4094e531dc6ae0e550f20744723428eb1e01bf111098b71e666f089fe8b87c1695f4ce2e1dcc96936d91474345187bd0edcec6f09834715c28efcdf9aa2e0878c87d81e500912cf7df9936ac34a0a6741bdceb4cf21367462e130d62fa6759b886921f1c224d425427cce87bfcfd298fb121fb3fc4f58f70c30f3730d7c72e4eda76a47a4b62e7b460cdcdf112e07088129e848a13d63504ac5a966e2a63e1cccf96c3481a7d30b96da6dc08fb36ff0e7c7315bcbe4a09a773f07c5f278ddab56087b48c5d08beeca7341b7bd07c14e0b527cadd221808aaac161d8ebee87db4d7b0ddfeac7f7d19c3026db38de291a4f89dcf5c220caa538da4c4941152a9,gx-no-cache=1552399014294 HTTP/1.1" 200 30
186.79.69.186 - - [12/Mar/2019:11:00:35 -0300] "POST /cormun/servlet/solicitudot?gx-no-cache=1552399016277 HTTP/1.1" 200 30
192.168.10.94 - - [12/Mar/2019:11:00:37 -0300] "GET /digitalizacion/servlet/pusecurityobjectaccess01?PU HTTP/1.1" 200 4175
192.168.10.94 - - [12/Mar/2019:11:00:37 -0300] "GET /digitalizacion/static/gxcfg.js?201841414271875 HTTP/1.1" 200 954
192.168.10.94 - - [12/Mar/2019:11:00:38 -0300] "GET /digitalizacion/static/Resources/PXToolsGridNew.png HTTP/1.1" 200 427
192.168.10.94 - - [12/Mar/2019:11:00:38 -0300] "GET /digitalizacion/static/pusecurityobjectaccess01.js?201841414271894 HTTP/1.1" 200 2402
192.168.10.94 - - [12/Mar/2019:11:00:38 -0300] "GET /digitalizacion/static/cmsecurityobjectaccess01_w01.js?201841414233995 HTTP/1.1" 200 11788
192.168.10.94 - - [12/Mar/2019:11:00:38 -0300] "GET /digitalizacion/static/hmpwkw031prompt.js?20184141427183 HTTP/1.1" 200 1802
192.168.10.94 - - [12/Mar/2019:11:00:38 -0300] "GET /digitalizacion/static/Resources/PXToolsFooterBackground.png HTTP/1.1" 200 1129
192.168.10.94 - - [12/Mar/2019:11:00:41 -0300] "GET /digitalizacion/servlet/wblogin? HTTP/1.1" 200 2328
186.79.69.186 - - [12/Mar/2019:11:00:56 -0300] "GET /cormun/servlet/solicitudot?a226d1a7b07d50ea17b87ba7d25c3ef341739740aeba707a102c8160b003d9f2b1f329f2e297099dde4358e4d039adeb,gx-no-cache=1552399037409 HTTP/1.1" 200 30
186.79.69.186 - - [12/Mar/2019:11:00:56 -0300] "POST /cormun/servlet/solicitudot?gx-no-cache=1552399037524 HTTP/1.1" 200 1277
186.79.69.186 - - [12/Mar/2019:11:00:56 -0300] "POST /cormun/servlet/solicitudot?gx-no-cache=1552399037712 HTTP/1.1" 200 38
186.67.172.234 - - [12/Mar/2019:11:00:58 -0300] "GET /cormun/servlet/trpermisosgoce HTTP/1.1" 200 8713
186.67.172.234 - - [12/Mar/2019:11:00:58 -0300] "GET /cormun/servlet/trpermisosgoce HTTP/1.1" 200 8721
186.67.172.234 - - [12/Mar/2019:11:01:03 -0300] "POST /cormun/servlet/trpermisosgoce?d22169f9d3fb1a03dce5da93bf4864cd,gx-no-cache=1552399041366 HTTP/1.1" 200 5787
186.67.172.234 - - [12/Mar/2019:11:01:04 -0300] "GET /cormun/static/Shared/jqueryui/images/ui-bg_highlight-soft_100_c6c2c8_1x100.png HTTP/1.1" 404 1117
186.67.172.234 - - [12/Mar/2019:11:01:04 -0300] "GET /cormun/static/Shared/jqueryui/images/ui-icons_82798d_256x240.png HTTP/1.1" 404 1089
186.67.172.234 - - [12/Mar/2019:11:01:04 -0300] "GET /cormun/static/Shared/jqueryui/images/ui-bg_flat_55_fafafa_40x100.png HTTP/1.1" 404 1097
186.67.172.234 - - [12/Mar/2019:11:01:04 -0300] "GET /cormun/static/Shared/jqueryui/images/ui-icons_8d78a5_256x240.png HTTP/1.1" 404 1089
186.67.172.234 - - [12/Mar/2019:11:01:08 -0300] "POST /cormun/servlet/trpermisosgoce?d22169f9d3fb1a03dce5da93bf4864cd,gx-no-cache=1552399046346 HTTP/1.1" 200 5789
186.67.172.234 - - [12/Mar/2019:11:01:21 -0300] "GET /cormun/servlet/trautorizarsolicitud? HTTP/1.1" 200 7455
186.79.69.186 - - [12/Mar/2019:11:01:21 -0300] "GET /cormun/servlet/solicitudot?a226d1a7b07d50ea17b87ba7d25c3ef39c6f53a82f5c04a09b3d85f16fb75d6e551b5deb43e8d8feec4205d0672daf4986d3d0282048bf6eeb452b6b2cad9d9a0d986e82d2b3e21ffea9f7cfce02cb7334be6fbdb72df0539beb50edad04b6a3915f321cee10cbd62cbe27deffe356b5,gx-no-cache=1552399062523 HTTP/1.1" 200 110
186.67.172.234 - - [12/Mar/2019:11:01:29 -0300] "GET /cormun/servlet/trautorizarsolicitud? HTTP/1.1" 200 7454
186.79.69.186 - - [12/Mar/2019:11:01:43 -0300] "POST /cormun/servlet/solicitudot?gx-no-cache=1552399083829 HTTP/1.1" 200 83
186.67.172.234 - - [12/Mar/2019:11:01:47 -0300] "GET /cormun/servlet/trautorizarpermisogoce? HTTP/1.1" 200 8326
186.67.172.234 - - [12/Mar/2019:11:01:54 -0300] "GET /cormun/static/gxcfg.js?20177612165975 HTTP/1.1" 200 953
186.67.172.234 - - [12/Mar/2019:11:01:54 -0300] "GET /cormun/static/trautorizarpermisogoce.js?2017761217384 HTTP/1.1" 200 34948
186.67.172.234 - - [12/Mar/2019:11:01:54 -0300] "GET /cormun/servlet/trautorizarpermisogoce? HTTP/1.1" 200 8326
192.168.10.89 - - [12/Mar/2019:11:02:35 -0300] "GET /cormun/servlet/hlogin HTTP/1.1" 200 1740
186.103.157.246 - - [12/Mar/2019:11:03:22 -0300] "GET /cormun/servlet/hhome HTTP/1.1" 200 3939
186.103.157.246 - - [12/Mar/2019:11:03:22 -0300] "GET /cormun/static/Resources/Spanish/PXTools.css?11423723 HTTP/1.1" 200 89042
186.103.157.246 - - [12/Mar/2019:11:03:22 -0300] "GET /cormun/static/gxcfg.js?20175251212442 HTTP/1.1" 200 953
186.103.157.246 - - [12/Mar/2019:11:03:22 -0300] "GET /cormun/static/hhome.js?20175251212450 HTTP/1.1" 200 777
186.67.164.138 - - [12/Mar/2019:11:03:25 -0300] "POST /cormun/servlet/hlogin?2b522ade5aba2c362f4063b9235e313d,gx-no-cache=1552399186978 HTTP/1.1" 200 90
186.67.164.138 - - [12/Mar/2019:11:03:25 -0300] "GET /cormun/servlet/hpexe_link HTTP/1.1" 200 951
186.67.164.138 - - [12/Mar/2019:11:03:26 -0300] "GET /cormun/servlet/trsolicitudot HTTP/1.1" 200 8522
186.67.164.138 - - [12/Mar/2019:11:03:27 -0300] "GET /cormun/servlet/trsolicitudot HTTP/1.1" 200 8520
186.67.164.138 - - [12/Mar/2019:11:04:12 -0300] "POST /cormun/servlet/trsolicitudot?2b522ade5aba2c362f4063b9235e313d,gx-no-cache=1552399233550 HTTP/1.1" 200 106
186.67.164.138 - - [12/Mar/2019:11:04:12 -0300] "GET /cormun/servlet/solicitudot?UPD,2019,14624, HTTP/1.1" 200 15307
186.67.164.138 - - [12/Mar/2019:11:04:13 -0300] "GET /cormun/servlet/solicitudot?UPD,2019,14624, HTTP/1.1" 200 15317
186.67.164.138 - - [12/Mar/2019:11:04:14 -0300] "POST /cormun/servlet/solicitudot?gx-no-cache=1552399235597 HTTP/1.1" 200 3479
186.67.164.138 - - [12/Mar/2019:11:04:14 -0300] "POST /cormun/servlet/solicitudot?2b522ade5aba2c362f4063b9235e313d,UPD,2019,14624,,gx-no-cache=1552399235748 HTTP/1.1" 200 11670
186.67.164.138 - - [12/Mar/2019:11:04:14 -0300] "GET /cormun/servlet/solicitudot?d9d0aba585d062fe335fd01e4b843f1d3df7ee1f001211c2f0c5a49d2f67c8cd06f23a1058fd79fc7a546df00bd67862,gx-no-cache=1552399235987 HTTP/1.1" 200 30
186.67.164.138 - - [12/Mar/2019:11:04:14 -0300] "GET /cormun/servlet/solicitudot?d9d0aba585d062fe335fd01e4b843f1d9dbb73461c4c95d80d27b56b7ac8326ddd46fe521ecd49afa06e57fb9a1fed303dfae4c5a10cc1686a121a017dcdc19e,gx-no-cache=1552399236023 HTTP/1.1" 200 30
186.67.164.138 - - [12/Mar/2019:11:04:14 -0300] "GET /cormun/servlet/solicitudot?d9d0aba585d062fe335fd01e4b843f1dfccd0e0814b3632c27a9d52d83d6aaad,gx-no-cache=1552399236045 HTTP/1.1" 200 29
186.67.164.138 - - [12/Mar/2019:11:04:14 -0300] "POST /cormun/servlet/solicitudot?gx-no-cache=1552399236083 HTTP/1.1" 200 254
186.67.164.138 - - [12/Mar/2019:11:04:14 -0300] "GET /cormun/servlet/solicitudot?d9d0aba585d062fe335fd01e4b843f1de6367f2b0d15915daa02207f512f353567182504db3efb0311217430efc734bbdf155346dc17dd7ccf65d1e4f0948338d0dd99390424ab5e85d17b1678a97484bc09907e618d81aa91395fe63946fcd43a748927b94d458a6a5ff4f721c140ec2bba8ccf6f91c5ad643d74b5052e5fca5ee16c92f9cbd495e652112541772ff85f51bee68344341c19c20291096d590e6b128ed6b6bb2149658ffd6d5c70049e468ca1a1c46618d70d38b504a28547decd42d8c713d21f6915237494a82441f55d83a8bb32049e9ddc5887ce1e781cea45327ae4fbbc1fcee8d25dd8e1e07176b0afa2840b476717039741ed8dcbabbb28858cc6bbab42587d89e71d6efbeeb0648dc8adf15bd4e1ac43f909e2608e9a09e82ca1b11670af297a4a12b5e6696c888e1990c1ceb3758474462a3964b7b55a225f6b0e548e9476e57d6b46779f7b26c62806d0bc1ab2e90ceb2a3978ce7a048238a3d0cfa34694b7408f58210c33ccc78534c54131e8f44fb1c110622a81,gx-no-cache=1552399236118 HTTP/1.1" 200 30
186.67.164.138 - - [12/Mar/2019:11:04:14 -0300] "POST /cormun/servlet/solicitudot?gx-no-cache=1552399236141 HTTP/1.1" 200 30
186.67.164.138 - - [12/Mar/2019:11:04:14 -0300] "POST /cormun/servlet/solicitudot?gx-no-cache=1552399236174 HTTP/1.1" 200 1280
186.67.164.138 - - [12/Mar/2019:11:04:14 -0300] "POST /cormun/servlet/solicitudot?gx-no-cache=1552399236220 HTTP/1.1" 200 40
186.67.164.138 - - [12/Mar/2019:11:04:16 -0300] "GET /cormun/servlet/solicitudot?d9d0aba585d062fe335fd01e4b843f1dc18d615e0e0aba223083355fca0e0e239487a8ab47c2f0e25aa9dcc52d8cb33b6b25d3d1f864101e6155fe9b965d8cbd4b9572d3115efe0185b65de321be150338b1f8b15d12b21e163783af97c355b2a70c6a827c9e59529c12aa39860228ab,gx-no-cache=1552399238231 HTTP/1.1" 200 110
186.67.164.138 - - [12/Mar/2019:11:04:30 -0300] "POST /cormun/servlet/solicitudot?gx-no-cache=1552399252383 HTTP/1.1" 200 64
186.67.164.138 - - [12/Mar/2019:11:04:33 -0300] "GET /cormun/servlet/solicitudot?d9d0aba585d062fe335fd01e4b843f1d1602d94d705f6b1f80656109a64d69c0631f7a78c69b13b1ad585d3f027cd67ea812e38098b3335249cb1289ff9c0505a9ee075b74a7bd1ed962c8837049473e8487208f0f2b773a3ec31474e544698bf9aa0db8ae2be625c34fe9432dd9c0750fd45cce347a44323eb86e9fdf90402a5cacdd860293b2e07eff5aa6ad854a21b51a633b0f0bbb5a60d3f0c02ee204d12518d3942398d9ed714fb4fb300ef498d4a27478876167895c5cc22ff3b9e9988dfe6ab8a0a2eb47d9dba3f9a86d686a,gx-no-cache=1552399254923 HTTP/1.1" 200 29
186.67.164.138 - - [12/Mar/2019:11:04:33 -0300] "GET /cormun/servlet/solicitudot?d9d0aba585d062fe335fd01e4b843f1d72fde89236e79645f99c924ab249fc6f928bfcc88a9b52f1db03681d5484736b,gx-no-cache=1552399254947 HTTP/1.1" 200 30
186.67.164.138 - - [12/Mar/2019:11:04:33 -0300] "POST /cormun/servlet/solicitudot?gx-no-cache=1552399254972 HTTP/1.1" 200 30
186.67.164.138 - - [12/Mar/2019:11:04:33 -0300] "POST /cormun/servlet/solicitudot?2b522ade5aba2c362f4063b9235e313d,UPD,2019,14624,,gx-no-cache=1552399255003 HTTP/1.1" 200 93
186.67.164.138 - - [12/Mar/2019:11:04:33 -0300] "GET /cormun/servlet/hpexe_return? HTTP/1.1" 200 1008
186.67.164.138 - - [12/Mar/2019:11:04:34 -0300] "GET /cormun/servlet/trsolicitudot HTTP/1.1" 200 8526
192.168.10.89 - - [12/Mar/2019:11:04:34 -0300] "GET /cormun/servlet/hlogin HTTP/1.1" 200 1719
186.67.164.138 - - [12/Mar/2019:11:04:34 -0300] "GET /cormun/servlet/trsolicitudot HTTP/1.1" 200 8523
186.67.164.138 - - [12/Mar/2019:11:04:43 -0300] "GET /cormun/servlet/solicitudot?INS,0,0, HTTP/1.1" 200 14865
186.67.164.138 - - [12/Mar/2019:11:04:44 -0300] "GET /cormun/servlet/solicitudot?INS,0,0, HTTP/1.1" 200 14870
192.168.10.89 - - [12/Mar/2019:11:04:48 -0300] "POST /cormun/servlet/hlogin?7fd36a561b4c36f4029d697aa4b6327a,gx-no-cache=1552406294585 HTTP/1.1" 200 90
192.168.10.89 - - [12/Mar/2019:11:04:48 -0300] "GET /cormun/servlet/hpexe_link HTTP/1.1" 200 950
192.168.10.89 - - [12/Mar/2019:11:04:48 -0300] "GET /cormun/servlet/hhome HTTP/1.1" 200 4985
192.168.10.89 - - [12/Mar/2019:11:04:52 -0300] "GET /cormun/servlet/trsolicitudgral? HTTP/1.1" 200 28142
186.67.164.138 - - [12/Mar/2019:11:04:57 -0300] "POST /cormun/servlet/solicitudot?gx-no-cache=1552399278480 HTTP/1.1" 200 3443
186.67.164.138 - - [12/Mar/2019:11:04:57 -0300] "POST /cormun/servlet/solicitudot?2b522ade5aba2c362f4063b9235e313d,INS,0,0,,gx-no-cache=1552399278647 HTTP/1.1" 200 11577
186.67.164.138 - - [12/Mar/2019:11:04:58 -0300] "GET /cormun/servlet/solicitudot?d9d0aba585d062fe335fd01e4b843f1de6d30de9330eb730011bb46cac4a511cac30ed23b1c38eef5c58f377723d19bc,gx-no-cache=1552399279714 HTTP/1.1" 200 30
192.168.10.89 - - [12/Mar/2019:11:05:14 -0300] "POST /cormun/servlet/trsolicitudgral?7fd36a561b4c36f4029d697aa4b6327a,,gx-no-cache=1552406320083 HTTP/1.1" 200 8986
192.168.10.89 - - [12/Mar/2019:11:05:22 -0300] "POST /cormun/servlet/trsolicitudgral?7fd36a561b4c36f4029d697aa4b6327a,,gx-no-cache=1552406328380 HTTP/1.1" 200 8637
192.168.10.89 - - [12/Mar/2019:11:05:22 -0300] "GET /cormun/static/Shared/jqueryui/images/ui-bg_highlight-soft_100_c6c2c8_1x100.png HTTP/1.1" 404 1117
192.168.10.89 - - [12/Mar/2019:11:05:23 -0300] "GET /cormun/static/Shared/jqueryui/images/ui-bg_flat_55_fafafa_40x100.png HTTP/1.1" 404 1097
192.168.10.89 - - [12/Mar/2019:11:05:23 -0300] "GET /cormun/static/Shared/jqueryui/images/ui-icons_8d78a5_256x240.png HTTP/1.1" 404 1089
192.168.10.89 - - [12/Mar/2019:11:05:23 -0300] "GET /cormun/static/Shared/jqueryui/images/ui-icons_82798d_256x240.png HTTP/1.1" 404 1089
192.168.10.89 - - [12/Mar/2019:11:05:33 -0300] "GET /cormun/servlet/hlogin HTTP/1.1" 200 1738
192.168.10.89 - - [12/Mar/2019:11:05:41 -0300] "POST /cormun/servlet/hlogin?7fd36a561b4c36f4029d697aa4b6327a,gx-no-cache=1552406346802 HTTP/1.1" 200 90
192.168.10.89 - - [12/Mar/2019:11:05:41 -0300] "GET /cormun/servlet/hpexe_link HTTP/1.1" 200 950
192.168.10.89 - - [12/Mar/2019:11:05:41 -0300] "GET /cormun/servlet/hhome HTTP/1.1" 200 3823
192.168.10.89 - - [12/Mar/2019:11:05:47 -0300] "GET /cormun/servlet/trautorizarot? HTTP/1.1" 200 10965
192.168.10.89 - - [12/Mar/2019:11:05:57 -0300] "POST /cormun/servlet/trautorizarot?7fd36a561b4c36f4029d697aa4b6327a,,gx-no-cache=1552406362185 HTTP/1.1" 200 23117
186.79.69.186 - - [12/Mar/2019:11:06:32 -0300] "GET /cormun/servlet/solicitudot?a226d1a7b07d50ea17b87ba7d25c3ef35aced9c9bfd59bf185d34bb053e1077591778c3bdfbd1a42022179a92289c24631271bb4096f8603d207c46ff79cc2131cb7c6b0e6c7b92205962eeaaf46cbabdaf6e4573e3a7b55cd4150cd83774ae5cec74c341aa02263f51423cf6e7026af,gx-no-cache=1552399373276 HTTP/1.1" 200 29
186.79.69.186 - - [12/Mar/2019:11:06:39 -0300] "GET /cormun/servlet/solicitudot?a226d1a7b07d50ea17b87ba7d25c3ef311b67e817515f4b988e11af76c060649ebfc9bfd3c3eed53094cc3d58d111a4e,gx-no-cache=1552399380666 HTTP/1.1" 200 30
186.79.69.186 - - [12/Mar/2019:11:06:43 -0300] "POST /cormun/servlet/solicitudot?gx-no-cache=1552399384731 HTTP/1.1" 200 30
186.67.164.138 - - [12/Mar/2019:11:07:31 -0300] "GET /cormun/servlet/solicitudot?d9d0aba585d062fe335fd01e4b843f1d29fd8334bd7e03b77e7a5951b930ff9c6cf1c650a66ecaf71ad561fecef3e9653dfae4c5a10cc1686a121a017dcdc19e,gx-no-cache=1552399433516 HTTP/1.1" 200 30
186.67.164.138 - - [12/Mar/2019:11:07:37 -0300] "GET /cormun/servlet/prbanco?,MD,,gxPopupLevel%3D0%3B HTTP/1.1" 200 6615
186.67.164.138 - - [12/Mar/2019:11:07:37 -0300] "GET /cormun/static/gxcfg.js?20181161016094 HTTP/1.1" 200 953
186.67.164.138 - - [12/Mar/2019:11:07:37 -0300] "GET /cormun/static/prbanco.js?2018116101633 HTTP/1.1" 200 10693
186.67.164.138 - - [12/Mar/2019:11:07:44 -0300] "GET /cormun/servlet/solicitudot?d9d0aba585d062fe335fd01e4b843f1dd94308e35fde6aac981c4c387eb68701,gx-no-cache=1552399445555 HTTP/1.1" 200 53
192.168.10.89 - - [12/Mar/2019:11:07:44 -0300] "POST /cormun/servlet/trautorizarot?7fd36a561b4c36f4029d697aa4b6327a,,gx-no-cache=1552406469286 HTTP/1.1" 200 22431
186.67.164.138 - - [12/Mar/2019:11:08:33 -0300] "POST /cormun/servlet/solicitudot?gx-no-cache=1552399494718 HTTP/1.1" 200 255
186.67.164.138 - - [12/Mar/2019:11:08:34 -0300] "GET /cormun/servlet/solicitudot?d9d0aba585d062fe335fd01e4b843f1de6367f2b0d15915daa02207f512f353567182504db3efb0311217430efc734bbdf155346dc17dd7ccf65d1e4f0948338d0dd99390424ab5e85d17b1678a97484bc09907e618d81aa91395fe63946fcd43a748927b94d458a6a5ff4f721c140ec2bba8ccf6f91c5ad643d74b5052e5fca5ee16c92f9cbd495e652112541772ff85f51bee68344341c19c20291096d590e6b128ed6b6bb2149658ffd6d5c70049e468ca1a1c46618d70d38b504a28547decd42d8c713d21f6915237494a82441f55d83a8bb32049e9ddc5887ce1e781cea45327ae4fbbc1fcee8d25dd8e1e07176b0afa2840b476717039741ed8dcbabbb28858cc6bbab42587d89e71d6efbeeb0648dc8adf15bd4e1ac43f909e2608e9a09e82ca1b11670af297a4a12b5e6696c888e1990c1ceb3758474462a3964b7b55a225f6b0e548e9476e57d6b46779f7b26c62806d0bc1ab2e90ceb2a3978ce7a048238a3d0cfa34694b7408f58210c33cd6ac1df9eccff7974521d7e6717d369,gx-no-cache=1552399496504 HTTP/1.1" 200 30
186.67.164.138 - - [12/Mar/2019:11:08:37 -0300] "POST /cormun/servlet/solicitudot?gx-no-cache=1552399499035 HTTP/1.1" 200 30
186.67.164.138 - - [12/Mar/2019:11:08:39 -0300] "POST /cormun/servlet/solicitudot?gx-no-cache=1552399500637 HTTP/1.1" 200 1280
186.67.164.138 - - [12/Mar/2019:11:08:39 -0300] "POST /cormun/servlet/solicitudot?gx-no-cache=1552399500686 HTTP/1.1" 200 38
192.168.10.89 - - [12/Mar/2019:11:08:55 -0300] "POST /cormun/servlet/trautorizarot?7fd36a561b4c36f4029d697aa4b6327a,,gx-no-cache=1552406539938 HTTP/1.1" 200 22652
186.79.69.186 - - [12/Mar/2019:11:09:37 -0300] "GET /cormun/servlet/prbanco?,MD,,gxPopupLevel%3D0%3B HTTP/1.1" 200 6712
186.79.69.186 - - [12/Mar/2019:11:09:38 -0300] "GET /cormun/static/gxcfg.js?20181161016094 HTTP/1.1" 200 953
186.79.69.186 - - [12/Mar/2019:11:09:38 -0300] "GET /cormun/static/prbanco.js?2018116101633 HTTP/1.1" 200 10693
186.67.164.138 - - [12/Mar/2019:11:09:48 -0300] "GET /cormun/servlet/solicitudot?d9d0aba585d062fe335fd01e4b843f1dc18d615e0e0aba223083355fca0e0e239487a8ab47c2f0e25aa9dcc52d8cb33b6b25d3d1f864101e6155fe9b965d8cbd4b9572d3115efe0185b65de321be150338b1f8b15d12b21e163783af97c355b2a70c6a827c9e59529c12aa39860228ab,gx-no-cache=1552399569865 HTTP/1.1" 200 110
186.79.69.186 - - [12/Mar/2019:11:11:07 -0300] "GET /cormun/servlet/solicitudot?a226d1a7b07d50ea17b87ba7d25c3ef36d535d1abc1f0b31a9d5e39f7181e136,gx-no-cache=1552399648258 HTTP/1.1" 200 53
186.79.69.186 - - [12/Mar/2019:11:11:07 -0300] "GET /cormun/servlet/solicitudot?a226d1a7b07d50ea17b87ba7d25c3ef37710d644a1bc18e2ecb492f34d480c199d925f817f7a3a8b5f67c3ac66887e8f4f3688b1d4d172dc5b24ce899df9a10b1cd53c070fe66473751cc069fd36f6f875bd205975ca00a5bc4e8a8636b3ec210198a42ec53be7d6bd2f7475e1af8111b5e59ef033710f49d8ce6f6617158a0193b4d792da84b63de543b87008f9e0049a4094e531dc6ae0e550f20744723428eb1e01bf111098b71e666f089fe8b87c1695f4ce2e1dcc96936d91474345187bd0edcec6f09834715c28efcdf9aa2e0878c87d81e500912cf7df9936ac34a0a6741bdceb4cf21367462e130d62fa6759b886921f1c224d425427cce87bfcfd298fb121fb3fc4f58f70c30f3730d7c72e4eda76a47a4b62e7b460cdcdf112e07088129e848a13d63504ac5a966e2a63e1cccf96c3481a7d30b96da6dc08fb36ff0e7c7315bcbe4a09a773f07c5f278ddab56087b48c5d08beeca7341b7bd07c14e0b527cadd221808aaac161d8ebee87d1902af7c4cbd2ce0fab86b1abd332618a4f89dcf5c220caa538da4c4941152a9,gx-no-cache=1552399648377 HTTP/1.1" 200 30
186.79.69.186 - - [12/Mar/2019:11:11:07 -0300] "POST /cormun/servlet/solicitudot?gx-no-cache=1552399648457 HTTP/1.1" 200 30
186.79.69.186 - - [12/Mar/2019:11:11:07 -0300] "POST /cormun/servlet/solicitudot?gx-no-cache=1552399648551 HTTP/1.1" 200 1280
186.79.69.186 - - [12/Mar/2019:11:11:07 -0300] "POST /cormun/servlet/solicitudot?gx-no-cache=1552399648739 HTTP/1.1" 200 40
186.79.69.186 - - [12/Mar/2019:11:11:07 -0300] "GET /cormun/servlet/solicitudot?a226d1a7b07d50ea17b87ba7d25c3ef39c6f53a82f5c04a09b3d85f16fb75d6e551b5deb43e8d8feec4205d0672daf4986d3d0282048bf6eeb452b6b2cad9d9a0d986e82d2b3e21ffea9f7cfce02cb7334be6fbdb72df0539beb50edad04b6a3915f321cee10cbd62cbe27deffe356b5,gx-no-cache=1552399648822 HTTP/1.1" 200 110
186.79.69.186 - - [12/Mar/2019:11:11:08 -0300] "POST /cormun/servlet/solicitudot?gx-no-cache=1552399648896 HTTP/1.1" 200 83
186.79.69.186 - - [12/Mar/2019:11:11:08 -0300] "GET /cormun/servlet/solicitudot?a226d1a7b07d50ea17b87ba7d25c3ef311b67e817515f4b988e11af76c060649ebfc9bfd3c3eed53094cc3d58d111a4e,gx-no-cache=1552399649054 HTTP/1.1" 200 30
186.79.69.186 - - [12/Mar/2019:11:11:08 -0300] "POST /cormun/servlet/solicitudot?gx-no-cache=1552399649233 HTTP/1.1" 200 30
186.79.69.186 - - [12/Mar/2019:11:11:09 -0300] "POST /cormun/servlet/solicitudot?66ee15c1d1e8092be40211b0afceea74,INS,0,0,,gx-no-cache=1552399649327 HTTP/1.1" 200 93
186.79.69.186 - - [12/Mar/2019:11:11:09 -0300] "GET /cormun/servlet/hpexe_return? HTTP/1.1" 200 1007
186.79.69.186 - - [12/Mar/2019:11:11:09 -0300] "GET /cormun/servlet/trsolicitudot HTTP/1.1" 200 8912
186.79.69.186 - - [12/Mar/2019:11:11:09 -0300] "GET /cormun/servlet/trsolicitudot HTTP/1.1" 200 8908
186.79.69.186 - - [12/Mar/2019:11:11:23 -0300] "GET /cormun/servlet/solicitudot?INS,0,0, HTTP/1.1" 200 15149
186.79.69.186 - - [12/Mar/2019:11:11:23 -0300] "GET /cormun/servlet/solicitudot?INS,0,0, HTTP/1.1" 200 15155
186.79.69.186 - - [12/Mar/2019:11:11:30 -0300] "POST /cormun/servlet/solicitudot?gx-no-cache=1552399670979 HTTP/1.1" 200 3435
186.79.69.186 - - [12/Mar/2019:11:11:30 -0300] "POST /cormun/servlet/solicitudot?66ee15c1d1e8092be40211b0afceea74,INS,0,0,,gx-no-cache=1552399671396 HTTP/1.1" 200 11792
186.79.69.186 - - [12/Mar/2019:11:11:34 -0300] "GET /cormun/servlet/solicitudot?a226d1a7b07d50ea17b87ba7d25c3ef3628119cf50506aff05a72122f16c6096f2660f125ad831135f2d6c65f6770cdf,gx-no-cache=1552399675041 HTTP/1.1" 200 30
192.168.10.89 - - [12/Mar/2019:11:11:49 -0300] "POST /cormun/servlet/trautorizarot?7fd36a561b4c36f4029d697aa4b6327a,,gx-no-cache=1552406714854 HTTP/1.1" 200 22776
192.168.10.89 - - [12/Mar/2019:11:11:53 -0300] "GET /cormun/servlet/trsolicitudgral? HTTP/1.1" 200 10913
192.168.10.89 - - [12/Mar/2019:11:12:06 -0300] "POST /cormun/servlet/trsolicitudgral?7fd36a561b4c36f4029d697aa4b6327a,,gx-no-cache=1552406731792 HTTP/1.1" 200 8251
192.168.10.89 - - [12/Mar/2019:11:12:10 -0300] "GET /cormun/servlet/solicitudgral?UPD,2019,13351, HTTP/1.1" 200 12327
192.168.10.89 - - [12/Mar/2019:11:12:12 -0300] "POST /cormun/servlet/solicitudgral?gx-no-cache=1552406737788 HTTP/1.1" 200 4027
192.168.10.89 - - [12/Mar/2019:11:12:12 -0300] "GET /cormun/servlet/solicitudgral?08615d8c638b72f0658c2d42779508b07d1ead50edd8f10def07618fd647176ca2d62929492c3ecd7441910a0bd9a9311ca49d390f907a8b2cbc8ee8b117cc0010b9f849fd571c0daa5360832759267d8538875993348d2cad1f685f97c0d05ed9539ed3191c04d343e88a5660fe1f5fafad4b3575e833a89840ed570f81a008debd615b9325c6bb97b7beb6104a0803219965a6bc5bc53dbc4173fb9242a17d9f632722e596143a0ef74ef761bbf3d49752b11cf90f51fa5b89145d81e9a606cede35aead5f20788f209f2a16cd6e8cc78c37c680a410aae1ecefe7c6e28dddea316aea72a944528203389845c2afbad83963089b27e47f0b23e696af68c2baef9e279d9191b410d3c229b19fc3b580bb1ed1a8b5ff0f0b25477b39f7478c774e5164506d83b227d7a351143aaf5b63baabab748eb0c79f191296d93736c43623c928e021f82e6e839ab80c6bb7d0d9,gx-no-cache=1552406737965 HTTP/1.1" 200 255
192.168.10.89 - - [12/Mar/2019:11:12:13 -0300] "GET /cormun/servlet/solicitudgral?08615d8c638b72f0658c2d42779508b055863f2d6df959884ad7c3c861c8c6b2a2d62929492c3ecd7441910a0bd9a9311ca49d390f907a8b2cbc8ee8b117cc0061a838ff4995ca01ad8dea9f585eaf80cb14742352a572316de9bd7011c29e79,gx-no-cache=1552406739082 HTTP/1.1" 200 30
192.168.10.89 - - [12/Mar/2019:11:12:13 -0300] "POST /cormun/servlet/solicitudgral?gx-no-cache=1552406739437 HTTP/1.1" 200 67
192.168.10.89 - - [12/Mar/2019:11:12:13 -0300] "GET /cormun/servlet/solicitudgral?08615d8c638b72f0658c2d42779508b05d32d1dbf559614beae95ce55d067f815f42204d93ae5fcd4345ffda3cbd2791f40797ce586f91489db48bd054e10837e8ad906857e8fac9b1541af31aea3ed654c52802bde9452885f73e15b52233ecd93e7d79efc17e8f750c750f147ba5c49dc1c35b987eeef458bdd6c08bc14664,gx-no-cache=1552406739760 HTTP/1.1" 200 49
192.168.10.89 - - [12/Mar/2019:11:12:15 -0300] "POST /cormun/servlet/solicitudgral?7fd36a561b4c36f4029d697aa4b6327a,UPD,2019,13351,,gx-no-cache=1552406740908 HTTP/1.1" 200 11331
192.168.10.89 - - [12/Mar/2019:11:12:15 -0300] "GET /cormun/servlet/solicitudgral?08615d8c638b72f0658c2d42779508b0219a70f961aef99e2c67485da18b24dddd1539c06df5bdc04d529bdab63ef7fba341a4707b1868c860d58dc89e6a75ac45f7d56e6355d786b7acf7948918d8572a9ffac0d8f3840efc2fb91167278c10ce18e9dae7f82789b5422228890e1e54fdba23b47591dd9a9524cd267426058d70fe9ec24efc77509436a3f40b066b52dc1638328f1974148662b0af9bc8d20df3648d8a57c582e61ef48a019ca1fa640b0af31edbf3a3d098796eb77814d6dab45d9006798328d8c9c6f3a374162a19,gx-no-cache=1552406741752 HTTP/1.1" 200 29
192.168.10.89 - - [12/Mar/2019:11:12:18 -0300] "POST /cormun/servlet/solicitudgral?7fd36a561b4c36f4029d697aa4b6327a,UPD,2019,13351,,gx-no-cache=1552406743801 HTTP/1.1" 200 93
192.168.10.89 - - [12/Mar/2019:11:12:18 -0300] "GET /cormun/servlet/hpexe_return? HTTP/1.1" 200 1012
192.168.10.89 - - [12/Mar/2019:11:12:18 -0300] "GET /cormun/servlet/trsolicitudgral? HTTP/1.1" 200 11235
192.168.10.89 - - [12/Mar/2019:11:12:31 -0300] "GET /cormun/servlet/trautorizarot? HTTP/1.1" 200 25349
186.103.159.188 - - [12/Mar/2019:11:12:39 -0300] "GET /cormun/servlet/hlogin HTTP/1.1" 200 1723
186.103.159.188 - - [12/Mar/2019:11:12:50 -0300] "POST /cormun/servlet/hlogin?043fd5c28b90a57c2fdd15b92cacff26,gx-no-cache=1552399752633 HTTP/1.1" 200 90
186.103.159.188 - - [12/Mar/2019:11:12:50 -0300] "GET /cormun/servlet/hpexe_link HTTP/1.1" 200 947
186.103.159.188 - - [12/Mar/2019:11:12:50 -0300] "GET /cormun/servlet/hhome HTTP/1.1" 200 4041
186.103.159.188 - - [12/Mar/2019:11:12:51 -0300] "GET /cormun/servlet/hhome HTTP/1.1" 200 4037
186.79.69.186 - - [12/Mar/2019:11:12:54 -0300] "GET /cormun/servlet/solicitudot?a226d1a7b07d50ea17b87ba7d25c3ef3382ad5cfa08ad6312ba5e141cd8ece36,gx-no-cache=1552399755391 HTTP/1.1" 200 103
186.79.69.186 - - [12/Mar/2019:11:12:54 -0300] "GET /cormun/static/Shared/jqueryui/images/ui-bg_highlight-soft_100_c6c2c8_1x100.png HTTP/1.1" 404 1117
186.79.69.186 - - [12/Mar/2019:11:12:54 -0300] "GET /cormun/static/Shared/jqueryui/images/ui-icons_82798d_256x240.png HTTP/1.1" 404 1089
186.79.69.186 - - [12/Mar/2019:11:12:54 -0300] "GET /cormun/static/Shared/jqueryui/images/ui-bg_flat_55_994d53_40x100.png HTTP/1.1" 404 1097
186.79.69.186 - - [12/Mar/2019:11:12:54 -0300] "GET /cormun/static/Shared/jqueryui/images/ui-icons_ebccce_256x240.png HTTP/1.1" 404 1089
186.103.159.188 - - [12/Mar/2019:11:12:55 -0300] "GET /cormun/servlet/trsolicitudot? HTTP/1.1" 200 9242
186.103.159.188 - - [12/Mar/2019:11:12:55 -0300] "GET /cormun/servlet/trsolicitudot? HTTP/1.1" 200 9240
186.79.69.186 - - [12/Mar/2019:11:12:58 -0300] "GET /cormun/servlet/solicitudot?a226d1a7b07d50ea17b87ba7d25c3ef3f672858d55c3162bed3c5db18088a9e6,gx-no-cache=1552399758928 HTTP/1.1" 200 29
186.79.69.186 - - [12/Mar/2019:11:13:02 -0300] "POST /cormun/servlet/solicitudot?gx-no-cache=1552399762880 HTTP/1.1" 200 297
186.79.69.186 - - [12/Mar/2019:11:13:02 -0300] "GET /cormun/servlet/solicitudot?a226d1a7b07d50ea17b87ba7d25c3ef37710d644a1bc18e2ecb492f34d480c199d925f817f7a3a8b5f67c3ac66887e8f4f3688b1d4d172dc5b24ce899df9a10b1cd53c070fe66473751cc069fd36f6f875bd205975ca00a5bc4e8a8636b3ec210198a42ec53be7d6bd2f7475e1af8111b5e59ef033710f49d8ce6f6617158a0193b4d792da84b63de543b87008f9e0049a4094e531dc6ae0e550f20744723428eb1e01bf111098b71e666f089fe8b87c1695f4ce2e1dcc96936d91474345187bd0edcec6f09834715c28efcdf9aa2e0878c87d81e500912cf7df9936ac34a0a6741bdceb4cf21367462e130d62fa6759b886921f1c224d425427cce87bfcfd298fb121fb3fc4f58f70c30f3730d7c72e4eda76a47a4b62e7b460cdcdf112e07088129e848a13d63504ac5a966e2a63e1cccf96c3481a7d30b96da6dc08fb36ff0e7c7315bcbe4a09a773f07c5f278ddab56087b48c5d08beeca7341b7bd07c14e0b527cadd221808aaac161d8ebee87db4d7b0ddfeac7f7d19c3026db38de291a4f89dcf5c220caa538da4c4941152a9,gx-no-cache=1552399762975 HTTP/1.1" 200 30
186.79.69.186 - - [12/Mar/2019:11:13:03 -0300] "POST /cormun/servlet/solicitudot?gx-no-cache=1552399764419 HTTP/1.1" 200 30
186.79.69.186 - - [12/Mar/2019:11:13:04 -0300] "POST /cormun/servlet/solicitudot?gx-no-cache=1552399765691 HTTP/1.1" 200 1277
186.79.69.186 - - [12/Mar/2019:11:13:05 -0300] "POST /cormun/servlet/solicitudot?gx-no-cache=1552399765900 HTTP/1.1" 200 38
186.103.159.188 - - [12/Mar/2019:11:13:13 -0300] "POST /cormun/servlet/trsolicitudot?043fd5c28b90a57c2fdd15b92cacff26,,gx-no-cache=1552399775263 HTTP/1.1" 200 6041
186.103.159.188 - - [12/Mar/2019:11:13:14 -0300] "POST /cormun/servlet/trsolicitudot?043fd5c28b90a57c2fdd15b92cacff26,,gx-no-cache=1552399775919 HTTP/1.1" 200 6019
186.103.159.188 - - [12/Mar/2019:11:13:16 -0300] "POST /cormun/servlet/trsolicitudot?043fd5c28b90a57c2fdd15b92cacff26,,gx-no-cache=1552399778453 HTTP/1.1" 200 5719
186.103.159.188 - - [12/Mar/2019:11:13:16 -0300] "POST /cormun/servlet/trsolicitudot?043fd5c28b90a57c2fdd15b92cacff26,,gx-no-cache=1552399778722 HTTP/1.1" 200 5700
186.103.159.188 - - [12/Mar/2019:11:13:20 -0300] "POST /cormun/servlet/trsolicitudot?043fd5c28b90a57c2fdd15b92cacff26,,gx-no-cache=1552399781754 HTTP/1.1" 200 4503
186.103.159.188 - - [12/Mar/2019:11:13:20 -0300] "POST /cormun/servlet/trsolicitudot?043fd5c28b90a57c2fdd15b92cacff26,,gx-no-cache=1552399782125 HTTP/1.1" 200 4311
186.103.159.188 - - [12/Mar/2019:11:13:26 -0300] "GET /cormun/servlet/solicitudot?INS,0,0, HTTP/1.1" 200 14864
186.103.159.188 - - [12/Mar/2019:11:13:27 -0300] "GET /cormun/servlet/solicitudot?INS,0,0, HTTP/1.1" 200 14869
186.103.159.188 - - [12/Mar/2019:11:13:46 -0300] "POST /cormun/servlet/solicitudot?gx-no-cache=1552399808322 HTTP/1.1" 200 3435
186.103.159.188 - - [12/Mar/2019:11:13:46 -0300] "POST /cormun/servlet/solicitudot?043fd5c28b90a57c2fdd15b92cacff26,INS,0,0,,gx-no-cache=1552399808557 HTTP/1.1" 200 11580
186.103.159.188 - - [12/Mar/2019:11:13:52 -0300] "GET /cormun/servlet/solicitudot?52ec33fc676b2227927e50e522f1e13bda17e6df58210587a2676f258e8f1effb593d54689741c1cc91be54f095286ae,gx-no-cache=1552399814525 HTTP/1.1" 200 30
192.168.10.89 - - [12/Mar/2019:11:14:22 -0300] "POST /cormun/servlet/trautorizarot?7fd36a561b4c36f4029d697aa4b6327a,,gx-no-cache=1552406867575 HTTP/1.1" 200 23324
186.103.159.188 - - [12/Mar/2019:11:14:48 -0300] "GET /cormun/servlet/solicitudot?52ec33fc676b2227927e50e522f1e13bc73fedc4e2bce506bef90cfd4f447db5,gx-no-cache=1552399870692 HTTP/1.1" 200 94
186.103.159.188 - - [12/Mar/2019:11:14:48 -0300] "GET /cormun/static/Shared/jqueryui/images/ui-bg_highlight-soft_100_c6c2c8_1x100.png HTTP/1.1" 404 1117
186.103.159.188 - - [12/Mar/2019:11:14:48 -0300] "GET /cormun/static/Shared/jqueryui/images/ui-icons_82798d_256x240.png HTTP/1.1" 404 1089
186.103.159.188 - - [12/Mar/2019:11:14:48 -0300] "GET /cormun/static/Shared/jqueryui/images/ui-icons_ebccce_256x240.png HTTP/1.1" 404 1089
186.103.159.188 - - [12/Mar/2019:11:14:48 -0300] "GET /cormun/static/Shared/jqueryui/images/ui-bg_flat_55_994d53_40x100.png HTTP/1.1" 404 1097
186.103.159.188 - - [12/Mar/2019:11:14:48 -0300] "GET /cormun/servlet/solicitudot?52ec33fc676b2227927e50e522f1e13b65f7fb744df265ed8cda0a815380bff6,gx-no-cache=1552399870902 HTTP/1.1" 200 29
186.103.159.188 - - [12/Mar/2019:11:14:48 -0300] "POST /cormun/servlet/solicitudot?gx-no-cache=1552399870950 HTTP/1.1" 200 297
186.103.159.188 - - [12/Mar/2019:11:14:49 -0300] "GET /cormun/servlet/solicitudot?52ec33fc676b2227927e50e522f1e13bcf219467742d1f7353f038e0940587cbaa163cd0ec317e238775e6a270d1f03081495d8cdbcbba336125bac0acf497ec615e27a1830761f15f115ef5326d63875b7f03b195c96f2b60ae3e2e287651934271a8e081e8afa612a6d4095d8da65e920e2293b5f3f2bb0ed96db9b9f62464c5c06bdda5630717f000cb88c06b8ead25c24a98b4b45e5e5392e48bb4aabfa9dda3d3288e93f27596bfd4e96f34298c425c8278b04ea2028eebb16b0400f4f9099cd9d8106115f455c2e3c6268882689b7997ca7e9668a69b904bbf466fe8722688f6282f462af5071d6313a52fa2ec8e89b9fddb33f51b2db16b8abcbd1e7a3cd7b682f7b71d60d04785f5b62a9af112e504e1c54949f09196c8061919985e3a7690497d50f1687b4a0e4f34bde22947a89ba554fed909990f1832b11315d1cb3341a45a063683d99321b306bb3115ec5cb0f1a43a12c164a8cc817ec7c6265f5bb3f110779871a81cbbab6cdecc4defbb5a04db1fade071678bdc09baf9dbf514ec24442cd7c5877b46aa15c0bc51,gx-no-cache=1552399871003 HTTP/1.1" 200 30
186.103.159.188 - - [12/Mar/2019:11:14:49 -0300] "POST /cormun/servlet/solicitudot?gx-no-cache=1552399871341 HTTP/1.1" 200 30
186.103.159.188 - - [12/Mar/2019:11:14:49 -0300] "POST /cormun/servlet/solicitudot?gx-no-cache=1552399871457 HTTP/1.1" 200 1277
186.103.159.188 - - [12/Mar/2019:11:14:49 -0300] "POST /cormun/servlet/solicitudot?gx-no-cache=1552399871515 HTTP/1.1" 200 38
186.103.159.188 - - [12/Mar/2019:11:14:49 -0300] "GET /cormun/servlet/solicitudot?52ec33fc676b2227927e50e522f1e13b437f3c116b56915092255bf427d9d7a7135e0934543de30b847276ba629a204b2c8bcf0b47078bf75098bd8d70f3475508a6f33ab505534292d4cdb3682485e5fbb78c52faebc42a693755d58a291823e8d028fdc1704f1005703496bc4feb1a,gx-no-cache=1552399871544 HTTP/1.1" 200 110
186.103.159.188 - - [12/Mar/2019:11:14:49 -0300] "POST /cormun/servlet/solicitudot?gx-no-cache=1552399871588 HTTP/1.1" 200 64
186.103.159.188 - - [12/Mar/2019:11:14:49 -0300] "GET /cormun/servlet/solicitudot?52ec33fc676b2227927e50e522f1e13bf05dfd5aee56a638ea1abfb842b22bc0165879b2b5dbfa028a9ac8e066f5c4971907eb7e64084b5a3da98123df2f9659b545a9dba4dd419b0128cfdc16bec4dbc32d54125af765cb70dcff43079b46651aeeb31e2a241e993a71401d3b0fdc8e,gx-no-cache=1552399871641 HTTP/1.1" 200 29
186.103.159.188 - - [12/Mar/2019:11:15:25 -0300] "GET /cormun/servlet/solicitudot?52ec33fc676b2227927e50e522f1e13bfe1465fae69668edc32d91df9952b16fe0bf2ce89d8eab65f22ab4e2f08005895fdf408853b2b14cba543c8af4355779b593d54689741c1cc91be54f095286ae,gx-no-cache=1552399907362 HTTP/1.1" 200 30
186.103.159.188 - - [12/Mar/2019:11:15:27 -0300] "GET /cormun/servlet/prbanco?,MD,,gxPopupLevel%3D0%3B HTTP/1.1" 200 6602
186.103.159.188 - - [12/Mar/2019:11:15:33 -0300] "GET /cormun/servlet/solicitudot?52ec33fc676b2227927e50e522f1e13b4ef224418fb820f046f2dd3db2d47f2c,gx-no-cache=1552399915884 HTTP/1.1" 200 53
186.79.69.186 - - [12/Mar/2019:11:15:42 -0300] "GET /cormun/servlet/solicitudot?a226d1a7b07d50ea17b87ba7d25c3ef39c6f53a82f5c04a09b3d85f16fb75d6e551b5deb43e8d8feec4205d0672daf4986d3d0282048bf6eeb452b6b2cad9d9a0d986e82d2b3e21ffea9f7cfce02cb7334be6fbdb72df0539beb50edad04b6a3915f321cee10cbd62cbe27deffe356b5,gx-no-cache=1552399923554 HTTP/1.1" 200 110
186.79.69.186 - - [12/Mar/2019:11:15:50 -0300] "POST /cormun/servlet/solicitudot?gx-no-cache=1552399931428 HTTP/1.1" 200 83
