186.79.69.186 - - [12/Mar/2019:11:15:59 -0300] "GET /cormun/servlet/solicitudot?a226d1a7b07d50ea17b87ba7d25c3ef35aced9c9bfd59bf185d34bb053e1077591778c3bdfbd1a42022179a92289c24631271bb4096f8603d207c46ff79cc2131cb7c6b0e6c7b92205962eeaaf46cbabdaf6e4573e3a7b55cd4150cd83774ae5cec74c341aa02263f51423cf6e7026af,gx-no-cache=1552399939995 HTTP/1.1" 200 29
186.79.69.186 - - [12/Mar/2019:11:16:02 -0300] "GET /cormun/servlet/solicitudot?a226d1a7b07d50ea17b87ba7d25c3ef311b67e817515f4b988e11af76c060649ebfc9bfd3c3eed53094cc3d58d111a4e,gx-no-cache=1552399943079 HTTP/1.1" 200 30
186.79.69.186 - - [12/Mar/2019:11:16:05 -0300] "POST /cormun/servlet/solicitudot?gx-no-cache=1552399946832 HTTP/1.1" 200 30
192.168.10.89 - - [12/Mar/2019:11:16:29 -0300] "POST /cormun/servlet/trautorizarot?7fd36a561b4c36f4029d697aa4b6327a,,gx-no-cache=1552406994896 HTTP/1.1" 200 23384
186.103.159.188 - - [12/Mar/2019:11:16:35 -0300] "POST /cormun/servlet/solicitudot?gx-no-cache=1552399977653 HTTP/1.1" 200 256
186.103.159.188 - - [12/Mar/2019:11:16:40 -0300] "GET /cormun/servlet/solicitudot?52ec33fc676b2227927e50e522f1e13bcf219467742d1f7353f038e0940587cb014dd8fc1bd6f1bb8ed2b194283c0f0c81495d8cdbcbba336125bac0acf497ec615e27a1830761f15f115ef5326d63875b7f03b195c96f2b60ae3e2e287651934271a8e081e8afa612a6d4095d8da65e920e2293b5f3f2bb0ed96db9b9f62464c5c06bdda5630717f000cb88c06b8ead25c24a98b4b45e5e5392e48bb4aabfa9dda3d3288e93f27596bfd4e96f34298c425c8278b04ea2028eebb16b0400f4f9099cd9d8106115f455c2e3c6268882689b7997ca7e9668a69b904bbf466fe8722688f6282f462af5071d6313a52fa2ec8e89b9fddb33f51b2db16b8abcbd1e7a3cd7b682f7b71d60d04785f5b62a9af112e504e1c54949f09196c8061919985e3a7690497d50f1687b4a0e4f34bde22947a89ba554fed909990f1832b11315d1beff6e5b9adc7e73d4d56d477056c67a22f0131cbfea3d0791a652945f69569399c017f71a437f667533d0871604114cc07c016eac637c29c74c7f47fe0bc45f,gx-no-cache=1552399981975 HTTP/1.1" 200 30
186.103.159.188 - - [12/Mar/2019:11:16:55 -0300] "POST /cormun/servlet/solicitudot?gx-no-cache=1552399997452 HTTP/1.1" 200 30
186.103.159.188 - - [12/Mar/2019:11:16:57 -0300] "POST /cormun/servlet/solicitudot?gx-no-cache=1552399999899 HTTP/1.1" 200 1277
186.103.159.188 - - [12/Mar/2019:11:16:58 -0300] "POST /cormun/servlet/solicitudot?gx-no-cache=1552400000007 HTTP/1.1" 200 38
186.103.159.188 - - [12/Mar/2019:11:17:28 -0300] "GET /cormun/servlet/solicitudot?52ec33fc676b2227927e50e522f1e13b437f3c116b56915092255bf427d9d7a7135e0934543de30b847276ba629a204b2c8bcf0b47078bf75098bd8d70f3475508a6f33ab505534292d4cdb3682485e5fbb78c52faebc42a693755d58a291823e8d028fdc1704f1005703496bc4feb1a,gx-no-cache=1552400030582 HTTP/1.1" 200 110
186.103.159.188 - - [12/Mar/2019:11:17:32 -0300] "POST /cormun/servlet/solicitudot?gx-no-cache=1552400033998 HTTP/1.1" 200 83
186.103.159.188 - - [12/Mar/2019:11:17:45 -0300] "GET /cormun/static/menuarrow.gif HTTP/1.1" 404 1015
186.79.69.186 - - [12/Mar/2019:11:17:47 -0300] "GET /cormun/servlet/solicitudot?a226d1a7b07d50ea17b87ba7d25c3ef3adcfdf9dac586d1696933ad5c56750d3eb1a5a29965d27d8e0dc4291b53b5b709b3fc4dacccb394e4c37487db670554d,gx-no-cache=1552400048157 HTTP/1.1" 200 30
186.103.159.188 - - [12/Mar/2019:11:17:49 -0300] "GET /cormun/servlet/solicitudot?52ec33fc676b2227927e50e522f1e13b20c769dbfc5574d6566b51633ca5bd489ce0e7206ae6a30ffaffb7a231242301,gx-no-cache=1552400051381 HTTP/1.1" 200 30
186.79.69.186 - - [12/Mar/2019:11:17:50 -0300] "GET /cormun/servlet/solicitudot?a226d1a7b07d50ea17b87ba7d25c3ef36d535d1abc1f0b31a9d5e39f7181e136,gx-no-cache=1552400050862 HTTP/1.1" 200 53
186.67.164.138 - - [12/Mar/2019:11:17:52 -0300] "POST /cormun/servlet/solicitudot?gx-no-cache=1552400054272 HTTP/1.1" 200 97
186.103.159.188 - - [12/Mar/2019:11:18:00 -0300] "POST /cormun/servlet/solicitudot?gx-no-cache=1552400062817 HTTP/1.1" 200 30
186.103.159.188 - - [12/Mar/2019:11:18:01 -0300] "POST /cormun/servlet/solicitudot?043fd5c28b90a57c2fdd15b92cacff26,INS,0,0,,gx-no-cache=1552400062921 HTTP/1.1" 200 93
186.103.159.188 - - [12/Mar/2019:11:18:01 -0300] "GET /cormun/servlet/hpexe_return? HTTP/1.1" 200 1003
186.103.159.188 - - [12/Mar/2019:11:18:01 -0300] "GET /cormun/servlet/trsolicitudot? HTTP/1.1" 200 8623
186.103.159.188 - - [12/Mar/2019:11:18:01 -0300] "GET /cormun/servlet/trsolicitudot? HTTP/1.1" 200 8619
186.67.164.138 - - [12/Mar/2019:11:18:03 -0300] "POST /cormun/servlet/solicitudot?gx-no-cache=1552400065252 HTTP/1.1" 200 30
186.67.164.138 - - [12/Mar/2019:11:18:03 -0300] "POST /cormun/servlet/solicitudot?gx-no-cache=1552400065290 HTTP/1.1" 200 1280
186.67.164.138 - - [12/Mar/2019:11:18:03 -0300] "POST /cormun/servlet/solicitudot?gx-no-cache=1552400065335 HTTP/1.1" 200 38
186.67.164.138 - - [12/Mar/2019:11:18:03 -0300] "GET /cormun/servlet/solicitudot?d9d0aba585d062fe335fd01e4b843f1dc18d615e0e0aba223083355fca0e0e239487a8ab47c2f0e25aa9dcc52d8cb33b6b25d3d1f864101e6155fe9b965d8cbd4b9572d3115efe0185b65de321be150338b1f8b15d12b21e163783af97c355b2a70c6a827c9e59529c12aa39860228ab,gx-no-cache=1552400065360 HTTP/1.1" 200 110
186.67.164.138 - - [12/Mar/2019:11:18:03 -0300] "POST /cormun/servlet/solicitudot?gx-no-cache=1552400065390 HTTP/1.1" 200 69
186.103.159.188 - - [12/Mar/2019:11:18:07 -0300] "POST /cormun/servlet/trsolicitudot?043fd5c28b90a57c2fdd15b92cacff26,,gx-no-cache=1552400069374 HTTP/1.1" 200 107
186.103.159.188 - - [12/Mar/2019:11:18:07 -0300] "GET /cormun/servlet/trsolicitudadjuntos?2019,14641, HTTP/1.1" 200 6144
186.103.159.188 - - [12/Mar/2019:11:18:07 -0300] "GET /cormun/servlet/trsolicitudadjuntos?2019,14641, HTTP/1.1" 200 6143
186.103.159.188 - - [12/Mar/2019:11:18:10 -0300] "GET /cormun/servlet/solicitudotadjuntos?INS,2019,14641,,1, HTTP/1.1" 200 6089
186.103.159.188 - - [12/Mar/2019:11:18:10 -0300] "GET /cormun/static/about:blank HTTP/1.1" 404 1011
186.103.159.188 - - [12/Mar/2019:11:18:10 -0300] "GET /cormun/servlet/solicitudotadjuntos?INS,2019,14641,,1, HTTP/1.1" 200 6083
186.103.159.188 - - [12/Mar/2019:11:18:11 -0300] "GET /cormun/servlet/solicitudotadjuntos?52ec33fc676b2227927e50e522f1e13b41ffc78eae2dc73936340acdc97d20e432dfa5a16cd5069a33336fedecc20f9f,gx-no-cache=1552400073241 HTTP/1.1" 200 30
186.103.159.188 - - [12/Mar/2019:11:18:11 -0300] "POST /cormun/servlet/solicitudotadjuntos?043fd5c28b90a57c2fdd15b92cacff26,INS,2019,14641,,1,,gx-no-cache=1552400073329 HTTP/1.1" 200 3856
186.103.159.188 - - [12/Mar/2019:11:18:16 -0300] "POST /cormun/servlet/solicitudotadjuntos?gx-no-cache=1552400078253 HTTP/1.1" 200 26
186.67.164.138 - - [12/Mar/2019:11:18:21 -0300] "POST /cormun/servlet/solicitudot?gx-no-cache=1552400083251 HTTP/1.1" 200 102
186.79.69.186 - - [12/Mar/2019:11:18:25 -0300] "GET /cormun/servlet/solicitudot?a226d1a7b07d50ea17b87ba7d25c3ef37710d644a1bc18e2ecb492f34d480c199d925f817f7a3a8b5f67c3ac66887e8f4f3688b1d4d172dc5b24ce899df9a10b1cd53c070fe66473751cc069fd36f6f875bd205975ca00a5bc4e8a8636b3ec210198a42ec53be7d6bd2f7475e1af8111b5e59ef033710f49d8ce6f6617158a0193b4d792da84b63de543b87008f9e0049a4094e531dc6ae0e550f20744723428eb1e01bf111098b71e666f089fe8b87c1695f4ce2e1dcc96936d91474345187bd0edcec6f09834715c28efcdf9aa2e0878c87d81e500912cf7df9936ac34a0a6741bdceb4cf21367462e130d62fa6759b886921f1c224d425427cce87bfcfd298fb121fb3fc4f58f70c30f3730d7c72e4eda76a47a4b62e7b460cdcdf112e07088129e848a13d63504ac5a966e2a63e1cccf96c3481a7d30b96da6dc08fb36ff0e7c7315bcbe4a09a773f07c5f278ddab56087b48c5d08beeca7341b7bd07c14e0b527cadd221808aaac161d8ebee87d1902af7c4cbd2ce0fab86b1abd332618a4f89dcf5c220caa538da4c4941152a9,gx-no-cache=1552400086628 HTTP/1.1" 200 30
186.79.69.186 - - [12/Mar/2019:11:18:25 -0300] "POST /cormun/servlet/solicitudot?gx-no-cache=1552400086752 HTTP/1.1" 200 30
186.79.69.186 - - [12/Mar/2019:11:18:26 -0300] "POST /cormun/servlet/solicitudot?gx-no-cache=1552400086879 HTTP/1.1" 200 1280
186.79.69.186 - - [12/Mar/2019:11:18:26 -0300] "POST /cormun/servlet/solicitudot?gx-no-cache=1552400087066 HTTP/1.1" 200 40
186.79.69.186 - - [12/Mar/2019:11:18:26 -0300] "GET /cormun/servlet/solicitudot?a226d1a7b07d50ea17b87ba7d25c3ef39c6f53a82f5c04a09b3d85f16fb75d6e551b5deb43e8d8feec4205d0672daf4986d3d0282048bf6eeb452b6b2cad9d9a0d986e82d2b3e21ffea9f7cfce02cb7334be6fbdb72df0539beb50edad04b6a3915f321cee10cbd62cbe27deffe356b5,gx-no-cache=1552400087149 HTTP/1.1" 200 110
186.79.69.186 - - [12/Mar/2019:11:18:26 -0300] "POST /cormun/servlet/solicitudot?gx-no-cache=1552400087222 HTTP/1.1" 200 83
186.79.69.186 - - [12/Mar/2019:11:18:26 -0300] "GET /cormun/servlet/solicitudot?a226d1a7b07d50ea17b87ba7d25c3ef311b67e817515f4b988e11af76c060649ebfc9bfd3c3eed53094cc3d58d111a4e,gx-no-cache=1552400087383 HTTP/1.1" 200 30
186.79.69.186 - - [12/Mar/2019:11:18:26 -0300] "POST /cormun/servlet/solicitudot?gx-no-cache=1552400087454 HTTP/1.1" 200 30
186.79.69.186 - - [12/Mar/2019:11:18:27 -0300] "POST /cormun/servlet/solicitudot?66ee15c1d1e8092be40211b0afceea74,INS,0,0,,gx-no-cache=1552400087550 HTTP/1.1" 200 93
186.79.69.186 - - [12/Mar/2019:11:18:27 -0300] "GET /cormun/servlet/hpexe_return? HTTP/1.1" 200 1007
186.79.69.186 - - [12/Mar/2019:11:18:27 -0300] "GET /cormun/servlet/trsolicitudot HTTP/1.1" 200 9310
186.79.69.186 - - [12/Mar/2019:11:18:27 -0300] "GET /cormun/servlet/trsolicitudot HTTP/1.1" 200 9303
186.67.164.138 - - [12/Mar/2019:11:18:30 -0300] "GET /cormun/servlet/solicitudot?d9d0aba585d062fe335fd01e4b843f1d446774f281474aa8999f9106a2be125ad3f2416c6ae0a7356f5204f7f70f01788195078a33a60258987121d2a0f7a8d1f14adfdd857cfe72f3e40ced078316945af8973779a3fc1cf0be44022a1cc1dfad67954db51c5ab2df15dc0061af3c6a,gx-no-cache=1552400091849 HTTP/1.1" 200 29
186.67.164.138 - - [12/Mar/2019:11:18:30 -0300] "GET /cormun/static/menuarrow.gif HTTP/1.1" 404 1015
186.79.69.186 - - [12/Mar/2019:11:18:30 -0300] "GET /cormun/servlet/vesolicitudot?2019,14640,, HTTP/1.1" 200 8701
186.79.69.186 - - [12/Mar/2019:11:18:30 -0300] "GET /cormun/pexe_scrolldiv.js HTTP/1.1" 404 1009
186.79.69.186 - - [12/Mar/2019:11:18:30 -0300] "GET /cormun/servlet/vesolicitudot?2019,14640,, HTTP/1.1" 200 8700
186.67.164.138 - - [12/Mar/2019:11:18:32 -0300] "GET /cormun/servlet/solicitudot?d9d0aba585d062fe335fd01e4b843f1dea5b3e2ec274d13830ba488e7c3e62ec7ac4eac627e0476ffe83a8cb565a4390,gx-no-cache=1552400094351 HTTP/1.1" 200 30
186.103.159.188 - - [12/Mar/2019:11:18:34 -0300] "GET /cormun/servlet/solicitudotadjuntos?52ec33fc676b2227927e50e522f1e13b32e3b627b0da36588154e3366fea8d73,gx-no-cache=1552400096154 HTTP/1.1" 200 30
186.103.159.188 - - [12/Mar/2019:11:18:34 -0300] "GET /cormun/servlet/solicitudotadjuntos?52ec33fc676b2227927e50e522f1e13b32e3b627b0da36588154e3366fea8d73,gx-no-cache=1552400096171 HTTP/1.1" 200 30
186.103.159.188 - - [12/Mar/2019:11:18:34 -0300] "POST /cormun/servlet/solicitudotadjuntos?043fd5c28b90a57c2fdd15b92cacff26,INS,2019,14641,,1, HTTP/1.1" 200 116
186.103.159.188 - - [12/Mar/2019:11:18:34 -0300] "GET /cormun/servlet/hpexe_return? HTTP/1.1" 200 1022
186.103.159.188 - - [12/Mar/2019:11:18:34 -0300] "GET /cormun/servlet/trsolicitudadjuntos?2019,14641, HTTP/1.1" 200 8721
186.103.159.188 - - [12/Mar/2019:11:18:35 -0300] "GET /cormun/servlet/trsolicitudadjuntos?2019,14641, HTTP/1.1" 200 8716
186.103.159.188 - - [12/Mar/2019:11:18:37 -0300] "GET /cormun/servlet/solicitudotadjuntos?DLT,2019,14641,CARNET,0, HTTP/1.1" 200 6060
186.103.159.188 - - [12/Mar/2019:11:18:37 -0300] "GET /cormun/static/Shared/jqueryui/images/ui-bg_highlight-soft_100_c6c2c8_1x100.png HTTP/1.1" 404 1117
186.103.159.188 - - [12/Mar/2019:11:18:37 -0300] "GET /cormun/static/Shared/jqueryui/images/ui-icons_82798d_256x240.png HTTP/1.1" 404 1089
186.103.159.188 - - [12/Mar/2019:11:18:37 -0300] "GET /cormun/static/Shared/jqueryui/images/ui-icons_8d78a5_256x240.png HTTP/1.1" 404 1089
186.103.159.188 - - [12/Mar/2019:11:18:37 -0300] "GET /cormun/static/Shared/jqueryui/images/ui-bg_flat_55_fafafa_40x100.png HTTP/1.1" 404 1097
186.103.159.188 - - [12/Mar/2019:11:18:37 -0300] "GET /cormun/PublicTempStorage/c._de_identidad8654141.pdf HTTP/1.1" 200 102386
186.67.164.138 - - [12/Mar/2019:11:18:37 -0300] "POST /cormun/servlet/solicitudot?gx-no-cache=1552400099534 HTTP/1.1" 200 30
186.103.159.188 - - [12/Mar/2019:11:18:38 -0300] "GET /cormun/servlet/solicitudotadjuntos?DLT,2019,14641,CARNET,0, HTTP/1.1" 200 6052
186.79.69.186 - - [12/Mar/2019:11:18:38 -0300] "GET /cormun/servlet/trsolicitudot? HTTP/1.1" 200 9303
186.79.69.186 - - [12/Mar/2019:11:18:38 -0300] "GET /cormun/servlet/trsolicitudot? HTTP/1.1" 200 9305
186.79.69.186 - - [12/Mar/2019:11:18:40 -0300] "GET /cormun/servlet/vesolicitudot?2019,14642,, HTTP/1.1" 200 8705
186.79.69.186 - - [12/Mar/2019:11:18:41 -0300] "GET /cormun/pexe_scrolldiv.js HTTP/1.1" 404 1009
186.79.69.186 - - [12/Mar/2019:11:18:41 -0300] "GET /cormun/servlet/vesolicitudot?2019,14642,, HTTP/1.1" 200 8704
186.67.164.138 - - [12/Mar/2019:11:18:42 -0300] "POST /cormun/servlet/solicitudot?2b522ade5aba2c362f4063b9235e313d,INS,0,0,,gx-no-cache=1552400103547 HTTP/1.1" 200 93
186.67.164.138 - - [12/Mar/2019:11:18:42 -0300] "GET /cormun/servlet/hpexe_return? HTTP/1.1" 200 1001
186.67.164.138 - - [12/Mar/2019:11:18:42 -0300] "GET /cormun/servlet/trsolicitudot HTTP/1.1" 200 8943
186.103.159.188 - - [12/Mar/2019:11:18:42 -0300] "POST /cormun/servlet/solicitudotadjuntos?043fd5c28b90a57c2fdd15b92cacff26,DLT,2019,14641,CARNET,0,,gx-no-cache=1552400104781 HTTP/1.1" 200 93
186.103.159.188 - - [12/Mar/2019:11:18:42 -0300] "GET /cormun/servlet/hpexe_return? HTTP/1.1" 200 1027
186.103.159.188 - - [12/Mar/2019:11:18:43 -0300] "GET /cormun/servlet/trsolicitudadjuntos?2019,14641, HTTP/1.1" 200 8722
186.103.159.188 - - [12/Mar/2019:11:18:43 -0300] "GET /cormun/servlet/trsolicitudadjuntos?2019,14641, HTTP/1.1" 200 8718
186.67.164.138 - - [12/Mar/2019:11:18:43 -0300] "GET /cormun/servlet/trsolicitudot HTTP/1.1" 200 8939
186.79.69.186 - - [12/Mar/2019:11:18:44 -0300] "GET /cormun/servlet/trsolicitudot? HTTP/1.1" 200 9303
186.79.69.186 - - [12/Mar/2019:11:18:44 -0300] "GET /cormun/servlet/trsolicitudot? HTTP/1.1" 200 9305
186.79.69.186 - - [12/Mar/2019:11:18:47 -0300] "GET /cormun/servlet/vesolicitudot?2019,14640,, HTTP/1.1" 200 8701
186.79.69.186 - - [12/Mar/2019:11:18:47 -0300] "GET /cormun/pexe_scrolldiv.js HTTP/1.1" 404 1009
186.79.69.186 - - [12/Mar/2019:11:18:47 -0300] "GET /cormun/servlet/vesolicitudot?2019,14640,, HTTP/1.1" 200 8700
186.103.159.188 - - [12/Mar/2019:11:18:48 -0300] "GET /cormun/PublicTempStorage/c._de_identidad2163970.pdf HTTP/1.1" 200 102386
186.103.159.188 - - [12/Mar/2019:11:18:56 -0300] "GET /cormun/servlet/trsolicitudadjuntos?2019,14641, HTTP/1.1" 200 8721
186.103.159.188 - - [12/Mar/2019:11:18:57 -0300] "GET /cormun/servlet/trsolicitudadjuntos?2019,14641, HTTP/1.1" 200 8718
186.103.159.188 - - [12/Mar/2019:11:19:06 -0300] "GET /cormun/servlet/solicitudotadjuntos?INS,2019,14641,,1, HTTP/1.1" 200 6090
186.103.159.188 - - [12/Mar/2019:11:19:06 -0300] "GET /cormun/static/about:blank HTTP/1.1" 404 1011
186.103.159.188 - - [12/Mar/2019:11:19:06 -0300] "GET /cormun/servlet/solicitudotadjuntos?INS,2019,14641,,1, HTTP/1.1" 200 6084
186.103.159.188 - - [12/Mar/2019:11:19:07 -0300] "GET /cormun/servlet/solicitudotadjuntos?52ec33fc676b2227927e50e522f1e13b41ffc78eae2dc73936340acdc97d20e432dfa5a16cd5069a33336fedecc20f9f,gx-no-cache=1552400128999 HTTP/1.1" 200 30
186.103.159.188 - - [12/Mar/2019:11:19:07 -0300] "POST /cormun/servlet/solicitudotadjuntos?043fd5c28b90a57c2fdd15b92cacff26,INS,2019,14641,,1,,gx-no-cache=1552400129104 HTTP/1.1" 200 3857
186.103.159.188 - - [12/Mar/2019:11:19:09 -0300] "POST /cormun/servlet/solicitudotadjuntos?gx-no-cache=1552400131866 HTTP/1.1" 200 26
186.103.159.188 - - [12/Mar/2019:11:19:18 -0300] "GET /cormun/servlet/solicitudotadjuntos?52ec33fc676b2227927e50e522f1e13b32e3b627b0da36588154e3366fea8d73,gx-no-cache=1552400140834 HTTP/1.1" 200 30
186.103.159.188 - - [12/Mar/2019:11:19:18 -0300] "GET /cormun/servlet/solicitudotadjuntos?52ec33fc676b2227927e50e522f1e13b32e3b627b0da36588154e3366fea8d73,gx-no-cache=1552400140850 HTTP/1.1" 200 30
186.103.159.188 - - [12/Mar/2019:11:19:19 -0300] "POST /cormun/servlet/solicitudotadjuntos?043fd5c28b90a57c2fdd15b92cacff26,INS,2019,14641,,1, HTTP/1.1" 200 116
186.103.159.188 - - [12/Mar/2019:11:19:19 -0300] "GET /cormun/servlet/hpexe_return? HTTP/1.1" 200 1022
186.103.159.188 - - [12/Mar/2019:11:19:20 -0300] "GET /cormun/servlet/trsolicitudadjuntos?2019,14641, HTTP/1.1" 200 8938
186.103.159.188 - - [12/Mar/2019:11:19:20 -0300] "GET /cormun/servlet/trsolicitudadjuntos?2019,14641, HTTP/1.1" 200 8936
186.103.159.188 - - [12/Mar/2019:11:19:23 -0300] "GET /cormun/servlet/solicitudotadjuntos?INS,2019,14641,,1, HTTP/1.1" 200 6090
186.103.159.188 - - [12/Mar/2019:11:19:23 -0300] "GET /cormun/static/about:blank HTTP/1.1" 404 1011
186.103.159.188 - - [12/Mar/2019:11:19:23 -0300] "GET /cormun/servlet/solicitudotadjuntos?INS,2019,14641,,1, HTTP/1.1" 200 6084
186.103.159.188 - - [12/Mar/2019:11:19:24 -0300] "GET /cormun/servlet/solicitudotadjuntos?52ec33fc676b2227927e50e522f1e13b41ffc78eae2dc73936340acdc97d20e432dfa5a16cd5069a33336fedecc20f9f,gx-no-cache=1552400146325 HTTP/1.1" 200 30
186.103.159.188 - - [12/Mar/2019:11:19:24 -0300] "POST /cormun/servlet/solicitudotadjuntos?043fd5c28b90a57c2fdd15b92cacff26,INS,2019,14641,,1,,gx-no-cache=1552400146370 HTTP/1.1" 200 3857
186.103.159.188 - - [12/Mar/2019:11:19:27 -0300] "POST /cormun/servlet/solicitudotadjuntos?gx-no-cache=1552400149977 HTTP/1.1" 200 26
186.103.159.188 - - [12/Mar/2019:11:19:36 -0300] "GET /cormun/servlet/solicitudotadjuntos?52ec33fc676b2227927e50e522f1e13b32e3b627b0da36588154e3366fea8d73,gx-no-cache=1552400158162 HTTP/1.1" 200 30
186.103.159.188 - - [12/Mar/2019:11:19:36 -0300] "GET /cormun/servlet/solicitudotadjuntos?52ec33fc676b2227927e50e522f1e13b32e3b627b0da36588154e3366fea8d73,gx-no-cache=1552400158177 HTTP/1.1" 200 30
186.103.159.188 - - [12/Mar/2019:11:19:37 -0300] "POST /cormun/servlet/solicitudotadjuntos?043fd5c28b90a57c2fdd15b92cacff26,INS,2019,14641,,1, HTTP/1.1" 200 116
186.103.159.188 - - [12/Mar/2019:11:19:37 -0300] "GET /cormun/servlet/hpexe_return? HTTP/1.1" 200 1022
186.103.159.188 - - [12/Mar/2019:11:19:37 -0300] "GET /cormun/servlet/trsolicitudadjuntos?2019,14641, HTTP/1.1" 200 9118
186.103.159.188 - - [12/Mar/2019:11:19:37 -0300] "GET /cormun/servlet/trsolicitudadjuntos?2019,14641, HTTP/1.1" 200 9115
186.103.159.188 - - [12/Mar/2019:11:19:40 -0300] "GET /cormun/servlet/solicitudotadjuntos?INS,2019,14641,,1, HTTP/1.1" 200 6090
186.103.159.188 - - [12/Mar/2019:11:19:40 -0300] "GET /cormun/static/about:blank HTTP/1.1" 404 1011
186.103.159.188 - - [12/Mar/2019:11:19:40 -0300] "GET /cormun/servlet/solicitudotadjuntos?INS,2019,14641,,1, HTTP/1.1" 200 6084
186.103.159.188 - - [12/Mar/2019:11:19:40 -0300] "GET /cormun/servlet/solicitudotadjuntos?52ec33fc676b2227927e50e522f1e13b41ffc78eae2dc73936340acdc97d20e432dfa5a16cd5069a33336fedecc20f9f,gx-no-cache=1552400162979 HTTP/1.1" 200 30
186.103.159.188 - - [12/Mar/2019:11:19:41 -0300] "POST /cormun/servlet/solicitudotadjuntos?043fd5c28b90a57c2fdd15b92cacff26,INS,2019,14641,,1,,gx-no-cache=1552400163007 HTTP/1.1" 200 3857
186.79.69.186 - - [12/Mar/2019:11:19:45 -0300] "GET /cormun/servlet/trsolicitudot? HTTP/1.1" 200 9303
186.79.69.186 - - [12/Mar/2019:11:19:46 -0300] "GET /cormun/servlet/trsolicitudot? HTTP/1.1" 200 9305
186.103.159.188 - - [12/Mar/2019:11:19:51 -0300] "POST /cormun/servlet/solicitudotadjuntos?gx-no-cache=1552400173202 HTTP/1.1" 200 26
186.103.159.188 - - [12/Mar/2019:11:19:56 -0300] "GET /cormun/servlet/solicitudotadjuntos?52ec33fc676b2227927e50e522f1e13b32e3b627b0da36588154e3366fea8d73,gx-no-cache=1552400178611 HTTP/1.1" 200 30
186.103.159.188 - - [12/Mar/2019:11:19:56 -0300] "GET /cormun/servlet/solicitudotadjuntos?52ec33fc676b2227927e50e522f1e13b32e3b627b0da36588154e3366fea8d73,gx-no-cache=1552400178625 HTTP/1.1" 200 30
186.103.159.188 - - [12/Mar/2019:11:19:57 -0300] "POST /cormun/servlet/solicitudotadjuntos?043fd5c28b90a57c2fdd15b92cacff26,INS,2019,14641,,1, HTTP/1.1" 200 6189
186.103.159.188 - - [12/Mar/2019:11:19:57 -0300] "GET /cormun/static/Shared/jqueryui/images/ui-icons_ebccce_256x240.png HTTP/1.1" 404 1089
186.103.159.188 - - [12/Mar/2019:11:19:57 -0300] "GET /cormun/static/Shared/jqueryui/images/ui-bg_highlight-soft_100_c6c2c8_1x100.png HTTP/1.1" 404 1117
186.103.159.188 - - [12/Mar/2019:11:19:57 -0300] "GET /cormun/static/Shared/jqueryui/images/ui-icons_82798d_256x240.png HTTP/1.1" 404 1089
186.103.159.188 - - [12/Mar/2019:11:19:57 -0300] "GET /cormun/static/Shared/jqueryui/images/ui-bg_flat_55_994d53_40x100.png HTTP/1.1" 404 1097
186.103.159.188 - - [12/Mar/2019:11:19:57 -0300] "GET /cormun/PrivateTempStorage/upload_00005748.pdf HTTP/1.1" 200 192611
186.103.159.188 - - [12/Mar/2019:11:19:57 -0300] "GET /home/sistema/apache-tomcat-7.0.65/webapps/cormun/PrivateTempStorage/upload_00005748.pdf HTTP/1.1" 404 1135
186.103.159.188 - - [12/Mar/2019:11:19:58 -0300] "GET /cormun/PrivateTempStorage/upload_00005748.pdf HTTP/1.1" 200 24576
186.103.159.188 - - [12/Mar/2019:11:20:03 -0300] "GET /cormun/servlet/solicitudotadjuntos?52ec33fc676b2227927e50e522f1e13b9f01bbf89e0241d9cf8cdbee13e19449f514ec24442cd7c5877b46aa15c0bc51,gx-no-cache=1552400185113 HTTP/1.1" 200 30
186.103.159.188 - - [12/Mar/2019:11:20:05 -0300] "POST /cormun/servlet/solicitudotadjuntos?043fd5c28b90a57c2fdd15b92cacff26,INS,2019,14641,,1, HTTP/1.1" 200 6189
186.103.159.188 - - [12/Mar/2019:11:20:05 -0300] "GET /home/sistema/apache-tomcat-7.0.65/webapps/cormun/PrivateTempStorage/upload_00005760.pdf HTTP/1.1" 404 1135
186.103.159.188 - - [12/Mar/2019:11:20:05 -0300] "GET /cormun/PrivateTempStorage/upload_00005760.pdf HTTP/1.1" 200 16384
186.103.159.188 - - [12/Mar/2019:11:20:05 -0300] "GET /cormun/PrivateTempStorage/upload_00005760.pdf HTTP/1.1" 200 192611
186.67.164.138 - - [12/Mar/2019:11:20:14 -0300] "POST /cormun/servlet/trsolicitudot?2b522ade5aba2c362f4063b9235e313d,gx-no-cache=1552400196045 HTTP/1.1" 200 106
186.67.164.138 - - [12/Mar/2019:11:20:14 -0300] "GET /cormun/servlet/solicitudot?UPD,2019,14643, HTTP/1.1" 200 15393
186.67.164.138 - - [12/Mar/2019:11:20:15 -0300] "GET /cormun/servlet/solicitudot?UPD,2019,14643, HTTP/1.1" 200 15402
186.67.164.138 - - [12/Mar/2019:11:20:16 -0300] "POST /cormun/servlet/solicitudot?gx-no-cache=1552400197912 HTTP/1.1" 200 3508
186.67.164.138 - - [12/Mar/2019:11:20:16 -0300] "POST /cormun/servlet/solicitudot?2b522ade5aba2c362f4063b9235e313d,UPD,2019,14643,,gx-no-cache=1552400198064 HTTP/1.1" 200 11717
186.67.164.138 - - [12/Mar/2019:11:20:16 -0300] "GET /cormun/servlet/solicitudot?d9d0aba585d062fe335fd01e4b843f1de6d30de9330eb730011bb46cac4a511c06f23a1058fd79fc7a546df00bd67862,gx-no-cache=1552400198358 HTTP/1.1" 200 30
186.67.164.138 - - [12/Mar/2019:11:20:16 -0300] "GET /cormun/servlet/solicitudot?d9d0aba585d062fe335fd01e4b843f1d29fd8334bd7e03b77e7a5951b930ff9c217b61f5e86853f21ccfe2b469e106563dfae4c5a10cc1686a121a017dcdc19e,gx-no-cache=1552400198402 HTTP/1.1" 200 30
186.67.164.138 - - [12/Mar/2019:11:20:16 -0300] "GET /cormun/servlet/solicitudot?d9d0aba585d062fe335fd01e4b843f1d185adfa80c0a6bf6a143d49c3ffabf23a0bfe5cd7bbbf75a3617ac4c40d2540801325f4cc4eed5ba8ba50f33afa8bb9e,gx-no-cache=1552400198426 HTTP/1.1" 200 53
186.67.164.138 - - [12/Mar/2019:11:20:16 -0300] "POST /cormun/servlet/solicitudot?gx-no-cache=1552400198509 HTTP/1.1" 200 254
186.67.164.138 - - [12/Mar/2019:11:20:17 -0300] "GET /cormun/servlet/solicitudot?d9d0aba585d062fe335fd01e4b843f1de6367f2b0d15915daa02207f512f353567182504db3efb0311217430efc734bbdf155346dc17dd7ccf65d1e4f0948338d0dd99390424ab5e85d17b1678a97484bc09907e618d81aa91395fe63946fcd43a748927b94d458a6a5ff4f721c140ec2bba8ccf6f91c5ad643d74b5052e5fca5ee16c92f9cbd495e652112541772ff85f51bee68344341c19c20291096d590e6b128ed6b6bb2149658ffd6d5c70049e468ca1a1c46618d70d38b504a28547decd42d8c713d21f6915237494a82441f55d83a8bb32049e9ddc5887ce1e781cea45327ae4fbbc1fcee8d25dd8e1e07176b0afa2840b476717039741ed8dcbabbb28858cc6bbab42587d89e71d6efbeeb0648dc8adf15bd4e1ac43f909e2608e9a09e82ca1b11670af297a4a12b5e6696c888e1990c1ceb3758474462a3964b7b55a225f6b0e548e9476e57d6b46779f7b26c62806d0bc1ab2e90ceb2a3978ce7a048238a3d0cfa34694b7408f58210c33ccc78534c54131e8f44fb1c110622a81,gx-no-cache=1552400198565 HTTP/1.1" 200 30
186.67.164.138 - - [12/Mar/2019:11:20:17 -0300] "POST /cormun/servlet/solicitudot?gx-no-cache=1552400198591 HTTP/1.1" 200 30
186.67.164.138 - - [12/Mar/2019:11:20:17 -0300] "POST /cormun/servlet/solicitudot?gx-no-cache=1552400198631 HTTP/1.1" 200 1280
186.67.164.138 - - [12/Mar/2019:11:20:17 -0300] "POST /cormun/servlet/solicitudot?gx-no-cache=1552400198675 HTTP/1.1" 200 40
186.67.164.138 - - [12/Mar/2019:11:20:19 -0300] "GET /cormun/servlet/solicitudot?d9d0aba585d062fe335fd01e4b843f1dc18d615e0e0aba223083355fca0e0e239487a8ab47c2f0e25aa9dcc52d8cb33b6b25d3d1f864101e6155fe9b965d8cbd4b9572d3115efe0185b65de321be150338b1f8b15d12b21e163783af97c355b2a70c6a827c9e59529c12aa39860228ab,gx-no-cache=1552400201417 HTTP/1.1" 200 110
186.103.159.188 - - [12/Mar/2019:11:20:31 -0300] "GET /cormun/servlet/solicitudotadjuntos?52ec33fc676b2227927e50e522f1e13bcb69190ec74a3729b623ba60f79bc023f514ec24442cd7c5877b46aa15c0bc51,gx-no-cache=1552400213929 HTTP/1.1" 200 30
186.103.159.188 - - [12/Mar/2019:11:20:31 -0300] "GET /cormun/servlet/solicitudotadjuntos?52ec33fc676b2227927e50e522f1e13bcb69190ec74a3729b623ba60f79bc023f514ec24442cd7c5877b46aa15c0bc51,gx-no-cache=1552400213964 HTTP/1.1" 200 30
186.103.159.188 - - [12/Mar/2019:11:20:32 -0300] "POST /cormun/servlet/solicitudotadjuntos?043fd5c28b90a57c2fdd15b92cacff26,INS,2019,14641,,1,,gx-no-cache=1552400213993 HTTP/1.1" 200 3714
186.67.164.138 - - [12/Mar/2019:11:20:38 -0300] "POST /cormun/servlet/solicitudot?gx-no-cache=1552400220199 HTTP/1.1" 200 102
186.103.159.188 - - [12/Mar/2019:11:20:39 -0300] "POST /cormun/servlet/solicitudotadjuntos?gx-no-cache=1552400221080 HTTP/1.1" 200 26
186.67.164.138 - - [12/Mar/2019:11:20:45 -0300] "GET /cormun/servlet/solicitudot?d9d0aba585d062fe335fd01e4b843f1d1602d94d705f6b1f80656109a64d69c0631f7a78c69b13b1ad585d3f027cd67e9ca120515e095f521443f2839612ce12a9ee075b74a7bd1ed962c8837049473e8487208f0f2b773a3ec31474e544698bf9aa0db8ae2be625c34fe9432dd9c0750fd45cce347a44323eb86e9fdf90402a5cacdd860293b2e07eff5aa6ad854a21b51a633b0f0bbb5a60d3f0c02ee204d12518d3942398d9ed714fb4fb300ef498d4a27478876167895c5cc22ff3b9e9988dfe6ab8a0a2eb47d9dba3f9a86d686a,gx-no-cache=1552400226942 HTTP/1.1" 200 30
186.103.159.188 - - [12/Mar/2019:11:20:47 -0300] "GET /cormun/servlet/solicitudotadjuntos?52ec33fc676b2227927e50e522f1e13bcb69190ec74a3729b623ba60f79bc023f514ec24442cd7c5877b46aa15c0bc51,gx-no-cache=1552400229744 HTTP/1.1" 200 30
186.103.159.188 - - [12/Mar/2019:11:20:47 -0300] "GET /cormun/servlet/solicitudotadjuntos?52ec33fc676b2227927e50e522f1e13bcb69190ec74a3729b623ba60f79bc023f514ec24442cd7c5877b46aa15c0bc51,gx-no-cache=1552400229760 HTTP/1.1" 200 30
186.103.159.188 - - [12/Mar/2019:11:20:48 -0300] "POST /cormun/servlet/solicitudotadjuntos?043fd5c28b90a57c2fdd15b92cacff26,INS,2019,14641,,1, HTTP/1.1" 200 116
186.103.159.188 - - [12/Mar/2019:11:20:48 -0300] "GET /cormun/servlet/hpexe_return? HTTP/1.1" 200 1022
186.103.159.188 - - [12/Mar/2019:11:20:48 -0300] "GET /cormun/servlet/trsolicitudadjuntos?2019,14641, HTTP/1.1" 200 9320
186.103.159.188 - - [12/Mar/2019:11:20:49 -0300] "GET /cormun/servlet/trsolicitudadjuntos?2019,14641, HTTP/1.1" 200 9317
186.67.164.138 - - [12/Mar/2019:11:20:50 -0300] "GET /cormun/servlet/solicitudot?d9d0aba585d062fe335fd01e4b843f1dea5b3e2ec274d13830ba488e7c3e62ec7ac4eac627e0476ffe83a8cb565a4390,gx-no-cache=1552400232044 HTTP/1.1" 200 30
186.67.164.138 - - [12/Mar/2019:11:20:50 -0300] "POST /cormun/servlet/solicitudot?gx-no-cache=1552400232076 HTTP/1.1" 200 30
186.67.164.138 - - [12/Mar/2019:11:20:50 -0300] "POST /cormun/servlet/solicitudot?2b522ade5aba2c362f4063b9235e313d,UPD,2019,14643,,gx-no-cache=1552400232106 HTTP/1.1" 200 93
186.67.164.138 - - [12/Mar/2019:11:20:50 -0300] "GET /cormun/servlet/hpexe_return? HTTP/1.1" 200 1009
186.67.164.138 - - [12/Mar/2019:11:20:51 -0300] "GET /cormun/servlet/trsolicitudot HTTP/1.1" 200 8942
186.67.164.138 - - [12/Mar/2019:11:20:52 -0300] "GET /cormun/servlet/trsolicitudot HTTP/1.1" 200 8940
186.103.159.188 - - [12/Mar/2019:11:20:54 -0300] "GET /cormun/servlet/solicitudotadjuntos?INS,2019,14641,,1, HTTP/1.1" 200 6090
186.103.159.188 - - [12/Mar/2019:11:20:55 -0300] "GET /cormun/static/about:blank HTTP/1.1" 404 1011
186.103.159.188 - - [12/Mar/2019:11:20:55 -0300] "GET /cormun/servlet/solicitudotadjuntos?INS,2019,14641,,1, HTTP/1.1" 200 6084
186.103.159.188 - - [12/Mar/2019:11:20:55 -0300] "GET /cormun/servlet/solicitudotadjuntos?52ec33fc676b2227927e50e522f1e13b41ffc78eae2dc73936340acdc97d20e432dfa5a16cd5069a33336fedecc20f9f,gx-no-cache=1552400237819 HTTP/1.1" 200 30
186.103.159.188 - - [12/Mar/2019:11:20:55 -0300] "POST /cormun/servlet/solicitudotadjuntos?043fd5c28b90a57c2fdd15b92cacff26,INS,2019,14641,,1,,gx-no-cache=1552400237927 HTTP/1.1" 200 3857
186.103.159.188 - - [12/Mar/2019:11:21:01 -0300] "POST /cormun/servlet/solicitudotadjuntos?gx-no-cache=1552400243114 HTTP/1.1" 200 26
186.103.159.188 - - [12/Mar/2019:11:21:09 -0300] "GET /cormun/servlet/solicitudotadjuntos?52ec33fc676b2227927e50e522f1e13b32e3b627b0da36588154e3366fea8d73,gx-no-cache=1552400251226 HTTP/1.1" 200 30
186.103.159.188 - - [12/Mar/2019:11:21:09 -0300] "GET /cormun/servlet/solicitudotadjuntos?52ec33fc676b2227927e50e522f1e13b32e3b627b0da36588154e3366fea8d73,gx-no-cache=1552400251243 HTTP/1.1" 200 30
186.103.159.188 - - [12/Mar/2019:11:21:10 -0300] "POST /cormun/servlet/solicitudotadjuntos?043fd5c28b90a57c2fdd15b92cacff26,INS,2019,14641,,1, HTTP/1.1" 200 116
186.103.159.188 - - [12/Mar/2019:11:21:10 -0300] "GET /cormun/servlet/hpexe_return? HTTP/1.1" 200 1022
186.103.159.188 - - [12/Mar/2019:11:21:10 -0300] "GET /cormun/servlet/trsolicitudadjuntos?2019,14641, HTTP/1.1" 200 9589
186.103.159.188 - - [12/Mar/2019:11:21:11 -0300] "GET /cormun/servlet/trsolicitudadjuntos?2019,14641, HTTP/1.1" 200 9586
186.67.164.138 - - [12/Mar/2019:11:21:28 -0300] "POST /cormun/servlet/trsolicitudot?2b522ade5aba2c362f4063b9235e313d,gx-no-cache=1552400269498 HTTP/1.1" 200 107
186.67.164.138 - - [12/Mar/2019:11:21:28 -0300] "GET /cormun/servlet/trsolicitudadjuntos?2019,14643, HTTP/1.1" 200 6148
186.67.164.138 - - [12/Mar/2019:11:21:29 -0300] "GET /cormun/servlet/trsolicitudadjuntos?2019,14643, HTTP/1.1" 200 6147
186.67.164.138 - - [12/Mar/2019:11:21:32 -0300] "GET /cormun/servlet/solicitudotadjuntos?INS,2019,14643,,1, HTTP/1.1" 200 6091
186.67.164.138 - - [12/Mar/2019:11:21:32 -0300] "GET /cormun/static/about:blank HTTP/1.1" 404 1011
186.67.164.138 - - [12/Mar/2019:11:21:33 -0300] "GET /cormun/servlet/solicitudotadjuntos?INS,2019,14643,,1, HTTP/1.1" 200 6084
186.67.164.138 - - [12/Mar/2019:11:21:33 -0300] "GET /cormun/servlet/solicitudotadjuntos?d9d0aba585d062fe335fd01e4b843f1dfbf0cd1969f104e557765bc63122602f0d33d20dcb1c6f3154b32fafa0ccb4ef,gx-no-cache=1552400275114 HTTP/1.1" 200 30
186.67.164.138 - - [12/Mar/2019:11:21:33 -0300] "POST /cormun/servlet/solicitudotadjuntos?2b522ade5aba2c362f4063b9235e313d,INS,2019,14643,,1,,gx-no-cache=1552400275214 HTTP/1.1" 200 3897
186.67.164.138 - - [12/Mar/2019:11:21:36 -0300] "POST /cormun/servlet/solicitudotadjuntos?gx-no-cache=1552400277819 HTTP/1.1" 200 26
186.103.159.188 - - [12/Mar/2019:11:21:37 -0300] "GET /cormun/servlet/trsolicitudot? HTTP/1.1" 200 8625
186.103.159.188 - - [12/Mar/2019:11:21:38 -0300] "GET /cormun/servlet/trsolicitudot? HTTP/1.1" 200 8619
186.67.164.138 - - [12/Mar/2019:11:22:06 -0300] "GET /cormun/servlet/solicitudotadjuntos?d9d0aba585d062fe335fd01e4b843f1d43c92b8075bca689fdc1eead4ccc92ac,gx-no-cache=1552400308077 HTTP/1.1" 200 30
186.67.164.138 - - [12/Mar/2019:11:22:06 -0300] "GET /cormun/servlet/solicitudotadjuntos?d9d0aba585d062fe335fd01e4b843f1d43c92b8075bca689fdc1eead4ccc92ac,gx-no-cache=1552400308161 HTTP/1.1" 200 30
186.67.164.138 - - [12/Mar/2019:11:22:11 -0300] "POST /cormun/servlet/solicitudotadjuntos?2b522ade5aba2c362f4063b9235e313d,INS,2019,14643,,1, HTTP/1.1" 200 116
186.67.164.138 - - [12/Mar/2019:11:22:11 -0300] "GET /cormun/servlet/hpexe_return? HTTP/1.1" 200 1021
186.67.164.138 - - [12/Mar/2019:11:22:11 -0300] "GET /cormun/servlet/trsolicitudadjuntos?2019,14643, HTTP/1.1" 200 8762
186.67.164.138 - - [12/Mar/2019:11:22:13 -0300] "GET /cormun/servlet/trsolicitudadjuntos?2019,14643, HTTP/1.1" 200 8757
186.67.164.138 - - [12/Mar/2019:11:22:14 -0300] "GET /cormun/servlet/solicitudotadjuntos?INS,2019,14643,,1, HTTP/1.1" 200 6091
186.67.164.138 - - [12/Mar/2019:11:22:15 -0300] "GET /cormun/static/about:blank HTTP/1.1" 404 1011
186.67.164.138 - - [12/Mar/2019:11:22:15 -0300] "GET /cormun/servlet/solicitudotadjuntos?INS,2019,14643,,1, HTTP/1.1" 200 6084
186.67.164.138 - - [12/Mar/2019:11:22:16 -0300] "GET /cormun/servlet/solicitudotadjuntos?d9d0aba585d062fe335fd01e4b843f1dfbf0cd1969f104e557765bc63122602f0d33d20dcb1c6f3154b32fafa0ccb4ef,gx-no-cache=1552400317760 HTTP/1.1" 200 30
186.67.164.138 - - [12/Mar/2019:11:22:16 -0300] "POST /cormun/servlet/solicitudotadjuntos?2b522ade5aba2c362f4063b9235e313d,INS,2019,14643,,1,,gx-no-cache=1552400317825 HTTP/1.1" 200 3897
186.67.164.138 - - [12/Mar/2019:11:22:19 -0300] "POST /cormun/servlet/solicitudotadjuntos?gx-no-cache=1552400320532 HTTP/1.1" 200 26
186.67.164.138 - - [12/Mar/2019:11:22:25 -0300] "GET /cormun/servlet/solicitudotadjuntos?d9d0aba585d062fe335fd01e4b843f1d43c92b8075bca689fdc1eead4ccc92ac,gx-no-cache=1552400327075 HTTP/1.1" 200 30
186.67.164.138 - - [12/Mar/2019:11:22:25 -0300] "GET /cormun/servlet/solicitudotadjuntos?d9d0aba585d062fe335fd01e4b843f1d43c92b8075bca689fdc1eead4ccc92ac,gx-no-cache=1552400327190 HTTP/1.1" 200 30
186.67.164.138 - - [12/Mar/2019:11:22:26 -0300] "POST /cormun/servlet/solicitudotadjuntos?2b522ade5aba2c362f4063b9235e313d,INS,2019,14643,,1, HTTP/1.1" 200 116
186.67.164.138 - - [12/Mar/2019:11:22:26 -0300] "GET /cormun/servlet/hpexe_return? HTTP/1.1" 200 1021
186.103.159.188 - - [12/Mar/2019:11:22:27 -0300] "GET /cormun/servlet/solicitudot?INS,0,0, HTTP/1.1" 200 14864
186.67.164.138 - - [12/Mar/2019:11:22:27 -0300] "GET /cormun/servlet/trsolicitudadjuntos?2019,14643, HTTP/1.1" 200 8990
186.103.159.188 - - [12/Mar/2019:11:22:27 -0300] "GET /cormun/servlet/solicitudot?INS,0,0, HTTP/1.1" 200 14869
186.67.164.138 - - [12/Mar/2019:11:22:28 -0300] "GET /cormun/servlet/trsolicitudadjuntos?2019,14643, HTTP/1.1" 200 8988
186.67.164.138 - - [12/Mar/2019:11:22:30 -0300] "GET /cormun/servlet/solicitudotadjuntos?INS,2019,14643,,1, HTTP/1.1" 200 6091
186.67.164.138 - - [12/Mar/2019:11:22:30 -0300] "GET /cormun/static/about:blank HTTP/1.1" 404 1011
186.67.164.138 - - [12/Mar/2019:11:22:31 -0300] "GET /cormun/servlet/solicitudotadjuntos?INS,2019,14643,,1, HTTP/1.1" 200 6084
186.67.164.138 - - [12/Mar/2019:11:22:31 -0300] "GET /cormun/servlet/solicitudotadjuntos?d9d0aba585d062fe335fd01e4b843f1dfbf0cd1969f104e557765bc63122602f0d33d20dcb1c6f3154b32fafa0ccb4ef,gx-no-cache=1552400333330 HTTP/1.1" 200 30
186.67.164.138 - - [12/Mar/2019:11:22:31 -0300] "POST /cormun/servlet/solicitudotadjuntos?2b522ade5aba2c362f4063b9235e313d,INS,2019,14643,,1,,gx-no-cache=1552400333359 HTTP/1.1" 200 3897
186.67.164.138 - - [12/Mar/2019:11:22:35 -0300] "POST /cormun/servlet/solicitudotadjuntos?gx-no-cache=1552400336570 HTTP/1.1" 200 26
186.67.164.138 - - [12/Mar/2019:11:22:40 -0300] "GET /cormun/servlet/solicitudotadjuntos?d9d0aba585d062fe335fd01e4b843f1d43c92b8075bca689fdc1eead4ccc92ac,gx-no-cache=1552400342363 HTTP/1.1" 200 30
186.67.164.138 - - [12/Mar/2019:11:22:40 -0300] "GET /cormun/servlet/solicitudotadjuntos?d9d0aba585d062fe335fd01e4b843f1d43c92b8075bca689fdc1eead4ccc92ac,gx-no-cache=1552400342401 HTTP/1.1" 200 30
186.67.164.138 - - [12/Mar/2019:11:22:43 -0300] "POST /cormun/servlet/solicitudotadjuntos?2b522ade5aba2c362f4063b9235e313d,INS,2019,14643,,1, HTTP/1.1" 200 116
186.67.164.138 - - [12/Mar/2019:11:22:43 -0300] "GET /cormun/servlet/hpexe_return? HTTP/1.1" 200 1021
186.67.164.138 - - [12/Mar/2019:11:22:44 -0300] "GET /cormun/servlet/trsolicitudadjuntos?2019,14643, HTTP/1.1" 200 9196
186.67.164.138 - - [12/Mar/2019:11:22:45 -0300] "GET /cormun/servlet/trsolicitudadjuntos?2019,14643, HTTP/1.1" 200 9193
186.67.164.138 - - [12/Mar/2019:11:22:47 -0300] "GET /cormun/servlet/solicitudotadjuntos?INS,2019,14643,,1, HTTP/1.1" 200 6091
186.67.164.138 - - [12/Mar/2019:11:22:47 -0300] "GET /cormun/static/about:blank HTTP/1.1" 404 1011
186.67.164.138 - - [12/Mar/2019:11:22:48 -0300] "GET /cormun/servlet/solicitudotadjuntos?INS,2019,14643,,1, HTTP/1.1" 200 6084
186.67.164.138 - - [12/Mar/2019:11:22:48 -0300] "GET /cormun/servlet/solicitudotadjuntos?d9d0aba585d062fe335fd01e4b843f1dfbf0cd1969f104e557765bc63122602f0d33d20dcb1c6f3154b32fafa0ccb4ef,gx-no-cache=1552400350368 HTTP/1.1" 200 30
186.67.164.138 - - [12/Mar/2019:11:22:48 -0300] "POST /cormun/servlet/solicitudotadjuntos?2b522ade5aba2c362f4063b9235e313d,INS,2019,14643,,1,,gx-no-cache=1552400350396 HTTP/1.1" 200 3897
186.67.164.138 - - [12/Mar/2019:11:22:53 -0300] "POST /cormun/servlet/solicitudotadjuntos?gx-no-cache=1552400355138 HTTP/1.1" 200 26
186.67.164.138 - - [12/Mar/2019:11:23:03 -0300] "GET /cormun/servlet/solicitudotadjuntos?d9d0aba585d062fe335fd01e4b843f1d43c92b8075bca689fdc1eead4ccc92ac,gx-no-cache=1552400365372 HTTP/1.1" 200 30
186.67.164.138 - - [12/Mar/2019:11:23:03 -0300] "GET /cormun/servlet/solicitudotadjuntos?d9d0aba585d062fe335fd01e4b843f1d43c92b8075bca689fdc1eead4ccc92ac,gx-no-cache=1552400365443 HTTP/1.1" 200 30
186.67.164.138 - - [12/Mar/2019:11:23:06 -0300] "POST /cormun/servlet/solicitudotadjuntos?2b522ade5aba2c362f4063b9235e313d,INS,2019,14643,,1, HTTP/1.1" 200 116
186.67.164.138 - - [12/Mar/2019:11:23:06 -0300] "GET /cormun/servlet/hpexe_return? HTTP/1.1" 200 1021
186.67.164.138 - - [12/Mar/2019:11:23:07 -0300] "GET /cormun/servlet/trsolicitudadjuntos?2019,14643, HTTP/1.1" 200 9418
186.67.164.138 - - [12/Mar/2019:11:23:08 -0300] "GET /cormun/servlet/trsolicitudadjuntos?2019,14643, HTTP/1.1" 200 9417
186.67.164.138 - - [12/Mar/2019:11:23:13 -0300] "GET /cormun/servlet/solicitudotadjuntos?INS,2019,14643,,1, HTTP/1.1" 200 6091
186.67.164.138 - - [12/Mar/2019:11:23:13 -0300] "GET /cormun/static/about:blank HTTP/1.1" 404 1011
186.67.164.138 - - [12/Mar/2019:11:23:14 -0300] "GET /cormun/servlet/solicitudotadjuntos?INS,2019,14643,,1, HTTP/1.1" 200 6084
186.67.164.138 - - [12/Mar/2019:11:23:14 -0300] "GET /cormun/servlet/solicitudotadjuntos?d9d0aba585d062fe335fd01e4b843f1dfbf0cd1969f104e557765bc63122602f0d33d20dcb1c6f3154b32fafa0ccb4ef,gx-no-cache=1552400376039 HTTP/1.1" 200 30
186.67.164.138 - - [12/Mar/2019:11:23:14 -0300] "POST /cormun/servlet/solicitudotadjuntos?2b522ade5aba2c362f4063b9235e313d,INS,2019,14643,,1,,gx-no-cache=1552400376073 HTTP/1.1" 200 3897
186.67.164.138 - - [12/Mar/2019:11:23:16 -0300] "POST /cormun/servlet/solicitudotadjuntos?gx-no-cache=1552400378258 HTTP/1.1" 200 26
186.67.164.138 - - [12/Mar/2019:11:23:26 -0300] "GET /cormun/servlet/solicitudotadjuntos?d9d0aba585d062fe335fd01e4b843f1d43c92b8075bca689fdc1eead4ccc92ac,gx-no-cache=1552400388299 HTTP/1.1" 200 30
186.67.164.138 - - [12/Mar/2019:11:23:26 -0300] "GET /cormun/servlet/solicitudotadjuntos?d9d0aba585d062fe335fd01e4b843f1d43c92b8075bca689fdc1eead4ccc92ac,gx-no-cache=1552400388359 HTTP/1.1" 200 30
186.67.164.138 - - [12/Mar/2019:11:23:28 -0300] "POST /cormun/servlet/solicitudotadjuntos?2b522ade5aba2c362f4063b9235e313d,INS,2019,14643,,1, HTTP/1.1" 200 116
186.67.164.138 - - [12/Mar/2019:11:23:28 -0300] "GET /cormun/servlet/hpexe_return? HTTP/1.1" 200 1021
186.67.164.138 - - [12/Mar/2019:11:23:29 -0300] "GET /cormun/servlet/trsolicitudadjuntos?2019,14643, HTTP/1.1" 200 9667
186.67.164.138 - - [12/Mar/2019:11:23:31 -0300] "GET /cormun/servlet/trsolicitudadjuntos?2019,14643, HTTP/1.1" 200 9662
186.67.164.138 - - [12/Mar/2019:11:23:35 -0300] "GET /cormun/servlet/solicitudotadjuntos?INS,2019,14643,,1, HTTP/1.1" 200 6090
186.67.164.138 - - [12/Mar/2019:11:23:36 -0300] "GET /cormun/static/about:blank HTTP/1.1" 404 1011
186.67.164.138 - - [12/Mar/2019:11:23:36 -0300] "GET /cormun/servlet/solicitudotadjuntos?INS,2019,14643,,1, HTTP/1.1" 200 6083
186.67.164.138 - - [12/Mar/2019:11:23:36 -0300] "GET /cormun/servlet/solicitudotadjuntos?d9d0aba585d062fe335fd01e4b843f1dfbf0cd1969f104e557765bc63122602f0d33d20dcb1c6f3154b32fafa0ccb4ef,gx-no-cache=1552400398414 HTTP/1.1" 200 30
186.67.164.138 - - [12/Mar/2019:11:23:36 -0300] "POST /cormun/servlet/solicitudotadjuntos?2b522ade5aba2c362f4063b9235e313d,INS,2019,14643,,1,,gx-no-cache=1552400398451 HTTP/1.1" 200 3896
186.67.164.138 - - [12/Mar/2019:11:23:39 -0300] "POST /cormun/servlet/solicitudotadjuntos?gx-no-cache=1552400401098 HTTP/1.1" 200 26
186.103.159.188 - - [12/Mar/2019:11:23:47 -0300] "POST /cormun/servlet/solicitudot?gx-no-cache=1552400408970 HTTP/1.1" 200 3443
186.103.159.188 - - [12/Mar/2019:11:23:47 -0300] "POST /cormun/servlet/solicitudot?043fd5c28b90a57c2fdd15b92cacff26,INS,0,0,,gx-no-cache=1552400409243 HTTP/1.1" 200 11584
186.103.159.188 - - [12/Mar/2019:11:23:49 -0300] "GET /cormun/servlet/solicitudot?52ec33fc676b2227927e50e522f1e13b8c4d73d54e59a675ee2fcdf9d9a059e8b593d54689741c1cc91be54f095286ae,gx-no-cache=1552400411319 HTTP/1.1" 200 30
186.67.164.138 - - [12/Mar/2019:11:24:32 -0300] "GET /cormun/servlet/solicitudotadjuntos?d9d0aba585d062fe335fd01e4b843f1d43c92b8075bca689fdc1eead4ccc92ac,gx-no-cache=1552400453823 HTTP/1.1" 200 30
186.67.164.138 - - [12/Mar/2019:11:24:32 -0300] "GET /cormun/servlet/solicitudotadjuntos?d9d0aba585d062fe335fd01e4b843f1d43c92b8075bca689fdc1eead4ccc92ac,gx-no-cache=1552400453847 HTTP/1.1" 200 30
186.67.164.138 - - [12/Mar/2019:11:24:32 -0300] "POST /cormun/servlet/solicitudotadjuntos?2b522ade5aba2c362f4063b9235e313d,INS,2019,14643,,1, HTTP/1.1" 200 116
186.67.164.138 - - [12/Mar/2019:11:24:33 -0300] "GET /cormun/servlet/hpexe_return? HTTP/1.1" 200 1021
186.67.164.138 - - [12/Mar/2019:11:24:34 -0300] "GET /cormun/servlet/trsolicitudadjuntos?2019,14643, HTTP/1.1" 200 9888
186.67.164.138 - - [12/Mar/2019:11:24:35 -0300] "GET /cormun/servlet/trsolicitudadjuntos?2019,14643, HTTP/1.1" 200 9886
186.67.164.138 - - [12/Mar/2019:11:24:42 -0300] "POST /cormun/servlet/trsolicitudadjuntos?2b522ade5aba2c362f4063b9235e313d,2019,14643,,gx-no-cache=1552400464275 HTTP/1.1" 200 90
186.67.164.138 - - [12/Mar/2019:11:24:42 -0300] "GET /cormun/servlet/hpexe_link HTTP/1.1" 200 964
186.67.164.138 - - [12/Mar/2019:11:24:43 -0300] "GET /cormun/servlet/trsolicitudot HTTP/1.1" 200 8939
186.67.164.138 - - [12/Mar/2019:11:24:44 -0300] "GET /cormun/servlet/trsolicitudot HTTP/1.1" 200 8940
186.103.159.188 - - [12/Mar/2019:11:25:36 -0300] "GET /cormun/servlet/prbanco?,MD,,gxPopupLevel%3D0%3B HTTP/1.1" 200 6602
186.103.159.188 - - [12/Mar/2019:11:25:41 -0300] "GET /cormun/servlet/solicitudot?52ec33fc676b2227927e50e522f1e13bc51234e47a666de9db1f7d39fa8cc7f94ad950f3ccbadabcb838748efd4b23f1b593d54689741c1cc91be54f095286ae,gx-no-cache=1552400523581 HTTP/1.1" 200 30
186.103.159.188 - - [12/Mar/2019:11:25:42 -0300] "GET /cormun/servlet/solicitudot?52ec33fc676b2227927e50e522f1e13b4ef224418fb820f046f2dd3db2d47f2c,gx-no-cache=1552400524798 HTTP/1.1" 200 53
192.168.10.89 - - [12/Mar/2019:11:25:52 -0300] "POST /cormun/servlet/trautorizarot?7fd36a561b4c36f4029d697aa4b6327a,,gx-no-cache=1552407557571 HTTP/1.1" 200 19562
186.103.159.188 - - [12/Mar/2019:11:25:56 -0300] "POST /cormun/servlet/solicitudot?gx-no-cache=1552400538130 HTTP/1.1" 200 256
186.103.159.188 - - [12/Mar/2019:11:25:58 -0300] "GET /cormun/servlet/solicitudot?52ec33fc676b2227927e50e522f1e13bcf219467742d1f7353f038e0940587cb014dd8fc1bd6f1bb8ed2b194283c0f0c81495d8cdbcbba336125bac0acf497ec615e27a1830761f15f115ef5326d63875b7f03b195c96f2b60ae3e2e287651934271a8e081e8afa612a6d4095d8da65e920e2293b5f3f2bb0ed96db9b9f62464c5c06bdda5630717f000cb88c06b8ead25c24a98b4b45e5e5392e48bb4aabfa9dda3d3288e93f27596bfd4e96f34298c425c8278b04ea2028eebb16b0400f4f9099cd9d8106115f455c2e3c6268882689b7997ca7e9668a69b904bbf466fe8722688f6282f462af5071d6313a52fa2ec8e89b9fddb33f51b2db16b8abcbd1e7a3cd7b682f7b71d60d04785f5b62a9af112e504e1c54949f09196c8061919985e3a7690497d50f1687b4a0e4f34bde22947a89ba554fed909990f1832b11315d1beff6e5b9adc7e73d4d56d477056c67a22f0131cbfea3d0791a652945f69569399c017f71a437f667533d0871604114ce9fe291e81ce2161ed3f2eff4f3655c3,gx-no-cache=1552400540659 HTTP/1.1" 200 30
186.103.159.188 - - [12/Mar/2019:11:26:00 -0300] "POST /cormun/servlet/solicitudot?gx-no-cache=1552400542689 HTTP/1.1" 200 30
186.103.159.188 - - [12/Mar/2019:11:26:02 -0300] "POST /cormun/servlet/solicitudot?gx-no-cache=1552400544180 HTTP/1.1" 200 1282
186.103.159.188 - - [12/Mar/2019:11:26:02 -0300] "POST /cormun/servlet/solicitudot?gx-no-cache=1552400544302 HTTP/1.1" 200 38
186.103.159.188 - - [12/Mar/2019:11:26:08 -0300] "GET /cormun/servlet/solicitudot?52ec33fc676b2227927e50e522f1e13b437f3c116b56915092255bf427d9d7a7135e0934543de30b847276ba629a204b2c8bcf0b47078bf75098bd8d70f3475508a6f33ab505534292d4cdb3682485e5fbb78c52faebc42a693755d58a291823e8d028fdc1704f1005703496bc4feb1a,gx-no-cache=1552400550121 HTTP/1.1" 200 110
186.103.159.188 - - [12/Mar/2019:11:26:08 -0300] "POST /cormun/servlet/solicitudot?gx-no-cache=1552400550166 HTTP/1.1" 200 83
186.103.159.188 - - [12/Mar/2019:11:26:33 -0300] "GET /cormun/servlet/solicitudot?52ec33fc676b2227927e50e522f1e13b437f3c116b56915092255bf427d9d7a7135e0934543de30b847276ba629a204b2c8bcf0b47078bf75098bd8d70f3475508a6f33ab505534292d4cdb3682485e5fbb78c52faebc42a693755d58a291823e8d028fdc1704f1005703496bc4feb1a,gx-no-cache=1552400575870 HTTP/1.1" 200 110
186.103.159.188 - - [12/Mar/2019:11:26:36 -0300] "POST /cormun/servlet/solicitudot?gx-no-cache=1552400578884 HTTP/1.1" 200 72
186.103.159.188 - - [12/Mar/2019:11:26:45 -0300] "GET /cormun/servlet/solicitudot?52ec33fc676b2227927e50e522f1e13bf05dfd5aee56a638ea1abfb842b22bc0165879b2b5dbfa028a9ac8e066f5c4971907eb7e64084b5a3da98123df2f9659b545a9dba4dd419b0128cfdc16bec4dbc32d54125af765cb70dcff43079b46651aeeb31e2a241e993a71401d3b0fdc8e,gx-no-cache=1552400587306 HTTP/1.1" 200 29
186.103.159.188 - - [12/Mar/2019:11:26:45 -0300] "GET /cormun/static/menuarrow.gif HTTP/1.1" 404 1015
186.103.159.188 - - [12/Mar/2019:11:26:48 -0300] "GET /cormun/servlet/solicitudot?52ec33fc676b2227927e50e522f1e13b20c769dbfc5574d6566b51633ca5bd489ce0e7206ae6a30ffaffb7a231242301,gx-no-cache=1552400589977 HTTP/1.1" 200 30
186.103.159.188 - - [12/Mar/2019:11:26:58 -0300] "POST /cormun/servlet/solicitudot?gx-no-cache=1552400600060 HTTP/1.1" 200 30
186.103.159.188 - - [12/Mar/2019:11:26:58 -0300] "POST /cormun/servlet/solicitudot?043fd5c28b90a57c2fdd15b92cacff26,INS,0,0,,gx-no-cache=1552400600089 HTTP/1.1" 200 93
186.103.159.188 - - [12/Mar/2019:11:26:58 -0300] "GET /cormun/servlet/hpexe_return? HTTP/1.1" 200 1003
186.103.159.188 - - [12/Mar/2019:11:26:58 -0300] "GET /cormun/servlet/trsolicitudot HTTP/1.1" 200 8987
186.103.159.188 - - [12/Mar/2019:11:26:59 -0300] "GET /cormun/servlet/trsolicitudot HTTP/1.1" 200 8983
186.103.159.188 - - [12/Mar/2019:11:27:12 -0300] "POST /cormun/servlet/trsolicitudot?043fd5c28b90a57c2fdd15b92cacff26,gx-no-cache=1552400614258 HTTP/1.1" 200 107
186.103.159.188 - - [12/Mar/2019:11:27:12 -0300] "GET /cormun/servlet/trsolicitudadjuntos?2019,14644, HTTP/1.1" 200 6144
186.103.159.188 - - [12/Mar/2019:11:27:12 -0300] "GET /cormun/servlet/trsolicitudadjuntos?2019,14644, HTTP/1.1" 200 6143
186.103.159.188 - - [12/Mar/2019:11:27:14 -0300] "GET /cormun/servlet/solicitudotadjuntos?INS,2019,14644,,1, HTTP/1.1" 200 6091
186.103.159.188 - - [12/Mar/2019:11:27:14 -0300] "GET /cormun/static/about:blank HTTP/1.1" 404 1011
186.103.159.188 - - [12/Mar/2019:11:27:15 -0300] "GET /cormun/servlet/solicitudotadjuntos?INS,2019,14644,,1, HTTP/1.1" 200 6085
186.103.159.188 - - [12/Mar/2019:11:27:15 -0300] "GET /cormun/servlet/solicitudotadjuntos?52ec33fc676b2227927e50e522f1e13b17ef3ca16b1420622790ecbc5532a9bf32dfa5a16cd5069a33336fedecc20f9f,gx-no-cache=1552400617488 HTTP/1.1" 200 30
186.103.159.188 - - [12/Mar/2019:11:27:15 -0300] "POST /cormun/servlet/solicitudotadjuntos?043fd5c28b90a57c2fdd15b92cacff26,INS,2019,14644,,1,,gx-no-cache=1552400617533 HTTP/1.1" 200 3857
186.103.159.188 - - [12/Mar/2019:11:27:19 -0300] "POST /cormun/servlet/solicitudotadjuntos?gx-no-cache=1552400621046 HTTP/1.1" 200 26
192.168.10.89 - - [12/Mar/2019:11:27:42 -0300] "POST /cormun/servlet/trautorizarot?7fd36a561b4c36f4029d697aa4b6327a,,gx-no-cache=1552407667716 HTTP/1.1" 200 15892
186.103.159.188 - - [12/Mar/2019:11:27:42 -0300] "GET /cormun/servlet/solicitudotadjuntos?52ec33fc676b2227927e50e522f1e13b32e3b627b0da36588154e3366fea8d73,gx-no-cache=1552400644767 HTTP/1.1" 200 30
186.103.159.188 - - [12/Mar/2019:11:27:42 -0300] "GET /cormun/servlet/solicitudotadjuntos?52ec33fc676b2227927e50e522f1e13b32e3b627b0da36588154e3366fea8d73,gx-no-cache=1552400644850 HTTP/1.1" 200 30
186.103.159.188 - - [12/Mar/2019:11:27:43 -0300] "POST /cormun/servlet/solicitudotadjuntos?043fd5c28b90a57c2fdd15b92cacff26,INS,2019,14644,,1, HTTP/1.1" 200 116
186.103.159.188 - - [12/Mar/2019:11:27:43 -0300] "GET /cormun/servlet/hpexe_return? HTTP/1.1" 200 1022
186.103.159.188 - - [12/Mar/2019:11:27:43 -0300] "GET /cormun/servlet/trsolicitudadjuntos?2019,14644, HTTP/1.1" 200 8716
186.103.159.188 - - [12/Mar/2019:11:27:44 -0300] "GET /cormun/servlet/trsolicitudadjuntos?2019,14644, HTTP/1.1" 200 8713
186.103.159.188 - - [12/Mar/2019:11:27:46 -0300] "GET /cormun/servlet/solicitudotadjuntos?INS,2019,14644,,1, HTTP/1.1" 200 6090
186.103.159.188 - - [12/Mar/2019:11:27:46 -0300] "GET /cormun/static/about:blank HTTP/1.1" 404 1011
186.103.159.188 - - [12/Mar/2019:11:27:46 -0300] "GET /cormun/servlet/solicitudotadjuntos?INS,2019,14644,,1, HTTP/1.1" 200 6084
186.103.159.188 - - [12/Mar/2019:11:27:47 -0300] "GET /cormun/servlet/solicitudotadjuntos?52ec33fc676b2227927e50e522f1e13b17ef3ca16b1420622790ecbc5532a9bf32dfa5a16cd5069a33336fedecc20f9f,gx-no-cache=1552400649004 HTTP/1.1" 200 30
186.103.159.188 - - [12/Mar/2019:11:27:47 -0300] "POST /cormun/servlet/solicitudotadjuntos?043fd5c28b90a57c2fdd15b92cacff26,INS,2019,14644,,1,,gx-no-cache=1552400649133 HTTP/1.1" 200 3857
