190.171.141.106 - - [11/Mar/2019:15:52:38 -0300] "POST /cormun/servlet/hlogin?bd683f64547627d7cb74da6176be5fd8,gx-no-cache=1552330140193 HTTP/1.1" 200 90
190.171.141.106 - - [11/Mar/2019:15:52:38 -0300] "GET /cormun/servlet/hpexe_link HTTP/1.1" 200 952
190.171.141.106 - - [11/Mar/2019:15:52:38 -0300] "GET /cormun/servlet/hhome HTTP/1.1" 200 4248
190.171.141.106 - - [11/Mar/2019:15:52:39 -0300] "GET /cormun/servlet/hhome HTTP/1.1" 200 4245
190.171.141.106 - - [11/Mar/2019:15:52:43 -0300] "GET /cormun/servlet/trcontratosolicitud? HTTP/1.1" 200 14714
190.171.141.106 - - [11/Mar/2019:15:52:44 -0300] "GET /cormun/servlet/trcontratosolicitud? HTTP/1.1" 200 14711
192.168.10.89 - - [11/Mar/2019:15:52:45 -0300] "POST /cormun/servlet/trautorizarot?6fc1da6f5901239d4e6629d3a7f82a73,,gx-no-cache=1552337171322 HTTP/1.1" 200 6548
190.171.141.106 - - [11/Mar/2019:15:53:26 -0300] "GET /cormun/static/Resources/PXToolsGridNew.png HTTP/1.1" 200 2949
190.171.141.106 - - [11/Mar/2019:15:53:27 -0300] "GET /cormun/static/Resources/PXToolsActionDisabled.gif HTTP/1.1" 200 53
192.168.10.89 - - [11/Mar/2019:15:53:30 -0300] "POST /cormun/servlet/trautorizarot?6fc1da6f5901239d4e6629d3a7f82a73,,gx-no-cache=1552337216072 HTTP/1.1" 200 5365
190.171.141.106 - - [11/Mar/2019:15:53:38 -0300] "POST /cormun/servlet/trcontratosolicitud?bd683f64547627d7cb74da6176be5fd8,,gx-no-cache=1552330200330 HTTP/1.1" 200 11455
190.171.141.106 - - [11/Mar/2019:15:53:39 -0300] "GET /cormun/static/Resources/PXToolsGridFirst.gif HTTP/1.1" 200 379
190.171.141.106 - - [11/Mar/2019:15:53:39 -0300] "GET /cormun/static/Resources/PXToolsGridPrevious.gif HTTP/1.1" 200 369
192.168.10.89 - - [11/Mar/2019:15:53:52 -0300] "POST /cormun/servlet/trautorizarot?6fc1da6f5901239d4e6629d3a7f82a73,,gx-no-cache=1552337238602 HTTP/1.1" 200 7415
192.168.10.89 - - [11/Mar/2019:15:54:20 -0300] "POST /cormun/servlet/trautorizarot?6fc1da6f5901239d4e6629d3a7f82a73,,gx-no-cache=1552337266163 HTTP/1.1" 200 5374
192.168.10.89 - - [11/Mar/2019:15:54:30 -0300] "POST /cormun/servlet/trautorizarot?6fc1da6f5901239d4e6629d3a7f82a73,,gx-no-cache=1552337276626 HTTP/1.1" 200 7763
192.168.10.89 - - [11/Mar/2019:15:54:53 -0300] "POST /cormun/servlet/trautorizarot?6fc1da6f5901239d4e6629d3a7f82a73,,gx-no-cache=1552337299698 HTTP/1.1" 200 7126
192.168.10.89 - - [11/Mar/2019:15:55:11 -0300] "POST /cormun/servlet/trautorizarot?6fc1da6f5901239d4e6629d3a7f82a73,,gx-no-cache=1552337317722 HTTP/1.1" 200 5365
192.168.10.89 - - [11/Mar/2019:15:55:21 -0300] "POST /cormun/servlet/trautorizarot?6fc1da6f5901239d4e6629d3a7f82a73,,gx-no-cache=1552337327036 HTTP/1.1" 200 7387
192.168.10.89 - - [11/Mar/2019:15:55:56 -0300] "POST /cormun/servlet/trautorizarot?6fc1da6f5901239d4e6629d3a7f82a73,,gx-no-cache=1552337362100 HTTP/1.1" 200 5368
192.168.10.89 - - [11/Mar/2019:15:56:14 -0300] "POST /cormun/servlet/trautorizarot?6fc1da6f5901239d4e6629d3a7f82a73,,gx-no-cache=1552337380548 HTTP/1.1" 200 7146
192.168.10.89 - - [11/Mar/2019:15:56:41 -0300] "POST /cormun/servlet/trautorizarot?6fc1da6f5901239d4e6629d3a7f82a73,,gx-no-cache=1552337407351 HTTP/1.1" 200 5373
192.168.10.89 - - [11/Mar/2019:15:56:56 -0300] "POST /cormun/servlet/trautorizarot?6fc1da6f5901239d4e6629d3a7f82a73,,gx-no-cache=1552337422525 HTTP/1.1" 200 6566
200.111.191.210 - - [11/Mar/2019:15:57:12 -0300] "GET /cormun/servlet/trsolicitudot? HTTP/1.1" 200 6413
200.111.191.210 - - [11/Mar/2019:15:57:13 -0300] "GET /cormun/servlet/hlogin HTTP/1.1" 200 1735
200.111.191.210 - - [11/Mar/2019:15:57:13 -0300] "GET /cormun/servlet/trsolicitudot? HTTP/1.1" 200 6413
200.111.191.210 - - [11/Mar/2019:15:57:17 -0300] "POST /cormun/servlet/hlogin?d5a6f76ecd12fa80cda81c9f44572e91,gx-no-cache=1552330464872 HTTP/1.1" 200 90
200.111.191.210 - - [11/Mar/2019:15:57:17 -0300] "GET /cormun/servlet/hpexe_link HTTP/1.1" 200 953
200.111.191.210 - - [11/Mar/2019:15:57:18 -0300] "GET /cormun/servlet/trsolicitudot HTTP/1.1" 200 8484
200.111.191.210 - - [11/Mar/2019:15:57:18 -0300] "GET /cormun/servlet/trsolicitudot HTTP/1.1" 200 8484
192.168.10.89 - - [11/Mar/2019:15:57:19 -0300] "POST /cormun/servlet/trautorizarot?6fc1da6f5901239d4e6629d3a7f82a73,,gx-no-cache=1552337445600 HTTP/1.1" 200 5375
192.168.10.89 - - [11/Mar/2019:15:57:30 -0300] "POST /cormun/servlet/trautorizarot?6fc1da6f5901239d4e6629d3a7f82a73,,gx-no-cache=1552337456178 HTTP/1.1" 200 6862
200.111.191.210 - - [11/Mar/2019:15:57:38 -0300] "POST /cormun/servlet/trsolicitudot?d5a6f76ecd12fa80cda81c9f44572e91,gx-no-cache=1552330485111 HTTP/1.1" 200 4253
200.111.191.210 - - [11/Mar/2019:15:57:38 -0300] "GET /cormun/static/Shared/jqueryui/images/ui-bg_highlight-soft_100_c6c2c8_1x100.png HTTP/1.1" 404 1117
200.111.191.210 - - [11/Mar/2019:15:57:38 -0300] "GET /cormun/static/Shared/jqueryui/images/ui-icons_82798d_256x240.png HTTP/1.1" 404 1089
200.111.191.210 - - [11/Mar/2019:15:57:38 -0300] "GET /cormun/static/Shared/jqueryui/images/ui-bg_flat_55_fafafa_40x100.png HTTP/1.1" 404 1097
200.111.191.210 - - [11/Mar/2019:15:57:38 -0300] "GET /cormun/static/Shared/jqueryui/images/ui-icons_8d78a5_256x240.png HTTP/1.1" 404 1089
200.111.191.210 - - [11/Mar/2019:15:57:38 -0300] "POST /cormun/servlet/trsolicitudot?d5a6f76ecd12fa80cda81c9f44572e91,gx-no-cache=1552330485334 HTTP/1.1" 200 4040
192.168.10.89 - - [11/Mar/2019:15:57:52 -0300] "POST /cormun/servlet/trautorizarot?6fc1da6f5901239d4e6629d3a7f82a73,,gx-no-cache=1552337478834 HTTP/1.1" 200 5361
200.111.191.210 - - [11/Mar/2019:15:58:01 -0300] "GET /cormun/servlet/hlogin HTTP/1.1" 200 1734
200.111.191.210 - - [11/Mar/2019:15:58:13 -0300] "POST /cormun/servlet/hlogin?d5a6f76ecd12fa80cda81c9f44572e91,gx-no-cache=1552330520985 HTTP/1.1" 200 90
200.111.191.210 - - [11/Mar/2019:15:58:13 -0300] "GET /cormun/servlet/hpexe_link HTTP/1.1" 200 947
200.111.191.210 - - [11/Mar/2019:15:58:13 -0300] "GET /cormun/servlet/hhome HTTP/1.1" 200 4307
200.111.191.210 - - [11/Mar/2019:15:58:13 -0300] "GET /cormun/static/gxcfg.js?20175251212442 HTTP/1.1" 200 953
200.111.191.210 - - [11/Mar/2019:15:58:13 -0300] "GET /cormun/static/Resources/Spanish/PXTools.css?11423723 HTTP/1.1" 200 89042
200.111.191.210 - - [11/Mar/2019:15:58:13 -0300] "GET /cormun/static/hhome.js?20175251212450 HTTP/1.1" 200 777
200.111.191.210 - - [11/Mar/2019:15:58:14 -0300] "GET /cormun/static/SmoothNavMenu/resources/images/right.gif HTTP/1.1" 200 860
200.111.191.210 - - [11/Mar/2019:15:58:14 -0300] "GET /cormun/servlet/hhome HTTP/1.1" 200 4304
200.111.191.210 - - [11/Mar/2019:15:58:17 -0300] "GET /cormun/servlet/trautorizarsolicitud? HTTP/1.1" 200 8773
200.111.191.210 - - [11/Mar/2019:15:58:17 -0300] "GET /cormun/static/gxcfg.js?2017111423403364 HTTP/1.1" 200 953
200.111.191.210 - - [11/Mar/2019:15:58:17 -0300] "GET /cormun/static/trautorizarsolicitud.js?201711142340425 HTTP/1.1" 200 53910
200.111.191.210 - - [11/Mar/2019:15:58:17 -0300] "GET /cormun/servlet/trautorizarsolicitud? HTTP/1.1" 200 8771
200.111.191.210 - - [11/Mar/2019:16:02:19 -0300] "GET /cormun/servlet/trpermisosgoce? HTTP/1.1" 200 8468
200.111.191.210 - - [11/Mar/2019:16:02:19 -0300] "GET /cormun//static/Resources/PXToolsHeaderHelp.png HTTP/1.1" 200 4055
200.111.191.210 - - [11/Mar/2019:16:02:19 -0300] "GET /cormun//static/Resources/PXToolsActionDisabled.gif HTTP/1.1" 200 53
200.111.191.210 - - [11/Mar/2019:16:02:19 -0300] "GET /cormun//static/Resources/PXToolsHeaderFavorites.png HTTP/1.1" 200 2744
200.111.191.210 - - [11/Mar/2019:16:02:19 -0300] "GET /cormun//static/Resources/PXToolsActionPrint.png HTTP/1.1" 200 3317
200.111.191.210 - - [11/Mar/2019:16:02:19 -0300] "GET /cormun//static/Resources/PXToolsGridDisplay.png HTTP/1.1" 200 362
200.111.191.210 - - [11/Mar/2019:16:02:20 -0300] "GET /cormun/servlet/trpermisosgoce? HTTP/1.1" 200 8466
200.111.191.210 - - [11/Mar/2019:16:02:22 -0300] "GET /cormun/servlet/permisogoce?INS,0,,, HTTP/1.1" 200 7171
200.111.191.210 - - [11/Mar/2019:16:02:22 -0300] "GET /cormun/static/gxcfg.js?201776126440 HTTP/1.1" 200 953
200.111.191.210 - - [11/Mar/2019:16:02:22 -0300] "GET /cormun/static/permisogoce.js?2017761264459 HTTP/1.1" 200 27897
200.111.191.210 - - [11/Mar/2019:16:02:22 -0300] "GET /cormun/servlet/permisogoce?INS,0,,, HTTP/1.1" 200 7171
200.111.191.210 - - [11/Mar/2019:16:02:32 -0300] "GET /cormun/servlet/permisogoce?87ab1e143a544fc7aa1a114aae98129569c9ede52075b3507731e13ace9f8ed5af7997a04f022964e0de77a834f925c310a69ab896b7d1b42368fd32c5d9a677,gx-no-cache=1552330779256 HTTP/1.1" 200 79
200.111.191.210 - - [11/Mar/2019:16:02:40 -0300] "GET /cormun/servlet/permisogoce?87ab1e143a544fc7aa1a114aae981295a0fe497ae961904cd15c73fef116645f6118db1d1a7a80a44626701f2abfcc1a250b5e23b19782ffb337ee6e8d101e7f,gx-no-cache=1552330787788 HTTP/1.1" 200 47
200.111.191.210 - - [11/Mar/2019:16:02:50 -0300] "POST /cormun/servlet/permisogoce?d5a6f76ecd12fa80cda81c9f44572e91,INS,0,,,,gx-no-cache=1552330797225 HTTP/1.1" 200 93
200.111.191.210 - - [11/Mar/2019:16:02:50 -0300] "GET /cormun/servlet/hpexe_return? HTTP/1.1" 200 1006
200.111.191.210 - - [11/Mar/2019:16:02:50 -0300] "GET /cormun/servlet/trpermisosgoce HTTP/1.1" 200 8741
200.111.191.210 - - [11/Mar/2019:16:02:50 -0300] "GET /cormun/servlet/trpermisosgoce HTTP/1.1" 200 8737
200.111.191.210 - - [11/Mar/2019:16:02:52 -0300] "GET /cormun/servlet/apermisogoceprn?10264376,P,20190311175548,PU HTTP/1.1" 200 1651
200.111.191.210 - - [11/Mar/2019:16:02:58 -0300] "GET /cormun/servlet/permisogoce?INS,0,,, HTTP/1.1" 200 7171
200.111.191.210 - - [11/Mar/2019:16:02:58 -0300] "GET /cormun/servlet/permisogoce?INS,0,,, HTTP/1.1" 200 7171
200.111.191.210 - - [11/Mar/2019:16:03:06 -0300] "GET /cormun/servlet/permisogoce?87ab1e143a544fc7aa1a114aae98129569c9ede52075b3507731e13ace9f8ed5af7997a04f022964e0de77a834f925c310a69ab896b7d1b42368fd32c5d9a677,gx-no-cache=1552330814063 HTTP/1.1" 200 81
200.111.191.210 - - [11/Mar/2019:16:03:10 -0300] "GET /cormun/servlet/permisogoce?87ab1e143a544fc7aa1a114aae981295a0fe497ae961904cd15c73fef116645fc34affef24428594635ae9312c416e55250b5e23b19782ffb337ee6e8d101e7f,gx-no-cache=1552330817355 HTTP/1.1" 200 48
40.77.167.134 - - [11/Mar/2019:16:03:11 -0300] "GET /cormun/servlet/hpexe_return HTTP/1.1" 200 977
200.111.191.210 - - [11/Mar/2019:16:03:15 -0300] "POST /cormun/servlet/permisogoce?d5a6f76ecd12fa80cda81c9f44572e91,INS,0,,,,gx-no-cache=1552330822905 HTTP/1.1" 200 93
200.111.191.210 - - [11/Mar/2019:16:03:16 -0300] "GET /cormun/servlet/hpexe_return? HTTP/1.1" 200 1006
200.111.191.210 - - [11/Mar/2019:16:03:16 -0300] "GET /cormun/servlet/trpermisosgoce HTTP/1.1" 200 8911
200.111.191.210 - - [11/Mar/2019:16:03:16 -0300] "GET /cormun/servlet/trpermisosgoce HTTP/1.1" 200 8907
200.111.191.210 - - [11/Mar/2019:16:03:21 -0300] "GET /cormun/servlet/apermisogoceprn?10264376,P,20190311175624,PU HTTP/1.1" 200 1646
192.168.10.89 - - [11/Mar/2019:16:04:29 -0300] "POST /cormun/servlet/trautorizarot?6fc1da6f5901239d4e6629d3a7f82a73,,gx-no-cache=1552337875418 HTTP/1.1" 200 6526
192.168.10.89 - - [11/Mar/2019:16:04:40 -0300] "POST /cormun/servlet/trautorizarot?6fc1da6f5901239d4e6629d3a7f82a73,,gx-no-cache=1552337886741 HTTP/1.1" 200 5354
192.168.10.89 - - [11/Mar/2019:16:04:50 -0300] "POST /cormun/servlet/trautorizarot?6fc1da6f5901239d4e6629d3a7f82a73,,gx-no-cache=1552337896830 HTTP/1.1" 200 6527
192.168.10.89 - - [11/Mar/2019:16:06:34 -0300] "POST /cormun/servlet/trautorizarot?6fc1da6f5901239d4e6629d3a7f82a73,,gx-no-cache=1552338000395 HTTP/1.1" 200 5349
192.168.10.89 - - [11/Mar/2019:16:06:44 -0300] "POST /cormun/servlet/trautorizarot?6fc1da6f5901239d4e6629d3a7f82a73,,gx-no-cache=1552338010163 HTTP/1.1" 200 6877
192.168.10.89 - - [11/Mar/2019:16:07:05 -0300] "POST /cormun/servlet/trautorizarot?6fc1da6f5901239d4e6629d3a7f82a73,,gx-no-cache=1552338031652 HTTP/1.1" 200 5362
192.168.10.89 - - [11/Mar/2019:16:07:16 -0300] "POST /cormun/servlet/trautorizarot?6fc1da6f5901239d4e6629d3a7f82a73,,gx-no-cache=1552338042023 HTTP/1.1" 200 7129
192.168.10.89 - - [11/Mar/2019:16:08:09 -0300] "POST /cormun/servlet/trautorizarot?6fc1da6f5901239d4e6629d3a7f82a73,,gx-no-cache=1552338095581 HTTP/1.1" 200 5366
192.168.10.89 - - [11/Mar/2019:16:08:20 -0300] "POST /cormun/servlet/trautorizarot?6fc1da6f5901239d4e6629d3a7f82a73,,gx-no-cache=1552338106556 HTTP/1.1" 200 7144
192.168.10.89 - - [11/Mar/2019:16:08:33 -0300] "POST /cormun/servlet/trautorizarot?6fc1da6f5901239d4e6629d3a7f82a73,,gx-no-cache=1552338119540 HTTP/1.1" 200 5360
192.168.10.89 - - [11/Mar/2019:16:08:44 -0300] "POST /cormun/servlet/trautorizarot?6fc1da6f5901239d4e6629d3a7f82a73,,gx-no-cache=1552338130721 HTTP/1.1" 200 6883
192.168.10.89 - - [11/Mar/2019:16:09:05 -0300] "POST /cormun/servlet/trautorizarot?6fc1da6f5901239d4e6629d3a7f82a73,,gx-no-cache=1552338151106 HTTP/1.1" 200 5365
192.168.10.89 - - [11/Mar/2019:16:09:17 -0300] "POST /cormun/servlet/trautorizarot?6fc1da6f5901239d4e6629d3a7f82a73,,gx-no-cache=1552338163178 HTTP/1.1" 200 6545
185.54.253.239 - - [11/Mar/2019:16:09:34 -0300] "GET / HTTP/1.1" 200 11217
192.168.10.89 - - [11/Mar/2019:16:10:03 -0300] "POST /cormun/servlet/trautorizarot?6fc1da6f5901239d4e6629d3a7f82a73,,gx-no-cache=1552338209724 HTTP/1.1" 200 5367
192.168.10.89 - - [11/Mar/2019:16:10:14 -0300] "POST /cormun/servlet/trautorizarot?6fc1da6f5901239d4e6629d3a7f82a73,,gx-no-cache=1552338220482 HTTP/1.1" 200 7110
192.168.10.89 - - [11/Mar/2019:16:10:19 -0300] "POST /cormun/servlet/trautorizarot?6fc1da6f5901239d4e6629d3a7f82a73,,gx-no-cache=1552338225539 HTTP/1.1" 200 5378
192.168.10.89 - - [11/Mar/2019:16:10:50 -0300] "POST /cormun/servlet/trautorizarot?6fc1da6f5901239d4e6629d3a7f82a73,,gx-no-cache=1552338256090 HTTP/1.1" 200 7137
192.168.10.89 - - [11/Mar/2019:16:10:54 -0300] "POST /cormun/servlet/trautorizarot?6fc1da6f5901239d4e6629d3a7f82a73,,gx-no-cache=1552338260337 HTTP/1.1" 200 5349
192.168.10.89 - - [11/Mar/2019:16:11:06 -0300] "POST /cormun/servlet/trautorizarot?6fc1da6f5901239d4e6629d3a7f82a73,,gx-no-cache=1552338271954 HTTP/1.1" 200 7146
192.168.10.89 - - [11/Mar/2019:16:12:56 -0300] "POST /cormun/servlet/trautorizarot?6fc1da6f5901239d4e6629d3a7f82a73,,gx-no-cache=1552338382505 HTTP/1.1" 200 5366
192.168.10.89 - - [11/Mar/2019:16:13:07 -0300] "POST /cormun/servlet/trautorizarot?6fc1da6f5901239d4e6629d3a7f82a73,,gx-no-cache=1552338393274 HTTP/1.1" 200 6840
192.168.10.89 - - [11/Mar/2019:16:13:15 -0300] "POST /cormun/servlet/trautorizarot?6fc1da6f5901239d4e6629d3a7f82a73,,gx-no-cache=1552338401884 HTTP/1.1" 200 5349
192.168.10.89 - - [11/Mar/2019:16:13:25 -0300] "POST /cormun/servlet/trautorizarot?6fc1da6f5901239d4e6629d3a7f82a73,,gx-no-cache=1552338411267 HTTP/1.1" 200 6534
192.168.10.89 - - [11/Mar/2019:16:13:34 -0300] "POST /cormun/servlet/trautorizarot?6fc1da6f5901239d4e6629d3a7f82a73,,gx-no-cache=1552338420435 HTTP/1.1" 200 5358
186.67.164.138 - - [11/Mar/2019:16:13:54 -0300] "GET /cormun/servlet/hlogin HTTP/1.1" 200 1723
186.67.164.138 - - [11/Mar/2019:16:13:55 -0300] "GET /cormun/servlet/hlogin HTTP/1.1" 200 1734
186.67.164.138 - - [11/Mar/2019:16:14:00 -0300] "POST /cormun/servlet/hlogin?b58654b2838f3acc5faf21cf26618f21,gx-no-cache=1552331421696 HTTP/1.1" 200 90
186.67.164.138 - - [11/Mar/2019:16:14:00 -0300] "GET /cormun/servlet/hpexe_link HTTP/1.1" 200 954
186.67.164.138 - - [11/Mar/2019:16:14:01 -0300] "GET /cormun/servlet/hhome HTTP/1.1" 200 4053
186.67.164.138 - - [11/Mar/2019:16:14:02 -0300] "GET /cormun/servlet/hhome HTTP/1.1" 200 4050
186.67.164.138 - - [11/Mar/2019:16:14:36 -0300] "GET /cormun/servlet/trlicencias? HTTP/1.1" 200 8416
186.67.164.138 - - [11/Mar/2019:16:14:38 -0300] "GET /cormun/servlet/trlicencias? HTTP/1.1" 200 8413
186.67.164.138 - - [11/Mar/2019:16:14:48 -0300] "GET /cormun/servlet/trsolicitudot? HTTP/1.1" 200 7262
186.67.164.138 - - [11/Mar/2019:16:14:49 -0300] "GET /cormun/servlet/trsolicitudot? HTTP/1.1" 200 7263
186.67.164.138 - - [11/Mar/2019:16:14:53 -0300] "GET /cormun/servlet/solicitudot?INS,0,0, HTTP/1.1" 200 14875
186.67.164.138 - - [11/Mar/2019:16:14:54 -0300] "GET /cormun/servlet/solicitudot?INS,0,0, HTTP/1.1" 200 14880
190.171.141.82 - - [11/Mar/2019:16:15:15 -0300] "GET /cormun/servlet/trsolicitudot? HTTP/1.1" 200 6427
190.171.141.82 - - [11/Mar/2019:16:15:18 -0300] "GET /cormun/servlet/trsolicitudot? HTTP/1.1" 200 6420
190.171.141.82 - - [11/Mar/2019:16:15:19 -0300] "GET /cormun/servlet/hlogin HTTP/1.1" 200 1743
190.171.141.82 - - [11/Mar/2019:16:15:33 -0300] "POST /cormun/servlet/hlogin?31eb08d93f910f4d28a1ea9b4351c044,gx-no-cache=1552331514369 HTTP/1.1" 200 90
190.171.141.82 - - [11/Mar/2019:16:15:33 -0300] "GET /cormun/servlet/hpexe_link HTTP/1.1" 200 960
190.171.141.82 - - [11/Mar/2019:16:15:33 -0300] "GET /cormun/servlet/trsolicitudot HTTP/1.1" 200 7385
190.171.141.82 - - [11/Mar/2019:16:15:36 -0300] "GET /cormun/servlet/trsolicitudot HTTP/1.1" 200 7384
190.171.141.82 - - [11/Mar/2019:16:15:38 -0300] "GET /cormun/servlet/solicitudot?INS,0,0, HTTP/1.1" 200 15160
186.67.164.138 - - [11/Mar/2019:16:15:40 -0300] "POST /cormun/servlet/solicitudot?gx-no-cache=1552331522154 HTTP/1.1" 200 3435
190.171.141.82 - - [11/Mar/2019:16:15:40 -0300] "GET /cormun/servlet/solicitudot?INS,0,0, HTTP/1.1" 200 15166
186.67.164.138 - - [11/Mar/2019:16:15:40 -0300] "POST /cormun/servlet/solicitudot?b58654b2838f3acc5faf21cf26618f21,INS,0,0,,gx-no-cache=1552331522610 HTTP/1.1" 200 11584
186.67.164.138 - - [11/Mar/2019:16:15:41 -0300] "GET /cormun/servlet/solicitudot?9464267ea9ba32bd5c6ceb740323d42c0a6a1011f55c423080507fa4a198c752364d9fb6fbd7c815b970e0695ef65092,gx-no-cache=1552331523409 HTTP/1.1" 200 30
186.67.164.138 - - [11/Mar/2019:16:16:44 -0300] "GET /cormun/servlet/solicitudot?9464267ea9ba32bd5c6ceb740323d42c11d892a12530a3d69afd075d812aa80da0e7e87c10989bd06fd2b7ade5f1f89b8ce1a01e2004b079d6b9949ebcfffc82,gx-no-cache=1552331586525 HTTP/1.1" 200 30
186.67.164.138 - - [11/Mar/2019:16:16:48 -0300] "GET /cormun/servlet/solicitudot?9464267ea9ba32bd5c6ceb740323d42caef1886c4470563629bf5aa750062650,gx-no-cache=1552331590212 HTTP/1.1" 200 29
186.67.164.138 - - [11/Mar/2019:16:16:52 -0300] "POST /cormun/servlet/solicitudot?gx-no-cache=1552331594173 HTTP/1.1" 200 255
186.67.164.138 - - [11/Mar/2019:16:16:56 -0300] "GET /cormun/servlet/solicitudot?9464267ea9ba32bd5c6ceb740323d42c4696091ef3f0165d7dd5a25768aada329410944f5407b396343d522ef6fd133747ed78fc2991c91fff2fed6c2af00a8f9784b0abce9ea544a24d836d00949492774e62804f393175ebd223d7546220a34959f1f375c3921cbb1a50d7793721a60b7ae5942abbce7afe654a2584ba3723519245d59606cfc81b04177a701f50ba3f88c0df684d9fedea8db498f34b7f50dea4651f1a79340ec349d6d3c4c9be325096a174fecc3226bec8fe79f2f9ee81f6c712de464f334792665d98a447229a2560e7a5e7300042816fcf8145b3dc65d83254f0975719c8e1a5608d18f5760dc80713e37498351c6c83409dabdc5e175585561f5b7ff931fdc5a34bb1aa5215d3999cc107e55b5577978ba31be616f819bf4bbcfe2db127a1425f4476be4d4fd352ec2ec560fa6187a8d2d36d6ec0bd8f07f1ec31d35ffa87f42c5ada10f512197f815e01a58ff49a062a84d1e71017ca4ce3c4c884cf2d83169bd110b29603b8551b9a54108a4554209a65e2d37d67,gx-no-cache=1552331598163 HTTP/1.1" 200 30
186.67.164.138 - - [11/Mar/2019:16:16:59 -0300] "POST /cormun/servlet/solicitudot?gx-no-cache=1552331601446 HTTP/1.1" 200 30
186.67.164.138 - - [11/Mar/2019:16:18:20 -0300] "POST /cormun/servlet/solicitudot?gx-no-cache=1552331682530 HTTP/1.1" 200 1277
186.67.164.138 - - [11/Mar/2019:16:18:20 -0300] "POST /cormun/servlet/solicitudot?gx-no-cache=1552331682591 HTTP/1.1" 200 38
186.67.164.138 - - [11/Mar/2019:16:19:08 -0300] "GET /cormun/servlet/solicitudot?9464267ea9ba32bd5c6ceb740323d42cf18df4e8e56fe2d7e109c9f1bf41c4afeb3b55ed491b20f83c98524482f6d83d86089bc77c29db486611e666936ac77ef761eca84bf9b3f98b36fb5aa0cc1d93406e81e2d0d18872ed4eb1ada83395a7f4627e419fe4484374c9d0636a9fa09e,gx-no-cache=1552331730859 HTTP/1.1" 200 110
186.67.164.138 - - [11/Mar/2019:16:19:21 -0300] "POST /cormun/servlet/solicitudot?gx-no-cache=1552331743108 HTTP/1.1" 200 97
200.111.191.210 - - [11/Mar/2019:16:19:21 -0300] "GET /cormun/servlet/hlogin HTTP/1.1" 200 1735
186.67.164.138 - - [11/Mar/2019:16:19:29 -0300] "GET /cormun/servlet/solicitudot?9464267ea9ba32bd5c6ceb740323d42c1924452130f548988425029b58e70473073a260d50fc2fd573d4ae3ab4615d8ca52be55438742dab6cf2bc986ddab7d6363727d878647d794d90a5fe94c902e80c741b486a015e1686d5cd55fbe00370077482b845d4780d19c2b2baac88f568,gx-no-cache=1552331751050 HTTP/1.1" 200 29
186.67.164.138 - - [11/Mar/2019:16:19:29 -0300] "GET /cormun/static/menuarrow.gif HTTP/1.1" 404 1015
200.111.191.210 - - [11/Mar/2019:16:19:30 -0300] "POST /cormun/servlet/hlogin?d5a6f76ecd12fa80cda81c9f44572e91,gx-no-cache=1552331797363 HTTP/1.1" 200 443
186.67.164.138 - - [11/Mar/2019:16:19:32 -0300] "GET /cormun/servlet/solicitudot?9464267ea9ba32bd5c6ceb740323d42c75f35d435a5ba870087cc9fe0270f9c6f048ad71dc4430f785c4294192fb3998,gx-no-cache=1552331754124 HTTP/1.1" 200 30
200.111.191.210 - - [11/Mar/2019:16:19:32 -0300] "POST /cormun/servlet/hlogin?d5a6f76ecd12fa80cda81c9f44572e91,gx-no-cache=1552331800006 HTTP/1.1" 200 90
200.111.191.210 - - [11/Mar/2019:16:19:32 -0300] "GET /cormun/servlet/hpexe_link HTTP/1.1" 200 947
200.111.191.210 - - [11/Mar/2019:16:19:33 -0300] "GET /cormun/servlet/hhome HTTP/1.1" 200 4025
200.111.191.210 - - [11/Mar/2019:16:19:33 -0300] "GET /cormun/servlet/hhome HTTP/1.1" 200 4021
200.111.191.210 - - [11/Mar/2019:16:19:36 -0300] "GET /cormun/servlet/trsolicitudot? HTTP/1.1" 200 7240
200.111.191.210 - - [11/Mar/2019:16:19:36 -0300] "GET /cormun/servlet/trsolicitudot? HTTP/1.1" 200 7239
186.67.164.138 - - [11/Mar/2019:16:19:36 -0300] "POST /cormun/servlet/solicitudot?gx-no-cache=1552331758817 HTTP/1.1" 200 30
200.111.191.210 - - [11/Mar/2019:16:19:38 -0300] "GET /cormun/servlet/solicitudot?INS,0,0, HTTP/1.1" 200 14841
200.111.191.210 - - [11/Mar/2019:16:19:39 -0300] "GET /cormun/servlet/solicitudot?INS,0,0, HTTP/1.1" 200 14846
186.67.164.138 - - [11/Mar/2019:16:19:41 -0300] "POST /cormun/servlet/solicitudot?b58654b2838f3acc5faf21cf26618f21,INS,0,0,,gx-no-cache=1552331763404 HTTP/1.1" 200 93
186.67.164.138 - - [11/Mar/2019:16:19:41 -0300] "GET /cormun/servlet/hpexe_return? HTTP/1.1" 200 1012
200.111.191.210 - - [11/Mar/2019:16:19:41 -0300] "GET /cormun/servlet/prfichaempleado?,MD,,gxPopupLevel%3D0%3B HTTP/1.1" 200 9322
200.111.191.210 - - [11/Mar/2019:16:19:41 -0300] "GET /cormun/static/gxcfg.js?20177612134814 HTTP/1.1" 200 953
200.111.191.210 - - [11/Mar/2019:16:19:42 -0300] "GET /cormun/static/prfichaempleado.js?20177612134999 HTTP/1.1" 200 16006
186.67.164.138 - - [11/Mar/2019:16:19:42 -0300] "GET /cormun/servlet/trsolicitudot HTTP/1.1" 200 8644
186.67.164.138 - - [11/Mar/2019:16:19:43 -0300] "GET /cormun/servlet/trsolicitudot HTTP/1.1" 200 8640
200.111.191.210 - - [11/Mar/2019:16:19:47 -0300] "POST /cormun/servlet/prfichaempleado?d5a6f76ecd12fa80cda81c9f44572e91,,MD,,gxPopupLevel%3D0%3B,gx-no-cache=1552331814293 HTTP/1.1" 200 4015
186.67.164.138 - - [11/Mar/2019:16:19:47 -0300] "POST /cormun/servlet/trsolicitudot?b58654b2838f3acc5faf21cf26618f21,gx-no-cache=1552331769289 HTTP/1.1" 200 107
186.67.164.138 - - [11/Mar/2019:16:19:47 -0300] "GET /cormun/servlet/trsolicitudadjuntos?2019,14617, HTTP/1.1" 200 6156
186.67.164.138 - - [11/Mar/2019:16:19:48 -0300] "GET /cormun/servlet/trsolicitudadjuntos?2019,14617, HTTP/1.1" 200 6156
186.67.164.138 - - [11/Mar/2019:16:19:50 -0300] "GET /cormun/servlet/solicitudotadjuntos?INS,2019,14617,,1, HTTP/1.1" 200 6099
186.67.164.138 - - [11/Mar/2019:16:19:50 -0300] "GET /cormun/static/about:blank HTTP/1.1" 404 1011
186.67.164.138 - - [11/Mar/2019:16:19:51 -0300] "GET /cormun/servlet/solicitudotadjuntos?INS,2019,14617,,1, HTTP/1.1" 200 6093
200.111.191.210 - - [11/Mar/2019:16:19:51 -0300] "POST /cormun/servlet/solicitudot?gx-no-cache=1552331818473 HTTP/1.1" 200 3546
200.111.191.210 - - [11/Mar/2019:16:19:51 -0300] "POST /cormun/servlet/solicitudot?d5a6f76ecd12fa80cda81c9f44572e91,INS,0,0,,gx-no-cache=1552331818579 HTTP/1.1" 200 11693
186.67.164.138 - - [11/Mar/2019:16:19:51 -0300] "GET /cormun/servlet/solicitudotadjuntos?9464267ea9ba32bd5c6ceb740323d42c10cef9f83a0a3bac83ef4616f2b32203fc2995d85dd59de0e4a551ca4410369f,gx-no-cache=1552331773549 HTTP/1.1" 200 30
186.67.164.138 - - [11/Mar/2019:16:19:51 -0300] "POST /cormun/servlet/solicitudotadjuntos?b58654b2838f3acc5faf21cf26618f21,INS,2019,14617,,1,,gx-no-cache=1552331773589 HTTP/1.1" 200 3907
200.111.191.210 - - [11/Mar/2019:16:19:53 -0300] "GET /cormun/servlet/solicitudot?9df07d5200d999313f6c4b04a13211420fe8a3a9c759b84e6287b054cf593d91c17a7450bed52529f8a1fac002255ca6,gx-no-cache=1552331820263 HTTP/1.1" 200 30
200.111.191.210 - - [11/Mar/2019:16:19:53 -0300] "GET /cormun/servlet/solicitudot?9df07d5200d999313f6c4b04a13211423d4c2f74f26970da9de2e04ec580d731c5854c60f330b6578f05d41823a8a12e10a69ab896b7d1b42368fd32c5d9a677,gx-no-cache=1552331820283 HTTP/1.1" 200 30
200.111.191.210 - - [11/Mar/2019:16:19:53 -0300] "GET /cormun/servlet/solicitudot?9df07d5200d999313f6c4b04a1321142c21beffb4f45359e6ec70d37e9438525,gx-no-cache=1552331820298 HTTP/1.1" 200 70
200.111.191.210 - - [11/Mar/2019:16:19:53 -0300] "POST /cormun/servlet/solicitudot?gx-no-cache=1552331820315 HTTP/1.1" 200 255
200.111.191.210 - - [11/Mar/2019:16:19:53 -0300] "GET /cormun/servlet/solicitudot?9df07d5200d999313f6c4b04a13211427a07c7f96a67fc6a74c22a206ba91690a12f8858464a6e2d09d64b92b2c5aae9ef3e922f7e0d8d4f6dc7048803c1a31c47f2bd8e231e67f74823a6e29814d5d0fbf934d326825eb8078ae97d91ee0bf0446345c51f089fba5e0fedeff883e9256a83cae993126c041c97c70225f6261961bc1a447100f0e6166859fec3cc03aaff47a40406dbd94d71940f06bc810dd80216c1ea9c2faed591d8ce9a0ee0e0365c30737c74ac4e5a4fbba9ab3c8e33b4f24f918237c83c2e6c797b4b53ccf2154a1c2848058662e789a848767edb5a948c80bb067a326d657aa41d2a8fd0b9b8ecb2e554dcdaa691fd869a394672ffaeb19633ac74d7521ddbeb937b70ad4df893201d1c0369e4dd8330d5ed6e0b834d22cb76f7d30cd1fb92e471c20f0fe0f7acec40046118a23c5358a6506f07b0ceb0ffa98f5208707855014d4dea3054d4015f15b6f9ac551b708de6b472056b89caedb78ad517baa565bfb4c1f8c6a8663d0820969ceb780587bad24be7f3e838,gx-no-cache=1552331820340 HTTP/1.1" 200 30
186.67.164.138 - - [11/Mar/2019:16:19:54 -0300] "POST /cormun/servlet/solicitudotadjuntos?gx-no-cache=1552331776102 HTTP/1.1" 200 26
200.111.191.210 - - [11/Mar/2019:16:19:55 -0300] "POST /cormun/servlet/solicitudot?gx-no-cache=1552331822726 HTTP/1.1" 200 30
200.111.191.210 - - [11/Mar/2019:16:19:57 -0300] "POST /cormun/servlet/solicitudot?gx-no-cache=1552331824529 HTTP/1.1" 200 1281
200.111.191.210 - - [11/Mar/2019:16:19:57 -0300] "POST /cormun/servlet/solicitudot?gx-no-cache=1552331824555 HTTP/1.1" 200 38
200.111.191.210 - - [11/Mar/2019:16:19:57 -0300] "GET /cormun/servlet/solicitudot?9df07d5200d999313f6c4b04a132114235ffdec1a1470767d4c090a350c73c7f736ad66a50c9c93dca2e01232e73f02dcebfb291df79a914599bc390f38fbd949c9c51191c66bdde4343f657cd5b68640f2775e4b2d0be4a30c7e85a9625662c91ed90b41cb2648c26def74b51e0f74c,gx-no-cache=1552331824569 HTTP/1.1" 200 110
200.111.191.210 - - [11/Mar/2019:16:20:01 -0300] "POST /cormun/servlet/solicitudot?gx-no-cache=1552331828570 HTTP/1.1" 200 79
200.111.191.210 - - [11/Mar/2019:16:20:04 -0300] "GET /cormun/servlet/solicitudot?9df07d5200d999313f6c4b04a132114202d349d6a8c253e2dcae93a333daa474db6b56dccca0597341e34d3c00328583ae770db57079e4efb02325d6fd561c2f30f619e633377f79bfaeb6f5e0e1216a64dd8b24fc7056a1d1c679c8e9a0b063755d430887ebf7dfd7ad5cc1ec369b985a7aadc160b340d4fb3d52490e41a41b386fe1a389228f1bac0c21904f4138cba2f7697c26337f20050775aa7ae2af37,gx-no-cache=1552331831856 HTTP/1.1" 200 29
200.111.191.210 - - [11/Mar/2019:16:20:07 -0300] "GET /cormun/servlet/solicitudot?9df07d5200d999313f6c4b04a13211422a182ade3ee6b86922fddfa511f45d6cc2741cfc7975369dbf486615ad0041a8,gx-no-cache=1552331834331 HTTP/1.1" 200 30
200.111.191.210 - - [11/Mar/2019:16:20:10 -0300] "POST /cormun/servlet/solicitudot?gx-no-cache=1552331837678 HTTP/1.1" 200 30
186.67.164.138 - - [11/Mar/2019:16:20:16 -0300] "GET /cormun/servlet/solicitudotadjuntos?9464267ea9ba32bd5c6ceb740323d42cb631cd3862fe0f877d4ce7811b3b8342,gx-no-cache=1552331798270 HTTP/1.1" 200 30
186.67.164.138 - - [11/Mar/2019:16:20:16 -0300] "GET /cormun/servlet/solicitudotadjuntos?9464267ea9ba32bd5c6ceb740323d42cb631cd3862fe0f877d4ce7811b3b8342,gx-no-cache=1552331798300 HTTP/1.1" 200 30
186.67.164.138 - - [11/Mar/2019:16:20:17 -0300] "POST /cormun/servlet/solicitudotadjuntos?b58654b2838f3acc5faf21cf26618f21,INS,2019,14617,,1, HTTP/1.1" 200 116
200.111.191.210 - - [11/Mar/2019:16:20:17 -0300] "POST /cormun/servlet/solicitudot?d5a6f76ecd12fa80cda81c9f44572e91,INS,0,0,,gx-no-cache=1552331844839 HTTP/1.1" 200 93
200.111.191.210 - - [11/Mar/2019:16:20:17 -0300] "GET /cormun/servlet/hpexe_return? HTTP/1.1" 200 1003
186.67.164.138 - - [11/Mar/2019:16:20:17 -0300] "GET /cormun/servlet/hpexe_return? HTTP/1.1" 200 1030
200.111.191.210 - - [11/Mar/2019:16:20:17 -0300] "GET /cormun/servlet/trsolicitudot HTTP/1.1" 200 8615
200.111.191.210 - - [11/Mar/2019:16:20:18 -0300] "GET /cormun/servlet/trsolicitudot HTTP/1.1" 200 8611
186.67.164.138 - - [11/Mar/2019:16:20:18 -0300] "GET /cormun/servlet/trsolicitudadjuntos?2019,14617, HTTP/1.1" 200 8756
186.67.164.138 - - [11/Mar/2019:16:20:19 -0300] "GET /cormun/servlet/trsolicitudadjuntos?2019,14617, HTTP/1.1" 200 8752
186.67.164.138 - - [11/Mar/2019:16:20:21 -0300] "GET /cormun/servlet/solicitudotadjuntos?INS,2019,14617,,1, HTTP/1.1" 200 6099
186.67.164.138 - - [11/Mar/2019:16:20:21 -0300] "GET /cormun/static/about:blank HTTP/1.1" 404 1011
186.67.164.138 - - [11/Mar/2019:16:20:21 -0300] "GET /cormun/servlet/solicitudotadjuntos?INS,2019,14617,,1, HTTP/1.1" 200 6093
186.67.164.138 - - [11/Mar/2019:16:20:22 -0300] "GET /cormun/servlet/solicitudotadjuntos?9464267ea9ba32bd5c6ceb740323d42c10cef9f83a0a3bac83ef4616f2b32203fc2995d85dd59de0e4a551ca4410369f,gx-no-cache=1552331804450 HTTP/1.1" 200 30
186.67.164.138 - - [11/Mar/2019:16:20:22 -0300] "POST /cormun/servlet/solicitudotadjuntos?b58654b2838f3acc5faf21cf26618f21,INS,2019,14617,,1,,gx-no-cache=1552331804486 HTTP/1.1" 200 3907
200.111.191.210 - - [11/Mar/2019:16:20:22 -0300] "GET /cormun/servlet/solicitudot?INS,0,0, HTTP/1.1" 200 14841
200.111.191.210 - - [11/Mar/2019:16:20:23 -0300] "GET /cormun/servlet/solicitudot?INS,0,0, HTTP/1.1" 200 14846
186.67.164.138 - - [11/Mar/2019:16:20:24 -0300] "POST /cormun/servlet/solicitudotadjuntos?gx-no-cache=1552331806008 HTTP/1.1" 200 26
200.111.191.210 - - [11/Mar/2019:16:20:25 -0300] "GET /cormun/servlet/prfichaempleado?,MD,,gxPopupLevel%3D0%3B HTTP/1.1" 200 9322
186.67.164.138 - - [11/Mar/2019:16:20:28 -0300] "GET /cormun/servlet/solicitudotadjuntos?9464267ea9ba32bd5c6ceb740323d42cb631cd3862fe0f877d4ce7811b3b8342,gx-no-cache=1552331810206 HTTP/1.1" 200 30
186.67.164.138 - - [11/Mar/2019:16:20:28 -0300] "GET /cormun/servlet/solicitudotadjuntos?9464267ea9ba32bd5c6ceb740323d42cb631cd3862fe0f877d4ce7811b3b8342,gx-no-cache=1552331810334 HTTP/1.1" 200 30
186.67.164.138 - - [11/Mar/2019:16:20:29 -0300] "POST /cormun/servlet/solicitudotadjuntos?b58654b2838f3acc5faf21cf26618f21,INS,2019,14617,,1, HTTP/1.1" 200 116
186.67.164.138 - - [11/Mar/2019:16:20:29 -0300] "GET /cormun/servlet/hpexe_return? HTTP/1.1" 200 1030
186.67.164.138 - - [11/Mar/2019:16:20:30 -0300] "GET /cormun/servlet/trsolicitudadjuntos?2019,14617, HTTP/1.1" 200 8976
186.67.164.138 - - [11/Mar/2019:16:20:31 -0300] "GET /cormun/servlet/trsolicitudadjuntos?2019,14617, HTTP/1.1" 200 8973
200.111.191.210 - - [11/Mar/2019:16:20:31 -0300] "POST /cormun/servlet/prfichaempleado?d5a6f76ecd12fa80cda81c9f44572e91,,MD,,gxPopupLevel%3D0%3B,gx-no-cache=1552331858461 HTTP/1.1" 200 4271
186.67.164.138 - - [11/Mar/2019:16:20:33 -0300] "GET /cormun/servlet/solicitudotadjuntos?INS,2019,14617,,1, HTTP/1.1" 200 6099
186.67.164.138 - - [11/Mar/2019:16:20:33 -0300] "GET /cormun/static/about:blank HTTP/1.1" 404 1011
186.67.164.138 - - [11/Mar/2019:16:20:33 -0300] "GET /cormun/servlet/solicitudotadjuntos?INS,2019,14617,,1, HTTP/1.1" 200 6093
186.67.164.138 - - [11/Mar/2019:16:20:34 -0300] "GET /cormun/servlet/solicitudotadjuntos?9464267ea9ba32bd5c6ceb740323d42c10cef9f83a0a3bac83ef4616f2b32203fc2995d85dd59de0e4a551ca4410369f,gx-no-cache=1552331816220 HTTP/1.1" 200 30
186.67.164.138 - - [11/Mar/2019:16:20:34 -0300] "POST /cormun/servlet/solicitudotadjuntos?b58654b2838f3acc5faf21cf26618f21,INS,2019,14617,,1,,gx-no-cache=1552331816249 HTTP/1.1" 200 3907
200.111.191.210 - - [11/Mar/2019:16:20:34 -0300] "POST /cormun/servlet/solicitudot?gx-no-cache=1552331861857 HTTP/1.1" 200 3552
200.111.191.210 - - [11/Mar/2019:16:20:34 -0300] "POST /cormun/servlet/solicitudot?d5a6f76ecd12fa80cda81c9f44572e91,INS,0,0,,gx-no-cache=1552331861975 HTTP/1.1" 200 11692
200.111.191.210 - - [11/Mar/2019:16:20:38 -0300] "GET /cormun/servlet/solicitudot?9df07d5200d999313f6c4b04a1321142050b986c8f38270a688fc33afd08bd93c17a7450bed52529f8a1fac002255ca6,gx-no-cache=1552331865534 HTTP/1.1" 200 30
200.111.191.210 - - [11/Mar/2019:16:20:38 -0300] "GET /cormun/servlet/solicitudot?9df07d5200d999313f6c4b04a13211424304b7b92f2c5e773c83564c665da3fddd9b1f1f2a2f1182227873c5215b660811154b914115ffa0c2b5cb56844c1880,gx-no-cache=1552331865603 HTTP/1.1" 200 30
200.111.191.210 - - [11/Mar/2019:16:20:38 -0300] "GET /cormun/servlet/solicitudot?9df07d5200d999313f6c4b04a1321142951368fbf7b11b47b5f5dc714ad277fc,gx-no-cache=1552331865645 HTTP/1.1" 200 53
200.111.191.210 - - [11/Mar/2019:16:20:38 -0300] "POST /cormun/servlet/solicitudot?gx-no-cache=1552331865673 HTTP/1.1" 200 255
200.111.191.210 - - [11/Mar/2019:16:20:38 -0300] "GET /cormun/servlet/solicitudot?9df07d5200d999313f6c4b04a13211427a07c7f96a67fc6a74c22a206ba91690a12f8858464a6e2d09d64b92b2c5aae9ef3e922f7e0d8d4f6dc7048803c1a31c47f2bd8e231e67f74823a6e29814d5d0fbf934d326825eb8078ae97d91ee0bf0446345c51f089fba5e0fedeff883e9256a83cae993126c041c97c70225f6261961bc1a447100f0e6166859fec3cc03aaff47a40406dbd94d71940f06bc810dd80216c1ea9c2faed591d8ce9a0ee0e0365c30737c74ac4e5a4fbba9ab3c8e33b4f24f918237c83c2e6c797b4b53ccf2154a1c2848058662e789a848767edb5a948c80bb067a326d657aa41d2a8fd0b9b8ecb2e554dcdaa691fd869a394672ffaeb19633ac74d7521ddbeb937b70ad4df893201d1c0369e4dd8330d5ed6e0b834d22cb76f7d30cd1fb92e471c20f0fe0f7acec40046118a23c5358a6506f07b0ceb0ffa98f5208707855014d4dea3054d4015f15b6f9ac551b708de6b472056b89caedb78ad517baa565bfb4c1f8c6a8663d0820969ceb780587bad24be7f3e838,gx-no-cache=1552331865706 HTTP/1.1" 200 30
200.111.191.210 - - [11/Mar/2019:16:20:38 -0300] "POST /cormun/servlet/solicitudot?gx-no-cache=1552331865722 HTTP/1.1" 200 30
200.111.191.210 - - [11/Mar/2019:16:20:38 -0300] "POST /cormun/servlet/solicitudot?gx-no-cache=1552331865744 HTTP/1.1" 200 1281
200.111.191.210 - - [11/Mar/2019:16:20:38 -0300] "POST /cormun/servlet/solicitudot?gx-no-cache=1552331865772 HTTP/1.1" 200 38
200.111.191.210 - - [11/Mar/2019:16:20:38 -0300] "GET /cormun/servlet/solicitudot?9df07d5200d999313f6c4b04a132114235ffdec1a1470767d4c090a350c73c7f736ad66a50c9c93dca2e01232e73f02dcebfb291df79a914599bc390f38fbd949c9c51191c66bdde4343f657cd5b68640f2775e4b2d0be4a30c7e85a9625662c91ed90b41cb2648c26def74b51e0f74c,gx-no-cache=1552331865787 HTTP/1.1" 200 110
200.111.191.210 - - [11/Mar/2019:16:20:43 -0300] "POST /cormun/servlet/solicitudot?gx-no-cache=1552331870297 HTTP/1.1" 200 30
200.111.191.210 - - [11/Mar/2019:16:20:45 -0300] "POST /cormun/servlet/solicitudot?gx-no-cache=1552331872328 HTTP/1.1" 200 1281
200.111.191.210 - - [11/Mar/2019:16:20:45 -0300] "POST /cormun/servlet/solicitudot?gx-no-cache=1552331872438 HTTP/1.1" 200 38
200.111.191.210 - - [11/Mar/2019:16:20:45 -0300] "GET /cormun/servlet/solicitudot?9df07d5200d999313f6c4b04a132114235ffdec1a1470767d4c090a350c73c7f736ad66a50c9c93dca2e01232e73f02dcebfb291df79a914599bc390f38fbd949c9c51191c66bdde4343f657cd5b68640f2775e4b2d0be4a30c7e85a9625662c91ed90b41cb2648c26def74b51e0f74c,gx-no-cache=1552331872533 HTTP/1.1" 200 110
200.111.191.210 - - [11/Mar/2019:16:20:45 -0300] "POST /cormun/servlet/solicitudot?gx-no-cache=1552331872635 HTTP/1.1" 200 79
200.111.191.210 - - [11/Mar/2019:16:20:49 -0300] "GET /cormun/servlet/solicitudot?9df07d5200d999313f6c4b04a132114202d349d6a8c253e2dcae93a333daa474db6b56dccca0597341e34d3c00328583ae770db57079e4efb02325d6fd561c2f30f619e633377f79bfaeb6f5e0e1216a64dd8b24fc7056a1d1c679c8e9a0b063755d430887ebf7dfd7ad5cc1ec369b985a7aadc160b340d4fb3d52490e41a41b386fe1a389228f1bac0c21904f4138cba2f7697c26337f20050775aa7ae2af37,gx-no-cache=1552331876175 HTTP/1.1" 200 29
200.111.191.210 - - [11/Mar/2019:16:20:58 -0300] "GET /cormun/servlet/solicitudot?9df07d5200d999313f6c4b04a13211422a182ade3ee6b86922fddfa511f45d6cc2741cfc7975369dbf486615ad0041a8,gx-no-cache=1552331885224 HTTP/1.1" 200 30
200.111.191.210 - - [11/Mar/2019:16:20:59 -0300] "POST /cormun/servlet/solicitudot?gx-no-cache=1552331886920 HTTP/1.1" 200 30
200.111.191.210 - - [11/Mar/2019:16:21:06 -0300] "POST /cormun/servlet/solicitudot?d5a6f76ecd12fa80cda81c9f44572e91,INS,0,0,,gx-no-cache=1552331892760 HTTP/1.1" 200 93
200.111.191.210 - - [11/Mar/2019:16:21:07 -0300] "GET /cormun/servlet/hpexe_return? HTTP/1.1" 200 1003
200.111.191.210 - - [11/Mar/2019:16:21:10 -0300] "GET /cormun/servlet/trsolicitudot HTTP/1.1" 200 8987
200.111.191.210 - - [11/Mar/2019:16:21:10 -0300] "GET /cormun/servlet/trsolicitudot HTTP/1.1" 200 8983
200.111.191.210 - - [11/Mar/2019:16:21:12 -0300] "GET /cormun/servlet/solicitudot?INS,0,0, HTTP/1.1" 200 14841
200.111.191.210 - - [11/Mar/2019:16:21:13 -0300] "GET /cormun/servlet/solicitudot?INS,0,0, HTTP/1.1" 200 14846
200.111.191.210 - - [11/Mar/2019:16:21:17 -0300] "POST /cormun/servlet/solicitudot?gx-no-cache=1552331904788 HTTP/1.1" 200 3559
200.111.191.210 - - [11/Mar/2019:16:21:17 -0300] "POST /cormun/servlet/solicitudot?d5a6f76ecd12fa80cda81c9f44572e91,INS,0,0,,gx-no-cache=1552331905047 HTTP/1.1" 200 11691
200.111.191.210 - - [11/Mar/2019:16:21:23 -0300] "GET /cormun/servlet/solicitudot?9df07d5200d999313f6c4b04a1321142ef98d3fdaaddcb2016657789f9403f4a61e10d8a0f2e4cad1b634b82927a9a6f,gx-no-cache=1552331910320 HTTP/1.1" 200 30
200.111.191.210 - - [11/Mar/2019:16:21:23 -0300] "GET /cormun/servlet/solicitudot?9df07d5200d999313f6c4b04a13211428279419e8f9f5b79d246dd6d0001bed7f4d040d41106c1723d5a302c8f031ef3989ee147798336d92218e0be879ad3e0,gx-no-cache=1552331910412 HTTP/1.1" 200 30
200.111.191.210 - - [11/Mar/2019:16:21:23 -0300] "GET /cormun/servlet/solicitudot?9df07d5200d999313f6c4b04a1321142951368fbf7b11b47b5f5dc714ad277fc,gx-no-cache=1552331910500 HTTP/1.1" 200 53
200.111.191.210 - - [11/Mar/2019:16:21:23 -0300] "POST /cormun/servlet/solicitudot?gx-no-cache=1552331910588 HTTP/1.1" 200 255
200.111.191.210 - - [11/Mar/2019:16:21:23 -0300] "GET /cormun/servlet/solicitudot?9df07d5200d999313f6c4b04a13211427a07c7f96a67fc6a74c22a206ba91690a12f8858464a6e2d09d64b92b2c5aae9ef3e922f7e0d8d4f6dc7048803c1a31c47f2bd8e231e67f74823a6e29814d5d0fbf934d326825eb8078ae97d91ee0bf0446345c51f089fba5e0fedeff883e9256a83cae993126c041c97c70225f6261961bc1a447100f0e6166859fec3cc03aaff47a40406dbd94d71940f06bc810dd80216c1ea9c2faed591d8ce9a0ee0e0365c30737c74ac4e5a4fbba9ab3c8e33b4f24f918237c83c2e6c797b4b53ccf2154a1c2848058662e789a848767edb5a948c80bb067a326d657aa41d2a8fd0b9b8ecb2e554dcdaa691fd869a394672ffaeb19633ac74d7521ddbeb937b70ad4df893201d1c0369e4dd8330d5ed6e0b834d22cb76f7d30cd1fb92e471c20f0fe0f7acec40046118a23c5358a6506f07b0ceb0ffa98f5208707855014d4dea3054d4015f15b6f9ac551b708de6b472056b89caedb78ad517baa565bfb4c1f8c6a8663d0820969ceb780587bad24be7f3e838,gx-no-cache=1552331910700 HTTP/1.1" 200 30
200.111.191.210 - - [11/Mar/2019:16:21:26 -0300] "POST /cormun/servlet/solicitudot?gx-no-cache=1552331912610 HTTP/1.1" 200 30
200.111.191.210 - - [11/Mar/2019:16:21:29 -0300] "POST /cormun/servlet/solicitudot?gx-no-cache=1552331916264 HTTP/1.1" 200 1281
200.111.191.210 - - [11/Mar/2019:16:21:29 -0300] "POST /cormun/servlet/solicitudot?gx-no-cache=1552331916441 HTTP/1.1" 200 38
200.111.191.210 - - [11/Mar/2019:16:21:29 -0300] "GET /cormun/servlet/solicitudot?9df07d5200d999313f6c4b04a132114235ffdec1a1470767d4c090a350c73c7f736ad66a50c9c93dca2e01232e73f02dcebfb291df79a914599bc390f38fbd949c9c51191c66bdde4343f657cd5b68640f2775e4b2d0be4a30c7e85a9625662c91ed90b41cb2648c26def74b51e0f74c,gx-no-cache=1552331917106 HTTP/1.1" 200 110
200.111.191.210 - - [11/Mar/2019:16:21:32 -0300] "POST /cormun/servlet/solicitudot?gx-no-cache=1552331919482 HTTP/1.1" 200 79
200.111.191.210 - - [11/Mar/2019:16:21:34 -0300] "GET /cormun/servlet/solicitudot?9df07d5200d999313f6c4b04a132114202d349d6a8c253e2dcae93a333daa474db6b56dccca0597341e34d3c00328583ae770db57079e4efb02325d6fd561c2f30f619e633377f79bfaeb6f5e0e1216a64dd8b24fc7056a1d1c679c8e9a0b063755d430887ebf7dfd7ad5cc1ec369b985a7aadc160b340d4fb3d52490e41a41b386fe1a389228f1bac0c21904f4138cba2f7697c26337f20050775aa7ae2af37,gx-no-cache=1552331921803 HTTP/1.1" 200 29
200.111.191.210 - - [11/Mar/2019:16:21:39 -0300] "GET /cormun/servlet/solicitudot?9df07d5200d999313f6c4b04a13211422a182ade3ee6b86922fddfa511f45d6cc2741cfc7975369dbf486615ad0041a8,gx-no-cache=1552331926778 HTTP/1.1" 200 30
200.111.191.210 - - [11/Mar/2019:16:21:41 -0300] "POST /cormun/servlet/solicitudot?gx-no-cache=1552331928637 HTTP/1.1" 200 30
200.111.191.210 - - [11/Mar/2019:16:21:47 -0300] "POST /cormun/servlet/solicitudot?d5a6f76ecd12fa80cda81c9f44572e91,INS,0,0,,gx-no-cache=1552331934468 HTTP/1.1" 200 93
200.111.191.210 - - [11/Mar/2019:16:21:47 -0300] "GET /cormun/servlet/hpexe_return? HTTP/1.1" 200 1003
200.111.191.210 - - [11/Mar/2019:16:21:47 -0300] "GET /cormun/servlet/trsolicitudot HTTP/1.1" 200 9354
200.111.191.210 - - [11/Mar/2019:16:21:48 -0300] "GET /cormun/servlet/trsolicitudot HTTP/1.1" 200 9350
200.111.191.210 - - [11/Mar/2019:16:21:57 -0300] "GET /cormun/servlet/solicitudot?INS,0,0, HTTP/1.1" 200 14841
200.111.191.210 - - [11/Mar/2019:16:21:58 -0300] "GET /cormun/servlet/solicitudot?INS,0,0, HTTP/1.1" 200 14846
200.111.191.210 - - [11/Mar/2019:16:22:04 -0300] "GET /cormun/servlet/prfichaempleado?,MD,,gxPopupLevel%3D0%3B HTTP/1.1" 200 9322
200.111.191.210 - - [11/Mar/2019:16:22:16 -0300] "POST /cormun/servlet/prfichaempleado?d5a6f76ecd12fa80cda81c9f44572e91,,MD,,gxPopupLevel%3D0%3B,gx-no-cache=1552331963637 HTTP/1.1" 200 3691
200.111.191.210 - - [11/Mar/2019:16:22:19 -0300] "POST /cormun/servlet/solicitudot?gx-no-cache=1552331966439 HTTP/1.1" 200 3538
200.111.191.210 - - [11/Mar/2019:16:22:19 -0300] "POST /cormun/servlet/solicitudot?d5a6f76ecd12fa80cda81c9f44572e91,INS,0,0,,gx-no-cache=1552331966556 HTTP/1.1" 200 11674
200.111.191.210 - - [11/Mar/2019:16:22:20 -0300] "GET /cormun/servlet/solicitudot?9df07d5200d999313f6c4b04a1321142d9e88a1768989684086b6edaf8d17e0e61e10d8a0f2e4cad1b634b82927a9a6f,gx-no-cache=1552331968011 HTTP/1.1" 200 30
200.111.191.210 - - [11/Mar/2019:16:22:20 -0300] "GET /cormun/servlet/solicitudot?9df07d5200d999313f6c4b04a13211420ba9122fa19ef598944ab0ff9073ec036d83fba18988f17a7342f33a500656a461e10d8a0f2e4cad1b634b82927a9a6f,gx-no-cache=1552331968031 HTTP/1.1" 200 30
200.111.191.210 - - [11/Mar/2019:16:22:20 -0300] "GET /cormun/servlet/solicitudot?9df07d5200d999313f6c4b04a1321142f3d076ae9ca09319f069bdce4ae3c0f6,gx-no-cache=1552331968045 HTTP/1.1" 200 51
200.111.191.210 - - [11/Mar/2019:16:22:20 -0300] "POST /cormun/servlet/solicitudot?gx-no-cache=1552331968061 HTTP/1.1" 200 255
200.111.191.210 - - [11/Mar/2019:16:22:20 -0300] "GET /cormun/servlet/solicitudot?9df07d5200d999313f6c4b04a13211427a07c7f96a67fc6a74c22a206ba91690a12f8858464a6e2d09d64b92b2c5aae9ef3e922f7e0d8d4f6dc7048803c1a31c47f2bd8e231e67f74823a6e29814d5d0fbf934d326825eb8078ae97d91ee0bf0446345c51f089fba5e0fedeff883e9256a83cae993126c041c97c70225f6261961bc1a447100f0e6166859fec3cc03aaff47a40406dbd94d71940f06bc810dd80216c1ea9c2faed591d8ce9a0ee0e0365c30737c74ac4e5a4fbba9ab3c8e33b4f24f918237c83c2e6c797b4b53ccf2154a1c2848058662e789a848767edb5a948c80bb067a326d657aa41d2a8fd0b9b8ecb2e554dcdaa691fd869a394672ffaeb19633ac74d7521ddbeb937b70ad4df893201d1c0369e4dd8330d5ed6e0b834d22cb76f7d30cd1fb92e471c20f0fe0f7acec40046118a23c5358a6506f07b0ceb0ffa98f5208707855014d4dea3054d4015f15b6f9ac551b708de6b472056b89caedb78ad517baa565bfb4c1f8c6a8663d0820969ceb780587bad24be7f3e838,gx-no-cache=1552331968084 HTTP/1.1" 200 30
200.111.191.210 - - [11/Mar/2019:16:22:21 -0300] "POST /cormun/servlet/solicitudot?gx-no-cache=1552331969254 HTTP/1.1" 200 30
200.111.191.210 - - [11/Mar/2019:16:22:23 -0300] "POST /cormun/servlet/solicitudot?gx-no-cache=1552331970798 HTTP/1.1" 200 1281
200.111.191.210 - - [11/Mar/2019:16:22:23 -0300] "POST /cormun/servlet/solicitudot?gx-no-cache=1552331970827 HTTP/1.1" 200 38
200.111.191.210 - - [11/Mar/2019:16:22:23 -0300] "GET /cormun/servlet/solicitudot?9df07d5200d999313f6c4b04a132114235ffdec1a1470767d4c090a350c73c7f736ad66a50c9c93dca2e01232e73f02dcebfb291df79a914599bc390f38fbd949c9c51191c66bdde4343f657cd5b68640f2775e4b2d0be4a30c7e85a9625662c91ed90b41cb2648c26def74b51e0f74c,gx-no-cache=1552331970844 HTTP/1.1" 200 110
200.111.191.210 - - [11/Mar/2019:16:22:25 -0300] "POST /cormun/servlet/solicitudot?gx-no-cache=1552331973250 HTTP/1.1" 200 79
200.111.191.210 - - [11/Mar/2019:16:22:28 -0300] "GET /cormun/servlet/solicitudot?9df07d5200d999313f6c4b04a132114202d349d6a8c253e2dcae93a333daa474db6b56dccca0597341e34d3c00328583ae770db57079e4efb02325d6fd561c2f30f619e633377f79bfaeb6f5e0e1216a64dd8b24fc7056a1d1c679c8e9a0b063755d430887ebf7dfd7ad5cc1ec369b985a7aadc160b340d4fb3d52490e41a41b386fe1a389228f1bac0c21904f4138cba2f7697c26337f20050775aa7ae2af37,gx-no-cache=1552331975907 HTTP/1.1" 200 29
200.111.191.210 - - [11/Mar/2019:16:22:31 -0300] "GET /cormun/servlet/solicitudot?9df07d5200d999313f6c4b04a13211422a182ade3ee6b86922fddfa511f45d6cc2741cfc7975369dbf486615ad0041a8,gx-no-cache=1552331978510 HTTP/1.1" 200 30
200.111.191.210 - - [11/Mar/2019:16:22:32 -0300] "POST /cormun/servlet/solicitudot?gx-no-cache=1552331980189 HTTP/1.1" 200 30
200.111.191.210 - - [11/Mar/2019:16:22:37 -0300] "POST /cormun/servlet/solicitudot?d5a6f76ecd12fa80cda81c9f44572e91,INS,0,0,,gx-no-cache=1552331984368 HTTP/1.1" 200 93
200.111.191.210 - - [11/Mar/2019:16:22:37 -0300] "GET /cormun/servlet/hpexe_return? HTTP/1.1" 200 1003
200.111.191.210 - - [11/Mar/2019:16:22:37 -0300] "GET /cormun/servlet/trsolicitudot HTTP/1.1" 200 9729
200.111.191.210 - - [11/Mar/2019:16:22:37 -0300] "GET /cormun/servlet/trsolicitudot HTTP/1.1" 200 9724
200.111.191.210 - - [11/Mar/2019:16:22:44 -0300] "GET /cormun/servlet/solicitudot?INS,0,0, HTTP/1.1" 200 14841
200.111.191.210 - - [11/Mar/2019:16:22:45 -0300] "GET /cormun/servlet/solicitudot?INS,0,0, HTTP/1.1" 200 14846
186.67.164.138 - - [11/Mar/2019:16:22:45 -0300] "POST /cormun/servlet/solicitudotadjuntos?gx-no-cache=1552331947885 HTTP/1.1" 200 26
200.111.191.210 - - [11/Mar/2019:16:22:47 -0300] "GET /cormun/servlet/prfichaempleado?,MD,,gxPopupLevel%3D0%3B HTTP/1.1" 200 9322
186.67.164.138 - - [11/Mar/2019:16:22:53 -0300] "GET /cormun/servlet/solicitudotadjuntos?9464267ea9ba32bd5c6ceb740323d42cb631cd3862fe0f877d4ce7811b3b8342,gx-no-cache=1552331955142 HTTP/1.1" 200 30
186.67.164.138 - - [11/Mar/2019:16:22:53 -0300] "GET /cormun/servlet/solicitudotadjuntos?9464267ea9ba32bd5c6ceb740323d42cb631cd3862fe0f877d4ce7811b3b8342,gx-no-cache=1552331955165 HTTP/1.1" 200 30
200.111.191.210 - - [11/Mar/2019:16:22:53 -0300] "POST /cormun/servlet/prfichaempleado?d5a6f76ecd12fa80cda81c9f44572e91,,MD,,gxPopupLevel%3D0%3B,gx-no-cache=1552332000581 HTTP/1.1" 200 4289
186.67.164.138 - - [11/Mar/2019:16:22:53 -0300] "POST /cormun/servlet/solicitudotadjuntos?b58654b2838f3acc5faf21cf26618f21,INS,2019,14617,,1, HTTP/1.1" 200 116
186.67.164.138 - - [11/Mar/2019:16:22:54 -0300] "GET /cormun/servlet/hpexe_return? HTTP/1.1" 200 1030
186.67.164.138 - - [11/Mar/2019:16:22:54 -0300] "GET /cormun/servlet/trsolicitudadjuntos?2019,14617, HTTP/1.1" 200 9167
186.67.164.138 - - [11/Mar/2019:16:22:56 -0300] "GET /cormun/servlet/trsolicitudadjuntos?2019,14617, HTTP/1.1" 200 9166
186.67.164.138 - - [11/Mar/2019:16:22:58 -0300] "GET /cormun/servlet/solicitudotadjuntos?INS,2019,14617,,1, HTTP/1.1" 200 6099
186.67.164.138 - - [11/Mar/2019:16:22:59 -0300] "GET /cormun/static/about:blank HTTP/1.1" 404 1011
200.111.191.210 - - [11/Mar/2019:16:22:59 -0300] "POST /cormun/servlet/solicitudot?gx-no-cache=1552332006616 HTTP/1.1" 200 3550
200.111.191.210 - - [11/Mar/2019:16:22:59 -0300] "POST /cormun/servlet/solicitudot?d5a6f76ecd12fa80cda81c9f44572e91,INS,0,0,,gx-no-cache=1552332006734 HTTP/1.1" 200 11696
186.67.164.138 - - [11/Mar/2019:16:22:59 -0300] "GET /cormun/servlet/solicitudotadjuntos?INS,2019,14617,,1, HTTP/1.1" 200 6093
186.67.164.138 - - [11/Mar/2019:16:23:00 -0300] "GET /cormun/servlet/solicitudotadjuntos?9464267ea9ba32bd5c6ceb740323d42c10cef9f83a0a3bac83ef4616f2b32203fc2995d85dd59de0e4a551ca4410369f,gx-no-cache=1552331962086 HTTP/1.1" 200 30
186.67.164.138 - - [11/Mar/2019:16:23:00 -0300] "POST /cormun/servlet/solicitudotadjuntos?b58654b2838f3acc5faf21cf26618f21,INS,2019,14617,,1,,gx-no-cache=1552331962119 HTTP/1.1" 200 3907
190.171.141.82 - - [11/Mar/2019:16:23:01 -0300] "POST /cormun/servlet/solicitudot?gx-no-cache=1552331962327 HTTP/1.1" 200 3555
200.111.191.210 - - [11/Mar/2019:16:23:01 -0300] "GET /cormun/servlet/solicitudot?9df07d5200d999313f6c4b04a1321142c63ebaaff2a9769faa58a10ee6b2c82461e10d8a0f2e4cad1b634b82927a9a6f,gx-no-cache=1552332008546 HTTP/1.1" 200 30
200.111.191.210 - - [11/Mar/2019:16:23:01 -0300] "GET /cormun/servlet/solicitudot?9df07d5200d999313f6c4b04a13211422660833ce0f7c7cd51ce377ba163bd1be143f0aa2ab2a91c82aa421d07900af01d056580c16aa6535af207ce61d3bea1,gx-no-cache=1552332008614 HTTP/1.1" 200 30
200.111.191.210 - - [11/Mar/2019:16:23:01 -0300] "GET /cormun/servlet/solicitudot?9df07d5200d999313f6c4b04a1321142f3d076ae9ca09319f069bdce4ae3c0f6,gx-no-cache=1552332008674 HTTP/1.1" 200 51
190.171.141.82 - - [11/Mar/2019:16:23:01 -0300] "POST /cormun/servlet/solicitudot?31eb08d93f910f4d28a1ea9b4351c044,INS,0,0,,gx-no-cache=1552331962539 HTTP/1.1" 200 11919
200.111.191.210 - - [11/Mar/2019:16:23:01 -0300] "POST /cormun/servlet/solicitudot?gx-no-cache=1552332008771 HTTP/1.1" 200 255
