200.111.191.210 - - [11/Mar/2019:16:23:01 -0300] "GET /cormun/servlet/solicitudot?9df07d5200d999313f6c4b04a13211427a07c7f96a67fc6a74c22a206ba91690a12f8858464a6e2d09d64b92b2c5aae9ef3e922f7e0d8d4f6dc7048803c1a31c47f2bd8e231e67f74823a6e29814d5d0fbf934d326825eb8078ae97d91ee0bf0446345c51f089fba5e0fedeff883e9256a83cae993126c041c97c70225f6261961bc1a447100f0e6166859fec3cc03aaff47a40406dbd94d71940f06bc810dd80216c1ea9c2faed591d8ce9a0ee0e0365c30737c74ac4e5a4fbba9ab3c8e33b4f24f918237c83c2e6c797b4b53ccf2154a1c2848058662e789a848767edb5a948c80bb067a326d657aa41d2a8fd0b9b8ecb2e554dcdaa691fd869a394672ffaeb19633ac74d7521ddbeb937b70ad4df893201d1c0369e4dd8330d5ed6e0b834d22cb76f7d30cd1fb92e471c20f0fe0f7acec40046118a23c5358a6506f07b0ceb0ffa98f5208707855014d4dea3054d4015f15b6f9ac551b708de6b472056b89caedb78ad517baa565bfb4c1f8c6a8663d0820969ceb780587bad24be7f3e838,gx-no-cache=1552332008851 HTTP/1.1" 200 30
186.67.164.138 - - [11/Mar/2019:16:23:02 -0300] "POST /cormun/servlet/solicitudotadjuntos?gx-no-cache=1552331964246 HTTP/1.1" 200 26
200.111.191.210 - - [11/Mar/2019:16:23:03 -0300] "POST /cormun/servlet/solicitudot?gx-no-cache=1552332010250 HTTP/1.1" 200 30
200.111.191.210 - - [11/Mar/2019:16:23:04 -0300] "POST /cormun/servlet/solicitudot?gx-no-cache=1552332011282 HTTP/1.1" 200 1281
200.111.191.210 - - [11/Mar/2019:16:23:04 -0300] "POST /cormun/servlet/solicitudot?gx-no-cache=1552332011405 HTTP/1.1" 200 38
200.111.191.210 - - [11/Mar/2019:16:23:04 -0300] "GET /cormun/servlet/solicitudot?9df07d5200d999313f6c4b04a132114235ffdec1a1470767d4c090a350c73c7f736ad66a50c9c93dca2e01232e73f02dcebfb291df79a914599bc390f38fbd949c9c51191c66bdde4343f657cd5b68640f2775e4b2d0be4a30c7e85a9625662c91ed90b41cb2648c26def74b51e0f74c,gx-no-cache=1552332011515 HTTP/1.1" 200 110
200.111.191.210 - - [11/Mar/2019:16:23:06 -0300] "POST /cormun/servlet/solicitudot?gx-no-cache=1552332013507 HTTP/1.1" 200 64
186.67.164.138 - - [11/Mar/2019:16:23:08 -0300] "GET /cormun/servlet/solicitudotadjuntos?9464267ea9ba32bd5c6ceb740323d42cb631cd3862fe0f877d4ce7811b3b8342,gx-no-cache=1552331970197 HTTP/1.1" 200 30
186.67.164.138 - - [11/Mar/2019:16:23:08 -0300] "GET /cormun/servlet/solicitudotadjuntos?9464267ea9ba32bd5c6ceb740323d42cb631cd3862fe0f877d4ce7811b3b8342,gx-no-cache=1552331970225 HTTP/1.1" 200 30
200.111.191.210 - - [11/Mar/2019:16:23:08 -0300] "GET /cormun/servlet/solicitudot?9df07d5200d999313f6c4b04a132114202d349d6a8c253e2dcae93a333daa474db6b56dccca0597341e34d3c00328583ae770db57079e4efb02325d6fd561c2f30f619e633377f79bfaeb6f5e0e1216a64dd8b24fc7056a1d1c679c8e9a0b063755d430887ebf7dfd7ad5cc1ec369b985a7aadc160b340d4fb3d52490e41a41b386fe1a389228f1bac0c21904f4138cba2f7697c26337f20050775aa7ae2af37,gx-no-cache=1552332016088 HTTP/1.1" 200 29
186.67.164.138 - - [11/Mar/2019:16:23:08 -0300] "POST /cormun/servlet/solicitudotadjuntos?b58654b2838f3acc5faf21cf26618f21,INS,2019,14617,,1, HTTP/1.1" 200 116
186.67.164.138 - - [11/Mar/2019:16:23:09 -0300] "GET /cormun/servlet/hpexe_return? HTTP/1.1" 200 1030
186.67.164.138 - - [11/Mar/2019:16:23:09 -0300] "GET /cormun/servlet/trsolicitudadjuntos?2019,14617, HTTP/1.1" 200 9386
200.111.191.210 - - [11/Mar/2019:16:23:11 -0300] "GET /cormun/servlet/solicitudot?9df07d5200d999313f6c4b04a13211422a182ade3ee6b86922fddfa511f45d6cc2741cfc7975369dbf486615ad0041a8,gx-no-cache=1552332018614 HTTP/1.1" 200 30
186.67.164.138 - - [11/Mar/2019:16:23:11 -0300] "GET /cormun/servlet/trsolicitudadjuntos?2019,14617, HTTP/1.1" 200 9387
200.111.191.210 - - [11/Mar/2019:16:23:12 -0300] "POST /cormun/servlet/solicitudot?gx-no-cache=1552332019742 HTTP/1.1" 200 30
200.111.191.210 - - [11/Mar/2019:16:23:18 -0300] "POST /cormun/servlet/solicitudot?d5a6f76ecd12fa80cda81c9f44572e91,INS,0,0,,gx-no-cache=1552332025317 HTTP/1.1" 200 93
200.111.191.210 - - [11/Mar/2019:16:23:18 -0300] "GET /cormun/servlet/hpexe_return? HTTP/1.1" 200 1003
200.111.191.210 - - [11/Mar/2019:16:23:18 -0300] "GET /cormun/servlet/trsolicitudot HTTP/1.1" 200 10084
200.111.191.210 - - [11/Mar/2019:16:23:18 -0300] "GET /cormun/servlet/trsolicitudot HTTP/1.1" 200 10079
200.111.191.210 - - [11/Mar/2019:16:23:20 -0300] "GET /cormun/servlet/solicitudot?INS,0,0, HTTP/1.1" 200 14841
200.111.191.210 - - [11/Mar/2019:16:23:21 -0300] "GET /cormun/servlet/solicitudot?INS,0,0, HTTP/1.1" 200 14846
200.111.191.210 - - [11/Mar/2019:16:23:23 -0300] "GET /cormun/servlet/prfichaempleado?,MD,,gxPopupLevel%3D0%3B HTTP/1.1" 200 9322
200.111.191.210 - - [11/Mar/2019:16:23:27 -0300] "POST /cormun/servlet/prfichaempleado?d5a6f76ecd12fa80cda81c9f44572e91,,MD,,gxPopupLevel%3D0%3B,gx-no-cache=1552332034186 HTTP/1.1" 200 6248
200.111.191.210 - - [11/Mar/2019:16:23:37 -0300] "POST /cormun/servlet/solicitudot?gx-no-cache=1552332045069 HTTP/1.1" 200 3539
200.111.191.210 - - [11/Mar/2019:16:23:38 -0300] "POST /cormun/servlet/solicitudot?d5a6f76ecd12fa80cda81c9f44572e91,INS,0,0,,gx-no-cache=1552332045175 HTTP/1.1" 200 11669
200.111.191.210 - - [11/Mar/2019:16:23:39 -0300] "GET /cormun/servlet/solicitudot?9df07d5200d999313f6c4b04a1321142ed9b47640854eb21a80aa67568b0d5a661e10d8a0f2e4cad1b634b82927a9a6f,gx-no-cache=1552332047063 HTTP/1.1" 200 30
200.111.191.210 - - [11/Mar/2019:16:23:39 -0300] "GET /cormun/servlet/solicitudot?9df07d5200d999313f6c4b04a132114266dc77f33608cc14e646697856e61b4556df70f272d587a9d1115393e0a14f1b6003ad8aab807d808b3d36bffbb2ac10,gx-no-cache=1552332047087 HTTP/1.1" 200 30
200.111.191.210 - - [11/Mar/2019:16:23:39 -0300] "GET /cormun/servlet/solicitudot?9df07d5200d999313f6c4b04a132114270c37188438448f604a2211e259cd433,gx-no-cache=1552332047129 HTTP/1.1" 200 123
200.111.191.210 - - [11/Mar/2019:16:23:39 -0300] "GET /cormun/static/Shared/jqueryui/images/ui-bg_highlight-soft_100_c6c2c8_1x100.png HTTP/1.1" 404 1117
200.111.191.210 - - [11/Mar/2019:16:23:39 -0300] "GET /cormun/static/Shared/jqueryui/images/ui-icons_82798d_256x240.png HTTP/1.1" 404 1089
200.111.191.210 - - [11/Mar/2019:16:23:39 -0300] "GET /cormun/static/Shared/jqueryui/images/ui-bg_flat_55_994d53_40x100.png HTTP/1.1" 404 1097
200.111.191.210 - - [11/Mar/2019:16:23:39 -0300] "GET /cormun/static/Shared/jqueryui/images/ui-icons_ebccce_256x240.png HTTP/1.1" 404 1089
200.111.191.210 - - [11/Mar/2019:16:23:39 -0300] "POST /cormun/servlet/solicitudot?gx-no-cache=1552332047174 HTTP/1.1" 200 255
200.111.191.210 - - [11/Mar/2019:16:23:39 -0300] "GET /cormun/servlet/solicitudot?9df07d5200d999313f6c4b04a13211427a07c7f96a67fc6a74c22a206ba91690a12f8858464a6e2d09d64b92b2c5aae9ef3e922f7e0d8d4f6dc7048803c1a31c47f2bd8e231e67f74823a6e29814d5d0fbf934d326825eb8078ae97d91ee0bf0446345c51f089fba5e0fedeff883e9256a83cae993126c041c97c70225f6261961bc1a447100f0e6166859fec3cc03aaff47a40406dbd94d71940f06bc810dd80216c1ea9c2faed591d8ce9a0ee0e0365c30737c74ac4e5a4fbba9ab3c8e33b4f24f918237c83c2e6c797b4b53ccf2154a1c2848058662e789a848767edb5a948c80bb067a326d657aa41d2a8fd0b9b8ecb2e554dcdaa691fd869a394672ffaeb19633ac74d7521ddbeb937b70ad4df893201d1c0369e4dd8330d5ed6e0b834d22cb76f7d30cd1fb92e471c20f0fe0f7acec40046118a23c5358a6506f07b0ceb0ffa98f5208707855014d4dea3054d4015f15b6f9ac551b708de6b472056b89caedb78ad517baa565bfb4c1f8c6a8663d0820969ceb780587bad24be7f3e838,gx-no-cache=1552332047230 HTTP/1.1" 200 30
200.111.191.210 - - [11/Mar/2019:16:23:45 -0300] "POST /cormun/servlet/solicitudot?gx-no-cache=1552332053078 HTTP/1.1" 200 30
200.111.191.210 - - [11/Mar/2019:16:23:47 -0300] "GET /cormun/servlet/prbanco?,MD,,gxPopupLevel%3D0%3B HTTP/1.1" 200 6600
200.111.191.210 - - [11/Mar/2019:16:23:56 -0300] "POST /cormun/servlet/solicitudot?d5a6f76ecd12fa80cda81c9f44572e91,INS,0,0,,gx-no-cache=1552332063368 HTTP/1.1" 200 11764
200.111.191.210 - - [11/Mar/2019:16:23:56 -0300] "GET /cormun/static/Shared/jqueryui/images/ui-icons_8d78a5_256x240.png HTTP/1.1" 404 1089
200.111.191.210 - - [11/Mar/2019:16:23:56 -0300] "GET /cormun/static/Shared/jqueryui/images/ui-bg_flat_55_fafafa_40x100.png HTTP/1.1" 404 1097
186.67.164.138 - - [11/Mar/2019:16:24:01 -0300] "GET /cormun/servlet/solicitudotadjuntos?INS,2019,14617,,1, HTTP/1.1" 200 6097
186.67.164.138 - - [11/Mar/2019:16:24:01 -0300] "GET /cormun/static/about:blank HTTP/1.1" 404 1011
186.67.164.138 - - [11/Mar/2019:16:24:02 -0300] "GET /cormun/servlet/solicitudotadjuntos?INS,2019,14617,,1, HTTP/1.1" 200 6091
200.111.191.210 - - [11/Mar/2019:16:24:02 -0300] "POST /cormun/servlet/solicitudot?gx-no-cache=1552332069711 HTTP/1.1" 200 3539
186.67.164.138 - - [11/Mar/2019:16:24:02 -0300] "GET /cormun/servlet/solicitudotadjuntos?9464267ea9ba32bd5c6ceb740323d42c10cef9f83a0a3bac83ef4616f2b32203fc2995d85dd59de0e4a551ca4410369f,gx-no-cache=1552332024633 HTTP/1.1" 200 30
200.111.191.210 - - [11/Mar/2019:16:24:02 -0300] "POST /cormun/servlet/solicitudot?d5a6f76ecd12fa80cda81c9f44572e91,INS,0,0,,gx-no-cache=1552332069823 HTTP/1.1" 200 11801
200.111.191.210 - - [11/Mar/2019:16:24:02 -0300] "GET /cormun/servlet/solicitudot?9df07d5200d999313f6c4b04a1321142ed9b47640854eb21a80aa67568b0d5a6c8e00893f0e11142ce86f21f350b5c8f,gx-no-cache=1552332069970 HTTP/1.1" 200 30
186.67.164.138 - - [11/Mar/2019:16:24:02 -0300] "POST /cormun/servlet/solicitudotadjuntos?b58654b2838f3acc5faf21cf26618f21,INS,2019,14617,,1,,gx-no-cache=1552332024667 HTTP/1.1" 200 3904
200.111.191.210 - - [11/Mar/2019:16:24:02 -0300] "GET /cormun/servlet/solicitudot?9df07d5200d999313f6c4b04a132114266dc77f33608cc14e646697856e61b4556df70f272d587a9d1115393e0a14f1b81f6ae4eed4b9bc3c834b09d1debf0f8,gx-no-cache=1552332069988 HTTP/1.1" 200 30
200.111.191.210 - - [11/Mar/2019:16:24:02 -0300] "GET /cormun/servlet/solicitudot?9df07d5200d999313f6c4b04a132114270c37188438448f604a2211e259cd433,gx-no-cache=1552332070002 HTTP/1.1" 200 123
200.111.191.210 - - [11/Mar/2019:16:24:02 -0300] "POST /cormun/servlet/solicitudot?gx-no-cache=1552332070020 HTTP/1.1" 200 254
200.111.191.210 - - [11/Mar/2019:16:24:02 -0300] "GET /cormun/servlet/solicitudot?9df07d5200d999313f6c4b04a13211427a07c7f96a67fc6a74c22a206ba91690a12f8858464a6e2d09d64b92b2c5aae9ef3e922f7e0d8d4f6dc7048803c1a31c47f2bd8e231e67f74823a6e29814d5d0fbf934d326825eb8078ae97d91ee0bf0446345c51f089fba5e0fedeff883e9256a83cae993126c041c97c70225f6261961bc1a447100f0e6166859fec3cc03aaff47a40406dbd94d71940f06bc810dd80216c1ea9c2faed591d8ce9a0ee0e0365c30737c74ac4e5a4fbba9ab3c8e33b4f24f918237c83c2e6c797b4b53ccf2154a1c2848058662e789a848767edb5a948c80bb067a326d657aa41d2a8fd0b9b8ecb2e554dcdaa691fd869a394672ffaeb19633ac74d7521ddbeb937b70ad4df893201d1c0369e4dd8330d5ed6e0b834d22cb76f7d30cd1fb92e471c20f0fe0f7acec40046118a23c5358a6506f07b0ceb0ffa98f5208707855014d4dea3054d4015f15b6f9ac551b708de6b472056b89caedb78ad517baa565bfb4c1f8c6a86645b9469c3d51c121e4620b39055678bf,gx-no-cache=1552332070042 HTTP/1.1" 200 30
200.111.191.210 - - [11/Mar/2019:16:24:02 -0300] "POST /cormun/servlet/solicitudot?gx-no-cache=1552332070057 HTTP/1.1" 200 30
200.111.191.210 - - [11/Mar/2019:16:24:02 -0300] "POST /cormun/servlet/solicitudot?gx-no-cache=1552332070076 HTTP/1.1" 200 1281
200.111.191.210 - - [11/Mar/2019:16:24:02 -0300] "POST /cormun/servlet/solicitudot?gx-no-cache=1552332070102 HTTP/1.1" 200 38
200.111.191.210 - - [11/Mar/2019:16:24:02 -0300] "GET /cormun/servlet/solicitudot?9df07d5200d999313f6c4b04a132114235ffdec1a1470767d4c090a350c73c7f736ad66a50c9c93dca2e01232e73f02dcebfb291df79a914599bc390f38fbd949c9c51191c66bdde4343f657cd5b68640f2775e4b2d0be4a30c7e85a9625662c91ed90b41cb2648c26def74b51e0f74c,gx-no-cache=1552332070118 HTTP/1.1" 200 110
200.111.191.210 - - [11/Mar/2019:16:24:02 -0300] "POST /cormun/servlet/solicitudot?gx-no-cache=1552332070134 HTTP/1.1" 200 64
186.67.164.138 - - [11/Mar/2019:16:24:04 -0300] "POST /cormun/servlet/solicitudotadjuntos?gx-no-cache=1552332026799 HTTP/1.1" 200 26
200.111.191.210 - - [11/Mar/2019:16:24:07 -0300] "POST /cormun/servlet/solicitudot?d5a6f76ecd12fa80cda81c9f44572e91,INS,0,0,,gx-no-cache=1552332074493 HTTP/1.1" 200 93
200.111.191.210 - - [11/Mar/2019:16:24:07 -0300] "GET /cormun/servlet/hpexe_return? HTTP/1.1" 200 1003
200.111.191.210 - - [11/Mar/2019:16:24:07 -0300] "GET /cormun/servlet/trsolicitudot HTTP/1.1" 200 10084
200.111.191.210 - - [11/Mar/2019:16:24:07 -0300] "GET /cormun/servlet/trsolicitudot HTTP/1.1" 200 10079
186.67.164.138 - - [11/Mar/2019:16:24:11 -0300] "GET /cormun/servlet/solicitudotadjuntos?9464267ea9ba32bd5c6ceb740323d42cb631cd3862fe0f877d4ce7811b3b8342,gx-no-cache=1552332033222 HTTP/1.1" 200 30
186.67.164.138 - - [11/Mar/2019:16:24:11 -0300] "GET /cormun/servlet/solicitudotadjuntos?9464267ea9ba32bd5c6ceb740323d42cb631cd3862fe0f877d4ce7811b3b8342,gx-no-cache=1552332033250 HTTP/1.1" 200 30
186.67.164.138 - - [11/Mar/2019:16:24:11 -0300] "POST /cormun/servlet/solicitudotadjuntos?b58654b2838f3acc5faf21cf26618f21,INS,2019,14617,,1, HTTP/1.1" 200 116
186.67.164.138 - - [11/Mar/2019:16:24:11 -0300] "GET /cormun/servlet/hpexe_return? HTTP/1.1" 200 1030
186.67.164.138 - - [11/Mar/2019:16:24:12 -0300] "GET /cormun/servlet/trsolicitudadjuntos?2019,14617, HTTP/1.1" 200 9651
186.67.164.138 - - [11/Mar/2019:16:24:14 -0300] "GET /cormun/servlet/trsolicitudadjuntos?2019,14617, HTTP/1.1" 200 9652
186.67.164.138 - - [11/Mar/2019:16:24:15 -0300] "GET /cormun/servlet/solicitudotadjuntos?INS,2019,14617,,1, HTTP/1.1" 200 6097
186.67.164.138 - - [11/Mar/2019:16:24:16 -0300] "GET /cormun/static/about:blank HTTP/1.1" 404 1011
200.111.191.210 - - [11/Mar/2019:16:24:16 -0300] "GET /cormun/servlet/solicitudot?INS,0,0, HTTP/1.1" 200 14841
186.67.164.138 - - [11/Mar/2019:16:24:16 -0300] "GET /cormun/servlet/solicitudotadjuntos?INS,2019,14617,,1, HTTP/1.1" 200 6091
200.111.191.210 - - [11/Mar/2019:16:24:16 -0300] "GET /cormun/servlet/solicitudot?INS,0,0, HTTP/1.1" 200 14846
186.67.164.138 - - [11/Mar/2019:16:24:17 -0300] "GET /cormun/servlet/solicitudotadjuntos?9464267ea9ba32bd5c6ceb740323d42c10cef9f83a0a3bac83ef4616f2b32203fc2995d85dd59de0e4a551ca4410369f,gx-no-cache=1552332039084 HTTP/1.1" 200 30
186.67.164.138 - - [11/Mar/2019:16:24:17 -0300] "POST /cormun/servlet/solicitudotadjuntos?b58654b2838f3acc5faf21cf26618f21,INS,2019,14617,,1,,gx-no-cache=1552332039115 HTTP/1.1" 200 3904
186.67.164.138 - - [11/Mar/2019:16:24:20 -0300] "POST /cormun/servlet/solicitudotadjuntos?gx-no-cache=1552332042245 HTTP/1.1" 200 26
200.111.191.210 - - [11/Mar/2019:16:24:22 -0300] "POST /cormun/servlet/solicitudot?d5a6f76ecd12fa80cda81c9f44572e91,INS,0,0,,gx-no-cache=1552332089746 HTTP/1.1" 200 93
200.111.191.210 - - [11/Mar/2019:16:24:22 -0300] "GET /cormun/servlet/hpexe_return? HTTP/1.1" 200 1003
200.111.191.210 - - [11/Mar/2019:16:24:22 -0300] "GET /cormun/servlet/trsolicitudot HTTP/1.1" 200 10084
200.111.191.210 - - [11/Mar/2019:16:24:23 -0300] "GET /cormun/servlet/trsolicitudot HTTP/1.1" 200 10079
186.67.164.138 - - [11/Mar/2019:16:24:26 -0300] "GET /cormun/servlet/solicitudotadjuntos?9464267ea9ba32bd5c6ceb740323d42cb631cd3862fe0f877d4ce7811b3b8342,gx-no-cache=1552332048430 HTTP/1.1" 200 30
186.67.164.138 - - [11/Mar/2019:16:24:26 -0300] "GET /cormun/servlet/solicitudotadjuntos?9464267ea9ba32bd5c6ceb740323d42cb631cd3862fe0f877d4ce7811b3b8342,gx-no-cache=1552332048459 HTTP/1.1" 200 30
186.67.164.138 - - [11/Mar/2019:16:24:27 -0300] "POST /cormun/servlet/solicitudotadjuntos?b58654b2838f3acc5faf21cf26618f21,INS,2019,14617,,1, HTTP/1.1" 200 116
186.67.164.138 - - [11/Mar/2019:16:24:27 -0300] "GET /cormun/servlet/hpexe_return? HTTP/1.1" 200 1030
186.67.164.138 - - [11/Mar/2019:16:24:28 -0300] "GET /cormun/servlet/trsolicitudadjuntos?2019,14617, HTTP/1.1" 200 9872
200.111.191.210 - - [11/Mar/2019:16:24:30 -0300] "POST /cormun/servlet/trsolicitudot?d5a6f76ecd12fa80cda81c9f44572e91,gx-no-cache=1552332097133 HTTP/1.1" 200 6854
200.111.191.210 - - [11/Mar/2019:16:24:30 -0300] "GET /cormun/static/Shared/jqueryui/images/ui-bg_highlight-soft_100_c6c2c8_1x100.png HTTP/1.1" 404 1117
200.111.191.210 - - [11/Mar/2019:16:24:30 -0300] "GET /cormun/static/Shared/jqueryui/images/ui-icons_82798d_256x240.png HTTP/1.1" 404 1089
200.111.191.210 - - [11/Mar/2019:16:24:30 -0300] "GET /cormun/static/Shared/jqueryui/images/ui-bg_flat_55_fafafa_40x100.png HTTP/1.1" 404 1097
200.111.191.210 - - [11/Mar/2019:16:24:30 -0300] "GET /cormun/static/Shared/jqueryui/images/ui-icons_8d78a5_256x240.png HTTP/1.1" 404 1089
186.67.164.138 - - [11/Mar/2019:16:24:30 -0300] "GET /cormun/servlet/trsolicitudadjuntos?2019,14617, HTTP/1.1" 200 9869
200.111.191.210 - - [11/Mar/2019:16:24:30 -0300] "POST /cormun/servlet/trsolicitudot?d5a6f76ecd12fa80cda81c9f44572e91,gx-no-cache=1552332097751 HTTP/1.1" 200 6797
200.111.191.210 - - [11/Mar/2019:16:24:31 -0300] "POST /cormun/servlet/trsolicitudot?d5a6f76ecd12fa80cda81c9f44572e91,gx-no-cache=1552332098483 HTTP/1.1" 200 6475
200.111.191.210 - - [11/Mar/2019:16:24:31 -0300] "POST /cormun/servlet/trsolicitudot?d5a6f76ecd12fa80cda81c9f44572e91,gx-no-cache=1552332098660 HTTP/1.1" 200 6418
200.111.191.210 - - [11/Mar/2019:16:24:32 -0300] "POST /cormun/servlet/trsolicitudot?d5a6f76ecd12fa80cda81c9f44572e91,gx-no-cache=1552332099863 HTTP/1.1" 200 6100
200.111.191.210 - - [11/Mar/2019:16:24:32 -0300] "POST /cormun/servlet/trsolicitudot?d5a6f76ecd12fa80cda81c9f44572e91,gx-no-cache=1552332100086 HTTP/1.1" 200 6041
200.111.191.210 - - [11/Mar/2019:16:24:33 -0300] "POST /cormun/servlet/trsolicitudot?d5a6f76ecd12fa80cda81c9f44572e91,gx-no-cache=1552332100914 HTTP/1.1" 200 5729
200.111.191.210 - - [11/Mar/2019:16:24:33 -0300] "POST /cormun/servlet/trsolicitudot?d5a6f76ecd12fa80cda81c9f44572e91,gx-no-cache=1552332101093 HTTP/1.1" 200 5674
200.111.191.210 - - [11/Mar/2019:16:24:34 -0300] "POST /cormun/servlet/trsolicitudot?d5a6f76ecd12fa80cda81c9f44572e91,gx-no-cache=1552332101777 HTTP/1.1" 200 4525
200.111.191.210 - - [11/Mar/2019:16:24:34 -0300] "POST /cormun/servlet/trsolicitudot?d5a6f76ecd12fa80cda81c9f44572e91,gx-no-cache=1552332101913 HTTP/1.1" 200 4305
200.111.191.210 - - [11/Mar/2019:16:24:36 -0300] "GET /cormun/servlet/trcontratoobservacion? HTTP/1.1" 200 6190
200.111.191.210 - - [11/Mar/2019:16:24:36 -0300] "GET /cormun/static/gxcfg.js?2017525126861 HTTP/1.1" 200 953
200.111.191.210 - - [11/Mar/2019:16:24:36 -0300] "GET /cormun/static/trcontratoobservacion.js?20175251261223 HTTP/1.1" 200 25148
200.111.191.210 - - [11/Mar/2019:16:24:36 -0300] "GET /cormun/servlet/trcontratoobservacion? HTTP/1.1" 200 6189
200.111.191.210 - - [11/Mar/2019:16:24:37 -0300] "GET /cormun/servlet/hlogin HTTP/1.1" 200 1738
186.67.164.138 - - [11/Mar/2019:16:24:41 -0300] "POST /cormun/servlet/trsolicitudadjuntos?b58654b2838f3acc5faf21cf26618f21,2019,14617,,gx-no-cache=1552332063800 HTTP/1.1" 200 90
186.67.164.138 - - [11/Mar/2019:16:24:41 -0300] "GET /cormun/servlet/hpexe_link HTTP/1.1" 200 972
186.67.164.138 - - [11/Mar/2019:16:24:42 -0300] "GET /cormun/servlet/trsolicitudot HTTP/1.1" 200 8641
186.67.164.138 - - [11/Mar/2019:16:24:43 -0300] "GET /cormun/servlet/trsolicitudot HTTP/1.1" 200 8640
200.111.191.210 - - [11/Mar/2019:16:24:49 -0300] "POST /cormun/servlet/hlogin?d5a6f76ecd12fa80cda81c9f44572e91,gx-no-cache=1552332116518 HTTP/1.1" 200 90
200.111.191.210 - - [11/Mar/2019:16:24:49 -0300] "GET /cormun/servlet/hpexe_link HTTP/1.1" 200 947
200.111.191.210 - - [11/Mar/2019:16:24:49 -0300] "GET /cormun/servlet/hhome HTTP/1.1" 200 4307
200.111.191.210 - - [11/Mar/2019:16:24:49 -0300] "GET /cormun/servlet/hhome HTTP/1.1" 200 4304
200.111.191.210 - - [11/Mar/2019:16:24:54 -0300] "GET /cormun/servlet/trautorizarsolicitud? HTTP/1.1" 200 10651
200.111.191.210 - - [11/Mar/2019:16:24:54 -0300] "GET /cormun/servlet/trautorizarsolicitud? HTTP/1.1" 200 10649
200.111.191.210 - - [11/Mar/2019:16:24:58 -0300] "POST /cormun/servlet/trautorizarsolicitud?d5a6f76ecd12fa80cda81c9f44572e91,,gx-no-cache=1552332125510 HTTP/1.1" 200 7361
200.111.191.210 - - [11/Mar/2019:16:24:58 -0300] "GET /cormun/static/Shared/jqueryui/images/ui-bg_highlight-soft_100_c6c2c8_1x100.png HTTP/1.1" 404 1117
200.111.191.210 - - [11/Mar/2019:16:24:58 -0300] "GET /cormun/static/Shared/jqueryui/images/ui-icons_82798d_256x240.png HTTP/1.1" 404 1089
200.111.191.210 - - [11/Mar/2019:16:24:58 -0300] "GET /cormun/static/Shared/jqueryui/images/ui-bg_flat_55_fafafa_40x100.png HTTP/1.1" 404 1097
200.111.191.210 - - [11/Mar/2019:16:24:58 -0300] "GET /cormun/static/Shared/jqueryui/images/ui-icons_8d78a5_256x240.png HTTP/1.1" 404 1089
200.111.191.210 - - [11/Mar/2019:16:24:58 -0300] "POST /cormun/servlet/trautorizarsolicitud?d5a6f76ecd12fa80cda81c9f44572e91,,gx-no-cache=1552332125733 HTTP/1.1" 200 7304
186.67.164.138 - - [11/Mar/2019:16:24:59 -0300] "POST /cormun/servlet/trsolicitudot?b58654b2838f3acc5faf21cf26618f21,gx-no-cache=1552332081127 HTTP/1.1" 200 4547
186.67.164.138 - - [11/Mar/2019:16:24:59 -0300] "GET /cormun/static/Shared/jqueryui/images/ui-bg_highlight-soft_100_c6c2c8_1x100.png HTTP/1.1" 404 1117
186.67.164.138 - - [11/Mar/2019:16:24:59 -0300] "GET /cormun/static/Shared/jqueryui/images/ui-icons_82798d_256x240.png HTTP/1.1" 404 1089
186.67.164.138 - - [11/Mar/2019:16:24:59 -0300] "GET /cormun/static/Shared/jqueryui/images/ui-bg_flat_55_fafafa_40x100.png HTTP/1.1" 404 1097
186.67.164.138 - - [11/Mar/2019:16:24:59 -0300] "GET /cormun/static/Shared/jqueryui/images/ui-icons_8d78a5_256x240.png HTTP/1.1" 404 1089
186.67.164.138 - - [11/Mar/2019:16:24:59 -0300] "POST /cormun/servlet/trsolicitudot?b58654b2838f3acc5faf21cf26618f21,gx-no-cache=1552332081388 HTTP/1.1" 200 4328
200.111.191.210 - - [11/Mar/2019:16:25:00 -0300] "POST /cormun/servlet/trautorizarsolicitud?d5a6f76ecd12fa80cda81c9f44572e91,,gx-no-cache=1552332127956 HTTP/1.1" 200 6993
200.111.191.210 - - [11/Mar/2019:16:25:01 -0300] "POST /cormun/servlet/trautorizarsolicitud?d5a6f76ecd12fa80cda81c9f44572e91,,gx-no-cache=1552332128152 HTTP/1.1" 200 6937
200.111.191.210 - - [11/Mar/2019:16:25:02 -0300] "POST /cormun/servlet/trautorizarsolicitud?d5a6f76ecd12fa80cda81c9f44572e91,,gx-no-cache=1552332129378 HTTP/1.1" 200 6622
200.111.191.210 - - [11/Mar/2019:16:25:02 -0300] "POST /cormun/servlet/trautorizarsolicitud?d5a6f76ecd12fa80cda81c9f44572e91,,gx-no-cache=1552332129584 HTTP/1.1" 200 6565
200.111.191.210 - - [11/Mar/2019:16:25:03 -0300] "POST /cormun/servlet/trautorizarsolicitud?d5a6f76ecd12fa80cda81c9f44572e91,,gx-no-cache=1552332130974 HTTP/1.1" 200 6284
200.111.191.210 - - [11/Mar/2019:16:25:04 -0300] "POST /cormun/servlet/trautorizarsolicitud?d5a6f76ecd12fa80cda81c9f44572e91,,gx-no-cache=1552332131146 HTTP/1.1" 200 6228
200.111.191.210 - - [11/Mar/2019:16:25:05 -0300] "POST /cormun/servlet/trautorizarsolicitud?d5a6f76ecd12fa80cda81c9f44572e91,,gx-no-cache=1552332133049 HTTP/1.1" 200 5858
200.111.191.210 - - [11/Mar/2019:16:25:06 -0300] "POST /cormun/servlet/trautorizarsolicitud?d5a6f76ecd12fa80cda81c9f44572e91,,gx-no-cache=1552332133220 HTTP/1.1" 200 5803
200.111.191.210 - - [11/Mar/2019:16:25:10 -0300] "GET /cormun/servlet/trlicencias? HTTP/1.1" 200 9860
200.111.191.210 - - [11/Mar/2019:16:25:10 -0300] "GET /cormun/static/gxcfg.js?20176272054169 HTTP/1.1" 200 953
200.111.191.210 - - [11/Mar/2019:16:25:10 -0300] "GET /cormun/static/Resources/Spanish/PXTools.css?17315867 HTTP/1.1" 200 89042
200.111.191.210 - - [11/Mar/2019:16:25:10 -0300] "GET /cormun/static/trlicencias.js?20176272054837 HTTP/1.1" 200 41883
200.111.191.210 - - [11/Mar/2019:16:25:11 -0300] "GET /cormun/servlet/trlicencias? HTTP/1.1" 200 9863
200.111.191.210 - - [11/Mar/2019:16:25:12 -0300] "GET /cormun/servlet/hlogin HTTP/1.1" 200 1736
190.171.141.82 - - [11/Mar/2019:16:27:15 -0300] "GET /cormun/servlet/solicitudot?609501347d13ba6010e9aee5083da7371c047c7acf1a92cfe6aef90e6f4bafb9fb7388f9263c979e380c359d207ee62c,gx-no-cache=1552332216635 HTTP/1.1" 200 30
190.171.141.82 - - [11/Mar/2019:16:27:15 -0300] "GET /cormun/servlet/solicitudot?609501347d13ba6010e9aee5083da7373590315bdc535ba33ee6d8413fe35d1c6b69b583f7aa17577bc193b6cfa78d70763472908528780b580b5c9a11cd2e8a,gx-no-cache=1552332216772 HTTP/1.1" 200 30
190.171.141.82 - - [11/Mar/2019:16:27:15 -0300] "GET /cormun/servlet/solicitudot?609501347d13ba6010e9aee5083da7374f213a76239c50bc86de143f69d3bd14,gx-no-cache=1552332216832 HTTP/1.1" 200 60
190.171.141.82 - - [11/Mar/2019:16:27:15 -0300] "POST /cormun/servlet/solicitudot?gx-no-cache=1552332216912 HTTP/1.1" 200 255
190.171.141.82 - - [11/Mar/2019:16:27:15 -0300] "GET /cormun/servlet/solicitudot?609501347d13ba6010e9aee5083da73727b3e20774763da7fc4b73ab847a61ffd9c3d0a5e05f8fe45a11365254e76b67535107da1ff8c503678be47c6ff2e7a3f66bebaec7bee16b66b96f7f1f338fcdc0471c8ed947e565d3baa890e1e5e5b0bedda8e125bbbfca7d459e144f37e0e7b8c9f938bd8ca49e796ef856ec4765b98db3c267b37640d38fa745e4418a04f0d99ced9171f58cef10fc1bc79a8b840cf3daa86fd20cc395710adb0dd64104970d340f34c58f7a54a25f8c9e04d84baa34f851a56ed5d04df19f3c1ba5b7ef35731f3629123e0ba33403cee853966829a948e700a10696ce2347fcbbf26f98fb542b5db09d1c232d883d2c45fbe54f864207d6c1af06c6233395b09906273e05786caa463bfcf77bdc65b9dda9a7d667ce5b57745ed84d6a9d3a7f5450b37e1b922e194079b838cf9178b0dc6f9f36428cc545fcd88e7051517b9469a9bac228ddb785fb13b18352086615424614c35186a49a0518ddd2ec910fde0883dff7bf26b80b88cf4da7971ad91419324573cb,gx-no-cache=1552332216992 HTTP/1.1" 200 30
190.171.141.82 - - [11/Mar/2019:16:27:15 -0300] "POST /cormun/servlet/solicitudot?gx-no-cache=1552332217030 HTTP/1.1" 200 30
190.171.141.82 - - [11/Mar/2019:16:27:15 -0300] "POST /cormun/servlet/solicitudot?gx-no-cache=1552332217067 HTTP/1.1" 200 1281
190.171.141.82 - - [11/Mar/2019:16:27:15 -0300] "POST /cormun/servlet/solicitudot?gx-no-cache=1552332217113 HTTP/1.1" 200 38
190.171.141.82 - - [11/Mar/2019:16:27:15 -0300] "GET /cormun/servlet/solicitudot?609501347d13ba6010e9aee5083da737fec4844adb39d0f51e81ffcbba1f308466385da134fb6e7ba195233d358c3fecd84b289cc09fa97e80e5c2e1ce75ff77bdfb79e16192d4f4193f53572d42c2a66877a53418bc40bbbd290a6abb9f49fae187f13b619ecf224440eb9f5d568a37,gx-no-cache=1552332217148 HTTP/1.1" 200 110
190.171.141.82 - - [11/Mar/2019:16:27:16 -0300] "POST /cormun/servlet/solicitudot?gx-no-cache=1552332217192 HTTP/1.1" 200 110
190.171.141.82 - - [11/Mar/2019:16:27:16 -0300] "GET /cormun/servlet/solicitudot?609501347d13ba6010e9aee5083da737926bbb92d7e291a3d840bc725fc99bf5727e6ba784c3ea188880e26ea08e923b58c7aaec8bcc8c15f0d468eb281b193ae4d5fd0832dba9aeb134c8f292ca9b066ee304d291945a872b510b2090b413414ef44886feba9207db892edde312a2afe419f1828978f9abbec23316a9541267810dd25613e7fac8804063dc766f9f360c99030bf3250c38489652b229c283b9,gx-no-cache=1552332217239 HTTP/1.1" 200 29
190.171.141.82 - - [11/Mar/2019:16:27:17 -0300] "GET /cormun/static/menuarrow.gif HTTP/1.1" 404 1015
190.171.141.82 - - [11/Mar/2019:16:27:18 -0300] "POST /cormun/servlet/solicitudot?gx-no-cache=1552332219655 HTTP/1.1" 200 255
190.171.141.82 - - [11/Mar/2019:16:27:18 -0300] "GET /cormun/servlet/solicitudot?609501347d13ba6010e9aee5083da73727b3e20774763da7fc4b73ab847a61ffd9c3d0a5e05f8fe45a11365254e76b67535107da1ff8c503678be47c6ff2e7a3f66bebaec7bee16b66b96f7f1f338fcdc0471c8ed947e565d3baa890e1e5e5b0bedda8e125bbbfca7d459e144f37e0e7b8c9f938bd8ca49e796ef856ec4765b98db3c267b37640d38fa745e4418a04f0d99ced9171f58cef10fc1bc79a8b840cf3daa86fd20cc395710adb0dd64104970d340f34c58f7a54a25f8c9e04d84baa34f851a56ed5d04df19f3c1ba5b7ef35731f3629123e0ba33403cee853966829a948e700a10696ce2347fcbbf26f98fb542b5db09d1c232d883d2c45fbe54f864207d6c1af06c6233395b09906273e05786caa463bfcf77bdc65b9dda9a7d667ce5b57745ed84d6a9d3a7f5450b37e1b922e194079b838cf9178b0dc6f9f36428cc545fcd88e7051517b9469a9bac228ddb785fb13b18352086615424614c35186a49a0518ddd2ec910fde0883dff7bf802c2fc41675b4b587d1351bcdd61d48,gx-no-cache=1552332219696 HTTP/1.1" 200 30
190.171.141.82 - - [11/Mar/2019:16:27:18 -0300] "POST /cormun/servlet/solicitudot?gx-no-cache=1552332219720 HTTP/1.1" 200 30
190.171.141.82 - - [11/Mar/2019:16:27:18 -0300] "POST /cormun/servlet/solicitudot?gx-no-cache=1552332219748 HTTP/1.1" 200 1281
190.171.141.82 - - [11/Mar/2019:16:27:18 -0300] "POST /cormun/servlet/solicitudot?gx-no-cache=1552332219786 HTTP/1.1" 200 38
190.171.141.82 - - [11/Mar/2019:16:27:18 -0300] "GET /cormun/servlet/solicitudot?609501347d13ba6010e9aee5083da737fec4844adb39d0f51e81ffcbba1f308466385da134fb6e7ba195233d358c3fecd84b289cc09fa97e80e5c2e1ce75ff77bdfb79e16192d4f4193f53572d42c2a66877a53418bc40bbbd290a6abb9f49fae187f13b619ecf224440eb9f5d568a37,gx-no-cache=1552332219809 HTTP/1.1" 200 110
190.171.141.82 - - [11/Mar/2019:16:27:18 -0300] "POST /cormun/servlet/solicitudot?gx-no-cache=1552332219834 HTTP/1.1" 200 110
190.171.141.82 - - [11/Mar/2019:16:27:20 -0300] "GET /cormun/servlet/solicitudot?609501347d13ba6010e9aee5083da737fd785be3d66ba60822c6500d090553ae4793c3f46d07b263871c58592c19ce11,gx-no-cache=1552332221359 HTTP/1.1" 200 30
190.171.141.82 - - [11/Mar/2019:16:27:30 -0300] "POST /cormun/servlet/solicitudot?gx-no-cache=1552332231345 HTTP/1.1" 200 72
190.171.141.82 - - [11/Mar/2019:16:27:37 -0300] "POST /cormun/servlet/solicitudot?gx-no-cache=1552332238623 HTTP/1.1" 200 30
190.171.141.82 - - [11/Mar/2019:16:29:00 -0300] "POST /cormun/servlet/solicitudot?gx-no-cache=1552332321421 HTTP/1.1" 200 1281
190.171.141.82 - - [11/Mar/2019:16:29:00 -0300] "POST /cormun/servlet/solicitudot?gx-no-cache=1552332321677 HTTP/1.1" 200 40
190.171.141.82 - - [11/Mar/2019:16:29:00 -0300] "GET /cormun/servlet/solicitudot?609501347d13ba6010e9aee5083da737fec4844adb39d0f51e81ffcbba1f308466385da134fb6e7ba195233d358c3fecd84b289cc09fa97e80e5c2e1ce75ff77bdfb79e16192d4f4193f53572d42c2a66877a53418bc40bbbd290a6abb9f49fae187f13b619ecf224440eb9f5d568a37,gx-no-cache=1552332321729 HTTP/1.1" 200 110
190.171.141.82 - - [11/Mar/2019:16:29:00 -0300] "POST /cormun/servlet/solicitudot?gx-no-cache=1552332321770 HTTP/1.1" 200 109
190.171.141.82 - - [11/Mar/2019:16:29:00 -0300] "POST /cormun/servlet/solicitudot?gx-no-cache=1552332321813 HTTP/1.1" 200 30
190.171.141.82 - - [11/Mar/2019:16:29:00 -0300] "POST /cormun/servlet/solicitudot?31eb08d93f910f4d28a1ea9b4351c044,INS,0,0,,gx-no-cache=1552332321843 HTTP/1.1" 200 93
190.171.141.82 - - [11/Mar/2019:16:29:00 -0300] "GET /cormun/servlet/hpexe_return? HTTP/1.1" 200 1009
190.171.141.82 - - [11/Mar/2019:16:29:01 -0300] "GET /cormun/servlet/trsolicitudot HTTP/1.1" 200 8800
190.171.141.82 - - [11/Mar/2019:16:29:01 -0300] "GET /cormun/servlet/trsolicitudot HTTP/1.1" 200 8798
190.171.141.82 - - [11/Mar/2019:16:30:07 -0300] "GET /cormun/servlet/solicitudot?INS,0,0, HTTP/1.1" 200 15161
190.171.141.82 - - [11/Mar/2019:16:30:08 -0300] "GET /cormun/servlet/solicitudot?INS,0,0, HTTP/1.1" 200 15167
190.171.141.82 - - [11/Mar/2019:16:30:31 -0300] "GET /cormun/servlet/trlicencias? HTTP/1.1" 200 9048
190.171.141.82 - - [11/Mar/2019:16:30:33 -0300] "GET /cormun/static/gxcfg.js?20176272054169 HTTP/1.1" 200 953
190.171.141.82 - - [11/Mar/2019:16:30:33 -0300] "GET /cormun/static/Resources/Spanish/PXTools.css?17315867 HTTP/1.1" 200 89042
190.171.141.82 - - [11/Mar/2019:16:30:33 -0300] "GET /cormun/static/trlicencias.js?20176272054837 HTTP/1.1" 200 41883
190.171.141.82 - - [11/Mar/2019:16:30:34 -0300] "GET /cormun//static/Resources/PXToolsActionDisabled.gif HTTP/1.1" 200 53
190.171.141.82 - - [11/Mar/2019:16:30:34 -0300] "GET /cormun//static/Resources/PXToolsGridDisplay.png HTTP/1.1" 200 362
190.171.141.82 - - [11/Mar/2019:16:30:34 -0300] "GET /cormun//static/Resources/PXToolsHeaderHelp.png HTTP/1.1" 200 4055
190.171.141.82 - - [11/Mar/2019:16:30:34 -0300] "GET /cormun//static/Resources/PXToolsHeaderFavorites.png HTTP/1.1" 200 2744
190.171.141.82 - - [11/Mar/2019:16:30:34 -0300] "GET /cormun//static/Resources/PXToolsActionPrint.png HTTP/1.1" 200 3317
190.171.141.82 - - [11/Mar/2019:16:30:34 -0300] "GET /cormun/servlet/trlicencias? HTTP/1.1" 200 9042
190.171.141.82 - - [11/Mar/2019:16:31:05 -0300] "POST /cormun/servlet/solicitudot?gx-no-cache=1552332446715 HTTP/1.1" 200 3511
190.171.141.82 - - [11/Mar/2019:16:31:05 -0300] "GET /cormun/static/Shared/jqueryui/images/ui-bg_highlight-soft_100_c6c2c8_1x100.png HTTP/1.1" 404 1117
190.171.141.82 - - [11/Mar/2019:16:31:05 -0300] "GET /cormun/static/Shared/jqueryui/images/ui-icons_82798d_256x240.png HTTP/1.1" 404 1089
190.171.141.82 - - [11/Mar/2019:16:31:05 -0300] "GET /cormun/static/Shared/jqueryui/images/ui-bg_flat_55_994d53_40x100.png HTTP/1.1" 404 1097
190.171.141.82 - - [11/Mar/2019:16:31:05 -0300] "GET /cormun/static/Shared/jqueryui/images/ui-icons_ebccce_256x240.png HTTP/1.1" 404 1089
190.171.141.82 - - [11/Mar/2019:16:31:12 -0300] "GET /cormun/servlet/solicitudot?609501347d13ba6010e9aee5083da7374dc32abebe20ed98acb141d119de327eadc1905a598aa73c8f0c9d3ebd91b599,gx-no-cache=1552332453724 HTTP/1.1" 200 111
190.171.141.82 - - [11/Mar/2019:16:31:20 -0300] "GET /cormun/servlet/solicitudot?609501347d13ba6010e9aee5083da737a106ef17c390429dba4965a2c17c9d0bfb7388f9263c979e380c359d207ee62c,gx-no-cache=1552332461572 HTTP/1.1" 200 30
190.171.141.82 - - [11/Mar/2019:16:33:19 -0300] "GET /cormun/servlet/solicitudot?609501347d13ba6010e9aee5083da737db30407a1e9338a80064f2187c967d481c144834db92338a81fa0202c2b91ed22acf98b09e60e0a7705d12d8674cc85e,gx-no-cache=1552332580929 HTTP/1.1" 200 30
157.55.39.72 - - [11/Mar/2019:16:34:22 -0300] "GET /cormun/static/PXToolsJavascripts/pexe_autoreload.js HTTP/1.1" 200 1762
157.55.39.72 - - [11/Mar/2019:16:34:23 -0300] "GET /cormun/static/PXToolsJavascripts/pexe_tabs.js HTTP/1.1" 200 3748
157.55.39.72 - - [11/Mar/2019:16:34:23 -0300] "GET /cormun/static/Resources/PXToolsDataTitle.png HTTP/1.1" 200 1173
157.55.39.72 - - [11/Mar/2019:16:34:23 -0300] "GET /cormun/static/RunJS/RunJS.js HTTP/1.1" 200 288
157.55.39.72 - - [11/Mar/2019:16:34:24 -0300] "GET /cormun/static/Shared/ext/locale/ext-lang-en.js HTTP/1.1" 200 10940
157.55.39.195 - - [11/Mar/2019:16:34:26 -0300] "GET /cormun/static/PXToolsJavascripts/pexe_grid.js HTTP/1.1" 200 7559
157.55.39.195 - - [11/Mar/2019:16:34:27 -0300] "GET /cormun/static/PXToolsJavascripts/pexe_menudivfix.js HTTP/1.1" 200 333
157.55.39.195 - - [11/Mar/2019:16:34:27 -0300] "GET /cormun/static/PXToolsJavascripts/pexe_oav.js HTTP/1.1" 200 645
157.55.39.195 - - [11/Mar/2019:16:34:27 -0300] "GET /cormun/static/PXToolsJavascripts/pexe_popup.js HTTP/1.1" 200 13458
157.55.39.195 - - [11/Mar/2019:16:34:27 -0300] "GET /cormun/static/PXToolsJavascripts/pexe_tabdivfix.js HTTP/1.1" 200 876
157.55.39.195 - - [11/Mar/2019:16:34:28 -0300] "GET /cormun/static/Resources/PXToolsFooterBackground2.png HTTP/1.1" 200 1172
157.55.39.195 - - [11/Mar/2019:16:34:28 -0300] "GET /cormun/static/Resources/PXToolsHeaderBackground2.png HTTP/1.1" 200 1174
157.55.39.195 - - [11/Mar/2019:16:34:28 -0300] "GET /cormun/static/Resources/PXToolsHeaderSecurity.png HTTP/1.1" 200 4166
157.55.39.195 - - [11/Mar/2019:16:34:28 -0300] "GET /cormun/static/Resources/logo4.png HTTP/1.1" 200 6582
157.55.39.195 - - [11/Mar/2019:16:34:28 -0300] "GET /cormun/static/SmoothNavMenu/resources/SmoothNavMenuRender.js HTTP/1.1" 200 5951
157.55.39.195 - - [11/Mar/2019:16:34:28 -0300] "GET /cormun/static/calendar-setup.js?85251 HTTP/1.1" 200 2588
157.55.39.195 - - [11/Mar/2019:16:34:29 -0300] "GET /cormun/static/gxdec.js?85251 HTTP/1.1" 200 19579
157.55.39.195 - - [11/Mar/2019:16:34:29 -0300] "GET /cormun/static/hpexe_messagegenexuscomponent.js?201752511465344 HTTP/1.1" 200 587
157.55.39.195 - - [11/Mar/2019:16:34:29 -0300] "GET /cormun/static/hwchdr01.js?201752511465785 HTTP/1.1" 200 1183
190.171.141.82 - - [11/Mar/2019:16:34:30 -0300] "GET /cormun/servlet/solicitudot?609501347d13ba6010e9aee5083da737170385359dc12381d551f71e60773952,gx-no-cache=1552332651550 HTTP/1.1" 200 53
190.171.152.242 - - [11/Mar/2019:16:34:34 -0300] "GET /cormun/servlet/hlogin HTTP/1.1" 200 1721
190.171.152.242 - - [11/Mar/2019:16:34:36 -0300] "POST /cormun/servlet/hlogin?7f39df118a8d09e32099a0e4a02c0180,gx-no-cache=1552332658166 HTTP/1.1" 200 90
190.171.152.242 - - [11/Mar/2019:16:34:36 -0300] "GET /cormun/servlet/hpexe_link HTTP/1.1" 200 946
190.171.152.242 - - [11/Mar/2019:16:34:36 -0300] "GET /cormun/servlet/hhome HTTP/1.1" 200 4066
190.171.152.242 - - [11/Mar/2019:16:34:36 -0300] "GET /cormun/servlet/hhome HTTP/1.1" 200 4062
40.77.167.134 - - [11/Mar/2019:16:34:43 -0300] "GET /cormun/static/PXToolsJavascripts/pexe_cookies.js HTTP/1.1" 200 792
40.77.167.134 - - [11/Mar/2019:16:34:43 -0300] "GET /cormun/static/PXToolsJavascripts/pexe_picture.js HTTP/1.1" 200 689
40.77.167.134 - - [11/Mar/2019:16:34:43 -0300] "GET /cormun/static/Resources/PXToolsHeaderActionsBackground.png HTTP/1.1" 200 484
40.77.167.134 - - [11/Mar/2019:16:34:43 -0300] "GET /cormun/static/Resources/PXToolsHeaderHome.png HTTP/1.1" 200 4147
40.77.167.134 - - [11/Mar/2019:16:34:48 -0300] "GET /cormun/static/Shared/ext/ext-all.js HTTP/1.1" 200 1289687
40.77.167.134 - - [11/Mar/2019:16:34:49 -0300] "GET /cormun/static/Shared/jquery/jquery-1.10.2.min.js HTTP/1.1" 200 273199
40.77.167.134 - - [11/Mar/2019:16:34:50 -0300] "GET /cormun/static/Shared/jquery/jquery-1.4.2.min.js HTTP/1.1" 200 72174
40.77.167.134 - - [11/Mar/2019:16:34:51 -0300] "GET /cormun/static/Shared/jqueryui/jquery-ui.min.css?1245370 HTTP/1.1" 200 30288
40.77.167.134 - - [11/Mar/2019:16:34:51 -0300] "GET /cormun/static/SmoothNavMenu/resources/ddsmoothmenu-v.css?1012540 HTTP/1.1" 200 1188
40.77.167.134 - - [11/Mar/2019:16:34:51 -0300] "GET /cormun/static/SmoothNavMenu/resources/ddsmoothmenu.css?1012540 HTTP/1.1" 200 2223
40.77.167.134 - - [11/Mar/2019:16:34:51 -0300] "GET /cormun/static/gxcfg.js?20177612163414 HTTP/1.1" 200 953
40.77.167.134 - - [11/Mar/2019:16:34:51 -0300] "GET /cormun/static/gxui/gxui-all.js HTTP/1.1" 200 107772
40.77.167.134 - - [11/Mar/2019:16:34:52 -0300] "GET /cormun/static/hmpwkw03.js?20189613443875 HTTP/1.1" 200 3965
40.77.167.134 - - [11/Mar/2019:16:34:52 -0300] "GET /cormun/static/hpexe_messagepopupcomponent.js?20161017169425 HTTP/1.1" 200 605
40.77.167.134 - - [11/Mar/2019:16:34:52 -0300] "GET /cormun/static/hpexe_recentlink.js?20177611595044 HTTP/1.1" 200 2144
40.77.167.134 - - [11/Mar/2019:16:34:53 -0300] "GET /cormun/static/scaMessage/css/jquery.pnotify.default.css?1716380 HTTP/1.1" 200 1707
40.77.167.134 - - [11/Mar/2019:16:34:53 -0300] "GET /cormun/static/messages.spa.js?85251 HTTP/1.1" 200 30736
40.77.167.134 - - [11/Mar/2019:16:34:54 -0300] "GET /cormun/static/scaMessage/js/jquery.pnotify.min.js HTTP/1.1" 200 13038
40.77.167.134 - - [11/Mar/2019:16:34:54 -0300] "GET /cormun/static/trlicenciaspermisosadjuntos.js?20177612163719 HTTP/1.1" 200 21036
190.171.152.242 - - [11/Mar/2019:16:34:54 -0300] "GET /cormun/servlet/trsolicitudot? HTTP/1.1" 200 7283
190.171.152.242 - - [11/Mar/2019:16:34:54 -0300] "GET /cormun/servlet/trsolicitudot? HTTP/1.1" 200 7282
190.171.152.242 - - [11/Mar/2019:16:34:56 -0300] "GET /cormun/servlet/solicitudot?INS,0,0, HTTP/1.1" 200 14878
190.171.152.242 - - [11/Mar/2019:16:34:56 -0300] "GET /cormun/servlet/solicitudot?INS,0,0, HTTP/1.1" 200 14883
157.55.39.72 - - [11/Mar/2019:16:35:04 -0300] "GET /cormun/static/calendar-system.css?75620 HTTP/1.1" 200 5572
157.55.39.72 - - [11/Mar/2019:16:35:05 -0300] "GET /cormun/static/calendar.js?85251 HTTP/1.1" 200 26246
157.55.39.72 - - [11/Mar/2019:16:35:05 -0300] "GET /cormun/static/cmcontrolpreferences.js?201752511465670 HTTP/1.1" 200 1375
157.55.39.72 - - [11/Mar/2019:16:35:05 -0300] "GET /cormun/static/gxtimezone.js?85251 HTTP/1.1" 200 5781
157.55.39.72 - - [11/Mar/2019:16:35:05 -0300] "GET /cormun/static/hpexe_scripts.js?201752511465715 HTTP/1.1" 200 1544
190.171.141.82 - - [11/Mar/2019:16:35:07 -0300] "GET /cormun/servlet/solicitudot?609501347d13ba6010e9aee5083da737d0392daec0cc727e3e3cb395bae253d3ed2381c9664f5bebe16010bc41ec2c525aa42b3b4745530cdc0459ffe04dd0df721846e23426230a14609ecf2600be69b926fd8f331721db05357b08f6c5798c41950f41209bedae9c5a1b2ab661716fa4d1325d19947a57890974905df25c101a41200d173c79365352314b98ca322f521beabcf128c25a4675e5b6ea04b082ec1192265a30f1a4215b10ce9dbe9474e77ba99b2cb3321f953e0a82b704b86f26667659d7cff4489d3f697cdbc7ea0b7e9971d6081f9281a63628b5deba620dd8d2bdd8521639bf146684f593ca5617727e6ba784c3ea188880e26ea08e923be35492a2af578a66c1e851d299f862f6f0e0cc0f870d7b901388c424fe162f9d9636e950a98fae51406fc49c86881ad7be9ea0ac7799cd2d2de558d8fcdae91fddfe281ff54fb98255af4c2a20226f57,gx-no-cache=1552332688349 HTTP/1.1" 200 297
190.171.141.82 - - [11/Mar/2019:16:35:08 -0300] "GET /cormun/servlet/solicitudot?609501347d13ba6010e9aee5083da73727b3e20774763da7fc4b73ab847a61ff99f830c112e9f1279a8953edb5f4d6fb535107da1ff8c503678be47c6ff2e7a3f66bebaec7bee16b66b96f7f1f338fcdc0471c8ed947e565d3baa890e1e5e5b0bedda8e125bbbfca7d459e144f37e0e7b8c9f938bd8ca49e796ef856ec4765b98db3c267b37640d38fa745e4418a04f0d99ced9171f58cef10fc1bc79a8b840cf3daa86fd20cc395710adb0dd64104970d340f34c58f7a54a25f8c9e04d84baa34f851a56ed5d04df19f3c1ba5b7ef35731f3629123e0ba33403cee853966829a948e700a10696ce2347fcbbf26f98fb85efc709831196f729afd840da23c7a54207d6c1af06c6233395b09906273e0534ed66e6c19f7ce2d0ba8744b07fe329dc05cebc57e5fcbc2e966ed9cf1a91d231a203f6ffe276167c90b4dc4511df8e157b62695e590af0c8e409a25eecea988e08222ee17abc14ade49ea0417903b80a3df28085f6178301caf6242541df80c0583ad15b3f688b5ecf2721100899f42c04394555fe53ea2ddc27043dc311d3,gx-no-cache=1552332689981 HTTP/1.1" 200 30
190.171.141.82 - - [11/Mar/2019:16:35:10 -0300] "POST /cormun/servlet/solicitudot?gx-no-cache=1552332691608 HTTP/1.1" 200 30
190.171.141.82 - - [11/Mar/2019:16:35:12 -0300] "POST /cormun/servlet/solicitudot?gx-no-cache=1552332693197 HTTP/1.1" 200 1275
190.171.141.82 - - [11/Mar/2019:16:35:12 -0300] "POST /cormun/servlet/solicitudot?gx-no-cache=1552332693238 HTTP/1.1" 200 38
190.171.152.242 - - [11/Mar/2019:16:35:15 -0300] "POST /cormun/servlet/solicitudot?gx-no-cache=1552332697097 HTTP/1.1" 200 3435
190.171.152.242 - - [11/Mar/2019:16:35:15 -0300] "POST /cormun/servlet/solicitudot?7f39df118a8d09e32099a0e4a02c0180,INS,0,0,,gx-no-cache=1552332697230 HTTP/1.1" 200 11583
190.171.152.242 - - [11/Mar/2019:16:35:18 -0300] "GET /cormun/servlet/solicitudot?2c3aa841cc0d75f1a852b08551a5315401591c8fdb92ed668eb0e55a6fb9f9f9d2bd619fc682773952009e4f626e1cad,gx-no-cache=1552332700176 HTTP/1.1" 200 111
190.171.152.242 - - [11/Mar/2019:16:35:18 -0300] "GET /cormun/static/Shared/jqueryui/images/ui-bg_highlight-soft_100_c6c2c8_1x100.png HTTP/1.1" 404 1117
190.171.152.242 - - [11/Mar/2019:16:35:18 -0300] "GET /cormun/static/Shared/jqueryui/images/ui-icons_82798d_256x240.png HTTP/1.1" 404 1089
190.171.152.242 - - [11/Mar/2019:16:35:18 -0300] "GET /cormun/static/Shared/jqueryui/images/ui-bg_flat_55_994d53_40x100.png HTTP/1.1" 404 1097
190.171.152.242 - - [11/Mar/2019:16:35:18 -0300] "GET /cormun/static/Shared/jqueryui/images/ui-icons_ebccce_256x240.png HTTP/1.1" 404 1089
190.171.152.242 - - [11/Mar/2019:16:35:31 -0300] "POST /cormun/servlet/solicitudot?gx-no-cache=1552332713216 HTTP/1.1" 200 3446
190.171.152.242 - - [11/Mar/2019:16:35:31 -0300] "POST /cormun/servlet/solicitudot?7f39df118a8d09e32099a0e4a02c0180,INS,0,0,,gx-no-cache=1552332713350 HTTP/1.1" 200 11656
190.171.152.242 - - [11/Mar/2019:16:35:31 -0300] "GET /cormun/servlet/solicitudot?2c3aa841cc0d75f1a852b08551a531544205b07c82e4db2d5a3ab7c67915091ed2bd619fc682773952009e4f626e1cad,gx-no-cache=1552332713555 HTTP/1.1" 200 30
190.171.152.242 - - [11/Mar/2019:16:36:58 -0300] "GET /cormun/servlet/prbanco?,MD,,gxPopupLevel%3D0%3B HTTP/1.1" 200 6638
190.171.152.242 - - [11/Mar/2019:16:36:58 -0300] "GET /cormun/static/gxcfg.js?20181161016094 HTTP/1.1" 200 953
190.171.152.242 - - [11/Mar/2019:16:36:58 -0300] "GET /cormun/static/prbanco.js?2018116101633 HTTP/1.1" 200 10693
190.171.152.242 - - [11/Mar/2019:16:37:04 -0300] "GET /cormun/servlet/solicitudot?2c3aa841cc0d75f1a852b08551a53154135ec22a666fdc6eb4f78a792e3bd5f261ec6d6f0c3face524711b3469a22663,gx-no-cache=1552332806874 HTTP/1.1" 200 30
190.171.152.242 - - [11/Mar/2019:16:37:08 -0300] "GET /cormun/servlet/solicitudot?2c3aa841cc0d75f1a852b08551a53154d178f63b67ec70d45391ab404fe9c448,gx-no-cache=1552332810586 HTTP/1.1" 200 53
190.171.141.82 - - [11/Mar/2019:16:37:25 -0300] "GET /cormun/servlet/solicitudot?609501347d13ba6010e9aee5083da737fec4844adb39d0f51e81ffcbba1f308466385da134fb6e7ba195233d358c3fecd84b289cc09fa97e80e5c2e1ce75ff77bdfb79e16192d4f4193f53572d42c2a66877a53418bc40bbbd290a6abb9f49fae187f13b619ecf224440eb9f5d568a37,gx-no-cache=1552332826826 HTTP/1.1" 200 110
190.171.152.242 - - [11/Mar/2019:16:37:26 -0300] "POST /cormun/servlet/solicitudot?gx-no-cache=1552332828867 HTTP/1.1" 200 255
190.171.152.242 - - [11/Mar/2019:16:37:29 -0300] "GET /cormun/servlet/solicitudot?2c3aa841cc0d75f1a852b08551a5315425b46e8ecaee0426cb849c6f76623101d1e7d24cee6b6da056240631451b07387a506f8f152109446692d9dc19327082eb65f2e79004f923f12bb36279b6868b160bcbdeb7934ee6fff6cbfc72cf1b7e1e8bb3451e128ec9c8c3e37617ed40b5f18cefd8056c0bf52acdd879a7697b79ee7657881262b66428e0f0ca9f7813c60508c69ffb85c353d3b35fc9c97e9bf3458de86c23d08673f831ecd592ef0ecfc9e8d73ba008fe94ab701356deb96db414dae07a1c0c1f01e741e0880a1463591f3a3a56e37ba7b3c4e94917d20e0e6caedbda029a177098a98148a0a4b01add1a744f8a223c6d57953c44dabbd5ebf5a7ae94a8cf1a2bdbe66e39c07aa8c9e5c394cc2f6583711a9ef4677ab077e11175c3e21c75b8ee7c10beeb62e9e72f8ae12aed1a89cbaa14c8db0e7d8c3f880383192d9dadc6d72f3fbba7ea38c9c4e6e983e526d6a8b38592fd94218220307e26f1e87b66e7fb94ea727deff8bc61c3693cf1e1db66c79e7ac12ac6969d1f91,gx-no-cache=1552332831060 HTTP/1.1" 200 30
190.171.141.82 - - [11/Mar/2019:16:37:39 -0300] "POST /cormun/servlet/solicitudot?gx-no-cache=1552332840609 HTTP/1.1" 200 83
190.171.152.242 - - [11/Mar/2019:16:37:42 -0300] "POST /cormun/servlet/solicitudot?gx-no-cache=1552332844906 HTTP/1.1" 200 30
190.171.152.242 - - [11/Mar/2019:16:37:42 -0300] "POST /cormun/servlet/solicitudot?gx-no-cache=1552332844956 HTTP/1.1" 200 1282
190.171.152.242 - - [11/Mar/2019:16:37:42 -0300] "POST /cormun/servlet/solicitudot?gx-no-cache=1552332845000 HTTP/1.1" 200 38
190.171.141.82 - - [11/Mar/2019:16:37:49 -0300] "GET /cormun/servlet/solicitudot?609501347d13ba6010e9aee5083da737926bbb92d7e291a3d840bc725fc99bf5727e6ba784c3ea188880e26ea08e923be35492a2af578a66c1e851d299f862f620d7d44c917f65502b9abb2231e2fa1f,gx-no-cache=1552332850705 HTTP/1.1" 200 29
190.171.141.82 - - [11/Mar/2019:16:37:53 -0300] "GET /cormun/static/menuarrow.gif HTTP/1.1" 404 1015
186.67.164.138 - - [11/Mar/2019:16:37:53 -0300] "GET /cormun/servlet/solicitudot?INS,0,0, HTTP/1.1" 200 14875
186.67.164.138 - - [11/Mar/2019:16:37:55 -0300] "GET /cormun/servlet/solicitudot?INS,0,0, HTTP/1.1" 200 14880
190.171.141.82 - - [11/Mar/2019:16:37:57 -0300] "GET /cormun/servlet/solicitudot?609501347d13ba6010e9aee5083da737fd785be3d66ba60822c6500d090553ae4793c3f46d07b263871c58592c19ce11,gx-no-cache=1552332858831 HTTP/1.1" 200 30
186.67.164.138 - - [11/Mar/2019:16:38:09 -0300] "POST /cormun/servlet/solicitudot?gx-no-cache=1552332871561 HTTP/1.1" 200 3435
186.67.164.138 - - [11/Mar/2019:16:38:09 -0300] "POST /cormun/servlet/solicitudot?b58654b2838f3acc5faf21cf26618f21,INS,0,0,,gx-no-cache=1552332871742 HTTP/1.1" 200 11584
186.67.164.138 - - [11/Mar/2019:16:38:09 -0300] "GET /cormun/servlet/solicitudot?9464267ea9ba32bd5c6ceb740323d42c1a05cb0e76a4c2d64a5754ae014fd3b7364d9fb6fbd7c815b970e0695ef65092,gx-no-cache=1552332871989 HTTP/1.1" 200 30
190.171.152.242 - - [11/Mar/2019:16:38:41 -0300] "POST /cormun/servlet/solicitudot?gx-no-cache=1552332902988 HTTP/1.1" 200 30
190.171.152.242 - - [11/Mar/2019:16:38:47 -0300] "POST /cormun/servlet/solicitudot?gx-no-cache=1552332909865 HTTP/1.1" 200 1282
190.171.152.242 - - [11/Mar/2019:16:38:47 -0300] "POST /cormun/servlet/solicitudot?gx-no-cache=1552332909954 HTTP/1.1" 200 38
190.171.152.242 - - [11/Mar/2019:16:38:48 -0300] "GET /cormun/servlet/solicitudot?2c3aa841cc0d75f1a852b08551a531540370b331ea7a27bc74a01009f80da713fa04bc78f3ebfedf3d061f432458423e5f2be906b4f57200acd534a3836186c246cf5c352fbc114d254ac4bfb711b4d54098292274b796a3963285aa9b8ecae45fb2b78fb3e57b6431c6ed69fcf3812a,gx-no-cache=1552332910020 HTTP/1.1" 200 110
190.171.152.242 - - [11/Mar/2019:16:38:48 -0300] "POST /cormun/servlet/solicitudot?gx-no-cache=1552332910098 HTTP/1.1" 200 97
190.171.152.242 - - [11/Mar/2019:16:39:21 -0300] "POST /cormun/servlet/solicitudot?gx-no-cache=1552332943380 HTTP/1.1" 200 238
190.171.152.242 - - [11/Mar/2019:16:39:23 -0300] "GET /cormun/servlet/solicitudot?2c3aa841cc0d75f1a852b08551a5315425b46e8ecaee0426cb849c6f76623101d8141793b58b7f52d58ed2a7f09872137a506f8f152109446692d9dc19327082eb65f2e79004f923f12bb36279b6868b160bcbdeb7934ee6fff6cbfc72cf1b7e1e8bb3451e128ec9c8c3e37617ed40b5f18cefd8056c0bf52acdd879a7697b79ee7657881262b66428e0f0ca9f7813c60508c69ffb85c353d3b35fc9c97e9bf3458de86c23d08673f831ecd592ef0ecfc9e8d73ba008fe94ab701356deb96db414dae07a1c0c1f01e741e0880a1463591f3a3a56e37ba7b3c4e94917d20e0e6caedbda029a177098a98148a0a4b01add1a744f8a223c6d57953c44dabbd5ebf5a7ae94a8cf1a2bdbe66e39c07aa8c9e5cb73a5e67cdde6431e7e833b6afa0f3e38425b5523d6c83d1fb08e78e8c588ae523bb0b132581b980135d204a3cfd2ab60dc62859c81e15c46bdfa96cf301387ba47ff64929cb91673d64fedb2bd4720038edd57cbece0d003f18fbf521835346fa4f600113fe0834470ad3805281c63,gx-no-cache=1552332945337 HTTP/1.1" 200 30
190.171.152.242 - - [11/Mar/2019:16:39:29 -0300] "POST /cormun/servlet/solicitudot?gx-no-cache=1552332951140 HTTP/1.1" 200 30
190.171.152.242 - - [11/Mar/2019:16:40:05 -0300] "GET /cormun/servlet/prfichaempleado?,MD,,gxPopupLevel%3D0%3B HTTP/1.1" 200 9362
186.67.164.138 - - [11/Mar/2019:16:40:05 -0300] "POST /cormun/servlet/solicitudot?b58654b2838f3acc5faf21cf26618f21,INS,0,0,,gx-no-cache=1552332987284 HTTP/1.1" 200 11913
186.67.164.138 - - [11/Mar/2019:16:40:05 -0300] "GET /cormun/static/Shared/jqueryui/images/ui-icons_ebccce_256x240.png HTTP/1.1" 404 1089
186.67.164.138 - - [11/Mar/2019:16:40:05 -0300] "GET /cormun/static/Shared/jqueryui/images/ui-bg_flat_55_994d53_40x100.png HTTP/1.1" 404 1097
186.67.164.138 - - [11/Mar/2019:16:40:13 -0300] "GET /cormun/servlet/solicitudot?9464267ea9ba32bd5c6ceb740323d42ceaa3af985db4ed57cc417b2bba719984f459616c41c76a316234ba429d03e2417b8f4da2a120ebdc9213fad78e48a062,gx-no-cache=1552332995161 HTTP/1.1" 200 30
186.67.164.138 - - [11/Mar/2019:16:40:13 -0300] "GET /cormun/servlet/solicitudot?9464267ea9ba32bd5c6ceb740323d42caef1886c4470563629bf5aa750062650,gx-no-cache=1552332995280 HTTP/1.1" 200 29
186.67.164.138 - - [11/Mar/2019:16:40:14 -0300] "POST /cormun/servlet/solicitudot?gx-no-cache=1552332996747 HTTP/1.1" 200 255
