186.103.159.187 - - [08/Mar/2019:11:09:13 -0300] "GET /cormun/servlet/solicitudot?9f32f22fa1604bc8c9888883aa99bb5453324e373866babdb3ad3420f6eea7693eee3c8e61c98e4b6000c7ba0e515f9c14a41557e33d793de1f3ce2455b3ef9982c68bc24d69579da427387768b23b8200a42f73590712b0d994a604bca2713e3e68ca7de0b98a56be42d3790d4a8b98dcb1d1618b1874256d4f9de33cd2cc073c2f29edc49b424e33aa07d5204761ed1e2fd27c52e61c1d293d04901bc5551d,gx-no-cache=1552053909600 HTTP/1.1" 200 29
186.103.159.187 - - [08/Mar/2019:11:09:13 -0300] "GET /cormun/servlet/solicitudot?9f32f22fa1604bc8c9888883aa99bb54bf1621303c87ef487b2f23f9e7e134918a212d7ea4aad9491da9a67c0fa2939f,gx-no-cache=1552053909637 HTTP/1.1" 200 30
186.103.159.187 - - [08/Mar/2019:11:09:13 -0300] "POST /cormun/servlet/solicitudot?gx-no-cache=1552053909667 HTTP/1.1" 200 30
190.171.141.114 - - [08/Mar/2019:11:09:18 -0300] "POST /cormun/servlet/solicitudot?gx-no-cache=1552053942307 HTTP/1.1" 200 3562
190.171.141.114 - - [08/Mar/2019:11:09:18 -0300] "POST /cormun/servlet/solicitudot?905d1225558f0b47ab0289c15785f550,INS,0,0,,gx-no-cache=1552053942611 HTTP/1.1" 200 11733
190.171.141.114 - - [08/Mar/2019:11:09:22 -0300] "GET /cormun/servlet/solicitudot?6b9867d31f0dc6166a5318eb50abb3609216ebef16743eef23719665d2a0bf512f79399adbd9c5b2a8fe1e0fa2349026,gx-no-cache=1552053946628 HTTP/1.1" 200 30
190.171.141.114 - - [08/Mar/2019:11:09:22 -0300] "GET /cormun/servlet/solicitudot?6b9867d31f0dc6166a5318eb50abb3605d2d89e6082b195f7a4cf3925008a0dbb88554fb8d6934bef544b5018660ddf2f7fd2cff241aa68abbb4e3ff7f71d9ab,gx-no-cache=1552053946694 HTTP/1.1" 200 30
190.171.141.114 - - [08/Mar/2019:11:09:22 -0300] "GET /cormun/servlet/solicitudot?6b9867d31f0dc6166a5318eb50abb360a4045595f3ddc6e5363b07fd2a82a248,gx-no-cache=1552053946726 HTTP/1.1" 200 51
190.171.141.114 - - [08/Mar/2019:11:09:22 -0300] "POST /cormun/servlet/solicitudot?gx-no-cache=1552053946771 HTTP/1.1" 200 297
190.171.141.114 - - [08/Mar/2019:11:09:22 -0300] "GET /cormun/servlet/solicitudot?6b9867d31f0dc6166a5318eb50abb360cd39aa428ed3f7526c1c342d2dc38240ffbec0d3f8b2d40bc88dc705aa367f75f61105328840a7474be33b819d90140b860f03b696eb32d1b5c4c068ee02d2f19c27f0213f4da26e7da41e5debe14d6e23b4dc281ba0ab73e174feb6d871f6a44731cbf7ab5b716def2351891644042b59d338926a310848b81b6864fdb8e1abfd039510a355fc9d50be95f03e43dd7e7880cc20a7c43fa74bcc85cde51efa333aa11dcac030b2441a31a735983f7e2ecfd84aa70835e384fec7fa622eaa8c8886d40d38df86804e535f95c49ac61939cdf677e8de356dcd23244de7bdd5831b4bab9cd5a63840c95da7f7e35154a9d117db23b3fd14de3bb4417002892afa1bf87ae3bd8ded312c0e89de8c3b6958dd01d6dec2dc62961cb09963ba875358396bb3141af9fb8341ccbf678386a4d957d3b9c5b73af2736b5329bbb1785744d8bfbe7b9da535c318f85aa2d0625af142c6db4541482640e3cc5f64ac33504ebdc598302a66b371f1cd08be6e84f7a2b9ccde033291bbc559acd76fbc081f05a6,gx-no-cache=1552053946834 HTTP/1.1" 200 30
192.168.10.96 - - [08/Mar/2019:11:09:25 -0300] "POST /cormun/servlet/trsolicitudgral?e868386b04e68e3a2e46527fbd5a8fa1,,gx-no-cache=1552060971980 HTTP/1.1" 440 972
190.171.141.114 - - [08/Mar/2019:11:09:28 -0300] "POST /cormun/servlet/solicitudot?gx-no-cache=1552053952182 HTTP/1.1" 200 30
190.171.141.114 - - [08/Mar/2019:11:09:40 -0300] "POST /cormun/servlet/solicitudot?gx-no-cache=1552053964285 HTTP/1.1" 200 1280
190.171.141.114 - - [08/Mar/2019:11:09:40 -0300] "POST /cormun/servlet/solicitudot?gx-no-cache=1552053964354 HTTP/1.1" 200 38
190.171.141.114 - - [08/Mar/2019:11:09:40 -0300] "GET /cormun/servlet/solicitudot?6b9867d31f0dc6166a5318eb50abb3602b7d8e3b581ddf79dfeb7849d2db456e495922c51be7f2ae948442e4829249eb1bde3731385639e81a3479f454d3ddb66631992b7c1582e02236feacf3f9f37b98f34e053340e8e58460ae934104fb7d8f36f543542315aced3c7ec5bdfedc46,gx-no-cache=1552053964392 HTTP/1.1" 200 110
186.103.159.187 - - [08/Mar/2019:11:09:45 -0300] "POST /cormun/servlet/solicitudot?4558385ae1a1995695bdafca292926b0,UPD,2019,14593,,gx-no-cache=1552053941888 HTTP/1.1" 200 93
186.103.159.187 - - [08/Mar/2019:11:09:45 -0300] "GET /cormun/servlet/hpexe_return? HTTP/1.1" 200 1009
186.103.159.187 - - [08/Mar/2019:11:09:45 -0300] "GET /cormun/servlet/trsolicitudot HTTP/1.1" 200 8883
186.103.159.187 - - [08/Mar/2019:11:09:47 -0300] "GET /cormun/servlet/trsolicitudot HTTP/1.1" 200 8879
186.103.159.187 - - [08/Mar/2019:11:09:52 -0300] "GET /cormun/servlet/solicitudot?INS,0,0, HTTP/1.1" 200 14829
186.103.159.187 - - [08/Mar/2019:11:09:53 -0300] "GET /cormun/servlet/solicitudot?INS,0,0, HTTP/1.1" 200 14834
190.171.141.114 - - [08/Mar/2019:11:09:58 -0300] "POST /cormun/servlet/solicitudot?gx-no-cache=1552053982845 HTTP/1.1" 200 97
192.168.10.96 - - [08/Mar/2019:11:10:02 -0300] "GET /cormun/servlet/hlogin HTTP/1.1" 200 1716
186.103.159.187 - - [08/Mar/2019:11:10:04 -0300] "POST /cormun/servlet/solicitudot?gx-no-cache=1552053960498 HTTP/1.1" 200 3435
186.103.159.187 - - [08/Mar/2019:11:10:04 -0300] "POST /cormun/servlet/solicitudot?4558385ae1a1995695bdafca292926b0,INS,0,0,,gx-no-cache=1552053960681 HTTP/1.1" 200 11577
190.171.141.114 - - [08/Mar/2019:11:10:06 -0300] "GET /cormun/servlet/solicitudot?6b9867d31f0dc6166a5318eb50abb36058526604a26f5613934b186980f5c7ea472f16da2c0cb2518073994ed9e59e916a29be98f1f4d4a583dbb474b35317c77fc88588a11c87b7ed19233f7b6652b757549a4e80e29ce048e2683adcaf2b956ff646d0d6ab4b92a45c4fcbbdf493ae,gx-no-cache=1552053990770 HTTP/1.1" 200 29
190.171.141.114 - - [08/Mar/2019:11:10:06 -0300] "GET /cormun/static/menuarrow.gif HTTP/1.1" 404 1015
192.168.10.96 - - [08/Mar/2019:11:10:07 -0300] "POST /cormun/servlet/hlogin?bfe15c95c7761b67c14769dd4ab09bc6,gx-no-cache=1552061014723 HTTP/1.1" 200 90
192.168.10.96 - - [08/Mar/2019:11:10:08 -0300] "GET /cormun/servlet/hpexe_link HTTP/1.1" 200 946
192.168.10.96 - - [08/Mar/2019:11:10:08 -0300] "GET /cormun/servlet/hhome HTTP/1.1" 200 4770
192.168.10.96 - - [08/Mar/2019:11:10:08 -0300] "GET /cormun/servlet/hhome HTTP/1.1" 200 4767
192.168.10.96 - - [08/Mar/2019:11:10:11 -0300] "GET /cormun/servlet/trsolicitudgral? HTTP/1.1" 200 28208
186.103.159.187 - - [08/Mar/2019:11:10:12 -0300] "POST /cormun/servlet/solicitudot?4558385ae1a1995695bdafca292926b0,INS,0,0,,gx-no-cache=1552053968892 HTTP/1.1" 200 93
186.103.159.187 - - [08/Mar/2019:11:10:12 -0300] "GET /cormun/servlet/hpexe_return? HTTP/1.1" 200 1002
186.103.159.187 - - [08/Mar/2019:11:10:12 -0300] "GET /cormun/servlet/trsolicitudot HTTP/1.1" 200 8883
192.168.10.96 - - [08/Mar/2019:11:10:13 -0300] "GET /cormun/servlet/trsolicitudgral? HTTP/1.1" 200 28206
186.103.159.187 - - [08/Mar/2019:11:10:14 -0300] "GET /cormun/servlet/trsolicitudot HTTP/1.1" 200 8879
190.171.141.114 - - [08/Mar/2019:11:10:16 -0300] "GET /cormun/servlet/solicitudot?6b9867d31f0dc6166a5318eb50abb3607e1f574a0a9e86875daf0cc2809a379ef09e1605656109267ecf0f01d8670636,gx-no-cache=1552054000700 HTTP/1.1" 200 30
186.103.159.187 - - [08/Mar/2019:11:10:18 -0300] "GET /cormun/servlet/solicitudot?INS,0,0, HTTP/1.1" 200 14829
186.103.159.187 - - [08/Mar/2019:11:10:19 -0300] "GET /cormun/servlet/solicitudot?INS,0,0, HTTP/1.1" 200 14834
192.168.10.96 - - [08/Mar/2019:11:10:24 -0300] "POST /cormun/servlet/trsolicitudgral?bfe15c95c7761b67c14769dd4ab09bc6,,gx-no-cache=1552061030929 HTTP/1.1" 200 7902
190.171.141.114 - - [08/Mar/2019:11:10:27 -0300] "POST /cormun/servlet/solicitudot?gx-no-cache=1552054011534 HTTP/1.1" 200 30
192.168.10.96 - - [08/Mar/2019:11:10:34 -0300] "GET /cormun/servlet/vesolicitudgral?2018,8258,, HTTP/1.1" 200 9323
192.168.10.96 - - [08/Mar/2019:11:10:34 -0300] "GET /cormun/pexe_scrolldiv.js HTTP/1.1" 404 1009
192.168.10.96 - - [08/Mar/2019:11:10:34 -0300] "GET /cormun/pexe_scrolldiv.js HTTP/1.1" 404 1009
186.103.159.187 - - [08/Mar/2019:11:10:34 -0300] "POST /cormun/servlet/solicitudot?gx-no-cache=1552053991045 HTTP/1.1" 200 3543
186.103.159.187 - - [08/Mar/2019:11:10:34 -0300] "POST /cormun/servlet/solicitudot?4558385ae1a1995695bdafca292926b0,INS,0,0,,gx-no-cache=1552053991226 HTTP/1.1" 200 11663
192.168.10.96 - - [08/Mar/2019:11:10:34 -0300] "GET /cormun/servlet/vesolicitudgral?2018,8258,, HTTP/1.1" 200 9323
192.168.10.96 - - [08/Mar/2019:11:10:36 -0300] "GET /cormun/servlet/vesolicitudgral?2018,8258,,SolicitudOTAdjuntos HTTP/1.1" 200 8030
192.168.10.96 - - [08/Mar/2019:11:10:36 -0300] "GET /cormun/pexe_scrolldiv.js HTTP/1.1" 404 1009
192.168.10.96 - - [08/Mar/2019:11:10:36 -0300] "GET /cormun/pexe_scrolldiv.js HTTP/1.1" 404 1009
192.168.10.96 - - [08/Mar/2019:11:10:36 -0300] "GET /cormun/servlet/vesolicitudgral?2018,8258,,SolicitudOTAdjuntos HTTP/1.1" 200 8031
192.168.10.96 - - [08/Mar/2019:11:10:37 -0300] "POST /cormun/servlet/acontrolpreferencessavestate?None,DZAMUDIO,true HTTP/1.1" 200 35
192.168.10.96 - - [08/Mar/2019:11:10:38 -0300] "POST /cormun/servlet/vesolicitudgral?bfe15c95c7761b67c14769dd4ab09bc6,2018,8258,,SolicitudOTAdjuntos,gx-no-cache=1552061045159 HTTP/1.1" 200 90
192.168.10.96 - - [08/Mar/2019:11:10:38 -0300] "GET /cormun/servlet/hpexe_link HTTP/1.1" 200 972
192.168.10.96 - - [08/Mar/2019:11:10:38 -0300] "GET /cormun/servlet/trsolicitudgral? HTTP/1.1" 200 11181
192.168.10.96 - - [08/Mar/2019:11:10:39 -0300] "GET /cormun/servlet/trsolicitudgral? HTTP/1.1" 200 11180
186.103.159.187 - - [08/Mar/2019:11:10:40 -0300] "GET /cormun/servlet/solicitudot?9f32f22fa1604bc8c9888883aa99bb5477620ee429d4459b804facd41ba3769c53fcf14c3d39d4231a865149f8553d80,gx-no-cache=1552053997156 HTTP/1.1" 200 30
186.103.159.187 - - [08/Mar/2019:11:10:40 -0300] "GET /cormun/servlet/solicitudot?9f32f22fa1604bc8c9888883aa99bb54a7e8826f4203f7847fec6d7f13f1a01fb92c4b53aa294221dc6928133a67b91e414d00504da0449623dd6bafc972afa0,gx-no-cache=1552053997211 HTTP/1.1" 200 30
186.103.159.187 - - [08/Mar/2019:11:10:40 -0300] "GET /cormun/servlet/solicitudot?9f32f22fa1604bc8c9888883aa99bb547fea69f9a9cb86fa04621168005a1733,gx-no-cache=1552053997241 HTTP/1.1" 200 51
186.103.159.187 - - [08/Mar/2019:11:10:40 -0300] "POST /cormun/servlet/solicitudot?gx-no-cache=1552053997279 HTTP/1.1" 200 240
186.103.159.187 - - [08/Mar/2019:11:10:40 -0300] "GET /cormun/servlet/solicitudot?9f32f22fa1604bc8c9888883aa99bb54fc4563e9ed5a261ff9aa1717e2da1e97cdec3e8e95c41fbc5300b0991ee5910021f73d7bc8e3339e28e596f9383064e9ad394d628dc6f4b0febded784af2b187b1f0797ffbc7cb4dc04f65760331a67328aa5f85a0b359fe07a51f07a0ca4b2912a294100d8cd7c16a191fdbbe925fd771d12df068ec8a17530b38f7e9ddf5ae84e5212156ea699d320485a0965256cc3602ea2cb36c08e11f3315178aa1d7df9b5ff42ac4b437e3b932c4bcc1b4da07bec689cd08de9ab8ff2a5e7eeb127cb9b63b45d1eb1e797928f540092d68b53d7950104582bc0d4992c180d61b18ce063513661d83ca29fb4467250b35fd05fa30c0ad6249ff5ff4007042cee3f86d6d321ebff0c4a919bb0fd77931dc544d8e9789373476f5a8dc109e242d8a817f63c3f4bfd0f6e7b3c36f0529db1b36cd1b1e74cf651bc1444c61c55597e16b6fee0faeb40c04a460639d598205931856741786a49fa885c665d8c498d77e7910d0948fe335542d92d7742a5802ea228815,gx-no-cache=1552053997327 HTTP/1.1" 200 30
192.168.10.96 - - [08/Mar/2019:11:10:41 -0300] "GET /cormun/servlet/vesolicitudgral?2018,8268,, HTTP/1.1" 200 9322
192.168.10.96 - - [08/Mar/2019:11:10:41 -0300] "GET /cormun/pexe_scrolldiv.js HTTP/1.1" 404 1009
192.168.10.96 - - [08/Mar/2019:11:10:41 -0300] "GET /cormun/pexe_scrolldiv.js HTTP/1.1" 404 1009
192.168.10.96 - - [08/Mar/2019:11:10:41 -0300] "GET /cormun/servlet/vesolicitudgral?2018,8268,, HTTP/1.1" 200 9322
186.103.159.187 - - [08/Mar/2019:11:10:42 -0300] "POST /cormun/servlet/solicitudot?gx-no-cache=1552053999341 HTTP/1.1" 200 30
192.168.10.96 - - [08/Mar/2019:11:10:44 -0300] "GET /cormun/servlet/vesolicitudgral?2018,8268,,SolicitudOTAdjuntos HTTP/1.1" 200 8033
192.168.10.96 - - [08/Mar/2019:11:10:44 -0300] "GET /cormun/pexe_scrolldiv.js HTTP/1.1" 404 1009
192.168.10.96 - - [08/Mar/2019:11:10:44 -0300] "GET /cormun/pexe_scrolldiv.js HTTP/1.1" 404 1009
192.168.10.96 - - [08/Mar/2019:11:10:45 -0300] "GET /cormun/servlet/vesolicitudgral?2018,8268,,SolicitudOTAdjuntos HTTP/1.1" 200 8033
192.168.10.96 - - [08/Mar/2019:11:10:46 -0300] "POST /cormun/servlet/acontrolpreferencessavestate?None,DZAMUDIO,true HTTP/1.1" 200 35
192.168.10.96 - - [08/Mar/2019:11:10:47 -0300] "POST /cormun/servlet/vesolicitudgral?bfe15c95c7761b67c14769dd4ab09bc6,2018,8268,,SolicitudOTAdjuntos,gx-no-cache=1552061053988 HTTP/1.1" 200 90
192.168.10.96 - - [08/Mar/2019:11:10:47 -0300] "GET /cormun/servlet/hpexe_link HTTP/1.1" 200 973
192.168.10.96 - - [08/Mar/2019:11:10:47 -0300] "GET /cormun/servlet/trsolicitudgral HTTP/1.1" 200 11181
192.168.10.96 - - [08/Mar/2019:11:10:47 -0300] "GET /cormun/servlet/trsolicitudgral HTTP/1.1" 200 11180
190.171.141.114 - - [08/Mar/2019:11:10:48 -0300] "POST /cormun/servlet/solicitudot?905d1225558f0b47ab0289c15785f550,INS,0,0,,gx-no-cache=1552054032077 HTTP/1.1" 200 93
190.171.141.114 - - [08/Mar/2019:11:10:48 -0300] "GET /cormun/servlet/hpexe_return? HTTP/1.1" 200 1006
190.171.141.114 - - [08/Mar/2019:11:10:48 -0300] "GET /cormun/servlet/trsolicitudot HTTP/1.1" 200 9689
192.168.10.96 - - [08/Mar/2019:11:10:49 -0300] "GET /cormun/servlet/vesolicitudgral?2019,12829,, HTTP/1.1" 200 9327
192.168.10.96 - - [08/Mar/2019:11:10:49 -0300] "GET /cormun/pexe_scrolldiv.js HTTP/1.1" 404 1009
192.168.10.96 - - [08/Mar/2019:11:10:49 -0300] "GET /cormun/pexe_scrolldiv.js HTTP/1.1" 404 1009
192.168.10.96 - - [08/Mar/2019:11:10:49 -0300] "GET /cormun/servlet/vesolicitudgral?2019,12829,, HTTP/1.1" 200 9327
190.171.141.114 - - [08/Mar/2019:11:10:50 -0300] "GET /cormun/servlet/trsolicitudot HTTP/1.1" 200 9685
192.168.10.96 - - [08/Mar/2019:11:10:51 -0300] "GET /cormun/servlet/vesolicitudgral?2019,12829,,SolicitudOTAdjuntos HTTP/1.1" 200 8029
192.168.10.96 - - [08/Mar/2019:11:10:51 -0300] "GET /cormun/pexe_scrolldiv.js HTTP/1.1" 404 1009
192.168.10.96 - - [08/Mar/2019:11:10:51 -0300] "GET /cormun/pexe_scrolldiv.js HTTP/1.1" 404 1009
192.168.10.96 - - [08/Mar/2019:11:10:51 -0300] "GET /cormun/servlet/vesolicitudgral?2019,12829,,SolicitudOTAdjuntos HTTP/1.1" 200 8030
192.168.10.96 - - [08/Mar/2019:11:10:52 -0300] "POST /cormun/servlet/acontrolpreferencessavestate?None,DZAMUDIO,true HTTP/1.1" 200 35
192.168.10.96 - - [08/Mar/2019:11:10:53 -0300] "POST /cormun/servlet/vesolicitudgral?bfe15c95c7761b67c14769dd4ab09bc6,2019,12829,,SolicitudOTAdjuntos,gx-no-cache=1552061060028 HTTP/1.1" 200 90
192.168.10.96 - - [08/Mar/2019:11:10:53 -0300] "GET /cormun/servlet/hpexe_link HTTP/1.1" 200 973
192.168.10.96 - - [08/Mar/2019:11:10:53 -0300] "GET /cormun/servlet/trsolicitudgral HTTP/1.1" 200 11181
192.168.10.96 - - [08/Mar/2019:11:10:53 -0300] "GET /cormun/servlet/trsolicitudgral HTTP/1.1" 200 11180
186.103.159.187 - - [08/Mar/2019:11:10:54 -0300] "POST /cormun/servlet/solicitudot?gx-no-cache=1552054011204 HTTP/1.1" 200 1282
186.103.159.187 - - [08/Mar/2019:11:10:54 -0300] "POST /cormun/servlet/solicitudot?gx-no-cache=1552054011268 HTTP/1.1" 200 38
186.103.159.187 - - [08/Mar/2019:11:10:54 -0300] "GET /cormun/servlet/solicitudot?9f32f22fa1604bc8c9888883aa99bb54d9df0059bb83ee49436a21e4aa29d189a67d72a8f31d028b77f84d7cf1faa42ed1cee740130a02a2036d0225fbe4029eb3841034be78f1290f5f0810e795f54d16d737e5a3e202d1ee42bc7ce9400988fa575c24e16f5eb4a2fea1c0f2ac5990,gx-no-cache=1552054011300 HTTP/1.1" 200 110
186.103.159.187 - - [08/Mar/2019:11:10:54 -0300] "POST /cormun/servlet/solicitudot?gx-no-cache=1552054011335 HTTP/1.1" 200 97
192.168.10.96 - - [08/Mar/2019:11:10:58 -0300] "GET /cormun/servlet/vesolicitudgral?2018,8258,, HTTP/1.1" 200 9323
192.168.10.96 - - [08/Mar/2019:11:10:58 -0300] "GET /cormun/pexe_scrolldiv.js HTTP/1.1" 404 1009
192.168.10.96 - - [08/Mar/2019:11:10:58 -0300] "GET /cormun/pexe_scrolldiv.js HTTP/1.1" 404 1009
192.168.10.96 - - [08/Mar/2019:11:10:58 -0300] "GET /cormun/servlet/vesolicitudgral?2018,8258,, HTTP/1.1" 200 9323
186.103.159.187 - - [08/Mar/2019:11:11:01 -0300] "GET /cormun/servlet/solicitudot?9f32f22fa1604bc8c9888883aa99bb5421c40e71766d59144756e42398d4960c38f6e0d258f4fd5c7cafaa457004a24759bec585e22f5905e54b84998e7a85e22e65e70db1e963cc93ed200137e1abdb90f2124f869833ec309056c1c45d292f7c22ab3c1d126ad00b60c5a42f4272e1da5cf1215e541a8d8e47811fc44d76e0845d40d104e0d6c55c83cb99971396642dff21c99de543aaf469112da22cb9e8,gx-no-cache=1552054018172 HTTP/1.1" 200 29
186.103.159.187 - - [08/Mar/2019:11:11:01 -0300] "GET /cormun/static/menuarrow.gif HTTP/1.1" 404 1015
192.168.10.96 - - [08/Mar/2019:11:11:01 -0300] "GET /cormun/servlet/vesolicitudgral?2018,8258,,SolicitudOTAdjuntos HTTP/1.1" 200 8030
192.168.10.96 - - [08/Mar/2019:11:11:01 -0300] "GET /cormun/pexe_scrolldiv.js HTTP/1.1" 404 1009
192.168.10.96 - - [08/Mar/2019:11:11:01 -0300] "GET /cormun/pexe_scrolldiv.js HTTP/1.1" 404 1009
192.168.10.96 - - [08/Mar/2019:11:11:02 -0300] "GET /cormun/servlet/vesolicitudgral?2018,8258,,SolicitudOTAdjuntos HTTP/1.1" 200 8031
192.168.10.96 - - [08/Mar/2019:11:11:02 -0300] "POST /cormun/servlet/acontrolpreferencessavestate?None,DZAMUDIO,true HTTP/1.1" 200 35
192.168.10.96 - - [08/Mar/2019:11:11:03 -0300] "POST /cormun/servlet/vesolicitudgral?bfe15c95c7761b67c14769dd4ab09bc6,2018,8258,,SolicitudOTAdjuntos,gx-no-cache=1552061070724 HTTP/1.1" 200 90
192.168.10.96 - - [08/Mar/2019:11:11:03 -0300] "GET /cormun/servlet/hpexe_link HTTP/1.1" 200 973
186.103.159.187 - - [08/Mar/2019:11:11:04 -0300] "GET /cormun/servlet/solicitudot?9f32f22fa1604bc8c9888883aa99bb54bf1621303c87ef487b2f23f9e7e134918a212d7ea4aad9491da9a67c0fa2939f,gx-no-cache=1552054020681 HTTP/1.1" 200 30
192.168.10.96 - - [08/Mar/2019:11:11:04 -0300] "GET /cormun/servlet/trsolicitudgral HTTP/1.1" 200 11181
192.168.10.96 - - [08/Mar/2019:11:11:04 -0300] "GET /cormun/servlet/trsolicitudgral HTTP/1.1" 200 11180
186.103.159.187 - - [08/Mar/2019:11:11:11 -0300] "POST /cormun/servlet/solicitudot?gx-no-cache=1552054027989 HTTP/1.1" 200 30
186.103.159.187 - - [08/Mar/2019:11:11:26 -0300] "POST /cormun/servlet/solicitudot?4558385ae1a1995695bdafca292926b0,INS,0,0,,gx-no-cache=1552054042517 HTTP/1.1" 200 93
186.103.159.187 - - [08/Mar/2019:11:11:26 -0300] "GET /cormun/servlet/hpexe_return? HTTP/1.1" 200 1002
186.103.159.187 - - [08/Mar/2019:11:11:26 -0300] "GET /cormun/servlet/trsolicitudot HTTP/1.1" 200 9150
186.103.159.187 - - [08/Mar/2019:11:11:28 -0300] "GET /cormun/servlet/trsolicitudot HTTP/1.1" 200 9146
186.103.159.187 - - [08/Mar/2019:11:11:34 -0300] "GET /cormun/servlet/solicitudot?INS,0,0, HTTP/1.1" 200 14829
186.103.159.187 - - [08/Mar/2019:11:11:36 -0300] "GET /cormun/servlet/solicitudot?INS,0,0, HTTP/1.1" 200 14834
186.103.159.187 - - [08/Mar/2019:11:11:51 -0300] "POST /cormun/servlet/solicitudot?gx-no-cache=1552054067817 HTTP/1.1" 200 3543
186.103.159.187 - - [08/Mar/2019:11:11:51 -0300] "POST /cormun/servlet/solicitudot?4558385ae1a1995695bdafca292926b0,INS,0,0,,gx-no-cache=1552054068033 HTTP/1.1" 200 11662
186.103.159.187 - - [08/Mar/2019:11:12:04 -0300] "GET /cormun/servlet/solicitudot?9f32f22fa1604bc8c9888883aa99bb5477620ee429d4459b804facd41ba3769c53fcf14c3d39d4231a865149f8553d80,gx-no-cache=1552054080687 HTTP/1.1" 200 30
186.103.159.187 - - [08/Mar/2019:11:12:04 -0300] "GET /cormun/servlet/solicitudot?9f32f22fa1604bc8c9888883aa99bb54a7e8826f4203f7847fec6d7f13f1a01fb92c4b53aa294221dc6928133a67b91e414d00504da0449623dd6bafc972afa0,gx-no-cache=1552054080758 HTTP/1.1" 200 30
186.103.159.187 - - [08/Mar/2019:11:12:04 -0300] "GET /cormun/servlet/solicitudot?9f32f22fa1604bc8c9888883aa99bb547fea69f9a9cb86fa04621168005a1733,gx-no-cache=1552054080792 HTTP/1.1" 200 51
186.103.159.187 - - [08/Mar/2019:11:12:04 -0300] "POST /cormun/servlet/solicitudot?gx-no-cache=1552054080861 HTTP/1.1" 200 240
186.103.159.187 - - [08/Mar/2019:11:12:04 -0300] "GET /cormun/servlet/solicitudot?9f32f22fa1604bc8c9888883aa99bb54fc4563e9ed5a261ff9aa1717e2da1e97cdec3e8e95c41fbc5300b0991ee5910021f73d7bc8e3339e28e596f9383064e9ad394d628dc6f4b0febded784af2b187b1f0797ffbc7cb4dc04f65760331a67328aa5f85a0b359fe07a51f07a0ca4b2912a294100d8cd7c16a191fdbbe925fd771d12df068ec8a17530b38f7e9ddf5ae84e5212156ea699d320485a0965256cc3602ea2cb36c08e11f3315178aa1d7df9b5ff42ac4b437e3b932c4bcc1b4da07bec689cd08de9ab8ff2a5e7eeb127cb9b63b45d1eb1e797928f540092d68b53d7950104582bc0d4992c180d61b18ce063513661d83ca29fb4467250b35fd05fa30c0ad6249ff5ff4007042cee3f86d6d321ebff0c4a919bb0fd77931dc544d8e9789373476f5a8dc109e242d8a817f63c3f4bfd0f6e7b3c36f0529db1b36cd1b1e74cf651bc1444c61c55597e16b6fee0faeb40c04a460639d598205931856741786a49fa885c665d8c498d77e7910d0948fe335542d92d7742a5802ea228815,gx-no-cache=1552054080934 HTTP/1.1" 200 30
186.103.159.187 - - [08/Mar/2019:11:12:05 -0300] "POST /cormun/servlet/solicitudot?gx-no-cache=1552054082501 HTTP/1.1" 200 30
186.103.159.187 - - [08/Mar/2019:11:12:10 -0300] "POST /cormun/servlet/solicitudot?gx-no-cache=1552054086697 HTTP/1.1" 200 1282
186.103.159.187 - - [08/Mar/2019:11:12:10 -0300] "POST /cormun/servlet/solicitudot?gx-no-cache=1552054086767 HTTP/1.1" 200 38
186.103.159.187 - - [08/Mar/2019:11:12:10 -0300] "GET /cormun/servlet/solicitudot?9f32f22fa1604bc8c9888883aa99bb54d9df0059bb83ee49436a21e4aa29d189a67d72a8f31d028b77f84d7cf1faa42ed1cee740130a02a2036d0225fbe4029eb3841034be78f1290f5f0810e795f54d16d737e5a3e202d1ee42bc7ce9400988fa575c24e16f5eb4a2fea1c0f2ac5990,gx-no-cache=1552054086798 HTTP/1.1" 200 110
186.103.159.187 - - [08/Mar/2019:11:12:17 -0300] "POST /cormun/servlet/solicitudot?gx-no-cache=1552054094311 HTTP/1.1" 200 97
186.103.159.187 - - [08/Mar/2019:11:12:43 -0300] "GET /cormun/servlet/solicitudot?9f32f22fa1604bc8c9888883aa99bb5421c40e71766d59144756e42398d4960c38f6e0d258f4fd5c7cafaa457004a24759bec585e22f5905e54b84998e7a85e22e65e70db1e963cc93ed200137e1abdb90f2124f869833ec309056c1c45d292f7c22ab3c1d126ad00b60c5a42f4272e1da5cf1215e541a8d8e47811fc44d76e0845d40d104e0d6c55c83cb99971396642dff21c99de543aaf469112da22cb9e8,gx-no-cache=1552054120433 HTTP/1.1" 200 29
186.103.159.187 - - [08/Mar/2019:11:12:43 -0300] "GET /cormun/static/menuarrow.gif HTTP/1.1" 404 1015
186.103.159.187 - - [08/Mar/2019:11:12:48 -0300] "GET /cormun/servlet/solicitudot?9f32f22fa1604bc8c9888883aa99bb54bf1621303c87ef487b2f23f9e7e134918a212d7ea4aad9491da9a67c0fa2939f,gx-no-cache=1552054124744 HTTP/1.1" 200 30
186.103.159.187 - - [08/Mar/2019:11:12:55 -0300] "POST /cormun/servlet/solicitudot?gx-no-cache=1552054132026 HTTP/1.1" 200 30
186.103.159.187 - - [08/Mar/2019:11:13:29 -0300] "POST /cormun/servlet/solicitudot?4558385ae1a1995695bdafca292926b0,INS,0,0,,gx-no-cache=1552054165493 HTTP/1.1" 200 93
186.103.159.187 - - [08/Mar/2019:11:13:29 -0300] "GET /cormun/servlet/hpexe_return? HTTP/1.1" 200 1002
186.103.159.187 - - [08/Mar/2019:11:13:29 -0300] "GET /cormun/servlet/trsolicitudot HTTP/1.1" 200 9389
186.103.159.187 - - [08/Mar/2019:11:13:31 -0300] "GET /cormun/servlet/trsolicitudot HTTP/1.1" 200 9385
186.103.159.187 - - [08/Mar/2019:11:13:43 -0300] "POST /cormun/servlet/trsolicitudot?4558385ae1a1995695bdafca292926b0,gx-no-cache=1552054180028 HTTP/1.1" 200 6303
186.103.159.187 - - [08/Mar/2019:11:13:43 -0300] "GET /cormun/static/Shared/jqueryui/images/ui-bg_highlight-soft_100_c6c2c8_1x100.png HTTP/1.1" 404 1117
186.103.159.187 - - [08/Mar/2019:11:13:43 -0300] "GET /cormun/static/Shared/jqueryui/images/ui-icons_82798d_256x240.png HTTP/1.1" 404 1089
186.103.159.187 - - [08/Mar/2019:11:13:43 -0300] "GET /cormun/static/Shared/jqueryui/images/ui-bg_flat_55_fafafa_40x100.png HTTP/1.1" 404 1097
186.103.159.187 - - [08/Mar/2019:11:13:43 -0300] "GET /cormun/static/Shared/jqueryui/images/ui-icons_8d78a5_256x240.png HTTP/1.1" 404 1089
186.103.159.187 - - [08/Mar/2019:11:13:43 -0300] "POST /cormun/servlet/trsolicitudot?4558385ae1a1995695bdafca292926b0,gx-no-cache=1552054180422 HTTP/1.1" 200 6246
186.103.159.187 - - [08/Mar/2019:11:13:44 -0300] "POST /cormun/servlet/trsolicitudot?4558385ae1a1995695bdafca292926b0,gx-no-cache=1552054181445 HTTP/1.1" 200 6034
186.103.159.187 - - [08/Mar/2019:11:13:46 -0300] "POST /cormun/servlet/trsolicitudot?4558385ae1a1995695bdafca292926b0,gx-no-cache=1552054182663 HTTP/1.1" 200 5978
186.103.159.187 - - [08/Mar/2019:11:13:47 -0300] "POST /cormun/servlet/trsolicitudot?4558385ae1a1995695bdafca292926b0,gx-no-cache=1552054183673 HTTP/1.1" 200 5744
186.103.159.187 - - [08/Mar/2019:11:13:47 -0300] "POST /cormun/servlet/trsolicitudot?4558385ae1a1995695bdafca292926b0,gx-no-cache=1552054183986 HTTP/1.1" 200 5688
186.103.159.187 - - [08/Mar/2019:11:13:48 -0300] "POST /cormun/servlet/trsolicitudot?4558385ae1a1995695bdafca292926b0,gx-no-cache=1552054185161 HTTP/1.1" 200 4538
186.103.159.187 - - [08/Mar/2019:11:13:48 -0300] "POST /cormun/servlet/trsolicitudot?4558385ae1a1995695bdafca292926b0,gx-no-cache=1552054185404 HTTP/1.1" 200 4311
190.171.141.114 - - [08/Mar/2019:11:14:10 -0300] "GET /cormun/servlet/solicitudot?INS,0,0, HTTP/1.1" 200 14874
190.171.141.114 - - [08/Mar/2019:11:14:11 -0300] "GET /cormun/servlet/solicitudot?INS,0,0, HTTP/1.1" 200 14879
186.103.159.187 - - [08/Mar/2019:11:14:15 -0300] "GET /cormun/servlet/hlogin HTTP/1.1" 200 1731
190.171.141.114 - - [08/Mar/2019:11:14:33 -0300] "POST /cormun/servlet/solicitudot?gx-no-cache=1552054257632 HTTP/1.1" 200 3575
190.171.141.114 - - [08/Mar/2019:11:14:35 -0300] "POST /cormun/servlet/solicitudot?905d1225558f0b47ab0289c15785f550,INS,0,0,,gx-no-cache=1552054258049 HTTP/1.1" 200 11736
190.171.141.114 - - [08/Mar/2019:11:14:41 -0300] "GET /cormun/servlet/solicitudot?6b9867d31f0dc6166a5318eb50abb3603a5f8ed8ed3269c198b62d4eb39052892f79399adbd9c5b2a8fe1e0fa2349026,gx-no-cache=1552054265358 HTTP/1.1" 200 30
190.171.141.114 - - [08/Mar/2019:11:14:41 -0300] "GET /cormun/servlet/solicitudot?6b9867d31f0dc6166a5318eb50abb3601343fa52f295cb63978e2826c072cd9a9ca4fcc0bc76a2e63230f4ecc1106a5cf740d21ca2bea33ca404d8be24e2978e,gx-no-cache=1552054265456 HTTP/1.1" 200 30
190.171.141.114 - - [08/Mar/2019:11:14:41 -0300] "GET /cormun/servlet/solicitudot?6b9867d31f0dc6166a5318eb50abb3609697acebcc9eb6635d3ccaedf7536e79,gx-no-cache=1552054265514 HTTP/1.1" 200 53
190.171.141.114 - - [08/Mar/2019:11:14:41 -0300] "POST /cormun/servlet/solicitudot?gx-no-cache=1552054265588 HTTP/1.1" 200 297
190.171.141.114 - - [08/Mar/2019:11:14:41 -0300] "GET /cormun/servlet/solicitudot?6b9867d31f0dc6166a5318eb50abb360cd39aa428ed3f7526c1c342d2dc38240ffbec0d3f8b2d40bc88dc705aa367f75f61105328840a7474be33b819d90140b860f03b696eb32d1b5c4c068ee02d2f19c27f0213f4da26e7da41e5debe14d6e23b4dc281ba0ab73e174feb6d871f6a44731cbf7ab5b716def2351891644042b59d338926a310848b81b6864fdb8e1abfd039510a355fc9d50be95f03e43dd7e7880cc20a7c43fa74bcc85cde51efa333aa11dcac030b2441a31a735983f7e2ecfd84aa70835e384fec7fa622eaa8c8886d40d38df86804e535f95c49ac61939cdf677e8de356dcd23244de7bdd5831b4bab9cd5a63840c95da7f7e35154a9d117db23b3fd14de3bb4417002892afa1bf87ae3bd8ded312c0e89de8c3b6958dd01d6dec2dc62961cb09963ba875358396bb3141af9fb8341ccbf678386a4d957d3b9c5b73af2736b5329bbb1785744d8bfbe7b9da535c318f85aa2d0625af142c6db4541482640e3cc5f64ac33504ebdc598302a66b371f1cd08be6e84f7a2b9ccde033291bbc559acd76fbc081f05a6,gx-no-cache=1552054265681 HTTP/1.1" 200 30
190.171.141.114 - - [08/Mar/2019:11:14:44 -0300] "POST /cormun/servlet/solicitudot?gx-no-cache=1552054268060 HTTP/1.1" 200 30
186.103.159.187 - - [08/Mar/2019:11:14:46 -0300] "POST /cormun/servlet/hlogin?4558385ae1a1995695bdafca292926b0,gx-no-cache=1552054242874 HTTP/1.1" 200 442
190.171.141.114 - - [08/Mar/2019:11:14:51 -0300] "POST /cormun/servlet/solicitudot?gx-no-cache=1552054275496 HTTP/1.1" 200 1281
190.171.141.114 - - [08/Mar/2019:11:14:51 -0300] "POST /cormun/servlet/solicitudot?gx-no-cache=1552054275578 HTTP/1.1" 200 38
190.171.141.114 - - [08/Mar/2019:11:14:51 -0300] "GET /cormun/servlet/solicitudot?6b9867d31f0dc6166a5318eb50abb3602b7d8e3b581ddf79dfeb7849d2db456e495922c51be7f2ae948442e4829249eb1bde3731385639e81a3479f454d3ddb66631992b7c1582e02236feacf3f9f37b98f34e053340e8e58460ae934104fb7d8f36f543542315aced3c7ec5bdfedc46,gx-no-cache=1552054275626 HTTP/1.1" 200 110
186.103.159.187 - - [08/Mar/2019:11:14:58 -0300] "POST /cormun/servlet/hlogin?4558385ae1a1995695bdafca292926b0,gx-no-cache=1552054255123 HTTP/1.1" 200 90
186.103.159.187 - - [08/Mar/2019:11:14:58 -0300] "GET /cormun/servlet/hpexe_link HTTP/1.1" 200 946
186.103.159.187 - - [08/Mar/2019:11:14:58 -0300] "GET /cormun/servlet/hhome HTTP/1.1" 200 4233
186.103.159.187 - - [08/Mar/2019:11:15:00 -0300] "GET /cormun/servlet/hhome HTTP/1.1" 200 4229
186.103.159.187 - - [08/Mar/2019:11:15:00 -0300] "GET /cormun/static/SmoothNavMenu/resources/images/right.gif HTTP/1.1" 200 860
186.103.159.187 - - [08/Mar/2019:11:15:03 -0300] "GET /cormun/servlet/trautorizarsolicitud? HTTP/1.1" 200 9502
186.103.159.187 - - [08/Mar/2019:11:15:04 -0300] "GET /cormun/static/gxcfg.js?2017111423403364 HTTP/1.1" 200 953
186.103.159.187 - - [08/Mar/2019:11:15:05 -0300] "GET /cormun/static/trautorizarsolicitud.js?201711142340425 HTTP/1.1" 200 53910
186.103.159.187 - - [08/Mar/2019:11:15:05 -0300] "GET /cormun/servlet/trautorizarsolicitud? HTTP/1.1" 200 9500
190.171.141.114 - - [08/Mar/2019:11:15:06 -0300] "POST /cormun/servlet/solicitudot?gx-no-cache=1552054290806 HTTP/1.1" 200 72
186.103.159.187 - - [08/Mar/2019:11:15:10 -0300] "POST /cormun/servlet/trautorizarsolicitud?4558385ae1a1995695bdafca292926b0,,gx-no-cache=1552054266674 HTTP/1.1" 200 6435
186.103.159.187 - - [08/Mar/2019:11:15:10 -0300] "GET /cormun/static/Shared/jqueryui/images/ui-icons_82798d_256x240.png HTTP/1.1" 404 1089
186.103.159.187 - - [08/Mar/2019:11:15:10 -0300] "GET /cormun/static/Shared/jqueryui/images/ui-bg_highlight-soft_100_c6c2c8_1x100.png HTTP/1.1" 404 1117
186.103.159.187 - - [08/Mar/2019:11:15:10 -0300] "GET /cormun/static/Shared/jqueryui/images/ui-icons_8d78a5_256x240.png HTTP/1.1" 404 1089
186.103.159.187 - - [08/Mar/2019:11:15:10 -0300] "GET /cormun/static/Shared/jqueryui/images/ui-bg_flat_55_fafafa_40x100.png HTTP/1.1" 404 1097
186.103.159.187 - - [08/Mar/2019:11:15:10 -0300] "POST /cormun/servlet/trautorizarsolicitud?4558385ae1a1995695bdafca292926b0,,gx-no-cache=1552054267137 HTTP/1.1" 200 6379
186.103.159.187 - - [08/Mar/2019:11:15:11 -0300] "POST /cormun/servlet/trautorizarsolicitud?4558385ae1a1995695bdafca292926b0,,gx-no-cache=1552054268177 HTTP/1.1" 200 6167
186.103.159.187 - - [08/Mar/2019:11:15:11 -0300] "POST /cormun/servlet/trautorizarsolicitud?4558385ae1a1995695bdafca292926b0,,gx-no-cache=1552054268489 HTTP/1.1" 200 6111
186.103.159.187 - - [08/Mar/2019:11:15:13 -0300] "POST /cormun/servlet/trautorizarsolicitud?4558385ae1a1995695bdafca292926b0,,gx-no-cache=1552054269406 HTTP/1.1" 200 5871
186.103.159.187 - - [08/Mar/2019:11:15:14 -0300] "POST /cormun/servlet/trautorizarsolicitud?4558385ae1a1995695bdafca292926b0,,gx-no-cache=1552054271017 HTTP/1.1" 200 5817
190.171.141.114 - - [08/Mar/2019:11:15:14 -0300] "GET /cormun/servlet/solicitudot?6b9867d31f0dc6166a5318eb50abb36058526604a26f5613934b186980f5c7ea472f16da2c0cb2518073994ed9e59e916a29be98f1f4d4a583dbb474b35317c77fc88588a11c87b7ed19233f7b6652b757549a4e80e29ce048e2683adcaf2b956ff646d0d6ab4b92a45c4fcbbdf493ae,gx-no-cache=1552054298494 HTTP/1.1" 200 29
190.171.141.114 - - [08/Mar/2019:11:15:14 -0300] "GET /cormun/static/menuarrow.gif HTTP/1.1" 404 1015
186.103.159.187 - - [08/Mar/2019:11:15:15 -0300] "POST /cormun/servlet/trautorizarsolicitud?4558385ae1a1995695bdafca292926b0,,gx-no-cache=1552054272112 HTTP/1.1" 200 4676
186.103.159.187 - - [08/Mar/2019:11:15:15 -0300] "POST /cormun/servlet/trautorizarsolicitud?4558385ae1a1995695bdafca292926b0,,gx-no-cache=1552054272387 HTTP/1.1" 200 4450
190.171.141.114 - - [08/Mar/2019:11:15:21 -0300] "GET /cormun/servlet/solicitudot?6b9867d31f0dc6166a5318eb50abb3607e1f574a0a9e86875daf0cc2809a379ef09e1605656109267ecf0f01d8670636,gx-no-cache=1552054305391 HTTP/1.1" 200 30
190.171.141.114 - - [08/Mar/2019:11:15:28 -0300] "POST /cormun/servlet/solicitudot?gx-no-cache=1552054312126 HTTP/1.1" 200 30
207.46.13.112 - - [08/Mar/2019:11:15:38 -0300] "GET /cormun/servlet/trvisualizadoreventos HTTP/1.1" 200 5959
190.171.141.114 - - [08/Mar/2019:11:15:47 -0300] "POST /cormun/servlet/solicitudot?905d1225558f0b47ab0289c15785f550,INS,0,0,,gx-no-cache=1552054331295 HTTP/1.1" 200 93
190.171.141.114 - - [08/Mar/2019:11:15:47 -0300] "GET /cormun/servlet/hpexe_return? HTTP/1.1" 200 1006
190.171.141.114 - - [08/Mar/2019:11:15:48 -0300] "GET /cormun/servlet/trsolicitudot HTTP/1.1" 200 10067
190.171.141.114 - - [08/Mar/2019:11:15:49 -0300] "GET /cormun/servlet/trsolicitudot HTTP/1.1" 200 10063
186.79.1.102 - - [08/Mar/2019:11:15:52 -0300] "GET /cormun/servlet/hlogin HTTP/1.1" 200 1722
186.79.1.102 - - [08/Mar/2019:11:16:01 -0300] "POST /cormun/servlet/hlogin?2e4c3a4b3d12d75187fc34cbed60eabe,gx-no-cache=1552054345939 HTTP/1.1" 200 90
186.79.1.102 - - [08/Mar/2019:11:16:01 -0300] "GET /cormun/servlet/hpexe_link HTTP/1.1" 200 953
186.79.1.102 - - [08/Mar/2019:11:16:01 -0300] "GET /cormun/servlet/hhome HTTP/1.1" 200 4333
186.79.1.102 - - [08/Mar/2019:11:16:02 -0300] "GET /cormun/servlet/hhome HTTP/1.1" 200 4329
186.79.1.102 - - [08/Mar/2019:11:16:05 -0300] "GET /cormun/servlet/trsolicitudot? HTTP/1.1" 200 8909
186.79.1.102 - - [08/Mar/2019:11:16:05 -0300] "GET /cormun/servlet/trsolicitudot? HTTP/1.1" 200 8907
190.171.141.114 - - [08/Mar/2019:11:16:06 -0300] "GET /cormun/servlet/solicitudot?INS,0,0, HTTP/1.1" 200 14872
190.171.141.114 - - [08/Mar/2019:11:16:08 -0300] "GET /cormun/servlet/solicitudot?INS,0,0, HTTP/1.1" 200 14877
186.79.1.102 - - [08/Mar/2019:11:16:15 -0300] "GET /cormun/static/menuarrow.gif HTTP/1.1" 404 1015
186.79.1.102 - - [08/Mar/2019:11:16:23 -0300] "POST /cormun/servlet/trsolicitudot?2e4c3a4b3d12d75187fc34cbed60eabe,,gx-no-cache=1552054367044 HTTP/1.1" 200 17255
190.171.141.114 - - [08/Mar/2019:11:16:26 -0300] "POST /cormun/servlet/solicitudot?gx-no-cache=1552054370533 HTTP/1.1" 200 3556
190.171.141.114 - - [08/Mar/2019:11:16:26 -0300] "POST /cormun/servlet/solicitudot?905d1225558f0b47ab0289c15785f550,INS,0,0,,gx-no-cache=1552054370790 HTTP/1.1" 200 11718
190.171.141.114 - - [08/Mar/2019:11:16:31 -0300] "GET /cormun/servlet/solicitudot?6b9867d31f0dc6166a5318eb50abb3600a7f365f794e048ca98fe0a319ed80382f79399adbd9c5b2a8fe1e0fa2349026,gx-no-cache=1552054375432 HTTP/1.1" 200 30
190.171.141.114 - - [08/Mar/2019:11:16:31 -0300] "GET /cormun/servlet/solicitudot?6b9867d31f0dc6166a5318eb50abb360cb3f4082f5003e184bdbd22fadb27b3472a3693657d3c76f5fc3cb2aa0760f721296467b3abbb92fa058503c3a2bc793,gx-no-cache=1552054375495 HTTP/1.1" 200 30
190.171.141.114 - - [08/Mar/2019:11:16:31 -0300] "GET /cormun/servlet/solicitudot?6b9867d31f0dc6166a5318eb50abb360a4045595f3ddc6e5363b07fd2a82a248,gx-no-cache=1552054375531 HTTP/1.1" 200 51
190.171.141.114 - - [08/Mar/2019:11:16:31 -0300] "POST /cormun/servlet/solicitudot?gx-no-cache=1552054375574 HTTP/1.1" 200 297
190.171.141.114 - - [08/Mar/2019:11:16:31 -0300] "GET /cormun/servlet/solicitudot?6b9867d31f0dc6166a5318eb50abb360cd39aa428ed3f7526c1c342d2dc38240ffbec0d3f8b2d40bc88dc705aa367f75f61105328840a7474be33b819d90140b860f03b696eb32d1b5c4c068ee02d2f19c27f0213f4da26e7da41e5debe14d6e23b4dc281ba0ab73e174feb6d871f6a44731cbf7ab5b716def2351891644042b59d338926a310848b81b6864fdb8e1abfd039510a355fc9d50be95f03e43dd7e7880cc20a7c43fa74bcc85cde51efa333aa11dcac030b2441a31a735983f7e2ecfd84aa70835e384fec7fa622eaa8c8886d40d38df86804e535f95c49ac61939cdf677e8de356dcd23244de7bdd5831b4bab9cd5a63840c95da7f7e35154a9d117db23b3fd14de3bb4417002892afa1bf87ae3bd8ded312c0e89de8c3b6958dd01d6dec2dc62961cb09963ba875358396bb3141af9fb8341ccbf678386a4d957d3b9c5b73af2736b5329bbb1785744d8bfbe7b9da535c318f85aa2d0625af142c6db4541482640e3cc5f64ac33504ebdc598302a66b371f1cd08be6e84f7a2b9ccde033291bbc559acd76fbc081f05a6,gx-no-cache=1552054375644 HTTP/1.1" 200 30
190.171.141.114 - - [08/Mar/2019:11:16:34 -0300] "POST /cormun/servlet/solicitudot?gx-no-cache=1552054378485 HTTP/1.1" 200 30
190.171.141.114 - - [08/Mar/2019:11:16:37 -0300] "POST /cormun/servlet/solicitudot?gx-no-cache=1552054381400 HTTP/1.1" 200 1281
190.171.141.114 - - [08/Mar/2019:11:16:37 -0300] "POST /cormun/servlet/solicitudot?gx-no-cache=1552054381471 HTTP/1.1" 200 38
190.171.141.114 - - [08/Mar/2019:11:16:37 -0300] "GET /cormun/servlet/solicitudot?6b9867d31f0dc6166a5318eb50abb3602b7d8e3b581ddf79dfeb7849d2db456e495922c51be7f2ae948442e4829249eb1bde3731385639e81a3479f454d3ddb66631992b7c1582e02236feacf3f9f37b98f34e053340e8e58460ae934104fb7d8f36f543542315aced3c7ec5bdfedc46,gx-no-cache=1552054381511 HTTP/1.1" 200 110
190.171.141.114 - - [08/Mar/2019:11:16:42 -0300] "POST /cormun/servlet/solicitudot?gx-no-cache=1552054386164 HTTP/1.1" 200 97
190.171.141.114 - - [08/Mar/2019:11:16:58 -0300] "GET /cormun/servlet/solicitudot?6b9867d31f0dc6166a5318eb50abb36058526604a26f5613934b186980f5c7ea472f16da2c0cb2518073994ed9e59e916a29be98f1f4d4a583dbb474b35317c77fc88588a11c87b7ed19233f7b6652b757549a4e80e29ce048e2683adcaf2b956ff646d0d6ab4b92a45c4fcbbdf493ae,gx-no-cache=1552054402441 HTTP/1.1" 200 29
190.171.141.114 - - [08/Mar/2019:11:16:58 -0300] "GET /cormun/static/menuarrow.gif HTTP/1.1" 404 1015
190.171.141.114 - - [08/Mar/2019:11:17:04 -0300] "GET /cormun/servlet/solicitudot?6b9867d31f0dc6166a5318eb50abb3607e1f574a0a9e86875daf0cc2809a379ef09e1605656109267ecf0f01d8670636,gx-no-cache=1552054408602 HTTP/1.1" 200 30
190.171.141.114 - - [08/Mar/2019:11:17:13 -0300] "POST /cormun/servlet/solicitudot?gx-no-cache=1552054417274 HTTP/1.1" 200 30
190.171.141.114 - - [08/Mar/2019:11:18:16 -0300] "POST /cormun/servlet/solicitudot?905d1225558f0b47ab0289c15785f550,INS,0,0,,gx-no-cache=1552054479028 HTTP/1.1" 200 93
190.171.141.114 - - [08/Mar/2019:11:18:16 -0300] "GET /cormun/servlet/hpexe_return? HTTP/1.1" 200 1006
190.171.141.114 - - [08/Mar/2019:11:18:16 -0300] "GET /cormun/servlet/trsolicitudot HTTP/1.1" 200 10408
190.171.141.114 - - [08/Mar/2019:11:18:18 -0300] "GET /cormun/servlet/trsolicitudot HTTP/1.1" 200 10403
190.171.141.114 - - [08/Mar/2019:11:18:35 -0300] "GET /cormun/servlet/solicitudot?INS,0,0, HTTP/1.1" 200 14874
190.171.141.114 - - [08/Mar/2019:11:18:36 -0300] "GET /cormun/servlet/solicitudot?INS,0,0, HTTP/1.1" 200 14878
190.171.141.114 - - [08/Mar/2019:11:20:01 -0300] "POST /cormun/servlet/solicitudot?gx-no-cache=1552054585024 HTTP/1.1" 200 3556
190.171.141.114 - - [08/Mar/2019:11:20:01 -0300] "POST /cormun/servlet/solicitudot?905d1225558f0b47ab0289c15785f550,INS,0,0,,gx-no-cache=1552054585548 HTTP/1.1" 200 11719
190.171.141.114 - - [08/Mar/2019:11:20:04 -0300] "GET /cormun/servlet/solicitudot?6b9867d31f0dc6166a5318eb50abb3600a7f365f794e048ca98fe0a319ed80382f79399adbd9c5b2a8fe1e0fa2349026,gx-no-cache=1552054588408 HTTP/1.1" 200 30
190.171.141.114 - - [08/Mar/2019:11:20:04 -0300] "GET /cormun/servlet/solicitudot?6b9867d31f0dc6166a5318eb50abb360cb3f4082f5003e184bdbd22fadb27b3472a3693657d3c76f5fc3cb2aa0760f721296467b3abbb92fa058503c3a2bc793,gx-no-cache=1552054588483 HTTP/1.1" 200 30
190.171.141.114 - - [08/Mar/2019:11:20:04 -0300] "GET /cormun/servlet/solicitudot?6b9867d31f0dc6166a5318eb50abb360a4045595f3ddc6e5363b07fd2a82a248,gx-no-cache=1552054588534 HTTP/1.1" 200 51
190.171.141.114 - - [08/Mar/2019:11:20:04 -0300] "POST /cormun/servlet/solicitudot?gx-no-cache=1552054588586 HTTP/1.1" 200 297
190.171.141.114 - - [08/Mar/2019:11:20:04 -0300] "GET /cormun/servlet/solicitudot?6b9867d31f0dc6166a5318eb50abb360cd39aa428ed3f7526c1c342d2dc38240ffbec0d3f8b2d40bc88dc705aa367f75f61105328840a7474be33b819d90140b860f03b696eb32d1b5c4c068ee02d2f19c27f0213f4da26e7da41e5debe14d6e23b4dc281ba0ab73e174feb6d871f6a44731cbf7ab5b716def2351891644042b59d338926a310848b81b6864fdb8e1abfd039510a355fc9d50be95f03e43dd7e7880cc20a7c43fa74bcc85cde51efa333aa11dcac030b2441a31a735983f7e2ecfd84aa70835e384fec7fa622eaa8c8886d40d38df86804e535f95c49ac61939cdf677e8de356dcd23244de7bdd5831b4bab9cd5a63840c95da7f7e35154a9d117db23b3fd14de3bb4417002892afa1bf87ae3bd8ded312c0e89de8c3b6958dd01d6dec2dc62961cb09963ba875358396bb3141af9fb8341ccbf678386a4d957d3b9c5b73af2736b5329bbb1785744d8bfbe7b9da535c318f85aa2d0625af142c6db4541482640e3cc5f64ac33504ebdc598302a66b371f1cd08be6e84f7a2b9ccde033291bbc559acd76fbc081f05a6,gx-no-cache=1552054588667 HTTP/1.1" 200 30
190.171.141.114 - - [08/Mar/2019:11:20:06 -0300] "POST /cormun/servlet/solicitudot?gx-no-cache=1552054590635 HTTP/1.1" 200 30
190.171.141.114 - - [08/Mar/2019:11:20:11 -0300] "POST /cormun/servlet/solicitudot?gx-no-cache=1552054594984 HTTP/1.1" 200 1281
190.171.141.114 - - [08/Mar/2019:11:20:11 -0300] "POST /cormun/servlet/solicitudot?gx-no-cache=1552054595095 HTTP/1.1" 200 38
190.171.141.114 - - [08/Mar/2019:11:20:11 -0300] "GET /cormun/servlet/solicitudot?6b9867d31f0dc6166a5318eb50abb3602b7d8e3b581ddf79dfeb7849d2db456e495922c51be7f2ae948442e4829249eb1bde3731385639e81a3479f454d3ddb66631992b7c1582e02236feacf3f9f37b98f34e053340e8e58460ae934104fb7d8f36f543542315aced3c7ec5bdfedc46,gx-no-cache=1552054595185 HTTP/1.1" 200 110
190.171.141.114 - - [08/Mar/2019:11:20:14 -0300] "POST /cormun/servlet/solicitudot?gx-no-cache=1552054597642 HTTP/1.1" 200 97
190.171.141.114 - - [08/Mar/2019:11:20:23 -0300] "GET /cormun/servlet/solicitudot?6b9867d31f0dc6166a5318eb50abb36058526604a26f5613934b186980f5c7ea472f16da2c0cb2518073994ed9e59e916a29be98f1f4d4a583dbb474b35317c77fc88588a11c87b7ed19233f7b6652b757549a4e80e29ce048e2683adcaf2b956ff646d0d6ab4b92a45c4fcbbdf493ae,gx-no-cache=1552054607159 HTTP/1.1" 200 29
190.171.141.114 - - [08/Mar/2019:11:20:23 -0300] "GET /cormun/static/menuarrow.gif HTTP/1.1" 404 1015
190.171.141.114 - - [08/Mar/2019:11:20:27 -0300] "GET /cormun/servlet/solicitudot?6b9867d31f0dc6166a5318eb50abb3607e1f574a0a9e86875daf0cc2809a379ef09e1605656109267ecf0f01d8670636,gx-no-cache=1552054611217 HTTP/1.1" 200 30
190.171.141.114 - - [08/Mar/2019:11:20:32 -0300] "POST /cormun/servlet/solicitudot?gx-no-cache=1552054616632 HTTP/1.1" 200 30
190.171.141.114 - - [08/Mar/2019:11:21:04 -0300] "POST /cormun/servlet/solicitudot?gx-no-cache=1552054647938 HTTP/1.1" 200 30
190.171.141.114 - - [08/Mar/2019:11:21:06 -0300] "GET /cormun/servlet/prsolicitudot?17311966,,,,,MD,,gxPopupLevel%3D0%3B HTTP/1.1" 200 6521
190.171.141.114 - - [08/Mar/2019:11:21:06 -0300] "GET /cormun/static/gxcfg.js?2017111422591492 HTTP/1.1" 200 953
190.171.141.114 - - [08/Mar/2019:11:21:06 -0300] "GET /cormun/static/prsolicitudot.js?2017111422591715 HTTP/1.1" 200 13680
190.171.141.114 - - [08/Mar/2019:11:21:13 -0300] "POST /cormun/servlet/solicitudot?gx-no-cache=1552054656964 HTTP/1.1" 200 1281
190.171.141.114 - - [08/Mar/2019:11:21:13 -0300] "POST /cormun/servlet/solicitudot?gx-no-cache=1552054657113 HTTP/1.1" 200 40
190.171.141.114 - - [08/Mar/2019:11:21:13 -0300] "GET /cormun/servlet/solicitudot?6b9867d31f0dc6166a5318eb50abb3602b7d8e3b581ddf79dfeb7849d2db456e495922c51be7f2ae948442e4829249eb1bde3731385639e81a3479f454d3ddb66631992b7c1582e02236feacf3f9f37b98f34e053340e8e58460ae934104fb7d8f36f543542315aced3c7ec5bdfedc46,gx-no-cache=1552054657220 HTTP/1.1" 200 110
190.171.141.114 - - [08/Mar/2019:11:21:13 -0300] "POST /cormun/servlet/solicitudot?gx-no-cache=1552054657358 HTTP/1.1" 200 96
190.171.141.114 - - [08/Mar/2019:11:21:13 -0300] "GET /cormun/servlet/solicitudot?6b9867d31f0dc6166a5318eb50abb3607e1f574a0a9e86875daf0cc2809a379ef09e1605656109267ecf0f01d8670636,gx-no-cache=1552054657480 HTTP/1.1" 200 30
190.171.141.114 - - [08/Mar/2019:11:21:33 -0300] "POST /cormun/servlet/solicitudot?gx-no-cache=1552054677675 HTTP/1.1" 200 33
190.171.141.114 - - [08/Mar/2019:11:21:34 -0300] "POST /cormun/servlet/solicitudot?905d1225558f0b47ab0289c15785f550,INS,0,0,,gx-no-cache=1552054677763 HTTP/1.1" 200 93
190.171.141.114 - - [08/Mar/2019:11:21:34 -0300] "GET /cormun/servlet/hpexe_return? HTTP/1.1" 200 1006
190.171.141.114 - - [08/Mar/2019:11:21:34 -0300] "GET /cormun/servlet/trsolicitudot HTTP/1.1" 200 10739
190.171.141.114 - - [08/Mar/2019:11:21:36 -0300] "GET /cormun/servlet/trsolicitudot HTTP/1.1" 200 10735
190.171.141.114 - - [08/Mar/2019:11:22:03 -0300] "GET /cormun/servlet/solicitudot?INS,0,0, HTTP/1.1" 200 14874
190.171.141.114 - - [08/Mar/2019:11:22:05 -0300] "GET /cormun/servlet/solicitudot?INS,0,0, HTTP/1.1" 200 14878
190.171.141.114 - - [08/Mar/2019:11:22:18 -0300] "POST /cormun/servlet/solicitudot?gx-no-cache=1552054722685 HTTP/1.1" 200 3576
190.171.141.114 - - [08/Mar/2019:11:22:19 -0300] "POST /cormun/servlet/solicitudot?905d1225558f0b47ab0289c15785f550,INS,0,0,,gx-no-cache=1552054723061 HTTP/1.1" 200 11738
190.171.141.114 - - [08/Mar/2019:11:22:21 -0300] "GET /cormun/servlet/solicitudot?6b9867d31f0dc6166a5318eb50abb3603622e86f9f3911e564aae020918d55552f79399adbd9c5b2a8fe1e0fa2349026,gx-no-cache=1552054725755 HTTP/1.1" 200 30
190.171.141.114 - - [08/Mar/2019:11:22:21 -0300] "GET /cormun/servlet/solicitudot?6b9867d31f0dc6166a5318eb50abb3606e02b9743edc1cae1d21e4f843b66c00a51412cdcb965f5f48a55fa0dfb14d70089fdf99b067759e93c7a245d38f7de3,gx-no-cache=1552054725861 HTTP/1.1" 200 30
190.171.141.114 - - [08/Mar/2019:11:22:22 -0300] "GET /cormun/servlet/solicitudot?6b9867d31f0dc6166a5318eb50abb360a4045595f3ddc6e5363b07fd2a82a248,gx-no-cache=1552054725949 HTTP/1.1" 200 51
190.171.141.114 - - [08/Mar/2019:11:22:22 -0300] "POST /cormun/servlet/solicitudot?gx-no-cache=1552054726084 HTTP/1.1" 200 297
190.171.141.114 - - [08/Mar/2019:11:22:22 -0300] "GET /cormun/servlet/solicitudot?6b9867d31f0dc6166a5318eb50abb360cd39aa428ed3f7526c1c342d2dc38240ffbec0d3f8b2d40bc88dc705aa367f75f61105328840a7474be33b819d90140b860f03b696eb32d1b5c4c068ee02d2f19c27f0213f4da26e7da41e5debe14d6e23b4dc281ba0ab73e174feb6d871f6a44731cbf7ab5b716def2351891644042b59d338926a310848b81b6864fdb8e1abfd039510a355fc9d50be95f03e43dd7e7880cc20a7c43fa74bcc85cde51efa333aa11dcac030b2441a31a735983f7e2ecfd84aa70835e384fec7fa622eaa8c8886d40d38df86804e535f95c49ac61939cdf677e8de356dcd23244de7bdd5831b4bab9cd5a63840c95da7f7e35154a9d117db23b3fd14de3bb4417002892afa1bf87ae3bd8ded312c0e89de8c3b6958dd01d6dec2dc62961cb09963ba875358396bb3141af9fb8341ccbf678386a4d957d3b9c5b73af2736b5329bbb1785744d8bfbe7b9da535c318f85aa2d0625af142c6db4541482640e3cc5f64ac33504ebdc598302a66b371f1cd08be6e84f7a2b9ccde033291bbc559acd76fbc081f05a6,gx-no-cache=1552054726167 HTTP/1.1" 200 30
190.171.141.114 - - [08/Mar/2019:11:22:25 -0300] "POST /cormun/servlet/solicitudot?gx-no-cache=1552054729663 HTTP/1.1" 200 30
190.171.141.114 - - [08/Mar/2019:11:22:28 -0300] "POST /cormun/servlet/solicitudot?gx-no-cache=1552054731973 HTTP/1.1" 200 1281
190.171.141.114 - - [08/Mar/2019:11:22:28 -0300] "POST /cormun/servlet/solicitudot?gx-no-cache=1552054732129 HTTP/1.1" 200 38
187.102.58.130 - - [08/Mar/2019:11:22:41 -0300] "GET / HTTP/1.1" 200 11217
190.114.239.128 - - [08/Mar/2019:11:24:58 -0300] "GET / HTTP/1.1" 200 11217
190.171.141.114 - - [08/Mar/2019:11:27:54 -0300] "GET /cormun/servlet/solicitudot?6b9867d31f0dc6166a5318eb50abb3602b7d8e3b581ddf79dfeb7849d2db456e495922c51be7f2ae948442e4829249eb1bde3731385639e81a3479f454d3ddb66631992b7c1582e02236feacf3f9f37b98f34e053340e8e58460ae934104fb7d8f36f543542315aced3c7ec5bdfedc46,gx-no-cache=1552055058214 HTTP/1.1" 200 110
190.171.141.114 - - [08/Mar/2019:11:27:54 -0300] "POST /cormun/servlet/solicitudot?gx-no-cache=1552055058312 HTTP/1.1" 200 79
190.171.141.114 - - [08/Mar/2019:11:28:05 -0300] "GET /cormun/servlet/solicitudot?6b9867d31f0dc6166a5318eb50abb36058526604a26f5613934b186980f5c7ea472f16da2c0cb2518073994ed9e59e916a29be98f1f4d4a583dbb474b35317c77fc88588a11c87b7ed19233f7b6652b757549a4e80e29ce048e2683adcaf2b956ff646d0d6ab4b92a45c4fcbbdf493ae,gx-no-cache=1552055069612 HTTP/1.1" 200 29
190.171.141.114 - - [08/Mar/2019:11:28:05 -0300] "GET /cormun/static/menuarrow.gif HTTP/1.1" 404 1015
190.171.141.114 - - [08/Mar/2019:11:28:10 -0300] "GET /cormun/servlet/solicitudot?6b9867d31f0dc6166a5318eb50abb3607e1f574a0a9e86875daf0cc2809a379ef09e1605656109267ecf0f01d8670636,gx-no-cache=1552055074382 HTTP/1.1" 200 30
190.171.141.114 - - [08/Mar/2019:11:28:17 -0300] "POST /cormun/servlet/solicitudot?gx-no-cache=1552055081928 HTTP/1.1" 200 30
190.171.141.114 - - [08/Mar/2019:11:29:06 -0300] "POST /cormun/servlet/solicitudot?905d1225558f0b47ab0289c15785f550,INS,0,0,,gx-no-cache=1552055129640 HTTP/1.1" 200 93
190.171.141.114 - - [08/Mar/2019:11:29:06 -0300] "GET /cormun/servlet/hpexe_return? HTTP/1.1" 200 1006
190.171.141.114 - - [08/Mar/2019:11:29:06 -0300] "GET /cormun/servlet/trsolicitudot HTTP/1.1" 200 11158
190.171.141.114 - - [08/Mar/2019:11:29:08 -0300] "GET /cormun/servlet/trsolicitudot HTTP/1.1" 200 11153
192.168.10.96 - - [08/Mar/2019:11:29:21 -0300] "POST /cormun/servlet/trsolicitudgral?bfe15c95c7761b67c14769dd4ab09bc6,gx-no-cache=1552062168052 HTTP/1.1" 200 7659
190.171.141.114 - - [08/Mar/2019:11:29:44 -0300] "GET /cormun/servlet/solicitudot?INS,0,0, HTTP/1.1" 200 14874
190.171.141.114 - - [08/Mar/2019:11:29:45 -0300] "GET /cormun/servlet/solicitudot?INS,0,0, HTTP/1.1" 200 14879
66.249.83.203 - - [08/Mar/2019:11:29:48 -0300] "GET /cormun/servlet/hlogin HTTP/1.1" 200 1716
66.249.83.203 - - [08/Mar/2019:11:29:48 -0300] "GET /cormun/servlet/hlogin?_escaped_fragment_= HTTP/1.1" 200 1721
66.249.83.203 - - [08/Mar/2019:11:29:49 -0300] "GET /favicon.ico HTTP/1.1" 200 21630
190.171.141.114 - - [08/Mar/2019:11:30:00 -0300] "POST /cormun/servlet/solicitudot?gx-no-cache=1552055184637 HTTP/1.1" 200 3542
190.171.141.114 - - [08/Mar/2019:11:30:01 -0300] "POST /cormun/servlet/solicitudot?905d1225558f0b47ab0289c15785f550,INS,0,0,,gx-no-cache=1552055184898 HTTP/1.1" 200 11694
190.171.141.114 - - [08/Mar/2019:11:30:04 -0300] "GET /cormun/servlet/solicitudot?6b9867d31f0dc6166a5318eb50abb360d9d6dcfc70bc254d341ebf62918133022f79399adbd9c5b2a8fe1e0fa2349026,gx-no-cache=1552055188592 HTTP/1.1" 200 30
190.171.141.114 - - [08/Mar/2019:11:30:04 -0300] "GET /cormun/servlet/solicitudot?6b9867d31f0dc6166a5318eb50abb3608a8274f39bb6a67a9937c2778add20994452c0b4a816f09852ae1dafbf082f962f79399adbd9c5b2a8fe1e0fa2349026,gx-no-cache=1552055188757 HTTP/1.1" 200 30
190.171.141.114 - - [08/Mar/2019:11:30:04 -0300] "GET /cormun/servlet/solicitudot?6b9867d31f0dc6166a5318eb50abb3609697acebcc9eb6635d3ccaedf7536e79,gx-no-cache=1552055188815 HTTP/1.1" 200 53
190.171.141.114 - - [08/Mar/2019:11:30:04 -0300] "POST /cormun/servlet/solicitudot?gx-no-cache=1552055188880 HTTP/1.1" 200 255
