46.174.191.28 - - [08/Mar/2019:00:26:11 -0300] "GET / HTTP/1.0" 200 11197
40.77.167.85 - - [08/Mar/2019:00:43:03 -0300] "GET /cormun/servlet/trsolicitudot HTTP/1.1" 200 6401
40.77.167.85 - - [08/Mar/2019:00:43:03 -0300] "GET /cormun/static/PXToolsJavascripts/pexe_oavdivfix.js HTTP/1.1" 200 639
40.77.167.85 - - [08/Mar/2019:00:43:04 -0300] "GET /cormun/static/Resources/Spanish/PXTools.css?1255365 HTTP/1.1" 200 89042
40.77.167.85 - - [08/Mar/2019:00:43:04 -0300] "GET /cormun/static/calendar-es.js?85251 HTTP/1.1" 200 1901
77.49.119.158 - - [08/Mar/2019:00:57:25 -0300] "GET / HTTP/1.1" 200 11217
123.192.64.143 - - [08/Mar/2019:02:05:55 -0300] "GET / HTTP/1.0" 200 11197
78.108.177.51 - - [08/Mar/2019:02:19:13 -0300] "GET / HTTP/1.0" 200 11197
40.77.167.82 - - [08/Mar/2019:02:33:04 -0300] "GET /cormun/servlet/trlicenciaspermisoslog?6692541,L,20190110000000,_escaped_fragment_%3D HTTP/1.1" 200 5331
185.209.0.82 - - [08/Mar/2019:03:02:45 -0300] "/*àCookie: mstshash=Administr " 400 -
46.174.191.32 - - [08/Mar/2019:03:41:34 -0300] "GET / HTTP/1.0" 200 11197
111.62.24.221 - - [08/Mar/2019:04:00:20 -0300] "GET /manager/html HTTP/1.1" 401 2474
207.46.13.116 - - [08/Mar/2019:05:00:07 -0300] "GET /cormun/servlet/licenciaspermisos?DSP,17501627,L,20190123000000,_escaped_fragment_%3D HTTP/1.1" 200 6135
207.46.13.116 - - [08/Mar/2019:05:13:01 -0300] "GET /cormun/static/Resources/Spanish/PXTools.css?17315867 HTTP/1.1" 200 89042
207.46.13.116 - - [08/Mar/2019:05:13:05 -0300] "GET /cormun/static/Shared/ext/ext-all.js HTTP/1.1" 200 1289687
207.46.13.40 - - [08/Mar/2019:05:13:05 -0300] "GET /cormun/static/licenciaspermisos.js?201762917281260 HTTP/1.1" 200 37491
207.46.13.116 - - [08/Mar/2019:05:13:05 -0300] "GET /cormun/static/gxcfg.js?201762917281167 HTTP/1.1" 200 953
207.46.13.116 - - [08/Mar/2019:05:13:06 -0300] "GET /cormun/static/messages.spa.js?85251 HTTP/1.1" 200 30736
103.233.122.48 - - [08/Mar/2019:05:36:35 -0300] "GET / HTTP/1.1" 200 11217
46.174.191.28 - - [08/Mar/2019:05:43:38 -0300] "GET / HTTP/1.0" 200 11197
40.77.167.178 - - [08/Mar/2019:06:14:14 -0300] "GET /cormun/servlet/licenciaspermisos?DSP,17501627,L,20190123000000,_escaped_fragment_%3D HTTP/1.1" 200 6132
40.77.167.64 - - [08/Mar/2019:06:14:19 -0300] "GET /cormun/static/Resources/Spanish/PXTools.css?1155365 HTTP/1.1" 200 89042
207.46.13.40 - - [08/Mar/2019:06:14:23 -0300] "GET /cormun/static/gxcfg.js?20177612122725 HTTP/1.1" 200 953
207.46.13.208 - - [08/Mar/2019:06:14:34 -0300] "GET /cormun/static/hlogin.js?20177612122738 HTTP/1.1" 200 2136
191.205.188.119 - - [08/Mar/2019:06:33:56 -0300] "GET / HTTP/1.1" 200 11217
212.96.201.227 - - [08/Mar/2019:06:50:53 -0300] "GET / HTTP/1.0" 200 11197
188.235.131.242 - - [08/Mar/2019:06:53:26 -0300] "GET / HTTP/1.1" 200 11217
192.168.10.96 - - [08/Mar/2019:07:36:35 -0300] "GET /cormun/servlet/hlogin HTTP/1.1" 200 1721
192.168.10.96 - - [08/Mar/2019:07:36:37 -0300] "GET /cormun/servlet/hlogin HTTP/1.1" 200 1721
192.168.10.96 - - [08/Mar/2019:07:36:50 -0300] "POST /cormun/servlet/hlogin?1bdd1c1f8310612a273331f1df27ea57,gx-no-cache=1552048217761 HTTP/1.1" 200 427
192.168.10.96 - - [08/Mar/2019:07:37:03 -0300] "POST /cormun/servlet/hlogin?1bdd1c1f8310612a273331f1df27ea57,gx-no-cache=1552048229927 HTTP/1.1" 200 90
192.168.10.96 - - [08/Mar/2019:07:37:03 -0300] "GET /cormun/servlet/hpexe_link HTTP/1.1" 200 948
192.168.10.96 - - [08/Mar/2019:07:37:03 -0300] "GET /cormun/servlet/hhome HTTP/1.1" 200 3812
192.168.10.96 - - [08/Mar/2019:07:37:05 -0300] "GET /cormun/servlet/hhome HTTP/1.1" 200 3811
192.168.10.96 - - [08/Mar/2019:07:37:19 -0300] "GET /cormun/servlet/trsolicitudgral? HTTP/1.1" 200 27404
192.168.10.96 - - [08/Mar/2019:07:37:20 -0300] "GET /cormun/servlet/trsolicitudgral? HTTP/1.1" 200 27403
192.168.10.96 - - [08/Mar/2019:07:37:29 -0300] "POST /cormun/servlet/trsolicitudgral?1bdd1c1f8310612a273331f1df27ea57,,gx-no-cache=1552048256550 HTTP/1.1" 200 6693
192.168.10.96 - - [08/Mar/2019:07:37:33 -0300] "GET /cormun/servlet/trautorizarot? HTTP/1.1" 200 13181
192.168.10.96 - - [08/Mar/2019:07:37:34 -0300] "GET /cormun/servlet/trautorizarot? HTTP/1.1" 200 13181
192.168.10.96 - - [08/Mar/2019:07:37:46 -0300] "POST /cormun/servlet/trautorizarot?1bdd1c1f8310612a273331f1df27ea57,,gx-no-cache=1552048273736 HTTP/1.1" 200 5177
192.168.10.96 - - [08/Mar/2019:07:37:47 -0300] "POST /cormun/servlet/trautorizarot?1bdd1c1f8310612a273331f1df27ea57,,gx-no-cache=1552048274526 HTTP/1.1" 200 5176
192.168.10.96 - - [08/Mar/2019:07:37:48 -0300] "POST /cormun/servlet/trautorizarot?1bdd1c1f8310612a273331f1df27ea57,,gx-no-cache=1552048274836 HTTP/1.1" 200 5176
192.168.10.96 - - [08/Mar/2019:07:37:48 -0300] "POST /cormun/servlet/trautorizarot?1bdd1c1f8310612a273331f1df27ea57,,gx-no-cache=1552048274943 HTTP/1.1" 200 5176
192.168.10.96 - - [08/Mar/2019:07:38:49 -0300] "POST /cormun/servlet/trautorizarot?1bdd1c1f8310612a273331f1df27ea57,,gx-no-cache=1552048336608 HTTP/1.1" 200 12583
192.168.10.96 - - [08/Mar/2019:07:39:01 -0300] "POST /cormun/servlet/trautorizarot?1bdd1c1f8310612a273331f1df27ea57,,gx-no-cache=1552048348102 HTTP/1.1" 200 12153
192.168.10.96 - - [08/Mar/2019:07:39:47 -0300] "POST /cormun/servlet/trautorizarot?1bdd1c1f8310612a273331f1df27ea57,,gx-no-cache=1552048394147 HTTP/1.1" 200 116
192.168.10.96 - - [08/Mar/2019:07:39:47 -0300] "GET /cormun/servlet/solicitudotlog?INS,2019,12759,0,REC, HTTP/1.1" 200 5622
192.168.10.96 - - [08/Mar/2019:07:39:48 -0300] "GET /cormun/servlet/solicitudotlog?INS,2019,12759,0,REC, HTTP/1.1" 200 5622
192.168.10.96 - - [08/Mar/2019:07:39:48 -0300] "GET /cormun/servlet/solicitudotlog?767046641a9b253f6801332721f469a1b3236292bd5b28e3962cdbecba09e6d6d151ac3fa5711987b3d2cc498d323e8ae35a9451e857e5488b335c5b527c8d3a6292a8b3dc79f4d29919cc98328b0e8d81d76b408537c57b934aa1b100379ffd7bd0de808a0f4761bdfaa68e80d2d89e744c49af99bdc7b29ea039cd7db88f030896ce03863be257fb78d573a0b9bf43f8fd3c496f988329db74d9a4a5e99bce,gx-no-cache=1552048395495 HTTP/1.1" 200 94
192.168.10.96 - - [08/Mar/2019:07:39:52 -0300] "POST /cormun/servlet/solicitudotlog?1bdd1c1f8310612a273331f1df27ea57,INS,2019,12759,0,REC,,gx-no-cache=1552048398758 HTTP/1.1" 200 93
192.168.10.96 - - [08/Mar/2019:07:39:52 -0300] "GET /cormun/servlet/hpexe_return? HTTP/1.1" 200 1025
192.168.10.96 - - [08/Mar/2019:07:39:52 -0300] "GET /cormun/servlet/trautorizarot? HTTP/1.1" 200 14827
192.168.10.96 - - [08/Mar/2019:07:39:53 -0300] "GET /cormun/servlet/trautorizarot? HTTP/1.1" 200 14822
14.242.50.215 - - [08/Mar/2019:07:40:15 -0300] "GET / HTTP/1.0" 200 11197
192.168.10.96 - - [08/Mar/2019:07:40:35 -0300] "GET /cormun/servlet/trsolicitudgral? HTTP/1.1" 200 9749
192.168.10.96 - - [08/Mar/2019:07:40:35 -0300] "GET /cormun/servlet/trsolicitudgral? HTTP/1.1" 200 9748
192.168.10.96 - - [08/Mar/2019:07:40:44 -0300] "POST /cormun/servlet/trsolicitudgral?1bdd1c1f8310612a273331f1df27ea57,,gx-no-cache=1552048451141 HTTP/1.1" 200 6951
192.168.10.96 - - [08/Mar/2019:07:40:53 -0300] "GET /cormun/servlet/trautorizarot? HTTP/1.1" 200 14823
192.168.10.96 - - [08/Mar/2019:07:40:54 -0300] "GET /cormun/servlet/trautorizarot? HTTP/1.1" 200 14822
192.168.10.96 - - [08/Mar/2019:07:41:34 -0300] "POST /cormun/servlet/trautorizarot?1bdd1c1f8310612a273331f1df27ea57,,gx-no-cache=1552048500712 HTTP/1.1" 200 11395
192.168.10.96 - - [08/Mar/2019:07:41:36 -0300] "POST /cormun/servlet/trautorizarot?1bdd1c1f8310612a273331f1df27ea57,,gx-no-cache=1552048503055 HTTP/1.1" 200 10600
192.168.10.96 - - [08/Mar/2019:07:41:54 -0300] "POST /cormun/servlet/trautorizarot?1bdd1c1f8310612a273331f1df27ea57,,gx-no-cache=1552048521483 HTTP/1.1" 200 9997
207.46.13.40 - - [08/Mar/2019:07:42:27 -0300] "GET /cormun/servlet/trlicenciaspermisosadjuntos?16056746,20190121000000,L,_escaped_fragment_%3D&_escaped_fragment_= HTTP/1.1" 200 5448
192.168.10.96 - - [08/Mar/2019:07:43:00 -0300] "POST /cormun/servlet/trautorizarot?1bdd1c1f8310612a273331f1df27ea57,,gx-no-cache=1552048586916 HTTP/1.1" 200 9688
192.168.10.96 - - [08/Mar/2019:07:43:12 -0300] "POST /cormun/servlet/trautorizarot?1bdd1c1f8310612a273331f1df27ea57,,gx-no-cache=1552048599114 HTTP/1.1" 200 9297
192.168.10.96 - - [08/Mar/2019:07:43:28 -0300] "POST /cormun/servlet/trautorizarot?1bdd1c1f8310612a273331f1df27ea57,,gx-no-cache=1552048614960 HTTP/1.1" 200 9378
207.46.13.40 - - [08/Mar/2019:07:43:43 -0300] "GET /cormun/servlet/trlicenciaspermisosadjuntos?16056746,20190121000000,L,_escaped_fragment_%3D&_escaped_fragment_= HTTP/1.1" 200 5451
192.168.10.96 - - [08/Mar/2019:07:43:49 -0300] "GET /cormun/servlet/trsolicitudgral? HTTP/1.1" 200 9986
192.168.10.96 - - [08/Mar/2019:07:43:49 -0300] "GET /cormun/servlet/trsolicitudgral? HTTP/1.1" 200 9986
192.168.10.96 - - [08/Mar/2019:07:43:54 -0300] "POST /cormun/servlet/trsolicitudgral?1bdd1c1f8310612a273331f1df27ea57,,gx-no-cache=1552048640489 HTTP/1.1" 200 22880
40.77.167.178 - - [08/Mar/2019:07:43:55 -0300] "GET /cormun/static/gxcfg.js?20177612163414 HTTP/1.1" 200 953
40.77.167.178 - - [08/Mar/2019:07:43:55 -0300] "GET /cormun/static/trlicenciaspermisosadjuntos.js?20177612163719 HTTP/1.1" 200 21036
192.168.10.96 - - [08/Mar/2019:07:44:06 -0300] "POST /cormun/servlet/trsolicitudgral?1bdd1c1f8310612a273331f1df27ea57,,gx-no-cache=1552048649942 HTTP/1.1" 200 24257
192.168.10.96 - - [08/Mar/2019:07:44:14 -0300] "POST /cormun/servlet/trsolicitudgral?1bdd1c1f8310612a273331f1df27ea57,,gx-no-cache=1552048657547 HTTP/1.1" 200 20896
192.168.10.96 - - [08/Mar/2019:07:44:19 -0300] "POST /cormun/servlet/trsolicitudgral?1bdd1c1f8310612a273331f1df27ea57,,gx-no-cache=1552048663306 HTTP/1.1" 200 24008
123.205.56.217 - - [08/Mar/2019:07:44:23 -0300] "GET / HTTP/1.0" 200 11197
192.168.10.96 - - [08/Mar/2019:07:44:30 -0300] "POST /cormun/servlet/trsolicitudgral?1bdd1c1f8310612a273331f1df27ea57,,gx-no-cache=1552048677138 HTTP/1.1" 200 22564
192.168.10.96 - - [08/Mar/2019:07:45:45 -0300] "POST /cormun/servlet/trsolicitudgral?1bdd1c1f8310612a273331f1df27ea57,,gx-no-cache=1552048751841 HTTP/1.1" 200 22568
192.168.10.96 - - [08/Mar/2019:07:45:50 -0300] "GET /cormun/servlet/trautorizarot? HTTP/1.1" 200 12383
192.168.10.96 - - [08/Mar/2019:07:45:51 -0300] "GET /cormun/servlet/trautorizarot? HTTP/1.1" 200 12382
192.168.10.96 - - [08/Mar/2019:07:46:00 -0300] "POST /cormun/servlet/trautorizarot?1bdd1c1f8310612a273331f1df27ea57,,gx-no-cache=1552048766938 HTTP/1.1" 200 22513
192.168.10.96 - - [08/Mar/2019:07:46:02 -0300] "POST /cormun/servlet/trautorizarot?1bdd1c1f8310612a273331f1df27ea57,,gx-no-cache=1552048769240 HTTP/1.1" 200 21918
192.168.10.96 - - [08/Mar/2019:07:49:12 -0300] "POST /cormun/servlet/trautorizarot?1bdd1c1f8310612a273331f1df27ea57,,gx-no-cache=1552048958961 HTTP/1.1" 200 21535
192.168.10.96 - - [08/Mar/2019:07:51:10 -0300] "POST /cormun/servlet/trautorizarot?1bdd1c1f8310612a273331f1df27ea57,,gx-no-cache=1552049076685 HTTP/1.1" 200 21072
192.168.10.96 - - [08/Mar/2019:07:52:27 -0300] "POST /cormun/servlet/trautorizarot?1bdd1c1f8310612a273331f1df27ea57,,gx-no-cache=1552049154267 HTTP/1.1" 200 6852
192.168.10.96 - - [08/Mar/2019:07:52:40 -0300] "POST /cormun/servlet/trautorizarot?1bdd1c1f8310612a273331f1df27ea57,,gx-no-cache=1552049167271 HTTP/1.1" 200 5344
192.168.10.96 - - [08/Mar/2019:07:53:22 -0300] "POST /cormun/servlet/trautorizarot?1bdd1c1f8310612a273331f1df27ea57,,gx-no-cache=1552049209063 HTTP/1.1" 200 20511
192.168.10.96 - - [08/Mar/2019:07:54:46 -0300] "POST /cormun/servlet/trautorizarot?1bdd1c1f8310612a273331f1df27ea57,,gx-no-cache=1552049293100 HTTP/1.1" 200 6848
192.168.10.89 - - [08/Mar/2019:07:55:46 -0300] "GET /cormun/servlet/hlogin HTTP/1.1" 200 1719
192.168.10.89 - - [08/Mar/2019:07:55:46 -0300] "GET /cormun/servlet/hlogin HTTP/1.1" 200 1721
192.168.10.89 - - [08/Mar/2019:07:55:48 -0300] "GET /cormunbeta/servlet/hlogin HTTP/1.1" 200 1730
192.168.10.89 - - [08/Mar/2019:07:56:12 -0300] "POST /cormun/servlet/hlogin?32ab8c03b282936a362a528a8cd2a67c,gx-no-cache=1552049379215 HTTP/1.1" 200 90
192.168.10.89 - - [08/Mar/2019:07:56:12 -0300] "GET /cormun/servlet/hpexe_link HTTP/1.1" 200 950
192.168.10.89 - - [08/Mar/2019:07:56:12 -0300] "GET /cormun/servlet/hhome HTTP/1.1" 200 4987
192.168.10.89 - - [08/Mar/2019:07:56:20 -0300] "GET /cormun/servlet/trsolicitudgral? HTTP/1.1" 200 28621
192.168.10.89 - - [08/Mar/2019:07:56:58 -0300] "POST /cormun/servlet/trsolicitudgral?32ab8c03b282936a362a528a8cd2a67c,,gx-no-cache=1552049425500 HTTP/1.1" 200 7319
192.168.10.96 - - [08/Mar/2019:07:57:26 -0300] "GET /cormun/servlet/veautorizarot?2019,12987,, HTTP/1.1" 200 8335
192.168.10.96 - - [08/Mar/2019:07:57:26 -0300] "GET /cormun/static/gxcfg.js?20171115129438 HTTP/1.1" 200 953
192.168.10.96 - - [08/Mar/2019:07:57:26 -0300] "GET /cormun/pexe_scrolldiv.js HTTP/1.1" 404 1009
192.168.10.96 - - [08/Mar/2019:07:57:26 -0300] "GET /cormun/static/veautorizarot.js?201711151294398 HTTP/1.1" 200 6707
192.168.10.96 - - [08/Mar/2019:07:57:26 -0300] "GET /cormun/static/tbautorizarot01.js?20183710584261 HTTP/1.1" 200 31227
192.168.10.96 - - [08/Mar/2019:07:57:26 -0300] "GET /cormun/pexe_scrolldiv.js HTTP/1.1" 404 1009
192.168.10.96 - - [08/Mar/2019:07:57:27 -0300] "GET /cormun/servlet/veautorizarot?2019,12987,, HTTP/1.1" 200 8335
192.168.10.96 - - [08/Mar/2019:07:57:28 -0300] "GET /cormun/servlet/veautorizarot?2019,12987,,SolicitudOTLog HTTP/1.1" 200 9195
192.168.10.96 - - [08/Mar/2019:07:57:28 -0300] "GET /cormun/pexe_scrolldiv.js HTTP/1.1" 404 1009
192.168.10.96 - - [08/Mar/2019:07:57:28 -0300] "GET /cormun/static/tbautorizarot03.js?20177611582528 HTTP/1.1" 200 13332
192.168.10.96 - - [08/Mar/2019:07:57:28 -0300] "GET /cormun/pexe_scrolldiv.js HTTP/1.1" 404 1009
192.168.10.96 - - [08/Mar/2019:07:57:29 -0300] "GET /cormun/servlet/veautorizarot?2019,12987,,SolicitudOTLog HTTP/1.1" 200 9196
192.168.10.96 - - [08/Mar/2019:07:57:29 -0300] "POST /cormun/servlet/acontrolpreferencessavestate?None,RRHH+DANIELA,true HTTP/1.1" 200 35
192.168.10.96 - - [08/Mar/2019:07:57:43 -0300] "POST /cormun/servlet/veautorizarot?1bdd1c1f8310612a273331f1df27ea57,2019,12987,,SolicitudOTLog,gx-no-cache=1552049470596 HTTP/1.1" 200 90
192.168.10.96 - - [08/Mar/2019:07:57:43 -0300] "GET /cormun/servlet/hpexe_link HTTP/1.1" 200 977
192.168.10.96 - - [08/Mar/2019:07:57:43 -0300] "GET /cormun/servlet/trautorizarot? HTTP/1.1" 200 9838
192.168.10.96 - - [08/Mar/2019:07:57:44 -0300] "GET /cormun/servlet/trautorizarot? HTTP/1.1" 200 9837
192.168.10.96 - - [08/Mar/2019:07:57:50 -0300] "POST /cormun/servlet/trautorizarot?1bdd1c1f8310612a273331f1df27ea57,,gx-no-cache=1552049476918 HTTP/1.1" 200 6530
192.168.10.96 - - [08/Mar/2019:07:57:53 -0300] "POST /cormun/servlet/trautorizarot?1bdd1c1f8310612a273331f1df27ea57,,gx-no-cache=1552049480091 HTTP/1.1" 200 20275
192.168.10.89 - - [08/Mar/2019:07:58:04 -0300] "POST /cormun/servlet/trsolicitudgral?32ab8c03b282936a362a528a8cd2a67c,,gx-no-cache=1552049490912 HTTP/1.1" 200 7672
192.168.10.89 - - [08/Mar/2019:07:58:18 -0300] "POST /cormun/servlet/trsolicitudgral?32ab8c03b282936a362a528a8cd2a67c,,gx-no-cache=1552049505640 HTTP/1.1" 200 5958
192.168.10.89 - - [08/Mar/2019:07:58:28 -0300] "POST /cormun/servlet/trsolicitudgral?32ab8c03b282936a362a528a8cd2a67c,,gx-no-cache=1552049514801 HTTP/1.1" 200 7654
192.168.10.89 - - [08/Mar/2019:07:58:45 -0300] "POST /cormun/servlet/trsolicitudgral?32ab8c03b282936a362a528a8cd2a67c,,gx-no-cache=1552049532432 HTTP/1.1" 200 7321
192.168.10.89 - - [08/Mar/2019:07:59:00 -0300] "POST /cormun/servlet/trsolicitudgral?32ab8c03b282936a362a528a8cd2a67c,,gx-no-cache=1552049546929 HTTP/1.1" 200 7325
192.168.10.89 - - [08/Mar/2019:07:59:17 -0300] "POST /cormun/servlet/trsolicitudgral?32ab8c03b282936a362a528a8cd2a67c,,gx-no-cache=1552049563849 HTTP/1.1" 200 7323
192.168.10.89 - - [08/Mar/2019:07:59:28 -0300] "POST /cormun/servlet/trsolicitudgral?32ab8c03b282936a362a528a8cd2a67c,,gx-no-cache=1552049575112 HTTP/1.1" 200 7329
192.168.10.89 - - [08/Mar/2019:07:59:37 -0300] "POST /cormun/servlet/trsolicitudgral?32ab8c03b282936a362a528a8cd2a67c,,gx-no-cache=1552049584168 HTTP/1.1" 200 5959
192.168.10.89 - - [08/Mar/2019:07:59:47 -0300] "POST /cormun/servlet/trsolicitudgral?32ab8c03b282936a362a528a8cd2a67c,,gx-no-cache=1552049594559 HTTP/1.1" 200 7318
192.168.10.96 - - [08/Mar/2019:07:59:48 -0300] "POST /cormun/servlet/trautorizarot?1bdd1c1f8310612a273331f1df27ea57,,gx-no-cache=1552049594786 HTTP/1.1" 200 19943
192.168.10.89 - - [08/Mar/2019:08:00:01 -0300] "POST /cormun/servlet/trsolicitudgral?32ab8c03b282936a362a528a8cd2a67c,,gx-no-cache=1552049607872 HTTP/1.1" 200 7341
192.168.10.89 - - [08/Mar/2019:08:00:13 -0300] "POST /cormun/servlet/trsolicitudgral?32ab8c03b282936a362a528a8cd2a67c,,gx-no-cache=1552049620304 HTTP/1.1" 200 5956
192.168.10.89 - - [08/Mar/2019:08:00:24 -0300] "POST /cormun/servlet/trsolicitudgral?32ab8c03b282936a362a528a8cd2a67c,,gx-no-cache=1552049630815 HTTP/1.1" 200 7308
207.46.13.76 - - [08/Mar/2019:08:00:26 -0300] "GET /cormun/servlet/trlicenciaspermisoslog?11527916,L,20190110000000,_escaped_fragment_%3D&_escaped_fragment_= HTTP/1.1" 200 5357
192.168.10.89 - - [08/Mar/2019:08:01:01 -0300] "POST /cormun/servlet/trsolicitudgral?32ab8c03b282936a362a528a8cd2a67c,,gx-no-cache=1552049668440 HTTP/1.1" 200 7307
192.168.10.89 - - [08/Mar/2019:08:01:14 -0300] "POST /cormun/servlet/trsolicitudgral?32ab8c03b282936a362a528a8cd2a67c,,gx-no-cache=1552049681728 HTTP/1.1" 200 7637
192.168.10.89 - - [08/Mar/2019:08:01:28 -0300] "POST /cormun/servlet/trsolicitudgral?32ab8c03b282936a362a528a8cd2a67c,,gx-no-cache=1552049695700 HTTP/1.1" 200 5964
192.168.10.96 - - [08/Mar/2019:08:01:31 -0300] "POST /cormun/servlet/trautorizarot?1bdd1c1f8310612a273331f1df27ea57,,gx-no-cache=1552049698155 HTTP/1.1" 200 6844
192.168.10.89 - - [08/Mar/2019:08:01:38 -0300] "POST /cormun/servlet/trsolicitudgral?32ab8c03b282936a362a528a8cd2a67c,,gx-no-cache=1552049705480 HTTP/1.1" 200 5965
192.168.10.89 - - [08/Mar/2019:08:01:52 -0300] "POST /cormun/servlet/trsolicitudgral?32ab8c03b282936a362a528a8cd2a67c,,gx-no-cache=1552049718936 HTTP/1.1" 200 5960
192.168.10.96 - - [08/Mar/2019:08:01:58 -0300] "POST /cormun/servlet/trautorizarot?1bdd1c1f8310612a273331f1df27ea57,,gx-no-cache=1552049724788 HTTP/1.1" 200 5356
192.168.10.96 - - [08/Mar/2019:08:02:01 -0300] "POST /cormun/servlet/trautorizarot?1bdd1c1f8310612a273331f1df27ea57,,gx-no-cache=1552049727844 HTTP/1.1" 200 19246
192.168.10.96 - - [08/Mar/2019:08:02:06 -0300] "POST /cormun/servlet/trautorizarot?1bdd1c1f8310612a273331f1df27ea57,,gx-no-cache=1552049733543 HTTP/1.1" 200 7140
192.168.10.89 - - [08/Mar/2019:08:02:09 -0300] "POST /cormun/servlet/trsolicitudgral?32ab8c03b282936a362a528a8cd2a67c,,gx-no-cache=1552049735969 HTTP/1.1" 200 7316
192.168.10.89 - - [08/Mar/2019:08:02:22 -0300] "POST /cormun/servlet/trsolicitudgral?32ab8c03b282936a362a528a8cd2a67c,,gx-no-cache=1552049749157 HTTP/1.1" 200 7327
192.168.10.89 - - [08/Mar/2019:08:02:30 -0300] "POST /cormun/servlet/trsolicitudgral?32ab8c03b282936a362a528a8cd2a67c,,gx-no-cache=1552049757673 HTTP/1.1" 200 8498
192.168.10.96 - - [08/Mar/2019:08:02:48 -0300] "POST /cormun/servlet/trautorizarot?1bdd1c1f8310612a273331f1df27ea57,,gx-no-cache=1552049774902 HTTP/1.1" 200 5356
192.168.10.96 - - [08/Mar/2019:08:02:56 -0300] "POST /cormun/servlet/trautorizarot?1bdd1c1f8310612a273331f1df27ea57,,gx-no-cache=1552049783022 HTTP/1.1" 200 18402
192.168.10.96 - - [08/Mar/2019:08:03:06 -0300] "POST /cormun/servlet/trautorizarot?1bdd1c1f8310612a273331f1df27ea57,,gx-no-cache=1552049792967 HTTP/1.1" 200 6872
200.111.191.210 - - [08/Mar/2019:08:03:20 -0300] "GET /cormun/servlet/trsolicitudot? HTTP/1.1" 200 6421
200.111.191.210 - - [08/Mar/2019:08:03:21 -0300] "GET /cormun/servlet/hlogin HTTP/1.1" 200 1741
200.111.191.210 - - [08/Mar/2019:08:03:21 -0300] "GET /cormun/servlet/trsolicitudot? HTTP/1.1" 200 6421
200.111.191.210 - - [08/Mar/2019:08:03:30 -0300] "POST /cormun/servlet/hlogin?23c90ae00fe0722fe3ea95eac5d278aa,gx-no-cache=1552042871683 HTTP/1.1" 200 90
200.111.191.210 - - [08/Mar/2019:08:03:30 -0300] "GET /cormun/servlet/hpexe_link HTTP/1.1" 200 959
200.111.191.210 - - [08/Mar/2019:08:03:30 -0300] "GET /cormun/servlet/trsolicitudot HTTP/1.1" 200 7073
200.111.191.210 - - [08/Mar/2019:08:03:31 -0300] "GET /cormun/servlet/trsolicitudot HTTP/1.1" 200 7072
200.111.191.210 - - [08/Mar/2019:08:03:33 -0300] "GET /cormun/servlet/trsolicitudot? HTTP/1.1" 200 7072
200.111.191.210 - - [08/Mar/2019:08:03:33 -0300] "GET /cormun/servlet/trsolicitudot? HTTP/1.1" 200 7072
200.111.191.210 - - [08/Mar/2019:08:03:37 -0300] "GET /cormun/servlet/solicitudot?INS,0,0, HTTP/1.1" 200 14851
200.111.191.210 - - [08/Mar/2019:08:03:37 -0300] "GET /cormun/servlet/solicitudot?INS,0,0, HTTP/1.1" 200 14855
200.111.191.210 - - [08/Mar/2019:08:03:48 -0300] "POST /cormun/servlet/solicitudot?gx-no-cache=1552042889688 HTTP/1.1" 200 3577
200.111.191.210 - - [08/Mar/2019:08:03:48 -0300] "POST /cormun/servlet/solicitudot?23c90ae00fe0722fe3ea95eac5d278aa,INS,0,0,,gx-no-cache=1552042889860 HTTP/1.1" 200 11751
200.111.191.210 - - [08/Mar/2019:08:03:49 -0300] "GET /cormun/servlet/solicitudot?3062868c3f2fd5ef1ea8d846af0b5918b7c75e59de7a9d329769ddade9b2074939493d3797005fd791a9ba74e905788d,gx-no-cache=1552042890044 HTTP/1.1" 200 30
192.168.10.96 - - [08/Mar/2019:08:03:56 -0300] "POST /cormun/servlet/trautorizarot?1bdd1c1f8310612a273331f1df27ea57,,gx-no-cache=1552049843720 HTTP/1.1" 200 116
192.168.10.96 - - [08/Mar/2019:08:03:56 -0300] "GET /cormun/servlet/solicitudotlog?INS,2019,12885,0,REC, HTTP/1.1" 200 5636
200.111.191.210 - - [08/Mar/2019:08:03:57 -0300] "GET /cormun/servlet/solicitudot?3062868c3f2fd5ef1ea8d846af0b59181f23c3d14bef393a9c84e590561110d60147ec02bfb25949c07dc3fd143c14dd4f8fef6431e070ba67f98b1b640ff930,gx-no-cache=1552042898033 HTTP/1.1" 200 30
200.111.191.210 - - [08/Mar/2019:08:03:57 -0300] "GET /cormun/servlet/solicitudot?3062868c3f2fd5ef1ea8d846af0b591816607402a9950a3789d706c15306dcff,gx-no-cache=1552042898066 HTTP/1.1" 200 61
200.111.191.210 - - [08/Mar/2019:08:03:57 -0300] "POST /cormun/servlet/solicitudot?gx-no-cache=1552042898114 HTTP/1.1" 200 297
200.111.191.210 - - [08/Mar/2019:08:03:57 -0300] "GET /cormun/servlet/solicitudot?3062868c3f2fd5ef1ea8d846af0b59184d62bd0d6313b07fc1bebda68c5415f40095a143da6ab1f6a80e3e0393ee427fd204f8d9d717c096d7677441626cb6b6707de80286a3b01a2adffbd0bbb7315c90501591997b260900b91c4693e4f1f56540f71167f4cac52263a02ca57807eb5f2365123ce7aa72d27ce23d97b341cb78f2baffbfc8e86dc3c080206dd5b6580d7fd9b631eac72484fc49321f183bbe43d8d29e1029ac8b8267bfb17e23c819947723335343db6ed05a89e88e2f9428b70ab87a5b2c2386b88970733feee36bfcf80d2dd3476ec706bbeffdc05a13c8865edf4dd4570a4865026c305c3ab0b656a1e2e1d08bfe0a0efcd08f506ac6aba0dd6ebbd9b5574250e4fd51d385c0558a1241d7ac6ca8ea21883b71427eb9bb203ed3a1d25282c47bba03571700ccc927ae26c5c92c0688c0e2d62ce1ce4ef1d118eabfc9996252195644889f3709420bf5bdbed100e7176286c659af4ce63f8c2a3ed3612c2090c71cafa4696e41823ecc01c058ffd59d3c886fc84c065bdd5677e3944d1f5956511d1a49ba151a10,gx-no-cache=1552042898170 HTTP/1.1" 200 30
192.168.10.96 - - [08/Mar/2019:08:03:57 -0300] "GET /cormun/servlet/solicitudotlog?INS,2019,12885,0,REC, HTTP/1.1" 200 5635
192.168.10.96 - - [08/Mar/2019:08:03:57 -0300] "GET /cormun/servlet/solicitudotlog?767046641a9b253f6801332721f469a11cd92abf9494e5de1ba4459868f56382d151ac3fa5711987b3d2cc498d323e8ae35a9451e857e5488b335c5b527c8d3a6292a8b3dc79f4d29919cc98328b0e8d81d76b408537c57b934aa1b100379ffd7bd0de808a0f4761bdfaa68e80d2d89e744c49af99bdc7b29ea039cd7db88f030896ce03863be257fb78d573a0b9bf43f8fd3c496f988329db74d9a4a5e99bce,gx-no-cache=1552049844671 HTTP/1.1" 200 94
200.111.191.210 - - [08/Mar/2019:08:03:59 -0300] "POST /cormun/servlet/solicitudot?gx-no-cache=1552042900557 HTTP/1.1" 200 30
200.111.191.210 - - [08/Mar/2019:08:04:01 -0300] "GET /cormun/servlet/prcontratosol?17235254,,,,,MD,,gxPopupLevel%3D0%3B HTTP/1.1" 200 8076
200.111.191.210 - - [08/Mar/2019:08:04:01 -0300] "GET /cormun/static/gxcfg.js?201761413223964 HTTP/1.1" 200 953
200.111.191.210 - - [08/Mar/2019:08:04:01 -0300] "GET /cormun/static/prcontratosol.js?201761413224174 HTTP/1.1" 200 15806
192.168.10.96 - - [08/Mar/2019:08:04:03 -0300] "POST /cormun/servlet/solicitudotlog?1bdd1c1f8310612a273331f1df27ea57,INS,2019,12885,0,REC,,gx-no-cache=1552049850371 HTTP/1.1" 200 93
192.168.10.96 - - [08/Mar/2019:08:04:03 -0300] "GET /cormun/servlet/hpexe_return? HTTP/1.1" 200 1025
192.168.10.96 - - [08/Mar/2019:08:04:03 -0300] "GET /cormun/servlet/trautorizarot? HTTP/1.1" 200 9532
192.168.10.96 - - [08/Mar/2019:08:04:04 -0300] "GET /cormun/servlet/trautorizarot? HTTP/1.1" 200 9528
192.168.10.96 - - [08/Mar/2019:08:04:05 -0300] "POST /cormun/servlet/trautorizarot?1bdd1c1f8310612a273331f1df27ea57,,gx-no-cache=1552049852566 HTTP/1.1" 200 116
192.168.10.96 - - [08/Mar/2019:08:04:05 -0300] "GET /cormun/servlet/solicitudotlog?INS,2019,12884,0,REC, HTTP/1.1" 200 5636
192.168.10.96 - - [08/Mar/2019:08:04:06 -0300] "GET /cormun/servlet/solicitudotlog?INS,2019,12884,0,REC, HTTP/1.1" 200 5635
192.168.10.96 - - [08/Mar/2019:08:04:06 -0300] "GET /cormun/servlet/solicitudotlog?767046641a9b253f6801332721f469a154b790ad17ca26872415945196bc3f19d151ac3fa5711987b3d2cc498d323e8ae35a9451e857e5488b335c5b527c8d3a6292a8b3dc79f4d29919cc98328b0e8d81d76b408537c57b934aa1b100379ffd7bd0de808a0f4761bdfaa68e80d2d89e744c49af99bdc7b29ea039cd7db88f030896ce03863be257fb78d573a0b9bf43f8fd3c496f988329db74d9a4a5e99bce,gx-no-cache=1552049853546 HTTP/1.1" 200 94
192.168.10.96 - - [08/Mar/2019:08:04:10 -0300] "POST /cormun/servlet/solicitudotlog?1bdd1c1f8310612a273331f1df27ea57,INS,2019,12884,0,REC,,gx-no-cache=1552049857785 HTTP/1.1" 200 93
192.168.10.96 - - [08/Mar/2019:08:04:11 -0300] "GET /cormun/servlet/hpexe_return? HTTP/1.1" 200 1024
192.168.10.96 - - [08/Mar/2019:08:04:11 -0300] "GET /cormun/servlet/trautorizarot HTTP/1.1" 200 8174
192.168.10.96 - - [08/Mar/2019:08:04:11 -0300] "GET /cormun/servlet/trautorizarot HTTP/1.1" 200 8170
192.168.10.96 - - [08/Mar/2019:08:04:13 -0300] "GET /cormun/servlet/hlogin HTTP/1.1" 200 1738
200.111.191.210 - - [08/Mar/2019:08:04:13 -0300] "POST /cormun/servlet/solicitudot?gx-no-cache=1552042914756 HTTP/1.1" 200 1281
200.111.191.210 - - [08/Mar/2019:08:04:14 -0300] "POST /cormun/servlet/solicitudot?gx-no-cache=1552042914960 HTTP/1.1" 200 38
200.111.191.210 - - [08/Mar/2019:08:04:14 -0300] "GET /cormun/servlet/solicitudot?3062868c3f2fd5ef1ea8d846af0b5918374bfc5ae2a7bbfc5ca2693eb6e43693c52df84b3e3094d988ec530f115c402295ed0b9d929f87a363ec484cf5c4fcbde5c5e6778c9635f1caaa88d75f1a0b62b62260a2278b4de0d9e0ae05f8f17c8d473ba8a8c8bae142237d651664d62de5,gx-no-cache=1552042915076 HTTP/1.1" 200 110
200.111.191.210 - - [08/Mar/2019:08:04:14 -0300] "POST /cormun/servlet/solicitudot?gx-no-cache=1552042915169 HTTP/1.1" 200 97
200.111.191.210 - - [08/Mar/2019:08:04:14 -0300] "GET /cormun/servlet/solicitudot?3062868c3f2fd5ef1ea8d846af0b59184142e73f98f453f9e4086f962f1165350bc1c78d075ad5bd6cc9d6412eab45ffa4446291308c91453ffdf4565f50bf6cd114125f1c2253731ad66b34a79c64c587e57e50d9b60617416c13668b54aee7416e61d6c88935f95334c5198bd44bb5,gx-no-cache=1552042915202 HTTP/1.1" 200 29
200.111.191.210 - - [08/Mar/2019:08:04:14 -0300] "GET /cormun/servlet/solicitudot?3062868c3f2fd5ef1ea8d846af0b5918664f3bb83ec99a3afea8e50c2d0a3dc6,gx-no-cache=1552042915278 HTTP/1.1" 200 30
200.111.191.210 - - [08/Mar/2019:08:04:18 -0300] "POST /cormun/servlet/solicitudot?gx-no-cache=1552042919017 HTTP/1.1" 200 30
192.168.10.96 - - [08/Mar/2019:08:04:20 -0300] "POST /cormun/servlet/hlogin?1bdd1c1f8310612a273331f1df27ea57,gx-no-cache=1552049866951 HTTP/1.1" 200 90
192.168.10.96 - - [08/Mar/2019:08:04:20 -0300] "GET /cormun/servlet/hpexe_link HTTP/1.1" 200 948
192.168.10.96 - - [08/Mar/2019:08:04:20 -0300] "GET /cormun/servlet/hhome HTTP/1.1" 200 4771
192.168.10.96 - - [08/Mar/2019:08:04:20 -0300] "GET /cormun/servlet/hhome HTTP/1.1" 200 4767
200.111.191.210 - - [08/Mar/2019:08:04:20 -0300] "POST /cormun/servlet/solicitudot?gx-no-cache=1552042921830 HTTP/1.1" 200 1281
200.111.191.210 - - [08/Mar/2019:08:04:20 -0300] "POST /cormun/servlet/solicitudot?gx-no-cache=1552042921861 HTTP/1.1" 200 38
200.111.191.210 - - [08/Mar/2019:08:04:20 -0300] "GET /cormun/servlet/solicitudot?3062868c3f2fd5ef1ea8d846af0b5918374bfc5ae2a7bbfc5ca2693eb6e43693c52df84b3e3094d988ec530f115c402295ed0b9d929f87a363ec484cf5c4fcbde5c5e6778c9635f1caaa88d75f1a0b62b62260a2278b4de0d9e0ae05f8f17c8d473ba8a8c8bae142237d651664d62de5,gx-no-cache=1552042921876 HTTP/1.1" 200 110
200.111.191.210 - - [08/Mar/2019:08:04:20 -0300] "POST /cormun/servlet/solicitudot?gx-no-cache=1552042921895 HTTP/1.1" 200 97
192.168.10.96 - - [08/Mar/2019:08:04:31 -0300] "GET /cormun/servlet/trsecurityuser01? HTTP/1.1" 200 12248
192.168.10.96 - - [08/Mar/2019:08:04:31 -0300] "GET /cormun/servlet/trsecurityuser01? HTTP/1.1" 200 12246
200.111.191.210 - - [08/Mar/2019:08:04:38 -0300] "GET /cormun/servlet/solicitudot?3062868c3f2fd5ef1ea8d846af0b59188fd458463d041c83f1a21cee044928dc196154a05b294d3c672d52459bf14712,gx-no-cache=1552042939341 HTTP/1.1" 200 30
200.111.191.210 - - [08/Mar/2019:08:04:49 -0300] "GET /cormun/static/menuarrow.gif HTTP/1.1" 404 1015
200.111.191.210 - - [08/Mar/2019:08:04:59 -0300] "POST /cormun/servlet/solicitudot?gx-no-cache=1552042960466 HTTP/1.1" 200 30
200.111.191.210 - - [08/Mar/2019:08:05:12 -0300] "POST /cormun/servlet/solicitudot?23c90ae00fe0722fe3ea95eac5d278aa,INS,0,0,,gx-no-cache=1552042973247 HTTP/1.1" 200 93
200.111.191.210 - - [08/Mar/2019:08:05:12 -0300] "GET /cormun/servlet/hpexe_return? HTTP/1.1" 200 1010
200.111.191.210 - - [08/Mar/2019:08:05:12 -0300] "GET /cormun/servlet/trsolicitudot HTTP/1.1" 200 8479
200.111.191.210 - - [08/Mar/2019:08:05:13 -0300] "GET /cormun/servlet/trsolicitudot HTTP/1.1" 200 8475
200.111.191.210 - - [08/Mar/2019:08:05:16 -0300] "POST /cormun/servlet/trsolicitudot?23c90ae00fe0722fe3ea95eac5d278aa,gx-no-cache=1552042977627 HTTP/1.1" 200 4275
200.111.191.210 - - [08/Mar/2019:08:05:16 -0300] "GET /cormun/static/Shared/jqueryui/images/ui-bg_flat_55_fafafa_40x100.png HTTP/1.1" 404 1097
200.111.191.210 - - [08/Mar/2019:08:05:16 -0300] "GET /cormun/static/Shared/jqueryui/images/ui-icons_82798d_256x240.png HTTP/1.1" 404 1089
200.111.191.210 - - [08/Mar/2019:08:05:16 -0300] "GET /cormun/static/Shared/jqueryui/images/ui-bg_highlight-soft_100_c6c2c8_1x100.png HTTP/1.1" 404 1117
200.111.191.210 - - [08/Mar/2019:08:05:16 -0300] "GET /cormun/static/Shared/jqueryui/images/ui-icons_8d78a5_256x240.png HTTP/1.1" 404 1089
200.111.191.210 - - [08/Mar/2019:08:05:16 -0300] "POST /cormun/servlet/trsolicitudot?23c90ae00fe0722fe3ea95eac5d278aa,gx-no-cache=1552042977797 HTTP/1.1" 200 4049
200.111.191.210 - - [08/Mar/2019:08:05:19 -0300] "GET /cormun/servlet/solicitudot?INS,0,0, HTTP/1.1" 200 14850
200.111.191.210 - - [08/Mar/2019:08:05:20 -0300] "GET /cormun/servlet/solicitudot?INS,0,0, HTTP/1.1" 200 14855
200.111.191.210 - - [08/Mar/2019:08:05:32 -0300] "POST /cormun/servlet/solicitudot?gx-no-cache=1552042993619 HTTP/1.1" 200 3587
200.111.191.210 - - [08/Mar/2019:08:05:32 -0300] "POST /cormun/servlet/solicitudot?23c90ae00fe0722fe3ea95eac5d278aa,INS,0,0,,gx-no-cache=1552042993730 HTTP/1.1" 200 11725
200.111.191.210 - - [08/Mar/2019:08:05:42 -0300] "GET /cormun/servlet/solicitudot?3062868c3f2fd5ef1ea8d846af0b59183011d3fb440c49b5a0d379ad4012429939493d3797005fd791a9ba74e905788d,gx-no-cache=1552043003039 HTTP/1.1" 200 30
200.111.191.210 - - [08/Mar/2019:08:05:42 -0300] "GET /cormun/servlet/solicitudot?3062868c3f2fd5ef1ea8d846af0b5918eb87987df263494bde5a01c17acba5e777852bdfc7756d0c698eefed606097144f8fef6431e070ba67f98b1b640ff930,gx-no-cache=1552043003057 HTTP/1.1" 200 30
200.111.191.210 - - [08/Mar/2019:08:05:42 -0300] "GET /cormun/servlet/solicitudot?3062868c3f2fd5ef1ea8d846af0b59184cd2b5b3bc3ed163f9cf96fbcc8c2a98,gx-no-cache=1552043003073 HTTP/1.1" 200 53
200.111.191.210 - - [08/Mar/2019:08:05:42 -0300] "POST /cormun/servlet/solicitudot?gx-no-cache=1552043003089 HTTP/1.1" 200 256
200.111.191.210 - - [08/Mar/2019:08:05:42 -0300] "GET /cormun/servlet/solicitudot?3062868c3f2fd5ef1ea8d846af0b59184d62bd0d6313b07fc1bebda68c5415f4cdc1857f445d14033c1a87cebaf49069d204f8d9d717c096d7677441626cb6b6707de80286a3b01a2adffbd0bbb7315c90501591997b260900b91c4693e4f1f56540f71167f4cac52263a02ca57807eb5f2365123ce7aa72d27ce23d97b341cb78f2baffbfc8e86dc3c080206dd5b6580d7fd9b631eac72484fc49321f183bbe43d8d29e1029ac8b8267bfb17e23c819947723335343db6ed05a89e88e2f9428b70ab87a5b2c2386b88970733feee36bfcf80d2dd3476ec706bbeffdc05a13c8865edf4dd4570a4865026c305c3ab0b656a1e2e1d08bfe0a0efcd08f506ac6aba0dd6ebbd9b5574250e4fd51d385c0558a1241d7ac6ca8ea21883b71427eb9bb203ed3a1d25282c47bba03571700ccc927ae26c5c92c0688c0e2d62ce1ce4ef1f130c534ee25815d1b5ca7c4cd7d013f84eab264bb15ac0ec7c17469ce9457d971a1e6e8de8469c417db16d8dded664aa0f1b496b97dd854ea71596932709408,gx-no-cache=1552043003113 HTTP/1.1" 200 30
200.111.191.210 - - [08/Mar/2019:08:05:44 -0300] "POST /cormun/servlet/solicitudot?gx-no-cache=1552043005149 HTTP/1.1" 200 30
200.111.191.210 - - [08/Mar/2019:08:05:47 -0300] "POST /cormun/servlet/solicitudot?gx-no-cache=1552043008249 HTTP/1.1" 200 1280
200.111.191.210 - - [08/Mar/2019:08:05:47 -0300] "POST /cormun/servlet/solicitudot?gx-no-cache=1552043008276 HTTP/1.1" 200 38
200.111.191.210 - - [08/Mar/2019:08:05:47 -0300] "GET /cormun/servlet/solicitudot?3062868c3f2fd5ef1ea8d846af0b5918374bfc5ae2a7bbfc5ca2693eb6e43693c52df84b3e3094d988ec530f115c402295ed0b9d929f87a363ec484cf5c4fcbde5c5e6778c9635f1caaa88d75f1a0b62b62260a2278b4de0d9e0ae05f8f17c8d473ba8a8c8bae142237d651664d62de5,gx-no-cache=1552043008292 HTTP/1.1" 200 110
200.111.191.210 - - [08/Mar/2019:08:06:00 -0300] "POST /cormun/servlet/solicitudot?gx-no-cache=1552043021974 HTTP/1.1" 200 110
192.168.10.96 - - [08/Mar/2019:08:06:08 -0300] "POST /cormun/servlet/trsecurityuser01?1bdd1c1f8310612a273331f1df27ea57,,gx-no-cache=1552049975498 HTTP/1.1" 200 4470
192.168.10.96 - - [08/Mar/2019:08:06:09 -0300] "POST /cormun/servlet/trsecurityuser01?1bdd1c1f8310612a273331f1df27ea57,,gx-no-cache=1552049976257 HTTP/1.1" 200 4469
200.111.191.210 - - [08/Mar/2019:08:06:12 -0300] "GET /cormun/servlet/solicitudot?3062868c3f2fd5ef1ea8d846af0b59184142e73f98f453f9e4086f962f1165350bc1c78d075ad5bd6cc9d6412eab45ffa4446291308c91453ffdf4565f50bf6cd114125f1c2253731ad66b34a79c64c587e57e50d9b60617416c13668b54aee7416e61d6c88935f95334c5198bd44bb5,gx-no-cache=1552043033464 HTTP/1.1" 200 29
192.168.10.96 - - [08/Mar/2019:08:06:13 -0300] "POST /cormun/servlet/trsecurityuser01?1bdd1c1f8310612a273331f1df27ea57,,gx-no-cache=1552049980072 HTTP/1.1" 200 10038
200.111.191.210 - - [08/Mar/2019:08:06:19 -0300] "GET /cormun/servlet/solicitudot?3062868c3f2fd5ef1ea8d846af0b59188fd458463d041c83f1a21cee044928dc196154a05b294d3c672d52459bf14712,gx-no-cache=1552043040878 HTTP/1.1" 200 30
200.111.191.210 - - [08/Mar/2019:08:06:24 -0300] "POST /cormun/servlet/solicitudot?gx-no-cache=1552043045062 HTTP/1.1" 200 30
200.111.191.210 - - [08/Mar/2019:08:06:35 -0300] "POST /cormun/servlet/solicitudot?23c90ae00fe0722fe3ea95eac5d278aa,INS,0,0,,gx-no-cache=1552043055835 HTTP/1.1" 200 93
200.111.191.210 - - [08/Mar/2019:08:06:35 -0300] "GET /cormun/servlet/hpexe_return? HTTP/1.1" 200 1031
200.111.191.210 - - [08/Mar/2019:08:06:35 -0300] "GET /cormun/servlet/trsolicitudot?gx-no-cache=1552042977797 HTTP/1.1" 200 8494
200.111.191.210 - - [08/Mar/2019:08:06:35 -0300] "GET /cormun/servlet/trsolicitudot?gx-no-cache=1552042977797 HTTP/1.1" 200 8512
200.111.191.210 - - [08/Mar/2019:08:06:44 -0300] "POST /cormun/servlet/trsolicitudot?23c90ae00fe0722fe3ea95eac5d278aa,gx-no-cache=1552042977797,gx-no-cache=1552043065251 HTTP/1.1" 200 4282
200.111.191.210 - - [08/Mar/2019:08:06:44 -0300] "GET /cormun/static/Shared/jqueryui/images/ui-bg_highlight-soft_100_c6c2c8_1x100.png HTTP/1.1" 404 1117
200.111.191.210 - - [08/Mar/2019:08:06:44 -0300] "GET /cormun/static/Shared/jqueryui/images/ui-icons_82798d_256x240.png HTTP/1.1" 404 1089
200.111.191.210 - - [08/Mar/2019:08:06:44 -0300] "GET /cormun/static/Shared/jqueryui/images/ui-bg_flat_55_fafafa_40x100.png HTTP/1.1" 404 1097
200.111.191.210 - - [08/Mar/2019:08:06:44 -0300] "GET /cormun/static/Shared/jqueryui/images/ui-icons_8d78a5_256x240.png HTTP/1.1" 404 1089
200.111.191.210 - - [08/Mar/2019:08:06:44 -0300] "POST /cormun/servlet/trsolicitudot?23c90ae00fe0722fe3ea95eac5d278aa,gx-no-cache=1552042977797,gx-no-cache=1552043065450 HTTP/1.1" 200 4049
200.111.191.210 - - [08/Mar/2019:08:06:47 -0300] "GET /cormun/servlet/solicitudot?INS,0,0, HTTP/1.1" 200 14872
200.111.191.210 - - [08/Mar/2019:08:06:47 -0300] "GET /cormun/servlet/solicitudot?INS,0,0, HTTP/1.1" 200 14854
200.111.191.210 - - [08/Mar/2019:08:06:56 -0300] "POST /cormun/servlet/solicitudot?gx-no-cache=1552043076904 HTTP/1.1" 200 3571
200.111.191.210 - - [08/Mar/2019:08:06:56 -0300] "POST /cormun/servlet/solicitudot?23c90ae00fe0722fe3ea95eac5d278aa,INS,0,0,,gx-no-cache=1552043077059 HTTP/1.1" 200 11749
200.111.191.210 - - [08/Mar/2019:08:07:01 -0300] "GET /cormun/servlet/solicitudot?3062868c3f2fd5ef1ea8d846af0b591829f69575f6621861aa150e2542a3a8a539493d3797005fd791a9ba74e905788d,gx-no-cache=1552043082238 HTTP/1.1" 200 30
200.111.191.210 - - [08/Mar/2019:08:07:01 -0300] "GET /cormun/servlet/solicitudot?3062868c3f2fd5ef1ea8d846af0b5918ba322f24d7488d48243d119c7674db592f659c9dbab2591b537217120905663739493d3797005fd791a9ba74e905788d,gx-no-cache=1552043082260 HTTP/1.1" 200 30
200.111.191.210 - - [08/Mar/2019:08:07:01 -0300] "GET /cormun/servlet/solicitudot?3062868c3f2fd5ef1ea8d846af0b59184cd2b5b3bc3ed163f9cf96fbcc8c2a98,gx-no-cache=1552043082275 HTTP/1.1" 200 53
200.111.191.210 - - [08/Mar/2019:08:07:01 -0300] "POST /cormun/servlet/solicitudot?gx-no-cache=1552043082292 HTTP/1.1" 200 297
200.111.191.210 - - [08/Mar/2019:08:07:01 -0300] "GET /cormun/servlet/solicitudot?3062868c3f2fd5ef1ea8d846af0b59184d62bd0d6313b07fc1bebda68c5415f40095a143da6ab1f6a80e3e0393ee427fd204f8d9d717c096d7677441626cb6b6707de80286a3b01a2adffbd0bbb7315c90501591997b260900b91c4693e4f1f56540f71167f4cac52263a02ca57807eb5f2365123ce7aa72d27ce23d97b341cb78f2baffbfc8e86dc3c080206dd5b6580d7fd9b631eac72484fc49321f183bbe43d8d29e1029ac8b8267bfb17e23c819947723335343db6ed05a89e88e2f9428b70ab87a5b2c2386b88970733feee36bfcf80d2dd3476ec706bbeffdc05a13c8865edf4dd4570a4865026c305c3ab0b656a1e2e1d08bfe0a0efcd08f506ac6aba0dd6ebbd9b5574250e4fd51d385c0558a1241d7ac6ca8ea21883b71427eb9bb203ed3a1d25282c47bba03571700ccc927ae26c5c92c0688c0e2d62ce1ce4ef1d118eabfc9996252195644889f3709420bf5bdbed100e7176286c659af4ce63f8c2a3ed3612c2090c71cafa4696e41823ecc01c058ffd59d3c886fc84c065bdd5677e3944d1f5956511d1a49ba151a10,gx-no-cache=1552043082311 HTTP/1.1" 200 30
200.111.191.210 - - [08/Mar/2019:08:07:04 -0300] "POST /cormun/servlet/solicitudot?gx-no-cache=1552043085333 HTTP/1.1" 200 30
200.111.191.210 - - [08/Mar/2019:08:07:06 -0300] "POST /cormun/servlet/solicitudot?gx-no-cache=1552043087160 HTTP/1.1" 200 1280
200.111.191.210 - - [08/Mar/2019:08:07:06 -0300] "POST /cormun/servlet/solicitudot?gx-no-cache=1552043087187 HTTP/1.1" 200 38
200.111.191.210 - - [08/Mar/2019:08:07:06 -0300] "GET /cormun/servlet/solicitudot?3062868c3f2fd5ef1ea8d846af0b5918374bfc5ae2a7bbfc5ca2693eb6e43693c52df84b3e3094d988ec530f115c402295ed0b9d929f87a363ec484cf5c4fcbde5c5e6778c9635f1caaa88d75f1a0b62b62260a2278b4de0d9e0ae05f8f17c8d473ba8a8c8bae142237d651664d62de5,gx-no-cache=1552043087202 HTTP/1.1" 200 110
200.111.191.210 - - [08/Mar/2019:08:07:09 -0300] "POST /cormun/servlet/solicitudot?gx-no-cache=1552043090502 HTTP/1.1" 200 97
200.111.191.210 - - [08/Mar/2019:08:07:26 -0300] "GET /cormun/servlet/solicitudot?3062868c3f2fd5ef1ea8d846af0b59184142e73f98f453f9e4086f962f1165350bc1c78d075ad5bd6cc9d6412eab45ffa4446291308c91453ffdf4565f50bf6cd114125f1c2253731ad66b34a79c64c587e57e50d9b60617416c13668b54aee7416e61d6c88935f95334c5198bd44bb5,gx-no-cache=1552043107288 HTTP/1.1" 200 29
200.111.191.210 - - [08/Mar/2019:08:07:30 -0300] "GET /cormun/servlet/solicitudot?3062868c3f2fd5ef1ea8d846af0b59188fd458463d041c83f1a21cee044928dc196154a05b294d3c672d52459bf14712,gx-no-cache=1552043111126 HTTP/1.1" 200 30
200.111.191.210 - - [08/Mar/2019:08:07:36 -0300] "POST /cormun/servlet/solicitudot?gx-no-cache=1552043117758 HTTP/1.1" 200 30
200.111.191.210 - - [08/Mar/2019:08:07:44 -0300] "POST /cormun/servlet/solicitudot?23c90ae00fe0722fe3ea95eac5d278aa,INS,0,0,,gx-no-cache=1552043125175 HTTP/1.1" 200 93
200.111.191.210 - - [08/Mar/2019:08:07:44 -0300] "GET /cormun/servlet/hpexe_return? HTTP/1.1" 200 1031
200.111.191.210 - - [08/Mar/2019:08:07:45 -0300] "GET /cormun/servlet/trsolicitudot?gx-no-cache=1552042977797 HTTP/1.1" 200 8481
200.111.191.210 - - [08/Mar/2019:08:07:45 -0300] "GET /cormun/servlet/trsolicitudot?gx-no-cache=1552042977797 HTTP/1.1" 200 8499
200.111.191.210 - - [08/Mar/2019:08:08:01 -0300] "POST /cormun/servlet/trsolicitudot?23c90ae00fe0722fe3ea95eac5d278aa,gx-no-cache=1552042977797,gx-no-cache=1552043142887 HTTP/1.1" 200 4274
200.111.191.210 - - [08/Mar/2019:08:08:02 -0300] "GET /cormun/static/Shared/jqueryui/images/ui-bg_highlight-soft_100_c6c2c8_1x100.png HTTP/1.1" 404 1117
200.111.191.210 - - [08/Mar/2019:08:08:02 -0300] "GET /cormun/static/Shared/jqueryui/images/ui-icons_82798d_256x240.png HTTP/1.1" 404 1089
200.111.191.210 - - [08/Mar/2019:08:08:02 -0300] "GET /cormun/static/Shared/jqueryui/images/ui-icons_8d78a5_256x240.png HTTP/1.1" 404 1089
200.111.191.210 - - [08/Mar/2019:08:08:02 -0300] "GET /cormun/static/Shared/jqueryui/images/ui-bg_flat_55_fafafa_40x100.png HTTP/1.1" 404 1097
200.111.191.210 - - [08/Mar/2019:08:08:02 -0300] "POST /cormun/servlet/trsolicitudot?23c90ae00fe0722fe3ea95eac5d278aa,gx-no-cache=1552042977797,gx-no-cache=1552043143033 HTTP/1.1" 200 4049
200.111.191.210 - - [08/Mar/2019:08:08:04 -0300] "GET /cormun/servlet/solicitudot?INS,0,0, HTTP/1.1" 200 14872
200.111.191.210 - - [08/Mar/2019:08:08:05 -0300] "GET /cormun/servlet/solicitudot?INS,0,0, HTTP/1.1" 200 14855
200.111.191.210 - - [08/Mar/2019:08:08:15 -0300] "POST /cormun/servlet/solicitudot?gx-no-cache=1552043156273 HTTP/1.1" 200 3545
200.111.191.210 - - [08/Mar/2019:08:08:15 -0300] "POST /cormun/servlet/solicitudot?23c90ae00fe0722fe3ea95eac5d278aa,INS,0,0,,gx-no-cache=1552043156386 HTTP/1.1" 200 11712
200.111.191.210 - - [08/Mar/2019:08:08:18 -0300] "GET /cormun/servlet/solicitudot?3062868c3f2fd5ef1ea8d846af0b5918a86bbd2a3f0302481d50b245a2ac4946bdbc01eb147bc3ba7748d91cc8ed123b,gx-no-cache=1552043159671 HTTP/1.1" 200 30
200.111.191.210 - - [08/Mar/2019:08:08:18 -0300] "GET /cormun/servlet/solicitudot?3062868c3f2fd5ef1ea8d846af0b59185d59ce1e86073cb60ce6be1e37d5f07f7c2d7f6415db203ccf7010878e743faf5677e3944d1f5956511d1a49ba151a10,gx-no-cache=1552043159691 HTTP/1.1" 200 30
200.111.191.210 - - [08/Mar/2019:08:08:18 -0300] "GET /cormun/servlet/solicitudot?3062868c3f2fd5ef1ea8d846af0b59184cd2b5b3bc3ed163f9cf96fbcc8c2a98,gx-no-cache=1552043159705 HTTP/1.1" 200 53
200.111.191.210 - - [08/Mar/2019:08:08:18 -0300] "POST /cormun/servlet/solicitudot?gx-no-cache=1552043159722 HTTP/1.1" 200 255
200.111.191.210 - - [08/Mar/2019:08:08:18 -0300] "GET /cormun/servlet/solicitudot?3062868c3f2fd5ef1ea8d846af0b59184d62bd0d6313b07fc1bebda68c5415f4b8d49da574abc8b0e5a200d7fb9cf8ccd204f8d9d717c096d7677441626cb6b6707de80286a3b01a2adffbd0bbb7315c90501591997b260900b91c4693e4f1f56540f71167f4cac52263a02ca57807eb5f2365123ce7aa72d27ce23d97b341cb78f2baffbfc8e86dc3c080206dd5b6580d7fd9b631eac72484fc49321f183bbe43d8d29e1029ac8b8267bfb17e23c819947723335343db6ed05a89e88e2f9428b70ab87a5b2c2386b88970733feee36bfcf80d2dd3476ec706bbeffdc05a13c8865edf4dd4570a4865026c305c3ab0b679f82923bf4326ffb93428101a4e462fa0dd6ebbd9b5574250e4fd51d385c055a2312360058a6bb713671a736a0d6e58f964e7bde9f9d44da2b9d9638ff5ac7da7ee974db6386576b78d11f64b9563d49bb6997ce7fa05f3bf94471e64e51d14c0a309100c510efc2a3189dcbeb6cfa3f244fa049d36cbe260a5eb072d25f72e605a33a0abd22a7ae032a90104e93eb9,gx-no-cache=1552043159744 HTTP/1.1" 200 30
200.111.191.210 - - [08/Mar/2019:08:08:22 -0300] "POST /cormun/servlet/solicitudot?gx-no-cache=1552043163772 HTTP/1.1" 200 30
200.111.191.210 - - [08/Mar/2019:08:08:40 -0300] "POST /cormun/servlet/solicitudot?gx-no-cache=1552043181398 HTTP/1.1" 200 1281
200.111.191.210 - - [08/Mar/2019:08:08:40 -0300] "POST /cormun/servlet/solicitudot?gx-no-cache=1552043181424 HTTP/1.1" 200 38
200.111.191.210 - - [08/Mar/2019:08:08:40 -0300] "GET /cormun/servlet/solicitudot?3062868c3f2fd5ef1ea8d846af0b5918374bfc5ae2a7bbfc5ca2693eb6e43693c52df84b3e3094d988ec530f115c402295ed0b9d929f87a363ec484cf5c4fcbde5c5e6778c9635f1caaa88d75f1a0b62b62260a2278b4de0d9e0ae05f8f17c8d473ba8a8c8bae142237d651664d62de5,gx-no-cache=1552043181439 HTTP/1.1" 200 110
200.111.191.210 - - [08/Mar/2019:08:08:43 -0300] "POST /cormun/servlet/solicitudot?gx-no-cache=1552043184433 HTTP/1.1" 200 110
200.111.191.210 - - [08/Mar/2019:08:08:53 -0300] "GET /cormun/servlet/solicitudot?3062868c3f2fd5ef1ea8d846af0b59184142e73f98f453f9e4086f962f1165350bc1c78d075ad5bd6cc9d6412eab45ffcdd6d0389ec43c889e37694c1c876a1480c73ce71cec4b8bac9f79d688b75f0b38ba3223804cc67dce0eb84dfb2fbd50a54c4d8cf9c1a0bd13d1bb4a1e31f0647e25ff317f200bb17c4626c6ae14813eaac44113883504c124827b7a1a1221bcb8d9ac0fbd8dbdad4975b04faf33dab7,gx-no-cache=1552043194679 HTTP/1.1" 200 29
192.168.10.89 - - [08/Mar/2019:08:08:57 -0300] "POST /cormun/servlet/trsolicitudgral?32ab8c03b282936a362a528a8cd2a67c,,gx-no-cache=1552050144460 HTTP/1.1" 200 5957
200.111.191.210 - - [08/Mar/2019:08:08:57 -0300] "GET /cormun/servlet/solicitudot?3062868c3f2fd5ef1ea8d846af0b59188fd458463d041c83f1a21cee044928dc196154a05b294d3c672d52459bf14712,gx-no-cache=1552043198881 HTTP/1.1" 200 30
192.168.10.96 - - [08/Mar/2019:08:09:00 -0300] "POST /cormun/servlet/trsecurityuser01?1bdd1c1f8310612a273331f1df27ea57,,gx-no-cache=1552050147647 HTTP/1.1" 200 10644
200.111.191.210 - - [08/Mar/2019:08:09:03 -0300] "POST /cormun/servlet/solicitudot?gx-no-cache=1552043204347 HTTP/1.1" 200 30
192.168.10.89 - - [08/Mar/2019:08:09:07 -0300] "POST /cormun/servlet/trsolicitudgral?32ab8c03b282936a362a528a8cd2a67c,,gx-no-cache=1552050154227 HTTP/1.1" 200 5959
192.168.10.89 - - [08/Mar/2019:08:09:16 -0300] "POST /cormun/servlet/trsolicitudgral?32ab8c03b282936a362a528a8cd2a67c,,gx-no-cache=1552050163475 HTTP/1.1" 200 5960
192.168.10.96 - - [08/Mar/2019:08:09:21 -0300] "POST /cormun/servlet/trsecurityuser01?1bdd1c1f8310612a273331f1df27ea57,,gx-no-cache=1552050168243 HTTP/1.1" 200 8986
192.168.10.89 - - [08/Mar/2019:08:09:24 -0300] "POST /cormun/servlet/trsolicitudgral?32ab8c03b282936a362a528a8cd2a67c,,gx-no-cache=1552050171603 HTTP/1.1" 200 5963
192.168.10.96 - - [08/Mar/2019:08:09:34 -0300] "POST /cormun/servlet/trsecurityuser01?1bdd1c1f8310612a273331f1df27ea57,,gx-no-cache=1552050180827 HTTP/1.1" 200 10644
192.168.10.96 - - [08/Mar/2019:08:09:39 -0300] "GET /cormun/servlet/securityusers?UPD,22, HTTP/1.1" 200 7840
192.168.10.96 - - [08/Mar/2019:08:09:40 -0300] "GET /cormun/servlet/securityusers?UPD,22, HTTP/1.1" 200 7840
200.111.191.210 - - [08/Mar/2019:08:10:10 -0300] "POST /cormun/servlet/solicitudot?gx-no-cache=1552043271352 HTTP/1.1" 200 30
200.111.191.210 - - [08/Mar/2019:08:10:12 -0300] "GET /cormun/servlet/prcontratosol?9813073,,,,,MD,,gxPopupLevel%3D0%3B HTTP/1.1" 200 8687
200.111.191.210 - - [08/Mar/2019:08:10:17 -0300] "POST /cormun/servlet/solicitudot?gx-no-cache=1552043278469 HTTP/1.1" 200 1281
200.111.191.210 - - [08/Mar/2019:08:10:17 -0300] "POST /cormun/servlet/solicitudot?gx-no-cache=1552043278599 HTTP/1.1" 200 40
200.111.191.210 - - [08/Mar/2019:08:10:17 -0300] "GET /cormun/servlet/solicitudot?3062868c3f2fd5ef1ea8d846af0b5918374bfc5ae2a7bbfc5ca2693eb6e43693c52df84b3e3094d988ec530f115c402295ed0b9d929f87a363ec484cf5c4fcbde5c5e6778c9635f1caaa88d75f1a0b62b62260a2278b4de0d9e0ae05f8f17c8d473ba8a8c8bae142237d651664d62de5,gx-no-cache=1552043278702 HTTP/1.1" 200 110
200.111.191.210 - - [08/Mar/2019:08:10:17 -0300] "POST /cormun/servlet/solicitudot?gx-no-cache=1552043278803 HTTP/1.1" 200 109
200.111.191.210 - - [08/Mar/2019:08:10:18 -0300] "GET /cormun/servlet/solicitudot?3062868c3f2fd5ef1ea8d846af0b59188fd458463d041c83f1a21cee044928dc196154a05b294d3c672d52459bf14712,gx-no-cache=1552043278926 HTTP/1.1" 200 30
200.111.191.210 - - [08/Mar/2019:08:10:24 -0300] "POST /cormun/servlet/solicitudot?gx-no-cache=1552043285535 HTTP/1.1" 200 30
200.111.191.210 - - [08/Mar/2019:08:10:37 -0300] "POST /cormun/servlet/solicitudot?gx-no-cache=1552043298847 HTTP/1.1" 200 1281
200.111.191.210 - - [08/Mar/2019:08:10:37 -0300] "POST /cormun/servlet/solicitudot?gx-no-cache=1552043298873 HTTP/1.1" 200 40
200.111.191.210 - - [08/Mar/2019:08:10:37 -0300] "GET /cormun/servlet/solicitudot?3062868c3f2fd5ef1ea8d846af0b5918374bfc5ae2a7bbfc5ca2693eb6e43693c52df84b3e3094d988ec530f115c402295ed0b9d929f87a363ec484cf5c4fcbde5c5e6778c9635f1caaa88d75f1a0b62b62260a2278b4de0d9e0ae05f8f17c8d473ba8a8c8bae142237d651664d62de5,gx-no-cache=1552043298888 HTTP/1.1" 200 110
200.111.191.210 - - [08/Mar/2019:08:10:37 -0300] "POST /cormun/servlet/solicitudot?gx-no-cache=1552043298916 HTTP/1.1" 200 109
200.111.191.210 - - [08/Mar/2019:08:10:40 -0300] "POST /cormun/servlet/solicitudot?gx-no-cache=1552043301258 HTTP/1.1" 200 30
192.168.10.89 - - [08/Mar/2019:08:10:41 -0300] "GET /cormun/servlet/hlogin HTTP/1.1" 200 1713
200.111.191.210 - - [08/Mar/2019:08:11:00 -0300] "POST /cormun/servlet/solicitudot?23c90ae00fe0722fe3ea95eac5d278aa,INS,0,0,,gx-no-cache=1552043321095 HTTP/1.1" 200 93
200.111.191.210 - - [08/Mar/2019:08:11:00 -0300] "GET /cormun/servlet/hpexe_return? HTTP/1.1" 200 1031
200.111.191.210 - - [08/Mar/2019:08:11:00 -0300] "GET /cormun/servlet/trsolicitudot?gx-no-cache=1552042977797 HTTP/1.1" 200 8492
200.111.191.210 - - [08/Mar/2019:08:11:00 -0300] "GET /cormun/servlet/trsolicitudot?gx-no-cache=1552042977797 HTTP/1.1" 200 8512
192.168.10.89 - - [08/Mar/2019:08:11:01 -0300] "POST /cormun/servlet/hlogin?75c3cbb03932a4b4d4c414a33e349e9e,gx-no-cache=1552050268655 HTTP/1.1" 200 90
192.168.10.89 - - [08/Mar/2019:08:11:01 -0300] "GET /cormun/servlet/hpexe_link HTTP/1.1" 200 941
192.168.10.89 - - [08/Mar/2019:08:11:02 -0300] "GET /cormun/servlet/hhome HTTP/1.1" 200 4979
