192.168.10.96 - - [08/Mar/2019:15:44:23 -0300] "POST /cormun/servlet/trsolicitudgral?779607e85065cab72e11970c7a58be83,,gx-no-cache=1552077469751 HTTP/1.1" 200 5965
40.77.167.171 - - [08/Mar/2019:15:57:06 -0300] "GET /cormun/servlet/trlicencias HTTP/1.1" 200 6114
192.168.10.89 - - [08/Mar/2019:15:58:34 -0300] "GET /cormun/servlet/hlogin HTTP/1.1" 200 1725
192.168.10.89 - - [08/Mar/2019:15:58:41 -0300] "POST /cormun/servlet/hlogin?53ebc786b326f4e3a76b32dda4902a7e,gx-no-cache=1552078327797 HTTP/1.1" 200 90
192.168.10.89 - - [08/Mar/2019:15:58:41 -0300] "GET /cormun/servlet/hpexe_link HTTP/1.1" 200 952
192.168.10.89 - - [08/Mar/2019:15:58:41 -0300] "GET /cormun/servlet/hhome HTTP/1.1" 200 4987
192.168.10.89 - - [08/Mar/2019:15:58:49 -0300] "GET /cormun/servlet/trsolicitudgral? HTTP/1.1" 200 27969
192.168.10.89 - - [08/Mar/2019:15:59:04 -0300] "POST /cormun/servlet/trsolicitudgral?53ebc786b326f4e3a76b32dda4902a7e,,gx-no-cache=1552078351077 HTTP/1.1" 200 7613
192.168.10.89 - - [08/Mar/2019:16:00:51 -0300] "POST /cormun/servlet/trsolicitudgral?53ebc786b326f4e3a76b32dda4902a7e,,gx-no-cache=1552078458606 HTTP/1.1" 200 7623
192.168.10.96 - - [08/Mar/2019:16:02:17 -0300] "POST /cormun/servlet/trsolicitudgral?779607e85065cab72e11970c7a58be83,,gx-no-cache=1552078544073 HTTP/1.1" 200 5966
192.168.10.89 - - [08/Mar/2019:16:02:57 -0300] "POST /cormun/servlet/trsolicitudgral?53ebc786b326f4e3a76b32dda4902a7e,,gx-no-cache=1552078584387 HTTP/1.1" 200 7303
179.113.15.145 - - [08/Mar/2019:16:03:00 -0300] "GET / HTTP/1.1" 200 11217
192.168.10.96 - - [08/Mar/2019:16:03:05 -0300] "POST /cormun/servlet/trsolicitudgral?779607e85065cab72e11970c7a58be83,,gx-no-cache=1552078592605 HTTP/1.1" 200 5967
192.168.10.96 - - [08/Mar/2019:16:03:06 -0300] "POST /cormun/servlet/trsolicitudgral?779607e85065cab72e11970c7a58be83,,gx-no-cache=1552078593379 HTTP/1.1" 200 5967
192.168.10.89 - - [08/Mar/2019:16:04:24 -0300] "POST /cormun/servlet/trsolicitudgral?53ebc786b326f4e3a76b32dda4902a7e,,gx-no-cache=1552078671331 HTTP/1.1" 200 7655
192.168.10.89 - - [08/Mar/2019:16:05:58 -0300] "POST /cormun/servlet/trsolicitudgral?53ebc786b326f4e3a76b32dda4902a7e,,gx-no-cache=1552078764980 HTTP/1.1" 200 7645
192.168.10.89 - - [08/Mar/2019:16:07:11 -0300] "POST /cormun/servlet/trsolicitudgral?53ebc786b326f4e3a76b32dda4902a7e,,gx-no-cache=1552078838387 HTTP/1.1" 200 5956
192.168.10.89 - - [08/Mar/2019:16:08:21 -0300] "POST /cormun/servlet/trsolicitudgral?53ebc786b326f4e3a76b32dda4902a7e,,gx-no-cache=1552078908141 HTTP/1.1" 200 12970
192.168.10.89 - - [08/Mar/2019:16:09:47 -0300] "POST /cormun/servlet/trsolicitudgral?53ebc786b326f4e3a76b32dda4902a7e,,gx-no-cache=1552078994439 HTTP/1.1" 200 7605
192.168.10.89 - - [08/Mar/2019:16:13:03 -0300] "POST /cormun/servlet/trsolicitudgral?53ebc786b326f4e3a76b32dda4902a7e,,gx-no-cache=1552079189997 HTTP/1.1" 200 7311
192.168.10.89 - - [08/Mar/2019:16:14:43 -0300] "POST /cormun/servlet/trsolicitudgral?53ebc786b326f4e3a76b32dda4902a7e,,gx-no-cache=1552079289778 HTTP/1.1" 200 7644
192.168.10.89 - - [08/Mar/2019:16:16:33 -0300] "POST /cormun/servlet/trsolicitudgral?53ebc786b326f4e3a76b32dda4902a7e,,gx-no-cache=1552079399811 HTTP/1.1" 200 7679
192.168.10.89 - - [08/Mar/2019:16:17:52 -0300] "POST /cormun/servlet/trsolicitudgral?53ebc786b326f4e3a76b32dda4902a7e,,gx-no-cache=1552079479251 HTTP/1.1" 200 7292
192.168.10.96 - - [08/Mar/2019:16:18:59 -0300] "POST /cormun/servlet/trsolicitudgral?779607e85065cab72e11970c7a58be83,,gx-no-cache=1552079545811 HTTP/1.1" 200 5960
192.168.10.96 - - [08/Mar/2019:16:18:59 -0300] "POST /cormun/servlet/trsolicitudgral?779607e85065cab72e11970c7a58be83,,gx-no-cache=1552079546698 HTTP/1.1" 200 5960
192.168.10.96 - - [08/Mar/2019:16:19:00 -0300] "POST /cormun/servlet/trsolicitudgral?779607e85065cab72e11970c7a58be83,,gx-no-cache=1552079546975 HTTP/1.1" 200 5961
192.168.10.96 - - [08/Mar/2019:16:19:00 -0300] "POST /cormun/servlet/trsolicitudgral?779607e85065cab72e11970c7a58be83,,gx-no-cache=1552079547183 HTTP/1.1" 200 5960
192.168.10.96 - - [08/Mar/2019:16:19:00 -0300] "POST /cormun/servlet/trsolicitudgral?779607e85065cab72e11970c7a58be83,,gx-no-cache=1552079547419 HTTP/1.1" 200 5959
192.168.10.96 - - [08/Mar/2019:16:19:00 -0300] "POST /cormun/servlet/trsolicitudgral?779607e85065cab72e11970c7a58be83,,gx-no-cache=1552079547692 HTTP/1.1" 200 5960
192.168.10.96 - - [08/Mar/2019:16:19:01 -0300] "POST /cormun/servlet/trsolicitudgral?779607e85065cab72e11970c7a58be83,,gx-no-cache=1552079547952 HTTP/1.1" 200 5959
192.168.10.96 - - [08/Mar/2019:16:19:01 -0300] "POST /cormun/servlet/trsolicitudgral?779607e85065cab72e11970c7a58be83,,gx-no-cache=1552079548222 HTTP/1.1" 200 5961
192.168.10.96 - - [08/Mar/2019:16:19:01 -0300] "POST /cormun/servlet/trsolicitudgral?779607e85065cab72e11970c7a58be83,,gx-no-cache=1552079548474 HTTP/1.1" 200 5960
192.168.10.96 - - [08/Mar/2019:16:19:02 -0300] "POST /cormun/servlet/trsolicitudgral?779607e85065cab72e11970c7a58be83,,gx-no-cache=1552079548722 HTTP/1.1" 200 5962
192.168.10.96 - - [08/Mar/2019:16:19:02 -0300] "POST /cormun/servlet/trsolicitudgral?779607e85065cab72e11970c7a58be83,,gx-no-cache=1552079548942 HTTP/1.1" 200 5960
192.168.10.96 - - [08/Mar/2019:16:19:02 -0300] "POST /cormun/servlet/trsolicitudgral?779607e85065cab72e11970c7a58be83,,gx-no-cache=1552079549298 HTTP/1.1" 200 5960
192.168.10.96 - - [08/Mar/2019:16:19:02 -0300] "POST /cormun/servlet/trsolicitudgral?779607e85065cab72e11970c7a58be83,,gx-no-cache=1552079549548 HTTP/1.1" 200 5959
192.168.10.96 - - [08/Mar/2019:16:19:03 -0300] "POST /cormun/servlet/trsolicitudgral?779607e85065cab72e11970c7a58be83,,gx-no-cache=1552079549863 HTTP/1.1" 200 5960
192.168.10.96 - - [08/Mar/2019:16:19:03 -0300] "POST /cormun/servlet/trsolicitudgral?779607e85065cab72e11970c7a58be83,,gx-no-cache=1552079550394 HTTP/1.1" 200 5960
192.168.10.96 - - [08/Mar/2019:16:20:19 -0300] "POST /cormun/servlet/trsolicitudgral?779607e85065cab72e11970c7a58be83,,gx-no-cache=1552079626643 HTTP/1.1" 200 5961
40.77.189.9 - - [08/Mar/2019:16:22:43 -0300] "GET /cormun/static/Shared/ext/resources/css/ext-all.css?205870 HTTP/1.1" 200 416045
40.77.188.183 - - [08/Mar/2019:16:22:44 -0300] "GET /cormun/static/gxui/gxui-all.css?110300 HTTP/1.1" 200 2179
40.77.188.183 - - [08/Mar/2019:16:22:45 -0300] "GET /cormun/static/Resources/Spanish/PXTools.css?17315867 HTTP/1.1" 200 89042
40.77.188.73 - - [08/Mar/2019:16:22:46 -0300] "GET /cormun/static/SmoothNavMenu/resources/ddsmoothmenu-v.css?1012540 HTTP/1.1" 200 1188
40.77.188.228 - - [08/Mar/2019:16:22:48 -0300] "GET /cormun/static/gxcfg.js?20176272054169 HTTP/1.1" 200 953
40.77.189.244 - - [08/Mar/2019:16:22:49 -0300] "GET /cormun/static/calendar.js?85251 HTTP/1.1" 200 26246
40.77.188.110 - - [08/Mar/2019:16:22:50 -0300] "GET /cormun/static/calendar-setup.js?85251 HTTP/1.1" 200 2588
192.168.10.89 - - [08/Mar/2019:16:22:50 -0300] "POST /cormun/servlet/trsolicitudgral?53ebc786b326f4e3a76b32dda4902a7e,,gx-no-cache=1552079777250 HTTP/1.1" 200 5958
40.77.188.46 - - [08/Mar/2019:16:22:50 -0300] "GET /cormun/static/calendar-es.js?85251 HTTP/1.1" 200 1901
40.77.188.73 - - [08/Mar/2019:16:22:53 -0300] "GET /cormun/static/Shared/ext/ext-all.js HTTP/1.1" 200 1289687
40.77.190.66 - - [08/Mar/2019:16:22:53 -0300] "GET /cormun/static/RunJS/RunJS.js HTTP/1.1" 200 288
40.77.188.164 - - [08/Mar/2019:16:22:57 -0300] "GET /cormun/static/PXToolsJavascripts/pexe_oavdivfix.js HTTP/1.1" 200 639
40.77.188.164 - - [08/Mar/2019:16:22:59 -0300] "GET /cormun/static/messages.spa.js?85251 HTTP/1.1" 200 30736
40.77.188.56 - - [08/Mar/2019:16:23:00 -0300] "GET /cormun/static/gxdec.js?85251 HTTP/1.1" 200 19579
40.77.190.83 - - [08/Mar/2019:16:23:01 -0300] "GET /cormun/static/trlicencias.js?20176272054837 HTTP/1.1" 200 41883
40.77.189.154 - - [08/Mar/2019:16:23:03 -0300] "GET /cormun/static/hpexe_messagepopupcomponent.js?20161017169425 HTTP/1.1" 200 605
192.168.10.96 - - [08/Mar/2019:16:25:54 -0300] "POST /cormun/servlet/trsolicitudgral?779607e85065cab72e11970c7a58be83,,gx-no-cache=1552079961099 HTTP/1.1" 200 5966
192.168.10.96 - - [08/Mar/2019:16:25:54 -0300] "POST /cormun/servlet/trsolicitudgral?779607e85065cab72e11970c7a58be83,,gx-no-cache=1552079961419 HTTP/1.1" 200 5965
192.168.10.96 - - [08/Mar/2019:16:25:54 -0300] "POST /cormun/servlet/trsolicitudgral?779607e85065cab72e11970c7a58be83,,gx-no-cache=1552079961665 HTTP/1.1" 200 5966
192.168.10.89 - - [08/Mar/2019:16:26:19 -0300] "POST /cormun/servlet/trsolicitudgral?53ebc786b326f4e3a76b32dda4902a7e,,gx-no-cache=1552079986290 HTTP/1.1" 200 7328
192.168.10.96 - - [08/Mar/2019:16:26:50 -0300] "POST /cormun/servlet/trsolicitudgral?779607e85065cab72e11970c7a58be83,,gx-no-cache=1552080016883 HTTP/1.1" 200 5968
192.168.10.96 - - [08/Mar/2019:16:26:51 -0300] "POST /cormun/servlet/trsolicitudgral?779607e85065cab72e11970c7a58be83,,gx-no-cache=1552080017818 HTTP/1.1" 200 5968
192.168.10.96 - - [08/Mar/2019:16:26:51 -0300] "POST /cormun/servlet/trsolicitudgral?779607e85065cab72e11970c7a58be83,,gx-no-cache=1552080018100 HTTP/1.1" 200 5967
192.168.10.89 - - [08/Mar/2019:16:27:41 -0300] "POST /cormun/servlet/trsolicitudgral?53ebc786b326f4e3a76b32dda4902a7e,,gx-no-cache=1552080067618 HTTP/1.1" 200 7605
192.168.10.89 - - [08/Mar/2019:16:29:00 -0300] "POST /cormun/servlet/trsolicitudgral?53ebc786b326f4e3a76b32dda4902a7e,,gx-no-cache=1552080147155 HTTP/1.1" 200 7306
192.168.10.89 - - [08/Mar/2019:16:30:31 -0300] "POST /cormun/servlet/trsolicitudgral?53ebc786b326f4e3a76b32dda4902a7e,,gx-no-cache=1552080237978 HTTP/1.1" 200 7318
46.174.191.30 - - [08/Mar/2019:16:31:09 -0300] "GET / HTTP/1.0" 200 11197
192.168.10.96 - - [08/Mar/2019:16:32:34 -0300] "POST /cormun/servlet/trsolicitudgral?779607e85065cab72e11970c7a58be83,,gx-no-cache=1552080361540 HTTP/1.1" 200 7655
192.168.10.96 - - [08/Mar/2019:16:35:13 -0300] "POST /cormun/servlet/trsolicitudgral?779607e85065cab72e11970c7a58be83,,gx-no-cache=1552080520475 HTTP/1.1" 200 5966
192.168.10.96 - - [08/Mar/2019:16:35:15 -0300] "POST /cormun/servlet/trsolicitudgral?779607e85065cab72e11970c7a58be83,,gx-no-cache=1552080522186 HTTP/1.1" 200 5968
192.168.10.96 - - [08/Mar/2019:16:35:15 -0300] "POST /cormun/servlet/trsolicitudgral?779607e85065cab72e11970c7a58be83,,gx-no-cache=1552080522546 HTTP/1.1" 200 5968
192.168.10.96 - - [08/Mar/2019:16:35:16 -0300] "POST /cormun/servlet/trsolicitudgral?779607e85065cab72e11970c7a58be83,,gx-no-cache=1552080522839 HTTP/1.1" 200 5968
192.168.10.96 - - [08/Mar/2019:16:35:16 -0300] "POST /cormun/servlet/trsolicitudgral?779607e85065cab72e11970c7a58be83,,gx-no-cache=1552080523107 HTTP/1.1" 200 5967
192.168.10.96 - - [08/Mar/2019:16:35:22 -0300] "POST /cormun/servlet/trsolicitudgral?779607e85065cab72e11970c7a58be83,,gx-no-cache=1552080529268 HTTP/1.1" 200 7642
192.168.10.96 - - [08/Mar/2019:16:37:51 -0300] "POST /cormun/servlet/trsolicitudgral?779607e85065cab72e11970c7a58be83,,gx-no-cache=1552080678084 HTTP/1.1" 200 5966
192.168.10.96 - - [08/Mar/2019:16:37:52 -0300] "POST /cormun/servlet/trsolicitudgral?779607e85065cab72e11970c7a58be83,,gx-no-cache=1552080678939 HTTP/1.1" 200 5966
192.168.10.96 - - [08/Mar/2019:16:37:52 -0300] "POST /cormun/servlet/trsolicitudgral?779607e85065cab72e11970c7a58be83,,gx-no-cache=1552080679239 HTTP/1.1" 200 5965
192.168.10.96 - - [08/Mar/2019:16:39:11 -0300] "POST /cormun/servlet/trsolicitudgral?779607e85065cab72e11970c7a58be83,,gx-no-cache=1552080758380 HTTP/1.1" 200 5967
192.168.10.96 - - [08/Mar/2019:16:39:12 -0300] "POST /cormun/servlet/trsolicitudgral?779607e85065cab72e11970c7a58be83,,gx-no-cache=1552080759180 HTTP/1.1" 200 5967
192.168.10.96 - - [08/Mar/2019:16:39:12 -0300] "POST /cormun/servlet/trsolicitudgral?779607e85065cab72e11970c7a58be83,,gx-no-cache=1552080759491 HTTP/1.1" 200 5967
200.54.246.54 - - [08/Mar/2019:16:41:02 -0300] "GET /cormun/servlet/hlogin HTTP/1.1" 200 1715
200.54.246.54 - - [08/Mar/2019:16:41:02 -0300] "GET /cormun/servlet/hlogin HTTP/1.1" 200 1725
200.54.246.54 - - [08/Mar/2019:16:41:12 -0300] "POST /cormun/servlet/hlogin?1f0320e9539c47773ae0c1bef7d4d3a2,gx-no-cache=1552073853764 HTTP/1.1" 200 90
200.54.246.54 - - [08/Mar/2019:16:42:34 -0300] "GET /cormun/servlet/hlogin HTTP/1.1" 200 1725
200.54.246.54 - - [08/Mar/2019:16:42:34 -0300] "GET /favicon.ico HTTP/1.1" 200 21630
200.54.246.54 - - [08/Mar/2019:16:42:47 -0300] "POST /cormun/servlet/hlogin?1f0320e9539c47773ae0c1bef7d4d3a2,gx-no-cache=1552073949083 HTTP/1.1" 200 90
186.67.172.234 - - [08/Mar/2019:16:44:37 -0300] "GET /cormun/servlet/hlogin HTTP/1.1" 200 1723
186.67.172.234 - - [08/Mar/2019:16:44:56 -0300] "POST /cormun/servlet/hlogin?73890cea0c4d7f5573cfd97344d3e833,gx-no-cache=1552074077403 HTTP/1.1" 200 90
192.168.10.89 - - [08/Mar/2019:16:45:44 -0300] "POST /cormun/servlet/trsolicitudgral?53ebc786b326f4e3a76b32dda4902a7e,,gx-no-cache=1552081151441 HTTP/1.1" 200 7348
192.168.10.89 - - [08/Mar/2019:16:46:41 -0300] "POST /cormun/servlet/trsolicitudgral?53ebc786b326f4e3a76b32dda4902a7e,,gx-no-cache=1552081207874 HTTP/1.1" 200 7741
192.168.10.89 - - [08/Mar/2019:16:47:14 -0300] "POST /cormun/servlet/trsolicitudgral?53ebc786b326f4e3a76b32dda4902a7e,,gx-no-cache=1552081241115 HTTP/1.1" 200 7621
192.168.10.96 - - [08/Mar/2019:16:48:30 -0300] "POST /cormun/servlet/trsolicitudgral?779607e85065cab72e11970c7a58be83,,gx-no-cache=1552081317043 HTTP/1.1" 200 5968
192.168.10.96 - - [08/Mar/2019:16:48:31 -0300] "POST /cormun/servlet/trsolicitudgral?779607e85065cab72e11970c7a58be83,,gx-no-cache=1552081317971 HTTP/1.1" 200 5969
192.168.10.96 - - [08/Mar/2019:16:48:31 -0300] "POST /cormun/servlet/trsolicitudgral?779607e85065cab72e11970c7a58be83,,gx-no-cache=1552081318273 HTTP/1.1" 200 5968
186.67.172.234 - - [08/Mar/2019:16:48:45 -0300] "GET /cormun/servlet/hlogin HTTP/1.1" 200 1723
186.67.172.234 - - [08/Mar/2019:16:49:00 -0300] "POST /cormun/servlet/hlogin?73890cea0c4d7f5573cfd97344d3e833,gx-no-cache=1552074321424 HTTP/1.1" 200 90
192.168.10.89 - - [08/Mar/2019:16:49:28 -0300] "POST /cormun/servlet/trsolicitudgral?53ebc786b326f4e3a76b32dda4902a7e,,gx-no-cache=1552081375010 HTTP/1.1" 200 7338
186.67.172.234 - - [08/Mar/2019:16:52:35 -0300] "GET /cormun/servlet/hlogin HTTP/1.1" 200 1723
186.67.172.234 - - [08/Mar/2019:16:52:55 -0300] "POST /cormun/servlet/hlogin?73890cea0c4d7f5573cfd97344d3e833,gx-no-cache=1552074557065 HTTP/1.1" 200 90
186.67.172.234 - - [08/Mar/2019:16:53:00 -0300] "GET /cormun/servlet/hpexe_link HTTP/1.1" 200 949
186.67.172.234 - - [08/Mar/2019:16:53:00 -0300] "GET /cormun/servlet/hhome HTTP/1.1" 200 4338
186.67.172.234 - - [08/Mar/2019:16:53:01 -0300] "GET /cormun/servlet/hhome HTTP/1.1" 200 4334
192.168.10.89 - - [08/Mar/2019:16:53:12 -0300] "POST /cormun/servlet/trsolicitudgral?53ebc786b326f4e3a76b32dda4902a7e,,gx-no-cache=1552081599689 HTTP/1.1" 200 7336
186.67.172.234 - - [08/Mar/2019:16:53:21 -0300] "GET /cormun/servlet/trpermisosgoce? HTTP/1.1" 200 8079
186.67.172.234 - - [08/Mar/2019:16:53:21 -0300] "GET /cormun/static/gxcfg.js?20177612163875 HTTP/1.1" 200 953
186.67.172.234 - - [08/Mar/2019:16:53:21 -0300] "GET /cormun/static/Resources/PXTools/calendar.png HTTP/1.1" 200 1306
186.67.172.234 - - [08/Mar/2019:16:53:21 -0300] "GET /cormun/static/Resources/PXToolsActionExcel.png HTTP/1.1" 200 3187
186.67.172.234 - - [08/Mar/2019:16:53:21 -0300] "GET /cormun/static/trpermisosgoce.js?20177612164335 HTTP/1.1" 200 35904
186.67.172.234 - - [08/Mar/2019:16:53:21 -0300] "GET /cormun/static/Resources/PXToolsGridNew.png HTTP/1.1" 200 2949
186.67.172.234 - - [08/Mar/2019:16:53:21 -0300] "GET /cormun//static/Resources/PXToolsGridDisplay.png HTTP/1.1" 200 362
186.67.172.234 - - [08/Mar/2019:16:53:21 -0300] "GET /cormun//static/Resources/PXToolsHeaderFavorites.png HTTP/1.1" 200 2744
186.67.172.234 - - [08/Mar/2019:16:53:21 -0300] "GET /cormun//static/Resources/PXTools/ActionInsert.png HTTP/1.1" 200 1482
186.67.172.234 - - [08/Mar/2019:16:53:21 -0300] "GET /cormun//static/Resources/PXToolsActionPrint.png HTTP/1.1" 200 3317
186.67.172.234 - - [08/Mar/2019:16:53:21 -0300] "GET /cormun//static/Resources/PXToolsHeaderHelp.png HTTP/1.1" 200 4055
186.67.172.234 - - [08/Mar/2019:16:53:21 -0300] "GET /cormun//static/Resources/PXToolsGridDelete.png HTTP/1.1" 200 357
186.67.172.234 - - [08/Mar/2019:16:53:21 -0300] "GET /cormun/servlet/trpermisosgoce? HTTP/1.1" 200 8078
186.67.172.234 - - [08/Mar/2019:16:53:36 -0300] "GET /cormun/servlet/permisogoce?INS,0,,, HTTP/1.1" 200 7209
186.67.172.234 - - [08/Mar/2019:16:53:43 -0300] "GET /cormun/static/gxcfg.js?201776126440 HTTP/1.1" 200 953
186.67.172.234 - - [08/Mar/2019:16:53:43 -0300] "GET /cormun/static/Resources/prompt.gif HTTP/1.1" 200 902
186.67.172.234 - - [08/Mar/2019:16:53:43 -0300] "GET /cormun/static/permisogoce.js?2017761264459 HTTP/1.1" 200 27897
186.67.172.234 - - [08/Mar/2019:16:53:43 -0300] "GET /cormun/servlet/permisogoce?INS,0,,, HTTP/1.1" 200 7208
186.67.172.234 - - [08/Mar/2019:16:54:02 -0300] "GET /cormun/servlet/permisogoce?fcb28ec68c425ad010aa09e2c20f091462c912dac228588c41d89339ad67a529caeef959e79d22d24e41249febf1b313d1221cf3b783d71e6b71a67b71c39fe6,gx-no-cache=1552074623235 HTTP/1.1" 200 176
192.168.10.96 - - [08/Mar/2019:16:55:01 -0300] "POST /cormun/servlet/trsolicitudgral?779607e85065cab72e11970c7a58be83,,gx-no-cache=1552081708356 HTTP/1.1" 200 5965
192.168.10.89 - - [08/Mar/2019:16:59:10 -0300] "GET /cormun/servlet/hhome HTTP/1.1" 200 4987
192.168.10.89 - - [08/Mar/2019:16:59:13 -0300] "GET /cormun/servlet/trsolicitudgral? HTTP/1.1" 200 10865
192.168.10.89 - - [08/Mar/2019:16:59:21 -0300] "POST /cormun/servlet/trsolicitudgral?53ebc786b326f4e3a76b32dda4902a7e,,gx-no-cache=1552081968402 HTTP/1.1" 200 7337
192.168.10.89 - - [08/Mar/2019:17:04:03 -0300] "POST /cormun/servlet/trsolicitudgral?53ebc786b326f4e3a76b32dda4902a7e,,gx-no-cache=1552082250055 HTTP/1.1" 200 5954
192.168.10.89 - - [08/Mar/2019:17:04:15 -0300] "POST /cormun/servlet/trsolicitudgral?53ebc786b326f4e3a76b32dda4902a7e,,gx-no-cache=1552082261941 HTTP/1.1" 200 7344
192.168.10.89 - - [08/Mar/2019:17:08:09 -0300] "POST /cormun/servlet/trsolicitudgral?53ebc786b326f4e3a76b32dda4902a7e,,gx-no-cache=1552082496085 HTTP/1.1" 200 7672
192.168.10.96 - - [08/Mar/2019:17:09:36 -0300] "POST /cormun/servlet/trsolicitudgral?779607e85065cab72e11970c7a58be83,,gx-no-cache=1552082583661 HTTP/1.1" 200 5965
192.168.10.96 - - [08/Mar/2019:17:09:37 -0300] "POST /cormun/servlet/trsolicitudgral?779607e85065cab72e11970c7a58be83,,gx-no-cache=1552082584668 HTTP/1.1" 200 5965
192.168.10.96 - - [08/Mar/2019:17:09:38 -0300] "POST /cormun/servlet/trsolicitudgral?779607e85065cab72e11970c7a58be83,,gx-no-cache=1552082584987 HTTP/1.1" 200 5965
192.168.10.96 - - [08/Mar/2019:17:09:38 -0300] "POST /cormun/servlet/trsolicitudgral?779607e85065cab72e11970c7a58be83,,gx-no-cache=1552082585293 HTTP/1.1" 200 5966
192.168.10.96 - - [08/Mar/2019:17:10:56 -0300] "POST /cormun/servlet/trsolicitudgral?779607e85065cab72e11970c7a58be83,,gx-no-cache=1552082663365 HTTP/1.1" 200 7920
192.168.10.96 - - [08/Mar/2019:17:11:26 -0300] "POST /cormun/servlet/trsolicitudgral?779607e85065cab72e11970c7a58be83,,gx-no-cache=1552082692589 HTTP/1.1" 200 5965
192.168.10.96 - - [08/Mar/2019:17:11:27 -0300] "POST /cormun/servlet/trsolicitudgral?779607e85065cab72e11970c7a58be83,,gx-no-cache=1552082694133 HTTP/1.1" 200 5965
192.168.10.89 - - [08/Mar/2019:17:11:49 -0300] "POST /cormun/servlet/trsolicitudgral?53ebc786b326f4e3a76b32dda4902a7e,,gx-no-cache=1552082715773 HTTP/1.1" 200 7650
192.168.10.89 - - [08/Mar/2019:17:15:59 -0300] "POST /cormun/servlet/trsolicitudgral?53ebc786b326f4e3a76b32dda4902a7e,,gx-no-cache=1552082966621 HTTP/1.1" 200 5960
192.168.10.96 - - [08/Mar/2019:17:17:49 -0300] "POST /cormun/servlet/trsolicitudgral?779607e85065cab72e11970c7a58be83,,gx-no-cache=1552083075957 HTTP/1.1" 200 5965
192.168.10.96 - - [08/Mar/2019:17:17:49 -0300] "POST /cormun/servlet/trsolicitudgral?779607e85065cab72e11970c7a58be83,,gx-no-cache=1552083076293 HTTP/1.1" 200 5965
192.168.10.96 - - [08/Mar/2019:17:20:33 -0300] "POST /cormun/servlet/trsolicitudgral?779607e85065cab72e11970c7a58be83,,gx-no-cache=1552083239862 HTTP/1.1" 200 7334
192.168.10.96 - - [08/Mar/2019:17:20:33 -0300] "POST /cormun/servlet/trsolicitudgral?779607e85065cab72e11970c7a58be83,,gx-no-cache=1552083240287 HTTP/1.1" 200 7335
192.168.10.96 - - [08/Mar/2019:17:24:48 -0300] "POST /cormun/servlet/trsolicitudgral?779607e85065cab72e11970c7a58be83,,gx-no-cache=1552083494847 HTTP/1.1" 200 5961
192.168.10.96 - - [08/Mar/2019:17:24:49 -0300] "POST /cormun/servlet/trsolicitudgral?779607e85065cab72e11970c7a58be83,,gx-no-cache=1552083496006 HTTP/1.1" 200 5961
40.77.188.3 - - [08/Mar/2019:17:24:56 -0300] "GET /cormun/static/Shared/ext/resources/css/ext-all.css?205870 HTTP/1.1" 200 416045
40.77.188.125 - - [08/Mar/2019:17:25:08 -0300] "GET /cormun/static/gxgral.js?85251 HTTP/1.1" 200 384558
40.77.189.57 - - [08/Mar/2019:17:25:17 -0300] "GET /cormun/static/Shared/ext/ext-all.js HTTP/1.1" 200 1289687
139.162.111.98 - - [08/Mar/2019:17:26:49 -0300] "GET / HTTP/1.1" 200 11217
192.168.10.96 - - [08/Mar/2019:17:29:21 -0300] "POST /cormun/servlet/trsolicitudgral?779607e85065cab72e11970c7a58be83,,gx-no-cache=1552083768128 HTTP/1.1" 200 5965
201.68.49.218 - - [08/Mar/2019:17:29:26 -0300] "GET / HTTP/1.1" 200 11217
192.168.10.96 - - [08/Mar/2019:17:30:35 -0300] "POST /cormun/servlet/trsolicitudgral?779607e85065cab72e11970c7a58be83,,gx-no-cache=1552083842303 HTTP/1.1" 200 5965
192.168.10.96 - - [08/Mar/2019:17:30:36 -0300] "POST /cormun/servlet/trsolicitudgral?779607e85065cab72e11970c7a58be83,,gx-no-cache=1552083843230 HTTP/1.1" 200 5964
192.168.10.96 - - [08/Mar/2019:17:30:36 -0300] "POST /cormun/servlet/trsolicitudgral?779607e85065cab72e11970c7a58be83,,gx-no-cache=1552083843599 HTTP/1.1" 200 5965
192.168.10.89 - - [08/Mar/2019:17:31:20 -0300] "POST /cormun/servlet/trsolicitudgral?53ebc786b326f4e3a76b32dda4902a7e,,gx-no-cache=1552083886830 HTTP/1.1" 200 7327
207.46.13.222 - - [08/Mar/2019:17:31:45 -0300] "GET /cormun/servlet/trlicenciaspermisoslog?16792708,L,20190121000000,_escaped_fragment_%3D HTTP/1.1" 200 5349
192.168.10.96 - - [08/Mar/2019:17:32:11 -0300] "POST /cormun/servlet/trsolicitudgral?779607e85065cab72e11970c7a58be83,,gx-no-cache=1552083938663 HTTP/1.1" 200 5960
192.168.10.89 - - [08/Mar/2019:17:32:24 -0300] "POST /cormun/servlet/trsolicitudgral?53ebc786b326f4e3a76b32dda4902a7e,,gx-no-cache=1552083950748 HTTP/1.1" 200 7334
192.168.10.96 - - [08/Mar/2019:17:32:27 -0300] "POST /cormun/servlet/trsolicitudgral?779607e85065cab72e11970c7a58be83,,gx-no-cache=1552083954126 HTTP/1.1" 200 5968
192.168.10.96 - - [08/Mar/2019:17:32:28 -0300] "POST /cormun/servlet/trsolicitudgral?779607e85065cab72e11970c7a58be83,,gx-no-cache=1552083954962 HTTP/1.1" 200 5969
192.168.10.89 - - [08/Mar/2019:17:32:55 -0300] "POST /cormun/servlet/trsolicitudgral?53ebc786b326f4e3a76b32dda4902a7e,,gx-no-cache=1552083982388 HTTP/1.1" 200 7301
192.168.10.89 - - [08/Mar/2019:17:34:05 -0300] "POST /cormun/servlet/trsolicitudgral?53ebc786b326f4e3a76b32dda4902a7e,,gx-no-cache=1552084052164 HTTP/1.1" 200 5962
192.168.10.96 - - [08/Mar/2019:17:34:33 -0300] "POST /cormun/servlet/trsolicitudgral?779607e85065cab72e11970c7a58be83,,gx-no-cache=1552084080040 HTTP/1.1" 200 5962
192.168.10.89 - - [08/Mar/2019:17:40:52 -0300] "POST /cormun/servlet/trsolicitudgral?53ebc786b326f4e3a76b32dda4902a7e,,gx-no-cache=1552084458684 HTTP/1.1" 200 7627
192.168.10.89 - - [08/Mar/2019:17:42:21 -0300] "POST /cormun/servlet/trsolicitudgral?53ebc786b326f4e3a76b32dda4902a7e,,gx-no-cache=1552084547876 HTTP/1.1" 200 7651
200.111.191.210 - - [08/Mar/2019:17:45:24 -0300] "GET /cormun/servlet/trlicencias? HTTP/1.1" 200 6157
200.111.191.210 - - [08/Mar/2019:17:45:25 -0300] "GET /cormun/servlet/hlogin HTTP/1.1" 200 1737
200.111.191.210 - - [08/Mar/2019:17:45:25 -0300] "GET /cormun/servlet/trlicencias? HTTP/1.1" 200 6131
200.111.191.210 - - [08/Mar/2019:17:45:25 -0300] "GET /favicon.ico HTTP/1.1" 200 21630
123.205.28.185 - - [08/Mar/2019:17:46:53 -0300] "GET / HTTP/1.0" 200 11197
192.168.10.96 - - [08/Mar/2019:17:49:11 -0300] "POST /cormun/servlet/trsolicitudgral?779607e85065cab72e11970c7a58be83,,gx-no-cache=1552084958472 HTTP/1.1" 200 5968
192.168.10.96 - - [08/Mar/2019:17:49:14 -0300] "POST /cormun/servlet/trsolicitudgral?779607e85065cab72e11970c7a58be83,,gx-no-cache=1552084960695 HTTP/1.1" 200 5968
192.168.10.96 - - [08/Mar/2019:17:49:14 -0300] "POST /cormun/servlet/trsolicitudgral?779607e85065cab72e11970c7a58be83,,gx-no-cache=1552084961089 HTTP/1.1" 200 5968
192.168.10.96 - - [08/Mar/2019:17:49:14 -0300] "POST /cormun/servlet/trsolicitudgral?779607e85065cab72e11970c7a58be83,,gx-no-cache=1552084961407 HTTP/1.1" 200 5968
192.168.10.96 - - [08/Mar/2019:17:57:13 -0300] "GET /cormun/servlet/trsolicitudgral? HTTP/1.1" 200 9290
192.168.10.96 - - [08/Mar/2019:17:57:14 -0300] "GET /cormun/servlet/trsolicitudgral? HTTP/1.1" 200 9290
192.168.10.96 - - [08/Mar/2019:17:57:36 -0300] "POST /cormun/servlet/trsolicitudgral?779607e85065cab72e11970c7a58be83,,gx-no-cache=1552085462692 HTTP/1.1" 200 5964
192.168.10.96 - - [08/Mar/2019:17:59:37 -0300] "POST /cormun/servlet/trsolicitudgral?779607e85065cab72e11970c7a58be83,,gx-no-cache=1552085584277 HTTP/1.1" 200 5965
192.168.10.96 - - [08/Mar/2019:17:59:51 -0300] "POST /cormun/servlet/trsolicitudgral?779607e85065cab72e11970c7a58be83,,gx-no-cache=1552085598674 HTTP/1.1" 200 5965
192.168.10.96 - - [08/Mar/2019:17:59:52 -0300] "POST /cormun/servlet/trsolicitudgral?779607e85065cab72e11970c7a58be83,,gx-no-cache=1552085599475 HTTP/1.1" 200 5964
192.168.10.96 - - [08/Mar/2019:17:59:53 -0300] "POST /cormun/servlet/trsolicitudgral?779607e85065cab72e11970c7a58be83,,gx-no-cache=1552085599689 HTTP/1.1" 200 5965
192.168.10.96 - - [08/Mar/2019:17:59:53 -0300] "POST /cormun/servlet/trsolicitudgral?779607e85065cab72e11970c7a58be83,,gx-no-cache=1552085599880 HTTP/1.1" 200 5965
192.168.10.96 - - [08/Mar/2019:17:59:53 -0300] "POST /cormun/servlet/trsolicitudgral?779607e85065cab72e11970c7a58be83,,gx-no-cache=1552085600086 HTTP/1.1" 200 5964
192.168.10.89 - - [08/Mar/2019:18:00:16 -0300] "POST /cormun/servlet/trsolicitudgral?53ebc786b326f4e3a76b32dda4902a7e,,gx-no-cache=1552085623517 HTTP/1.1" 200 7334
192.168.10.89 - - [08/Mar/2019:18:01:32 -0300] "POST /cormun/servlet/trsolicitudgral?53ebc786b326f4e3a76b32dda4902a7e,,gx-no-cache=1552085698699 HTTP/1.1" 200 7661
192.168.10.96 - - [08/Mar/2019:18:03:28 -0300] "POST /cormun/servlet/trsolicitudgral?779607e85065cab72e11970c7a58be83,,gx-no-cache=1552085814922 HTTP/1.1" 200 5968
186.67.172.234 - - [08/Mar/2019:18:03:52 -0300] "GET /cormun/servlet/hlogin HTTP/1.1" 200 1724
186.67.172.234 - - [08/Mar/2019:18:03:52 -0300] "GET /cormun/servlet/hlogin HTTP/1.1" 200 1719
186.67.172.234 - - [08/Mar/2019:18:04:02 -0300] "POST /cormun/servlet/hlogin?6f27a9ac59ae4169962ac343bcf879fb,gx-no-cache=1552078823444 HTTP/1.1" 200 90
186.67.172.234 - - [08/Mar/2019:18:04:04 -0300] "GET /cormun/servlet/hpexe_link HTTP/1.1" 200 950
186.67.172.234 - - [08/Mar/2019:18:04:04 -0300] "GET /cormun/servlet/hhome HTTP/1.1" 200 4341
186.67.172.234 - - [08/Mar/2019:18:04:05 -0300] "GET /cormun/servlet/hhome HTTP/1.1" 200 4338
186.67.172.234 - - [08/Mar/2019:18:04:10 -0300] "GET /cormun/servlet/trpermisosgoce? HTTP/1.1" 200 8082
186.67.172.234 - - [08/Mar/2019:18:04:10 -0300] "GET /cormun/servlet/trpermisosgoce? HTTP/1.1" 200 8080
186.67.172.234 - - [08/Mar/2019:18:04:14 -0300] "GET /cormun/servlet/permisogoce?INS,0,,, HTTP/1.1" 200 7211
186.67.172.234 - - [08/Mar/2019:18:04:21 -0300] "GET /cormun/servlet/permisogoce?INS,0,,, HTTP/1.1" 200 7211
186.67.172.234 - - [08/Mar/2019:18:05:15 -0300] "GET /cormun/static/Resources/resize.gif HTTP/1.1" 200 77
186.67.172.234 - - [08/Mar/2019:18:05:15 -0300] "GET /cormun/servlet/prfichaempleado?,MD,,gxPopupLevel%3D0%3B HTTP/1.1" 200 9440
186.67.172.234 - - [08/Mar/2019:18:05:15 -0300] "GET /cormun/static/Resources/PXToolsMenuSearch.png HTTP/1.1" 200 2914
186.67.172.234 - - [08/Mar/2019:18:05:15 -0300] "GET /cormun/static/gxcfg.js?20177612134814 HTTP/1.1" 200 953
186.67.172.234 - - [08/Mar/2019:18:05:15 -0300] "GET /cormun/static/Resources/PXToolsMenuSearchCancel.png HTTP/1.1" 200 2972
186.67.172.234 - - [08/Mar/2019:18:05:15 -0300] "GET /cormun/static/prfichaempleado.js?20177612134999 HTTP/1.1" 200 16006
186.67.172.234 - - [08/Mar/2019:18:05:15 -0300] "GET /cormun/static/hmpwkw011.js?20177612121862 HTTP/1.1" 200 1968
186.67.172.234 - - [08/Mar/2019:18:05:15 -0300] "GET /cormun/static/menusearch.js?201610171694467 HTTP/1.1" 200 1424
186.67.172.234 - - [08/Mar/2019:18:05:43 -0300] "POST /cormun/servlet/prfichaempleado?6f27a9ac59ae4169962ac343bcf879fb,,MD,,gxPopupLevel%3D0%3B,gx-no-cache=1552078914961 HTTP/1.1" 200 3423
186.67.172.234 - - [08/Mar/2019:18:05:57 -0300] "GET /cormun/servlet/permisogoce?400cfa7d96c7cbfd859350f246b588e5d71f58fa338e61ddc6438bcd78241e90f819fc2a07ef3de42739766b5f287eb073c9eed15bc5003220ddb1a5823a0e39,gx-no-cache=1552078938400 HTTP/1.1" 200 176
192.168.10.89 - - [08/Mar/2019:18:08:44 -0300] "POST /cormun/servlet/trsolicitudgral?53ebc786b326f4e3a76b32dda4902a7e,,gx-no-cache=1552086131396 HTTP/1.1" 200 7321
40.77.167.171 - - [08/Mar/2019:18:12:02 -0300] "GET /cormun/servlet/hhome HTTP/1.1" 200 3404
192.168.10.96 - - [08/Mar/2019:18:19:03 -0300] "POST /cormun/servlet/trsolicitudgral?779607e85065cab72e11970c7a58be83,,gx-no-cache=1552086750569 HTTP/1.1" 200 7323
192.168.10.96 - - [08/Mar/2019:18:21:36 -0300] "POST /cormun/servlet/trsolicitudgral?779607e85065cab72e11970c7a58be83,,gx-no-cache=1552086902761 HTTP/1.1" 200 7333
192.168.10.89 - - [08/Mar/2019:18:21:41 -0300] "POST /cormun/servlet/trsolicitudgral?53ebc786b326f4e3a76b32dda4902a7e,,gx-no-cache=1552086907989 HTTP/1.1" 200 7605
192.168.10.96 - - [08/Mar/2019:18:22:32 -0300] "POST /cormun/servlet/trsolicitudgral?779607e85065cab72e11970c7a58be83,,gx-no-cache=1552086958673 HTTP/1.1" 200 7649
192.168.10.89 - - [08/Mar/2019:18:23:36 -0300] "POST /cormun/servlet/trsolicitudgral?53ebc786b326f4e3a76b32dda4902a7e,,gx-no-cache=1552087022782 HTTP/1.1" 200 5955
192.168.10.96 - - [08/Mar/2019:18:23:37 -0300] "POST /cormun/servlet/trsolicitudgral?779607e85065cab72e11970c7a58be83,,gx-no-cache=1552087023777 HTTP/1.1" 200 8079
192.168.10.96 - - [08/Mar/2019:18:24:44 -0300] "POST /cormun/servlet/trsolicitudgral?779607e85065cab72e11970c7a58be83,,gx-no-cache=1552087090652 HTTP/1.1" 200 9807
192.168.10.96 - - [08/Mar/2019:18:24:48 -0300] "POST /cormun/servlet/trsolicitudgral?779607e85065cab72e11970c7a58be83,,gx-no-cache=1552087095014 HTTP/1.1" 200 7357
192.168.10.96 - - [08/Mar/2019:18:25:07 -0300] "POST /cormun/servlet/trsolicitudgral?779607e85065cab72e11970c7a58be83,,gx-no-cache=1552087113674 HTTP/1.1" 200 8003
192.168.10.96 - - [08/Mar/2019:18:25:57 -0300] "POST /cormun/servlet/trsolicitudgral?779607e85065cab72e11970c7a58be83,,gx-no-cache=1552087163906 HTTP/1.1" 200 7348
192.168.10.96 - - [08/Mar/2019:18:26:20 -0300] "POST /cormun/servlet/trsolicitudgral?779607e85065cab72e11970c7a58be83,,gx-no-cache=1552087187225 HTTP/1.1" 200 7670
192.168.10.96 - - [08/Mar/2019:18:26:49 -0300] "POST /cormun/servlet/trsolicitudgral?779607e85065cab72e11970c7a58be83,,gx-no-cache=1552087216018 HTTP/1.1" 200 8318
192.168.10.96 - - [08/Mar/2019:18:27:30 -0300] "POST /cormun/servlet/trsolicitudgral?779607e85065cab72e11970c7a58be83,,gx-no-cache=1552087257554 HTTP/1.1" 200 8049
192.168.10.96 - - [08/Mar/2019:18:27:52 -0300] "POST /cormun/servlet/trsolicitudgral?779607e85065cab72e11970c7a58be83,,gx-no-cache=1552087279657 HTTP/1.1" 200 5968
192.168.10.96 - - [08/Mar/2019:18:27:54 -0300] "POST /cormun/servlet/trsolicitudgral?779607e85065cab72e11970c7a58be83,,gx-no-cache=1552087280864 HTTP/1.1" 200 5968
192.168.10.96 - - [08/Mar/2019:18:27:54 -0300] "POST /cormun/servlet/trsolicitudgral?779607e85065cab72e11970c7a58be83,,gx-no-cache=1552087281472 HTTP/1.1" 200 5968
192.168.10.96 - - [08/Mar/2019:18:27:54 -0300] "POST /cormun/servlet/trsolicitudgral?779607e85065cab72e11970c7a58be83,,gx-no-cache=1552087281673 HTTP/1.1" 200 5968
192.168.10.96 - - [08/Mar/2019:18:27:55 -0300] "POST /cormun/servlet/trsolicitudgral?779607e85065cab72e11970c7a58be83,,gx-no-cache=1552087281826 HTTP/1.1" 200 5967
192.168.10.96 - - [08/Mar/2019:18:28:57 -0300] "POST /cormun/servlet/trsolicitudgral?779607e85065cab72e11970c7a58be83,,gx-no-cache=1552087344221 HTTP/1.1" 200 5967
192.168.10.96 - - [08/Mar/2019:18:29:42 -0300] "POST /cormun/servlet/trsolicitudgral?779607e85065cab72e11970c7a58be83,,gx-no-cache=1552087388702 HTTP/1.1" 200 8109
192.168.10.96 - - [08/Mar/2019:18:32:23 -0300] "POST /cormun/servlet/trsolicitudgral?779607e85065cab72e11970c7a58be83,,gx-no-cache=1552087549731 HTTP/1.1" 200 24269
192.168.10.96 - - [08/Mar/2019:18:32:34 -0300] "POST /cormun/servlet/trsolicitudgral?779607e85065cab72e11970c7a58be83,,gx-no-cache=1552087561452 HTTP/1.1" 200 5968
192.168.10.96 - - [08/Mar/2019:18:32:36 -0300] "POST /cormun/servlet/trsolicitudgral?779607e85065cab72e11970c7a58be83,,gx-no-cache=1552087563417 HTTP/1.1" 200 5968
192.168.10.96 - - [08/Mar/2019:18:32:36 -0300] "POST /cormun/servlet/trsolicitudgral?779607e85065cab72e11970c7a58be83,,gx-no-cache=1552087563617 HTTP/1.1" 200 5968
192.168.10.96 - - [08/Mar/2019:18:32:37 -0300] "POST /cormun/servlet/trsolicitudgral?779607e85065cab72e11970c7a58be83,,gx-no-cache=1552087563817 HTTP/1.1" 200 5968
88.22.193.155 - - [08/Mar/2019:18:32:57 -0300] "GET / HTTP/1.1" 200 11217
192.168.10.96 - - [08/Mar/2019:18:33:16 -0300] "POST /cormun/servlet/trsolicitudgral?779607e85065cab72e11970c7a58be83,,gx-no-cache=1552087603530 HTTP/1.1" 200 8309
192.168.10.96 - - [08/Mar/2019:18:33:41 -0300] "POST /cormun/servlet/trsolicitudgral?779607e85065cab72e11970c7a58be83,,gx-no-cache=1552087627786 HTTP/1.1" 200 8030
192.168.10.96 - - [08/Mar/2019:18:34:18 -0300] "POST /cormun/servlet/trsolicitudgral?779607e85065cab72e11970c7a58be83,,gx-no-cache=1552087665401 HTTP/1.1" 200 7637
192.168.10.96 - - [08/Mar/2019:18:34:42 -0300] "POST /cormun/servlet/trsolicitudgral?779607e85065cab72e11970c7a58be83,,gx-no-cache=1552087688841 HTTP/1.1" 200 8559
192.168.10.96 - - [08/Mar/2019:18:35:07 -0300] "POST /cormun/servlet/trsolicitudgral?779607e85065cab72e11970c7a58be83,,gx-no-cache=1552087712849 HTTP/1.1" 200 24267
192.168.10.96 - - [08/Mar/2019:18:35:18 -0300] "POST /cormun/servlet/trsolicitudgral?779607e85065cab72e11970c7a58be83,,gx-no-cache=1552087725486 HTTP/1.1" 200 7642
192.168.10.96 - - [08/Mar/2019:18:36:20 -0300] "POST /cormun/servlet/trsolicitudgral?779607e85065cab72e11970c7a58be83,,gx-no-cache=1552087787458 HTTP/1.1" 200 8319
192.168.10.96 - - [08/Mar/2019:18:36:47 -0300] "POST /cormun/servlet/trsolicitudgral?779607e85065cab72e11970c7a58be83,,gx-no-cache=1552087814217 HTTP/1.1" 200 7956
192.168.10.96 - - [08/Mar/2019:18:37:12 -0300] "POST /cormun/servlet/trsolicitudgral?779607e85065cab72e11970c7a58be83,,gx-no-cache=1552087839385 HTTP/1.1" 200 5976
192.168.10.96 - - [08/Mar/2019:18:37:51 -0300] "POST /cormun/servlet/trsolicitudgral?779607e85065cab72e11970c7a58be83,,gx-no-cache=1552087878561 HTTP/1.1" 200 5976
192.168.10.96 - - [08/Mar/2019:18:37:52 -0300] "POST /cormun/servlet/trsolicitudgral?779607e85065cab72e11970c7a58be83,,gx-no-cache=1552087879609 HTTP/1.1" 200 5977
192.168.10.96 - - [08/Mar/2019:18:37:53 -0300] "POST /cormun/servlet/trsolicitudgral?779607e85065cab72e11970c7a58be83,,gx-no-cache=1552087879813 HTTP/1.1" 200 5977
192.168.10.96 - - [08/Mar/2019:18:37:53 -0300] "POST /cormun/servlet/trsolicitudgral?779607e85065cab72e11970c7a58be83,,gx-no-cache=1552087880003 HTTP/1.1" 200 5977
192.168.10.96 - - [08/Mar/2019:18:37:53 -0300] "POST /cormun/servlet/trsolicitudgral?779607e85065cab72e11970c7a58be83,,gx-no-cache=1552087880209 HTTP/1.1" 200 5976
192.168.10.96 - - [08/Mar/2019:18:37:53 -0300] "POST /cormun/servlet/trsolicitudgral?779607e85065cab72e11970c7a58be83,,gx-no-cache=1552087880408 HTTP/1.1" 200 5977
192.168.10.96 - - [08/Mar/2019:18:38:17 -0300] "POST /cormun/servlet/trsolicitudgral?779607e85065cab72e11970c7a58be83,,gx-no-cache=1552087904049 HTTP/1.1" 200 5968
192.168.10.89 - - [08/Mar/2019:18:38:24 -0300] "POST /cormun/servlet/trsolicitudgral?53ebc786b326f4e3a76b32dda4902a7e,,gx-no-cache=1552087910939 HTTP/1.1" 200 7867
192.168.10.89 - - [08/Mar/2019:18:38:55 -0300] "POST /cormun/servlet/trsolicitudgral?53ebc786b326f4e3a76b32dda4902a7e,,gx-no-cache=1552087942308 HTTP/1.1" 200 7592
192.168.10.96 - - [08/Mar/2019:18:38:57 -0300] "POST /cormun/servlet/trsolicitudgral?779607e85065cab72e11970c7a58be83,,gx-no-cache=1552087944482 HTTP/1.1" 200 5967
192.168.10.96 - - [08/Mar/2019:18:38:59 -0300] "POST /cormun/servlet/trsolicitudgral?779607e85065cab72e11970c7a58be83,,gx-no-cache=1552087946041 HTTP/1.1" 200 5968
192.168.10.96 - - [08/Mar/2019:18:38:59 -0300] "POST /cormun/servlet/trsolicitudgral?779607e85065cab72e11970c7a58be83,,gx-no-cache=1552087946267 HTTP/1.1" 200 5968
192.168.10.96 - - [08/Mar/2019:18:38:59 -0300] "POST /cormun/servlet/trsolicitudgral?779607e85065cab72e11970c7a58be83,,gx-no-cache=1552087946494 HTTP/1.1" 200 5969
192.168.10.96 - - [08/Mar/2019:18:39:00 -0300] "POST /cormun/servlet/trsolicitudgral?779607e85065cab72e11970c7a58be83,,gx-no-cache=1552087946710 HTTP/1.1" 200 5968
192.168.10.96 - - [08/Mar/2019:18:39:00 -0300] "POST /cormun/servlet/trsolicitudgral?779607e85065cab72e11970c7a58be83,,gx-no-cache=1552087946917 HTTP/1.1" 200 5968
192.168.10.96 - - [08/Mar/2019:18:39:00 -0300] "POST /cormun/servlet/trsolicitudgral?779607e85065cab72e11970c7a58be83,,gx-no-cache=1552087947249 HTTP/1.1" 200 5968
192.168.10.96 - - [08/Mar/2019:18:39:19 -0300] "POST /cormun/servlet/trsolicitudgral?779607e85065cab72e11970c7a58be83,,gx-no-cache=1552087965794 HTTP/1.1" 200 7658
192.168.10.96 - - [08/Mar/2019:18:39:33 -0300] "POST /cormun/servlet/trsolicitudgral?779607e85065cab72e11970c7a58be83,,gx-no-cache=1552087980403 HTTP/1.1" 200 7647
192.168.10.96 - - [08/Mar/2019:18:40:10 -0300] "POST /cormun/servlet/trsolicitudgral?779607e85065cab72e11970c7a58be83,,gx-no-cache=1552088017450 HTTP/1.1" 200 7635
192.168.10.96 - - [08/Mar/2019:18:41:11 -0300] "POST /cormun/servlet/trsolicitudgral?779607e85065cab72e11970c7a58be83,,gx-no-cache=1552088078153 HTTP/1.1" 200 5966
192.168.10.96 - - [08/Mar/2019:18:41:39 -0300] "POST /cormun/servlet/trsolicitudgral?779607e85065cab72e11970c7a58be83,,gx-no-cache=1552088106233 HTTP/1.1" 200 5968
192.168.10.96 - - [08/Mar/2019:18:41:41 -0300] "POST /cormun/servlet/trsolicitudgral?779607e85065cab72e11970c7a58be83,,gx-no-cache=1552088107848 HTTP/1.1" 200 5968
192.168.10.96 - - [08/Mar/2019:18:41:41 -0300] "POST /cormun/servlet/trsolicitudgral?779607e85065cab72e11970c7a58be83,,gx-no-cache=1552088108139 HTTP/1.1" 200 5968
192.168.10.96 - - [08/Mar/2019:18:41:41 -0300] "POST /cormun/servlet/trsolicitudgral?779607e85065cab72e11970c7a58be83,,gx-no-cache=1552088108375 HTTP/1.1" 200 5968
192.168.10.96 - - [08/Mar/2019:18:42:21 -0300] "POST /cormun/servlet/trsolicitudgral?779607e85065cab72e11970c7a58be83,,gx-no-cache=1552088147914 HTTP/1.1" 200 7667
192.168.10.96 - - [08/Mar/2019:18:43:18 -0300] "POST /cormun/servlet/trsolicitudgral?779607e85065cab72e11970c7a58be83,,gx-no-cache=1552088205082 HTTP/1.1" 200 5967
192.168.10.96 - - [08/Mar/2019:18:43:19 -0300] "POST /cormun/servlet/trsolicitudgral?779607e85065cab72e11970c7a58be83,,gx-no-cache=1552088206225 HTTP/1.1" 200 5967
192.168.10.96 - - [08/Mar/2019:18:43:19 -0300] "POST /cormun/servlet/trsolicitudgral?779607e85065cab72e11970c7a58be83,,gx-no-cache=1552088206492 HTTP/1.1" 200 5966
192.168.10.96 - - [08/Mar/2019:18:43:20 -0300] "POST /cormun/servlet/trsolicitudgral?779607e85065cab72e11970c7a58be83,,gx-no-cache=1552088206750 HTTP/1.1" 200 5966
192.168.10.96 - - [08/Mar/2019:18:43:53 -0300] "POST /cormun/servlet/trsolicitudgral?779607e85065cab72e11970c7a58be83,,gx-no-cache=1552088240459 HTTP/1.1" 200 7351
192.168.10.96 - - [08/Mar/2019:18:44:27 -0300] "POST /cormun/servlet/trsolicitudgral?779607e85065cab72e11970c7a58be83,,gx-no-cache=1552088274396 HTTP/1.1" 200 7804
192.168.10.96 - - [08/Mar/2019:18:44:57 -0300] "POST /cormun/servlet/trsolicitudgral?779607e85065cab72e11970c7a58be83,,gx-no-cache=1552088303701 HTTP/1.1" 200 7719
192.168.10.96 - - [08/Mar/2019:18:45:57 -0300] "POST /cormun/servlet/trsolicitudgral?779607e85065cab72e11970c7a58be83,,gx-no-cache=1552088363706 HTTP/1.1" 200 7627
192.168.10.96 - - [08/Mar/2019:18:46:29 -0300] "POST /cormun/servlet/trsolicitudgral?779607e85065cab72e11970c7a58be83,,gx-no-cache=1552088396329 HTTP/1.1" 200 7988
66.249.85.59 - - [08/Mar/2019:18:47:22 -0300] "GET /cormun/servlet/hlogin HTTP/1.1" 200 1716
66.249.85.59 - - [08/Mar/2019:18:47:22 -0300] "GET /cormun/static/Resources/Spanish/PXTools.css?1155365 HTTP/1.1" 200 89042
66.249.85.61 - - [08/Mar/2019:18:47:22 -0300] "GET /cormun/static/gxcfg.js?20177612122725 HTTP/1.1" 200 953
66.249.85.59 - - [08/Mar/2019:18:47:22 -0300] "GET /cormun/static/gxtimezone.js?85251 HTTP/1.1" 200 5781
66.249.85.59 - - [08/Mar/2019:18:47:22 -0300] "GET /cormun/static/Resources/ComunLogin.png HTTP/1.1" 200 17326
66.249.85.57 - - [08/Mar/2019:18:47:22 -0300] "GET /cormun/static/messages.spa.js?85251 HTTP/1.1" 200 30736
66.249.85.57 - - [08/Mar/2019:18:47:22 -0300] "GET /cormun/static/gxgral.js?85251 HTTP/1.1" 200 384558
66.249.85.61 - - [08/Mar/2019:18:47:22 -0300] "GET /cormun/static/hlogin.js?20177612122738 HTTP/1.1" 200 2136
66.249.85.59 - - [08/Mar/2019:18:47:23 -0300] "GET /cormun/static/Resources/PXToolsLoginTop.png HTTP/1.1" 200 1337
66.249.85.61 - - [08/Mar/2019:18:47:23 -0300] "GET /cormun/static/Resources/PXToolsLoginBackground.png HTTP/1.1" 200 1164
66.249.85.59 - - [08/Mar/2019:18:47:23 -0300] "GET /cormun/static/Resources/PXToolsButtonRight21.png HTTP/1.1" 200 1283
66.249.85.61 - - [08/Mar/2019:18:47:23 -0300] "GET /cormun/static/Resources/PXToolsButtonLeft21.png HTTP/1.1" 200 1287
66.249.85.57 - - [08/Mar/2019:18:47:23 -0300] "GET /cormun/static/Resources/PXToolsButtonBackground2.png HTTP/1.1" 200 1181
66.249.85.61 - - [08/Mar/2019:18:47:23 -0300] "GET /cormun/static/Resources/PXToolsLoginBottom.png HTTP/1.1" 200 1389
66.249.85.57 - - [08/Mar/2019:18:47:23 -0300] "GET /cormun/static/Resources/indicator.gif HTTP/1.1" 200 1553
66.249.85.59 - - [08/Mar/2019:18:47:23 -0300] "GET /cormun/servlet/hlogin HTTP/1.1" 200 1722
66.249.85.61 - - [08/Mar/2019:18:47:23 -0300] "GET /favicon.ico HTTP/1.1" 200 21630
190.164.49.206 - - [08/Mar/2019:18:47:52 -0300] "POST /cormun/servlet/hlogin?01b0133853c97bbc15ef303868226ff6,gx-no-cache=1552081420278 HTTP/1.1" 200 440
192.168.10.96 - - [08/Mar/2019:18:47:56 -0300] "POST /cormun/servlet/trsolicitudgral?779607e85065cab72e11970c7a58be83,,gx-no-cache=1552088483618 HTTP/1.1" 200 5966
192.168.10.96 - - [08/Mar/2019:18:48:05 -0300] "POST /cormun/servlet/trsolicitudgral?779607e85065cab72e11970c7a58be83,,gx-no-cache=1552088492430 HTTP/1.1" 200 5966
190.164.49.206 - - [08/Mar/2019:18:48:10 -0300] "POST /cormun/servlet/hlogin?01b0133853c97bbc15ef303868226ff6,gx-no-cache=1552081438252 HTTP/1.1" 200 440
192.168.10.96 - - [08/Mar/2019:18:48:42 -0300] "POST /cormun/servlet/trsolicitudgral?779607e85065cab72e11970c7a58be83,,gx-no-cache=1552088528816 HTTP/1.1" 200 7657
192.168.10.96 - - [08/Mar/2019:18:49:23 -0300] "POST /cormun/servlet/trsolicitudgral?779607e85065cab72e11970c7a58be83,,gx-no-cache=1552088569874 HTTP/1.1" 200 5967
192.168.10.96 - - [08/Mar/2019:18:49:53 -0300] "POST /cormun/servlet/trsolicitudgral?779607e85065cab72e11970c7a58be83,,gx-no-cache=1552088600618 HTTP/1.1" 200 7610
192.168.10.89 - - [08/Mar/2019:18:50:08 -0300] "POST /cormun/servlet/trsolicitudgral?53ebc786b326f4e3a76b32dda4902a7e,,gx-no-cache=1552088614880 HTTP/1.1" 200 8101
66.249.85.57 - - [08/Mar/2019:18:50:42 -0300] "GET /cormun/servlet/hlogin HTTP/1.1" 200 1716
190.164.49.206 - - [08/Mar/2019:18:51:00 -0300] "POST /cormun/servlet/hlogin?01b0133853c97bbc15ef303868226ff6,gx-no-cache=1552081608812 HTTP/1.1" 200 426
190.164.49.206 - - [08/Mar/2019:18:51:16 -0300] "POST /cormun/servlet/hlogin?01b0133853c97bbc15ef303868226ff6,gx-no-cache=1552081624178 HTTP/1.1" 200 426
190.164.49.206 - - [08/Mar/2019:18:51:23 -0300] "POST /cormun/servlet/hlogin?01b0133853c97bbc15ef303868226ff6,gx-no-cache=1552081631074 HTTP/1.1" 200 426
190.164.49.206 - - [08/Mar/2019:18:51:34 -0300] "POST /cormun/servlet/hlogin?01b0133853c97bbc15ef303868226ff6,gx-no-cache=1552081642730 HTTP/1.1" 200 426
192.168.10.96 - - [08/Mar/2019:18:51:34 -0300] "POST /cormun/servlet/trsolicitudgral?779607e85065cab72e11970c7a58be83,,gx-no-cache=1552088701569 HTTP/1.1" 200 7327
66.249.85.57 - - [08/Mar/2019:18:51:39 -0300] "GET /cormun/servlet/hlogin HTTP/1.1" 200 1716
66.249.85.61 - - [08/Mar/2019:18:51:43 -0300] "GET /cormun/servlet/hlogin HTTP/1.1" 200 1716
66.249.85.59 - - [08/Mar/2019:18:51:46 -0300] "GET /cormun/servlet/hlogin HTTP/1.1" 200 1716
192.168.10.96 - - [08/Mar/2019:18:52:14 -0300] "POST /cormun/servlet/trsolicitudgral?779607e85065cab72e11970c7a58be83,,gx-no-cache=1552088741001 HTTP/1.1" 200 7301
192.168.10.96 - - [08/Mar/2019:18:53:35 -0300] "POST /cormun/servlet/trsolicitudgral?779607e85065cab72e11970c7a58be83,,gx-no-cache=1552088821381 HTTP/1.1" 200 23229
192.168.10.96 - - [08/Mar/2019:18:54:34 -0300] "POST /cormun/servlet/trsolicitudgral?779607e85065cab72e11970c7a58be83,,gx-no-cache=1552088880830 HTTP/1.1" 200 5966
192.168.10.96 - - [08/Mar/2019:18:54:41 -0300] "POST /cormun/servlet/trsolicitudgral?779607e85065cab72e11970c7a58be83,,gx-no-cache=1552088888305 HTTP/1.1" 200 5965
192.168.10.96 - - [08/Mar/2019:18:54:54 -0300] "POST /cormun/servlet/trsolicitudgral?779607e85065cab72e11970c7a58be83,,gx-no-cache=1552088901096 HTTP/1.1" 200 5967
192.168.10.96 - - [08/Mar/2019:18:55:29 -0300] "POST /cormun/servlet/trsolicitudgral?779607e85065cab72e11970c7a58be83,,gx-no-cache=1552088936609 HTTP/1.1" 200 7988
192.168.10.96 - - [08/Mar/2019:18:56:33 -0300] "POST /cormun/servlet/trsolicitudgral?779607e85065cab72e11970c7a58be83,,gx-no-cache=1552088999866 HTTP/1.1" 200 5967
192.168.10.96 - - [08/Mar/2019:18:58:15 -0300] "POST /cormun/servlet/trsolicitudgral?779607e85065cab72e11970c7a58be83,,gx-no-cache=1552089102140 HTTP/1.1" 200 7673
192.168.10.96 - - [08/Mar/2019:18:59:24 -0300] "POST /cormun/servlet/trsolicitudgral?779607e85065cab72e11970c7a58be83,,gx-no-cache=1552089171089 HTTP/1.1" 200 5968
192.168.10.96 - - [08/Mar/2019:18:59:31 -0300] "POST /cormun/servlet/trsolicitudgral?779607e85065cab72e11970c7a58be83,,gx-no-cache=1552089178145 HTTP/1.1" 200 5969
192.168.10.89 - - [08/Mar/2019:19:00:43 -0300] "POST /cormun/servlet/trsolicitudgral?53ebc786b326f4e3a76b32dda4902a7e,,gx-no-cache=1552089249957 HTTP/1.1" 200 7624
192.168.10.89 - - [08/Mar/2019:19:03:38 -0300] "POST /cormun/servlet/trsolicitudgral?53ebc786b326f4e3a76b32dda4902a7e,,gx-no-cache=1552089424741 HTTP/1.1" 200 5960
192.168.10.89 - - [08/Mar/2019:19:03:39 -0300] "POST /cormun/servlet/trsolicitudgral?53ebc786b326f4e3a76b32dda4902a7e,,gx-no-cache=1552089425896 HTTP/1.1" 200 5959
192.168.10.89 - - [08/Mar/2019:19:06:21 -0300] "POST /cormun/servlet/trsolicitudgral?53ebc786b326f4e3a76b32dda4902a7e,,gx-no-cache=1552089587701 HTTP/1.1" 200 7657
192.168.10.89 - - [08/Mar/2019:19:10:42 -0300] "POST /cormun/servlet/trsolicitudgral?53ebc786b326f4e3a76b32dda4902a7e,,gx-no-cache=1552089849319 HTTP/1.1" 200 5959
157.55.39.236 - - [08/Mar/2019:19:13:42 -0300] "GET /cormun/static/Resources/Spanish/PXTools.css?12112540 HTTP/1.1" 200 89042
66.249.64.93 - - [08/Mar/2019:19:30:32 -0300] "GET /robots.txt HTTP/1.1" 404 981
66.249.64.91 - - [08/Mar/2019:19:30:32 -0300] "GET /cormun/static/Resources/Spanish/PXTools.css?11423723 HTTP/1.1" 200 89042
66.249.64.89 - - [08/Mar/2019:19:30:33 -0300] "GET /cormun/static/gxcfg.js?20175251212442 HTTP/1.1" 200 953
66.249.64.91 - - [08/Mar/2019:19:30:34 -0300] "GET /cormun/static/SmoothNavMenu/resources/ddsmoothmenu.css?1012540 HTTP/1.1" 200 2223
66.249.64.89 - - [08/Mar/2019:19:30:34 -0300] "GET /cormun/static/Shared/jqueryui/jquery-ui.min.css?1245370 HTTP/1.1" 200 30288
66.249.64.93 - - [08/Mar/2019:19:30:35 -0300] "GET /cormun/static/SmoothNavMenu/resources/ddsmoothmenu-v.css?1012540 HTTP/1.1" 200 1188
66.249.64.89 - - [08/Mar/2019:19:30:35 -0300] "GET /cormun/static/scaMessage/css/jquery.pnotify.default.css?1716380 HTTP/1.1" 200 1707
66.249.64.91 - - [08/Mar/2019:19:30:35 -0300] "GET /cormun/static/PXToolsJavascripts/pexe_windows.js HTTP/1.1" 200 15207
66.249.64.89 - - [08/Mar/2019:19:30:36 -0300] "GET /cormun/static/PXToolsJavascripts/pexe_grid.js HTTP/1.1" 200 7559
66.249.64.89 - - [08/Mar/2019:19:30:36 -0300] "GET /cormun/static/PXToolsJavascripts/pexe_griddivfix.js HTTP/1.1" 200 6644
66.249.64.89 - - [08/Mar/2019:19:30:37 -0300] "GET /cormun/static/PXToolsJavascripts/pexe_link.js HTTP/1.1" 200 5671
66.249.64.89 - - [08/Mar/2019:19:30:37 -0300] "GET /cormun/static/PXToolsJavascripts/pexe_menudivfix.js HTTP/1.1" 200 333
66.249.64.91 - - [08/Mar/2019:19:30:38 -0300] "GET /cormun/static/PXToolsJavascripts/pexe_menus.js HTTP/1.1" 200 1286
66.249.64.89 - - [08/Mar/2019:19:30:38 -0300] "GET /cormun/static/PXToolsJavascripts/pexe_layers.js HTTP/1.1" 200 4114
66.249.64.91 - - [08/Mar/2019:19:30:39 -0300] "GET /cormun/static/PXToolsJavascripts/pexe_oav.js HTTP/1.1" 200 645
66.249.64.89 - - [08/Mar/2019:19:30:40 -0300] "GET /cormun/static/PXToolsJavascripts/pexe_oavdivfix.js HTTP/1.1" 200 639
66.249.64.89 - - [08/Mar/2019:19:30:40 -0300] "GET /cormun/static/PXToolsJavascripts/pexe_picture.js HTTP/1.1" 200 689
66.249.64.89 - - [08/Mar/2019:19:30:41 -0300] "GET /cormun/static/PXToolsJavascripts/pexe_popup.js HTTP/1.1" 200 13458
66.249.64.89 - - [08/Mar/2019:19:30:41 -0300] "GET /cormun/static/PXToolsJavascripts/pexe_scrolldiv.js HTTP/1.1" 200 4138
66.249.64.89 - - [08/Mar/2019:19:30:42 -0300] "GET /cormun/static/PXToolsJavascripts/pexe_tabdivfix.js HTTP/1.1" 200 876
66.249.64.89 - - [08/Mar/2019:19:30:42 -0300] "GET /cormun/static/PXToolsJavascripts/pexe_tabs.js HTTP/1.1" 200 3748
66.249.64.89 - - [08/Mar/2019:19:30:43 -0300] "GET /cormun/static/PXToolsJavascripts/pexe_upload.js HTTP/1.1" 200 1423
