190.171.141.106 - - [06/Mar/2019:15:59:19 -0300] "GET /cormun/static/Resources/PXToolsGridLastDisabled.gif HTTP/1.1" 200 98
190.171.141.106 - - [06/Mar/2019:15:59:19 -0300] "GET /cormun/static/Resources/PXToolsGridPage.gif HTTP/1.1" 200 725
190.171.141.106 - - [06/Mar/2019:15:59:19 -0300] "GET /cormun/static/Shared/ext/resources/css/ext-all.css?215870 HTTP/1.1" 200 416045
190.171.141.106 - - [06/Mar/2019:15:59:19 -0300] "GET /cormun/static/Resources/PXToolsActionExcel.png HTTP/1.1" 200 3187
190.171.141.106 - - [06/Mar/2019:15:59:20 -0300] "GET /cormun/static/Resources/asc.gif HTTP/1.1" 200 67
190.171.141.106 - - [06/Mar/2019:15:59:20 -0300] "GET /cormun/static/Resources/desc.gif HTTP/1.1" 200 65
190.171.141.106 - - [06/Mar/2019:15:59:20 -0300] "GET /cormun/servlet/trautorizarsolicitud? HTTP/1.1" 200 7363
190.171.141.106 - - [06/Mar/2019:15:59:20 -0300] "GET /cormun/static/Shared/ext/resources/themes/images/default/panel/bg-headersPanel.png HTTP/1.1" 200 255
190.171.141.106 - - [06/Mar/2019:15:59:20 -0300] "GET /cormun/static/Shared/ext/resources/themes/images/default/tools/tool-sprites.gif HTTP/1.1" 200 5434
190.171.141.106 - - [06/Mar/2019:15:59:31 -0300] "POST /cormun/servlet/trautorizarsolicitud?7d6c431b407f6d42cfe5f02b4fa929f7,,gx-no-cache=1551898554947 HTTP/1.1" 200 5847
190.171.141.106 - - [06/Mar/2019:15:59:32 -0300] "GET /cormun//static/Resources/PXToolsActionView.png HTTP/1.1" 200 2995
190.171.141.106 - - [06/Mar/2019:15:59:32 -0300] "GET /cormun//static/Resources/PXToolsGridDelete.png HTTP/1.1" 200 357
190.171.141.106 - - [06/Mar/2019:15:59:32 -0300] "GET /cormun//static/Resources/PXToolsRemoveAllAction.png HTTP/1.1" 200 3558
190.171.141.106 - - [06/Mar/2019:15:59:32 -0300] "GET /cormun//static/Resources/PXTools/ActionInsert.png HTTP/1.1" 200 1482
190.171.141.106 - - [06/Mar/2019:15:59:32 -0300] "GET /cormun//static/Resources/PXToolsGridUpdate.png HTTP/1.1" 200 2984
190.171.141.106 - - [06/Mar/2019:15:59:36 -0300] "POST /cormun/servlet/trautorizarsolicitud?7d6c431b407f6d42cfe5f02b4fa929f7,,gx-no-cache=1551898559403 HTTP/1.1" 200 5860
190.171.141.106 - - [06/Mar/2019:15:59:36 -0300] "GET /cormun/static/Shared/jqueryui/images/ui-bg_highlight-soft_100_c6c2c8_1x100.png HTTP/1.1" 404 1117
190.171.141.106 - - [06/Mar/2019:15:59:36 -0300] "GET /cormun/static/Shared/jqueryui/images/ui-icons_82798d_256x240.png HTTP/1.1" 404 1089
190.171.141.106 - - [06/Mar/2019:15:59:36 -0300] "GET /cormun/static/Shared/jqueryui/images/ui-icons_8d78a5_256x240.png HTTP/1.1" 404 1089
190.171.141.106 - - [06/Mar/2019:15:59:36 -0300] "GET /cormun/static/Shared/jqueryui/images/ui-bg_flat_55_fafafa_40x100.png HTTP/1.1" 404 1097
190.171.141.106 - - [06/Mar/2019:15:59:42 -0300] "GET /cormun/servlet/trautorizarsolicitud? HTTP/1.1" 200 8724
190.171.141.106 - - [06/Mar/2019:15:59:43 -0300] "GET /cormun/servlet/trautorizarsolicitud? HTTP/1.1" 200 8724
190.171.141.106 - - [06/Mar/2019:15:59:46 -0300] "POST /cormun/servlet/trautorizarsolicitud?7d6c431b407f6d42cfe5f02b4fa929f7,,gx-no-cache=1551898569628 HTTP/1.1" 200 5860
190.171.141.106 - - [06/Mar/2019:15:59:47 -0300] "GET /cormun/static/Shared/jqueryui/images/ui-bg_highlight-soft_100_c6c2c8_1x100.png HTTP/1.1" 404 1117
190.171.141.106 - - [06/Mar/2019:15:59:47 -0300] "GET /cormun/static/Shared/jqueryui/images/ui-icons_82798d_256x240.png HTTP/1.1" 404 1089
190.171.141.106 - - [06/Mar/2019:15:59:47 -0300] "GET /cormun/static/Shared/jqueryui/images/ui-bg_flat_55_fafafa_40x100.png HTTP/1.1" 404 1097
190.171.141.106 - - [06/Mar/2019:15:59:49 -0300] "GET /cormun/static/Shared/jqueryui/images/ui-icons_8d78a5_256x240.png HTTP/1.1" 404 1089
190.171.141.106 - - [06/Mar/2019:16:00:14 -0300] "GET /cormun/servlet/trautorizarsolicitud? HTTP/1.1" 200 8724
190.171.141.106 - - [06/Mar/2019:16:00:15 -0300] "GET /cormun/servlet/trautorizarsolicitud? HTTP/1.1" 200 8724
190.171.141.106 - - [06/Mar/2019:16:00:18 -0300] "POST /cormun/servlet/trautorizarsolicitud?7d6c431b407f6d42cfe5f02b4fa929f7,,gx-no-cache=1551898601860 HTTP/1.1" 200 5859
190.171.141.106 - - [06/Mar/2019:16:00:18 -0300] "GET /cormun/static/Shared/jqueryui/images/ui-bg_highlight-soft_100_c6c2c8_1x100.png HTTP/1.1" 404 1117
190.171.141.106 - - [06/Mar/2019:16:00:18 -0300] "GET /cormun/static/Shared/jqueryui/images/ui-icons_82798d_256x240.png HTTP/1.1" 404 1089
190.171.141.106 - - [06/Mar/2019:16:00:18 -0300] "GET /cormun/static/Shared/jqueryui/images/ui-bg_flat_55_fafafa_40x100.png HTTP/1.1" 404 1097
190.171.141.106 - - [06/Mar/2019:16:00:18 -0300] "GET /cormun/static/Shared/jqueryui/images/ui-icons_8d78a5_256x240.png HTTP/1.1" 404 1089
186.79.196.183 - - [06/Mar/2019:16:00:35 -0300] "GET /cormun/servlet/solicitudot?a6aa91305c7519878371133a3c2d39d4da894793936234eea022795d973d71b3,gx-no-cache=1551898619251 HTTP/1.1" 200 94
186.79.196.183 - - [06/Mar/2019:16:00:36 -0300] "GET /cormun/servlet/solicitudot?a6aa91305c7519878371133a3c2d39d4fa2f12eb758ba18886b5800a7527bd17,gx-no-cache=1551898619892 HTTP/1.1" 200 29
190.171.141.106 - - [06/Mar/2019:16:00:44 -0300] "POST /cormun/servlet/trautorizarsolicitud?7d6c431b407f6d42cfe5f02b4fa929f7,,gx-no-cache=1551898628121 HTTP/1.1" 200 4484
190.171.141.106 - - [06/Mar/2019:16:00:45 -0300] "POST /cormun/servlet/trautorizarsolicitud?7d6c431b407f6d42cfe5f02b4fa929f7,,gx-no-cache=1551898629239 HTTP/1.1" 200 4485
186.79.196.183 - - [06/Mar/2019:16:00:51 -0300] "POST /cormun/servlet/solicitudot?gx-no-cache=1551898635636 HTTP/1.1" 200 297
186.79.196.183 - - [06/Mar/2019:16:00:53 -0300] "GET /cormun/servlet/solicitudot?a6aa91305c7519878371133a3c2d39d42a4800715a4d4a7885f5231ae09e3000a58f68672455157dcf2c6b58e16cca383385ac083c4919688d4839e9131b82529d11948c6be2424f8a9ed83e155dad80bf50f7b3913916f724c49778871c1799d8e74a676f6628c3a21c6e8cd3912a09e3c706a9e0935723ac9b7a2e0eada9ccea12ba9c015d554b9e6bec045cebf7ce897262a023475cdaf83d04f03fdcc081840a61ab353cffcb5c04e75587b96d386eb65dc4b2d2698c3a069f904f6a83f28f953e66afb39eaee7f0eb2248ec1153a61573eeaf75ffc782797ae5e63bb2b93fd96779c82347334fce2a7d7ca4ebeacbb8c4b17f69806d8c5974a1291758544eb396e3a2491bb2528e83d31f3a386375df25c0b54851d74221547b73fc5ab6e226c65cec651ecc12c2f366ba1836f6de9125b14b6597be5908ac6b8b25865909755635d4d35be06e7b34295a2bcc0728454c37a888f223a146154aabaa014429ef76ecf7e05d2f0abe5f01dacb3f09605948ae01661403b10935082a36bf75cae89c3e47ae437ddc16e45d0cb49116,gx-no-cache=1551898637532 HTTP/1.1" 200 30
190.171.141.106 - - [06/Mar/2019:16:00:54 -0300] "GET /cormun/servlet/trsolicitudot? HTTP/1.1" 200 7465
190.171.141.106 - - [06/Mar/2019:16:00:54 -0300] "GET /cormun/static/gxcfg.js?2017111422585916 HTTP/1.1" 200 953
190.171.141.106 - - [06/Mar/2019:16:00:55 -0300] "GET /cormun/static/Resources/PXToolsGridNew.png HTTP/1.1" 200 2949
190.171.141.106 - - [06/Mar/2019:16:00:55 -0300] "GET /cormun/static/trsolicitudot.js?201711142259839 HTTP/1.1" 200 54041
186.79.196.183 - - [06/Mar/2019:16:00:55 -0300] "POST /cormun/servlet/solicitudot?gx-no-cache=1551898639143 HTTP/1.1" 200 30
190.171.141.106 - - [06/Mar/2019:16:00:55 -0300] "GET /cormun/servlet/trsolicitudot? HTTP/1.1" 200 7464
186.79.196.183 - - [06/Mar/2019:16:00:56 -0300] "POST /cormun/servlet/solicitudot?gx-no-cache=1551898640676 HTTP/1.1" 200 1277
186.79.196.183 - - [06/Mar/2019:16:00:57 -0300] "POST /cormun/servlet/solicitudot?gx-no-cache=1551898640892 HTTP/1.1" 200 38
190.171.141.106 - - [06/Mar/2019:16:01:01 -0300] "POST /cormun/servlet/trsolicitudot?7d6c431b407f6d42cfe5f02b4fa929f7,,gx-no-cache=1551898644498 HTTP/1.1" 200 5931
190.171.141.106 - - [06/Mar/2019:16:01:06 -0300] "POST /cormun/servlet/trsolicitudot?7d6c431b407f6d42cfe5f02b4fa929f7,,gx-no-cache=1551898650019 HTTP/1.1" 200 5906
190.171.141.106 - - [06/Mar/2019:16:01:08 -0300] "POST /cormun/servlet/trsolicitudot?7d6c431b407f6d42cfe5f02b4fa929f7,,gx-no-cache=1551898651991 HTTP/1.1" 200 5908
186.79.196.183 - - [06/Mar/2019:16:01:09 -0300] "GET /cormun/servlet/solicitudot?a6aa91305c7519878371133a3c2d39d40c89351a2c09537ab1a7846170a49df219d4c780f4a64ae8a972f3a6d06714dd3bbab914f7e8ae704162d0032ecb3f7a9dc8273b156636822488b8bbd1a6d6680f81d84892057ef4deed57916c6ad8e8f8d1da2fbc4f99d85945c3a13c20d6a1,gx-no-cache=1551898653412 HTTP/1.1" 200 110
186.79.196.183 - - [06/Mar/2019:16:01:14 -0300] "POST /cormun/servlet/solicitudot?gx-no-cache=1551898657968 HTTP/1.1" 200 97
186.79.196.183 - - [06/Mar/2019:16:01:28 -0300] "GET /cormun/servlet/solicitudot?a6aa91305c7519878371133a3c2d39d44e8fbfff489c174108ccb34753b3786672cf403d9c5fc1af10c1d2e5c8ab0aa992168bad71acab6e4ac1de2ef43eb8066aee1fbfa85a841af7e51433094d1e55c393ce53a3a09e2a8494bef7b4d6df4f5d4dea61e7fadbb43c11023fb2a6e9dd,gx-no-cache=1551898672372 HTTP/1.1" 200 29
186.79.196.183 - - [06/Mar/2019:16:01:42 -0300] "GET /cormun/static/menuarrow.gif HTTP/1.1" 404 1015
186.79.196.183 - - [06/Mar/2019:16:01:45 -0300] "GET /cormun/servlet/solicitudot?a6aa91305c7519878371133a3c2d39d4c0651a3b53c369e1d6a47c876f8091625cf0ffe5f7fa775cc4501352a16ac17f,gx-no-cache=1551898689382 HTTP/1.1" 200 30
186.79.196.183 - - [06/Mar/2019:16:01:52 -0300] "POST /cormun/servlet/solicitudot?gx-no-cache=1551898696228 HTTP/1.1" 200 30
190.171.141.106 - - [06/Mar/2019:16:02:21 -0300] "GET /cormun/servlet/trautorizarsolicitud? HTTP/1.1" 200 7367
190.171.141.106 - - [06/Mar/2019:16:02:22 -0300] "GET /cormun/servlet/trautorizarsolicitud? HTTP/1.1" 200 7367
190.171.141.106 - - [06/Mar/2019:16:02:27 -0300] "POST /cormun/servlet/trautorizarsolicitud?7d6c431b407f6d42cfe5f02b4fa929f7,,gx-no-cache=1551898731110 HTTP/1.1" 200 5849
190.171.141.106 - - [06/Mar/2019:16:02:36 -0300] "POST /cormun/servlet/trautorizarsolicitud?7d6c431b407f6d42cfe5f02b4fa929f7,,gx-no-cache=1551898739830 HTTP/1.1" 200 5862
190.171.141.106 - - [06/Mar/2019:16:02:37 -0300] "GET /cormun/static/Shared/jqueryui/images/ui-bg_highlight-soft_100_c6c2c8_1x100.png HTTP/1.1" 404 1117
190.171.141.106 - - [06/Mar/2019:16:02:37 -0300] "GET /cormun/static/Shared/jqueryui/images/ui-icons_82798d_256x240.png HTTP/1.1" 404 1089
190.171.141.106 - - [06/Mar/2019:16:02:37 -0300] "GET /cormun/static/Shared/jqueryui/images/ui-bg_flat_55_fafafa_40x100.png HTTP/1.1" 404 1097
190.171.141.106 - - [06/Mar/2019:16:02:37 -0300] "GET /cormun/static/Shared/jqueryui/images/ui-icons_8d78a5_256x240.png HTTP/1.1" 404 1089
190.171.141.106 - - [06/Mar/2019:16:02:45 -0300] "POST /cormun/servlet/trautorizarsolicitud?7d6c431b407f6d42cfe5f02b4fa929f7,,gx-no-cache=1551898748520 HTTP/1.1" 200 4485
186.79.196.183 - - [06/Mar/2019:16:02:46 -0300] "GET /cormun/servlet/solicitudot?a6aa91305c7519878371133a3c2d39d4bccdec20a6dae046ba7457f417fa531161fff3e9bc6c853ef574fe6af51429ce568e17cb391a4e8b35951568a351a56d,gx-no-cache=1551898750175 HTTP/1.1" 200 30
186.79.196.183 - - [06/Mar/2019:16:02:46 -0300] "GET /cormun/servlet/solicitudot?a6aa91305c7519878371133a3c2d39d42a4800715a4d4a7885f5231ae09e3000a58f68672455157dcf2c6b58e16cca383385ac083c4919688d4839e9131b82529d11948c6be2424f8a9ed83e155dad80bf50f7b3913916f724c49778871c1799d8e74a676f6628c3a21c6e8cd3912a09e3c706a9e0935723ac9b7a2e0eada9ccea12ba9c015d554b9e6bec045cebf7ce897262a023475cdaf83d04f03fdcc081840a61ab353cffcb5c04e75587b96d386eb65dc4b2d2698c3a069f904f6a83f28f953e66afb39eaee7f0eb2248ec1153a61573eeaf75ffc782797ae5e63bb2b93fd96779c82347334fce2a7d7ca4ebeacbb8c4b17f69806d8c5974a1291758544eb396e3a2491bb2528e83d31f3a386375df25c0b54851d74221547b73fc5ab6e226c65cec651ecc12c2f366ba1836f6de9125b14b6597be5908ac6b8b25865909755635d4d35be06e7b34295a2bcc0728454c37a888f223a146154aabaa014429ef76ecf7e05d2f0abe5f01dacb3f091b852b497d987e3f160beb5bd18dacd2cae89c3e47ae437ddc16e45d0cb49116,gx-no-cache=1551898750409 HTTP/1.1" 200 30
186.79.196.183 - - [06/Mar/2019:16:02:46 -0300] "POST /cormun/servlet/solicitudot?gx-no-cache=1551898750588 HTTP/1.1" 200 30
186.79.196.183 - - [06/Mar/2019:16:02:46 -0300] "POST /cormun/servlet/solicitudot?gx-no-cache=1551898750763 HTTP/1.1" 200 1280
186.79.196.183 - - [06/Mar/2019:16:02:47 -0300] "POST /cormun/servlet/solicitudot?gx-no-cache=1551898751499 HTTP/1.1" 200 40
186.79.196.183 - - [06/Mar/2019:16:02:47 -0300] "GET /cormun/servlet/solicitudot?a6aa91305c7519878371133a3c2d39d40c89351a2c09537ab1a7846170a49df219d4c780f4a64ae8a972f3a6d06714dd3bbab914f7e8ae704162d0032ecb3f7a9dc8273b156636822488b8bbd1a6d6680f81d84892057ef4deed57916c6ad8e8f8d1da2fbc4f99d85945c3a13c20d6a1,gx-no-cache=1551898751608 HTTP/1.1" 200 110
186.79.196.183 - - [06/Mar/2019:16:02:47 -0300] "POST /cormun/servlet/solicitudot?gx-no-cache=1551898751715 HTTP/1.1" 200 96
186.79.196.183 - - [06/Mar/2019:16:02:47 -0300] "GET /cormun/servlet/solicitudot?a6aa91305c7519878371133a3c2d39d4c0651a3b53c369e1d6a47c876f8091625cf0ffe5f7fa775cc4501352a16ac17f,gx-no-cache=1551898751899 HTTP/1.1" 200 30
186.79.196.183 - - [06/Mar/2019:16:02:48 -0300] "POST /cormun/servlet/solicitudot?gx-no-cache=1551898751998 HTTP/1.1" 200 30
186.79.196.183 - - [06/Mar/2019:16:02:48 -0300] "POST /cormun/servlet/solicitudot?5efc5f587de323eae0a7f2127c6663a8,INS,0,0,,gx-no-cache=1551898752119 HTTP/1.1" 200 93
186.79.196.183 - - [06/Mar/2019:16:02:49 -0300] "GET /cormun/servlet/hpexe_return? HTTP/1.1" 200 1003
186.79.196.183 - - [06/Mar/2019:16:02:49 -0300] "GET /cormun/servlet/trsolicitudot HTTP/1.1" 200 8889
186.79.196.183 - - [06/Mar/2019:16:02:49 -0300] "GET /cormun/servlet/trsolicitudot HTTP/1.1" 200 8885
190.171.141.106 - - [06/Mar/2019:16:02:51 -0300] "POST /cormun/servlet/trautorizarsolicitud?7d6c431b407f6d42cfe5f02b4fa929f7,,gx-no-cache=1551898754345 HTTP/1.1" 200 4486
186.79.196.183 - - [06/Mar/2019:16:02:53 -0300] "POST /cormun/servlet/trsolicitudot?5efc5f587de323eae0a7f2127c6663a8,gx-no-cache=1551898757493 HTTP/1.1" 200 107
186.79.196.183 - - [06/Mar/2019:16:02:54 -0300] "GET /cormun/servlet/trsolicitudadjuntos?2019,14542, HTTP/1.1" 200 6426
186.79.196.183 - - [06/Mar/2019:16:02:54 -0300] "GET /cormun/static/gxcfg.js?20177612135366 HTTP/1.1" 200 953
186.79.196.183 - - [06/Mar/2019:16:02:54 -0300] "GET /cormun/static/trsolicitudadjuntos.js?20177612135632 HTTP/1.1" 200 17922
186.79.196.183 - - [06/Mar/2019:16:02:54 -0300] "GET /cormun/servlet/trsolicitudadjuntos?2019,14542, HTTP/1.1" 200 6426
186.79.196.183 - - [06/Mar/2019:16:02:56 -0300] "GET /cormun/servlet/solicitudotadjuntos?INS,2019,14542,,1, HTTP/1.1" 200 6371
186.79.196.183 - - [06/Mar/2019:16:02:56 -0300] "GET /cormun/static/gxcfg.js?2017761244068 HTTP/1.1" 200 953
186.79.196.183 - - [06/Mar/2019:16:02:56 -0300] "GET /cormun/static/about:blank HTTP/1.1" 404 1011
186.79.196.183 - - [06/Mar/2019:16:02:56 -0300] "GET /cormun/static/solicitudotadjuntos.js?2017761244086 HTTP/1.1" 200 11771
186.79.196.183 - - [06/Mar/2019:16:02:57 -0300] "GET /cormun/servlet/solicitudotadjuntos?INS,2019,14542,,1, HTTP/1.1" 200 6364
186.79.196.183 - - [06/Mar/2019:16:02:57 -0300] "GET /cormun/servlet/solicitudotadjuntos?a6aa91305c7519878371133a3c2d39d487a9cb78dcd29c4cb870d2bc2412b739113e3d1c8d5f508d5412a5d9591df670,gx-no-cache=1551898761406 HTTP/1.1" 200 30
186.79.196.183 - - [06/Mar/2019:16:02:57 -0300] "POST /cormun/servlet/solicitudotadjuntos?5efc5f587de323eae0a7f2127c6663a8,INS,2019,14542,,1,,gx-no-cache=1551898761508 HTTP/1.1" 200 4059
186.79.196.183 - - [06/Mar/2019:16:03:00 -0300] "POST /cormun/servlet/solicitudotadjuntos?gx-no-cache=1551898763980 HTTP/1.1" 200 26
186.79.196.183 - - [06/Mar/2019:16:03:07 -0300] "GET /cormun/servlet/solicitudotadjuntos?a6aa91305c7519878371133a3c2d39d42256e453184fa67fdb466eccc3d2b700,gx-no-cache=1551898770911 HTTP/1.1" 200 30
186.79.196.183 - - [06/Mar/2019:16:03:07 -0300] "GET /cormun/servlet/solicitudotadjuntos?a6aa91305c7519878371133a3c2d39d42256e453184fa67fdb466eccc3d2b700,gx-no-cache=1551898771060 HTTP/1.1" 200 30
186.79.196.183 - - [06/Mar/2019:16:03:09 -0300] "POST /cormun/servlet/solicitudotadjuntos?5efc5f587de323eae0a7f2127c6663a8,INS,2019,14542,,1, HTTP/1.1" 200 116
186.79.196.183 - - [06/Mar/2019:16:03:09 -0300] "GET /cormun/servlet/hpexe_return? HTTP/1.1" 200 1022
186.79.196.183 - - [06/Mar/2019:16:03:10 -0300] "GET /cormun/servlet/trsolicitudadjuntos?2019,14542, HTTP/1.1" 200 9006
186.79.196.183 - - [06/Mar/2019:16:03:10 -0300] "GET /cormun/servlet/trsolicitudadjuntos?2019,14542, HTTP/1.1" 200 9005
186.79.196.183 - - [06/Mar/2019:16:03:12 -0300] "GET /cormun/servlet/solicitudotadjuntos?INS,2019,14542,,1, HTTP/1.1" 200 6371
186.79.196.183 - - [06/Mar/2019:16:03:12 -0300] "GET /cormun/static/about:blank HTTP/1.1" 404 1011
186.79.196.183 - - [06/Mar/2019:16:03:13 -0300] "GET /cormun/servlet/solicitudotadjuntos?INS,2019,14542,,1, HTTP/1.1" 200 6364
186.79.196.183 - - [06/Mar/2019:16:03:13 -0300] "GET /cormun/servlet/solicitudotadjuntos?a6aa91305c7519878371133a3c2d39d487a9cb78dcd29c4cb870d2bc2412b739113e3d1c8d5f508d5412a5d9591df670,gx-no-cache=1551898777427 HTTP/1.1" 200 30
186.79.196.183 - - [06/Mar/2019:16:03:13 -0300] "POST /cormun/servlet/solicitudotadjuntos?5efc5f587de323eae0a7f2127c6663a8,INS,2019,14542,,1,,gx-no-cache=1551898777525 HTTP/1.1" 200 4059
186.79.196.183 - - [06/Mar/2019:16:03:16 -0300] "POST /cormun/servlet/solicitudotadjuntos?gx-no-cache=1551898780295 HTTP/1.1" 200 26
190.171.141.106 - - [06/Mar/2019:16:03:19 -0300] "GET /cormun/servlet/trautorizarsolicitud? HTTP/1.1" 200 7363
190.171.141.106 - - [06/Mar/2019:16:03:20 -0300] "GET /cormun/servlet/trautorizarsolicitud? HTTP/1.1" 200 7363
186.79.196.183 - - [06/Mar/2019:16:03:21 -0300] "GET /cormun/servlet/solicitudotadjuntos?a6aa91305c7519878371133a3c2d39d42256e453184fa67fdb466eccc3d2b700,gx-no-cache=1551898785351 HTTP/1.1" 200 30
186.79.196.183 - - [06/Mar/2019:16:03:21 -0300] "GET /cormun/servlet/solicitudotadjuntos?a6aa91305c7519878371133a3c2d39d42256e453184fa67fdb466eccc3d2b700,gx-no-cache=1551898785432 HTTP/1.1" 200 30
190.171.141.106 - - [06/Mar/2019:16:03:23 -0300] "POST /cormun/servlet/trautorizarsolicitud?7d6c431b407f6d42cfe5f02b4fa929f7,,gx-no-cache=1551898786217 HTTP/1.1" 200 4483
190.171.141.106 - - [06/Mar/2019:16:03:26 -0300] "POST /cormun/servlet/trautorizarsolicitud?7d6c431b407f6d42cfe5f02b4fa929f7,,gx-no-cache=1551898789439 HTTP/1.1" 200 5847
186.79.196.183 - - [06/Mar/2019:16:03:27 -0300] "POST /cormun/servlet/solicitudotadjuntos?5efc5f587de323eae0a7f2127c6663a8,INS,2019,14542,,1, HTTP/1.1" 200 116
186.79.196.183 - - [06/Mar/2019:16:03:27 -0300] "GET /cormun/servlet/hpexe_return? HTTP/1.1" 200 1022
186.79.196.183 - - [06/Mar/2019:16:03:28 -0300] "GET /cormun/servlet/trsolicitudadjuntos?2019,14542, HTTP/1.1" 200 9235
190.171.141.106 - - [06/Mar/2019:16:03:28 -0300] "POST /cormun/servlet/trautorizarsolicitud?7d6c431b407f6d42cfe5f02b4fa929f7,,gx-no-cache=1551898792016 HTTP/1.1" 200 5860
190.171.141.106 - - [06/Mar/2019:16:03:28 -0300] "GET /cormun/static/Shared/jqueryui/images/ui-bg_highlight-soft_100_c6c2c8_1x100.png HTTP/1.1" 404 1117
190.171.141.106 - - [06/Mar/2019:16:03:28 -0300] "GET /cormun/static/Shared/jqueryui/images/ui-icons_82798d_256x240.png HTTP/1.1" 404 1089
190.171.141.106 - - [06/Mar/2019:16:03:28 -0300] "GET /cormun/static/Shared/jqueryui/images/ui-bg_flat_55_fafafa_40x100.png HTTP/1.1" 404 1097
190.171.141.106 - - [06/Mar/2019:16:03:28 -0300] "GET /cormun/static/Shared/jqueryui/images/ui-icons_8d78a5_256x240.png HTTP/1.1" 404 1089
186.79.196.183 - - [06/Mar/2019:16:03:29 -0300] "GET /cormun/servlet/trsolicitudadjuntos?2019,14542, HTTP/1.1" 200 9233
186.79.196.183 - - [06/Mar/2019:16:03:30 -0300] "GET /cormun/servlet/solicitudotadjuntos?INS,2019,14542,,1, HTTP/1.1" 200 6371
186.79.196.183 - - [06/Mar/2019:16:03:30 -0300] "GET /cormun/static/about:blank HTTP/1.1" 404 1011
186.79.196.183 - - [06/Mar/2019:16:03:31 -0300] "GET /cormun/servlet/solicitudotadjuntos?INS,2019,14542,,1, HTTP/1.1" 200 6364
186.79.196.183 - - [06/Mar/2019:16:03:31 -0300] "GET /cormun/servlet/solicitudotadjuntos?a6aa91305c7519878371133a3c2d39d487a9cb78dcd29c4cb870d2bc2412b739113e3d1c8d5f508d5412a5d9591df670,gx-no-cache=1551898795382 HTTP/1.1" 200 30
186.79.196.183 - - [06/Mar/2019:16:03:31 -0300] "POST /cormun/servlet/solicitudotadjuntos?5efc5f587de323eae0a7f2127c6663a8,INS,2019,14542,,1,,gx-no-cache=1551898795541 HTTP/1.1" 200 4059
186.79.196.183 - - [06/Mar/2019:16:03:36 -0300] "POST /cormun/servlet/solicitudotadjuntos?gx-no-cache=1551898800047 HTTP/1.1" 200 26
190.171.141.106 - - [06/Mar/2019:16:03:39 -0300] "POST /cormun/servlet/trautorizarsolicitud?7d6c431b407f6d42cfe5f02b4fa929f7,,gx-no-cache=1551898801448 HTTP/1.1" 200 5860
186.79.196.183 - - [06/Mar/2019:16:03:52 -0300] "GET /cormun/servlet/solicitudotadjuntos?a6aa91305c7519878371133a3c2d39d42256e453184fa67fdb466eccc3d2b700,gx-no-cache=1551898816303 HTTP/1.1" 200 30
186.79.196.183 - - [06/Mar/2019:16:03:52 -0300] "GET /cormun/servlet/solicitudotadjuntos?a6aa91305c7519878371133a3c2d39d42256e453184fa67fdb466eccc3d2b700,gx-no-cache=1551898816404 HTTP/1.1" 200 30
186.79.196.183 - - [06/Mar/2019:16:03:55 -0300] "POST /cormun/servlet/solicitudotadjuntos?5efc5f587de323eae0a7f2127c6663a8,INS,2019,14542,,1, HTTP/1.1" 200 116
186.79.196.183 - - [06/Mar/2019:16:03:55 -0300] "GET /cormun/servlet/hpexe_return? HTTP/1.1" 200 1022
186.79.196.183 - - [06/Mar/2019:16:03:55 -0300] "GET /cormun/servlet/trsolicitudadjuntos?2019,14542, HTTP/1.1" 200 9428
186.79.196.183 - - [06/Mar/2019:16:03:56 -0300] "GET /cormun/servlet/trsolicitudadjuntos?2019,14542, HTTP/1.1" 200 9427
186.79.196.183 - - [06/Mar/2019:16:03:58 -0300] "GET /cormun/servlet/solicitudotadjuntos?INS,2019,14542,,1, HTTP/1.1" 200 6372
186.79.196.183 - - [06/Mar/2019:16:03:58 -0300] "GET /cormun/static/about:blank HTTP/1.1" 404 1011
186.79.196.183 - - [06/Mar/2019:16:03:58 -0300] "GET /cormun/servlet/solicitudotadjuntos?INS,2019,14542,,1, HTTP/1.1" 200 6365
186.79.196.183 - - [06/Mar/2019:16:03:59 -0300] "GET /cormun/servlet/solicitudotadjuntos?a6aa91305c7519878371133a3c2d39d487a9cb78dcd29c4cb870d2bc2412b739113e3d1c8d5f508d5412a5d9591df670,gx-no-cache=1551898823269 HTTP/1.1" 200 30
186.79.196.183 - - [06/Mar/2019:16:03:59 -0300] "POST /cormun/servlet/solicitudotadjuntos?5efc5f587de323eae0a7f2127c6663a8,INS,2019,14542,,1,,gx-no-cache=1551898823418 HTTP/1.1" 200 4062
186.79.196.183 - - [06/Mar/2019:16:04:02 -0300] "POST /cormun/servlet/solicitudotadjuntos?gx-no-cache=1551898826566 HTTP/1.1" 200 26
186.79.196.183 - - [06/Mar/2019:16:04:06 -0300] "GET /cormun/servlet/solicitudotadjuntos?a6aa91305c7519878371133a3c2d39d42256e453184fa67fdb466eccc3d2b700,gx-no-cache=1551898830814 HTTP/1.1" 200 30
186.79.196.183 - - [06/Mar/2019:16:04:07 -0300] "GET /cormun/servlet/solicitudotadjuntos?a6aa91305c7519878371133a3c2d39d42256e453184fa67fdb466eccc3d2b700,gx-no-cache=1551898830930 HTTP/1.1" 200 30
186.79.196.183 - - [06/Mar/2019:16:04:10 -0300] "POST /cormun/servlet/solicitudotadjuntos?5efc5f587de323eae0a7f2127c6663a8,INS,2019,14542,,1, HTTP/1.1" 200 116
186.79.196.183 - - [06/Mar/2019:16:04:10 -0300] "GET /cormun/servlet/hpexe_return? HTTP/1.1" 200 1022
186.79.196.183 - - [06/Mar/2019:16:04:11 -0300] "GET /cormun/servlet/trsolicitudadjuntos?2019,14542, HTTP/1.1" 200 9644
186.79.196.183 - - [06/Mar/2019:16:04:11 -0300] "GET /cormun/servlet/trsolicitudadjuntos?2019,14542, HTTP/1.1" 200 9643
186.79.196.183 - - [06/Mar/2019:16:04:14 -0300] "GET /cormun/servlet/solicitudotadjuntos?INS,2019,14542,,1, HTTP/1.1" 200 6372
186.79.196.183 - - [06/Mar/2019:16:04:14 -0300] "GET /cormun/static/about:blank HTTP/1.1" 404 1011
186.79.196.183 - - [06/Mar/2019:16:04:14 -0300] "GET /cormun/servlet/solicitudotadjuntos?INS,2019,14542,,1, HTTP/1.1" 200 6365
186.79.196.183 - - [06/Mar/2019:16:04:15 -0300] "GET /cormun/servlet/solicitudotadjuntos?a6aa91305c7519878371133a3c2d39d487a9cb78dcd29c4cb870d2bc2412b739113e3d1c8d5f508d5412a5d9591df670,gx-no-cache=1551898839374 HTTP/1.1" 200 30
186.79.196.183 - - [06/Mar/2019:16:04:15 -0300] "POST /cormun/servlet/solicitudotadjuntos?5efc5f587de323eae0a7f2127c6663a8,INS,2019,14542,,1,,gx-no-cache=1551898839474 HTTP/1.1" 200 4062
186.79.196.183 - - [06/Mar/2019:16:04:19 -0300] "POST /cormun/servlet/solicitudotadjuntos?gx-no-cache=1551898843150 HTTP/1.1" 200 26
186.79.196.183 - - [06/Mar/2019:16:04:27 -0300] "GET /cormun/servlet/solicitudotadjuntos?a6aa91305c7519878371133a3c2d39d42256e453184fa67fdb466eccc3d2b700,gx-no-cache=1551898851175 HTTP/1.1" 200 30
186.79.196.183 - - [06/Mar/2019:16:04:27 -0300] "GET /cormun/servlet/solicitudotadjuntos?a6aa91305c7519878371133a3c2d39d42256e453184fa67fdb466eccc3d2b700,gx-no-cache=1551898851256 HTTP/1.1" 200 30
186.79.196.183 - - [06/Mar/2019:16:04:28 -0300] "POST /cormun/servlet/solicitudotadjuntos?5efc5f587de323eae0a7f2127c6663a8,INS,2019,14542,,1, HTTP/1.1" 200 116
186.79.196.183 - - [06/Mar/2019:16:04:28 -0300] "GET /cormun/servlet/hpexe_return? HTTP/1.1" 200 1022
186.79.196.183 - - [06/Mar/2019:16:04:28 -0300] "GET /cormun/servlet/trsolicitudadjuntos?2019,14542, HTTP/1.1" 200 9910
186.79.196.183 - - [06/Mar/2019:16:04:29 -0300] "GET /cormun/servlet/trsolicitudadjuntos?2019,14542, HTTP/1.1" 200 9907
186.79.196.183 - - [06/Mar/2019:16:04:56 -0300] "GET /cormun/servlet/solicitudotadjuntos?INS,2019,14542,,1, HTTP/1.1" 200 6371
186.79.196.183 - - [06/Mar/2019:16:04:56 -0300] "GET /cormun/static/about:blank HTTP/1.1" 404 1011
186.79.196.183 - - [06/Mar/2019:16:04:56 -0300] "GET /cormun/servlet/solicitudotadjuntos?INS,2019,14542,,1, HTTP/1.1" 200 6365
186.79.196.183 - - [06/Mar/2019:16:04:57 -0300] "GET /cormun/servlet/solicitudotadjuntos?a6aa91305c7519878371133a3c2d39d487a9cb78dcd29c4cb870d2bc2412b739113e3d1c8d5f508d5412a5d9591df670,gx-no-cache=1551898881125 HTTP/1.1" 200 30
186.79.196.183 - - [06/Mar/2019:16:04:57 -0300] "POST /cormun/servlet/solicitudotadjuntos?5efc5f587de323eae0a7f2127c6663a8,INS,2019,14542,,1,,gx-no-cache=1551898881220 HTTP/1.1" 200 4060
40.77.193.239 - - [06/Mar/2019:16:04:59 -0300] "GET /cormun/static/calendar-es.js?85251 HTTP/1.1" 200 1901
186.79.196.183 - - [06/Mar/2019:16:05:01 -0300] "POST /cormun/servlet/solicitudotadjuntos?gx-no-cache=1551898884983 HTTP/1.1" 200 26
40.77.193.239 - - [06/Mar/2019:16:05:02 -0300] "GET /cormun/static/Resources/asc.gif HTTP/1.1" 200 67
190.171.141.106 - - [06/Mar/2019:16:05:03 -0300] "POST /cormun/servlet/trautorizarsolicitud?7d6c431b407f6d42cfe5f02b4fa929f7,,gx-no-cache=1551898886154 HTTP/1.1" 200 5849
40.77.193.239 - - [06/Mar/2019:16:05:03 -0300] "GET /cormun/static/Resources/desc.gif HTTP/1.1" 200 65
190.171.141.106 - - [06/Mar/2019:16:05:04 -0300] "POST /cormun/servlet/trautorizarsolicitud?7d6c431b407f6d42cfe5f02b4fa929f7,,gx-no-cache=1551898887664 HTTP/1.1" 200 5861
190.171.141.106 - - [06/Mar/2019:16:05:08 -0300] "GET /cormun/servlet/trsolicitudot? HTTP/1.1" 200 8837
190.171.141.106 - - [06/Mar/2019:16:05:09 -0300] "GET /cormun/servlet/trsolicitudot? HTTP/1.1" 200 8836
186.79.196.183 - - [06/Mar/2019:16:05:14 -0300] "GET /cormun/servlet/solicitudotadjuntos?a6aa91305c7519878371133a3c2d39d42256e453184fa67fdb466eccc3d2b700,gx-no-cache=1551898898439 HTTP/1.1" 200 30
186.79.196.183 - - [06/Mar/2019:16:05:14 -0300] "GET /cormun/servlet/solicitudotadjuntos?a6aa91305c7519878371133a3c2d39d42256e453184fa67fdb466eccc3d2b700,gx-no-cache=1551898898524 HTTP/1.1" 200 30
190.171.141.106 - - [06/Mar/2019:16:05:14 -0300] "POST /cormun/servlet/trsolicitudot?7d6c431b407f6d42cfe5f02b4fa929f7,,gx-no-cache=1551898897981 HTTP/1.1" 200 5908
190.171.141.106 - - [06/Mar/2019:16:05:24 -0300] "GET /cormun/servlet/trautorizarsolicitud? HTTP/1.1" 200 8722
190.171.141.106 - - [06/Mar/2019:16:05:24 -0300] "GET /cormun/servlet/trautorizarsolicitud? HTTP/1.1" 200 8722
186.79.196.183 - - [06/Mar/2019:16:05:26 -0300] "POST /cormun/servlet/solicitudotadjuntos?5efc5f587de323eae0a7f2127c6663a8,INS,2019,14542,,1, HTTP/1.1" 200 116
186.79.196.183 - - [06/Mar/2019:16:05:26 -0300] "GET /cormun/servlet/hpexe_return? HTTP/1.1" 200 1022
186.79.196.183 - - [06/Mar/2019:16:05:27 -0300] "GET /cormun/servlet/trsolicitudadjuntos?2019,14542, HTTP/1.1" 200 10130
186.79.196.183 - - [06/Mar/2019:16:05:27 -0300] "GET /cormun/servlet/trsolicitudadjuntos?2019,14542, HTTP/1.1" 200 10126
190.171.141.106 - - [06/Mar/2019:16:05:30 -0300] "POST /cormun/servlet/trautorizarsolicitud?7d6c431b407f6d42cfe5f02b4fa929f7,,gx-no-cache=1551898913755 HTTP/1.1" 200 5863
190.171.141.106 - - [06/Mar/2019:16:05:30 -0300] "GET /cormun/static/Shared/jqueryui/images/ui-bg_highlight-soft_100_c6c2c8_1x100.png HTTP/1.1" 404 1117
190.171.141.106 - - [06/Mar/2019:16:05:30 -0300] "GET /cormun/static/Shared/jqueryui/images/ui-icons_82798d_256x240.png HTTP/1.1" 404 1089
190.171.141.106 - - [06/Mar/2019:16:05:30 -0300] "GET /cormun/static/Shared/jqueryui/images/ui-bg_flat_55_fafafa_40x100.png HTTP/1.1" 404 1097
190.171.141.106 - - [06/Mar/2019:16:05:30 -0300] "GET /cormun/static/Shared/jqueryui/images/ui-icons_8d78a5_256x240.png HTTP/1.1" 404 1089
190.171.141.106 - - [06/Mar/2019:16:06:09 -0300] "GET /cormun/servlet/hlogin HTTP/1.1" 200 1730
190.171.141.106 - - [06/Mar/2019:16:06:14 -0300] "POST /cormun/servlet/hlogin?7d6c431b407f6d42cfe5f02b4fa929f7,gx-no-cache=1551898957744 HTTP/1.1" 200 90
190.171.141.106 - - [06/Mar/2019:16:06:14 -0300] "GET /cormun/servlet/hpexe_link HTTP/1.1" 200 966
190.171.141.106 - - [06/Mar/2019:16:06:14 -0300] "GET /cormun/servlet/trautorizarsolicitud? HTTP/1.1" 200 8723
190.171.141.106 - - [06/Mar/2019:16:06:15 -0300] "GET /cormun/servlet/trautorizarsolicitud? HTTP/1.1" 200 8722
186.79.196.183 - - [06/Mar/2019:16:06:46 -0300] "GET /cormun/servlet/solicitudotadjuntos?INS,2019,14542,,2, HTTP/1.1" 200 6370
186.79.196.183 - - [06/Mar/2019:16:06:46 -0300] "GET /cormun/static/about:blank HTTP/1.1" 404 1011
186.79.196.183 - - [06/Mar/2019:16:06:46 -0300] "GET /cormun/servlet/solicitudotadjuntos?INS,2019,14542,,2, HTTP/1.1" 200 6364
186.79.196.183 - - [06/Mar/2019:16:06:47 -0300] "GET /cormun/servlet/solicitudotadjuntos?a6aa91305c7519878371133a3c2d39d487a9cb78dcd29c4cb870d2bc2412b739113e3d1c8d5f508d5412a5d9591df670,gx-no-cache=1551898991348 HTTP/1.1" 200 30
186.79.196.183 - - [06/Mar/2019:16:06:47 -0300] "POST /cormun/servlet/solicitudotadjuntos?5efc5f587de323eae0a7f2127c6663a8,INS,2019,14542,,2,,gx-no-cache=1551898991442 HTTP/1.1" 200 4269
186.79.196.183 - - [06/Mar/2019:16:07:00 -0300] "POST /cormun/servlet/solicitudotadjuntos?gx-no-cache=1551899004127 HTTP/1.1" 200 26
190.171.141.106 - - [06/Mar/2019:16:07:04 -0300] "POST /cormun/servlet/trautorizarsolicitud?7d6c431b407f6d42cfe5f02b4fa929f7,,gx-no-cache=1551899008059 HTTP/1.1" 200 5861
190.171.141.106 - - [06/Mar/2019:16:07:05 -0300] "GET /cormun/static/Shared/jqueryui/images/ui-bg_highlight-soft_100_c6c2c8_1x100.png HTTP/1.1" 404 1117
190.171.141.106 - - [06/Mar/2019:16:07:05 -0300] "GET /cormun/static/Shared/jqueryui/images/ui-icons_82798d_256x240.png HTTP/1.1" 404 1089
190.171.141.106 - - [06/Mar/2019:16:07:05 -0300] "GET /cormun/static/Shared/jqueryui/images/ui-icons_8d78a5_256x240.png HTTP/1.1" 404 1089
190.171.141.106 - - [06/Mar/2019:16:07:05 -0300] "GET /cormun/static/Shared/jqueryui/images/ui-bg_flat_55_fafafa_40x100.png HTTP/1.1" 404 1097
186.79.196.183 - - [06/Mar/2019:16:07:06 -0300] "GET /cormun/servlet/solicitudotadjuntos?a6aa91305c7519878371133a3c2d39d42256e453184fa67fdb466eccc3d2b700,gx-no-cache=1551899010847 HTTP/1.1" 200 30
186.79.196.183 - - [06/Mar/2019:16:07:07 -0300] "GET /cormun/servlet/solicitudotadjuntos?a6aa91305c7519878371133a3c2d39d42256e453184fa67fdb466eccc3d2b700,gx-no-cache=1551899010937 HTTP/1.1" 200 30
190.171.141.106 - - [06/Mar/2019:16:07:09 -0300] "POST /cormun/servlet/trautorizarsolicitud?7d6c431b407f6d42cfe5f02b4fa929f7,,gx-no-cache=1551899012775 HTTP/1.1" 200 5850
186.79.196.183 - - [06/Mar/2019:16:07:12 -0300] "POST /cormun/servlet/solicitudotadjuntos?5efc5f587de323eae0a7f2127c6663a8,INS,2019,14542,,2, HTTP/1.1" 200 116
186.79.196.183 - - [06/Mar/2019:16:07:12 -0300] "GET /cormun/servlet/hpexe_return? HTTP/1.1" 200 1022
186.79.196.183 - - [06/Mar/2019:16:07:12 -0300] "GET /cormun/servlet/trsolicitudadjuntos?2019,14542, HTTP/1.1" 200 10303
186.79.196.183 - - [06/Mar/2019:16:07:13 -0300] "GET /cormun/servlet/trsolicitudadjuntos?2019,14542, HTTP/1.1" 200 10298
190.171.141.106 - - [06/Mar/2019:16:07:15 -0300] "GET /cormun/servlet/trsolicitudot? HTTP/1.1" 200 8837
186.79.196.183 - - [06/Mar/2019:16:07:16 -0300] "GET /cormun/servlet/solicitudotadjuntos?INS,2019,14542,,2, HTTP/1.1" 200 6370
190.171.141.106 - - [06/Mar/2019:16:07:16 -0300] "GET /cormun/servlet/trsolicitudot? HTTP/1.1" 200 8836
186.79.196.183 - - [06/Mar/2019:16:07:16 -0300] "GET /cormun/static/about:blank HTTP/1.1" 404 1011
186.79.196.183 - - [06/Mar/2019:16:07:16 -0300] "GET /cormun/servlet/solicitudotadjuntos?INS,2019,14542,,2, HTTP/1.1" 200 6364
186.79.196.183 - - [06/Mar/2019:16:07:17 -0300] "GET /cormun/servlet/solicitudotadjuntos?a6aa91305c7519878371133a3c2d39d487a9cb78dcd29c4cb870d2bc2412b739113e3d1c8d5f508d5412a5d9591df670,gx-no-cache=1551899020939 HTTP/1.1" 200 30
186.79.196.183 - - [06/Mar/2019:16:07:17 -0300] "POST /cormun/servlet/solicitudotadjuntos?5efc5f587de323eae0a7f2127c6663a8,INS,2019,14542,,2,,gx-no-cache=1551899021019 HTTP/1.1" 200 4269
190.171.141.106 - - [06/Mar/2019:16:07:20 -0300] "POST /cormun/servlet/trsolicitudot?7d6c431b407f6d42cfe5f02b4fa929f7,,gx-no-cache=1551899024152 HTTP/1.1" 200 4558
190.171.141.106 - - [06/Mar/2019:16:07:24 -0300] "POST /cormun/servlet/trsolicitudot?7d6c431b407f6d42cfe5f02b4fa929f7,,gx-no-cache=1551899027280 HTTP/1.1" 200 4559
190.171.141.106 - - [06/Mar/2019:16:07:27 -0300] "POST /cormun/servlet/trsolicitudot?7d6c431b407f6d42cfe5f02b4fa929f7,,gx-no-cache=1551899030255 HTTP/1.1" 200 5932
190.171.141.106 - - [06/Mar/2019:16:07:37 -0300] "POST /cormun/servlet/trsolicitudot?7d6c431b407f6d42cfe5f02b4fa929f7,,gx-no-cache=1551899040491 HTTP/1.1" 200 5908
190.171.141.106 - - [06/Mar/2019:16:07:39 -0300] "GET /cormun/servlet/trautorizarsolicitud? HTTP/1.1" 200 8722
190.171.141.106 - - [06/Mar/2019:16:07:39 -0300] "GET /cormun/servlet/trautorizarsolicitud? HTTP/1.1" 200 8722
190.171.141.106 - - [06/Mar/2019:16:07:42 -0300] "POST /cormun/servlet/trautorizarsolicitud?7d6c431b407f6d42cfe5f02b4fa929f7,,gx-no-cache=1551899045706 HTTP/1.1" 200 5864
190.171.141.106 - - [06/Mar/2019:16:07:42 -0300] "GET /cormun/static/Shared/jqueryui/images/ui-bg_highlight-soft_100_c6c2c8_1x100.png HTTP/1.1" 404 1117
190.171.141.106 - - [06/Mar/2019:16:07:42 -0300] "GET /cormun/static/Shared/jqueryui/images/ui-icons_8d78a5_256x240.png HTTP/1.1" 404 1089
190.171.141.106 - - [06/Mar/2019:16:07:42 -0300] "GET /cormun/static/Shared/jqueryui/images/ui-icons_82798d_256x240.png HTTP/1.1" 404 1089
190.171.141.106 - - [06/Mar/2019:16:07:42 -0300] "GET /cormun/static/Shared/jqueryui/images/ui-bg_flat_55_fafafa_40x100.png HTTP/1.1" 404 1097
190.171.141.106 - - [06/Mar/2019:16:07:56 -0300] "POST /cormun/servlet/trautorizarsolicitud?7d6c431b407f6d42cfe5f02b4fa929f7,,gx-no-cache=1551899060040 HTTP/1.1" 200 4484
190.171.141.106 - - [06/Mar/2019:16:07:59 -0300] "POST /cormun/servlet/trautorizarsolicitud?7d6c431b407f6d42cfe5f02b4fa929f7,,gx-no-cache=1551899062840 HTTP/1.1" 200 4485
190.171.141.106 - - [06/Mar/2019:16:08:02 -0300] "POST /cormun/servlet/trautorizarsolicitud?7d6c431b407f6d42cfe5f02b4fa929f7,,gx-no-cache=1551899065569 HTTP/1.1" 200 5850
190.171.141.106 - - [06/Mar/2019:16:08:03 -0300] "POST /cormun/servlet/trautorizarsolicitud?7d6c431b407f6d42cfe5f02b4fa929f7,,gx-no-cache=1551899067167 HTTP/1.1" 200 5863
190.171.141.106 - - [06/Mar/2019:16:08:14 -0300] "POST /cormun/servlet/trautorizarsolicitud?7d6c431b407f6d42cfe5f02b4fa929f7,,gx-no-cache=1551899077585 HTTP/1.1" 200 5863
186.79.196.183 - - [06/Mar/2019:16:08:17 -0300] "POST /cormun/servlet/solicitudotadjuntos?5efc5f587de323eae0a7f2127c6663a8,INS,2019,14542,,2,,gx-no-cache=1551899080673 HTTP/1.1" 200 93
186.79.196.183 - - [06/Mar/2019:16:08:17 -0300] "GET /cormun/servlet/hpexe_return? HTTP/1.1" 200 1022
186.79.196.183 - - [06/Mar/2019:16:08:17 -0300] "GET /cormun/servlet/trsolicitudadjuntos?2019,14542, HTTP/1.1" 200 10300
186.79.196.183 - - [06/Mar/2019:16:08:18 -0300] "GET /cormun/servlet/trsolicitudadjuntos?2019,14542, HTTP/1.1" 200 10299
190.171.141.106 - - [06/Mar/2019:16:08:19 -0300] "POST /cormun/servlet/trautorizarsolicitud?7d6c431b407f6d42cfe5f02b4fa929f7,,gx-no-cache=1551899082526 HTTP/1.1" 200 5862
186.79.196.183 - - [06/Mar/2019:16:08:34 -0300] "POST /cormun/servlet/trsolicitudadjuntos?5efc5f587de323eae0a7f2127c6663a8,2019,14542,,gx-no-cache=1551899097707 HTTP/1.1" 200 90
186.79.196.183 - - [06/Mar/2019:16:08:34 -0300] "GET /cormun/servlet/hpexe_link HTTP/1.1" 200 966
186.79.196.183 - - [06/Mar/2019:16:08:34 -0300] "GET /cormun/servlet/trsolicitudot HTTP/1.1" 200 8886
186.79.196.183 - - [06/Mar/2019:16:08:34 -0300] "GET /cormun/servlet/trsolicitudot HTTP/1.1" 200 8885
186.79.196.183 - - [06/Mar/2019:16:08:51 -0300] "POST /cormun/servlet/trsolicitudot?5efc5f587de323eae0a7f2127c6663a8,gx-no-cache=1551899114861 HTTP/1.1" 200 4748
186.79.196.183 - - [06/Mar/2019:16:08:51 -0300] "GET /cormun/static/Shared/jqueryui/images/ui-bg_highlight-soft_100_c6c2c8_1x100.png HTTP/1.1" 404 1117
186.79.196.183 - - [06/Mar/2019:16:08:51 -0300] "GET /cormun/static/Shared/jqueryui/images/ui-icons_82798d_256x240.png HTTP/1.1" 404 1089
186.79.196.183 - - [06/Mar/2019:16:08:51 -0300] "GET /cormun/static/Shared/jqueryui/images/ui-bg_flat_55_fafafa_40x100.png HTTP/1.1" 404 1097
186.79.196.183 - - [06/Mar/2019:16:08:51 -0300] "GET /cormun/static/Shared/jqueryui/images/ui-icons_8d78a5_256x240.png HTTP/1.1" 404 1089
186.79.196.183 - - [06/Mar/2019:16:08:51 -0300] "POST /cormun/servlet/trsolicitudot?5efc5f587de323eae0a7f2127c6663a8,gx-no-cache=1551899115409 HTTP/1.1" 200 4523
192.168.10.89 - - [06/Mar/2019:16:08:55 -0300] "GET /cormun/servlet/hlogin HTTP/1.1" 200 1721
186.79.196.183 - - [06/Mar/2019:16:08:57 -0300] "GET /cormun/servlet/trautorizarsolicitud? HTTP/1.1" 200 8782
186.79.196.183 - - [06/Mar/2019:16:08:57 -0300] "GET /cormun/servlet/trautorizarsolicitud? HTTP/1.1" 200 8782
192.168.10.89 - - [06/Mar/2019:16:09:07 -0300] "POST /cormun/servlet/hlogin?290fe084c9a3e2b854b68eebab782659,gx-no-cache=1551906154777 HTTP/1.1" 200 427
186.79.196.183 - - [06/Mar/2019:16:09:10 -0300] "POST /cormun/servlet/trautorizarsolicitud?5efc5f587de323eae0a7f2127c6663a8,,gx-no-cache=1551899134362 HTTP/1.1" 200 4683
186.79.196.183 - - [06/Mar/2019:16:09:10 -0300] "GET /cormun/static/Shared/jqueryui/images/ui-bg_highlight-soft_100_c6c2c8_1x100.png HTTP/1.1" 404 1117
186.79.196.183 - - [06/Mar/2019:16:09:10 -0300] "GET /cormun/static/Shared/jqueryui/images/ui-icons_82798d_256x240.png HTTP/1.1" 404 1089
186.79.196.183 - - [06/Mar/2019:16:09:11 -0300] "GET /cormun/static/Shared/jqueryui/images/ui-bg_flat_55_fafafa_40x100.png HTTP/1.1" 404 1097
186.79.196.183 - - [06/Mar/2019:16:09:11 -0300] "GET /cormun/static/Shared/jqueryui/images/ui-icons_8d78a5_256x240.png HTTP/1.1" 404 1089
186.79.196.183 - - [06/Mar/2019:16:09:11 -0300] "POST /cormun/servlet/trautorizarsolicitud?5efc5f587de323eae0a7f2127c6663a8,,gx-no-cache=1551899134954 HTTP/1.1" 200 4458
192.168.10.89 - - [06/Mar/2019:16:09:11 -0300] "POST /cormun/servlet/hlogin?290fe084c9a3e2b854b68eebab782659,gx-no-cache=1551906158931 HTTP/1.1" 200 90
192.168.10.89 - - [06/Mar/2019:16:09:11 -0300] "GET /cormun/servlet/hpexe_link HTTP/1.1" 200 950
192.168.10.89 - - [06/Mar/2019:16:09:11 -0300] "GET /cormun/servlet/hhome HTTP/1.1" 200 4985
192.168.10.89 - - [06/Mar/2019:16:15:14 -0300] "GET /cormun/servlet/trsolicitudgral? HTTP/1.1" 200 28663
192.168.10.89 - - [06/Mar/2019:16:18:30 -0300] "POST /cormun/servlet/trsolicitudgral?290fe084c9a3e2b854b68eebab782659,,gx-no-cache=1551906717161 HTTP/1.1" 200 23376
190.171.152.114 - - [06/Mar/2019:16:18:45 -0300] "GET /cormun/servlet/hlogin HTTP/1.1" 200 1723
190.171.152.114 - - [06/Mar/2019:16:18:45 -0300] "GET /cormun/static/gxtimezone.js?85251 HTTP/1.1" 200 5781
190.171.152.114 - - [06/Mar/2019:16:18:45 -0300] "GET /cormun/static/gxcfg.js?20177612122725 HTTP/1.1" 200 953
190.171.152.114 - - [06/Mar/2019:16:18:45 -0300] "GET /cormun/static/hlogin.js?20177612122738 HTTP/1.1" 200 2136
190.171.152.114 - - [06/Mar/2019:16:18:45 -0300] "GET /cormun/static/messages.spa.js?85251 HTTP/1.1" 200 30736
190.171.152.114 - - [06/Mar/2019:16:18:45 -0300] "GET /cormun/static/Resources/ComunLogin.png HTTP/1.1" 200 17326
190.171.152.114 - - [06/Mar/2019:16:18:45 -0300] "GET /cormun/static/Resources/Spanish/PXTools.css?1155365 HTTP/1.1" 200 89042
190.171.152.114 - - [06/Mar/2019:16:18:46 -0300] "GET /cormun/static/gxgral.js?85251 HTTP/1.1" 200 384558
190.171.152.114 - - [06/Mar/2019:16:18:46 -0300] "GET /cormun/static/Resources/indicator.gif HTTP/1.1" 200 1553
190.171.152.114 - - [06/Mar/2019:16:18:46 -0300] "GET /cormun/static/Resources/PXToolsLoginBackground.png HTTP/1.1" 200 1164
190.171.152.114 - - [06/Mar/2019:16:18:46 -0300] "GET /cormun/static/Resources/PXToolsButtonRight21.png HTTP/1.1" 200 1283
190.171.152.114 - - [06/Mar/2019:16:18:46 -0300] "GET /cormun/static/Resources/PXToolsButtonLeft21.png HTTP/1.1" 200 1287
190.171.152.114 - - [06/Mar/2019:16:18:46 -0300] "GET /cormun/static/Resources/PXToolsButtonBackground2.png HTTP/1.1" 200 1181
190.171.152.114 - - [06/Mar/2019:16:18:46 -0300] "GET /cormun/static/Resources/PXToolsLoginBottom.png HTTP/1.1" 200 1389
190.171.152.114 - - [06/Mar/2019:16:18:46 -0300] "GET /favicon.ico HTTP/1.1" 200 21630
190.171.152.114 - - [06/Mar/2019:16:18:46 -0300] "GET /cormun/static/Resources/PXToolsLoginTop.png HTTP/1.1" 200 1337
200.111.191.210 - - [06/Mar/2019:16:18:52 -0300] "GET /cormun/servlet/solicitudot?INS,0,0, HTTP/1.1" 200 14061
200.111.191.210 - - [06/Mar/2019:16:18:53 -0300] "GET /cormun/servlet/hlogin HTTP/1.1" 200 1749
200.111.191.210 - - [06/Mar/2019:16:18:53 -0300] "GET /cormun/servlet/solicitudot?INS,0,0, HTTP/1.1" 200 14065
190.171.152.114 - - [06/Mar/2019:16:19:01 -0300] "POST /cormun/servlet/hlogin?9eb7192d95cba934a5e2ad902548cba3,gx-no-cache=1551899725237 HTTP/1.1" 200 90
190.171.152.114 - - [06/Mar/2019:16:19:01 -0300] "GET /cormun/servlet/hpexe_link HTTP/1.1" 200 952
190.171.152.114 - - [06/Mar/2019:16:19:01 -0300] "GET /cormun/static/gxcfg.js?20177612121792 HTTP/1.1" 200 953
190.171.152.114 - - [06/Mar/2019:16:19:01 -0300] "GET /cormun/static/hpexe_link.js?20177612121795 HTTP/1.1" 200 625
190.171.152.114 - - [06/Mar/2019:16:19:01 -0300] "GET /cormun/servlet/hhome HTTP/1.1" 200 4270
190.171.152.114 - - [06/Mar/2019:16:19:01 -0300] "GET /cormun/static/Shared/jqueryui/jquery-ui.min.css?1245370 HTTP/1.1" 200 30288
190.171.152.114 - - [06/Mar/2019:16:19:01 -0300] "GET /cormun/static/Resources/Spanish/PXTools.css?11423723 HTTP/1.1" 200 89042
190.171.152.114 - - [06/Mar/2019:16:19:01 -0300] "GET /cormun/static/scaMessage/css/jquery.pnotify.default.css?1716380 HTTP/1.1" 200 1707
190.171.152.114 - - [06/Mar/2019:16:19:01 -0300] "GET /cormun/static/SmoothNavMenu/resources/ddsmoothmenu-v.css?1012540 HTTP/1.1" 200 1188
190.171.152.114 - - [06/Mar/2019:16:19:01 -0300] "GET /cormun/static/SmoothNavMenu/resources/ddsmoothmenu.css?1012540 HTTP/1.1" 200 2223
190.171.152.114 - - [06/Mar/2019:16:19:01 -0300] "GET /cormun/static/gxcfg.js?20175251212442 HTTP/1.1" 200 953
190.171.152.114 - - [06/Mar/2019:16:19:01 -0300] "GET /cormun/static/PXToolsJavascripts/pexe_cookies.js HTTP/1.1" 200 792
190.171.152.114 - - [06/Mar/2019:16:19:01 -0300] "GET /cormun/static/PXToolsJavascripts/pexe_autoreload.js HTTP/1.1" 200 1762
190.171.152.114 - - [06/Mar/2019:16:19:01 -0300] "GET /cormun/static/PXToolsJavascripts/pexe_windows.js HTTP/1.1" 200 15207
190.171.152.114 - - [06/Mar/2019:16:19:01 -0300] "GET /cormun/static/PXToolsJavascripts/pexe_grid.js HTTP/1.1" 200 7559
190.171.152.114 - - [06/Mar/2019:16:19:01 -0300] "GET /cormun/static/PXToolsJavascripts/pexe_griddivfix.js HTTP/1.1" 200 6644
190.171.152.114 - - [06/Mar/2019:16:19:01 -0300] "GET /cormun/static/PXToolsJavascripts/pexe_link.js HTTP/1.1" 200 5671
190.171.152.114 - - [06/Mar/2019:16:19:01 -0300] "GET /cormun/static/PXToolsJavascripts/pexe_menudivfix.js HTTP/1.1" 200 333
190.171.152.114 - - [06/Mar/2019:16:19:01 -0300] "GET /cormun/static/PXToolsJavascripts/pexe_menus.js HTTP/1.1" 200 1286
190.171.152.114 - - [06/Mar/2019:16:19:01 -0300] "GET /cormun/static/PXToolsJavascripts/pexe_layers.js HTTP/1.1" 200 4114
190.171.152.114 - - [06/Mar/2019:16:19:01 -0300] "GET /cormun/static/PXToolsJavascripts/pexe_oav.js HTTP/1.1" 200 645
190.171.152.114 - - [06/Mar/2019:16:19:01 -0300] "GET /cormun/static/PXToolsJavascripts/pexe_picture.js HTTP/1.1" 200 689
190.171.152.114 - - [06/Mar/2019:16:19:01 -0300] "GET /cormun/static/PXToolsJavascripts/pexe_oavdivfix.js HTTP/1.1" 200 639
190.171.152.114 - - [06/Mar/2019:16:19:01 -0300] "GET /cormun/static/PXToolsJavascripts/pexe_popup.js HTTP/1.1" 200 13458
190.171.152.114 - - [06/Mar/2019:16:19:01 -0300] "GET /cormun/static/PXToolsJavascripts/pexe_scrolldiv.js HTTP/1.1" 200 4138
190.171.152.114 - - [06/Mar/2019:16:19:01 -0300] "GET /cormun/static/PXToolsJavascripts/pexe_tabdivfix.js HTTP/1.1" 200 876
190.171.152.114 - - [06/Mar/2019:16:19:01 -0300] "GET /cormun/static/PXToolsJavascripts/pexe_upload.js HTTP/1.1" 200 1423
190.171.152.114 - - [06/Mar/2019:16:19:01 -0300] "GET /cormun/static/PXToolsJavascripts/pexe_tabs.js HTTP/1.1" 200 3748
190.171.152.114 - - [06/Mar/2019:16:19:01 -0300] "GET /cormun/static/PXToolsJavascripts/PXToolsJavascriptsRender.js HTTP/1.1" 200 367
190.171.152.114 - - [06/Mar/2019:16:19:01 -0300] "GET /cormun/static/RunJS/RunJS.js HTTP/1.1" 200 288
190.171.152.114 - - [06/Mar/2019:16:19:01 -0300] "GET /cormun/static/Shared/ext/locale/ext-lang-en.js HTTP/1.1" 200 10940
190.171.152.114 - - [06/Mar/2019:16:19:01 -0300] "GET /cormun/static/hhome.js?20175251212450 HTTP/1.1" 200 777
190.171.152.114 - - [06/Mar/2019:16:19:01 -0300] "GET /cormun/static/hwchdr01.js?201752511465785 HTTP/1.1" 200 1183
190.171.152.114 - - [06/Mar/2019:16:19:01 -0300] "GET /cormun/static/hpexe_recentlink.js?20177611595044 HTTP/1.1" 200 2144
190.171.152.114 - - [06/Mar/2019:16:19:01 -0300] "GET /cormun/static/hpexe_scripts.js?201752511465715 HTTP/1.1" 200 1544
190.171.152.114 - - [06/Mar/2019:16:19:01 -0300] "GET /cormun/static/hpexe_messagepopupcomponent.js?20161017169425 HTTP/1.1" 200 605
190.171.152.114 - - [06/Mar/2019:16:19:01 -0300] "GET /cormun/static/hpexe_messagecontroller.js?20177611595012 HTTP/1.1" 200 870
190.171.152.114 - - [06/Mar/2019:16:19:01 -0300] "GET /cormun/static/Resources/PXToolsHeaderBackground2.png HTTP/1.1" 200 1174
190.171.152.114 - - [06/Mar/2019:16:19:01 -0300] "GET /cormun/static/Resources/PXToolsDataTitle.png HTTP/1.1" 200 1173
190.171.152.114 - - [06/Mar/2019:16:19:01 -0300] "GET /cormun/static/Resources/PXToolsHeaderActionsBackground.png HTTP/1.1" 200 484
190.171.152.114 - - [06/Mar/2019:16:19:01 -0300] "GET /cormun/static/hpexe_messagegenexuscomponent.js?201752511465344 HTTP/1.1" 200 587
190.171.152.114 - - [06/Mar/2019:16:19:01 -0300] "GET /cormun/static/Resources/PXToolsFooterBackground2.png HTTP/1.1" 200 1172
190.171.152.114 - - [06/Mar/2019:16:19:02 -0300] "GET /cormun/static/gxui/gxui-all.js HTTP/1.1" 200 107772
190.171.152.114 - - [06/Mar/2019:16:19:02 -0300] "GET /cormun/static/cmcontrolpreferences.js?201752511465670 HTTP/1.1" 200 1375
190.171.152.114 - - [06/Mar/2019:16:19:02 -0300] "GET /cormun/static/Shared/jquery/jquery-1.4.2.min.js HTTP/1.1" 200 72174
190.171.152.114 - - [06/Mar/2019:16:19:02 -0300] "GET /cormun/static/SmoothNavMenu/resources/ddsmoothmenu.js HTTP/1.1" 200 12712
190.171.152.114 - - [06/Mar/2019:16:19:02 -0300] "GET /cormun/static/SmoothNavMenu/resources/SmoothNavMenuRender.js HTTP/1.1" 200 5951
190.171.152.114 - - [06/Mar/2019:16:19:02 -0300] "GET /cormun/static/scaMessage/js/jquery.pnotify.min.js HTTP/1.1" 200 13038
190.171.152.114 - - [06/Mar/2019:16:19:02 -0300] "GET /cormun/static/scaMessage/scaMessageRender.js HTTP/1.1" 200 11977
190.171.152.114 - - [06/Mar/2019:16:19:02 -0300] "GET /cormun/static/hmpwkw03.js?20189613443875 HTTP/1.1" 200 3965
190.171.152.114 - - [06/Mar/2019:16:19:02 -0300] "GET /cormun/static/Resources/logo4.png HTTP/1.1" 200 6582
190.171.152.114 - - [06/Mar/2019:16:19:02 -0300] "GET /cormun/static/Resources/PXToolsHeaderActionsLeft.png HTTP/1.1" 200 1118
190.171.152.114 - - [06/Mar/2019:16:19:02 -0300] "GET /cormun/static/Shared/jqueryui/jquery-ui.min.js HTTP/1.1" 200 240427
190.171.152.114 - - [06/Mar/2019:16:19:02 -0300] "GET /cormun/static/Resources/PXToolsHeaderHome.png HTTP/1.1" 200 4147
190.171.152.114 - - [06/Mar/2019:16:19:02 -0300] "GET /cormun/static/Shared/jquery/jquery-1.10.2.min.js HTTP/1.1" 200 273199
190.171.152.114 - - [06/Mar/2019:16:19:02 -0300] "GET /cormun/static/Resources/PXToolsHeaderLogin.png HTTP/1.1" 200 4279
190.171.152.114 - - [06/Mar/2019:16:19:02 -0300] "GET /cormun/static/Resources/PXToolsHeaderPreferences.png HTTP/1.1" 200 4189
190.171.152.114 - - [06/Mar/2019:16:19:02 -0300] "GET /cormun/static/Resources/PXToolsHeaderActionsRight.png HTTP/1.1" 200 1201
190.171.152.114 - - [06/Mar/2019:16:19:03 -0300] "GET /cormun/static/Resources/PXToolsHeaderSecurity.png HTTP/1.1" 200 4166
190.171.152.114 - - [06/Mar/2019:16:19:03 -0300] "GET /cormun/static/Shared/ext/ext-all.js HTTP/1.1" 200 1289687
190.171.152.114 - - [06/Mar/2019:16:19:04 -0300] "GET /cormun/static/SmoothNavMenu/resources/images/down.gif HTTP/1.1" 200 854
190.171.152.114 - - [06/Mar/2019:16:19:04 -0300] "GET /cormun/static/SmoothNavMenu/resources/images/right.gif HTTP/1.1" 200 860
200.111.191.210 - - [06/Mar/2019:16:19:19 -0300] "POST /cormun/servlet/hlogin?e708d696adaafed190de887706306365,gx-no-cache=1551899818846 HTTP/1.1" 200 455
200.111.191.210 - - [06/Mar/2019:16:19:21 -0300] "POST /cormun/servlet/hlogin?e708d696adaafed190de887706306365,gx-no-cache=1551899820796 HTTP/1.1" 200 90
200.111.191.210 - - [06/Mar/2019:16:19:22 -0300] "GET /cormun/servlet/hpexe_link HTTP/1.1" 200 966
200.111.191.210 - - [06/Mar/2019:16:19:22 -0300] "GET /cormun/servlet/solicitudot?INS,0,0, HTTP/1.1" 200 14681
200.111.191.210 - - [06/Mar/2019:16:19:22 -0300] "GET /cormun/servlet/solicitudot?INS,0,0, HTTP/1.1" 200 14686
190.171.152.114 - - [06/Mar/2019:16:19:27 -0300] "GET /cormun/servlet/trpermisosgoce? HTTP/1.1" 200 7191
190.171.152.114 - - [06/Mar/2019:16:19:27 -0300] "GET /cormun/static/gxui/gxui-all.css?110300 HTTP/1.1" 200 2179
