190.171.152.114 - - [06/Mar/2019:16:19:27 -0300] "GET /cormun/static/calendar-system.css?75620 HTTP/1.1" 200 5572
190.171.152.114 - - [06/Mar/2019:16:19:27 -0300] "GET /cormun/static/gxcfg.js?20177612163875 HTTP/1.1" 200 953
190.171.152.114 - - [06/Mar/2019:16:19:27 -0300] "GET /cormun/static/calendar-setup.js?85251 HTTP/1.1" 200 2588
190.171.152.114 - - [06/Mar/2019:16:19:27 -0300] "GET /cormun/static/calendar-es.js?85251 HTTP/1.1" 200 1901
190.171.152.114 - - [06/Mar/2019:16:19:27 -0300] "GET /cormun/static/Resources/PXTools/calendar.png HTTP/1.1" 200 1306
190.171.152.114 - - [06/Mar/2019:16:19:27 -0300] "GET /cormun/static/Resources/PXToolsDataSearch.png HTTP/1.1" 200 419
190.171.152.114 - - [06/Mar/2019:16:19:27 -0300] "GET /cormun/static/calendar.js?85251 HTTP/1.1" 200 26246
190.171.152.114 - - [06/Mar/2019:16:19:27 -0300] "GET /cormun/static/gxdec.js?85251 HTTP/1.1" 200 19579
190.171.152.114 - - [06/Mar/2019:16:19:27 -0300] "GET /cormun/static/trpermisosgoce.js?20177612164335 HTTP/1.1" 200 35904
190.171.152.114 - - [06/Mar/2019:16:19:27 -0300] "GET /cormun/static/Resources/PXToolsGridFirstDisabled.gif HTTP/1.1" 200 100
190.171.152.114 - - [06/Mar/2019:16:19:27 -0300] "GET /cormun/static/Resources/PXToolsGridNextDisabled.gif HTTP/1.1" 200 90
190.171.152.114 - - [06/Mar/2019:16:19:27 -0300] "GET /cormun/static/Resources/PXToolsGridLastDisabled.gif HTTP/1.1" 200 98
190.171.152.114 - - [06/Mar/2019:16:19:27 -0300] "GET /cormun/static/Resources/PXToolsGridPreviousDisabled.gif HTTP/1.1" 200 90
190.171.152.114 - - [06/Mar/2019:16:19:27 -0300] "GET /cormun/static/Resources/PXToolsGridPage.gif HTTP/1.1" 200 725
190.171.152.114 - - [06/Mar/2019:16:19:27 -0300] "GET /cormun/static/Resources/PXToolsGridNew.png HTTP/1.1" 200 2949
190.171.152.114 - - [06/Mar/2019:16:19:27 -0300] "GET /cormun/static/Resources/PXToolsActionExcel.png HTTP/1.1" 200 3187
190.171.152.114 - - [06/Mar/2019:16:19:28 -0300] "GET /cormun/static/Shared/ext/resources/css/ext-all.css?205870 HTTP/1.1" 200 416045
190.171.152.114 - - [06/Mar/2019:16:19:28 -0300] "GET /cormun/static/Resources/asc.gif HTTP/1.1" 200 67
190.171.152.114 - - [06/Mar/2019:16:19:28 -0300] "GET /cormun/static/Resources/desc.gif HTTP/1.1" 200 65
190.171.152.114 - - [06/Mar/2019:16:19:29 -0300] "GET /cormun/static/Shared/ext/resources/themes/images/default/panel/bg-headersPanel.png HTTP/1.1" 200 255
190.171.152.114 - - [06/Mar/2019:16:19:29 -0300] "GET /cormun/static/Shared/ext/resources/themes/images/default/tools/tool-sprites.gif HTTP/1.1" 200 5434
190.171.152.114 - - [06/Mar/2019:16:19:30 -0300] "GET /cormun/servlet/permisogoce?INS,0,,, HTTP/1.1" 200 7135
190.171.152.114 - - [06/Mar/2019:16:19:31 -0300] "GET /cormun/static/gxcfg.js?201776126440 HTTP/1.1" 200 953
190.171.152.114 - - [06/Mar/2019:16:19:31 -0300] "GET /cormun/static/Resources/prompt.gif HTTP/1.1" 200 902
190.171.152.114 - - [06/Mar/2019:16:19:31 -0300] "GET /cormun/static/permisogoce.js?2017761264459 HTTP/1.1" 200 27897
200.111.191.210 - - [06/Mar/2019:16:19:33 -0300] "POST /cormun/servlet/solicitudot?gx-no-cache=1551899832012 HTTP/1.1" 200 3435
200.111.191.210 - - [06/Mar/2019:16:19:33 -0300] "POST /cormun/servlet/solicitudot?e708d696adaafed190de887706306365,INS,0,0,,gx-no-cache=1551899832179 HTTP/1.1" 200 11317
200.111.191.210 - - [06/Mar/2019:16:19:34 -0300] "GET /cormun/servlet/solicitudot?1481bbd571c5d4e619867bc329cce3b104083468cee5a1a00363e96d47f81934c2d76208116e0b5f053d328f93617b18,gx-no-cache=1551899833529 HTTP/1.1" 200 30
190.171.152.114 - - [06/Mar/2019:16:19:43 -0300] "GET /cormun/servlet/permisogoce?817f8c50a8ea4446e74bc7567ed394d6d754926ccfb743c9884d53a0319366c2a72f6b3fbca29108f5a9173fd0423f87a9f2645205dba763a5261186e3ed9503,gx-no-cache=1551899767209 HTTP/1.1" 200 83
190.171.152.114 - - [06/Mar/2019:16:19:47 -0300] "GET /cormun/static/menuarrow.gif HTTP/1.1" 404 1015
190.171.152.114 - - [06/Mar/2019:16:19:52 -0300] "GET /cormun/servlet/permisogoce?817f8c50a8ea4446e74bc7567ed394d633a416531ff0a3a772ccfda6b5b99063c50c633bfa467f77dcfbf52d814c2874c8c42856b4a6ff674f01087f0d407572,gx-no-cache=1551899776543 HTTP/1.1" 200 46
190.171.152.114 - - [06/Mar/2019:16:20:32 -0300] "POST /cormun/servlet/permisogoce?9eb7192d95cba934a5e2ad902548cba3,INS,0,,,,gx-no-cache=1551899816596 HTTP/1.1" 200 93
190.171.152.114 - - [06/Mar/2019:16:20:33 -0300] "GET /cormun/servlet/hpexe_return? HTTP/1.1" 200 1010
190.171.152.114 - - [06/Mar/2019:16:20:33 -0300] "GET /cormun/static/gxcfg.js?2016101716175148 HTTP/1.1" 200 953
190.171.152.114 - - [06/Mar/2019:16:20:33 -0300] "GET /cormun/static/hpexe_return.js?2016101716175153 HTTP/1.1" 200 1633
190.171.152.114 - - [06/Mar/2019:16:20:33 -0300] "GET /cormun/static/Resources/Spanish/PXTools.css?167811 HTTP/1.1" 200 89042
190.171.152.114 - - [06/Mar/2019:16:20:33 -0300] "GET /cormun/servlet/trpermisosgoce HTTP/1.1" 200 8073
190.171.152.114 - - [06/Mar/2019:16:20:34 -0300] "GET /cormun//static/Resources/PXToolsGridDisplay.png HTTP/1.1" 200 362
190.171.152.114 - - [06/Mar/2019:16:20:34 -0300] "GET /cormun//static/Resources/PXToolsGridUpdate.png HTTP/1.1" 200 2984
190.171.152.114 - - [06/Mar/2019:16:20:34 -0300] "GET /cormun//static/Resources/PXToolsGridDelete.png HTTP/1.1" 200 357
190.171.152.114 - - [06/Mar/2019:16:20:34 -0300] "GET /cormun//static/Resources/PXTools/ActionInsert.png HTTP/1.1" 200 1482
190.171.152.114 - - [06/Mar/2019:16:20:34 -0300] "GET /cormun//static/Resources/PXToolsHeaderFavorites.png HTTP/1.1" 200 2744
190.171.152.114 - - [06/Mar/2019:16:20:34 -0300] "GET /cormun//static/Resources/PXToolsActionPrint.png HTTP/1.1" 200 3317
190.171.152.114 - - [06/Mar/2019:16:20:34 -0300] "GET /cormun//static/Resources/PXToolsHeaderHelp.png HTTP/1.1" 200 4055
190.171.152.114 - - [06/Mar/2019:16:20:36 -0300] "GET /cormun/servlet/apermisogoceprn?11275458,P,20190306181258,PU HTTP/1.1" 200 1660
192.168.10.89 - - [06/Mar/2019:16:20:49 -0300] "GET /digitalizacion/servlet/wblogin? HTTP/1.1" 200 2306
192.168.10.89 - - [06/Mar/2019:16:20:50 -0300] "GET /digitalizacion/servlet/wblogin? HTTP/1.1" 200 2317
192.168.10.89 - - [06/Mar/2019:16:20:51 -0300] "POST /digitalizacion/servlet/wblogin?fa8bfb06287200d48edbd0f6e907c612,,gx-no-cache=1551906858914 HTTP/1.1" 200 65
192.168.10.89 - - [06/Mar/2019:16:20:51 -0300] "GET /digitalizacion/servlet/hhome HTTP/1.1" 200 2822
192.168.10.89 - - [06/Mar/2019:16:20:52 -0300] "GET /digitalizacion/servlet/hhome HTTP/1.1" 200 2820
192.168.10.89 - - [06/Mar/2019:16:21:00 -0300] "GET /digitalizacion/servlet/trdocumentos? HTTP/1.1" 200 9877
192.168.10.89 - - [06/Mar/2019:16:21:01 -0300] "GET /digitalizacion/servlet/trdocumentos? HTTP/1.1" 200 9874
192.168.10.89 - - [06/Mar/2019:16:21:01 -0300] "POST /digitalizacion/servlet/trdocumentos?gx-no-cache=1551906868607 HTTP/1.1" 200 449
192.168.10.89 - - [06/Mar/2019:16:21:01 -0300] "POST /digitalizacion/servlet/trdocumentos?gx-no-cache=1551906868636 HTTP/1.1" 200 78
192.168.10.89 - - [06/Mar/2019:16:21:08 -0300] "POST /digitalizacion/servlet/trdocumentos?gx-no-cache=1551906876026 HTTP/1.1" 200 176
192.168.10.89 - - [06/Mar/2019:16:21:26 -0300] "POST /digitalizacion/servlet/trdocumentos?fa8bfb06287200d48edbd0f6e907c612,,gx-no-cache=1551906893546 HTTP/1.1" 200 3673
192.168.10.89 - - [06/Mar/2019:16:21:29 -0300] "GET /digitalizacion/servlet/wbadjunto?48721,PU HTTP/1.1" 302 -
192.168.10.89 - - [06/Mar/2019:16:21:29 -0300] "GET /digitalizacion/PublicTempStorage/6865516.tmp HTTP/1.1" 200 549636
186.79.196.183 - - [06/Mar/2019:16:21:55 -0300] "GET /cormun/servlet/hlogin HTTP/1.1" 200 1741
192.168.10.89 - - [06/Mar/2019:16:23:05 -0300] "GET /digitalizacion/servlet/wblogin? HTTP/1.1" 200 2342
192.168.10.89 - - [06/Mar/2019:16:23:27 -0300] "POST /cormun/servlet/trsolicitudgral?290fe084c9a3e2b854b68eebab782659,,gx-no-cache=1551907014335 HTTP/1.1" 200 105
192.168.10.89 - - [06/Mar/2019:16:23:27 -0300] "GET /cormun/SolicitudGral-2949.xls HTTP/1.1" 200 41472
192.168.10.89 - - [06/Mar/2019:16:23:31 -0300] "OPTIONS /cormun/ HTTP/1.1" 200 -
192.168.10.89 - - [06/Mar/2019:16:23:31 -0300] "OPTIONS /cormun/ HTTP/1.1" 200 -
192.168.10.89 - - [06/Mar/2019:16:23:36 -0300] "HEAD /cormun/SolicitudGral-2949.xls HTTP/1.1" 200 -
192.168.10.89 - - [06/Mar/2019:16:23:36 -0300] "HEAD /cormun/SolicitudGral-2949.xls HTTP/1.1" 200 -
192.168.10.89 - - [06/Mar/2019:16:23:51 -0300] "GET /cormun/SolicitudGral-2949.xls HTTP/1.1" 200 41472
192.168.10.89 - - [06/Mar/2019:16:23:51 -0300] "HEAD /cormun/SolicitudGral-2949.xls HTTP/1.1" 200 -
192.168.10.89 - - [06/Mar/2019:16:27:10 -0300] "GET /cormun/servlet/hlogin HTTP/1.1" 200 1740
192.168.10.89 - - [06/Mar/2019:16:27:26 -0300] "POST /cormun/servlet/hlogin?290fe084c9a3e2b854b68eebab782659,gx-no-cache=1551907254193 HTTP/1.1" 200 90
192.168.10.89 - - [06/Mar/2019:16:27:26 -0300] "GET /cormun/servlet/hpexe_link HTTP/1.1" 200 950
192.168.10.89 - - [06/Mar/2019:16:27:27 -0300] "GET /cormun/servlet/hhome HTTP/1.1" 200 3818
192.168.10.89 - - [06/Mar/2019:16:27:30 -0300] "GET /cormun/servlet/trautorizarot? HTTP/1.1" 200 18172
192.168.10.89 - - [06/Mar/2019:16:27:43 -0300] "POST /cormun/servlet/trautorizarot?290fe084c9a3e2b854b68eebab782659,,gx-no-cache=1551907270079 HTTP/1.1" 200 22443
192.168.10.89 - - [06/Mar/2019:16:27:50 -0300] "POST /cormun/servlet/trautorizarot?290fe084c9a3e2b854b68eebab782659,,gx-no-cache=1551907277248 HTTP/1.1" 200 6824
192.168.10.89 - - [06/Mar/2019:16:27:55 -0300] "POST /cormun/servlet/trautorizarot?290fe084c9a3e2b854b68eebab782659,,gx-no-cache=1551907283102 HTTP/1.1" 200 5352
192.168.10.89 - - [06/Mar/2019:16:28:23 -0300] "POST /cormun/servlet/trautorizarot?290fe084c9a3e2b854b68eebab782659,,gx-no-cache=1551907310942 HTTP/1.1" 200 6833
192.168.10.89 - - [06/Mar/2019:16:28:27 -0300] "POST /cormun/servlet/trautorizarot?290fe084c9a3e2b854b68eebab782659,,gx-no-cache=1551907314190 HTTP/1.1" 200 5344
190.171.141.106 - - [06/Mar/2019:16:28:38 -0300] "GET /cormun/servlet/hlogin HTTP/1.1" 200 1730
190.171.141.106 - - [06/Mar/2019:16:28:39 -0300] "GET /cormun/servlet/hlogin HTTP/1.1" 200 1737
190.171.141.106 - - [06/Mar/2019:16:28:43 -0300] "POST /cormun/servlet/hlogin?7d337b09573ee5e2ad3ae0b4e697b6b3,gx-no-cache=1551900306926 HTTP/1.1" 200 90
190.171.141.106 - - [06/Mar/2019:16:28:43 -0300] "GET /cormun/servlet/hpexe_link HTTP/1.1" 200 954
190.171.141.106 - - [06/Mar/2019:16:28:43 -0300] "GET /cormun/servlet/hhome HTTP/1.1" 200 4253
190.171.141.106 - - [06/Mar/2019:16:28:44 -0300] "GET /cormun/servlet/hhome HTTP/1.1" 200 4249
190.171.141.106 - - [06/Mar/2019:16:28:48 -0300] "GET /cormun/servlet/trautorizarsolicitud? HTTP/1.1" 200 7363
190.171.141.106 - - [06/Mar/2019:16:28:51 -0300] "GET /cormun/servlet/trautorizarsolicitud? HTTP/1.1" 200 7363
190.171.141.106 - - [06/Mar/2019:16:29:00 -0300] "POST /cormun/servlet/trautorizarsolicitud?7d337b09573ee5e2ad3ae0b4e697b6b3,,gx-no-cache=1551900322950 HTTP/1.1" 200 4482
190.171.141.106 - - [06/Mar/2019:16:29:03 -0300] "POST /cormun/servlet/trautorizarsolicitud?7d337b09573ee5e2ad3ae0b4e697b6b3,,gx-no-cache=1551900326750 HTTP/1.1" 200 5847
192.168.10.89 - - [06/Mar/2019:16:30:09 -0300] "POST /cormun/servlet/trautorizarot?290fe084c9a3e2b854b68eebab782659,,gx-no-cache=1551907416878 HTTP/1.1" 200 7128
192.168.10.89 - - [06/Mar/2019:16:30:12 -0300] "POST /cormun/servlet/trautorizarot?290fe084c9a3e2b854b68eebab782659,,gx-no-cache=1551907419698 HTTP/1.1" 200 5359
192.168.10.89 - - [06/Mar/2019:16:30:19 -0300] "POST /cormun/servlet/trautorizarot?290fe084c9a3e2b854b68eebab782659,,gx-no-cache=1551907427095 HTTP/1.1" 200 5187
200.111.191.210 - - [06/Mar/2019:16:30:28 -0300] "POST /cormun/servlet/solicitudot?gx-no-cache=1551900487364 HTTP/1.1" 200 3516
200.111.191.210 - - [06/Mar/2019:16:30:28 -0300] "GET /cormun/static/Shared/jqueryui/images/ui-bg_highlight-soft_100_c6c2c8_1x100.png HTTP/1.1" 404 1117
200.111.191.210 - - [06/Mar/2019:16:30:28 -0300] "GET /cormun/static/Shared/jqueryui/images/ui-icons_82798d_256x240.png HTTP/1.1" 404 1089
200.111.191.210 - - [06/Mar/2019:16:30:28 -0300] "GET /cormun/static/Shared/jqueryui/images/ui-bg_flat_55_994d53_40x100.png HTTP/1.1" 404 1097
200.111.191.210 - - [06/Mar/2019:16:30:28 -0300] "GET /cormun/static/Shared/jqueryui/images/ui-icons_ebccce_256x240.png HTTP/1.1" 404 1089
200.111.191.210 - - [06/Mar/2019:16:30:59 -0300] "POST /cormun/servlet/solicitudot?gx-no-cache=1551900518149 HTTP/1.1" 200 3558
200.111.191.210 - - [06/Mar/2019:16:30:59 -0300] "POST /cormun/servlet/solicitudot?e708d696adaafed190de887706306365,INS,0,0,,gx-no-cache=1551900518379 HTTP/1.1" 200 11493
200.111.191.210 - - [06/Mar/2019:16:30:59 -0300] "GET /cormun/servlet/solicitudot?1481bbd571c5d4e619867bc329cce3b12695329a5a7185108161f4f2cfc4220ced4211403d37e072243fbb9e1ca3ca01,gx-no-cache=1551900518533 HTTP/1.1" 200 30
200.54.103.162 - - [06/Mar/2019:16:31:23 -0300] "GET /cormun/servlet/hlogin HTTP/1.1" 200 1726
200.54.103.162 - - [06/Mar/2019:16:31:24 -0300] "GET /cormun/servlet/hlogin HTTP/1.1" 200 1736
200.54.103.162 - - [06/Mar/2019:16:31:32 -0300] "POST /cormun/servlet/hlogin?6d8cc09e610d58fa7b5f48e0ac2cbdbc,gx-no-cache=1551900476746 HTTP/1.1" 200 90
200.54.103.162 - - [06/Mar/2019:16:31:32 -0300] "GET /cormun/servlet/hpexe_link HTTP/1.1" 200 954
200.54.103.162 - - [06/Mar/2019:16:31:32 -0300] "GET /cormun/servlet/hhome HTTP/1.1" 200 4332
200.54.103.162 - - [06/Mar/2019:16:31:34 -0300] "GET /cormun/servlet/hhome HTTP/1.1" 200 4328
200.54.103.162 - - [06/Mar/2019:16:31:43 -0300] "GET /cormun/servlet/trsolicitudot? HTTP/1.1" 200 7545
200.111.191.210 - - [06/Mar/2019:16:31:44 -0300] "GET /cormun/servlet/solicitudot?1481bbd571c5d4e619867bc329cce3b142ff9ad3c711d7fe514ebd09a233d9fa4e6f40eeed80880383e43072d340bc0f,gx-no-cache=1551900563007 HTTP/1.1" 200 30
200.111.191.210 - - [06/Mar/2019:16:31:44 -0300] "GET /cormun/servlet/solicitudot?1481bbd571c5d4e619867bc329cce3b1bdb07f4ae3560337445c783a7b6e185b,gx-no-cache=1551900563154 HTTP/1.1" 200 53
200.111.191.210 - - [06/Mar/2019:16:31:44 -0300] "POST /cormun/servlet/solicitudot?gx-no-cache=1551900563258 HTTP/1.1" 200 240
200.111.191.210 - - [06/Mar/2019:16:31:44 -0300] "GET /cormun/servlet/solicitudot?1481bbd571c5d4e619867bc329cce3b12aabb6bf685f120f7809dabdb210ade330dead33826224b958b1f7e3da0d7333d9fe9bc9a5e359725617759799d62f39436e6f59ab0d0e912f57747f11efc49c99a41351ba33dcaa3e226212275f121535d2d0a4480830e69aee95d01f12b39464121cc004e036cb101d0b3beed6325031b764e1096f881b059bb3afa2b33fce54acaa98f094af6f69de59ac2ae38eb22438f51f9638cad8e307cdba6567edcf044a0ace015104b0d6dd7b5190052092dc7d6cbcc8d2a112dd8919d731e4a4caa47da16727593de17899b93c5540929185823a60a58c756e119232b5c22781550d4a99b9ea4a3b57f405bb67f60f36f45fd6eab01ddf1f1a443f48c54551170ac885515f002fd7307590a5f6dc1638af5b83df24aee97a8f32715f84eee211185b8f5c441a24ce78c68fb369e4b061fb8a058150dd014ce68dd4a08c54926468ca7ae3a1b4cb25aced38ddaa5fd8cbf8d794f3255cce926009ee0db0044b58c90455bbc317d4640534049d34614a0607,gx-no-cache=1551900563357 HTTP/1.1" 200 30
200.54.103.162 - - [06/Mar/2019:16:31:45 -0300] "GET /cormun/servlet/trsolicitudot? HTTP/1.1" 200 7543
200.111.191.210 - - [06/Mar/2019:16:31:47 -0300] "POST /cormun/servlet/solicitudot?gx-no-cache=1551900566112 HTTP/1.1" 200 30
200.111.191.210 - - [06/Mar/2019:16:31:48 -0300] "POST /cormun/servlet/solicitudot?gx-no-cache=1551900567376 HTTP/1.1" 200 1280
200.111.191.210 - - [06/Mar/2019:16:31:48 -0300] "POST /cormun/servlet/solicitudot?gx-no-cache=1551900567403 HTTP/1.1" 200 38
200.54.103.162 - - [06/Mar/2019:16:31:49 -0300] "GET /cormun/static/menuarrow.gif HTTP/1.1" 404 1015
200.54.103.162 - - [06/Mar/2019:16:32:16 -0300] "POST /cormun/servlet/trsolicitudot?6d8cc09e610d58fa7b5f48e0ac2cbdbc,,gx-no-cache=1551900521272 HTTP/1.1" 200 5918
200.54.103.162 - - [06/Mar/2019:16:32:25 -0300] "GET /cormun/servlet/vesolicitudot?2019,12829,, HTTP/1.1" 200 8680
200.54.103.162 - - [06/Mar/2019:16:32:25 -0300] "GET /cormun/pexe_scrolldiv.js HTTP/1.1" 404 1009
200.54.103.162 - - [06/Mar/2019:16:32:26 -0300] "GET /cormun/pexe_scrolldiv.js HTTP/1.1" 404 1009
200.54.103.162 - - [06/Mar/2019:16:32:27 -0300] "GET /cormun/servlet/vesolicitudot?2019,12829,, HTTP/1.1" 200 8680
200.54.103.162 - - [06/Mar/2019:16:32:30 -0300] "GET /cormun/servlet/vesolicitudot?2019,12829,,SolicitudOTAdjuntos HTTP/1.1" 200 7719
200.54.103.162 - - [06/Mar/2019:16:32:30 -0300] "GET /cormun/pexe_scrolldiv.js HTTP/1.1" 404 1009
200.54.103.162 - - [06/Mar/2019:16:32:30 -0300] "GET /cormun/static/tbsolicitudot02.js?201711142258496 HTTP/1.1" 200 15626
200.54.103.162 - - [06/Mar/2019:16:32:31 -0300] "GET /cormun/pexe_scrolldiv.js HTTP/1.1" 404 1009
200.54.103.162 - - [06/Mar/2019:16:32:32 -0300] "GET /cormun/static/gxui/gxui-all.css HTTP/1.1" 200 2179
200.54.103.162 - - [06/Mar/2019:16:32:32 -0300] "GET /cormun/static/Shared/ext/resources/css/ext-all.css HTTP/1.1" 200 416045
200.54.103.162 - - [06/Mar/2019:16:32:32 -0300] "GET /cormun/servlet/vesolicitudot?2019,12829,,SolicitudOTAdjuntos HTTP/1.1" 200 7720
200.54.103.162 - - [06/Mar/2019:16:32:32 -0300] "GET /cormun/static/Resources/PXToolsTabFirstUnselected.png HTTP/1.1" 200 1264
200.54.103.162 - - [06/Mar/2019:16:32:32 -0300] "GET /cormun/static/Resources/PXToolsTabUnselectedSelected.png HTTP/1.1" 200 1444
200.54.103.162 - - [06/Mar/2019:16:32:33 -0300] "POST /cormun/servlet/acontrolpreferencessavestate?None,GSAAVEDRA,true HTTP/1.1" 200 35
192.168.10.89 - - [06/Mar/2019:16:32:33 -0300] "POST /cormun/servlet/trautorizarot?290fe084c9a3e2b854b68eebab782659,,gx-no-cache=1551907561112 HTTP/1.1" 200 6547
192.168.10.89 - - [06/Mar/2019:16:32:36 -0300] "POST /cormun/servlet/trautorizarot?290fe084c9a3e2b854b68eebab782659,,gx-no-cache=1551907563513 HTTP/1.1" 200 5361
200.54.103.162 - - [06/Mar/2019:16:32:36 -0300] "GET /cormun/servlet/solicitudotadjuntos?INS,2019,12829,,1, HTTP/1.1" 200 6386
200.54.103.162 - - [06/Mar/2019:16:32:37 -0300] "GET /cormun/static/about:blank HTTP/1.1" 404 1011
200.54.103.162 - - [06/Mar/2019:16:32:38 -0300] "GET /cormun/servlet/solicitudotadjuntos?INS,2019,12829,,1, HTTP/1.1" 200 6378
200.54.103.162 - - [06/Mar/2019:16:32:38 -0300] "GET /cormun/servlet/solicitudotadjuntos?be2de0920c101245a47622cb7b732969f22ef011982d73d49877bd2ba8e384ec1cd8eba12aa7833f8a0537d067e66d30,gx-no-cache=1551900543483 HTTP/1.1" 200 30
200.54.103.162 - - [06/Mar/2019:16:32:39 -0300] "POST /cormun/servlet/solicitudotadjuntos?6d8cc09e610d58fa7b5f48e0ac2cbdbc,INS,2019,12829,,1,,gx-no-cache=1551900543537 HTTP/1.1" 200 4083
200.54.103.162 - - [06/Mar/2019:16:32:56 -0300] "POST /cormun/servlet/solicitudotadjuntos?6d8cc09e610d58fa7b5f48e0ac2cbdbc,INS,2019,12829,,1,,gx-no-cache=1551900561252 HTTP/1.1" 200 90
200.54.103.162 - - [06/Mar/2019:16:32:56 -0300] "GET /cormun/servlet/hpexe_link HTTP/1.1" 200 990
200.54.103.162 - - [06/Mar/2019:16:32:57 -0300] "GET /cormun/servlet/vesolicitudot?2019,12829,,SolicitudOTAdjuntos HTTP/1.1" 200 7721
200.54.103.162 - - [06/Mar/2019:16:32:57 -0300] "GET /cormun/pexe_scrolldiv.js HTTP/1.1" 404 1009
200.54.103.162 - - [06/Mar/2019:16:32:57 -0300] "GET /cormun/pexe_scrolldiv.js HTTP/1.1" 404 1009
200.54.103.162 - - [06/Mar/2019:16:32:59 -0300] "GET /cormun/servlet/vesolicitudot?2019,12829,,SolicitudOTAdjuntos HTTP/1.1" 200 7720
200.54.103.162 - - [06/Mar/2019:16:33:00 -0300] "POST /cormun/servlet/acontrolpreferencessavestate?None,GSAAVEDRA,true HTTP/1.1" 200 35
200.54.103.162 - - [06/Mar/2019:16:33:09 -0300] "POST /cormun/servlet/vesolicitudot?6d8cc09e610d58fa7b5f48e0ac2cbdbc,2019,12829,,SolicitudOTAdjuntos,gx-no-cache=1551900573435 HTTP/1.1" 200 5538
200.54.103.162 - - [06/Mar/2019:16:33:09 -0300] "GET /cormun//static/Resources/PXToolsTabLastUnselected.png HTTP/1.1" 200 1291
200.54.103.162 - - [06/Mar/2019:16:33:17 -0300] "GET /cormun/servlet/solicitudotadjuntos?INS,2019,12829,,2, HTTP/1.1" 200 6385
200.54.103.162 - - [06/Mar/2019:16:33:18 -0300] "GET /cormun/static/about:blank HTTP/1.1" 404 1011
200.54.103.162 - - [06/Mar/2019:16:33:19 -0300] "GET /cormun/servlet/solicitudotadjuntos?INS,2019,12829,,2, HTTP/1.1" 200 6378
200.54.103.162 - - [06/Mar/2019:16:33:19 -0300] "GET /cormun/servlet/solicitudotadjuntos?be2de0920c101245a47622cb7b732969f22ef011982d73d49877bd2ba8e384ec1cd8eba12aa7833f8a0537d067e66d30,gx-no-cache=1551900584153 HTTP/1.1" 200 30
200.54.103.162 - - [06/Mar/2019:16:33:19 -0300] "POST /cormun/servlet/solicitudotadjuntos?6d8cc09e610d58fa7b5f48e0ac2cbdbc,INS,2019,12829,,2,,gx-no-cache=1551900584218 HTTP/1.1" 200 4294
200.54.103.162 - - [06/Mar/2019:16:33:24 -0300] "POST /cormun/servlet/solicitudotadjuntos?6d8cc09e610d58fa7b5f48e0ac2cbdbc,INS,2019,12829,,2,,gx-no-cache=1551900588662 HTTP/1.1" 200 90
200.54.103.162 - - [06/Mar/2019:16:33:24 -0300] "GET /cormun/servlet/hpexe_link HTTP/1.1" 200 990
200.54.103.162 - - [06/Mar/2019:16:33:24 -0300] "GET /cormun/servlet/vesolicitudot?2019,12829,,SolicitudOTAdjuntos HTTP/1.1" 200 7721
200.54.103.162 - - [06/Mar/2019:16:33:24 -0300] "GET /cormun/pexe_scrolldiv.js HTTP/1.1" 404 1009
200.54.103.162 - - [06/Mar/2019:16:33:25 -0300] "GET /cormun/pexe_scrolldiv.js HTTP/1.1" 404 1009
200.54.103.162 - - [06/Mar/2019:16:33:26 -0300] "GET /cormun/servlet/vesolicitudot?2019,12829,,SolicitudOTAdjuntos HTTP/1.1" 200 7720
200.54.103.162 - - [06/Mar/2019:16:33:27 -0300] "POST /cormun/servlet/acontrolpreferencessavestate?None,GSAAVEDRA,true HTTP/1.1" 200 35
200.54.103.162 - - [06/Mar/2019:16:33:28 -0300] "GET /cormun/servlet/solicitudotadjuntos?INS,2019,12829,,1, HTTP/1.1" 200 6386
200.54.103.162 - - [06/Mar/2019:16:33:28 -0300] "GET /cormun/static/about:blank HTTP/1.1" 404 1011
200.54.103.162 - - [06/Mar/2019:16:33:29 -0300] "GET /cormun/servlet/solicitudotadjuntos?INS,2019,12829,,1, HTTP/1.1" 200 6378
200.54.103.162 - - [06/Mar/2019:16:33:30 -0300] "GET /cormun/servlet/solicitudotadjuntos?be2de0920c101245a47622cb7b732969f22ef011982d73d49877bd2ba8e384ec1cd8eba12aa7833f8a0537d067e66d30,gx-no-cache=1551900594590 HTTP/1.1" 200 30
200.54.103.162 - - [06/Mar/2019:16:33:30 -0300] "POST /cormun/servlet/solicitudotadjuntos?6d8cc09e610d58fa7b5f48e0ac2cbdbc,INS,2019,12829,,1,,gx-no-cache=1551900594732 HTTP/1.1" 200 4083
200.54.103.162 - - [06/Mar/2019:16:33:32 -0300] "POST /cormun/servlet/solicitudotadjuntos?gx-no-cache=1551900596926 HTTP/1.1" 200 26
200.54.103.162 - - [06/Mar/2019:16:33:42 -0300] "POST /cormun/servlet/solicitudotadjuntos?6d8cc09e610d58fa7b5f48e0ac2cbdbc,INS,2019,12829,,1,,gx-no-cache=1551900606899 HTTP/1.1" 200 90
200.54.103.162 - - [06/Mar/2019:16:33:42 -0300] "GET /cormun/servlet/hpexe_link HTTP/1.1" 200 990
200.54.103.162 - - [06/Mar/2019:16:33:42 -0300] "GET /cormun/servlet/vesolicitudot?2019,12829,,SolicitudOTAdjuntos HTTP/1.1" 200 7721
200.54.103.162 - - [06/Mar/2019:16:33:42 -0300] "GET /cormun/pexe_scrolldiv.js HTTP/1.1" 404 1009
200.54.103.162 - - [06/Mar/2019:16:33:43 -0300] "GET /cormun/pexe_scrolldiv.js HTTP/1.1" 404 1009
200.54.103.162 - - [06/Mar/2019:16:33:44 -0300] "GET /cormun/servlet/vesolicitudot?2019,12829,,SolicitudOTAdjuntos HTTP/1.1" 200 7720
200.54.103.162 - - [06/Mar/2019:16:33:45 -0300] "POST /cormun/servlet/acontrolpreferencessavestate?None,GSAAVEDRA,true HTTP/1.1" 200 35
200.54.103.162 - - [06/Mar/2019:16:33:49 -0300] "GET /cormun/servlet/vesolicitudot?2019,12829,,General HTTP/1.1" 200 8686
200.54.103.162 - - [06/Mar/2019:16:33:49 -0300] "GET /cormun/pexe_scrolldiv.js HTTP/1.1" 404 1009
200.54.103.162 - - [06/Mar/2019:16:33:49 -0300] "GET /cormun/pexe_scrolldiv.js HTTP/1.1" 404 1009
200.54.103.162 - - [06/Mar/2019:16:33:51 -0300] "GET /cormun/servlet/vesolicitudot?2019,12829,,General HTTP/1.1" 200 8685
192.168.10.89 - - [06/Mar/2019:16:33:54 -0300] "POST /cormun/servlet/trautorizarot?290fe084c9a3e2b854b68eebab782659,,gx-no-cache=1551907641360 HTTP/1.1" 200 6852
192.168.10.89 - - [06/Mar/2019:16:33:58 -0300] "POST /cormun/servlet/trautorizarot?290fe084c9a3e2b854b68eebab782659,,gx-no-cache=1551907645800 HTTP/1.1" 200 5359
200.54.103.162 - - [06/Mar/2019:16:34:03 -0300] "GET /cormun/servlet/vesolicitudot?2019,12829,,SolicitudOTAdjuntos HTTP/1.1" 200 7719
200.54.103.162 - - [06/Mar/2019:16:34:03 -0300] "GET /cormun/pexe_scrolldiv.js HTTP/1.1" 404 1009
200.54.103.162 - - [06/Mar/2019:16:34:03 -0300] "GET /cormun/pexe_scrolldiv.js HTTP/1.1" 404 1009
200.54.103.162 - - [06/Mar/2019:16:34:04 -0300] "GET /cormun/servlet/vesolicitudot?2019,12829,,SolicitudOTAdjuntos HTTP/1.1" 200 7720
200.54.103.162 - - [06/Mar/2019:16:34:05 -0300] "POST /cormun/servlet/acontrolpreferencessavestate?None,GSAAVEDRA,true HTTP/1.1" 200 35
200.54.103.162 - - [06/Mar/2019:16:34:11 -0300] "POST /cormun/servlet/vesolicitudot?6d8cc09e610d58fa7b5f48e0ac2cbdbc,2019,12829,,SolicitudOTAdjuntos,gx-no-cache=1551900636080 HTTP/1.1" 200 90
200.54.103.162 - - [06/Mar/2019:16:34:11 -0300] "GET /cormun/servlet/hpexe_link HTTP/1.1" 200 981
200.54.103.162 - - [06/Mar/2019:16:34:12 -0300] "GET /cormun/servlet/trsolicitudot? HTTP/1.1" 200 8914
200.54.103.162 - - [06/Mar/2019:16:34:13 -0300] "GET /cormun/servlet/trsolicitudot? HTTP/1.1" 200 8913
192.168.10.89 - - [06/Mar/2019:16:34:13 -0300] "POST /cormun/servlet/trautorizarot?290fe084c9a3e2b854b68eebab782659,,gx-no-cache=1551907661040 HTTP/1.1" 200 7492
200.54.103.162 - - [06/Mar/2019:16:34:23 -0300] "GET /cormun/static/menuarrow.gif HTTP/1.1" 404 1015
192.168.10.89 - - [06/Mar/2019:16:34:30 -0300] "POST /cormun/servlet/trautorizarot?290fe084c9a3e2b854b68eebab782659,,gx-no-cache=1551907677513 HTTP/1.1" 200 7144
200.54.103.162 - - [06/Mar/2019:16:34:31 -0300] "POST /cormun/servlet/trsolicitudot?6d8cc09e610d58fa7b5f48e0ac2cbdbc,,gx-no-cache=1551900655866 HTTP/1.1" 200 4569
200.111.191.210 - - [06/Mar/2019:16:34:36 -0300] "GET /cormun/servlet/solicitudot?1481bbd571c5d4e619867bc329cce3b1902bece31bcc7477e5f5eeafc981119890968fd93865796c26e877a56825069f369ffc38e5284bee74ab8446d9e326be1761821c94d52ae9f2644ab84b5d4dc38799d02e88e3503bd977e38836fe5495eafa88cbcf7b70b8b71655fe4d858414,gx-no-cache=1551900735781 HTTP/1.1" 200 110
200.111.191.210 - - [06/Mar/2019:16:34:36 -0300] "POST /cormun/servlet/solicitudot?gx-no-cache=1551900735811 HTTP/1.1" 200 97
200.111.191.210 - - [06/Mar/2019:16:34:44 -0300] "GET /cormun/servlet/solicitudot?1481bbd571c5d4e619867bc329cce3b1bd8dced157a2a080a4354e1e1dfae7303362cb3379d986bd138545aa171edecb4075435704a58dd34665282807fb3cfc98ca4bf50914f2743ccd6601b857eb4f29c9feb73c813dc88db38e3b55964c70f45bba099f75be21a5c5c69a98e6e69ef44c0cd99c32d4d923fcf46be26f792c67bdd32d33f2f75187720d388714d83377f96bba5150f2317e6e8e8803f91cae,gx-no-cache=1551900743573 HTTP/1.1" 200 29
200.54.103.162 - - [06/Mar/2019:16:34:47 -0300] "POST /cormun/servlet/trsolicitudot?6d8cc09e610d58fa7b5f48e0ac2cbdbc,,gx-no-cache=1551900671579 HTTP/1.1" 200 4569
200.111.191.210 - - [06/Mar/2019:16:34:48 -0300] "GET /cormun/servlet/solicitudot?1481bbd571c5d4e619867bc329cce3b1bd8dced157a2a080a4354e1e1dfae7303362cb3379d986bd138545aa171edecba7e90333b1206799c1958b9ab0469ae698ca4bf50914f2743ccd6601b857eb4f29c9feb73c813dc88db38e3b55964c70f45bba099f75be21a5c5c69a98e6e69ef44c0cd99c32d4d923fcf46be26f792c67bdd32d33f2f75187720d388714d83377f96bba5150f2317e6e8e8803f91cae,gx-no-cache=1551900747356 HTTP/1.1" 200 29
200.54.103.162 - - [06/Mar/2019:16:34:49 -0300] "POST /cormun/servlet/trsolicitudot?6d8cc09e610d58fa7b5f48e0ac2cbdbc,,gx-no-cache=1551900674162 HTTP/1.1" 200 90
200.54.103.162 - - [06/Mar/2019:16:34:49 -0300] "GET /cormun/servlet/hpexe_link HTTP/1.1" 200 959
200.54.103.162 - - [06/Mar/2019:16:34:50 -0300] "GET /cormun/servlet/hhome HTTP/1.1" 200 4332
200.54.103.162 - - [06/Mar/2019:16:34:51 -0300] "GET /cormun/servlet/hhome HTTP/1.1" 200 4328
200.54.103.162 - - [06/Mar/2019:16:34:56 -0300] "GET /cormun/servlet/trsolicitudot? HTTP/1.1" 200 7563
200.54.103.162 - - [06/Mar/2019:16:34:58 -0300] "GET /cormun/servlet/trsolicitudot? HTTP/1.1" 200 7561
192.168.10.89 - - [06/Mar/2019:16:35:04 -0300] "POST /cormun/servlet/trautorizarot?290fe084c9a3e2b854b68eebab782659,,gx-no-cache=1551907712153 HTTP/1.1" 200 5366
200.54.103.162 - - [06/Mar/2019:16:35:05 -0300] "GET /cormun/static/menuarrow.gif HTTP/1.1" 404 1015
200.111.191.210 - - [06/Mar/2019:16:35:09 -0300] "GET /cormun/static/menuarrow.gif HTTP/1.1" 404 1015
200.111.191.210 - - [06/Mar/2019:16:35:12 -0300] "GET /cormun/servlet/solicitudot?1481bbd571c5d4e619867bc329cce3b1f479983df46b51b18a8e28d92c4827a5335f964d5d761ac7e574f1ecbec896dd,gx-no-cache=1551900771496 HTTP/1.1" 200 30
200.54.103.162 - - [06/Mar/2019:16:35:24 -0300] "POST /cormun/servlet/trsolicitudot?6d8cc09e610d58fa7b5f48e0ac2cbdbc,,gx-no-cache=1551900708507 HTTP/1.1" 200 5917
200.111.191.210 - - [06/Mar/2019:16:35:32 -0300] "POST /cormun/servlet/solicitudot?gx-no-cache=1551900791794 HTTP/1.1" 200 30
200.54.103.162 - - [06/Mar/2019:16:35:36 -0300] "POST /cormun/servlet/trsolicitudot?6d8cc09e610d58fa7b5f48e0ac2cbdbc,,gx-no-cache=1551900720861 HTTP/1.1" 200 106
200.54.103.162 - - [06/Mar/2019:16:35:36 -0300] "GET /cormun/servlet/trsolicitudadjuntos?2019,12829, HTTP/1.1" 200 6373
200.54.103.162 - - [06/Mar/2019:16:35:38 -0300] "GET /cormun/servlet/trsolicitudadjuntos?2019,12829, HTTP/1.1" 200 6373
200.54.103.162 - - [06/Mar/2019:16:35:43 -0300] "POST /cormun/servlet/trsolicitudadjuntos?6d8cc09e610d58fa7b5f48e0ac2cbdbc,2019,12829,,gx-no-cache=1551900728215 HTTP/1.1" 200 90
200.54.103.162 - - [06/Mar/2019:16:35:43 -0300] "GET /cormun/servlet/hpexe_link HTTP/1.1" 200 973
200.54.103.162 - - [06/Mar/2019:16:35:44 -0300] "GET /cormun/servlet/trsolicitudot? HTTP/1.1" 200 8915
200.54.103.162 - - [06/Mar/2019:16:35:45 -0300] "GET /cormun/servlet/trsolicitudot? HTTP/1.1" 200 8914
200.111.191.210 - - [06/Mar/2019:16:35:52 -0300] "POST /cormun/servlet/solicitudot?e708d696adaafed190de887706306365,INS,0,0,,gx-no-cache=1551900811400 HTTP/1.1" 200 93
200.111.191.210 - - [06/Mar/2019:16:35:52 -0300] "GET /cormun/servlet/hpexe_return? HTTP/1.1" 200 1009
200.111.191.210 - - [06/Mar/2019:16:35:52 -0300] "GET /cormun/servlet/hhome HTTP/1.1" 200 4035
200.111.191.210 - - [06/Mar/2019:16:35:53 -0300] "GET /cormun/servlet/hhome HTTP/1.1" 200 4029
200.54.103.162 - - [06/Mar/2019:16:35:54 -0300] "GET /cormun/servlet/vesolicitudot?2019,12829,, HTTP/1.1" 200 8680
200.54.103.162 - - [06/Mar/2019:16:35:54 -0300] "GET /cormun/pexe_scrolldiv.js HTTP/1.1" 404 1009
200.54.103.162 - - [06/Mar/2019:16:35:55 -0300] "GET /cormun/pexe_scrolldiv.js HTTP/1.1" 404 1009
200.54.103.162 - - [06/Mar/2019:16:35:56 -0300] "GET /cormun/servlet/vesolicitudot?2019,12829,, HTTP/1.1" 200 8680
200.111.191.210 - - [06/Mar/2019:16:35:58 -0300] "GET /cormun/servlet/trsolicitudot? HTTP/1.1" 200 9807
200.111.191.210 - - [06/Mar/2019:16:35:58 -0300] "GET /cormun/servlet/trsolicitudot? HTTP/1.1" 200 9804
200.54.103.162 - - [06/Mar/2019:16:35:58 -0300] "GET /cormun/servlet/vesolicitudot?2019,12829,,SolicitudOTAdjuntos HTTP/1.1" 200 7719
200.54.103.162 - - [06/Mar/2019:16:35:58 -0300] "GET /cormun/pexe_scrolldiv.js HTTP/1.1" 404 1009
200.54.103.162 - - [06/Mar/2019:16:35:58 -0300] "GET /cormun/pexe_scrolldiv.js HTTP/1.1" 404 1009
200.54.103.162 - - [06/Mar/2019:16:36:00 -0300] "GET /cormun/servlet/vesolicitudot?2019,12829,,SolicitudOTAdjuntos HTTP/1.1" 200 7720
200.54.103.162 - - [06/Mar/2019:16:36:01 -0300] "POST /cormun/servlet/acontrolpreferencessavestate?None,GSAAVEDRA,true HTTP/1.1" 200 35
200.111.191.210 - - [06/Mar/2019:16:36:01 -0300] "POST /cormun/servlet/trsolicitudot?e708d696adaafed190de887706306365,,gx-no-cache=1551900820650 HTTP/1.1" 200 6519
200.111.191.210 - - [06/Mar/2019:16:36:01 -0300] "GET /cormun/static/Shared/jqueryui/images/ui-bg_highlight-soft_100_c6c2c8_1x100.png HTTP/1.1" 404 1117
200.111.191.210 - - [06/Mar/2019:16:36:01 -0300] "GET /cormun/static/Shared/jqueryui/images/ui-icons_82798d_256x240.png HTTP/1.1" 404 1089
200.111.191.210 - - [06/Mar/2019:16:36:01 -0300] "GET /cormun/static/Shared/jqueryui/images/ui-icons_8d78a5_256x240.png HTTP/1.1" 404 1089
200.111.191.210 - - [06/Mar/2019:16:36:01 -0300] "GET /cormun/static/Shared/jqueryui/images/ui-bg_flat_55_fafafa_40x100.png HTTP/1.1" 404 1097
200.111.191.210 - - [06/Mar/2019:16:36:01 -0300] "POST /cormun/servlet/trsolicitudot?e708d696adaafed190de887706306365,,gx-no-cache=1551900820834 HTTP/1.1" 200 6460
200.54.103.162 - - [06/Mar/2019:16:36:03 -0300] "GET /cormun/servlet/vesolicitudot?2019,12829,,SolicitudOTLog HTTP/1.1" 200 9367
200.54.103.162 - - [06/Mar/2019:16:36:03 -0300] "GET /cormun/pexe_scrolldiv.js HTTP/1.1" 404 1009
200.54.103.162 - - [06/Mar/2019:16:36:03 -0300] "GET /cormun/static/Resources/PXToolsTabLastSelected.png HTTP/1.1" 200 1262
200.54.103.162 - - [06/Mar/2019:16:36:04 -0300] "GET /cormun/static/tbsolicitudot03.js?20177611592012 HTTP/1.1" 200 13332
200.54.103.162 - - [06/Mar/2019:16:36:04 -0300] "GET /cormun/pexe_scrolldiv.js HTTP/1.1" 404 1009
200.54.103.162 - - [06/Mar/2019:16:36:05 -0300] "GET /cormun/servlet/vesolicitudot?2019,12829,,SolicitudOTLog HTTP/1.1" 200 9367
200.54.103.162 - - [06/Mar/2019:16:36:06 -0300] "POST /cormun/servlet/acontrolpreferencessavestate?None,GSAAVEDRA,true HTTP/1.1" 200 35
200.54.103.162 - - [06/Mar/2019:16:36:09 -0300] "GET /cormun/servlet/vesolicitudot?2019,12829,,SolicitudOTAdjuntos HTTP/1.1" 200 7719
200.54.103.162 - - [06/Mar/2019:16:36:10 -0300] "GET /cormun/pexe_scrolldiv.js HTTP/1.1" 404 1009
200.54.103.162 - - [06/Mar/2019:16:36:10 -0300] "GET /cormun/pexe_scrolldiv.js HTTP/1.1" 404 1009
200.111.191.210 - - [06/Mar/2019:16:36:10 -0300] "GET /cormun/servlet/solicitudot?INS,0,0, HTTP/1.1" 200 14848
200.111.191.210 - - [06/Mar/2019:16:36:11 -0300] "GET /cormun/servlet/solicitudot?INS,0,0, HTTP/1.1" 200 14853
200.54.103.162 - - [06/Mar/2019:16:36:11 -0300] "GET /cormun/servlet/vesolicitudot?2019,12829,,SolicitudOTAdjuntos HTTP/1.1" 200 7720
200.54.103.162 - - [06/Mar/2019:16:36:12 -0300] "POST /cormun/servlet/acontrolpreferencessavestate?None,GSAAVEDRA,true HTTP/1.1" 200 35
200.111.191.210 - - [06/Mar/2019:16:36:16 -0300] "POST /cormun/servlet/solicitudot?gx-no-cache=1551900835005 HTTP/1.1" 200 3435
200.111.191.210 - - [06/Mar/2019:16:36:16 -0300] "POST /cormun/servlet/solicitudot?e708d696adaafed190de887706306365,INS,0,0,,gx-no-cache=1551900835126 HTTP/1.1" 200 11583
200.111.191.210 - - [06/Mar/2019:16:36:17 -0300] "GET /cormun/servlet/solicitudot?1481bbd571c5d4e619867bc329cce3b104083468cee5a1a00363e96d47f81934c2d76208116e0b5f053d328f93617b18,gx-no-cache=1551900836088 HTTP/1.1" 200 30
192.168.10.89 - - [06/Mar/2019:16:36:30 -0300] "POST /cormun/servlet/trautorizarot?290fe084c9a3e2b854b68eebab782659,,gx-no-cache=1551907797777 HTTP/1.1" 200 6870
192.168.10.89 - - [06/Mar/2019:16:36:36 -0300] "POST /cormun/servlet/trautorizarot?290fe084c9a3e2b854b68eebab782659,,gx-no-cache=1551907803833 HTTP/1.1" 200 5353
192.168.10.89 - - [06/Mar/2019:16:36:55 -0300] "POST /cormun/servlet/trautorizarot?290fe084c9a3e2b854b68eebab782659,,gx-no-cache=1551907823169 HTTP/1.1" 200 6882
200.111.191.210 - - [06/Mar/2019:16:36:57 -0300] "GET /cormun/servlet/solicitudot?1481bbd571c5d4e619867bc329cce3b1f78c99b011be766f710be9965dd7c2584352d551a096a7d0f74aed657edddc0ec118cd193223733546448c58883f8971,gx-no-cache=1551900876224 HTTP/1.1" 200 30
200.111.191.210 - - [06/Mar/2019:16:36:58 -0300] "GET /cormun/servlet/prbanco?,MD,,gxPopupLevel%3D0%3B HTTP/1.1" 200 6607
192.168.10.89 - - [06/Mar/2019:16:37:02 -0300] "POST /cormun/servlet/trautorizarot?290fe084c9a3e2b854b68eebab782659,,gx-no-cache=1551907829522 HTTP/1.1" 200 5367
200.111.191.210 - - [06/Mar/2019:16:37:08 -0300] "GET /cormun/servlet/solicitudot?1481bbd571c5d4e619867bc329cce3b11f209139da894113d2fc2d3576407489,gx-no-cache=1551900887404 HTTP/1.1" 200 51
200.111.191.210 - - [06/Mar/2019:16:37:23 -0300] "POST /cormun/servlet/solicitudot?gx-no-cache=1551900902164 HTTP/1.1" 200 255
200.111.191.210 - - [06/Mar/2019:16:37:25 -0300] "GET /cormun/servlet/solicitudot?1481bbd571c5d4e619867bc329cce3b12aabb6bf685f120f7809dabdb210ade30c6e6a008fa5b574fab52c8d2fc68224d9fe9bc9a5e359725617759799d62f39436e6f59ab0d0e912f57747f11efc49c99a41351ba33dcaa3e226212275f121535d2d0a4480830e69aee95d01f12b39464121cc004e036cb101d0b3beed6325031b764e1096f881b059bb3afa2b33fce54acaa98f094af6f69de59ac2ae38eb22438f51f9638cad8e307cdba6567edcf044a0ace015104b0d6dd7b5190052092dc7d6cbcc8d2a112dd8919d731e4a4caa47da16727593de17899b93c5540929185823a60a58c756e119232b5c22781550d4a99b9ea4a3b57f405bb67f60f36f45fd6eab01ddf1f1a443f48c54551170a9d3989a14c8a7ca3b15759f84ff2bf9b95dc273f7286ab1280a5f6382502f675a5d77989558f1c9a3412b802118185bf24478f7ddccee9d278d294307661eaa91502680bd08958a142ffe8a58298d99fdf2820fe9ef0c3c9feb73523161aff564c1c5411ab57a5d78cda72bc87281378,gx-no-cache=1551900904413 HTTP/1.1" 200 30
200.111.191.210 - - [06/Mar/2019:16:37:27 -0300] "POST /cormun/servlet/solicitudot?gx-no-cache=1551900906484 HTTP/1.1" 200 30
200.111.191.210 - - [06/Mar/2019:16:37:28 -0300] "POST /cormun/servlet/solicitudot?gx-no-cache=1551900907516 HTTP/1.1" 200 1277
200.111.191.210 - - [06/Mar/2019:16:37:28 -0300] "POST /cormun/servlet/solicitudot?gx-no-cache=1551900907546 HTTP/1.1" 200 38
200.111.191.210 - - [06/Mar/2019:16:38:00 -0300] "GET /cormun/servlet/solicitudot?1481bbd571c5d4e619867bc329cce3b1902bece31bcc7477e5f5eeafc981119890968fd93865796c26e877a56825069f369ffc38e5284bee74ab8446d9e326be1761821c94d52ae9f2644ab84b5d4dc38799d02e88e3503bd977e38836fe5495eafa88cbcf7b70b8b71655fe4d858414,gx-no-cache=1551900939522 HTTP/1.1" 200 110
200.111.191.210 - - [06/Mar/2019:16:38:07 -0300] "POST /cormun/servlet/solicitudot?gx-no-cache=1551900946569 HTTP/1.1" 200 79
200.111.191.210 - - [06/Mar/2019:16:38:07 -0300] "POST /cormun/servlet/solicitudot?gx-no-cache=1551900946709 HTTP/1.1" 200 59
200.111.191.210 - - [06/Mar/2019:16:38:08 -0300] "POST /cormun/servlet/solicitudot?gx-no-cache=1551900947585 HTTP/1.1" 200 64
200.111.191.210 - - [06/Mar/2019:16:38:08 -0300] "POST /cormun/servlet/solicitudot?gx-no-cache=1551900947896 HTTP/1.1" 200 64
200.111.191.210 - - [06/Mar/2019:16:38:09 -0300] "POST /cormun/servlet/solicitudot?gx-no-cache=1551900948337 HTTP/1.1" 200 64
200.111.191.210 - - [06/Mar/2019:16:38:31 -0300] "POST /cormun/servlet/solicitudot?gx-no-cache=1551900970605 HTTP/1.1" 200 97
200.111.191.210 - - [06/Mar/2019:16:38:42 -0300] "GET /cormun/servlet/solicitudot?1481bbd571c5d4e619867bc329cce3b1bd8dced157a2a080a4354e1e1dfae7303362cb3379d986bd138545aa171edecb4075435704a58dd34665282807fb3cfc3e50068864277edaa307167532848f58f6c4d85798938dc9bd7027a4233e5073f943fdc4e00179fc79e4b869d2317d7f,gx-no-cache=1551900981356 HTTP/1.1" 200 29
200.111.191.210 - - [06/Mar/2019:16:38:48 -0300] "GET /cormun/static/menuarrow.gif HTTP/1.1" 404 1015
200.111.191.210 - - [06/Mar/2019:16:38:52 -0300] "GET /cormun/servlet/solicitudot?1481bbd571c5d4e619867bc329cce3b1f479983df46b51b18a8e28d92c4827a5335f964d5d761ac7e574f1ecbec896dd,gx-no-cache=1551900991531 HTTP/1.1" 200 30
192.168.10.89 - - [06/Mar/2019:16:38:53 -0300] "POST /cormun/servlet/trautorizarot?290fe084c9a3e2b854b68eebab782659,,gx-no-cache=1551907940890 HTTP/1.1" 200 7126
200.111.191.210 - - [06/Mar/2019:16:39:00 -0300] "POST /cormun/servlet/solicitudot?gx-no-cache=1551900999133 HTTP/1.1" 200 30
200.111.191.210 - - [06/Mar/2019:16:39:07 -0300] "POST /cormun/servlet/solicitudot?e708d696adaafed190de887706306365,INS,0,0,,gx-no-cache=1551901005858 HTTP/1.1" 200 93
200.111.191.210 - - [06/Mar/2019:16:39:07 -0300] "GET /cormun/servlet/hpexe_return? HTTP/1.1" 200 1009
200.111.191.210 - - [06/Mar/2019:16:39:07 -0300] "GET /cormun/servlet/trsolicitudot? HTTP/1.1" 200 9793
200.111.191.210 - - [06/Mar/2019:16:39:07 -0300] "GET /cormun/servlet/trsolicitudot? HTTP/1.1" 200 9788
200.111.191.210 - - [06/Mar/2019:16:39:10 -0300] "POST /cormun/servlet/trsolicitudot?e708d696adaafed190de887706306365,,gx-no-cache=1551901009837 HTTP/1.1" 200 7159
200.111.191.210 - - [06/Mar/2019:16:39:10 -0300] "GET /cormun/static/Shared/jqueryui/images/ui-bg_highlight-soft_100_c6c2c8_1x100.png HTTP/1.1" 404 1117
200.111.191.210 - - [06/Mar/2019:16:39:10 -0300] "GET /cormun/static/Shared/jqueryui/images/ui-icons_82798d_256x240.png HTTP/1.1" 404 1089
200.111.191.210 - - [06/Mar/2019:16:39:11 -0300] "GET /cormun/static/Shared/jqueryui/images/ui-icons_8d78a5_256x240.png HTTP/1.1" 404 1089
200.111.191.210 - - [06/Mar/2019:16:39:11 -0300] "GET /cormun/static/Shared/jqueryui/images/ui-bg_flat_55_fafafa_40x100.png HTTP/1.1" 404 1097
200.111.191.210 - - [06/Mar/2019:16:39:14 -0300] "POST /cormun/servlet/trsolicitudot?e708d696adaafed190de887706306365,,gx-no-cache=1551901013210 HTTP/1.1" 200 107
200.111.191.210 - - [06/Mar/2019:16:39:14 -0300] "GET /cormun/servlet/trsolicitudadjuntos?2019,14544, HTTP/1.1" 200 6136
200.111.191.210 - - [06/Mar/2019:16:39:14 -0300] "GET /cormun/servlet/trsolicitudadjuntos?2019,14544, HTTP/1.1" 200 6136
200.111.191.210 - - [06/Mar/2019:16:39:16 -0300] "GET /cormun/servlet/solicitudotadjuntos?INS,2019,14544,,1, HTTP/1.1" 200 6082
200.111.191.210 - - [06/Mar/2019:16:39:16 -0300] "GET /cormun/static/about:blank HTTP/1.1" 404 1011
200.111.191.210 - - [06/Mar/2019:16:39:16 -0300] "GET /cormun/servlet/solicitudotadjuntos?INS,2019,14544,,1, HTTP/1.1" 200 6075
200.111.191.210 - - [06/Mar/2019:16:39:16 -0300] "GET /cormun/servlet/solicitudotadjuntos?1481bbd571c5d4e619867bc329cce3b1307171f78c855f579aa5902e0a9332d8f7cfe8e432c1789b2e34aa5fa2e5a738,gx-no-cache=1551901015737 HTTP/1.1" 200 30
200.111.191.210 - - [06/Mar/2019:16:39:16 -0300] "POST /cormun/servlet/solicitudotadjuntos?e708d696adaafed190de887706306365,INS,2019,14544,,1,,gx-no-cache=1551901015749 HTTP/1.1" 200 3884
200.111.191.210 - - [06/Mar/2019:16:39:18 -0300] "POST /cormun/servlet/solicitudotadjuntos?gx-no-cache=1551901017773 HTTP/1.1" 200 26
200.111.191.210 - - [06/Mar/2019:16:39:25 -0300] "GET /cormun/servlet/solicitudotadjuntos?1481bbd571c5d4e619867bc329cce3b1ebc1bb9cca2eae2fb5b1e2f0f72ea805,gx-no-cache=1551901024696 HTTP/1.1" 200 30
200.111.191.210 - - [06/Mar/2019:16:39:25 -0300] "GET /cormun/servlet/solicitudotadjuntos?1481bbd571c5d4e619867bc329cce3b1ebc1bb9cca2eae2fb5b1e2f0f72ea805,gx-no-cache=1551901024704 HTTP/1.1" 200 30
200.111.191.210 - - [06/Mar/2019:16:39:26 -0300] "POST /cormun/servlet/solicitudotadjuntos?e708d696adaafed190de887706306365,INS,2019,14544,,1, HTTP/1.1" 200 116
200.111.191.210 - - [06/Mar/2019:16:39:26 -0300] "GET /cormun/servlet/hpexe_return? HTTP/1.1" 200 1029
200.111.191.210 - - [06/Mar/2019:16:39:26 -0300] "GET /cormun/servlet/trsolicitudadjuntos?2019,14544, HTTP/1.1" 200 8688
200.111.191.210 - - [06/Mar/2019:16:39:26 -0300] "GET /cormun/servlet/trsolicitudadjuntos?2019,14544, HTTP/1.1" 200 8683
192.168.10.89 - - [06/Mar/2019:16:39:27 -0300] "POST /cormun/servlet/trautorizarot?290fe084c9a3e2b854b68eebab782659,,gx-no-cache=1551907974434 HTTP/1.1" 200 5351
200.111.191.210 - - [06/Mar/2019:16:39:28 -0300] "GET /cormun/servlet/solicitudotadjuntos?INS,2019,14544,,1, HTTP/1.1" 200 6082
200.111.191.210 - - [06/Mar/2019:16:39:28 -0300] "GET /cormun/static/about:blank HTTP/1.1" 404 1011
200.111.191.210 - - [06/Mar/2019:16:39:28 -0300] "GET /cormun/servlet/solicitudotadjuntos?INS,2019,14544,,1, HTTP/1.1" 200 6075
200.111.191.210 - - [06/Mar/2019:16:39:29 -0300] "GET /cormun/servlet/solicitudotadjuntos?1481bbd571c5d4e619867bc329cce3b1307171f78c855f579aa5902e0a9332d8f7cfe8e432c1789b2e34aa5fa2e5a738,gx-no-cache=1551901028134 HTTP/1.1" 200 30
200.111.191.210 - - [06/Mar/2019:16:39:29 -0300] "POST /cormun/servlet/solicitudotadjuntos?e708d696adaafed190de887706306365,INS,2019,14544,,1,,gx-no-cache=1551901028145 HTTP/1.1" 200 3884
200.111.191.210 - - [06/Mar/2019:16:39:30 -0300] "POST /cormun/servlet/solicitudotadjuntos?gx-no-cache=1551901029656 HTTP/1.1" 200 26
192.168.10.89 - - [06/Mar/2019:16:39:36 -0300] "POST /cormun/servlet/trautorizarot?290fe084c9a3e2b854b68eebab782659,,gx-no-cache=1551907983402 HTTP/1.1" 200 6550
200.111.191.210 - - [06/Mar/2019:16:39:36 -0300] "GET /cormun/servlet/solicitudotadjuntos?1481bbd571c5d4e619867bc329cce3b1ebc1bb9cca2eae2fb5b1e2f0f72ea805,gx-no-cache=1551901035768 HTTP/1.1" 200 30
200.111.191.210 - - [06/Mar/2019:16:39:36 -0300] "GET /cormun/servlet/solicitudotadjuntos?1481bbd571c5d4e619867bc329cce3b1ebc1bb9cca2eae2fb5b1e2f0f72ea805,gx-no-cache=1551901035776 HTTP/1.1" 200 30
200.111.191.210 - - [06/Mar/2019:16:39:37 -0300] "POST /cormun/servlet/solicitudotadjuntos?e708d696adaafed190de887706306365,INS,2019,14544,,1, HTTP/1.1" 200 116
200.111.191.210 - - [06/Mar/2019:16:39:37 -0300] "GET /cormun/servlet/hpexe_return? HTTP/1.1" 200 1029
200.111.191.210 - - [06/Mar/2019:16:39:37 -0300] "GET /cormun/servlet/trsolicitudadjuntos?2019,14544, HTTP/1.1" 200 8904
200.111.191.210 - - [06/Mar/2019:16:39:37 -0300] "GET /cormun/servlet/trsolicitudadjuntos?2019,14544, HTTP/1.1" 200 8901
200.111.191.210 - - [06/Mar/2019:16:39:39 -0300] "GET /cormun/servlet/solicitudotadjuntos?INS,2019,14544,,1, HTTP/1.1" 200 6081
200.111.191.210 - - [06/Mar/2019:16:39:39 -0300] "GET /cormun/static/about:blank HTTP/1.1" 404 1011
200.111.191.210 - - [06/Mar/2019:16:39:40 -0300] "GET /cormun/servlet/solicitudotadjuntos?INS,2019,14544,,1, HTTP/1.1" 200 6075
200.111.191.210 - - [06/Mar/2019:16:39:40 -0300] "GET /cormun/servlet/solicitudotadjuntos?1481bbd571c5d4e619867bc329cce3b1307171f78c855f579aa5902e0a9332d8f7cfe8e432c1789b2e34aa5fa2e5a738,gx-no-cache=1551901039479 HTTP/1.1" 200 30
200.111.191.210 - - [06/Mar/2019:16:39:40 -0300] "POST /cormun/servlet/solicitudotadjuntos?e708d696adaafed190de887706306365,INS,2019,14544,,1,,gx-no-cache=1551901039492 HTTP/1.1" 200 3884
200.111.191.210 - - [06/Mar/2019:16:39:42 -0300] "POST /cormun/servlet/solicitudotadjuntos?gx-no-cache=1551901041191 HTTP/1.1" 200 26
200.111.191.210 - - [06/Mar/2019:16:39:46 -0300] "GET /cormun/servlet/solicitudotadjuntos?1481bbd571c5d4e619867bc329cce3b1ebc1bb9cca2eae2fb5b1e2f0f72ea805,gx-no-cache=1551901045620 HTTP/1.1" 200 30
200.111.191.210 - - [06/Mar/2019:16:39:46 -0300] "GET /cormun/servlet/solicitudotadjuntos?1481bbd571c5d4e619867bc329cce3b1ebc1bb9cca2eae2fb5b1e2f0f72ea805,gx-no-cache=1551901045628 HTTP/1.1" 200 30
200.111.191.210 - - [06/Mar/2019:16:39:47 -0300] "POST /cormun/servlet/solicitudotadjuntos?e708d696adaafed190de887706306365,INS,2019,14544,,1, HTTP/1.1" 200 116
200.111.191.210 - - [06/Mar/2019:16:39:47 -0300] "GET /cormun/servlet/hpexe_return? HTTP/1.1" 200 1029
200.111.191.210 - - [06/Mar/2019:16:39:47 -0300] "GET /cormun/servlet/trsolicitudadjuntos?2019,14544, HTTP/1.1" 200 9080
200.111.191.210 - - [06/Mar/2019:16:39:47 -0300] "GET /cormun/servlet/trsolicitudadjuntos?2019,14544, HTTP/1.1" 200 9078
200.111.191.210 - - [06/Mar/2019:16:39:49 -0300] "GET /cormun/servlet/solicitudotadjuntos?INS,2019,14544,,1, HTTP/1.1" 200 6081
200.111.191.210 - - [06/Mar/2019:16:39:49 -0300] "GET /cormun/static/about:blank HTTP/1.1" 404 1011
200.111.191.210 - - [06/Mar/2019:16:39:50 -0300] "GET /cormun/servlet/solicitudotadjuntos?INS,2019,14544,,1, HTTP/1.1" 200 6075
200.111.191.210 - - [06/Mar/2019:16:39:50 -0300] "GET /cormun/servlet/solicitudotadjuntos?1481bbd571c5d4e619867bc329cce3b1307171f78c855f579aa5902e0a9332d8f7cfe8e432c1789b2e34aa5fa2e5a738,gx-no-cache=1551901049565 HTTP/1.1" 200 30
200.111.191.210 - - [06/Mar/2019:16:39:50 -0300] "POST /cormun/servlet/solicitudotadjuntos?e708d696adaafed190de887706306365,INS,2019,14544,,1,,gx-no-cache=1551901049577 HTTP/1.1" 200 3884
192.168.10.89 - - [06/Mar/2019:16:39:52 -0300] "POST /cormun/servlet/trautorizarot?290fe084c9a3e2b854b68eebab782659,,gx-no-cache=1551907999616 HTTP/1.1" 200 6550
200.111.191.210 - - [06/Mar/2019:16:39:52 -0300] "POST /cormun/servlet/solicitudotadjuntos?gx-no-cache=1551901051515 HTTP/1.1" 200 26
200.111.191.210 - - [06/Mar/2019:16:39:56 -0300] "GET /cormun/servlet/solicitudotadjuntos?1481bbd571c5d4e619867bc329cce3b1ebc1bb9cca2eae2fb5b1e2f0f72ea805,gx-no-cache=1551901055732 HTTP/1.1" 200 30
200.111.191.210 - - [06/Mar/2019:16:39:56 -0300] "GET /cormun/servlet/solicitudotadjuntos?1481bbd571c5d4e619867bc329cce3b1ebc1bb9cca2eae2fb5b1e2f0f72ea805,gx-no-cache=1551901055741 HTTP/1.1" 200 30
200.111.191.210 - - [06/Mar/2019:16:39:57 -0300] "POST /cormun/servlet/solicitudotadjuntos?e708d696adaafed190de887706306365,INS,2019,14544,,1, HTTP/1.1" 200 116
200.111.191.210 - - [06/Mar/2019:16:39:57 -0300] "GET /cormun/servlet/hpexe_return? HTTP/1.1" 200 1029
200.111.191.210 - - [06/Mar/2019:16:39:58 -0300] "GET /cormun/servlet/trsolicitudadjuntos?2019,14544, HTTP/1.1" 200 9275
200.111.191.210 - - [06/Mar/2019:16:39:58 -0300] "GET /cormun/servlet/trsolicitudadjuntos?2019,14544, HTTP/1.1" 200 9272
200.111.191.210 - - [06/Mar/2019:16:40:00 -0300] "GET /cormun/servlet/solicitudotadjuntos?INS,2019,14544,,1, HTTP/1.1" 200 6081
200.111.191.210 - - [06/Mar/2019:16:40:00 -0300] "GET /cormun/static/about:blank HTTP/1.1" 404 1011
200.111.191.210 - - [06/Mar/2019:16:40:00 -0300] "GET /cormun/servlet/solicitudotadjuntos?INS,2019,14544,,1, HTTP/1.1" 200 6075
200.111.191.210 - - [06/Mar/2019:16:40:00 -0300] "GET /cormun/servlet/solicitudotadjuntos?1481bbd571c5d4e619867bc329cce3b1307171f78c855f579aa5902e0a9332d8f7cfe8e432c1789b2e34aa5fa2e5a738,gx-no-cache=1551901059829 HTTP/1.1" 200 30
200.111.191.210 - - [06/Mar/2019:16:40:00 -0300] "POST /cormun/servlet/solicitudotadjuntos?e708d696adaafed190de887706306365,INS,2019,14544,,1,,gx-no-cache=1551901059842 HTTP/1.1" 200 3884
192.168.10.89 - - [06/Mar/2019:16:40:01 -0300] "POST /cormun/servlet/trautorizarot?290fe084c9a3e2b854b68eebab782659,,gx-no-cache=1551908008587 HTTP/1.1" 200 7143
200.111.191.210 - - [06/Mar/2019:16:40:02 -0300] "POST /cormun/servlet/solicitudotadjuntos?gx-no-cache=1551901061763 HTTP/1.1" 200 26
200.111.191.210 - - [06/Mar/2019:16:40:07 -0300] "GET /cormun/servlet/solicitudotadjuntos?1481bbd571c5d4e619867bc329cce3b1ebc1bb9cca2eae2fb5b1e2f0f72ea805,gx-no-cache=1551901066967 HTTP/1.1" 200 30
200.111.191.210 - - [06/Mar/2019:16:40:07 -0300] "GET /cormun/servlet/solicitudotadjuntos?1481bbd571c5d4e619867bc329cce3b1ebc1bb9cca2eae2fb5b1e2f0f72ea805,gx-no-cache=1551901066983 HTTP/1.1" 200 30
200.111.191.210 - - [06/Mar/2019:16:40:09 -0300] "POST /cormun/servlet/solicitudotadjuntos?e708d696adaafed190de887706306365,INS,2019,14544,,1, HTTP/1.1" 200 116
200.111.191.210 - - [06/Mar/2019:16:40:09 -0300] "GET /cormun/servlet/hpexe_return? HTTP/1.1" 200 1029
