200.54.103.162 - - [06/Mar/2019:13:26:57 -0300] "GET /cormun/servlet/licenciaspermisos?5cef05cd40d919c77e24e770f081bfc4f150688c8ac4a3efa69080df342b136c61808ebab3e92170bddfb21f5d2c7a1755731b8348f8b4b03255f4a41860bde7ebf00c2361b6523ecd82f6b87ab5abb75cee711c8a85a0efb0013bd92b4a65dbcf002190fb54a1ab5b96b3e0bc6e73564954fdeaf1df07f34a297c30e1f302397ef99c5248e135de0cb20bd46da595bd96e945e183ca70ba3ff2612f967c51b1460be7923b59cc3aab5204c5a63d76d553ef23e1f923ed8805168478666c49b536858216fc72b4a94821dc4da972f52d65f59eafa145e28db4935a455388241f,gx-no-cache=1551889402280 HTTP/1.1" 200 29
200.54.103.162 - - [06/Mar/2019:13:26:58 -0300] "POST /cormun/servlet/licenciaspermisos?9dfe09d7c7f203a5c405b94d944dfef0,INS,0,,,,gx-no-cache=1551889402331 HTTP/1.1" 200 93
200.54.103.162 - - [06/Mar/2019:13:26:58 -0300] "GET /cormun/servlet/hpexe_return? HTTP/1.1" 200 1011
200.54.103.162 - - [06/Mar/2019:13:26:58 -0300] "GET /cormun/servlet/trlicencias HTTP/1.1" 200 9917
200.54.103.162 - - [06/Mar/2019:13:27:00 -0300] "GET /cormun/servlet/trlicencias HTTP/1.1" 200 9912
200.54.103.162 - - [06/Mar/2019:13:27:05 -0300] "GET /cormun/servlet/trlicenciaspermisosadjuntos?13273625,20190306000000,L, HTTP/1.1" 200 6674
200.54.103.162 - - [06/Mar/2019:13:27:05 -0300] "GET /cormun/static/gxcfg.js?20177612163414 HTTP/1.1" 200 953
200.54.103.162 - - [06/Mar/2019:13:27:05 -0300] "GET /cormun/static/trlicenciaspermisosadjuntos.js?20177612163719 HTTP/1.1" 200 21036
200.54.103.162 - - [06/Mar/2019:13:27:06 -0300] "GET /cormun/servlet/trlicenciaspermisosadjuntos?13273625,20190306000000,L, HTTP/1.1" 200 6674
200.54.103.162 - - [06/Mar/2019:13:27:08 -0300] "GET /cormun/servlet/licenciaspermisosadjuntos?INS,13273625,L,20190306000000,, HTTP/1.1" 200 5972
200.54.103.162 - - [06/Mar/2019:13:27:08 -0300] "GET /cormun/static/gxcfg.js?2017761263592 HTTP/1.1" 200 953
200.54.103.162 - - [06/Mar/2019:13:27:08 -0300] "GET /cormun/static/licenciaspermisosadjuntos.js?201776126362 HTTP/1.1" 200 8760
200.54.103.162 - - [06/Mar/2019:13:27:09 -0300] "GET /cormun/static/about:blank HTTP/1.1" 404 1011
200.54.103.162 - - [06/Mar/2019:13:27:10 -0300] "GET /cormun/servlet/licenciaspermisosadjuntos?INS,13273625,L,20190306000000,, HTTP/1.1" 200 5961
200.54.103.162 - - [06/Mar/2019:13:27:20 -0300] "POST /cormun/servlet/licenciaspermisosadjuntos?9dfe09d7c7f203a5c405b94d944dfef0,INS,13273625,L,20190306000000,, HTTP/1.1" 200 116
200.54.103.162 - - [06/Mar/2019:13:27:20 -0300] "GET /cormun/servlet/hpexe_return? HTTP/1.1" 200 1042
200.54.103.162 - - [06/Mar/2019:13:27:21 -0300] "GET /cormun/servlet/trlicenciaspermisosadjuntos?13273625,20190306000000,L, HTTP/1.1" 200 7185
200.54.103.162 - - [06/Mar/2019:13:27:22 -0300] "GET /cormun/servlet/trlicenciaspermisosadjuntos?13273625,20190306000000,L, HTTP/1.1" 200 7180
200.54.103.162 - - [06/Mar/2019:13:27:25 -0300] "POST /cormun/servlet/trlicenciaspermisosadjuntos?9dfe09d7c7f203a5c405b94d944dfef0,13273625,20190306000000,L,,gx-no-cache=1551889430114 HTTP/1.1" 200 90
200.54.103.162 - - [06/Mar/2019:13:27:25 -0300] "GET /cormun/servlet/hpexe_link HTTP/1.1" 200 984
200.54.103.162 - - [06/Mar/2019:13:27:26 -0300] "GET /cormun/servlet/trlicencias HTTP/1.1" 200 9914
200.54.103.162 - - [06/Mar/2019:13:27:27 -0300] "GET /cormun/servlet/trlicencias HTTP/1.1" 200 9912
200.54.103.162 - - [06/Mar/2019:13:27:29 -0300] "GET /cormun/servlet/alicenciaprn?13273625,L,20190306000000,PU HTTP/1.1" 200 1565
190.171.152.114 - - [06/Mar/2019:13:27:31 -0300] "POST /cormun/servlet/solicitudot?gx-no-cache=1551889435465 HTTP/1.1" 200 1282
190.171.152.114 - - [06/Mar/2019:13:27:31 -0300] "POST /cormun/servlet/solicitudot?gx-no-cache=1551889435563 HTTP/1.1" 200 38
190.171.152.114 - - [06/Mar/2019:13:27:31 -0300] "GET /cormun/servlet/solicitudot?e1d6473035d0bbafd82d4b7083d3fb21aeffc1acd7970a6034233b3f836f21ea3ec890cb8057a211f1f7a98a831fbbc99e59f1d031a0d04a60b141a5c7df634219f0b2e2ae4dc69323fd329770425e9334d0c3e9c90d775a450a332db8a3ba3768d9f995ac42da57d65f8ef15c6ea4c5,gx-no-cache=1551889435594 HTTP/1.1" 200 110
190.171.152.114 - - [06/Mar/2019:13:27:31 -0300] "POST /cormun/servlet/solicitudot?gx-no-cache=1551889435632 HTTP/1.1" 200 97
190.171.152.114 - - [06/Mar/2019:13:27:31 -0300] "GET /cormun/servlet/solicitudot?e1d6473035d0bbafd82d4b7083d3fb21fb76962c413dda44dd64c40b728566ddc59b410d7ea0e9c7cb7b08e17d0c9f494547fc4d2ce62b28a6c1a4d24670f9570fcc9e2acdb8fb3cfd9e52a46c411b644a5c2bb7602d0ff0a826223ebd89afa21ff42ddc03fe6c4b235a16363c60b95e03872e561fcd948e8c5271f6de0f3b147106fb630697e3e4db1b9d7775b3c22679cca86d9b741e5650151eda03167de4,gx-no-cache=1551889435675 HTTP/1.1" 200 29
190.171.152.114 - - [06/Mar/2019:13:27:31 -0300] "GET /cormun/servlet/solicitudot?e1d6473035d0bbafd82d4b7083d3fb214832a8463b0828aa0f86a95697f91ebf,gx-no-cache=1551889435700 HTTP/1.1" 200 30
186.67.172.234 - - [06/Mar/2019:13:27:33 -0300] "POST /cormun/servlet/trcontratounov2?f3ddb1e2b527b9ab91d512657bf1615f,,gx-no-cache=1551889392021 HTTP/1.1" 200 5975
186.67.172.234 - - [06/Mar/2019:13:27:34 -0300] "POST /cormun/servlet/trcontratounov2?f3ddb1e2b527b9ab91d512657bf1615f,,gx-no-cache=1551889393624 HTTP/1.1" 200 4286
186.67.172.234 - - [06/Mar/2019:13:27:35 -0300] "POST /cormun/servlet/trcontratounov2?f3ddb1e2b527b9ab91d512657bf1615f,,gx-no-cache=1551889394151 HTTP/1.1" 200 4286
186.67.172.234 - - [06/Mar/2019:13:27:42 -0300] "GET /cormun/servlet/trcontratounov2? HTTP/1.1" 200 7176
186.67.172.234 - - [06/Mar/2019:13:27:42 -0300] "GET /cormun/servlet/trcontratounov2? HTTP/1.1" 200 7176
190.171.152.114 - - [06/Mar/2019:13:27:43 -0300] "POST /cormun/servlet/solicitudot?gx-no-cache=1551889447302 HTTP/1.1" 200 1282
190.171.152.114 - - [06/Mar/2019:13:27:43 -0300] "POST /cormun/servlet/solicitudot?gx-no-cache=1551889447348 HTTP/1.1" 200 38
186.67.172.234 - - [06/Mar/2019:13:27:47 -0300] "GET /cormun/servlet/trvisualizadoreventos? HTTP/1.1" 200 7116
186.67.172.234 - - [06/Mar/2019:13:27:48 -0300] "GET /cormun/static/gxcfg.js?20175251251426 HTTP/1.1" 200 953
186.67.172.234 - - [06/Mar/2019:13:27:48 -0300] "GET /cormun/static/Resources/PXToolsActionPrint.png HTTP/1.1" 200 3317
186.67.172.234 - - [06/Mar/2019:13:27:48 -0300] "GET /cormun/static/trvisualizadoreventos.js?20175251251768 HTTP/1.1" 200 19318
186.67.172.234 - - [06/Mar/2019:13:27:48 -0300] "GET /cormun/servlet/trvisualizadoreventos? HTTP/1.1" 200 7116
186.67.172.234 - - [06/Mar/2019:13:28:16 -0300] "GET /cormun/servlet/trcontratosolicitud? HTTP/1.1" 200 15028
186.67.172.234 - - [06/Mar/2019:13:28:17 -0300] "GET /cormun/servlet/trcontratosolicitud? HTTP/1.1" 200 15045
200.54.103.162 - - [06/Mar/2019:13:28:19 -0300] "POST /cormun/servlet/trlicencias?9dfe09d7c7f203a5c405b94d944dfef0,gx-no-cache=1551889483937 HTTP/1.1" 200 7151
200.54.103.162 - - [06/Mar/2019:13:28:19 -0300] "GET /cormun/static/Shared/jqueryui/images/ui-bg_highlight-soft_100_c6c2c8_1x100.png HTTP/1.1" 404 1117
200.54.103.162 - - [06/Mar/2019:13:28:20 -0300] "GET /cormun/static/Shared/jqueryui/images/ui-icons_82798d_256x240.png HTTP/1.1" 404 1089
200.54.103.162 - - [06/Mar/2019:13:28:20 -0300] "GET /cormun/static/Shared/jqueryui/images/ui-bg_flat_55_fafafa_40x100.png HTTP/1.1" 404 1097
200.54.103.162 - - [06/Mar/2019:13:28:20 -0300] "GET /cormun/static/Shared/jqueryui/images/ui-icons_8d78a5_256x240.png HTTP/1.1" 404 1089
200.54.103.162 - - [06/Mar/2019:13:28:47 -0300] "GET /cormun/servlet/trsolicitudot? HTTP/1.1" 200 7535
200.54.103.162 - - [06/Mar/2019:13:28:49 -0300] "GET /cormun/servlet/trsolicitudot? HTTP/1.1" 200 7535
200.54.103.162 - - [06/Mar/2019:13:28:52 -0300] "GET /cormun/servlet/solicitudot?INS,0,0, HTTP/1.1" 200 15139
200.54.103.162 - - [06/Mar/2019:13:28:54 -0300] "GET /cormun/servlet/solicitudot?INS,0,0, HTTP/1.1" 200 15144
186.67.172.234 - - [06/Mar/2019:13:29:02 -0300] "GET /cormun/servlet/trfichaempleado? HTTP/1.1" 200 14901
200.54.103.162 - - [06/Mar/2019:13:29:02 -0300] "POST /cormun/servlet/solicitudot?gx-no-cache=1551889527322 HTTP/1.1" 200 3556
200.54.103.162 - - [06/Mar/2019:13:29:03 -0300] "POST /cormun/servlet/solicitudot?9dfe09d7c7f203a5c405b94d944dfef0,INS,0,0,,gx-no-cache=1551889527719 HTTP/1.1" 200 11915
200.54.103.162 - - [06/Mar/2019:13:29:07 -0300] "GET /cormun/servlet/solicitudot?352feec712dae0fe05d73c825237b19328b2bd727c815b3ae87bf3b21e6eac07ed794c42f9c6d87ed8b64937de427527,gx-no-cache=1551889532113 HTTP/1.1" 200 30
200.54.103.162 - - [06/Mar/2019:13:29:07 -0300] "GET /cormun/servlet/solicitudot?352feec712dae0fe05d73c825237b1934f1454f55784167e8b1e9df311267095682d1fed2cbb36ac1c454f7bb13e1407f6a76db38eb0dc95137800db011c341b,gx-no-cache=1551889532236 HTTP/1.1" 200 30
200.54.103.162 - - [06/Mar/2019:13:29:07 -0300] "GET /cormun/servlet/solicitudot?352feec712dae0fe05d73c825237b1931f730f201a04c39b445cab2b1b64348f,gx-no-cache=1551889532384 HTTP/1.1" 200 53
200.54.103.162 - - [06/Mar/2019:13:29:08 -0300] "POST /cormun/servlet/solicitudot?gx-no-cache=1551889532539 HTTP/1.1" 200 297
200.54.103.162 - - [06/Mar/2019:13:29:08 -0300] "GET /cormun/servlet/solicitudot?352feec712dae0fe05d73c825237b1934ee870123182a9604204e0da6357f934224445fdaab2167a75b765af6c041414afc058a16314accc2285c722bd44ec245dd1787c79793a64e95e3444c2744df5d891f96dca0001d8dcda41850947c1fe348bc2d5679b808867777d53f9ab8dc1c5d27f3e6db2afd9df3b1651b8de86035a498a677c2c1166f0a897e9dd6a395c2681cd6bfd04ab204b01b7e1e50df2d9219fef41e2876136b4ec5e724f43a0c1f5ddfed1230b25f4282ba6ddaf54d6300531aad6ef8e03b8b7b7632ac544dfa20e2c0e29891c9e495cbbd58702701e3026ab1f022003740e109432b6435cd5e0a6e0d148ed1c6b89b5e7e45913d632e023aed9bbbd9d4b045f5946def5eb988936e29629bc7b5a7a230161f316cb414bb35ae4692f590a65cd0d524cb29805ba698203dd0e55b14115608c2d9ffe157fe79cd5b7c78159704631f606392516009472d3df32f61b4a9071bdc2d529a8d037b1e82ac3edbbe3f667b097bbf9443428d8f40d2eab56803d916788dc81ea151f62a15f226b8505487f7a76c0af925e,gx-no-cache=1551889532670 HTTP/1.1" 200 30
200.54.103.162 - - [06/Mar/2019:13:29:12 -0300] "POST /cormun/servlet/solicitudot?gx-no-cache=1551889537551 HTTP/1.1" 200 30
200.54.103.162 - - [06/Mar/2019:13:29:20 -0300] "POST /cormun/servlet/solicitudot?gx-no-cache=1551889544660 HTTP/1.1" 200 1281
200.54.103.162 - - [06/Mar/2019:13:29:20 -0300] "POST /cormun/servlet/solicitudot?gx-no-cache=1551889544745 HTTP/1.1" 200 38
200.54.103.162 - - [06/Mar/2019:13:29:20 -0300] "GET /cormun/servlet/solicitudot?352feec712dae0fe05d73c825237b193aaebda59f91d79a700efdc9a605949a24443f870c597fd7576b583af536f1b915b95bff7323abb598c517fb176315ce85229ef84e3b92a3bf2f1a9f00f9521d90e0dd026cd4440d9520d9b020bdefb5118e7cb3840cd4e542208c8476d85bfb1,gx-no-cache=1551889544785 HTTP/1.1" 200 110
200.54.103.162 - - [06/Mar/2019:13:29:32 -0300] "POST /cormun/servlet/solicitudot?gx-no-cache=1551889557431 HTTP/1.1" 200 64
200.54.103.162 - - [06/Mar/2019:13:29:39 -0300] "GET /cormun/servlet/solicitudot?352feec712dae0fe05d73c825237b193825eff4a58fba3dfa86f97d8a3b73939c7b49923cca3a20cbabe8cbb371d05b38995ab7f511415ad72cffb38421b62554f4a95a6e0eca47aeb35ca2a23061ec297ce488a1d35e7588496978504c3c59b6054e4f23896739271dc3a2dab4fc792,gx-no-cache=1551889564346 HTTP/1.1" 200 29
200.54.103.162 - - [06/Mar/2019:13:29:39 -0300] "GET /cormun/static/menuarrow.gif HTTP/1.1" 404 1015
200.54.103.162 - - [06/Mar/2019:13:29:42 -0300] "GET /cormun/servlet/solicitudot?352feec712dae0fe05d73c825237b193e674ebb8c24b94d6b29d2ceda6dd5f81d738ea3f8aff4e16e873b1c892bd5702,gx-no-cache=1551889567251 HTTP/1.1" 200 30
200.54.103.162 - - [06/Mar/2019:13:29:51 -0300] "POST /cormun/servlet/solicitudot?gx-no-cache=1551889575833 HTTP/1.1" 200 30
200.54.103.162 - - [06/Mar/2019:13:30:08 -0300] "POST /cormun/servlet/solicitudot?9dfe09d7c7f203a5c405b94d944dfef0,INS,0,0,,gx-no-cache=1551889592461 HTTP/1.1" 200 93
200.54.103.162 - - [06/Mar/2019:13:30:08 -0300] "GET /cormun/servlet/hpexe_return? HTTP/1.1" 200 1006
200.54.103.162 - - [06/Mar/2019:13:30:08 -0300] "GET /cormun/servlet/trsolicitudot HTTP/1.1" 200 8888
200.54.103.162 - - [06/Mar/2019:13:30:10 -0300] "GET /cormun/servlet/trsolicitudot HTTP/1.1" 200 8883
200.54.103.162 - - [06/Mar/2019:13:30:14 -0300] "GET /cormun/servlet/vesolicitudot?2019,14537,, HTTP/1.1" 200 8681
200.54.103.162 - - [06/Mar/2019:13:30:14 -0300] "GET /cormun/pexe_scrolldiv.js HTTP/1.1" 404 1009
200.54.103.162 - - [06/Mar/2019:13:30:14 -0300] "GET /cormun/pexe_scrolldiv.js HTTP/1.1" 404 1009
200.54.103.162 - - [06/Mar/2019:13:30:16 -0300] "GET /cormun/servlet/vesolicitudot?2019,14537,, HTTP/1.1" 200 8680
190.171.141.90 - - [06/Mar/2019:13:30:32 -0300] "POST /cormun/servlet/trsolicitudot?1586a75f1349035bc45c99fec52ec1d6,,gx-no-cache=1551889615842 HTTP/1.1" 440 972
190.171.141.90 - - [06/Mar/2019:13:30:34 -0300] "GET /cormun/servlet/trsolicitudot? HTTP/1.1" 200 6412
190.171.141.90 - - [06/Mar/2019:13:30:34 -0300] "GET /cormun/servlet/hlogin HTTP/1.1" 200 1737
190.171.141.90 - - [06/Mar/2019:13:30:34 -0300] "GET /cormun/servlet/trsolicitudot? HTTP/1.1" 200 6412
200.54.103.162 - - [06/Mar/2019:13:30:43 -0300] "POST /cormun/servlet/vesolicitudot?9dfe09d7c7f203a5c405b94d944dfef0,2019,14537,,,gx-no-cache=1551889627919 HTTP/1.1" 200 90
200.54.103.162 - - [06/Mar/2019:13:30:44 -0300] "GET /cormun/servlet/hpexe_link HTTP/1.1" 200 965
200.54.103.162 - - [06/Mar/2019:13:30:44 -0300] "GET /cormun/servlet/trsolicitudot HTTP/1.1" 200 8883
200.54.103.162 - - [06/Mar/2019:13:30:45 -0300] "GET /cormun/servlet/trsolicitudot HTTP/1.1" 200 8883
190.171.141.90 - - [06/Mar/2019:13:30:47 -0300] "POST /cormun/servlet/hlogin?d04dcec0995c878a5886fd1d956b9ef5,gx-no-cache=1551889630817 HTTP/1.1" 200 90
190.171.141.90 - - [06/Mar/2019:13:30:47 -0300] "GET /cormun/servlet/hpexe_link HTTP/1.1" 200 952
190.171.141.90 - - [06/Mar/2019:13:30:47 -0300] "GET /cormun/servlet/trsolicitudot HTTP/1.1" 200 8613
190.171.141.90 - - [06/Mar/2019:13:30:48 -0300] "GET /cormun/servlet/trsolicitudot HTTP/1.1" 200 8612
190.171.141.90 - - [06/Mar/2019:13:30:51 -0300] "POST /cormun/servlet/trsolicitudot?d04dcec0995c878a5886fd1d956b9ef5,gx-no-cache=1551889634902 HTTP/1.1" 200 107
190.171.141.90 - - [06/Mar/2019:13:30:52 -0300] "GET /cormun/servlet/trsolicitudadjuntos?2019,14536, HTTP/1.1" 200 9725
190.171.141.90 - - [06/Mar/2019:13:30:52 -0300] "GET /cormun/servlet/trsolicitudadjuntos?2019,14536, HTTP/1.1" 200 9728
190.171.141.90 - - [06/Mar/2019:13:30:55 -0300] "GET /cormun/servlet/solicitudotadjuntos?INS,2019,14536,,2, HTTP/1.1" 200 6211
190.171.141.90 - - [06/Mar/2019:13:30:55 -0300] "GET /cormun/static/about:blank HTTP/1.1" 404 1011
190.171.141.90 - - [06/Mar/2019:13:30:55 -0300] "GET /cormun/servlet/solicitudotadjuntos?INS,2019,14536,,2, HTTP/1.1" 200 6204
190.171.141.90 - - [06/Mar/2019:13:30:55 -0300] "GET /cormun/servlet/solicitudotadjuntos?6228f191f47f612f8d2d8fdc4b389451784b0a5a708021ea685a417a90ffd37fee940586e7d30cd1efd1e13eb935bacd,gx-no-cache=1551889638928 HTTP/1.1" 200 30
190.171.141.90 - - [06/Mar/2019:13:30:55 -0300] "POST /cormun/servlet/solicitudotadjuntos?d04dcec0995c878a5886fd1d956b9ef5,INS,2019,14536,,2,,gx-no-cache=1551889638960 HTTP/1.1" 200 4230
190.171.141.90 - - [06/Mar/2019:13:31:04 -0300] "POST /cormun/servlet/solicitudotadjuntos?d04dcec0995c878a5886fd1d956b9ef5,INS,2019,14536,,2,,gx-no-cache=1551889648105 HTTP/1.1" 200 93
190.171.141.90 - - [06/Mar/2019:13:31:05 -0300] "GET /cormun/servlet/hpexe_return? HTTP/1.1" 200 1023
190.171.141.90 - - [06/Mar/2019:13:31:05 -0300] "GET /cormun/servlet/trsolicitudadjuntos?2019,14536, HTTP/1.1" 200 9731
190.171.141.90 - - [06/Mar/2019:13:31:05 -0300] "GET /cormun/servlet/trsolicitudadjuntos?2019,14536, HTTP/1.1" 200 9731
190.171.141.90 - - [06/Mar/2019:13:31:11 -0300] "GET /cormun/servlet/solicitudotadjuntos?INS,2019,14536,,2, HTTP/1.1" 200 6211
190.171.141.90 - - [06/Mar/2019:13:31:11 -0300] "GET /cormun/static/about:blank HTTP/1.1" 404 1011
190.171.141.90 - - [06/Mar/2019:13:31:11 -0300] "GET /cormun/servlet/solicitudotadjuntos?INS,2019,14536,,2, HTTP/1.1" 200 6204
190.171.141.90 - - [06/Mar/2019:13:31:12 -0300] "GET /cormun/servlet/solicitudotadjuntos?6228f191f47f612f8d2d8fdc4b389451784b0a5a708021ea685a417a90ffd37fee940586e7d30cd1efd1e13eb935bacd,gx-no-cache=1551889655496 HTTP/1.1" 200 30
190.171.141.90 - - [06/Mar/2019:13:31:12 -0300] "POST /cormun/servlet/solicitudotadjuntos?d04dcec0995c878a5886fd1d956b9ef5,INS,2019,14536,,2,,gx-no-cache=1551889655590 HTTP/1.1" 200 4230
190.171.141.90 - - [06/Mar/2019:13:31:19 -0300] "POST /cormun/servlet/solicitudotadjuntos?d04dcec0995c878a5886fd1d956b9ef5,INS,2019,14536,,2,,gx-no-cache=1551889662761 HTTP/1.1" 200 90
190.171.141.90 - - [06/Mar/2019:13:31:19 -0300] "GET /cormun/servlet/hpexe_link HTTP/1.1" 200 975
190.171.141.90 - - [06/Mar/2019:13:31:19 -0300] "GET /cormun/servlet/trsolicitudadjuntos?2019,14536, HTTP/1.1" 200 9729
190.171.141.90 - - [06/Mar/2019:13:31:20 -0300] "GET /cormun/servlet/trsolicitudadjuntos?2019,14536, HTTP/1.1" 200 9732
200.54.103.162 - - [06/Mar/2019:13:31:22 -0300] "POST /cormun/servlet/trsolicitudot?9dfe09d7c7f203a5c405b94d944dfef0,gx-no-cache=1551889666976 HTTP/1.1" 200 107
200.54.103.162 - - [06/Mar/2019:13:31:22 -0300] "GET /cormun/servlet/solicitudot?UPD,2019,14537, HTTP/1.1" 200 15706
190.171.141.90 - - [06/Mar/2019:13:31:23 -0300] "GET /cormun/servlet/solicitudotadjuntos?INS,2019,14536,,1, HTTP/1.1" 200 6213
190.171.141.90 - - [06/Mar/2019:13:31:24 -0300] "GET /cormun/static/about:blank HTTP/1.1" 404 1011
190.171.141.90 - - [06/Mar/2019:13:31:24 -0300] "GET /cormun/servlet/solicitudotadjuntos?INS,2019,14536,,1, HTTP/1.1" 200 6207
190.171.141.90 - - [06/Mar/2019:13:31:24 -0300] "GET /cormun/servlet/solicitudotadjuntos?6228f191f47f612f8d2d8fdc4b389451784b0a5a708021ea685a417a90ffd37fee940586e7d30cd1efd1e13eb935bacd,gx-no-cache=1551889667832 HTTP/1.1" 200 30
190.171.141.90 - - [06/Mar/2019:13:31:24 -0300] "POST /cormun/servlet/solicitudotadjuntos?d04dcec0995c878a5886fd1d956b9ef5,INS,2019,14536,,1,,gx-no-cache=1551889667927 HTTP/1.1" 200 4090
200.54.103.162 - - [06/Mar/2019:13:31:24 -0300] "GET /cormun/servlet/solicitudot?UPD,2019,14537, HTTP/1.1" 200 15715
200.54.103.162 - - [06/Mar/2019:13:31:25 -0300] "POST /cormun/servlet/solicitudot?gx-no-cache=1551889669960 HTTP/1.1" 200 3556
200.54.103.162 - - [06/Mar/2019:13:31:25 -0300] "POST /cormun/servlet/solicitudot?9dfe09d7c7f203a5c405b94d944dfef0,UPD,2019,14537,,gx-no-cache=1551889670219 HTTP/1.1" 200 12000
200.54.103.162 - - [06/Mar/2019:13:31:26 -0300] "GET /cormun/servlet/solicitudot?352feec712dae0fe05d73c825237b19328b2bd727c815b3ae87bf3b21e6eac075f4c54592c9c10b7154490bd36238ac1,gx-no-cache=1551889670587 HTTP/1.1" 200 30
200.54.103.162 - - [06/Mar/2019:13:31:26 -0300] "GET /cormun/servlet/solicitudot?352feec712dae0fe05d73c825237b1934f1454f55784167e8b1e9df311267095682d1fed2cbb36ac1c454f7bb13e1407b62e96ccfac1032fa2113dfa7389d356,gx-no-cache=1551889670662 HTTP/1.1" 200 30
200.54.103.162 - - [06/Mar/2019:13:31:26 -0300] "GET /cormun/servlet/solicitudot?352feec712dae0fe05d73c825237b19319bedce6235dc34876fdb8976c58b542a51532f082d61032bf6708a162dd8ce7ba7df062d60d276be610fffa92d2d537,gx-no-cache=1551889670709 HTTP/1.1" 200 53
200.54.103.162 - - [06/Mar/2019:13:31:26 -0300] "POST /cormun/servlet/solicitudot?gx-no-cache=1551889670755 HTTP/1.1" 200 297
200.54.103.162 - - [06/Mar/2019:13:31:26 -0300] "GET /cormun/servlet/solicitudot?352feec712dae0fe05d73c825237b1934ee870123182a9604204e0da6357f934224445fdaab2167a75b765af6c041414afc058a16314accc2285c722bd44ec245dd1787c79793a64e95e3444c2744df5d891f96dca0001d8dcda41850947c1fe348bc2d5679b808867777d53f9ab8dc1c5d27f3e6db2afd9df3b1651b8de86035a498a677c2c1166f0a897e9dd6a395c2681cd6bfd04ab204b01b7e1e50df2d9219fef41e2876136b4ec5e724f43a0c1f5ddfed1230b25f4282ba6ddaf54d6300531aad6ef8e03b8b7b7632ac544dfa20e2c0e29891c9e495cbbd58702701e3026ab1f022003740e109432b6435cd5e0a6e0d148ed1c6b89b5e7e45913d632e023aed9bbbd9d4b045f5946def5eb988936e29629bc7b5a7a230161f316cb414bb35ae4692f590a65cd0d524cb29805ba698203dd0e55b14115608c2d9ffe157fe79cd5b7c78159704631f606392516009472d3df32f61b4a9071bdc2d529a8d037b1e82ac3edbbe3f667b097bbf94434a4173297c95d5ffbe2735537b47818171f62a15f226b8505487f7a76c0af925e,gx-no-cache=1551889670840 HTTP/1.1" 200 30
200.54.103.162 - - [06/Mar/2019:13:31:26 -0300] "POST /cormun/servlet/solicitudot?gx-no-cache=1551889670880 HTTP/1.1" 200 30
200.54.103.162 - - [06/Mar/2019:13:31:26 -0300] "POST /cormun/servlet/solicitudot?gx-no-cache=1551889670950 HTTP/1.1" 200 1281
200.54.103.162 - - [06/Mar/2019:13:31:26 -0300] "POST /cormun/servlet/solicitudot?gx-no-cache=1551889671026 HTTP/1.1" 200 40
200.54.103.162 - - [06/Mar/2019:13:31:28 -0300] "GET /cormun/servlet/solicitudot?352feec712dae0fe05d73c825237b193aaebda59f91d79a700efdc9a605949a24443f870c597fd7576b583af536f1b915b95bff7323abb598c517fb176315ce85229ef84e3b92a3bf2f1a9f00f9521d90e0dd026cd4440d9520d9b020bdefb5118e7cb3840cd4e542208c8476d85bfb1,gx-no-cache=1551889673068 HTTP/1.1" 200 110
190.171.141.90 - - [06/Mar/2019:13:31:28 -0300] "POST /cormun/servlet/solicitudotadjuntos?gx-no-cache=1551889672039 HTTP/1.1" 200 26
186.103.159.46 - - [06/Mar/2019:13:31:36 -0300] "GET /cormun/servlet/trlicencias? HTTP/1.1" 200 6133
186.103.159.46 - - [06/Mar/2019:13:31:39 -0300] "GET /cormun/servlet/trlicencias? HTTP/1.1" 200 6127
186.103.159.46 - - [06/Mar/2019:13:31:39 -0300] "GET /cormun/servlet/hlogin HTTP/1.1" 200 1734
190.171.152.114 - - [06/Mar/2019:13:31:40 -0300] "GET /cormun/servlet/solicitudot?e1d6473035d0bbafd82d4b7083d3fb21aeffc1acd7970a6034233b3f836f21ea3ec890cb8057a211f1f7a98a831fbbc99e59f1d031a0d04a60b141a5c7df634219f0b2e2ae4dc69323fd329770425e9334d0c3e9c90d775a450a332db8a3ba3768d9f995ac42da57d65f8ef15c6ea4c5,gx-no-cache=1551889684229 HTTP/1.1" 200 110
190.171.152.114 - - [06/Mar/2019:13:31:40 -0300] "POST /cormun/servlet/solicitudot?gx-no-cache=1551889684429 HTTP/1.1" 200 97
186.103.159.46 - - [06/Mar/2019:13:31:52 -0300] "POST /cormun/servlet/hlogin?d044478541c0427bfd7eb21d11df6485,gx-no-cache=1551889695155 HTTP/1.1" 200 90
186.103.159.46 - - [06/Mar/2019:13:31:52 -0300] "GET /cormun/servlet/hpexe_link HTTP/1.1" 200 951
186.103.159.46 - - [06/Mar/2019:13:31:52 -0300] "GET /cormun/servlet/trlicencias HTTP/1.1" 200 9297
190.171.152.114 - - [06/Mar/2019:13:31:53 -0300] "GET /cormun/static/menuarrow.gif HTTP/1.1" 404 1015
200.54.103.162 - - [06/Mar/2019:13:31:54 -0300] "POST /cormun/servlet/solicitudot?gx-no-cache=1551889699189 HTTP/1.1" 200 64
186.103.159.46 - - [06/Mar/2019:13:31:55 -0300] "GET /cormun/servlet/trlicencias HTTP/1.1" 200 9295
190.171.152.114 - - [06/Mar/2019:13:31:56 -0300] "GET /cormun/servlet/solicitudot?e1d6473035d0bbafd82d4b7083d3fb21c2c9d77a80a9a19647055556bd713ee88ff9eee5960699e051cb4676cb6c3efc,gx-no-cache=1551889700697 HTTP/1.1" 200 30
190.171.141.90 - - [06/Mar/2019:13:32:00 -0300] "GET /cormun/servlet/solicitudotadjuntos?6228f191f47f612f8d2d8fdc4b3894518667bfb9b57b0141966305e373c56a56,gx-no-cache=1551889703183 HTTP/1.1" 200 30
190.171.141.90 - - [06/Mar/2019:13:32:00 -0300] "GET /cormun/servlet/solicitudotadjuntos?6228f191f47f612f8d2d8fdc4b3894518667bfb9b57b0141966305e373c56a56,gx-no-cache=1551889703209 HTTP/1.1" 200 30
190.171.141.90 - - [06/Mar/2019:13:32:00 -0300] "POST /cormun/servlet/solicitudotadjuntos?d04dcec0995c878a5886fd1d956b9ef5,INS,2019,14536,,1, HTTP/1.1" 200 116
190.171.141.90 - - [06/Mar/2019:13:32:00 -0300] "GET /cormun/servlet/hpexe_return? HTTP/1.1" 200 1022
190.171.141.90 - - [06/Mar/2019:13:32:00 -0300] "GET /cormun/servlet/trsolicitudadjuntos?2019,14536, HTTP/1.1" 200 9957
190.171.141.90 - - [06/Mar/2019:13:32:01 -0300] "GET /cormun/servlet/trsolicitudadjuntos?2019,14536, HTTP/1.1" 200 9954
190.171.141.90 - - [06/Mar/2019:13:32:03 -0300] "POST /cormun/servlet/trsolicitudadjuntos?d04dcec0995c878a5886fd1d956b9ef5,2019,14536,,gx-no-cache=1551889706282 HTTP/1.1" 200 90
190.171.141.90 - - [06/Mar/2019:13:32:03 -0300] "GET /cormun/servlet/hpexe_link HTTP/1.1" 200 964
190.171.141.90 - - [06/Mar/2019:13:32:03 -0300] "GET /cormun/servlet/trsolicitudot HTTP/1.1" 200 8613
190.171.141.90 - - [06/Mar/2019:13:32:03 -0300] "GET /cormun/servlet/trsolicitudot HTTP/1.1" 200 8612
186.103.159.46 - - [06/Mar/2019:13:32:05 -0300] "GET /cormun/static/menuarrow.gif HTTP/1.1" 404 1015
190.171.152.114 - - [06/Mar/2019:13:32:05 -0300] "POST /cormun/servlet/solicitudot?gx-no-cache=1551889709640 HTTP/1.1" 200 30
200.54.103.162 - - [06/Mar/2019:13:32:10 -0300] "GET /cormun/servlet/solicitudot?352feec712dae0fe05d73c825237b193378443a0c97111a8ca502bbe3e50618b8cce4faad652bd1c3d70d416d395066cd16d983aa7b31bf7ff2f37306be007debfddcb053af6a5e948d3603b3d91fd7ab815d79d60d392d15d6a2273fd43ae77add381e58480cfed78ec9731c8072b21,gx-no-cache=1551889714718 HTTP/1.1" 200 29
200.54.103.162 - - [06/Mar/2019:13:32:10 -0300] "GET /cormun/servlet/solicitudot?352feec712dae0fe05d73c825237b193e674ebb8c24b94d6b29d2ceda6dd5f81d738ea3f8aff4e16e873b1c892bd5702,gx-no-cache=1551889714757 HTTP/1.1" 200 30
200.54.103.162 - - [06/Mar/2019:13:32:10 -0300] "POST /cormun/servlet/solicitudot?gx-no-cache=1551889714826 HTTP/1.1" 200 30
200.54.103.162 - - [06/Mar/2019:13:32:10 -0300] "POST /cormun/servlet/solicitudot?9dfe09d7c7f203a5c405b94d944dfef0,UPD,2019,14537,,gx-no-cache=1551889714917 HTTP/1.1" 200 93
200.54.103.162 - - [06/Mar/2019:13:32:10 -0300] "GET /cormun/servlet/hpexe_return? HTTP/1.1" 200 1014
200.54.103.162 - - [06/Mar/2019:13:32:11 -0300] "GET /cormun/servlet/trsolicitudot HTTP/1.1" 200 8889
186.103.159.46 - - [06/Mar/2019:13:32:11 -0300] "POST /cormun/servlet/trlicencias?d044478541c0427bfd7eb21d11df6485,gx-no-cache=1551889714881 HTTP/1.1" 200 7498
200.54.103.162 - - [06/Mar/2019:13:32:13 -0300] "GET /cormun/servlet/trsolicitudot HTTP/1.1" 200 8885
190.171.152.114 - - [06/Mar/2019:13:32:15 -0300] "POST /cormun/servlet/solicitudot?e1dba64d72f63b18dd902ef1b93decf3,INS,0,0,,gx-no-cache=1551889719135 HTTP/1.1" 200 93
190.171.152.114 - - [06/Mar/2019:13:32:15 -0300] "GET /cormun/servlet/hpexe_return? HTTP/1.1" 200 1010
190.171.152.114 - - [06/Mar/2019:13:32:15 -0300] "GET /cormun/static/gxcfg.js?2016101716175148 HTTP/1.1" 200 953
190.171.152.114 - - [06/Mar/2019:13:32:15 -0300] "GET /cormun/static/hpexe_return.js?2016101716175153 HTTP/1.1" 200 1633
190.171.152.114 - - [06/Mar/2019:13:32:15 -0300] "GET /cormun/static/Resources/Spanish/PXTools.css?167811 HTTP/1.1" 200 89042
190.171.152.114 - - [06/Mar/2019:13:32:15 -0300] "GET /cormun/servlet/trsolicitudot HTTP/1.1" 200 8869
200.54.103.162 - - [06/Mar/2019:13:32:16 -0300] "GET /cormun/servlet/vesolicitudot?2019,14537,, HTTP/1.1" 200 8682
200.54.103.162 - - [06/Mar/2019:13:32:16 -0300] "GET /cormun/pexe_scrolldiv.js HTTP/1.1" 404 1009
190.171.152.114 - - [06/Mar/2019:13:32:16 -0300] "GET /cormun//static/Resources/PXToolsGridDelete.png HTTP/1.1" 200 357
190.171.152.114 - - [06/Mar/2019:13:32:16 -0300] "GET /cormun//static/Resources/PXToolsGridUpdate.png HTTP/1.1" 200 2984
190.171.152.114 - - [06/Mar/2019:13:32:16 -0300] "GET /cormun//static/Resources/PXToolsRemoveAllAction.png HTTP/1.1" 200 3558
200.54.103.162 - - [06/Mar/2019:13:32:16 -0300] "GET /cormun/pexe_scrolldiv.js HTTP/1.1" 404 1009
190.171.152.114 - - [06/Mar/2019:13:32:16 -0300] "GET /cormun//static/Resources/PXToolsActionView.png HTTP/1.1" 200 2995
190.171.152.114 - - [06/Mar/2019:13:32:16 -0300] "GET /cormun//static/Resources/PXTools/ActionInsert.png HTTP/1.1" 200 1482
200.54.103.162 - - [06/Mar/2019:13:32:17 -0300] "GET /cormun/servlet/vesolicitudot?2019,14537,, HTTP/1.1" 200 8681
190.171.152.114 - - [06/Mar/2019:13:32:20 -0300] "GET /cormun/servlet/solicitudot?INS,0,0, HTTP/1.1" 200 15084
190.171.141.90 - - [06/Mar/2019:13:32:35 -0300] "POST /cormun/servlet/trsolicitudot?d04dcec0995c878a5886fd1d956b9ef5,gx-no-cache=1551889738196 HTTP/1.1" 200 4477
190.171.141.90 - - [06/Mar/2019:13:32:35 -0300] "GET /cormun/static/Shared/jqueryui/images/ui-bg_highlight-soft_100_c6c2c8_1x100.png HTTP/1.1" 404 1117
190.171.141.90 - - [06/Mar/2019:13:32:35 -0300] "GET /cormun/static/Shared/jqueryui/images/ui-icons_82798d_256x240.png HTTP/1.1" 404 1089
190.171.141.90 - - [06/Mar/2019:13:32:35 -0300] "GET /cormun/static/Shared/jqueryui/images/ui-bg_flat_55_fafafa_40x100.png HTTP/1.1" 404 1097
190.171.141.90 - - [06/Mar/2019:13:32:35 -0300] "GET /cormun/static/Shared/jqueryui/images/ui-icons_8d78a5_256x240.png HTTP/1.1" 404 1089
190.171.141.90 - - [06/Mar/2019:13:32:35 -0300] "POST /cormun/servlet/trsolicitudot?d04dcec0995c878a5886fd1d956b9ef5,gx-no-cache=1551889738438 HTTP/1.1" 200 4257
190.171.141.90 - - [06/Mar/2019:13:32:41 -0300] "POST /cormun/servlet/trsolicitudot?d04dcec0995c878a5886fd1d956b9ef5,gx-no-cache=1551889744616 HTTP/1.1" 200 5698
190.171.141.90 - - [06/Mar/2019:13:32:43 -0300] "POST /cormun/servlet/trsolicitudot?d04dcec0995c878a5886fd1d956b9ef5,gx-no-cache=1551889746993 HTTP/1.1" 200 5676
190.171.141.90 - - [06/Mar/2019:13:32:45 -0300] "POST /cormun/servlet/trsolicitudot?d04dcec0995c878a5886fd1d956b9ef5,gx-no-cache=1551889748878 HTTP/1.1" 200 5677
190.171.141.90 - - [06/Mar/2019:13:32:51 -0300] "POST /cormun/servlet/trsolicitudot?d04dcec0995c878a5886fd1d956b9ef5,gx-no-cache=1551889753558 HTTP/1.1" 200 22202
200.54.103.162 - - [06/Mar/2019:13:33:06 -0300] "POST /cormun/servlet/vesolicitudot?9dfe09d7c7f203a5c405b94d944dfef0,2019,14537,,,gx-no-cache=1551889770622 HTTP/1.1" 200 90
200.54.103.162 - - [06/Mar/2019:13:33:06 -0300] "GET /cormun/servlet/hpexe_link HTTP/1.1" 200 965
200.54.103.162 - - [06/Mar/2019:13:33:06 -0300] "GET /cormun/servlet/trsolicitudot HTTP/1.1" 200 8884
200.54.103.162 - - [06/Mar/2019:13:33:08 -0300] "GET /cormun/servlet/trsolicitudot HTTP/1.1" 200 8885
190.171.141.90 - - [06/Mar/2019:13:33:16 -0300] "POST /cormun/servlet/trsolicitudot?d04dcec0995c878a5886fd1d956b9ef5,gx-no-cache=1551889779749 HTTP/1.1" 200 5698
200.54.103.162 - - [06/Mar/2019:13:33:24 -0300] "POST /cormun/servlet/trsolicitudot?9dfe09d7c7f203a5c405b94d944dfef0,gx-no-cache=1551889789062 HTTP/1.1" 200 4748
200.54.103.162 - - [06/Mar/2019:13:33:24 -0300] "GET /cormun/static/Shared/jqueryui/images/ui-bg_highlight-soft_100_c6c2c8_1x100.png HTTP/1.1" 404 1117
200.54.103.162 - - [06/Mar/2019:13:33:24 -0300] "GET /cormun/static/Shared/jqueryui/images/ui-icons_82798d_256x240.png HTTP/1.1" 404 1089
200.54.103.162 - - [06/Mar/2019:13:33:24 -0300] "GET /cormun/static/Shared/jqueryui/images/ui-bg_flat_55_fafafa_40x100.png HTTP/1.1" 404 1097
200.54.103.162 - - [06/Mar/2019:13:33:24 -0300] "GET /cormun/static/Shared/jqueryui/images/ui-icons_8d78a5_256x240.png HTTP/1.1" 404 1089
200.54.103.162 - - [06/Mar/2019:13:33:24 -0300] "POST /cormun/servlet/trsolicitudot?9dfe09d7c7f203a5c405b94d944dfef0,gx-no-cache=1551889789438 HTTP/1.1" 200 4527
190.171.141.90 - - [06/Mar/2019:13:33:29 -0300] "POST /cormun/servlet/trsolicitudot?d04dcec0995c878a5886fd1d956b9ef5,gx-no-cache=1551889792228 HTTP/1.1" 200 5677
190.171.141.90 - - [06/Mar/2019:13:33:40 -0300] "POST /cormun/servlet/trsolicitudot?d04dcec0995c878a5886fd1d956b9ef5,gx-no-cache=1551889803590 HTTP/1.1" 200 5677
190.171.141.90 - - [06/Mar/2019:13:33:49 -0300] "POST /cormun/servlet/trsolicitudot?d04dcec0995c878a5886fd1d956b9ef5,gx-no-cache=1551889812459 HTTP/1.1" 200 4278
190.171.141.90 - - [06/Mar/2019:13:33:55 -0300] "POST /cormun/servlet/trsolicitudot?d04dcec0995c878a5886fd1d956b9ef5,gx-no-cache=1551889818233 HTTP/1.1" 200 4275
190.171.141.90 - - [06/Mar/2019:13:33:58 -0300] "POST /cormun/servlet/trsolicitudot?d04dcec0995c878a5886fd1d956b9ef5,gx-no-cache=1551889820992 HTTP/1.1" 200 22201
190.171.141.90 - - [06/Mar/2019:13:34:57 -0300] "GET /cormun/servlet/trsolicitudot? HTTP/1.1" 200 25016
192.168.10.89 - - [06/Mar/2019:13:34:58 -0300] "GET /cormun/servlet/hlogin HTTP/1.1" 200 1719
190.171.141.90 - - [06/Mar/2019:13:34:58 -0300] "GET /cormun/servlet/trsolicitudot? HTTP/1.1" 200 25016
190.171.141.90 - - [06/Mar/2019:13:35:00 -0300] "GET /cormun/servlet/trautorizarsolicitud? HTTP/1.1" 200 8635
190.171.141.90 - - [06/Mar/2019:13:35:00 -0300] "GET /cormun/static/gxcfg.js?2017111423403364 HTTP/1.1" 200 953
190.171.141.90 - - [06/Mar/2019:13:35:00 -0300] "GET /cormun/static/trautorizarsolicitud.js?201711142340425 HTTP/1.1" 200 53910
190.171.141.90 - - [06/Mar/2019:13:35:01 -0300] "GET /cormun/servlet/trautorizarsolicitud? HTTP/1.1" 200 8634
190.171.141.90 - - [06/Mar/2019:13:35:04 -0300] "POST /cormun/servlet/trautorizarsolicitud?d04dcec0995c878a5886fd1d956b9ef5,,gx-no-cache=1551889887706 HTTP/1.1" 200 4678
190.171.141.90 - - [06/Mar/2019:13:35:04 -0300] "GET /cormun/static/Shared/jqueryui/images/ui-icons_82798d_256x240.png HTTP/1.1" 404 1089
190.171.141.90 - - [06/Mar/2019:13:35:04 -0300] "GET /cormun/static/Shared/jqueryui/images/ui-bg_highlight-soft_100_c6c2c8_1x100.png HTTP/1.1" 404 1117
190.171.141.90 - - [06/Mar/2019:13:35:04 -0300] "GET /cormun/static/Shared/jqueryui/images/ui-icons_8d78a5_256x240.png HTTP/1.1" 404 1089
190.171.141.90 - - [06/Mar/2019:13:35:04 -0300] "GET /cormun/static/Shared/jqueryui/images/ui-bg_flat_55_fafafa_40x100.png HTTP/1.1" 404 1097
190.171.141.90 - - [06/Mar/2019:13:35:04 -0300] "POST /cormun/servlet/trautorizarsolicitud?d04dcec0995c878a5886fd1d956b9ef5,,gx-no-cache=1551889887898 HTTP/1.1" 200 4458
192.168.10.89 - - [06/Mar/2019:13:35:08 -0300] "POST /cormun/servlet/hlogin?7423a2863cf42f3ca085209e24cae800,gx-no-cache=1551896915512 HTTP/1.1" 200 90
192.168.10.89 - - [06/Mar/2019:13:35:08 -0300] "GET /cormun/servlet/hpexe_link HTTP/1.1" 200 948
192.168.10.89 - - [06/Mar/2019:13:35:08 -0300] "GET /cormun/servlet/hhome HTTP/1.1" 200 4986
192.168.10.89 - - [06/Mar/2019:13:35:12 -0300] "GET /cormun/servlet/trsolicitudgral? HTTP/1.1" 200 28561
190.171.141.90 - - [06/Mar/2019:13:35:17 -0300] "POST /cormun/servlet/trautorizarsolicitud?d04dcec0995c878a5886fd1d956b9ef5,,gx-no-cache=1551889900133 HTTP/1.1" 200 22512
192.168.10.89 - - [06/Mar/2019:13:35:24 -0300] "GET /cormun/servlet/vesolicitudgral?2019,14536,, HTTP/1.1" 200 9535
192.168.10.89 - - [06/Mar/2019:13:35:24 -0300] "GET /cormun/pexe_scrolldiv.js HTTP/1.1" 404 1009
190.171.152.114 - - [06/Mar/2019:13:36:11 -0300] "POST /cormun/servlet/solicitudot?gx-no-cache=1551889955311 HTTP/1.1" 200 3563
190.171.152.114 - - [06/Mar/2019:13:36:12 -0300] "POST /cormun/servlet/solicitudot?e1dba64d72f63b18dd902ef1b93decf3,INS,0,0,,gx-no-cache=1551889955914 HTTP/1.1" 200 11945
190.171.152.114 - - [06/Mar/2019:13:36:16 -0300] "GET /cormun/servlet/solicitudot?e1d6473035d0bbafd82d4b7083d3fb2106f43c9c361b0f00df8004d2c99f2770605a40482a58e2f368784b2807661340,gx-no-cache=1551889960856 HTTP/1.1" 200 30
190.171.152.114 - - [06/Mar/2019:13:36:16 -0300] "GET /cormun/servlet/solicitudot?e1d6473035d0bbafd82d4b7083d3fb21579bdca860d99d32652c983aacfb208f993f63e09ced5d139200357a03d80a76605a40482a58e2f368784b2807661340,gx-no-cache=1551889960894 HTTP/1.1" 200 30
190.171.152.114 - - [06/Mar/2019:13:36:16 -0300] "GET /cormun/servlet/solicitudot?e1d6473035d0bbafd82d4b7083d3fb215808be8ef22e5c1db63892d20e164ef3,gx-no-cache=1551889960922 HTTP/1.1" 200 53
190.171.152.114 - - [06/Mar/2019:13:36:16 -0300] "POST /cormun/servlet/solicitudot?gx-no-cache=1551889960954 HTTP/1.1" 200 297
190.171.152.114 - - [06/Mar/2019:13:36:16 -0300] "GET /cormun/servlet/solicitudot?e1d6473035d0bbafd82d4b7083d3fb2159e8faef0866ba0fa490d63a77cc9b8043bee7f08c4690bc598fc720272b9a22f23fe97f2382c5cd1bfb1b154b8ea361737d4e675f8f1ae6789978d54793c90d961f1a4805cd78a3d8cc215273e21e0aaf0e41b7f147a03f644a8aaeb90b59d5f6c10f2a309e989554300a3c1354d2efb170fea972f79b1354ff64bc04dce5cfe95c2a1f846e893a2f74ed160ba7edfa61c19daccb531567be52f936b9ada040abdd2d8fb1da151f0b4e539fed31cf7d87d3e46496bfed79fae4b3b422f7c64bc97cfc4c525cfcf9f4ada4884c7322cc266429845d73a422b26a4c71694c8a7a4f5570121d9f94d35ebfcadd544a9f91cd71ffcf4cfa1dadd385f1f7e683b62a0c454e397139d1837f65c6845ca9a053af00ae48773d0aa114ca7568a9531fe852e6030da5d8c5c93414ed92332f8ced35ca62a7dcc65e47cb3d53384bf46c28ddd2c9f00474d382e1bdb0803a4680f0e5c7ba369c59b941aa19174243e560d50fdb94ad17be0658f59efda437c2312d328dfd47be30342fc251cf6308dd6109,gx-no-cache=1551889961020 HTTP/1.1" 200 30
190.171.152.114 - - [06/Mar/2019:13:36:20 -0300] "POST /cormun/servlet/solicitudot?gx-no-cache=1551889964288 HTTP/1.1" 200 30
190.171.152.114 - - [06/Mar/2019:13:36:21 -0300] "GET /cormun/servlet/prcontratosol?16255269,,,,,MD,,gxPopupLevel%3D0%3B HTTP/1.1" 200 8276
190.171.152.114 - - [06/Mar/2019:13:36:31 -0300] "POST /cormun/servlet/solicitudot?gx-no-cache=1551889975487 HTTP/1.1" 200 1280
190.171.152.114 - - [06/Mar/2019:13:36:31 -0300] "POST /cormun/servlet/solicitudot?gx-no-cache=1551889975555 HTTP/1.1" 200 38
190.171.152.114 - - [06/Mar/2019:13:36:31 -0300] "GET /cormun/servlet/solicitudot?e1d6473035d0bbafd82d4b7083d3fb21aeffc1acd7970a6034233b3f836f21ea3ec890cb8057a211f1f7a98a831fbbc99e59f1d031a0d04a60b141a5c7df634219f0b2e2ae4dc69323fd329770425e9334d0c3e9c90d775a450a332db8a3ba3768d9f995ac42da57d65f8ef15c6ea4c5,gx-no-cache=1551889975637 HTTP/1.1" 200 110
190.171.152.114 - - [06/Mar/2019:13:36:31 -0300] "POST /cormun/servlet/solicitudot?gx-no-cache=1551889975678 HTTP/1.1" 200 97
190.171.152.114 - - [06/Mar/2019:13:36:31 -0300] "GET /cormun/servlet/solicitudot?e1d6473035d0bbafd82d4b7083d3fb21fb76962c413dda44dd64c40b728566ddc59b410d7ea0e9c7cb7b08e17d0c9f496b127ffb6502860925dca93678e5180c9418ab53e1df95fc73bae86e99be0bbbce6f582f8bb737d3190fa82dbad7856ee007eb98dcd7d60cdab65dba799cea5b,gx-no-cache=1551889975719 HTTP/1.1" 200 29
190.171.152.114 - - [06/Mar/2019:13:36:31 -0300] "GET /cormun/servlet/solicitudot?e1d6473035d0bbafd82d4b7083d3fb214832a8463b0828aa0f86a95697f91ebf,gx-no-cache=1551889975742 HTTP/1.1" 200 30
192.168.10.89 - - [06/Mar/2019:13:36:49 -0300] "POST /cormun/servlet/vesolicitudgral?7423a2863cf42f3ca085209e24cae800,2019,14536,,,gx-no-cache=1551897017020 HTTP/1.1" 200 93
192.168.10.89 - - [06/Mar/2019:13:36:49 -0300] "GET /cormun/servlet/hpexe_return? HTTP/1.1" 200 1009
192.168.10.89 - - [06/Mar/2019:13:36:51 -0300] "GET /cormun/servlet/trsolicitudgral HTTP/1.1" 200 28564
192.168.10.89 - - [06/Mar/2019:13:36:58 -0300] "GET /cormun/servlet/solicitudgral?UPD,2019,14536, HTTP/1.1" 200 13541
192.168.10.89 - - [06/Mar/2019:13:37:00 -0300] "POST /cormun/servlet/solicitudgral?gx-no-cache=1551897027440 HTTP/1.1" 200 3996
192.168.10.89 - - [06/Mar/2019:13:37:00 -0300] "GET /cormun/servlet/solicitudgral?c1a977670e4e6f7444519dfc66aee8681e9e7b5362daaba6f2ec442c529b020c93e778f53e3ead9256efd75f3700ebbf6ed1c5df270e20b3b6faf79f18c7d111a2675bb159a144b283fd327038e62aab71487b783ff3a4932ce61f83b51ee2606e550c9cd5b5d2e241c9622e6023f6146079fc590af8a9980381bb9f9037ef0f649e6f44da35ce8e6474c7eaa799397bdfd14795fef5176668405e15e4cf15ad4f8396656f5d5783b5ed1eb54feb792f1a5b2b228a326bd5347268125aea9fde8a7f09b1dafa97b9cd7c8306b5c18e81cd485b99c81adb243ed02024c52a8a097d26dfdfa6168beb54d3387badd0a210882ca17a7e4fe07879d4a44e7eb1a6e94c9328609affd700b1d9540ce75ac8228a6be006c5465cd92aee2f8553649afa1314098dfc6638598e603ef235541582a79f70b82b0c774730b95dcb2d6685d5b389de0c505b81c6f7c0220f1c44b0d5,gx-no-cache=1551897027638 HTTP/1.1" 200 255
192.168.10.89 - - [06/Mar/2019:13:37:02 -0300] "GET /cormun/servlet/solicitudgral?c1a977670e4e6f7444519dfc66aee868beafa67d08fffe07f08ba0b444513be693e778f53e3ead9256efd75f3700ebbf6ed1c5df270e20b3b6faf79f18c7d111353a362041a3323986d67d6e47338126a47a4ec09ff26972c7ebb90b5b4500ee,gx-no-cache=1551897029495 HTTP/1.1" 200 30
192.168.10.89 - - [06/Mar/2019:13:37:02 -0300] "POST /cormun/servlet/solicitudgral?gx-no-cache=1551897029846 HTTP/1.1" 200 97
192.168.10.89 - - [06/Mar/2019:13:37:02 -0300] "GET /cormun/servlet/solicitudgral?c1a977670e4e6f7444519dfc66aee8688ae7b531f6f9c35ee573760db984e8051ed5a2d45baee9f45f439b3c7861c9e54c9328609affd700b1d9540ce75ac822ab6bae14770cdbb9d24df52a235f0ffcdf5899e4c953195f34b5f49e0d67f6604f645aaf4a8868e46e2f02149019f4904f35f62f337b4484ecd00796ee33983faa051df0a7a63d9c84cf4ed26daa38cac333ad282a0e08383d61b2b9ec1ac5db1064141222166c00d916fe003200a71c085b362ca2c95c7d8ccdb5db39c208f8d86d4d704e7b9ad13ed8b3a28c305049,gx-no-cache=1551897030289 HTTP/1.1" 200 49
190.171.152.114 - - [06/Mar/2019:13:37:03 -0300] "POST /cormun/servlet/solicitudot?gx-no-cache=1551890007623 HTTP/1.1" 200 1280
190.171.152.114 - - [06/Mar/2019:13:37:03 -0300] "POST /cormun/servlet/solicitudot?gx-no-cache=1551890007759 HTTP/1.1" 200 38
192.168.10.89 - - [06/Mar/2019:13:37:05 -0300] "POST /cormun/servlet/solicitudgral?7423a2863cf42f3ca085209e24cae800,UPD,2019,14536,,gx-no-cache=1551897032373 HTTP/1.1" 200 12006
190.171.152.114 - - [06/Mar/2019:13:37:06 -0300] "GET /cormun/servlet/solicitudot?e1d6473035d0bbafd82d4b7083d3fb21aeffc1acd7970a6034233b3f836f21ea3ec890cb8057a211f1f7a98a831fbbc99e59f1d031a0d04a60b141a5c7df634219f0b2e2ae4dc69323fd329770425e9334d0c3e9c90d775a450a332db8a3ba3768d9f995ac42da57d65f8ef15c6ea4c5,gx-no-cache=1551890010793 HTTP/1.1" 200 110
190.171.152.114 - - [06/Mar/2019:13:37:06 -0300] "POST /cormun/servlet/solicitudot?gx-no-cache=1551890010828 HTTP/1.1" 200 97
192.168.10.89 - - [06/Mar/2019:13:37:07 -0300] "GET /cormun/servlet/solicitudgral?c1a977670e4e6f7444519dfc66aee8688518c5a475d53c5849784122805c47968d81766fd6fe5dbc4fc20fbf8e211d10d043e2154621aaf44cecd5da00eba45d4fc022b0bb39573246614f0aa04735a2c81d5e37ec7c606a5df4da53e1bcd309bf14993ed841d24254c3116623c15243cbfcf9b35a7649957540fcfa74d057533f794da16d8ea37d7ca5eed5657fcf56d315b3546c697b0ce985c4c51f50d3e3,gx-no-cache=1551897035307 HTTP/1.1" 200 30
192.168.10.89 - - [06/Mar/2019:13:37:11 -0300] "POST /cormun/servlet/solicitudgral?7423a2863cf42f3ca085209e24cae800,UPD,2019,14536,,gx-no-cache=1551897038472 HTTP/1.1" 200 93
192.168.10.89 - - [06/Mar/2019:13:37:11 -0300] "GET /cormun/servlet/hpexe_return? HTTP/1.1" 200 1011
192.168.10.89 - - [06/Mar/2019:13:37:12 -0300] "GET /cormun/servlet/trsolicitudgral HTTP/1.1" 200 28566
190.171.152.114 - - [06/Mar/2019:13:37:12 -0300] "GET /cormun/static/menuarrow.gif HTTP/1.1" 404 1015
190.171.152.114 - - [06/Mar/2019:13:37:15 -0300] "GET /cormun/servlet/solicitudot?e1d6473035d0bbafd82d4b7083d3fb21c2c9d77a80a9a19647055556bd713ee88ff9eee5960699e051cb4676cb6c3efc,gx-no-cache=1551890019679 HTTP/1.1" 200 30
192.168.10.89 - - [06/Mar/2019:13:37:19 -0300] "POST /cormun/servlet/trsolicitudgral?7423a2863cf42f3ca085209e24cae800,gx-no-cache=1551897046573 HTTP/1.1" 200 116
192.168.10.89 - - [06/Mar/2019:13:37:19 -0300] "GET /cormun/servlet/solicitudotlog?INS,2019,14536,0,REC, HTTP/1.1" 200 6786
192.168.10.89 - - [06/Mar/2019:13:37:19 -0300] "GET /cormun/static/gxcfg.js?2017761245646 HTTP/1.1" 200 953
192.168.10.89 - - [06/Mar/2019:13:37:19 -0300] "GET /cormun/static/solicitudotlog.js?2017761245655 HTTP/1.1" 200 8934
192.168.10.89 - - [06/Mar/2019:13:37:20 -0300] "GET /cormun/servlet/solicitudotlog?c1a977670e4e6f7444519dfc66aee86840b91775658fb2e8eddad97559a952008d81766fd6fe5dbc4fc20fbf8e211d108a1b98faba09f3807cf1845198f6c22e0202f0ccf1feb7fa085edf6d049f65ef211d9c0df7c83fa7b0f2002eed1dd318f629998d8ea6b46c466560a45572bd88695ce07681a3d10045623a58a67513153c4ed7735037bbe7f974beb75728a7d7baf6592404eae976976bd5f0db77adbc,gx-no-cache=1551897047780 HTTP/1.1" 200 94
190.171.141.90 - - [06/Mar/2019:13:37:25 -0300] "POST /cormun/servlet/trautorizarsolicitud?d04dcec0995c878a5886fd1d956b9ef5,,gx-no-cache=1551890028596 HTTP/1.1" 200 4475
190.171.152.114 - - [06/Mar/2019:13:37:28 -0300] "POST /cormun/servlet/solicitudot?gx-no-cache=1551890032647 HTTP/1.1" 200 33
190.171.141.90 - - [06/Mar/2019:13:37:30 -0300] "POST /cormun/servlet/trautorizarsolicitud?d04dcec0995c878a5886fd1d956b9ef5,,gx-no-cache=1551890033876 HTTP/1.1" 200 4476
190.171.141.90 - - [06/Mar/2019:13:37:34 -0300] "GET /cormun/servlet/trsolicitudot? HTTP/1.1" 200 25008
192.168.10.89 - - [06/Mar/2019:13:37:34 -0300] "POST /cormun/servlet/solicitudotlog?7423a2863cf42f3ca085209e24cae800,INS,2019,14536,0,REC,,gx-no-cache=1551897062155 HTTP/1.1" 200 93
192.168.10.89 - - [06/Mar/2019:13:37:34 -0300] "GET /cormun/servlet/hpexe_return? HTTP/1.1" 200 1020
192.168.10.89 - - [06/Mar/2019:13:37:36 -0300] "GET /cormun/servlet/trsolicitudgral HTTP/1.1" 200 28553
190.171.141.90 - - [06/Mar/2019:13:37:36 -0300] "GET /cormun/servlet/trsolicitudot? HTTP/1.1" 200 25016
190.171.141.90 - - [06/Mar/2019:13:37:39 -0300] "GET /cormun/servlet/trsolicitudot? HTTP/1.1" 200 25016
190.171.141.90 - - [06/Mar/2019:13:37:40 -0300] "GET /cormun/servlet/trsolicitudot? HTTP/1.1" 200 25016
192.168.10.89 - - [06/Mar/2019:13:37:41 -0300] "GET /cormun/servlet/trsolicitudot? HTTP/1.1" 200 8245
190.171.152.114 - - [06/Mar/2019:13:37:41 -0300] "POST /cormun/servlet/solicitudot?e1dba64d72f63b18dd902ef1b93decf3,INS,0,0,,gx-no-cache=1551890045711 HTTP/1.1" 200 93
190.171.152.114 - - [06/Mar/2019:13:37:41 -0300] "GET /cormun/servlet/hpexe_return? HTTP/1.1" 200 1010
190.171.152.114 - - [06/Mar/2019:13:37:42 -0300] "GET /cormun/servlet/trsolicitudot HTTP/1.1" 200 9325
192.168.10.89 - - [06/Mar/2019:13:37:43 -0300] "POST /cormun/servlet/trsolicitudot?7423a2863cf42f3ca085209e24cae800,,gx-no-cache=1551897070543 HTTP/1.1" 200 4934
190.171.141.90 - - [06/Mar/2019:13:37:45 -0300] "GET /cormun/servlet/trsolicitudot? HTTP/1.1" 200 25016
190.171.141.90 - - [06/Mar/2019:13:37:46 -0300] "GET /cormun/servlet/trsolicitudot? HTTP/1.1" 200 25016
190.171.141.90 - - [06/Mar/2019:13:37:48 -0300] "POST /cormun/servlet/trsolicitudot?d04dcec0995c878a5886fd1d956b9ef5,,gx-no-cache=1551890050493 HTTP/1.1" 200 22204
190.171.141.90 - - [06/Mar/2019:13:38:04 -0300] "GET /cormun/servlet/trautorizarsolicitud? HTTP/1.1" 200 8633
190.171.141.90 - - [06/Mar/2019:13:38:04 -0300] "GET /cormun/servlet/trautorizarsolicitud? HTTP/1.1" 200 8633
190.171.152.114 - - [06/Mar/2019:13:38:07 -0300] "GET /cormun/servlet/trautorizarsolicitud? HTTP/1.1" 200 7387
190.171.152.114 - - [06/Mar/2019:13:38:07 -0300] "GET /cormun/static/gxcfg.js?2017111423403364 HTTP/1.1" 200 953
190.171.152.114 - - [06/Mar/2019:13:38:07 -0300] "GET /cormun/static/trautorizarsolicitud.js?201711142340425 HTTP/1.1" 200 53910
190.171.152.114 - - [06/Mar/2019:13:38:15 -0300] "GET /cormun/servlet/trautorizarsolicitud? HTTP/1.1" 200 7386
190.171.152.114 - - [06/Mar/2019:13:38:23 -0300] "GET /cormun/servlet/trsolicitudot? HTTP/1.1" 200 9323
190.171.141.90 - - [06/Mar/2019:13:38:26 -0300] "POST /cormun/servlet/trautorizarsolicitud?d04dcec0995c878a5886fd1d956b9ef5,,gx-no-cache=1551890089807 HTTP/1.1" 200 5847
190.171.141.90 - - [06/Mar/2019:13:38:26 -0300] "GET /cormun/static/Shared/jqueryui/images/ui-bg_highlight-soft_100_c6c2c8_1x100.png HTTP/1.1" 404 1117
190.171.141.90 - - [06/Mar/2019:13:38:26 -0300] "GET /cormun/static/Shared/jqueryui/images/ui-icons_82798d_256x240.png HTTP/1.1" 404 1089
190.171.141.90 - - [06/Mar/2019:13:38:26 -0300] "GET /cormun/static/Shared/jqueryui/images/ui-bg_flat_55_fafafa_40x100.png HTTP/1.1" 404 1097
190.171.141.90 - - [06/Mar/2019:13:38:26 -0300] "GET /cormun/static/Shared/jqueryui/images/ui-icons_8d78a5_256x240.png HTTP/1.1" 404 1089
190.171.152.114 - - [06/Mar/2019:13:38:30 -0300] "POST /cormun/servlet/trsolicitudot?e1dba64d72f63b18dd902ef1b93decf3,,gx-no-cache=1551890094058 HTTP/1.1" 200 5973
190.171.152.114 - - [06/Mar/2019:13:38:31 -0300] "POST /cormun/servlet/trsolicitudot?e1dba64d72f63b18dd902ef1b93decf3,,gx-no-cache=1551890094612 HTTP/1.1" 200 5916
190.171.152.114 - - [06/Mar/2019:13:38:31 -0300] "GET /cormun/static/Shared/jqueryui/images/ui-bg_flat_55_fafafa_40x100.png HTTP/1.1" 404 1097
190.171.152.114 - - [06/Mar/2019:13:38:31 -0300] "GET /cormun/static/Shared/jqueryui/images/ui-bg_highlight-soft_100_c6c2c8_1x100.png HTTP/1.1" 404 1117
190.171.152.114 - - [06/Mar/2019:13:38:31 -0300] "GET /cormun/static/Shared/jqueryui/images/ui-icons_82798d_256x240.png HTTP/1.1" 404 1089
190.171.152.114 - - [06/Mar/2019:13:38:31 -0300] "GET /cormun/static/Shared/jqueryui/images/ui-icons_8d78a5_256x240.png HTTP/1.1" 404 1089
190.171.152.114 - - [06/Mar/2019:13:38:32 -0300] "POST /cormun/servlet/trsolicitudot?e1dba64d72f63b18dd902ef1b93decf3,,gx-no-cache=1551890096236 HTTP/1.1" 200 4759
190.171.152.114 - - [06/Mar/2019:13:38:32 -0300] "POST /cormun/servlet/trsolicitudot?e1dba64d72f63b18dd902ef1b93decf3,,gx-no-cache=1551890096642 HTTP/1.1" 200 4534
190.171.141.90 - - [06/Mar/2019:13:38:34 -0300] "POST /cormun/servlet/trautorizarsolicitud?d04dcec0995c878a5886fd1d956b9ef5,,gx-no-cache=1551890097724 HTTP/1.1" 200 4477
190.171.152.114 - - [06/Mar/2019:13:38:36 -0300] "GET /cormun/servlet/trautorizarsolicitud? HTTP/1.1" 200 9221
190.171.141.90 - - [06/Mar/2019:13:38:39 -0300] "POST /cormun/servlet/trautorizarsolicitud?d04dcec0995c878a5886fd1d956b9ef5,,gx-no-cache=1551890101932 HTTP/1.1" 200 22435
190.171.152.114 - - [06/Mar/2019:13:38:43 -0300] "POST /cormun/servlet/trautorizarsolicitud?e1dba64d72f63b18dd902ef1b93decf3,,gx-no-cache=1551890107368 HTTP/1.1" 200 5895
190.171.152.114 - - [06/Mar/2019:13:38:43 -0300] "POST /cormun/servlet/trautorizarsolicitud?e1dba64d72f63b18dd902ef1b93decf3,,gx-no-cache=1551890107726 HTTP/1.1" 200 5840
190.171.152.114 - - [06/Mar/2019:13:38:43 -0300] "GET /cormun/static/Shared/jqueryui/images/ui-icons_8d78a5_256x240.png HTTP/1.1" 404 1089
190.171.152.114 - - [06/Mar/2019:13:38:43 -0300] "GET /cormun/static/Shared/jqueryui/images/ui-bg_flat_55_fafafa_40x100.png HTTP/1.1" 404 1097
190.171.152.114 - - [06/Mar/2019:13:38:43 -0300] "GET /cormun/static/Shared/jqueryui/images/ui-icons_82798d_256x240.png HTTP/1.1" 404 1089
190.171.152.114 - - [06/Mar/2019:13:38:43 -0300] "GET /cormun/static/Shared/jqueryui/images/ui-bg_highlight-soft_100_c6c2c8_1x100.png HTTP/1.1" 404 1117
190.171.152.114 - - [06/Mar/2019:13:38:44 -0300] "POST /cormun/servlet/trautorizarsolicitud?e1dba64d72f63b18dd902ef1b93decf3,,gx-no-cache=1551890108713 HTTP/1.1" 200 4688
190.171.152.114 - - [06/Mar/2019:13:38:45 -0300] "POST /cormun/servlet/trautorizarsolicitud?e1dba64d72f63b18dd902ef1b93decf3,,gx-no-cache=1551890109327 HTTP/1.1" 200 4465
190.171.141.90 - - [06/Mar/2019:13:39:00 -0300] "POST /cormun/servlet/trautorizarsolicitud?d04dcec0995c878a5886fd1d956b9ef5,,gx-no-cache=1551890122872 HTTP/1.1" 200 5834
190.171.141.90 - - [06/Mar/2019:13:39:06 -0300] "POST /cormun/servlet/trautorizarsolicitud?d04dcec0995c878a5886fd1d956b9ef5,,gx-no-cache=1551890129779 HTTP/1.1" 200 5848
190.171.141.90 - - [06/Mar/2019:13:39:14 -0300] "POST /cormun/servlet/trautorizarsolicitud?d04dcec0995c878a5886fd1d956b9ef5,,gx-no-cache=1551890137738 HTTP/1.1" 200 4477
