200.54.246.54 - - [06/Mar/2019:17:50:00 -0300] "GET /cormun/servlet/solicitudot?INS,0,0, HTTP/1.1" 200 15163
200.54.246.54 - - [06/Mar/2019:17:50:01 -0300] "GET /cormun/static/gxcfg.js?20189101114418 HTTP/1.1" 200 953
200.54.246.54 - - [06/Mar/2019:17:50:01 -0300] "GET /cormun/static/solicitudot.js?20189101114718 HTTP/1.1" 200 71883
200.54.246.54 - - [06/Mar/2019:17:50:02 -0300] "GET /cormun/servlet/solicitudot?INS,0,0, HTTP/1.1" 200 15170
200.54.246.54 - - [06/Mar/2019:17:50:09 -0300] "GET /cormun/servlet/trlicencias? HTTP/1.1" 200 9597
200.54.246.54 - - [06/Mar/2019:17:50:09 -0300] "GET /cormun/servlet/trlicencias? HTTP/1.1" 200 9588
192.168.10.89 - - [06/Mar/2019:17:51:16 -0300] "POST /cormun/servlet/trsolicitudgral?b4c9be317b6ec15b728956eb904dfaef,,gx-no-cache=1551912283495 HTTP/1.1" 200 24244
192.168.10.96 - - [06/Mar/2019:17:52:05 -0300] "GET /cormun/servlet/trsolicitudgral? HTTP/1.1" 500 10
192.168.10.96 - - [06/Mar/2019:17:52:07 -0300] "GET /cormun/servlet/hlogin HTTP/1.1" 200 1717
192.168.10.96 - - [06/Mar/2019:17:52:08 -0300] "GET /cormun/servlet/hlogin HTTP/1.1" 200 1717
192.168.10.96 - - [06/Mar/2019:17:52:15 -0300] "POST /cormun/servlet/hlogin?41e7120803c2cb54b73568836fd367d1,gx-no-cache=1551912342606 HTTP/1.1" 200 90
192.168.10.96 - - [06/Mar/2019:17:52:15 -0300] "GET /cormun/servlet/hpexe_link HTTP/1.1" 200 947
192.168.10.96 - - [06/Mar/2019:17:52:15 -0300] "GET /cormun/servlet/hhome HTTP/1.1" 200 4770
192.168.10.96 - - [06/Mar/2019:17:52:16 -0300] "GET /cormun/servlet/hhome HTTP/1.1" 200 4766
192.168.10.96 - - [06/Mar/2019:17:52:19 -0300] "GET /cormun/servlet/trsolicitudgral? HTTP/1.1" 200 28150
192.168.10.96 - - [06/Mar/2019:17:52:21 -0300] "GET /cormun/servlet/trsolicitudgral? HTTP/1.1" 200 28148
200.54.246.54 - - [06/Mar/2019:17:52:47 -0300] "GET /cormun/servlet/trcontratosolicitud? HTTP/1.1" 200 15043
200.54.246.54 - - [06/Mar/2019:17:52:47 -0300] "GET /cormun/servlet/trcontratosolicitud? HTTP/1.1" 200 15038
200.54.246.54 - - [06/Mar/2019:17:52:55 -0300] "POST /cormun/servlet/trcontratosolicitud?2346da5d8abb54d3b9d308083da4d481,,gx-no-cache=1551905314632 HTTP/1.1" 200 12653
200.54.246.54 - - [06/Mar/2019:17:53:01 -0300] "POST /cormun/servlet/acontrolpreferencessavestate?None,CSILVIA,true HTTP/1.1" 200 35
200.54.246.54 - - [06/Mar/2019:17:53:05 -0300] "POST /cormun/servlet/trcontratosolicitud?2346da5d8abb54d3b9d308083da4d481,,gx-no-cache=1551905324446 HTTP/1.1" 200 12653
200.54.246.54 - - [06/Mar/2019:17:53:15 -0300] "GET /cormun/servlet/trcontratounov2? HTTP/1.1" 200 17319
200.54.246.54 - - [06/Mar/2019:17:53:16 -0300] "GET /cormun/servlet/trcontratounov2? HTTP/1.1" 200 17318
192.168.10.96 - - [06/Mar/2019:17:53:33 -0300] "POST /cormun/servlet/trsolicitudgral?41e7120803c2cb54b73568836fd367d1,,gx-no-cache=1551912419928 HTTP/1.1" 200 23658
200.54.246.54 - - [06/Mar/2019:17:53:40 -0300] "GET /cormun/servlet/trvisualizadoreventos? HTTP/1.1" 200 7114
200.54.246.54 - - [06/Mar/2019:17:53:40 -0300] "GET /cormun/servlet/trvisualizadoreventos? HTTP/1.1" 200 7113
200.54.246.54 - - [06/Mar/2019:17:53:44 -0300] "POST /cormun/servlet/acontrolpreferencessavestate?None,CSILVIA,true HTTP/1.1" 200 35
190.171.153.34 - - [06/Mar/2019:17:54:13 -0300] "GET /cormun/servlet/hlogin HTTP/1.1" 200 1726
190.171.153.34 - - [06/Mar/2019:17:54:13 -0300] "GET /cormun/static/gxtimezone.js?85251 HTTP/1.1" 200 5781
190.171.153.34 - - [06/Mar/2019:17:54:13 -0300] "GET /cormun/static/gxcfg.js?20177612122725 HTTP/1.1" 200 953
190.171.153.34 - - [06/Mar/2019:17:54:13 -0300] "GET /cormun/static/Resources/ComunLogin.png HTTP/1.1" 200 17326
190.171.153.34 - - [06/Mar/2019:17:54:13 -0300] "GET /cormun/static/Resources/Spanish/PXTools.css?1155365 HTTP/1.1" 200 89042
190.171.153.34 - - [06/Mar/2019:17:54:14 -0300] "GET /cormun/static/hlogin.js?20177612122738 HTTP/1.1" 200 2136
190.171.153.34 - - [06/Mar/2019:17:54:14 -0300] "GET /cormun/static/gxgral.js?85251 HTTP/1.1" 200 384558
190.171.153.34 - - [06/Mar/2019:17:54:14 -0300] "GET /cormun/static/Resources/PXToolsLoginTop.png HTTP/1.1" 200 1337
190.171.153.34 - - [06/Mar/2019:17:54:14 -0300] "GET /cormun/static/Resources/PXToolsLoginBackground.png HTTP/1.1" 200 1164
190.171.153.34 - - [06/Mar/2019:17:54:14 -0300] "GET /cormun/static/messages.spa.js?85251 HTTP/1.1" 200 30736
190.171.153.34 - - [06/Mar/2019:17:54:14 -0300] "GET /cormun/static/Resources/PXToolsButtonLeft21.png HTTP/1.1" 200 1287
190.171.153.34 - - [06/Mar/2019:17:54:14 -0300] "GET /cormun/static/Resources/PXToolsButtonRight21.png HTTP/1.1" 200 1283
190.171.153.34 - - [06/Mar/2019:17:54:14 -0300] "GET /cormun/static/Resources/PXToolsLoginBottom.png HTTP/1.1" 200 1389
190.171.153.34 - - [06/Mar/2019:17:54:14 -0300] "GET /cormun/static/Resources/indicator.gif HTTP/1.1" 200 1553
190.171.153.34 - - [06/Mar/2019:17:54:14 -0300] "GET /cormun/servlet/hlogin HTTP/1.1" 200 1737
190.171.153.34 - - [06/Mar/2019:17:54:14 -0300] "GET /cormun/static/Resources/PXToolsButtonBackground2.png HTTP/1.1" 200 1181
190.171.153.34 - - [06/Mar/2019:17:54:14 -0300] "GET /cormun/static/Resources/PXToolsButtonBackground2.png HTTP/1.1" 200 1181
192.168.10.89 - - [06/Mar/2019:17:54:22 -0300] "GET /cormun/servlet/trautorizarot? HTTP/1.1" 200 18170
192.168.10.96 - - [06/Mar/2019:17:54:27 -0300] "GET /cormun/servlet/hlogin HTTP/1.1" 200 1737
192.168.10.96 - - [06/Mar/2019:17:54:34 -0300] "POST /cormun/servlet/hlogin?41e7120803c2cb54b73568836fd367d1,gx-no-cache=1551912481831 HTTP/1.1" 200 450
192.168.10.96 - - [06/Mar/2019:17:54:37 -0300] "POST /cormun/servlet/hlogin?41e7120803c2cb54b73568836fd367d1,gx-no-cache=1551912484284 HTTP/1.1" 200 90
192.168.10.96 - - [06/Mar/2019:17:54:37 -0300] "GET /cormun/servlet/hpexe_link HTTP/1.1" 200 947
192.168.10.96 - - [06/Mar/2019:17:54:37 -0300] "GET /cormun/servlet/hhome HTTP/1.1" 200 4302
192.168.10.96 - - [06/Mar/2019:17:54:37 -0300] "GET /cormun/servlet/hhome HTTP/1.1" 200 4299
192.168.10.96 - - [06/Mar/2019:17:54:39 -0300] "GET /cormun/servlet/trsolicitudot? HTTP/1.1" 200 7521
192.168.10.96 - - [06/Mar/2019:17:54:39 -0300] "GET /cormun/servlet/trsolicitudot? HTTP/1.1" 200 7520
192.168.10.89 - - [06/Mar/2019:17:54:39 -0300] "POST /cormun/servlet/trautorizarot?b4c9be317b6ec15b728956eb904dfaef,,gx-no-cache=1551912487006 HTTP/1.1" 200 5180
192.168.10.96 - - [06/Mar/2019:17:54:41 -0300] "GET /cormun/servlet/solicitudot?INS,0,0, HTTP/1.1" 200 15127
192.168.10.96 - - [06/Mar/2019:17:54:42 -0300] "GET /cormun/servlet/solicitudot?INS,0,0, HTTP/1.1" 200 15133
192.168.10.96 - - [06/Mar/2019:17:54:44 -0300] "GET /cormun/servlet/prfichaempleado?,MD,,gxPopupLevel%3D0%3B HTTP/1.1" 200 9394
192.168.10.89 - - [06/Mar/2019:17:54:45 -0300] "POST /cormun/servlet/trautorizarot?b4c9be317b6ec15b728956eb904dfaef,,gx-no-cache=1551912492885 HTTP/1.1" 200 7968
192.168.10.89 - - [06/Mar/2019:17:54:50 -0300] "POST /cormun/servlet/trautorizarot?b4c9be317b6ec15b728956eb904dfaef,,gx-no-cache=1551912497597 HTTP/1.1" 200 7542
192.168.10.96 - - [06/Mar/2019:17:54:53 -0300] "POST /cormun/servlet/prfichaempleado?41e7120803c2cb54b73568836fd367d1,,MD,,gxPopupLevel%3D0%3B,gx-no-cache=1551912500608 HTTP/1.1" 200 3420
192.168.10.96 - - [06/Mar/2019:17:54:56 -0300] "POST /cormun/servlet/solicitudot?gx-no-cache=1551912503500 HTTP/1.1" 200 3548
192.168.10.96 - - [06/Mar/2019:17:54:56 -0300] "POST /cormun/servlet/solicitudot?41e7120803c2cb54b73568836fd367d1,INS,0,0,,gx-no-cache=1551912503732 HTTP/1.1" 200 11919
192.168.10.96 - - [06/Mar/2019:17:54:58 -0300] "GET /cormun/servlet/solicitudot?6277af9059fe227e437ef99824781cb95a434ec8ee70bf50d08bedbeb318413f0be16eaa4dbe0bcdfcae2650906ace7c,gx-no-cache=1551912505365 HTTP/1.1" 200 30
192.168.10.96 - - [06/Mar/2019:17:54:58 -0300] "GET /cormun/servlet/solicitudot?6277af9059fe227e437ef99824781cb964050c50c8c1aa44135f1fb5562e986af66855efbd23794eb0c7c13a2f520f87,gx-no-cache=1551912505394 HTTP/1.1" 200 30
192.168.10.96 - - [06/Mar/2019:17:54:58 -0300] "GET /cormun/servlet/solicitudot?6277af9059fe227e437ef99824781cb9017b378ef142f9f9898dbabfb1e00790,gx-no-cache=1551912505461 HTTP/1.1" 200 53
192.168.10.96 - - [06/Mar/2019:17:54:58 -0300] "POST /cormun/servlet/solicitudot?gx-no-cache=1551912505515 HTTP/1.1" 200 255
192.168.10.96 - - [06/Mar/2019:17:54:58 -0300] "GET /cormun/servlet/solicitudot?6277af9059fe227e437ef99824781cb924d148828866f6df275531a97f9e6c850e21d4c4cb8d8b7de95cb495d0bb13c53e138724b7e2c9806ae72427d373a21d569a057af5583d3542491bf3b254cddf30280f16392ffdba448d77778ae0cf21b1dff23d76dc95f80c25cd13d4c76314f030d3b21ecb055fc3f580685165f872852226e92985a538678115e43fb93c3966f33bc40b5cdecbc65df775a651a7c4538010e66a8bde4afaaa677cade5cf5de7938d6260e242c4df999f7ae24db6807a480f8fede731d1c8641e1ecf9039990137925811d5d8765469f6fcd700156bb90cecc0d8bf693e618ffbbb9fb172405b96ca349cce61209476019a7183ecfc4e8ecfb008c383b681af94f1540e96db923e42d037d261cb8647542c287744e5fbdfc45108cede5fa922657fd1bddc264c33149255314d461930828880e2783abd499ccd71b6e6ba217d6ca459df722d34a5514dd192fdac14ca489c769f063215cdfe9917157667fa2fa36b02dc393f251369a4ca919aaf8b51b139ae73d57a,gx-no-cache=1551912505740 HTTP/1.1" 200 30
192.168.10.96 - - [06/Mar/2019:17:55:01 -0300] "POST /cormun/servlet/solicitudot?gx-no-cache=1551912508844 HTTP/1.1" 200 30
186.67.172.234 - - [06/Mar/2019:17:55:02 -0300] "GET /cormun/servlet/hlogin HTTP/1.1" 200 1746
192.168.10.89 - - [06/Mar/2019:17:55:02 -0300] "POST /cormun/servlet/trautorizarot?b4c9be317b6ec15b728956eb904dfaef,,gx-no-cache=1551912509770 HTTP/1.1" 200 7745
192.168.10.96 - - [06/Mar/2019:17:55:03 -0300] "GET /cormun/servlet/prsolicitudot?9375324,,,,,MD,,gxPopupLevel%3D0%3B HTTP/1.1" 200 6207
192.168.10.96 - - [06/Mar/2019:17:55:06 -0300] "POST /cormun/servlet/solicitudot?gx-no-cache=1551912513601 HTTP/1.1" 200 1281
192.168.10.96 - - [06/Mar/2019:17:55:06 -0300] "POST /cormun/servlet/solicitudot?gx-no-cache=1551912513634 HTTP/1.1" 200 38
192.168.10.96 - - [06/Mar/2019:17:55:06 -0300] "GET /cormun/servlet/solicitudot?6277af9059fe227e437ef99824781cb9440ecd123f93fb2dd4f08f5409ebfeb0157820f037023e290544ab44493c3e6bee4db73f586160fe3372e8e1a2543ca4c536b5cda654fac5941b6d2e5707d20cd352dd667fd962d87303b7832230506e085a8a30b69a93f8fb1b8e93f2596e4c,gx-no-cache=1551912513649 HTTP/1.1" 200 110
192.168.10.96 - - [06/Mar/2019:17:55:06 -0300] "POST /cormun/servlet/solicitudot?gx-no-cache=1551912513671 HTTP/1.1" 200 79
192.168.10.96 - - [06/Mar/2019:17:55:06 -0300] "GET /cormun/servlet/solicitudot?6277af9059fe227e437ef99824781cb9b39a46567694cc3a9e7ab60731132204c96b711444413e308629bcbe23651914be5ea3d25ee849ab67f42773e6426557500fb995bb021625122b395718bf0e1f3af6563985d1cc3a1b6c5086d5ff1698d3101052062d98358843a8c40b543211369f9fc91fb3e960e32b3689a75973c087b9cdf01217cf066186651d54e159b002f4047e6fa7de1d2f3dd7f5cd1634dd,gx-no-cache=1551912513696 HTTP/1.1" 200 29
192.168.10.96 - - [06/Mar/2019:17:55:06 -0300] "GET /cormun/servlet/solicitudot?6277af9059fe227e437ef99824781cb9496c427939bbc8ce39f78e293f61552e08d6af19d3a29afa0c7b40c4940df5e3,gx-no-cache=1551912513726 HTTP/1.1" 200 30
192.168.10.89 - - [06/Mar/2019:17:55:07 -0300] "POST /cormun/servlet/trautorizarot?b4c9be317b6ec15b728956eb904dfaef,,gx-no-cache=1551912514799 HTTP/1.1" 200 7283
192.168.10.96 - - [06/Mar/2019:17:55:26 -0300] "POST /cormun/servlet/solicitudot?gx-no-cache=1551912533886 HTTP/1.1" 200 72
192.168.10.96 - - [06/Mar/2019:17:55:30 -0300] "POST /cormun/servlet/solicitudot?gx-no-cache=1551912537875 HTTP/1.1" 200 33
192.168.10.89 - - [06/Mar/2019:17:55:34 -0300] "POST /cormun/servlet/trautorizarot?b4c9be317b6ec15b728956eb904dfaef,,gx-no-cache=1551912541376 HTTP/1.1" 200 10939
192.168.10.96 - - [06/Mar/2019:17:55:35 -0300] "POST /cormun/servlet/solicitudot?41e7120803c2cb54b73568836fd367d1,INS,0,0,,gx-no-cache=1551912542848 HTTP/1.1" 200 93
192.168.10.96 - - [06/Mar/2019:17:55:35 -0300] "GET /cormun/servlet/hpexe_return? HTTP/1.1" 200 1003
192.168.10.96 - - [06/Mar/2019:17:55:36 -0300] "GET /cormun/servlet/trsolicitudot HTTP/1.1" 200 8931
192.168.10.96 - - [06/Mar/2019:17:55:36 -0300] "GET /cormun/servlet/trsolicitudot HTTP/1.1" 200 8927
192.168.10.96 - - [06/Mar/2019:17:55:40 -0300] "POST /cormun/servlet/trsolicitudot?41e7120803c2cb54b73568836fd367d1,gx-no-cache=1551912548094 HTTP/1.1" 200 4771
192.168.10.96 - - [06/Mar/2019:17:55:41 -0300] "GET /cormun/static/Shared/jqueryui/images/ui-icons_82798d_256x240.png HTTP/1.1" 404 1089
192.168.10.96 - - [06/Mar/2019:17:55:41 -0300] "GET /cormun/static/Shared/jqueryui/images/ui-icons_8d78a5_256x240.png HTTP/1.1" 404 1089
192.168.10.96 - - [06/Mar/2019:17:55:41 -0300] "GET /cormun/static/Shared/jqueryui/images/ui-bg_highlight-soft_100_c6c2c8_1x100.png HTTP/1.1" 404 1117
192.168.10.96 - - [06/Mar/2019:17:55:41 -0300] "GET /cormun/static/Shared/jqueryui/images/ui-bg_flat_55_fafafa_40x100.png HTTP/1.1" 404 1097
192.168.10.96 - - [06/Mar/2019:17:55:41 -0300] "POST /cormun/servlet/trsolicitudot?41e7120803c2cb54b73568836fd367d1,gx-no-cache=1551912548378 HTTP/1.1" 200 4528
192.168.10.96 - - [06/Mar/2019:17:55:42 -0300] "GET /cormun/servlet/trautorizarsolicitud? HTTP/1.1" 200 8818
192.168.10.89 - - [06/Mar/2019:17:55:42 -0300] "POST /cormun/servlet/trautorizarot?b4c9be317b6ec15b728956eb904dfaef,,gx-no-cache=1551912550089 HTTP/1.1" 200 6523
192.168.10.96 - - [06/Mar/2019:17:55:43 -0300] "GET /cormun/servlet/trautorizarsolicitud? HTTP/1.1" 200 8817
192.168.10.96 - - [06/Mar/2019:17:55:44 -0300] "POST /cormun/servlet/trautorizarsolicitud?41e7120803c2cb54b73568836fd367d1,,gx-no-cache=1551912551855 HTTP/1.1" 200 4701
192.168.10.96 - - [06/Mar/2019:17:55:44 -0300] "GET /cormun/static/Shared/jqueryui/images/ui-bg_highlight-soft_100_c6c2c8_1x100.png HTTP/1.1" 404 1117
192.168.10.96 - - [06/Mar/2019:17:55:44 -0300] "GET /cormun/static/Shared/jqueryui/images/ui-icons_82798d_256x240.png HTTP/1.1" 404 1089
192.168.10.96 - - [06/Mar/2019:17:55:44 -0300] "GET /cormun/static/Shared/jqueryui/images/ui-bg_flat_55_fafafa_40x100.png HTTP/1.1" 404 1097
192.168.10.96 - - [06/Mar/2019:17:55:44 -0300] "GET /cormun/static/Shared/jqueryui/images/ui-icons_8d78a5_256x240.png HTTP/1.1" 404 1089
192.168.10.96 - - [06/Mar/2019:17:55:44 -0300] "POST /cormun/servlet/trautorizarsolicitud?41e7120803c2cb54b73568836fd367d1,,gx-no-cache=1551912552079 HTTP/1.1" 200 4460
192.168.10.89 - - [06/Mar/2019:17:55:46 -0300] "POST /cormun/servlet/trautorizarot?b4c9be317b6ec15b728956eb904dfaef,,gx-no-cache=1551912554043 HTTP/1.1" 200 5356
192.168.10.96 - - [06/Mar/2019:17:55:53 -0300] "GET /cormun/servlet/hlogin HTTP/1.1" 200 1740
192.168.10.89 - - [06/Mar/2019:17:55:55 -0300] "POST /cormun/servlet/trautorizarot?b4c9be317b6ec15b728956eb904dfaef,,gx-no-cache=1551912562327 HTTP/1.1" 200 6539
192.168.10.89 - - [06/Mar/2019:17:55:58 -0300] "POST /cormun/servlet/trautorizarot?b4c9be317b6ec15b728956eb904dfaef,,gx-no-cache=1551912565434 HTTP/1.1" 200 5364
192.168.10.89 - - [06/Mar/2019:17:56:05 -0300] "POST /cormun/servlet/trautorizarot?b4c9be317b6ec15b728956eb904dfaef,,gx-no-cache=1551912572782 HTTP/1.1" 200 6536
192.168.10.89 - - [06/Mar/2019:17:56:11 -0300] "POST /cormun/servlet/trautorizarot?b4c9be317b6ec15b728956eb904dfaef,,gx-no-cache=1551912578458 HTTP/1.1" 200 5359
192.168.10.89 - - [06/Mar/2019:17:56:19 -0300] "POST /cormun/servlet/trautorizarot?b4c9be317b6ec15b728956eb904dfaef,,gx-no-cache=1551912586903 HTTP/1.1" 200 6547
192.168.10.89 - - [06/Mar/2019:17:56:34 -0300] "POST /cormun/servlet/trautorizarot?b4c9be317b6ec15b728956eb904dfaef,,gx-no-cache=1551912601772 HTTP/1.1" 200 5366
192.168.10.89 - - [06/Mar/2019:17:56:42 -0300] "POST /cormun/servlet/trautorizarot?b4c9be317b6ec15b728956eb904dfaef,,gx-no-cache=1551912609934 HTTP/1.1" 200 6544
192.168.10.89 - - [06/Mar/2019:17:56:47 -0300] "POST /cormun/servlet/trautorizarot?b4c9be317b6ec15b728956eb904dfaef,,gx-no-cache=1551912614859 HTTP/1.1" 200 5356
192.168.10.89 - - [06/Mar/2019:17:56:56 -0300] "POST /cormun/servlet/trautorizarot?b4c9be317b6ec15b728956eb904dfaef,,gx-no-cache=1551912623207 HTTP/1.1" 200 7271
192.168.10.89 - - [06/Mar/2019:17:57:07 -0300] "POST /cormun/servlet/trautorizarot?b4c9be317b6ec15b728956eb904dfaef,,gx-no-cache=1551912634438 HTTP/1.1" 200 6854
192.168.10.89 - - [06/Mar/2019:17:57:17 -0300] "POST /cormun/servlet/trautorizarot?b4c9be317b6ec15b728956eb904dfaef,,gx-no-cache=1551912645088 HTTP/1.1" 200 6536
192.168.10.89 - - [06/Mar/2019:17:57:23 -0300] "POST /cormun/servlet/trautorizarot?b4c9be317b6ec15b728956eb904dfaef,,gx-no-cache=1551912650676 HTTP/1.1" 200 5358
192.168.10.89 - - [06/Mar/2019:17:57:32 -0300] "POST /cormun/servlet/trautorizarot?b4c9be317b6ec15b728956eb904dfaef,,gx-no-cache=1551912659599 HTTP/1.1" 200 6867
192.168.10.89 - - [06/Mar/2019:17:57:39 -0300] "POST /cormun/servlet/trautorizarot?b4c9be317b6ec15b728956eb904dfaef,,gx-no-cache=1551912666423 HTTP/1.1" 200 5365
192.168.10.89 - - [06/Mar/2019:17:57:48 -0300] "POST /cormun/servlet/trautorizarot?b4c9be317b6ec15b728956eb904dfaef,,gx-no-cache=1551912675703 HTTP/1.1" 200 6540
192.168.10.96 - - [06/Mar/2019:17:57:52 -0300] "POST /cormun/servlet/hlogin?41e7120803c2cb54b73568836fd367d1,gx-no-cache=1551912680073 HTTP/1.1" 200 90
192.168.10.96 - - [06/Mar/2019:17:57:52 -0300] "GET /cormun/servlet/hpexe_link HTTP/1.1" 200 947
192.168.10.96 - - [06/Mar/2019:17:57:52 -0300] "GET /cormun/servlet/hhome HTTP/1.1" 200 4770
192.168.10.96 - - [06/Mar/2019:17:57:53 -0300] "GET /cormun/servlet/hhome HTTP/1.1" 200 4766
192.168.10.96 - - [06/Mar/2019:17:57:57 -0300] "GET /cormun/servlet/trsolicitudgral? HTTP/1.1" 200 26518
192.168.10.96 - - [06/Mar/2019:17:57:58 -0300] "GET /cormun/servlet/trsolicitudgral? HTTP/1.1" 200 26515
192.168.10.96 - - [06/Mar/2019:17:58:18 -0300] "POST /cormun/servlet/trsolicitudgral?41e7120803c2cb54b73568836fd367d1,,gx-no-cache=1551912704614 HTTP/1.1" 200 25564
192.168.10.96 - - [06/Mar/2019:17:58:24 -0300] "POST /cormun/servlet/trsolicitudgral?41e7120803c2cb54b73568836fd367d1,,gx-no-cache=1551912710034 HTTP/1.1" 200 25533
192.168.10.96 - - [06/Mar/2019:17:58:24 -0300] "GET /cormun/static/Shared/jqueryui/images/ui-bg_highlight-soft_100_c6c2c8_1x100.png HTTP/1.1" 404 1117
192.168.10.96 - - [06/Mar/2019:17:58:24 -0300] "GET /cormun/static/Shared/jqueryui/images/ui-icons_82798d_256x240.png HTTP/1.1" 404 1089
192.168.10.96 - - [06/Mar/2019:17:58:24 -0300] "GET /cormun/static/Shared/jqueryui/images/ui-bg_flat_55_fafafa_40x100.png HTTP/1.1" 404 1097
192.168.10.96 - - [06/Mar/2019:17:58:24 -0300] "GET /cormun/static/Shared/jqueryui/images/ui-icons_8d78a5_256x240.png HTTP/1.1" 404 1089
192.168.10.89 - - [06/Mar/2019:17:58:30 -0300] "POST /cormun/servlet/trautorizarot?b4c9be317b6ec15b728956eb904dfaef,,gx-no-cache=1551912717830 HTTP/1.1" 200 5362
192.168.10.89 - - [06/Mar/2019:17:58:38 -0300] "POST /cormun/servlet/trautorizarot?b4c9be317b6ec15b728956eb904dfaef,,gx-no-cache=1551912726143 HTTP/1.1" 200 6536
192.168.10.96 - - [06/Mar/2019:17:58:40 -0300] "GET /cormun/servlet/hlogin HTTP/1.1" 200 1737
192.168.10.89 - - [06/Mar/2019:17:58:43 -0300] "POST /cormun/servlet/trautorizarot?b4c9be317b6ec15b728956eb904dfaef,,gx-no-cache=1551912730621 HTTP/1.1" 200 5360
192.168.10.96 - - [06/Mar/2019:17:58:48 -0300] "POST /cormun/servlet/hlogin?41e7120803c2cb54b73568836fd367d1,gx-no-cache=1551912735218 HTTP/1.1" 200 90
192.168.10.96 - - [06/Mar/2019:17:58:48 -0300] "GET /cormun/servlet/hpexe_link HTTP/1.1" 200 947
192.168.10.96 - - [06/Mar/2019:17:58:48 -0300] "GET /cormun/servlet/hhome HTTP/1.1" 200 3800
192.168.10.96 - - [06/Mar/2019:17:58:48 -0300] "GET /cormun/servlet/hhome HTTP/1.1" 200 3797
192.168.10.89 - - [06/Mar/2019:17:58:51 -0300] "POST /cormun/servlet/trautorizarot?b4c9be317b6ec15b728956eb904dfaef,,gx-no-cache=1551912738471 HTTP/1.1" 200 6538
192.168.10.89 - - [06/Mar/2019:17:58:55 -0300] "POST /cormun/servlet/trautorizarot?b4c9be317b6ec15b728956eb904dfaef,,gx-no-cache=1551912742714 HTTP/1.1" 200 5353
192.168.10.89 - - [06/Mar/2019:17:59:03 -0300] "POST /cormun/servlet/trautorizarot?b4c9be317b6ec15b728956eb904dfaef,,gx-no-cache=1551912751037 HTTP/1.1" 200 6547
192.168.10.96 - - [06/Mar/2019:17:59:08 -0300] "GET /cormun/servlet/trautorizarot? HTTP/1.1" 200 18590
192.168.10.96 - - [06/Mar/2019:17:59:08 -0300] "GET /cormun/servlet/trautorizarot? HTTP/1.1" 200 18587
192.168.10.89 - - [06/Mar/2019:17:59:11 -0300] "POST /cormun/servlet/trautorizarot?b4c9be317b6ec15b728956eb904dfaef,,gx-no-cache=1551912758798 HTTP/1.1" 200 5356
192.168.10.96 - - [06/Mar/2019:17:59:11 -0300] "POST /cormun/servlet/trautorizarot?41e7120803c2cb54b73568836fd367d1,,gx-no-cache=1551912758866 HTTP/1.1" 200 15212
192.168.10.89 - - [06/Mar/2019:17:59:19 -0300] "POST /cormun/servlet/trautorizarot?b4c9be317b6ec15b728956eb904dfaef,,gx-no-cache=1551912766392 HTTP/1.1" 200 6553
192.168.10.89 - - [06/Mar/2019:17:59:24 -0300] "POST /cormun/servlet/trautorizarot?b4c9be317b6ec15b728956eb904dfaef,,gx-no-cache=1551912771458 HTTP/1.1" 200 5359
192.168.10.89 - - [06/Mar/2019:17:59:33 -0300] "POST /cormun/servlet/trautorizarot?b4c9be317b6ec15b728956eb904dfaef,,gx-no-cache=1551912780576 HTTP/1.1" 200 6542
192.168.10.89 - - [06/Mar/2019:17:59:38 -0300] "POST /cormun/servlet/trautorizarot?b4c9be317b6ec15b728956eb904dfaef,,gx-no-cache=1551912785918 HTTP/1.1" 200 5363
192.168.10.96 - - [06/Mar/2019:17:59:41 -0300] "POST /cormun/servlet/trautorizarot?41e7120803c2cb54b73568836fd367d1,,gx-no-cache=1551912788573 HTTP/1.1" 200 11910
192.168.10.96 - - [06/Mar/2019:17:59:47 -0300] "POST /cormun/servlet/trautorizarot?41e7120803c2cb54b73568836fd367d1,,gx-no-cache=1551912794885 HTTP/1.1" 200 13903
192.168.10.89 - - [06/Mar/2019:17:59:51 -0300] "POST /cormun/servlet/trautorizarot?b4c9be317b6ec15b728956eb904dfaef,,gx-no-cache=1551912798584 HTTP/1.1" 200 6542
200.54.246.54 - - [06/Mar/2019:17:59:56 -0300] "GET /cormun/servlet/trfichaempleado? HTTP/1.1" 200 12202
192.168.10.89 - - [06/Mar/2019:17:59:57 -0300] "POST /cormun/servlet/trautorizarot?b4c9be317b6ec15b728956eb904dfaef,,gx-no-cache=1551912804607 HTTP/1.1" 200 5352
192.168.10.89 - - [06/Mar/2019:18:00:06 -0300] "POST /cormun/servlet/trautorizarot?b4c9be317b6ec15b728956eb904dfaef,,gx-no-cache=1551912813384 HTTP/1.1" 200 6548
192.168.10.89 - - [06/Mar/2019:18:00:11 -0300] "POST /cormun/servlet/trautorizarot?b4c9be317b6ec15b728956eb904dfaef,,gx-no-cache=1551912818780 HTTP/1.1" 200 5357
192.168.10.89 - - [06/Mar/2019:18:00:32 -0300] "POST /cormun/servlet/trautorizarot?b4c9be317b6ec15b728956eb904dfaef,,gx-no-cache=1551912840098 HTTP/1.1" 200 6939
192.168.10.89 - - [06/Mar/2019:18:00:48 -0300] "POST /cormun/servlet/trautorizarot?b4c9be317b6ec15b728956eb904dfaef,,gx-no-cache=1551912855775 HTTP/1.1" 200 6551
40.77.167.53 - - [06/Mar/2019:18:01:21 -0300] "GET /cormun/servlet/trsolicitudot HTTP/1.1" 200 6451
192.168.10.89 - - [06/Mar/2019:18:03:17 -0300] "POST /cormun/servlet/trautorizarot?b4c9be317b6ec15b728956eb904dfaef,,gx-no-cache=1551913004582 HTTP/1.1" 200 6540
192.168.10.89 - - [06/Mar/2019:18:03:30 -0300] "POST /cormun/servlet/trautorizarot?b4c9be317b6ec15b728956eb904dfaef,,gx-no-cache=1551913018185 HTTP/1.1" 200 5359
192.168.10.96 - - [06/Mar/2019:18:05:24 -0300] "GET /cormun/servlet/trsolicitudgral? HTTP/1.1" 200 27156
192.168.10.96 - - [06/Mar/2019:18:05:26 -0300] "GET /cormun/servlet/trsolicitudgral? HTTP/1.1" 200 27156
192.168.10.96 - - [06/Mar/2019:18:05:34 -0300] "POST /cormun/servlet/trsolicitudgral?41e7120803c2cb54b73568836fd367d1,,gx-no-cache=1551913141494 HTTP/1.1" 200 5285
192.168.10.96 - - [06/Mar/2019:18:05:39 -0300] "POST /cormun/servlet/trsolicitudgral?41e7120803c2cb54b73568836fd367d1,,gx-no-cache=1551913146719 HTTP/1.1" 200 5284
192.168.10.96 - - [06/Mar/2019:18:05:40 -0300] "POST /cormun/servlet/trsolicitudgral?41e7120803c2cb54b73568836fd367d1,,gx-no-cache=1551913147414 HTTP/1.1" 200 5285
192.168.10.96 - - [06/Mar/2019:18:05:40 -0300] "POST /cormun/servlet/trsolicitudgral?41e7120803c2cb54b73568836fd367d1,,gx-no-cache=1551913147624 HTTP/1.1" 200 5285
192.168.10.96 - - [06/Mar/2019:18:05:44 -0300] "POST /cormun/servlet/trsolicitudgral?41e7120803c2cb54b73568836fd367d1,,gx-no-cache=1551913152022 HTTP/1.1" 200 7203
40.77.167.53 - - [06/Mar/2019:18:06:51 -0300] "GET /cormun/static/PXToolsJavascripts/PXToolsJavascriptsRender.js HTTP/1.1" 200 367
40.77.167.53 - - [06/Mar/2019:18:06:51 -0300] "GET /cormun/static/PXToolsJavascripts/pexe_oavdivfix.js HTTP/1.1" 200 639
40.77.167.53 - - [06/Mar/2019:18:06:52 -0300] "GET /cormun/static/Resources/Spanish/PXTools.css?1255365 HTTP/1.1" 200 89042
40.77.167.53 - - [06/Mar/2019:18:06:53 -0300] "GET /cormun/static/Shared/jqueryui/jquery-ui.min.js HTTP/1.1" 200 240427
40.77.167.53 - - [06/Mar/2019:18:06:54 -0300] "GET /cormun/static/SmoothNavMenu/resources/ddsmoothmenu.js HTTP/1.1" 200 12712
207.46.13.29 - - [06/Mar/2019:18:06:55 -0300] "GET /cormun/static/PXToolsJavascripts/pexe_menudivfix.js HTTP/1.1" 200 333
207.46.13.29 - - [06/Mar/2019:18:06:55 -0300] "GET /cormun/static/PXToolsJavascripts/pexe_oav.js HTTP/1.1" 200 645
207.46.13.29 - - [06/Mar/2019:18:06:55 -0300] "GET /cormun/static/PXToolsJavascripts/pexe_tabdivfix.js HTTP/1.1" 200 876
207.46.13.29 - - [06/Mar/2019:18:06:55 -0300] "GET /cormun/static/calendar-setup.js?85251 HTTP/1.1" 200 2588
207.46.13.29 - - [06/Mar/2019:18:06:56 -0300] "GET /cormun/static/gxui/gxui-all.css?120300 HTTP/1.1" 200 2179
207.46.13.29 - - [06/Mar/2019:18:06:56 -0300] "GET /cormun/static/hpexe_messagegenexuscomponent.js?201752511465344 HTTP/1.1" 200 587
207.46.13.29 - - [06/Mar/2019:18:06:56 -0300] "GET /cormun/static/hwchdr01.js?201752511465785 HTTP/1.1" 200 1183
207.46.13.29 - - [06/Mar/2019:18:06:56 -0300] "GET /cormun/static/trsolicitudot.js?201711142259839 HTTP/1.1" 200 54041
40.77.167.53 - - [06/Mar/2019:18:07:04 -0300] "GET /cormun/static/calendar-es.js?85251 HTTP/1.1" 200 1901
40.77.167.53 - - [06/Mar/2019:18:07:04 -0300] "GET /cormun/static/hpexe_messagecontroller.js?20177611595012 HTTP/1.1" 200 870
40.77.167.53 - - [06/Mar/2019:18:07:04 -0300] "GET /cormun/static/scaMessage/scaMessageRender.js HTTP/1.1" 200 11977
157.55.39.78 - - [06/Mar/2019:18:07:08 -0300] "GET /cormun/static/PXToolsJavascripts/pexe_autoreload.js HTTP/1.1" 200 1762
157.55.39.78 - - [06/Mar/2019:18:07:08 -0300] "GET /cormun/static/PXToolsJavascripts/pexe_windows.js HTTP/1.1" 200 15207
157.55.39.78 - - [06/Mar/2019:18:07:08 -0300] "GET /cormun/static/calendar.js?85251 HTTP/1.1" 200 26246
157.55.39.78 - - [06/Mar/2019:18:07:09 -0300] "GET /cormun/static/cmcontrolpreferences.js?201752511465670 HTTP/1.1" 200 1375
157.55.39.78 - - [06/Mar/2019:18:07:09 -0300] "GET /cormun/static/gxtimezone.js?85251 HTTP/1.1" 200 5781
157.55.39.11 - - [06/Mar/2019:18:07:13 -0300] "GET /cormun/static/PXToolsJavascripts/pexe_cookies.js HTTP/1.1" 200 792
157.55.39.11 - - [06/Mar/2019:18:07:14 -0300] "GET /cormun/static/PXToolsJavascripts/pexe_layers.js HTTP/1.1" 200 4114
157.55.39.11 - - [06/Mar/2019:18:07:14 -0300] "GET /cormun/static/PXToolsJavascripts/pexe_picture.js HTTP/1.1" 200 689
157.55.39.11 - - [06/Mar/2019:18:07:18 -0300] "GET /cormun/static/Shared/ext/ext-all.js HTTP/1.1" 200 1289687
157.55.39.11 - - [06/Mar/2019:18:07:20 -0300] "GET /cormun/static/Shared/ext/resources/css/ext-all.css?215870 HTTP/1.1" 200 416045
157.55.39.11 - - [06/Mar/2019:18:07:20 -0300] "GET /cormun/static/Shared/jquery/jquery-1.4.2.min.js HTTP/1.1" 200 72174
157.55.39.11 - - [06/Mar/2019:18:07:21 -0300] "GET /cormun/static/Shared/jqueryui/jquery-ui.min.css?1245370 HTTP/1.1" 200 30288
157.55.39.11 - - [06/Mar/2019:18:07:21 -0300] "GET /cormun/static/SmoothNavMenu/resources/ddsmoothmenu-v.css?1012540 HTTP/1.1" 200 1188
157.55.39.11 - - [06/Mar/2019:18:07:21 -0300] "GET /cormun/static/calendar-system.css?85620 HTTP/1.1" 200 5572
157.55.39.11 - - [06/Mar/2019:18:07:21 -0300] "GET /cormun/static/gxui/gxui-all.js HTTP/1.1" 200 107772
157.55.39.11 - - [06/Mar/2019:18:07:22 -0300] "GET /cormun/static/hpexe_messagepopupcomponent.js?20161017169425 HTTP/1.1" 200 605
157.55.39.11 - - [06/Mar/2019:18:07:22 -0300] "GET /cormun/static/hpexe_recentlink.js?20177611595044 HTTP/1.1" 200 2144
157.55.39.11 - - [06/Mar/2019:18:07:22 -0300] "GET /cormun/static/messages.spa.js?85251 HTTP/1.1" 200 30736
157.55.39.11 - - [06/Mar/2019:18:07:22 -0300] "GET /cormun/static/scaMessage/css/jquery.pnotify.default.css?1716380 HTTP/1.1" 200 1707
157.55.39.11 - - [06/Mar/2019:18:07:22 -0300] "GET /cormun/static/scaMessage/js/jquery.pnotify.min.js HTTP/1.1" 200 13038
192.168.10.96 - - [06/Mar/2019:18:31:49 -0300] "GET /cormun/servlet/trautorizarot? HTTP/1.1" 200 16882
192.168.10.96 - - [06/Mar/2019:18:31:51 -0300] "GET /cormun/servlet/trautorizarot? HTTP/1.1" 200 16881
192.168.10.96 - - [06/Mar/2019:18:32:22 -0300] "POST /cormun/servlet/trautorizarot?41e7120803c2cb54b73568836fd367d1,,gx-no-cache=1551914749628 HTTP/1.1" 200 6569
192.168.10.96 - - [06/Mar/2019:18:32:27 -0300] "POST /cormun/servlet/trautorizarot?41e7120803c2cb54b73568836fd367d1,,gx-no-cache=1551914754334 HTTP/1.1" 200 5375
192.168.10.96 - - [06/Mar/2019:18:33:54 -0300] "POST /cormun/servlet/trautorizarot?41e7120803c2cb54b73568836fd367d1,,gx-no-cache=1551914841969 HTTP/1.1" 200 13538
192.168.10.96 - - [06/Mar/2019:18:34:24 -0300] "POST /cormun/servlet/trautorizarot?41e7120803c2cb54b73568836fd367d1,,gx-no-cache=1551914871828 HTTP/1.1" 200 13141
192.168.10.96 - - [06/Mar/2019:18:34:42 -0300] "POST /cormun/servlet/trautorizarot?41e7120803c2cb54b73568836fd367d1,,gx-no-cache=1551914890139 HTTP/1.1" 200 6553
192.168.10.96 - - [06/Mar/2019:18:35:16 -0300] "GET /cormun/servlet/trsolicitudgral? HTTP/1.1" 200 10221
192.168.10.96 - - [06/Mar/2019:18:35:17 -0300] "GET /cormun/servlet/trsolicitudgral? HTTP/1.1" 200 10221
192.168.10.89 - - [06/Mar/2019:18:35:19 -0300] "POST /cormun/servlet/trautorizarot?b4c9be317b6ec15b728956eb904dfaef,,gx-no-cache=1551914926418 HTTP/1.1" 440 972
192.168.10.89 - - [06/Mar/2019:18:35:20 -0300] "GET /cormun/servlet/trautorizarot? HTTP/1.1" 200 16799
192.168.10.89 - - [06/Mar/2019:18:35:21 -0300] "GET /cormun/servlet/hlogin HTTP/1.1" 200 1742
192.168.10.96 - - [06/Mar/2019:18:35:24 -0300] "POST /cormun/servlet/trsolicitudgral?41e7120803c2cb54b73568836fd367d1,,gx-no-cache=1551914932155 HTTP/1.1" 200 7249
192.168.10.96 - - [06/Mar/2019:18:36:22 -0300] "POST /cormun/servlet/trsolicitudgral?41e7120803c2cb54b73568836fd367d1,,gx-no-cache=1551914990019 HTTP/1.1" 200 12406
192.168.10.96 - - [06/Mar/2019:18:36:26 -0300] "POST /cormun/servlet/trsolicitudgral?41e7120803c2cb54b73568836fd367d1,,gx-no-cache=1551914993196 HTTP/1.1" 200 12407
192.168.10.96 - - [06/Mar/2019:18:36:42 -0300] "POST /cormun/servlet/trsolicitudgral?41e7120803c2cb54b73568836fd367d1,,gx-no-cache=1551915008582 HTTP/1.1" 200 5495
192.168.10.96 - - [06/Mar/2019:18:36:42 -0300] "GET /cormun/static/Shared/jqueryui/images/ui-bg_highlight-soft_100_c6c2c8_1x100.png HTTP/1.1" 404 1117
192.168.10.96 - - [06/Mar/2019:18:36:42 -0300] "GET /cormun/static/Shared/jqueryui/images/ui-icons_82798d_256x240.png HTTP/1.1" 404 1089
192.168.10.96 - - [06/Mar/2019:18:36:42 -0300] "GET /cormun/static/Shared/jqueryui/images/ui-bg_flat_55_fafafa_40x100.png HTTP/1.1" 404 1097
192.168.10.96 - - [06/Mar/2019:18:36:42 -0300] "GET /cormun/static/Shared/jqueryui/images/ui-icons_8d78a5_256x240.png HTTP/1.1" 404 1089
192.168.10.96 - - [06/Mar/2019:18:36:46 -0300] "GET /cormun/servlet/trautorizarot? HTTP/1.1" 200 9818
192.168.10.96 - - [06/Mar/2019:18:36:47 -0300] "GET /cormun/servlet/trautorizarot? HTTP/1.1" 200 9817
192.168.10.96 - - [06/Mar/2019:18:36:54 -0300] "GET /cormun/servlet/trsolicitudgral? HTTP/1.1" 200 8284
192.168.10.96 - - [06/Mar/2019:18:36:54 -0300] "GET /cormun/servlet/trsolicitudgral? HTTP/1.1" 200 8284
192.168.10.96 - - [06/Mar/2019:18:36:58 -0300] "POST /cormun/servlet/trsolicitudgral?41e7120803c2cb54b73568836fd367d1,,gx-no-cache=1551915025605 HTTP/1.1" 200 18783
192.168.10.89 - - [06/Mar/2019:18:37:05 -0300] "GET /cormun/servlet/hlogin HTTP/1.1" 200 1726
192.168.10.96 - - [06/Mar/2019:18:37:10 -0300] "POST /cormun/servlet/trsolicitudgral?41e7120803c2cb54b73568836fd367d1,,gx-no-cache=1551915037663 HTTP/1.1" 200 6950
192.168.10.89 - - [06/Mar/2019:18:37:13 -0300] "POST /cormun/servlet/hlogin?3303aaf8b86ba7c32c4b461ca880d632,gx-no-cache=1551915040817 HTTP/1.1" 200 90
192.168.10.89 - - [06/Mar/2019:18:37:13 -0300] "GET /cormun/servlet/hpexe_link HTTP/1.1" 200 956
192.168.10.89 - - [06/Mar/2019:18:37:13 -0300] "GET /cormun/servlet/hhome HTTP/1.1" 200 3826
157.55.39.11 - - [06/Mar/2019:18:37:13 -0300] "GET /cormun/servlet/hlogin HTTP/1.1" 200 1709
192.168.10.96 - - [06/Mar/2019:18:37:15 -0300] "GET /cormun/servlet/solicitudgral2?UPD,2019,14317, HTTP/1.1" 200 12349
192.168.10.96 - - [06/Mar/2019:18:37:16 -0300] "GET /cormun/servlet/solicitudgral2?UPD,2019,14317, HTTP/1.1" 200 12359
192.168.10.96 - - [06/Mar/2019:18:37:16 -0300] "POST /cormun/servlet/solicitudgral2?gx-no-cache=1551915043839 HTTP/1.1" 200 4043
192.168.10.96 - - [06/Mar/2019:18:37:16 -0300] "GET /cormun/servlet/solicitudgral2?6277af9059fe227e437ef99824781cb9e51cb719b555a5ec5baa65eb87497b78cdfe9ac98e33c82d18a8f4f0e06edc93b42a144d74bdaf44143cdec8ab9be7cf0cc8a85d72c3122d3ac2e87a89b1f7a0b83485cadfab318c5a13efdd4b8075be12fcdbfdf655a9415ea37bbe560382a7e84ca297c4d8bdf446b1422cd0664b2527b4bb30b5a5df7bae40b5d9f1751e168220125eb110b2be2b7d94cfc762b4c4b7bfe6f42be49bc0ce32797b2409c441ddc8c1c650e2d6d16161af40f1dbddb9740b569fa1d546c05281df0ffdfa9e9d374918f02e177f0a34ddb7e0c688616022fc57697a334b9cb529efb2375daea7c96b711444413e308629bcbe23651914e9b82639f6d5838e50a8767f9ede9e03edd3fa6c6c171f5b32652d6f6a6626a1f43e050fac4f91690c959bc4733f773e12d006866b67ad2bba3b25c551e06d6e690de153d414961ba6de740aa68a70e6,gx-no-cache=1551915043998 HTTP/1.1" 200 255
192.168.10.96 - - [06/Mar/2019:18:37:16 -0300] "GET /cormun/servlet/solicitudgral2?6277af9059fe227e437ef99824781cb921c5b5c2b6a96d2d580c32627873c158efe892c642822ab9417b9dfdb830e6d35f311a210dac754f751f5e2225b6a577afc1e4a2e893a7dcadeece8ddd21eb13626efd6ad68cfffd38be81a278c7aa04,gx-no-cache=1551915044054 HTTP/1.1" 200 33
192.168.10.96 - - [06/Mar/2019:18:37:16 -0300] "GET /cormun/servlet/solicitudgral2?6277af9059fe227e437ef99824781cb97e918c76ae17de09724c9b9d9e6dcf7fd6328e2258a8a1c3fa445e0b665c1edbee4db73f586160fe3372e8e1a2543ca4f613ffa67a4b59d5fea792b1c57b7ae1eaf106a2b02674ccb2b66741f99bad0ffbc884203ce49118a96f1d725257d85a,gx-no-cache=1551915044113 HTTP/1.1" 200 40
192.168.10.96 - - [06/Mar/2019:18:37:17 -0300] "GET /cormun/servlet/solicitudgral2?6277af9059fe227e437ef99824781cb91662cf43d003105286fca01f059467e4cdfe9ac98e33c82d18a8f4f0e06edc93b42a144d74bdaf44143cdec8ab9be7cf22aa800507fda6c2557c3a208a0b8458a12109886e2bfedbef269a36d72616e2,gx-no-cache=1551915044964 HTTP/1.1" 200 30
192.168.10.96 - - [06/Mar/2019:18:37:17 -0300] "POST /cormun/servlet/solicitudgral2?gx-no-cache=1551915045019 HTTP/1.1" 200 97
192.168.10.89 - - [06/Mar/2019:18:37:18 -0300] "GET /cormun/servlet/trautorizarot? HTTP/1.1" 200 22844
192.168.10.96 - - [06/Mar/2019:18:37:20 -0300] "POST /cormun/servlet/solicitudgral2?41e7120803c2cb54b73568836fd367d1,UPD,2019,14317,,gx-no-cache=1551915047224 HTTP/1.1" 200 11387
192.168.10.96 - - [06/Mar/2019:18:37:20 -0300] "GET /cormun/servlet/solicitudgral2?6277af9059fe227e437ef99824781cb99e919cf547e90a5dcfdb9054c01f256679d46501a181da6afea26873ccd32332bd2bfddb5a14067a90091639c262c0077a347c5904e06ba78c26b7acfac48d2209970e91235ae9bd05e709df81c11bba3338d66c98905b88a110b7720565103591d583460699dbdfb540730aa45f28c2a91abe81a119b12ef6c037d243cfcf645be774198b96b9037c70ac2eaa2d8f4e,gx-no-cache=1551915047442 HTTP/1.1" 200 29
192.168.10.96 - - [06/Mar/2019:18:37:20 -0300] "GET /cormun/servlet/solicitudgral2?6277af9059fe227e437ef99824781cb9f5bd997f345dfdbd5519473b2295f08f01d283cb3f6c9838797d893dbb932627f56593d8623c82cb2e6d220f3df67689fc8fbe9ae4058d480d304a3325a262612d4a04fa193af04823ff4e7966db9fd746a61e1b4baf923ec7d6bca7fbcdaee20be16eaa4dbe0bcdfcae2650906ace7c,gx-no-cache=1551915047464 HTTP/1.1" 200 30
192.168.10.96 - - [06/Mar/2019:18:37:20 -0300] "POST /cormun/servlet/solicitudgral2?41e7120803c2cb54b73568836fd367d1,UPD,2019,14317,,gx-no-cache=1551915047514 HTTP/1.1" 200 93
192.168.10.96 - - [06/Mar/2019:18:37:20 -0300] "GET /cormun/servlet/hpexe_return? HTTP/1.1" 200 1013
192.168.10.96 - - [06/Mar/2019:18:37:20 -0300] "GET /cormun/servlet/trsolicitudgral? HTTP/1.1" 200 9977
192.168.10.96 - - [06/Mar/2019:18:37:21 -0300] "GET /cormun/servlet/trsolicitudgral? HTTP/1.1" 200 9973
192.168.10.96 - - [06/Mar/2019:18:37:29 -0300] "GET /cormun/servlet/trautorizarot? HTTP/1.1" 200 9825
192.168.10.89 - - [06/Mar/2019:18:37:29 -0300] "GET /cormun/static/menuarrow.gif HTTP/1.1" 404 1015
192.168.10.96 - - [06/Mar/2019:18:37:29 -0300] "GET /cormun/servlet/trautorizarot? HTTP/1.1" 200 9825
192.168.10.96 - - [06/Mar/2019:18:37:35 -0300] "POST /cormun/servlet/trautorizarot?41e7120803c2cb54b73568836fd367d1,,gx-no-cache=1551915062643 HTTP/1.1" 200 5367
192.168.10.96 - - [06/Mar/2019:18:37:45 -0300] "POST /cormun/servlet/trautorizarot?41e7120803c2cb54b73568836fd367d1,,gx-no-cache=1551915072608 HTTP/1.1" 200 18110
192.168.10.89 - - [06/Mar/2019:18:37:45 -0300] "POST /cormun/servlet/trautorizarot?3303aaf8b86ba7c32c4b461ca880d632,,gx-no-cache=1551915072955 HTTP/1.1" 200 6561
192.168.10.89 - - [06/Mar/2019:18:37:52 -0300] "POST /cormun/servlet/trautorizarot?3303aaf8b86ba7c32c4b461ca880d632,,gx-no-cache=1551915079717 HTTP/1.1" 200 5369
192.168.10.96 - - [06/Mar/2019:18:37:54 -0300] "POST /cormun/servlet/trautorizarot?41e7120803c2cb54b73568836fd367d1,,gx-no-cache=1551915081812 HTTP/1.1" 200 6519
192.168.10.96 - - [06/Mar/2019:18:38:04 -0300] "POST /cormun/servlet/trautorizarot?41e7120803c2cb54b73568836fd367d1,,gx-no-cache=1551915091823 HTTP/1.1" 200 18109
192.168.10.89 - - [06/Mar/2019:18:38:17 -0300] "POST /cormun/servlet/trautorizarot?3303aaf8b86ba7c32c4b461ca880d632,,gx-no-cache=1551915104455 HTTP/1.1" 200 6568
192.168.10.96 - - [06/Mar/2019:18:38:21 -0300] "POST /cormun/servlet/trautorizarot?41e7120803c2cb54b73568836fd367d1,,gx-no-cache=1551915108371 HTTP/1.1" 200 16559
192.168.10.89 - - [06/Mar/2019:18:38:26 -0300] "POST /cormun/servlet/trautorizarot?3303aaf8b86ba7c32c4b461ca880d632,,gx-no-cache=1551915113323 HTTP/1.1" 200 5369
192.168.10.96 - - [06/Mar/2019:18:38:28 -0300] "POST /cormun/servlet/trautorizarot?41e7120803c2cb54b73568836fd367d1,,gx-no-cache=1551915115938 HTTP/1.1" 200 6562
192.168.10.89 - - [06/Mar/2019:18:38:34 -0300] "POST /cormun/servlet/trautorizarot?3303aaf8b86ba7c32c4b461ca880d632,,gx-no-cache=1551915121758 HTTP/1.1" 200 6544
192.168.10.89 - - [06/Mar/2019:18:38:39 -0300] "POST /cormun/servlet/trautorizarot?3303aaf8b86ba7c32c4b461ca880d632,,gx-no-cache=1551915126371 HTTP/1.1" 200 5357
192.168.10.89 - - [06/Mar/2019:18:38:47 -0300] "POST /cormun/servlet/trautorizarot?3303aaf8b86ba7c32c4b461ca880d632,,gx-no-cache=1551915134729 HTTP/1.1" 200 7021
192.168.10.96 - - [06/Mar/2019:18:38:50 -0300] "GET /cormun/servlet/trsolicitudgral? HTTP/1.1" 200 8297
192.168.10.96 - - [06/Mar/2019:18:38:50 -0300] "GET /cormun/servlet/trsolicitudgral? HTTP/1.1" 200 8297
192.168.10.96 - - [06/Mar/2019:18:38:58 -0300] "POST /cormun/servlet/trsolicitudgral?41e7120803c2cb54b73568836fd367d1,,gx-no-cache=1551915145942 HTTP/1.1" 200 6981
192.168.10.89 - - [06/Mar/2019:18:39:06 -0300] "POST /cormun/servlet/trautorizarot?3303aaf8b86ba7c32c4b461ca880d632,,gx-no-cache=1551915153788 HTTP/1.1" 200 6558
192.168.10.96 - - [06/Mar/2019:18:39:58 -0300] "GET /cormun/servlet/trautorizarot? HTTP/1.1" 200 9545
192.168.10.96 - - [06/Mar/2019:18:39:59 -0300] "GET /cormun/servlet/trautorizarot? HTTP/1.1" 200 9544
192.168.10.96 - - [06/Mar/2019:18:40:02 -0300] "POST /cormun/servlet/trautorizarot?41e7120803c2cb54b73568836fd367d1,,gx-no-cache=1551915209558 HTTP/1.1" 200 5366
192.168.10.96 - - [06/Mar/2019:18:40:06 -0300] "POST /cormun/servlet/trautorizarot?41e7120803c2cb54b73568836fd367d1,,gx-no-cache=1551915213113 HTTP/1.1" 200 16164
192.168.10.96 - - [06/Mar/2019:18:40:14 -0300] "POST /cormun/servlet/trautorizarot?41e7120803c2cb54b73568836fd367d1,,gx-no-cache=1551915221236 HTTP/1.1" 200 6845
192.168.10.96 - - [06/Mar/2019:18:40:25 -0300] "GET /cormun/servlet/trsolicitudgral? HTTP/1.1" 200 9980
192.168.10.96 - - [06/Mar/2019:18:40:26 -0300] "GET /cormun/servlet/trsolicitudgral? HTTP/1.1" 200 9979
192.168.10.96 - - [06/Mar/2019:18:40:31 -0300] "POST /cormun/servlet/trsolicitudgral?41e7120803c2cb54b73568836fd367d1,,gx-no-cache=1551915238347 HTTP/1.1" 200 7653
192.168.10.96 - - [06/Mar/2019:18:41:38 -0300] "GET /cormun/servlet/trautorizarot? HTTP/1.1" 200 9819
192.168.10.96 - - [06/Mar/2019:18:41:39 -0300] "GET /cormun/servlet/trautorizarot? HTTP/1.1" 200 9818
192.168.10.96 - - [06/Mar/2019:18:41:41 -0300] "POST /cormun/servlet/trautorizarot?41e7120803c2cb54b73568836fd367d1,,gx-no-cache=1551915308228 HTTP/1.1" 200 5347
192.168.10.96 - - [06/Mar/2019:18:41:44 -0300] "POST /cormun/servlet/trautorizarot?41e7120803c2cb54b73568836fd367d1,,gx-no-cache=1551915311696 HTTP/1.1" 200 15625
40.77.167.53 - - [06/Mar/2019:18:41:49 -0300] "GET /cormun/servlet/trlicenciaspermisosadjuntos?17651583,20190114000000,L,_escaped_fragment_%3D HTTP/1.1" 200 5429
192.168.10.96 - - [06/Mar/2019:18:41:50 -0300] "POST /cormun/servlet/trautorizarot?41e7120803c2cb54b73568836fd367d1,,gx-no-cache=1551915317548 HTTP/1.1" 200 6831
192.168.10.96 - - [06/Mar/2019:18:46:06 -0300] "POST /cormun/servlet/trautorizarot?41e7120803c2cb54b73568836fd367d1,,gx-no-cache=1551915573873 HTTP/1.1" 200 5351
192.168.10.96 - - [06/Mar/2019:18:46:07 -0300] "GET /cormun/static/menuarrow.gif HTTP/1.1" 404 1015
192.168.10.96 - - [06/Mar/2019:18:46:12 -0300] "POST /cormun/servlet/trautorizarot?41e7120803c2cb54b73568836fd367d1,,gx-no-cache=1551915579103 HTTP/1.1" 200 14962
192.168.10.96 - - [06/Mar/2019:18:46:18 -0300] "POST /cormun/servlet/trautorizarot?41e7120803c2cb54b73568836fd367d1,,gx-no-cache=1551915585834 HTTP/1.1" 200 6564
192.168.10.96 - - [06/Mar/2019:18:46:47 -0300] "POST /cormun/servlet/trautorizarot?41e7120803c2cb54b73568836fd367d1,,gx-no-cache=1551915614938 HTTP/1.1" 200 5368
192.168.10.89 - - [06/Mar/2019:18:46:58 -0300] "GET /cormun/servlet/hlogin HTTP/1.1" 200 1746
192.168.10.96 - - [06/Mar/2019:18:47:46 -0300] "POST /cormun/servlet/trautorizarot?41e7120803c2cb54b73568836fd367d1,,gx-no-cache=1551915674000 HTTP/1.1" 200 14585
192.168.10.96 - - [06/Mar/2019:18:47:52 -0300] "POST /cormun/servlet/trautorizarot?41e7120803c2cb54b73568836fd367d1,,gx-no-cache=1551915680001 HTTP/1.1" 200 6534
192.168.10.96 - - [06/Mar/2019:18:48:42 -0300] "POST /cormun/servlet/trautorizarot?41e7120803c2cb54b73568836fd367d1,,gx-no-cache=1551915729953 HTTP/1.1" 200 5348
192.168.10.96 - - [06/Mar/2019:18:48:59 -0300] "POST /cormun/servlet/trautorizarot?41e7120803c2cb54b73568836fd367d1,,gx-no-cache=1551915746911 HTTP/1.1" 200 14162
192.168.10.96 - - [06/Mar/2019:18:49:05 -0300] "POST /cormun/servlet/trautorizarot?41e7120803c2cb54b73568836fd367d1,,gx-no-cache=1551915752288 HTTP/1.1" 200 6523
93.158.161.6 - - [06/Mar/2019:18:49:29 -0300] "GET /docs/BUILDING.txt HTTP/1.1" 200 15877
192.168.10.96 - - [06/Mar/2019:18:49:36 -0300] "GET /cormun/servlet/trsolicitudgral? HTTP/1.1" 200 10644
192.168.10.96 - - [06/Mar/2019:18:49:37 -0300] "GET /cormun/servlet/trsolicitudgral? HTTP/1.1" 200 10644
192.168.10.96 - - [06/Mar/2019:18:49:41 -0300] "POST /cormun/servlet/trsolicitudgral?41e7120803c2cb54b73568836fd367d1,,gx-no-cache=1551915788890 HTTP/1.1" 200 6964
192.168.10.96 - - [06/Mar/2019:18:49:50 -0300] "GET /cormun/servlet/trautorizarot? HTTP/1.1" 200 9508
192.168.10.96 - - [06/Mar/2019:18:49:50 -0300] "GET /cormun/servlet/trautorizarot? HTTP/1.1" 200 9507
192.168.10.96 - - [06/Mar/2019:18:49:52 -0300] "POST /cormun/servlet/trautorizarot?41e7120803c2cb54b73568836fd367d1,,gx-no-cache=1551915800093 HTTP/1.1" 200 5341
192.168.10.96 - - [06/Mar/2019:18:49:57 -0300] "POST /cormun/servlet/trautorizarot?41e7120803c2cb54b73568836fd367d1,,gx-no-cache=1551915804425 HTTP/1.1" 200 13803
192.168.10.96 - - [06/Mar/2019:18:50:03 -0300] "POST /cormun/servlet/trautorizarot?41e7120803c2cb54b73568836fd367d1,,gx-no-cache=1551915810476 HTTP/1.1" 200 6997
192.168.10.96 - - [06/Mar/2019:18:50:58 -0300] "GET /cormun/servlet/trautorizarot? HTTP/1.1" 200 9964
192.168.10.96 - - [06/Mar/2019:18:50:58 -0300] "GET /cormun/servlet/trautorizarot? HTTP/1.1" 200 9964
192.168.10.96 - - [06/Mar/2019:18:51:00 -0300] "GET /cormun/servlet/trsolicitudgral? HTTP/1.1" 200 9959
192.168.10.96 - - [06/Mar/2019:18:51:00 -0300] "GET /cormun/servlet/trsolicitudgral? HTTP/1.1" 200 9958
192.168.10.96 - - [06/Mar/2019:18:51:05 -0300] "POST /cormun/servlet/trsolicitudgral?41e7120803c2cb54b73568836fd367d1,,gx-no-cache=1551915872721 HTTP/1.1" 200 7727
192.168.10.96 - - [06/Mar/2019:18:51:13 -0300] "GET /cormun/servlet/trautorizarot? HTTP/1.1" 200 9964
192.168.10.96 - - [06/Mar/2019:18:51:14 -0300] "GET /cormun/servlet/trautorizarot? HTTP/1.1" 200 9964
192.168.10.96 - - [06/Mar/2019:18:51:16 -0300] "POST /cormun/servlet/trautorizarot?41e7120803c2cb54b73568836fd367d1,,gx-no-cache=1551915883724 HTTP/1.1" 200 6544
192.168.10.96 - - [06/Mar/2019:18:51:39 -0300] "GET /cormun/servlet/trsolicitudgral? HTTP/1.1" 200 10717
192.168.10.96 - - [06/Mar/2019:18:51:40 -0300] "GET /cormun/servlet/trsolicitudgral? HTTP/1.1" 200 10716
192.168.10.96 - - [06/Mar/2019:18:51:49 -0300] "GET /cormun/servlet/trautorizarot? HTTP/1.1" 200 9524
192.168.10.96 - - [06/Mar/2019:18:51:49 -0300] "GET /cormun/servlet/trautorizarot? HTTP/1.1" 200 9523
192.168.10.96 - - [06/Mar/2019:18:51:53 -0300] "POST /cormun/servlet/trautorizarot?41e7120803c2cb54b73568836fd367d1,,gx-no-cache=1551915920869 HTTP/1.1" 200 5355
192.168.10.96 - - [06/Mar/2019:18:51:56 -0300] "POST /cormun/servlet/trautorizarot?41e7120803c2cb54b73568836fd367d1,,gx-no-cache=1551915923972 HTTP/1.1" 200 13103
192.168.10.96 - - [06/Mar/2019:18:52:05 -0300] "POST /cormun/servlet/trautorizarot?41e7120803c2cb54b73568836fd367d1,,gx-no-cache=1551915932669 HTTP/1.1" 200 6537
192.168.10.96 - - [06/Mar/2019:18:52:24 -0300] "GET /cormun/servlet/trsolicitudgral? HTTP/1.1" 200 10714
192.168.10.96 - - [06/Mar/2019:18:52:24 -0300] "GET /cormun/servlet/trsolicitudgral? HTTP/1.1" 200 10713
192.168.10.96 - - [06/Mar/2019:18:52:29 -0300] "POST /cormun/servlet/trsolicitudgral?41e7120803c2cb54b73568836fd367d1,,gx-no-cache=1551915956260 HTTP/1.1" 200 6978
192.168.10.96 - - [06/Mar/2019:18:52:37 -0300] "GET /cormun/servlet/trautorizarot? HTTP/1.1" 200 9520
192.168.10.96 - - [06/Mar/2019:18:52:38 -0300] "GET /cormun/servlet/trautorizarot? HTTP/1.1" 200 9520
192.168.10.96 - - [06/Mar/2019:18:52:40 -0300] "POST /cormun/servlet/trautorizarot?41e7120803c2cb54b73568836fd367d1,,gx-no-cache=1551915967992 HTTP/1.1" 200 5345
192.168.10.96 - - [06/Mar/2019:18:52:45 -0300] "POST /cormun/servlet/trautorizarot?41e7120803c2cb54b73568836fd367d1,,gx-no-cache=1551915972731 HTTP/1.1" 200 12807
192.168.10.96 - - [06/Mar/2019:18:56:10 -0300] "GET /cormun/servlet/trsolicitudgral? HTTP/1.1" 200 9979
192.168.10.96 - - [06/Mar/2019:18:56:10 -0300] "GET /cormun/servlet/trsolicitudgral? HTTP/1.1" 200 9978
192.168.10.96 - - [06/Mar/2019:18:56:14 -0300] "POST /cormun/servlet/trsolicitudgral?41e7120803c2cb54b73568836fd367d1,,gx-no-cache=1551916181504 HTTP/1.1" 200 6985
192.168.10.96 - - [06/Mar/2019:18:56:20 -0300] "GET /cormun/servlet/trautorizarot? HTTP/1.1" 200 15765
192.168.10.96 - - [06/Mar/2019:18:56:20 -0300] "GET /cormun/servlet/trautorizarot? HTTP/1.1" 200 15764
192.168.10.96 - - [06/Mar/2019:18:56:24 -0300] "POST /cormun/servlet/trautorizarot?41e7120803c2cb54b73568836fd367d1,,gx-no-cache=1551916191216 HTTP/1.1" 200 12410
192.168.10.96 - - [06/Mar/2019:18:56:33 -0300] "POST /cormun/servlet/trautorizarot?41e7120803c2cb54b73568836fd367d1,,gx-no-cache=1551916200168 HTTP/1.1" 200 7138
192.168.10.96 - - [06/Mar/2019:18:56:38 -0300] "GET /cormun/servlet/trsolicitudgral? HTTP/1.1" 200 9991
192.168.10.96 - - [06/Mar/2019:18:56:39 -0300] "GET /cormun/servlet/trsolicitudgral? HTTP/1.1" 200 9991
192.168.10.96 - - [06/Mar/2019:18:56:44 -0300] "POST /cormun/servlet/trsolicitudgral?41e7120803c2cb54b73568836fd367d1,,gx-no-cache=1551916211408 HTTP/1.1" 200 7243
192.168.10.96 - - [06/Mar/2019:18:57:10 -0300] "GET /cormun/servlet/trautorizarot? HTTP/1.1" 200 10102
192.168.10.96 - - [06/Mar/2019:18:57:10 -0300] "GET /cormun/servlet/trautorizarot? HTTP/1.1" 200 10102
192.168.10.96 - - [06/Mar/2019:18:57:15 -0300] "POST /cormun/servlet/trautorizarot?41e7120803c2cb54b73568836fd367d1,,gx-no-cache=1551916242803 HTTP/1.1" 200 6535
192.168.10.96 - - [06/Mar/2019:18:57:17 -0300] "POST /cormun/servlet/trautorizarot?41e7120803c2cb54b73568836fd367d1,,gx-no-cache=1551916244619 HTTP/1.1" 200 116
192.168.10.96 - - [06/Mar/2019:18:57:17 -0300] "GET /cormun/servlet/solicitudotlog?INS,2019,14302,0,REC, HTTP/1.1" 200 5609
192.168.10.96 - - [06/Mar/2019:18:57:17 -0300] "GET /cormun/servlet/solicitudotlog?INS,2019,14302,0,REC, HTTP/1.1" 200 5610
192.168.10.96 - - [06/Mar/2019:18:57:18 -0300] "GET /cormun/servlet/solicitudotlog?6277af9059fe227e437ef99824781cb95f8aace6632181beb14197f0822d535579d46501a181da6afea26873ccd32332acfe459f319bf9f56a7959640177afa1131eaac5e8c29dbfb17c4b5ec533cf67d49275ebd2b4f0cc8ffc18940d8508987d40ea20608008d1c9753c3fd425301495c1c23b29a2df7a8795861b6927b29f3cf0d9819704bd9d57dd5de9723914c661373cdfc625aecb530e60cc15eae436,gx-no-cache=1551916245723 HTTP/1.1" 200 94
192.168.10.96 - - [06/Mar/2019:18:57:22 -0300] "POST /cormun/servlet/solicitudotlog?41e7120803c2cb54b73568836fd367d1,INS,2019,14302,0,REC,,gx-no-cache=1551916250099 HTTP/1.1" 200 93
192.168.10.96 - - [06/Mar/2019:18:57:22 -0300] "GET /cormun/servlet/hpexe_return? HTTP/1.1" 200 1023
192.168.10.96 - - [06/Mar/2019:18:57:23 -0300] "GET /cormun/servlet/trautorizarot? HTTP/1.1" 200 8150
192.168.10.96 - - [06/Mar/2019:18:57:23 -0300] "GET /cormun/servlet/trautorizarot? HTTP/1.1" 200 8146
192.168.10.96 - - [06/Mar/2019:18:57:26 -0300] "POST /cormun/servlet/trautorizarot?41e7120803c2cb54b73568836fd367d1,,gx-no-cache=1551916253642 HTTP/1.1" 200 11497
192.168.10.96 - - [06/Mar/2019:18:57:33 -0300] "POST /cormun/servlet/trautorizarot?41e7120803c2cb54b73568836fd367d1,,gx-no-cache=1551916260257 HTTP/1.1" 200 6868
