200.111.191.210 - - [06/Mar/2019:16:40:10 -0300] "GET /cormun/servlet/trsolicitudadjuntos?2019,14544, HTTP/1.1" 200 9530
200.111.191.210 - - [06/Mar/2019:16:40:10 -0300] "GET /cormun/servlet/trsolicitudadjuntos?2019,14544, HTTP/1.1" 200 9529
200.111.191.210 - - [06/Mar/2019:16:40:12 -0300] "GET /cormun/servlet/solicitudotadjuntos?INS,2019,14544,,1, HTTP/1.1" 200 6081
200.111.191.210 - - [06/Mar/2019:16:40:12 -0300] "GET /cormun/static/about:blank HTTP/1.1" 404 1011
200.111.191.210 - - [06/Mar/2019:16:40:12 -0300] "GET /cormun/servlet/solicitudotadjuntos?INS,2019,14544,,1, HTTP/1.1" 200 6075
200.111.191.210 - - [06/Mar/2019:16:40:13 -0300] "GET /cormun/servlet/solicitudotadjuntos?1481bbd571c5d4e619867bc329cce3b1307171f78c855f579aa5902e0a9332d8f7cfe8e432c1789b2e34aa5fa2e5a738,gx-no-cache=1551901072090 HTTP/1.1" 200 30
200.111.191.210 - - [06/Mar/2019:16:40:13 -0300] "POST /cormun/servlet/solicitudotadjuntos?e708d696adaafed190de887706306365,INS,2019,14544,,1,,gx-no-cache=1551901072110 HTTP/1.1" 200 3884
192.168.10.89 - - [06/Mar/2019:16:40:13 -0300] "POST /cormun/servlet/trautorizarot?290fe084c9a3e2b854b68eebab782659,,gx-no-cache=1551908020803 HTTP/1.1" 200 5362
200.111.191.210 - - [06/Mar/2019:16:40:15 -0300] "POST /cormun/servlet/solicitudotadjuntos?gx-no-cache=1551901074699 HTTP/1.1" 200 26
200.111.191.210 - - [06/Mar/2019:16:40:20 -0300] "GET /cormun/servlet/solicitudotadjuntos?1481bbd571c5d4e619867bc329cce3b1ebc1bb9cca2eae2fb5b1e2f0f72ea805,gx-no-cache=1551901079588 HTTP/1.1" 200 30
200.111.191.210 - - [06/Mar/2019:16:40:20 -0300] "GET /cormun/servlet/solicitudotadjuntos?1481bbd571c5d4e619867bc329cce3b1ebc1bb9cca2eae2fb5b1e2f0f72ea805,gx-no-cache=1551901079635 HTTP/1.1" 200 30
200.111.191.210 - - [06/Mar/2019:16:40:21 -0300] "POST /cormun/servlet/solicitudotadjuntos?e708d696adaafed190de887706306365,INS,2019,14544,,1, HTTP/1.1" 200 116
200.111.191.210 - - [06/Mar/2019:16:40:21 -0300] "GET /cormun/servlet/hpexe_return? HTTP/1.1" 200 1029
192.168.10.89 - - [06/Mar/2019:16:40:22 -0300] "POST /cormun/servlet/trautorizarot?290fe084c9a3e2b854b68eebab782659,,gx-no-cache=1551908029368 HTTP/1.1" 200 6878
200.111.191.210 - - [06/Mar/2019:16:40:22 -0300] "GET /cormun/servlet/trsolicitudadjuntos?2019,14544, HTTP/1.1" 200 9741
200.111.191.210 - - [06/Mar/2019:16:40:23 -0300] "GET /cormun/servlet/trsolicitudadjuntos?2019,14544, HTTP/1.1" 200 9739
200.111.191.210 - - [06/Mar/2019:16:40:26 -0300] "GET /cormun/servlet/trsolicitudot? HTTP/1.1" 200 9795
200.111.191.210 - - [06/Mar/2019:16:40:27 -0300] "GET /cormun/servlet/trsolicitudot? HTTP/1.1" 200 9788
200.111.191.210 - - [06/Mar/2019:16:40:29 -0300] "POST /cormun/servlet/trsolicitudot?e708d696adaafed190de887706306365,,gx-no-cache=1551901088351 HTTP/1.1" 200 6534
200.111.191.210 - - [06/Mar/2019:16:40:29 -0300] "GET /cormun/static/Shared/jqueryui/images/ui-icons_82798d_256x240.png HTTP/1.1" 404 1089
200.111.191.210 - - [06/Mar/2019:16:40:29 -0300] "GET /cormun/static/Shared/jqueryui/images/ui-bg_highlight-soft_100_c6c2c8_1x100.png HTTP/1.1" 404 1117
200.111.191.210 - - [06/Mar/2019:16:40:29 -0300] "GET /cormun/static/Shared/jqueryui/images/ui-icons_8d78a5_256x240.png HTTP/1.1" 404 1089
200.111.191.210 - - [06/Mar/2019:16:40:29 -0300] "GET /cormun/static/Shared/jqueryui/images/ui-bg_flat_55_fafafa_40x100.png HTTP/1.1" 404 1097
200.111.191.210 - - [06/Mar/2019:16:40:29 -0300] "POST /cormun/servlet/trsolicitudot?e708d696adaafed190de887706306365,,gx-no-cache=1551901088564 HTTP/1.1" 200 6476
192.168.10.89 - - [06/Mar/2019:16:40:33 -0300] "POST /cormun/servlet/trautorizarot?290fe084c9a3e2b854b68eebab782659,,gx-no-cache=1551908041067 HTTP/1.1" 200 5366
192.168.10.89 - - [06/Mar/2019:16:40:40 -0300] "POST /cormun/servlet/trautorizarot?290fe084c9a3e2b854b68eebab782659,,gx-no-cache=1551908047683 HTTP/1.1" 200 6542
200.111.191.210 - - [06/Mar/2019:16:40:44 -0300] "GET /cormun/servlet/solicitudot?INS,0,0, HTTP/1.1" 200 14850
200.111.191.210 - - [06/Mar/2019:16:40:44 -0300] "GET /cormun/servlet/solicitudot?INS,0,0, HTTP/1.1" 200 14854
200.111.191.210 - - [06/Mar/2019:16:40:49 -0300] "POST /cormun/servlet/solicitudot?gx-no-cache=1551901108195 HTTP/1.1" 200 3636
200.111.191.210 - - [06/Mar/2019:16:40:49 -0300] "GET /cormun/static/Shared/jqueryui/images/ui-bg_highlight-soft_100_c6c2c8_1x100.png HTTP/1.1" 404 1117
200.111.191.210 - - [06/Mar/2019:16:40:49 -0300] "GET /cormun/static/Shared/jqueryui/images/ui-icons_82798d_256x240.png HTTP/1.1" 404 1089
200.111.191.210 - - [06/Mar/2019:16:40:49 -0300] "GET /cormun/static/Shared/jqueryui/images/ui-bg_flat_55_994d53_40x100.png HTTP/1.1" 404 1097
200.111.191.210 - - [06/Mar/2019:16:40:49 -0300] "GET /cormun/static/Shared/jqueryui/images/ui-icons_ebccce_256x240.png HTTP/1.1" 404 1089
192.168.10.89 - - [06/Mar/2019:16:40:54 -0300] "POST /cormun/servlet/trautorizarot?290fe084c9a3e2b854b68eebab782659,,gx-no-cache=1551908061779 HTTP/1.1" 200 5357
200.111.191.210 - - [06/Mar/2019:16:40:58 -0300] "POST /cormun/servlet/solicitudot?gx-no-cache=1551901117365 HTTP/1.1" 200 3636
200.111.191.210 - - [06/Mar/2019:16:40:58 -0300] "GET /cormun/servlet/solicitudot?1481bbd571c5d4e619867bc329cce3b1ea77a6cca9d1000bd649551c83ab4c87c118cd193223733546448c58883f8971,gx-no-cache=1551901117459 HTTP/1.1" 200 111
192.168.10.89 - - [06/Mar/2019:16:41:04 -0300] "POST /cormun/servlet/trautorizarot?290fe084c9a3e2b854b68eebab782659,,gx-no-cache=1551908071467 HTTP/1.1" 200 6532
200.111.191.210 - - [06/Mar/2019:16:41:04 -0300] "GET /cormun/servlet/solicitudot?1481bbd571c5d4e619867bc329cce3b16b36f000526cd92c3a51c772381451aac2d76208116e0b5f053d328f93617b18,gx-no-cache=1551901123488 HTTP/1.1" 200 30
200.111.191.210 - - [06/Mar/2019:16:41:11 -0300] "POST /cormun/servlet/solicitudot?gx-no-cache=1551901130297 HTTP/1.1" 200 3497
200.111.191.210 - - [06/Mar/2019:16:41:21 -0300] "POST /cormun/servlet/solicitudot?gx-no-cache=1551901140610 HTTP/1.1" 200 3636
213.108.22.153 - - [06/Mar/2019:16:41:24 -0300] "GET / HTTP/1.1" 200 11217
200.111.191.210 - - [06/Mar/2019:16:41:26 -0300] "POST /cormun/servlet/solicitudot?gx-no-cache=1551901145595 HTTP/1.1" 200 3636
192.168.10.89 - - [06/Mar/2019:16:41:58 -0300] "POST /cormun/servlet/trautorizarot?290fe084c9a3e2b854b68eebab782659,,gx-no-cache=1551908126037 HTTP/1.1" 200 5353
192.168.10.89 - - [06/Mar/2019:16:42:08 -0300] "POST /cormun/servlet/trautorizarot?290fe084c9a3e2b854b68eebab782659,,gx-no-cache=1551908135435 HTTP/1.1" 200 6850
192.168.10.89 - - [06/Mar/2019:16:42:18 -0300] "POST /cormun/servlet/trautorizarot?290fe084c9a3e2b854b68eebab782659,,gx-no-cache=1551908145788 HTTP/1.1" 200 5367
200.111.191.210 - - [06/Mar/2019:16:42:23 -0300] "GET /cormun/servlet/prbanco?,MD,,gxPopupLevel%3D0%3B HTTP/1.1" 200 6607
192.168.10.89 - - [06/Mar/2019:16:42:29 -0300] "POST /cormun/servlet/trautorizarot?290fe084c9a3e2b854b68eebab782659,,gx-no-cache=1551908156355 HTTP/1.1" 200 6874
200.111.191.210 - - [06/Mar/2019:16:42:31 -0300] "GET /cormun/servlet/solicitudot?1481bbd571c5d4e619867bc329cce3b190c5f32f960ceb445ebe7a211bcda2fad63c2bdd27576d5143b7a9b97e1877d17f6ba351aeb5dec3c95239582474d06b,gx-no-cache=1551901210171 HTTP/1.1" 200 30
200.111.191.210 - - [06/Mar/2019:16:42:32 -0300] "GET /cormun/servlet/solicitudot?1481bbd571c5d4e619867bc329cce3b1bdb07f4ae3560337445c783a7b6e185b,gx-no-cache=1551901211300 HTTP/1.1" 200 53
200.111.191.210 - - [06/Mar/2019:16:42:42 -0300] "GET /cormun/servlet/solicitudot?1481bbd571c5d4e619867bc329cce3b1c6bbf5d3423d0647bb974bb74afe4bfc40b6d20ca4f6967b9875bbf822801ebfc4952b2b7f624363f442f33a4a8e72d3b2c65d6d3565f913750c93d1e21bfcd7e6a1bafe73d5cfddb51d9606b6b62ec3b1543f254e248acd3cdf89adb53473e997719e55900298f247fca92c0b5061b15550103586bca2fe81bd70142d15e70aad86d4fb4fde6922fb0ff6e9c748c2267335e262ac5f379e116613b7aa76503f502181d132ed8add1f4a00b472b66068550263dbc02384468f6ab17943c466ddb1defa8a9f1913e7011265475777709d4c05cfdfd30d8cca5486aee3e666216d3362cb3379d986bd138545aa171edecb50c811b44ef1c3b6e753114a8dba5bed84c66d8f35b669465aff629c126ef5324cee6680cc5152549244b3db7afe21831fa6eb125575324aed6051b864323cef4b9ccbd5cc9a45b52806a50c19887460,gx-no-cache=1551901221825 HTTP/1.1" 200 255
200.111.191.210 - - [06/Mar/2019:16:42:44 -0300] "GET /cormun/servlet/solicitudot?1481bbd571c5d4e619867bc329cce3b12aabb6bf685f120f7809dabdb210ade30c6e6a008fa5b574fab52c8d2fc68224d9fe9bc9a5e359725617759799d62f39436e6f59ab0d0e912f57747f11efc49c99a41351ba33dcaa3e226212275f121535d2d0a4480830e69aee95d01f12b39464121cc004e036cb101d0b3beed6325031b764e1096f881b059bb3afa2b33fce54acaa98f094af6f69de59ac2ae38eb22438f51f9638cad8e307cdba6567edcf044a0ace015104b0d6dd7b5190052092dc7d6cbcc8d2a112dd8919d731e4a4caa47da16727593de17899b93c5540929185823a60a58c756e119232b5c22781550d4a99b9ea4a3b57f405bb67f60f36f45fd6eab01ddf1f1a443f48c54551170a9d3989a14c8a7ca3b15759f84ff2bf9b95dc273f7286ab1280a5f6382502f675a5d77989558f1c9a3412b802118185bf24478f7ddccee9d278d294307661eaa91502680bd08958a142ffe8a58298d99fdf2820fe9ef0c3c9feb73523161aff564c1c5411ab57a5d78cda72bc87281378,gx-no-cache=1551901223525 HTTP/1.1" 200 30
192.168.10.89 - - [06/Mar/2019:16:42:45 -0300] "POST /cormun/servlet/trautorizarot?290fe084c9a3e2b854b68eebab782659,,gx-no-cache=1551908172260 HTTP/1.1" 200 5354
200.111.191.210 - - [06/Mar/2019:16:42:46 -0300] "POST /cormun/servlet/solicitudot?gx-no-cache=1551901225951 HTTP/1.1" 200 30
200.111.191.210 - - [06/Mar/2019:16:42:48 -0300] "POST /cormun/servlet/solicitudot?gx-no-cache=1551901227965 HTTP/1.1" 200 1275
200.111.191.210 - - [06/Mar/2019:16:42:49 -0300] "POST /cormun/servlet/solicitudot?gx-no-cache=1551901228014 HTTP/1.1" 200 38
200.111.191.210 - - [06/Mar/2019:16:43:01 -0300] "GET /cormun/servlet/solicitudot?1481bbd571c5d4e619867bc329cce3b1902bece31bcc7477e5f5eeafc981119890968fd93865796c26e877a56825069f369ffc38e5284bee74ab8446d9e326be1761821c94d52ae9f2644ab84b5d4dc38799d02e88e3503bd977e38836fe5495eafa88cbcf7b70b8b71655fe4d858414,gx-no-cache=1551901240506 HTTP/1.1" 200 110
200.111.191.210 - - [06/Mar/2019:16:43:02 -0300] "POST /cormun/servlet/solicitudot?gx-no-cache=1551901241588 HTTP/1.1" 200 64
200.111.191.210 - - [06/Mar/2019:16:43:03 -0300] "POST /cormun/servlet/solicitudot?gx-no-cache=1551901242280 HTTP/1.1" 200 59
200.111.191.210 - - [06/Mar/2019:16:43:03 -0300] "POST /cormun/servlet/solicitudot?gx-no-cache=1551901242912 HTTP/1.1" 200 64
200.111.191.210 - - [06/Mar/2019:16:43:04 -0300] "POST /cormun/servlet/solicitudot?gx-no-cache=1551901243120 HTTP/1.1" 200 64
200.111.191.210 - - [06/Mar/2019:16:43:04 -0300] "POST /cormun/servlet/solicitudot?gx-no-cache=1551901243295 HTTP/1.1" 200 64
200.111.191.210 - - [06/Mar/2019:16:43:16 -0300] "POST /cormun/servlet/solicitudot?gx-no-cache=1551901255764 HTTP/1.1" 200 97
200.111.191.210 - - [06/Mar/2019:16:43:25 -0300] "GET /cormun/servlet/solicitudot?1481bbd571c5d4e619867bc329cce3b1bd8dced157a2a080a4354e1e1dfae7303362cb3379d986bd138545aa171edecb50c811b44ef1c3b6e753114a8dba5bed211c271f626bf8d70bd33311364fddbf,gx-no-cache=1551901264699 HTTP/1.1" 200 29
200.111.191.210 - - [06/Mar/2019:16:43:25 -0300] "GET /cormun/static/menuarrow.gif HTTP/1.1" 404 1015
200.111.191.210 - - [06/Mar/2019:16:43:28 -0300] "GET /cormun/servlet/solicitudot?1481bbd571c5d4e619867bc329cce3b1f479983df46b51b18a8e28d92c4827a5335f964d5d761ac7e574f1ecbec896dd,gx-no-cache=1551901267318 HTTP/1.1" 200 30
200.111.191.210 - - [06/Mar/2019:16:43:34 -0300] "POST /cormun/servlet/solicitudot?gx-no-cache=1551901273933 HTTP/1.1" 200 30
186.67.172.234 - - [06/Mar/2019:16:43:42 -0300] "GET /cormun/servlet/hlogin HTTP/1.1" 200 1720
186.67.172.234 - - [06/Mar/2019:16:43:42 -0300] "GET /cormun/static/gxtimezone.js?85251 HTTP/1.1" 200 5781
186.67.172.234 - - [06/Mar/2019:16:43:42 -0300] "GET /cormun/static/gxcfg.js?20177612122725 HTTP/1.1" 200 953
186.67.172.234 - - [06/Mar/2019:16:43:42 -0300] "GET /cormun/static/Resources/Spanish/PXTools.css?1155365 HTTP/1.1" 200 89042
186.67.172.234 - - [06/Mar/2019:16:43:42 -0300] "GET /cormun/static/messages.spa.js?85251 HTTP/1.1" 200 30736
186.67.172.234 - - [06/Mar/2019:16:43:42 -0300] "GET /cormun/static/Resources/ComunLogin.png HTTP/1.1" 200 17326
186.67.172.234 - - [06/Mar/2019:16:43:42 -0300] "GET /cormun/static/hlogin.js?20177612122738 HTTP/1.1" 200 2136
186.67.172.234 - - [06/Mar/2019:16:43:42 -0300] "GET /cormun/static/gxgral.js?85251 HTTP/1.1" 200 384558
200.111.191.210 - - [06/Mar/2019:16:43:42 -0300] "POST /cormun/servlet/solicitudot?e708d696adaafed190de887706306365,INS,0,0,,gx-no-cache=1551901281527 HTTP/1.1" 200 11993
186.67.172.234 - - [06/Mar/2019:16:43:42 -0300] "GET /cormun/static/Resources/PXToolsLoginTop.png HTTP/1.1" 200 1337
186.67.172.234 - - [06/Mar/2019:16:43:42 -0300] "GET /cormun/static/Resources/PXToolsLoginBackground.png HTTP/1.1" 200 1164
186.67.172.234 - - [06/Mar/2019:16:43:42 -0300] "GET /cormun/static/Resources/PXToolsButtonRight21.png HTTP/1.1" 200 1283
186.67.172.234 - - [06/Mar/2019:16:43:42 -0300] "GET /cormun/static/Resources/PXToolsButtonLeft21.png HTTP/1.1" 200 1287
186.67.172.234 - - [06/Mar/2019:16:43:42 -0300] "GET /cormun/static/Resources/PXToolsButtonBackground2.png HTTP/1.1" 200 1181
186.67.172.234 - - [06/Mar/2019:16:43:42 -0300] "GET /cormun/static/Resources/PXToolsLoginBottom.png HTTP/1.1" 200 1389
186.67.172.234 - - [06/Mar/2019:16:43:42 -0300] "GET /cormun/servlet/hlogin HTTP/1.1" 200 1726
186.67.172.234 - - [06/Mar/2019:16:43:42 -0300] "GET /cormun/static/Resources/indicator.gif HTTP/1.1" 200 1553
186.67.172.234 - - [06/Mar/2019:16:43:43 -0300] "GET /cormun/static/Resources/indicator.gif HTTP/1.1" 200 1553
186.67.172.234 - - [06/Mar/2019:16:43:43 -0300] "GET /favicon.ico HTTP/1.1" 200 21630
200.111.191.210 - - [06/Mar/2019:16:44:05 -0300] "POST /cormun/servlet/solicitudot?e708d696adaafed190de887706306365,INS,0,0,,gx-no-cache=1551901304270 HTTP/1.1" 200 12044
186.67.172.234 - - [06/Mar/2019:16:44:06 -0300] "POST /cormun/servlet/hlogin?ecdc490bf65d5dd7eddf562103d1c893,gx-no-cache=1551901228891 HTTP/1.1" 200 90
186.67.172.234 - - [06/Mar/2019:16:44:06 -0300] "GET /cormun/servlet/hpexe_link HTTP/1.1" 200 946
186.67.172.234 - - [06/Mar/2019:16:44:06 -0300] "GET /cormun/static/hpexe_link.js?20177612121795 HTTP/1.1" 200 625
186.67.172.234 - - [06/Mar/2019:16:44:06 -0300] "GET /cormun/static/gxcfg.js?20177612121792 HTTP/1.1" 200 953
186.67.172.234 - - [06/Mar/2019:16:44:06 -0300] "GET /cormun/servlet/hhome HTTP/1.1" 200 4346
186.67.172.234 - - [06/Mar/2019:16:44:06 -0300] "GET /cormun/static/SmoothNavMenu/resources/ddsmoothmenu.css?1012540 HTTP/1.1" 200 2223
186.67.172.234 - - [06/Mar/2019:16:44:06 -0300] "GET /cormun/static/SmoothNavMenu/resources/ddsmoothmenu-v.css?1012540 HTTP/1.1" 200 1188
186.67.172.234 - - [06/Mar/2019:16:44:06 -0300] "GET /cormun/static/gxcfg.js?20175251212442 HTTP/1.1" 200 953
186.67.172.234 - - [06/Mar/2019:16:44:06 -0300] "GET /cormun/static/scaMessage/css/jquery.pnotify.default.css?1716380 HTTP/1.1" 200 1707
186.67.172.234 - - [06/Mar/2019:16:44:06 -0300] "GET /cormun/static/Shared/jqueryui/jquery-ui.min.css?1245370 HTTP/1.1" 200 30288
186.67.172.234 - - [06/Mar/2019:16:44:06 -0300] "GET /cormun/static/PXToolsJavascripts/pexe_autoreload.js HTTP/1.1" 200 1762
186.67.172.234 - - [06/Mar/2019:16:44:06 -0300] "GET /cormun/static/PXToolsJavascripts/pexe_grid.js HTTP/1.1" 200 7559
186.67.172.234 - - [06/Mar/2019:16:44:06 -0300] "GET /cormun/static/PXToolsJavascripts/pexe_cookies.js HTTP/1.1" 200 792
186.67.172.234 - - [06/Mar/2019:16:44:06 -0300] "GET /cormun/static/Resources/Spanish/PXTools.css?11423723 HTTP/1.1" 200 89042
186.67.172.234 - - [06/Mar/2019:16:44:06 -0300] "GET /cormun/static/PXToolsJavascripts/pexe_windows.js HTTP/1.1" 200 15207
186.67.172.234 - - [06/Mar/2019:16:44:06 -0300] "GET /cormun/static/PXToolsJavascripts/pexe_griddivfix.js HTTP/1.1" 200 6644
186.67.172.234 - - [06/Mar/2019:16:44:06 -0300] "GET /cormun/static/PXToolsJavascripts/pexe_link.js HTTP/1.1" 200 5671
186.67.172.234 - - [06/Mar/2019:16:44:06 -0300] "GET /cormun/static/PXToolsJavascripts/pexe_menudivfix.js HTTP/1.1" 200 333
186.67.172.234 - - [06/Mar/2019:16:44:06 -0300] "GET /cormun/static/PXToolsJavascripts/pexe_menus.js HTTP/1.1" 200 1286
186.67.172.234 - - [06/Mar/2019:16:44:06 -0300] "GET /cormun/static/PXToolsJavascripts/pexe_layers.js HTTP/1.1" 200 4114
186.67.172.234 - - [06/Mar/2019:16:44:06 -0300] "GET /cormun/static/PXToolsJavascripts/pexe_oav.js HTTP/1.1" 200 645
186.67.172.234 - - [06/Mar/2019:16:44:06 -0300] "GET /cormun/static/PXToolsJavascripts/pexe_oavdivfix.js HTTP/1.1" 200 639
186.67.172.234 - - [06/Mar/2019:16:44:06 -0300] "GET /cormun/static/PXToolsJavascripts/pexe_popup.js HTTP/1.1" 200 13458
186.67.172.234 - - [06/Mar/2019:16:44:06 -0300] "GET /cormun/static/PXToolsJavascripts/pexe_picture.js HTTP/1.1" 200 689
186.67.172.234 - - [06/Mar/2019:16:44:06 -0300] "GET /cormun/static/PXToolsJavascripts/pexe_scrolldiv.js HTTP/1.1" 200 4138
186.67.172.234 - - [06/Mar/2019:16:44:06 -0300] "GET /cormun/static/PXToolsJavascripts/pexe_tabdivfix.js HTTP/1.1" 200 876
186.67.172.234 - - [06/Mar/2019:16:44:06 -0300] "GET /cormun/static/PXToolsJavascripts/PXToolsJavascriptsRender.js HTTP/1.1" 200 367
186.67.172.234 - - [06/Mar/2019:16:44:06 -0300] "GET /cormun/static/PXToolsJavascripts/pexe_upload.js HTTP/1.1" 200 1423
186.67.172.234 - - [06/Mar/2019:16:44:06 -0300] "GET /cormun/static/PXToolsJavascripts/pexe_tabs.js HTTP/1.1" 200 3748
186.67.172.234 - - [06/Mar/2019:16:44:06 -0300] "GET /cormun/static/Resources/logo4.png HTTP/1.1" 200 6582
186.67.172.234 - - [06/Mar/2019:16:44:06 -0300] "GET /cormun/static/Resources/PXToolsHeaderActionsLeft.png HTTP/1.1" 200 1118
186.67.172.234 - - [06/Mar/2019:16:44:06 -0300] "GET /cormun/static/RunJS/RunJS.js HTTP/1.1" 200 288
186.67.172.234 - - [06/Mar/2019:16:44:06 -0300] "GET /cormun/static/Shared/ext/locale/ext-lang-en.js HTTP/1.1" 200 10940
186.67.172.234 - - [06/Mar/2019:16:44:06 -0300] "GET /cormun/static/hhome.js?20175251212450 HTTP/1.1" 200 777
186.67.172.234 - - [06/Mar/2019:16:44:06 -0300] "GET /cormun/static/hpexe_recentlink.js?20177611595044 HTTP/1.1" 200 2144
186.67.172.234 - - [06/Mar/2019:16:44:06 -0300] "GET /cormun/static/hwchdr01.js?201752511465785 HTTP/1.1" 200 1183
186.67.172.234 - - [06/Mar/2019:16:44:06 -0300] "GET /cormun/static/hpexe_scripts.js?201752511465715 HTTP/1.1" 200 1544
186.67.172.234 - - [06/Mar/2019:16:44:06 -0300] "GET /cormun/static/hpexe_messagecontroller.js?20177611595012 HTTP/1.1" 200 870
186.67.172.234 - - [06/Mar/2019:16:44:06 -0300] "GET /cormun/static/hpexe_messagepopupcomponent.js?20161017169425 HTTP/1.1" 200 605
186.67.172.234 - - [06/Mar/2019:16:44:06 -0300] "GET /cormun/static/gxui/gxui-all.js HTTP/1.1" 200 107772
186.67.172.234 - - [06/Mar/2019:16:44:06 -0300] "GET /cormun/static/hpexe_messagegenexuscomponent.js?201752511465344 HTTP/1.1" 200 587
186.67.172.234 - - [06/Mar/2019:16:44:06 -0300] "GET /cormun/static/cmcontrolpreferences.js?201752511465670 HTTP/1.1" 200 1375
186.67.172.234 - - [06/Mar/2019:16:44:06 -0300] "GET /cormun/static/Resources/PXToolsFooterBackground2.png HTTP/1.1" 200 1172
186.67.172.234 - - [06/Mar/2019:16:44:06 -0300] "GET /cormun/static/Resources/PXToolsHeaderHome.png HTTP/1.1" 200 4147
186.67.172.234 - - [06/Mar/2019:16:44:06 -0300] "GET /cormun/static/Resources/PXToolsHeaderLogin.png HTTP/1.1" 200 4279
186.67.172.234 - - [06/Mar/2019:16:44:06 -0300] "GET /cormun/static/Shared/jquery/jquery-1.4.2.min.js HTTP/1.1" 200 72174
186.67.172.234 - - [06/Mar/2019:16:44:06 -0300] "GET /cormun/static/Resources/PXToolsDataTitle.png HTTP/1.1" 200 1173
186.67.172.234 - - [06/Mar/2019:16:44:06 -0300] "GET /cormun/static/Resources/PXToolsHeaderActionsBackground.png HTTP/1.1" 200 484
186.67.172.234 - - [06/Mar/2019:16:44:06 -0300] "GET /cormun/static/Resources/PXToolsHeaderBackground2.png HTTP/1.1" 200 1174
186.67.172.234 - - [06/Mar/2019:16:44:06 -0300] "GET /cormun/static/Resources/PXToolsHeaderPreferences.png HTTP/1.1" 200 4189
186.67.172.234 - - [06/Mar/2019:16:44:06 -0300] "GET /cormun/static/Resources/PXToolsHeaderSecurity.png HTTP/1.1" 200 4166
186.67.172.234 - - [06/Mar/2019:16:44:06 -0300] "GET /cormun/static/Resources/PXToolsHeaderActionsRight.png HTTP/1.1" 200 1201
186.67.172.234 - - [06/Mar/2019:16:44:06 -0300] "GET /cormun/static/SmoothNavMenu/resources/SmoothNavMenuRender.js HTTP/1.1" 200 5951
186.67.172.234 - - [06/Mar/2019:16:44:06 -0300] "GET /cormun/static/SmoothNavMenu/resources/ddsmoothmenu.js HTTP/1.1" 200 12712
186.67.172.234 - - [06/Mar/2019:16:44:07 -0300] "GET /cormun/static/scaMessage/js/jquery.pnotify.min.js HTTP/1.1" 200 13038
186.67.172.234 - - [06/Mar/2019:16:44:07 -0300] "GET /cormun/static/scaMessage/scaMessageRender.js HTTP/1.1" 200 11977
186.67.172.234 - - [06/Mar/2019:16:44:07 -0300] "GET /cormun/static/hmpwkw03.js?20189613443875 HTTP/1.1" 200 3965
186.67.172.234 - - [06/Mar/2019:16:44:07 -0300] "GET /cormun/static/Shared/jquery/jquery-1.10.2.min.js HTTP/1.1" 200 273199
186.67.172.234 - - [06/Mar/2019:16:44:07 -0300] "GET /cormun/static/Shared/jqueryui/jquery-ui.min.js HTTP/1.1" 200 240427
186.67.172.234 - - [06/Mar/2019:16:44:07 -0300] "GET /cormun/static/Shared/ext/ext-all.js HTTP/1.1" 200 1289687
186.67.172.234 - - [06/Mar/2019:16:44:08 -0300] "GET /cormun/servlet/hhome HTTP/1.1" 200 4342
186.67.172.234 - - [06/Mar/2019:16:44:08 -0300] "GET /cormun/static/SmoothNavMenu/resources/images/down.gif HTTP/1.1" 200 854
186.67.172.234 - - [06/Mar/2019:16:44:08 -0300] "GET /cormun/static/SmoothNavMenu/resources/images/right.gif HTTP/1.1" 200 860
186.67.172.234 - - [06/Mar/2019:16:44:26 -0300] "GET /cormun/servlet/trsolicitudot? HTTP/1.1" 200 7563
186.67.172.234 - - [06/Mar/2019:16:44:26 -0300] "GET /cormun/static/gxui/gxui-all.css?120300 HTTP/1.1" 200 2179
186.67.172.234 - - [06/Mar/2019:16:44:26 -0300] "GET /cormun/static/calendar-system.css?85620 HTTP/1.1" 200 5572
186.67.172.234 - - [06/Mar/2019:16:44:26 -0300] "GET /cormun/static/gxcfg.js?2017111422585916 HTTP/1.1" 200 953
186.67.172.234 - - [06/Mar/2019:16:44:26 -0300] "GET /cormun/static/calendar.js?85251 HTTP/1.1" 200 26246
186.67.172.234 - - [06/Mar/2019:16:44:26 -0300] "GET /cormun/static/calendar-setup.js?85251 HTTP/1.1" 200 2588
186.67.172.234 - - [06/Mar/2019:16:44:26 -0300] "GET /cormun/static/calendar-es.js?85251 HTTP/1.1" 200 1901
186.67.172.234 - - [06/Mar/2019:16:44:26 -0300] "GET /cormun/static/Resources/PXTools/calendar.png HTTP/1.1" 200 1306
186.67.172.234 - - [06/Mar/2019:16:44:26 -0300] "GET /cormun/static/Resources/PXToolsDataSearch.png HTTP/1.1" 200 419
186.67.172.234 - - [06/Mar/2019:16:44:26 -0300] "GET /cormun/static/Resources/Spanish/PXTools.css?1255365 HTTP/1.1" 200 89042
186.67.172.234 - - [06/Mar/2019:16:44:26 -0300] "GET /cormun/static/Resources/PXToolsGridFirstDisabled.gif HTTP/1.1" 200 100
186.67.172.234 - - [06/Mar/2019:16:44:26 -0300] "GET /cormun/static/Resources/PXToolsGridPreviousDisabled.gif HTTP/1.1" 200 90
186.67.172.234 - - [06/Mar/2019:16:44:26 -0300] "GET /cormun/static/gxdec.js?85251 HTTP/1.1" 200 19579
186.67.172.234 - - [06/Mar/2019:16:44:26 -0300] "GET /cormun/static/trsolicitudot.js?201711142259839 HTTP/1.1" 200 54041
186.67.172.234 - - [06/Mar/2019:16:44:26 -0300] "GET /cormun/static/Resources/PXToolsGridNextDisabled.gif HTTP/1.1" 200 90
186.67.172.234 - - [06/Mar/2019:16:44:26 -0300] "GET /cormun/static/Resources/PXToolsGridLastDisabled.gif HTTP/1.1" 200 98
186.67.172.234 - - [06/Mar/2019:16:44:26 -0300] "GET /cormun/static/Shared/ext/resources/css/ext-all.css?215870 HTTP/1.1" 200 416045
186.67.172.234 - - [06/Mar/2019:16:44:26 -0300] "GET /cormun/static/Resources/PXToolsGridPage.gif HTTP/1.1" 200 725
186.67.172.234 - - [06/Mar/2019:16:44:26 -0300] "GET /cormun/static/Resources/PXToolsActionExcel.png HTTP/1.1" 200 3187
186.67.172.234 - - [06/Mar/2019:16:44:26 -0300] "GET /cormun/static/Resources/PXToolsGridNew.png HTTP/1.1" 200 2949
186.67.172.234 - - [06/Mar/2019:16:44:27 -0300] "GET /cormun/static/Resources/asc.gif HTTP/1.1" 200 67
186.67.172.234 - - [06/Mar/2019:16:44:27 -0300] "GET /cormun/static/Resources/desc.gif HTTP/1.1" 200 65
186.67.172.234 - - [06/Mar/2019:16:44:27 -0300] "GET /cormun/servlet/trsolicitudot? HTTP/1.1" 200 7561
186.67.172.234 - - [06/Mar/2019:16:44:27 -0300] "GET /cormun/static/Shared/ext/resources/themes/images/default/panel/bg-headersPanel.png HTTP/1.1" 200 255
186.67.172.234 - - [06/Mar/2019:16:44:27 -0300] "GET /cormun/static/Shared/ext/resources/themes/images/default/tools/tool-sprites.gif HTTP/1.1" 200 5434
200.111.191.210 - - [06/Mar/2019:16:44:28 -0300] "POST /cormun/servlet/solicitudot?e708d696adaafed190de887706306365,INS,0,0,,gx-no-cache=1551901327240 HTTP/1.1" 200 12099
186.67.172.234 - - [06/Mar/2019:16:45:10 -0300] "GET /cormun/servlet/trautorizarsolicitud? HTTP/1.1" 200 7452
186.67.172.234 - - [06/Mar/2019:16:45:10 -0300] "GET /cormun/static/gxcfg.js?2017111423403364 HTTP/1.1" 200 953
186.67.172.234 - - [06/Mar/2019:16:45:10 -0300] "GET /cormun/static/trautorizarsolicitud.js?201711142340425 HTTP/1.1" 200 53910
186.67.172.234 - - [06/Mar/2019:16:45:11 -0300] "GET /cormun/servlet/trautorizarsolicitud? HTTP/1.1" 200 7452
192.168.10.96 - - [06/Mar/2019:16:45:20 -0300] "GET /cormun/servlet/trfuncionariobloqueados? HTTP/1.1" 200 8989
192.168.10.96 - - [06/Mar/2019:16:45:20 -0300] "GET /cormun/static/gxcfg.js?201812320593311 HTTP/1.1" 200 953
192.168.10.96 - - [06/Mar/2019:16:45:20 -0300] "GET /cormun/static/trfuncionariobloqueados.js?201812320593613 HTTP/1.1" 200 15297
192.168.10.96 - - [06/Mar/2019:16:45:20 -0300] "GET /cormun/servlet/hlogin HTTP/1.1" 200 1744
192.168.10.96 - - [06/Mar/2019:16:45:20 -0300] "GET /cormun/servlet/trfuncionariobloqueados? HTTP/1.1" 200 8982
192.168.10.96 - - [06/Mar/2019:16:45:27 -0300] "POST /cormun/servlet/hlogin?0543cb432574757558c9b1d3092eded6,gx-no-cache=1551908334354 HTTP/1.1" 200 90
192.168.10.96 - - [06/Mar/2019:16:45:27 -0300] "GET /cormun/servlet/hpexe_link HTTP/1.1" 200 961
192.168.10.96 - - [06/Mar/2019:16:45:27 -0300] "GET /cormun/servlet/trfuncionariobloqueados HTTP/1.1" 200 10346
192.168.10.96 - - [06/Mar/2019:16:45:27 -0300] "GET /cormun/servlet/trfuncionariobloqueados HTTP/1.1" 200 10344
192.168.10.96 - - [06/Mar/2019:16:45:34 -0300] "GET /cormun/servlet/funcionariobloqueados?DLT,16542623, HTTP/1.1" 200 6092
192.168.10.96 - - [06/Mar/2019:16:45:34 -0300] "GET /cormun/static/gxcfg.js?2018123205875 HTTP/1.1" 200 953
192.168.10.96 - - [06/Mar/2019:16:45:34 -0300] "GET /cormun/static/funcionariobloqueados.js?20181232058712 HTTP/1.1" 200 6850
192.168.10.96 - - [06/Mar/2019:16:45:34 -0300] "GET /cormun/static/Shared/jqueryui/images/ui-icons_82798d_256x240.png HTTP/1.1" 404 1089
192.168.10.96 - - [06/Mar/2019:16:45:34 -0300] "GET /cormun/static/Shared/jqueryui/images/ui-bg_highlight-soft_100_c6c2c8_1x100.png HTTP/1.1" 404 1117
192.168.10.96 - - [06/Mar/2019:16:45:34 -0300] "GET /cormun/static/Shared/jqueryui/images/ui-icons_8d78a5_256x240.png HTTP/1.1" 404 1089
192.168.10.96 - - [06/Mar/2019:16:45:34 -0300] "GET /cormun/static/Shared/jqueryui/images/ui-bg_flat_55_fafafa_40x100.png HTTP/1.1" 404 1097
192.168.10.96 - - [06/Mar/2019:16:45:35 -0300] "GET /cormun/servlet/funcionariobloqueados?DLT,16542623, HTTP/1.1" 200 6093
192.168.10.96 - - [06/Mar/2019:16:45:36 -0300] "POST /cormun/servlet/funcionariobloqueados?0543cb432574757558c9b1d3092eded6,DLT,16542623,,gx-no-cache=1551908343611 HTTP/1.1" 200 93
192.168.10.96 - - [06/Mar/2019:16:45:36 -0300] "GET /cormun/servlet/hpexe_return? HTTP/1.1" 200 1016
192.168.10.96 - - [06/Mar/2019:16:45:36 -0300] "GET /cormun/servlet/trfuncionariobloqueados HTTP/1.1" 200 10349
192.168.10.96 - - [06/Mar/2019:16:45:36 -0300] "GET /cormun/servlet/trfuncionariobloqueados HTTP/1.1" 200 10344
200.111.191.210 - - [06/Mar/2019:16:45:42 -0300] "POST /cormun/servlet/solicitudot?e708d696adaafed190de887706306365,INS,0,0,,gx-no-cache=1551901400408 HTTP/1.1" 200 93
200.111.191.210 - - [06/Mar/2019:16:45:42 -0300] "GET /cormun/servlet/hpexe_return? HTTP/1.1" 200 1009
200.111.191.210 - - [06/Mar/2019:16:45:42 -0300] "GET /cormun/servlet/trsolicitudot? HTTP/1.1" 200 9795
200.111.191.210 - - [06/Mar/2019:16:45:43 -0300] "GET /cormun/servlet/trsolicitudot? HTTP/1.1" 200 9791
192.168.10.96 - - [06/Mar/2019:16:45:55 -0300] "GET /cormun/servlet/hlogin HTTP/1.1" 200 1742
200.111.191.210 - - [06/Mar/2019:16:45:55 -0300] "POST /cormun/servlet/trsolicitudot?e708d696adaafed190de887706306365,,gx-no-cache=1551901414805 HTTP/1.1" 200 107
200.111.191.210 - - [06/Mar/2019:16:45:56 -0300] "GET /cormun/servlet/trsolicitudadjuntos?2019,14545, HTTP/1.1" 200 6136
200.111.191.210 - - [06/Mar/2019:16:45:56 -0300] "GET /cormun/servlet/trsolicitudadjuntos?2019,14545, HTTP/1.1" 200 6136
200.111.191.210 - - [06/Mar/2019:16:45:57 -0300] "GET /cormun/servlet/solicitudotadjuntos?INS,2019,14545,,1, HTTP/1.1" 200 6082
200.111.191.210 - - [06/Mar/2019:16:45:57 -0300] "GET /cormun/static/about:blank HTTP/1.1" 404 1011
200.111.191.210 - - [06/Mar/2019:16:45:57 -0300] "GET /cormun/servlet/solicitudotadjuntos?INS,2019,14545,,1, HTTP/1.1" 200 6076
200.111.191.210 - - [06/Mar/2019:16:45:58 -0300] "GET /cormun/servlet/solicitudotadjuntos?1481bbd571c5d4e619867bc329cce3b12ba7a6114b6b4dc1bb5169b0cea5ea2ef7cfe8e432c1789b2e34aa5fa2e5a738,gx-no-cache=1551901417409 HTTP/1.1" 200 30
200.111.191.210 - - [06/Mar/2019:16:45:58 -0300] "POST /cormun/servlet/solicitudotadjuntos?e708d696adaafed190de887706306365,INS,2019,14545,,1,,gx-no-cache=1551901417477 HTTP/1.1" 200 3883
200.111.191.210 - - [06/Mar/2019:16:45:59 -0300] "POST /cormun/servlet/solicitudotadjuntos?gx-no-cache=1551901418851 HTTP/1.1" 200 26
192.168.10.89 - - [06/Mar/2019:16:45:59 -0300] "POST /cormun/servlet/trautorizarot?290fe084c9a3e2b854b68eebab782659,,gx-no-cache=1551908367109 HTTP/1.1" 200 6538
200.111.191.210 - - [06/Mar/2019:16:46:08 -0300] "GET /cormun/servlet/solicitudotadjuntos?1481bbd571c5d4e619867bc329cce3b1ebc1bb9cca2eae2fb5b1e2f0f72ea805,gx-no-cache=1551901427355 HTTP/1.1" 200 30
200.111.191.210 - - [06/Mar/2019:16:46:08 -0300] "GET /cormun/servlet/solicitudotadjuntos?1481bbd571c5d4e619867bc329cce3b1ebc1bb9cca2eae2fb5b1e2f0f72ea805,gx-no-cache=1551901427428 HTTP/1.1" 200 30
200.111.191.210 - - [06/Mar/2019:16:46:09 -0300] "POST /cormun/servlet/solicitudotadjuntos?e708d696adaafed190de887706306365,INS,2019,14545,,1, HTTP/1.1" 200 116
200.111.191.210 - - [06/Mar/2019:16:46:09 -0300] "GET /cormun/servlet/hpexe_return? HTTP/1.1" 200 1029
200.111.191.210 - - [06/Mar/2019:16:46:09 -0300] "GET /cormun/servlet/trsolicitudadjuntos?2019,14545, HTTP/1.1" 200 8687
200.111.191.210 - - [06/Mar/2019:16:46:09 -0300] "GET /cormun/servlet/trsolicitudadjuntos?2019,14545, HTTP/1.1" 200 8683
200.111.191.210 - - [06/Mar/2019:16:46:11 -0300] "GET /cormun/servlet/solicitudotadjuntos?INS,2019,14545,,1, HTTP/1.1" 200 6082
200.111.191.210 - - [06/Mar/2019:16:46:11 -0300] "GET /cormun/static/about:blank HTTP/1.1" 404 1011
200.111.191.210 - - [06/Mar/2019:16:46:11 -0300] "GET /cormun/servlet/solicitudotadjuntos?INS,2019,14545,,1, HTTP/1.1" 200 6076
200.111.191.210 - - [06/Mar/2019:16:46:12 -0300] "GET /cormun/servlet/solicitudotadjuntos?1481bbd571c5d4e619867bc329cce3b12ba7a6114b6b4dc1bb5169b0cea5ea2ef7cfe8e432c1789b2e34aa5fa2e5a738,gx-no-cache=1551901431360 HTTP/1.1" 200 30
200.111.191.210 - - [06/Mar/2019:16:46:12 -0300] "POST /cormun/servlet/solicitudotadjuntos?e708d696adaafed190de887706306365,INS,2019,14545,,1,,gx-no-cache=1551901431373 HTTP/1.1" 200 3883
200.111.191.210 - - [06/Mar/2019:16:46:13 -0300] "POST /cormun/servlet/solicitudotadjuntos?gx-no-cache=1551901432758 HTTP/1.1" 200 26
192.168.10.89 - - [06/Mar/2019:16:46:16 -0300] "POST /cormun/servlet/trautorizarot?290fe084c9a3e2b854b68eebab782659,,gx-no-cache=1551908383588 HTTP/1.1" 200 5364
186.67.172.234 - - [06/Mar/2019:16:46:18 -0300] "GET /cormun/Manuales/ManualSolicitud.pdf HTTP/1.1" 200 850295
200.111.191.210 - - [06/Mar/2019:16:46:19 -0300] "GET /cormun/servlet/solicitudotadjuntos?1481bbd571c5d4e619867bc329cce3b1ebc1bb9cca2eae2fb5b1e2f0f72ea805,gx-no-cache=1551901438158 HTTP/1.1" 200 30
200.111.191.210 - - [06/Mar/2019:16:46:19 -0300] "GET /cormun/servlet/solicitudotadjuntos?1481bbd571c5d4e619867bc329cce3b1ebc1bb9cca2eae2fb5b1e2f0f72ea805,gx-no-cache=1551901438167 HTTP/1.1" 200 30
200.111.191.210 - - [06/Mar/2019:16:46:19 -0300] "POST /cormun/servlet/solicitudotadjuntos?e708d696adaafed190de887706306365,INS,2019,14545,,1, HTTP/1.1" 200 116
200.111.191.210 - - [06/Mar/2019:16:46:19 -0300] "GET /cormun/servlet/hpexe_return? HTTP/1.1" 200 1029
200.111.191.210 - - [06/Mar/2019:16:46:19 -0300] "GET /cormun/servlet/trsolicitudadjuntos?2019,14545, HTTP/1.1" 200 8894
200.111.191.210 - - [06/Mar/2019:16:46:20 -0300] "GET /cormun/servlet/trsolicitudadjuntos?2019,14545, HTTP/1.1" 200 8894
200.111.191.210 - - [06/Mar/2019:16:46:21 -0300] "GET /cormun/servlet/solicitudotadjuntos?INS,2019,14545,,1, HTTP/1.1" 200 6082
200.111.191.210 - - [06/Mar/2019:16:46:21 -0300] "GET /cormun/static/about:blank HTTP/1.1" 404 1011
200.111.191.210 - - [06/Mar/2019:16:46:21 -0300] "GET /cormun/servlet/solicitudotadjuntos?INS,2019,14545,,1, HTTP/1.1" 200 6076
200.111.191.210 - - [06/Mar/2019:16:46:22 -0300] "GET /cormun/servlet/solicitudotadjuntos?1481bbd571c5d4e619867bc329cce3b12ba7a6114b6b4dc1bb5169b0cea5ea2ef7cfe8e432c1789b2e34aa5fa2e5a738,gx-no-cache=1551901441432 HTTP/1.1" 200 30
200.111.191.210 - - [06/Mar/2019:16:46:22 -0300] "POST /cormun/servlet/solicitudotadjuntos?e708d696adaafed190de887706306365,INS,2019,14545,,1,,gx-no-cache=1551901441467 HTTP/1.1" 200 3883
190.171.141.106 - - [06/Mar/2019:16:46:24 -0300] "POST /cormun/servlet/trautorizarsolicitud?7d337b09573ee5e2ad3ae0b4e697b6b3,,gx-no-cache=1551901367142 HTTP/1.1" 200 106
200.111.191.210 - - [06/Mar/2019:16:46:24 -0300] "POST /cormun/servlet/solicitudotadjuntos?gx-no-cache=1551901443566 HTTP/1.1" 200 26
190.171.141.106 - - [06/Mar/2019:16:46:24 -0300] "GET /cormun/servlet/trsolicitudadjuntos?2019,14421, HTTP/1.1" 200 9884
190.171.141.106 - - [06/Mar/2019:16:46:24 -0300] "GET /cormun/static/gxcfg.js?20177612135366 HTTP/1.1" 200 953
190.171.141.106 - - [06/Mar/2019:16:46:24 -0300] "GET /cormun/static/trsolicitudadjuntos.js?20177612135632 HTTP/1.1" 200 17922
190.171.141.106 - - [06/Mar/2019:16:46:25 -0300] "GET /cormun/servlet/trsolicitudadjuntos?2019,14421, HTTP/1.1" 200 9891
190.171.141.106 - - [06/Mar/2019:16:46:28 -0300] "GET /cormun/PublicTempStorage/curric.4742650.pdf HTTP/1.1" 200 321603
192.168.10.89 - - [06/Mar/2019:16:46:50 -0300] "POST /cormun/servlet/trautorizarot?290fe084c9a3e2b854b68eebab782659,,gx-no-cache=1551908418118 HTTP/1.1" 200 6844
192.168.10.89 - - [06/Mar/2019:16:47:04 -0300] "POST /cormun/servlet/trautorizarot?290fe084c9a3e2b854b68eebab782659,,gx-no-cache=1551908431701 HTTP/1.1" 200 5350
192.168.10.96 - - [06/Mar/2019:16:47:08 -0300] "POST /cormun/servlet/hlogin?0543cb432574757558c9b1d3092eded6,gx-no-cache=1551908436136 HTTP/1.1" 200 90
192.168.10.96 - - [06/Mar/2019:16:47:08 -0300] "GET /cormun/servlet/hpexe_link HTTP/1.1" 200 961
192.168.10.96 - - [06/Mar/2019:16:47:09 -0300] "GET /cormun/servlet/trfuncionariobloqueados HTTP/1.1" 200 10346
192.168.10.96 - - [06/Mar/2019:16:47:09 -0300] "GET /cormun/servlet/trfuncionariobloqueados HTTP/1.1" 200 10344
192.168.10.89 - - [06/Mar/2019:16:47:10 -0300] "POST /cormun/servlet/trautorizarot?290fe084c9a3e2b854b68eebab782659,,gx-no-cache=1551908437796 HTTP/1.1" 200 6544
192.168.10.89 - - [06/Mar/2019:16:47:20 -0300] "POST /cormun/servlet/trautorizarot?290fe084c9a3e2b854b68eebab782659,,gx-no-cache=1551908447245 HTTP/1.1" 200 5354
192.168.10.89 - - [06/Mar/2019:16:47:26 -0300] "POST /cormun/servlet/trautorizarot?290fe084c9a3e2b854b68eebab782659,,gx-no-cache=1551908453874 HTTP/1.1" 200 6544
200.111.191.210 - - [06/Mar/2019:16:47:29 -0300] "GET /cormun/servlet/solicitudotadjuntos?1481bbd571c5d4e619867bc329cce3b1ebc1bb9cca2eae2fb5b1e2f0f72ea805,gx-no-cache=1551901508151 HTTP/1.1" 200 30
200.111.191.210 - - [06/Mar/2019:16:47:29 -0300] "GET /cormun/servlet/solicitudotadjuntos?1481bbd571c5d4e619867bc329cce3b1ebc1bb9cca2eae2fb5b1e2f0f72ea805,gx-no-cache=1551901508197 HTTP/1.1" 200 30
200.111.191.210 - - [06/Mar/2019:16:47:30 -0300] "POST /cormun/servlet/solicitudotadjuntos?e708d696adaafed190de887706306365,INS,2019,14545,,1, HTTP/1.1" 200 116
200.111.191.210 - - [06/Mar/2019:16:47:30 -0300] "GET /cormun/servlet/hpexe_return? HTTP/1.1" 200 1029
200.111.191.210 - - [06/Mar/2019:16:47:30 -0300] "GET /cormun/servlet/trsolicitudadjuntos?2019,14545, HTTP/1.1" 200 9080
200.111.191.210 - - [06/Mar/2019:16:47:31 -0300] "GET /cormun/servlet/trsolicitudadjuntos?2019,14545, HTTP/1.1" 200 9078
200.111.191.210 - - [06/Mar/2019:16:47:32 -0300] "GET /cormun/servlet/solicitudotadjuntos?INS,2019,14545,,1, HTTP/1.1" 200 6082
200.111.191.210 - - [06/Mar/2019:16:47:32 -0300] "GET /cormun/static/about:blank HTTP/1.1" 404 1011
200.111.191.210 - - [06/Mar/2019:16:47:32 -0300] "GET /cormun/servlet/solicitudotadjuntos?INS,2019,14545,,1, HTTP/1.1" 200 6075
200.111.191.210 - - [06/Mar/2019:16:47:33 -0300] "GET /cormun/servlet/solicitudotadjuntos?1481bbd571c5d4e619867bc329cce3b12ba7a6114b6b4dc1bb5169b0cea5ea2ef7cfe8e432c1789b2e34aa5fa2e5a738,gx-no-cache=1551901512327 HTTP/1.1" 200 30
200.111.191.210 - - [06/Mar/2019:16:47:33 -0300] "POST /cormun/servlet/solicitudotadjuntos?e708d696adaafed190de887706306365,INS,2019,14545,,1,,gx-no-cache=1551901512387 HTTP/1.1" 200 3884
200.111.191.210 - - [06/Mar/2019:16:47:35 -0300] "POST /cormun/servlet/solicitudotadjuntos?gx-no-cache=1551901514124 HTTP/1.1" 200 26
192.168.10.89 - - [06/Mar/2019:16:47:39 -0300] "POST /cormun/servlet/trautorizarot?290fe084c9a3e2b854b68eebab782659,,gx-no-cache=1551908466318 HTTP/1.1" 200 5361
200.111.191.210 - - [06/Mar/2019:16:47:39 -0300] "GET /cormun/servlet/solicitudotadjuntos?1481bbd571c5d4e619867bc329cce3b1ebc1bb9cca2eae2fb5b1e2f0f72ea805,gx-no-cache=1551901518175 HTTP/1.1" 200 30
200.111.191.210 - - [06/Mar/2019:16:47:39 -0300] "GET /cormun/servlet/solicitudotadjuntos?1481bbd571c5d4e619867bc329cce3b1ebc1bb9cca2eae2fb5b1e2f0f72ea805,gx-no-cache=1551901518237 HTTP/1.1" 200 30
200.111.191.210 - - [06/Mar/2019:16:47:40 -0300] "POST /cormun/servlet/solicitudotadjuntos?e708d696adaafed190de887706306365,INS,2019,14545,,1, HTTP/1.1" 200 116
200.111.191.210 - - [06/Mar/2019:16:47:40 -0300] "GET /cormun/servlet/hpexe_return? HTTP/1.1" 200 1029
200.111.191.210 - - [06/Mar/2019:16:47:41 -0300] "GET /cormun/servlet/trsolicitudadjuntos?2019,14545, HTTP/1.1" 200 9277
200.111.191.210 - - [06/Mar/2019:16:47:41 -0300] "GET /cormun/servlet/trsolicitudadjuntos?2019,14545, HTTP/1.1" 200 9279
200.111.191.210 - - [06/Mar/2019:16:47:42 -0300] "GET /cormun/servlet/solicitudotadjuntos?INS,2019,14545,,1, HTTP/1.1" 200 6082
200.111.191.210 - - [06/Mar/2019:16:47:43 -0300] "GET /cormun/static/about:blank HTTP/1.1" 404 1011
200.111.191.210 - - [06/Mar/2019:16:47:43 -0300] "GET /cormun/servlet/solicitudotadjuntos?INS,2019,14545,,1, HTTP/1.1" 200 6075
200.111.191.210 - - [06/Mar/2019:16:47:43 -0300] "GET /cormun/servlet/solicitudotadjuntos?1481bbd571c5d4e619867bc329cce3b12ba7a6114b6b4dc1bb5169b0cea5ea2ef7cfe8e432c1789b2e34aa5fa2e5a738,gx-no-cache=1551901522649 HTTP/1.1" 200 30
200.111.191.210 - - [06/Mar/2019:16:47:43 -0300] "POST /cormun/servlet/solicitudotadjuntos?e708d696adaafed190de887706306365,INS,2019,14545,,1,,gx-no-cache=1551901522682 HTTP/1.1" 200 3883
200.111.191.210 - - [06/Mar/2019:16:47:45 -0300] "POST /cormun/servlet/solicitudotadjuntos?gx-no-cache=1551901524662 HTTP/1.1" 200 26
192.168.10.89 - - [06/Mar/2019:16:47:46 -0300] "POST /cormun/servlet/trautorizarot?290fe084c9a3e2b854b68eebab782659,,gx-no-cache=1551908473637 HTTP/1.1" 200 6552
200.111.191.210 - - [06/Mar/2019:16:47:49 -0300] "GET /cormun/servlet/solicitudotadjuntos?1481bbd571c5d4e619867bc329cce3b1ebc1bb9cca2eae2fb5b1e2f0f72ea805,gx-no-cache=1551901528846 HTTP/1.1" 200 30
200.111.191.210 - - [06/Mar/2019:16:47:49 -0300] "GET /cormun/servlet/solicitudotadjuntos?1481bbd571c5d4e619867bc329cce3b1ebc1bb9cca2eae2fb5b1e2f0f72ea805,gx-no-cache=1551901528868 HTTP/1.1" 200 30
186.67.172.234 - - [06/Mar/2019:16:47:54 -0300] "GET /cormun/servlet/hlogin HTTP/1.1" 200 1720
200.111.191.210 - - [06/Mar/2019:16:47:54 -0300] "POST /cormun/servlet/solicitudotadjuntos?e708d696adaafed190de887706306365,INS,2019,14545,,1, HTTP/1.1" 200 116
200.111.191.210 - - [06/Mar/2019:16:47:54 -0300] "GET /cormun/servlet/hpexe_return? HTTP/1.1" 200 1029
200.111.191.210 - - [06/Mar/2019:16:47:55 -0300] "GET /cormun/servlet/trsolicitudadjuntos?2019,14545, HTTP/1.1" 200 9552
200.111.191.210 - - [06/Mar/2019:16:47:56 -0300] "GET /cormun/servlet/trsolicitudadjuntos?2019,14545, HTTP/1.1" 200 9553
186.67.172.234 - - [06/Mar/2019:16:47:56 -0300] "POST /cormun/servlet/hlogin?ecdc490bf65d5dd7eddf562103d1c893,gx-no-cache=1551901459261 HTTP/1.1" 200 90
186.67.172.234 - - [06/Mar/2019:16:47:56 -0300] "GET /cormun/servlet/hpexe_link HTTP/1.1" 200 953
200.111.191.210 - - [06/Mar/2019:16:47:57 -0300] "GET /cormun/servlet/solicitudotadjuntos?INS,2019,14545,,1, HTTP/1.1" 200 6082
200.111.191.210 - - [06/Mar/2019:16:47:58 -0300] "GET /cormun/static/about:blank HTTP/1.1" 404 1011
192.168.10.89 - - [06/Mar/2019:16:47:58 -0300] "POST /cormun/servlet/trautorizarot?290fe084c9a3e2b854b68eebab782659,,gx-no-cache=1551908485348 HTTP/1.1" 200 5366
200.111.191.210 - - [06/Mar/2019:16:47:58 -0300] "GET /cormun/servlet/solicitudotadjuntos?INS,2019,14545,,1, HTTP/1.1" 200 6075
200.111.191.210 - - [06/Mar/2019:16:47:58 -0300] "GET /cormun/servlet/solicitudotadjuntos?1481bbd571c5d4e619867bc329cce3b12ba7a6114b6b4dc1bb5169b0cea5ea2ef7cfe8e432c1789b2e34aa5fa2e5a738,gx-no-cache=1551901537960 HTTP/1.1" 200 30
200.111.191.210 - - [06/Mar/2019:16:47:59 -0300] "POST /cormun/servlet/solicitudotadjuntos?e708d696adaafed190de887706306365,INS,2019,14545,,1,,gx-no-cache=1551901537999 HTTP/1.1" 200 3883
200.111.191.210 - - [06/Mar/2019:16:48:01 -0300] "POST /cormun/servlet/solicitudotadjuntos?gx-no-cache=1551901540139 HTTP/1.1" 200 26
200.111.191.210 - - [06/Mar/2019:16:48:07 -0300] "GET /cormun/servlet/solicitudotadjuntos?1481bbd571c5d4e619867bc329cce3b1ebc1bb9cca2eae2fb5b1e2f0f72ea805,gx-no-cache=1551901546726 HTTP/1.1" 200 30
200.111.191.210 - - [06/Mar/2019:16:48:07 -0300] "GET /cormun/servlet/solicitudotadjuntos?1481bbd571c5d4e619867bc329cce3b1ebc1bb9cca2eae2fb5b1e2f0f72ea805,gx-no-cache=1551901546764 HTTP/1.1" 200 30
200.111.191.210 - - [06/Mar/2019:16:48:09 -0300] "POST /cormun/servlet/solicitudotadjuntos?e708d696adaafed190de887706306365,INS,2019,14545,,1, HTTP/1.1" 200 116
200.111.191.210 - - [06/Mar/2019:16:48:09 -0300] "GET /cormun/servlet/hpexe_return? HTTP/1.1" 200 1029
192.168.10.89 - - [06/Mar/2019:16:48:10 -0300] "POST /cormun/servlet/trautorizarot?290fe084c9a3e2b854b68eebab782659,,gx-no-cache=1551908497348 HTTP/1.1" 200 6551
200.111.191.210 - - [06/Mar/2019:16:48:10 -0300] "GET /cormun/servlet/trsolicitudadjuntos?2019,14545, HTTP/1.1" 200 9764
200.111.191.210 - - [06/Mar/2019:16:48:11 -0300] "GET /cormun/servlet/trsolicitudadjuntos?2019,14545, HTTP/1.1" 200 9762
200.111.191.210 - - [06/Mar/2019:16:48:15 -0300] "GET /cormun/servlet/trsolicitudot? HTTP/1.1" 200 9797
200.111.191.210 - - [06/Mar/2019:16:48:15 -0300] "GET /cormun/servlet/trsolicitudot? HTTP/1.1" 200 9791
200.111.191.210 - - [06/Mar/2019:16:48:18 -0300] "POST /cormun/servlet/trsolicitudot?e708d696adaafed190de887706306365,,gx-no-cache=1551901557306 HTTP/1.1" 200 6533
200.111.191.210 - - [06/Mar/2019:16:48:18 -0300] "GET /cormun/static/Shared/jqueryui/images/ui-bg_highlight-soft_100_c6c2c8_1x100.png HTTP/1.1" 404 1117
200.111.191.210 - - [06/Mar/2019:16:48:18 -0300] "GET /cormun/static/Shared/jqueryui/images/ui-icons_82798d_256x240.png HTTP/1.1" 404 1089
200.111.191.210 - - [06/Mar/2019:16:48:18 -0300] "GET /cormun/static/Shared/jqueryui/images/ui-icons_8d78a5_256x240.png HTTP/1.1" 404 1089
200.111.191.210 - - [06/Mar/2019:16:48:18 -0300] "GET /cormun/static/Shared/jqueryui/images/ui-bg_flat_55_fafafa_40x100.png HTTP/1.1" 404 1097
200.111.191.210 - - [06/Mar/2019:16:48:18 -0300] "POST /cormun/servlet/trsolicitudot?e708d696adaafed190de887706306365,,gx-no-cache=1551901557628 HTTP/1.1" 200 6475
91.204.250.52 - - [06/Mar/2019:16:48:19 -0300] "GET / HTTP/1.1" 200 11217
200.111.191.210 - - [06/Mar/2019:16:48:21 -0300] "GET /cormun/servlet/trcontratoobservacion? HTTP/1.1" 200 6197
200.111.191.210 - - [06/Mar/2019:16:48:21 -0300] "GET /cormun/static/gxcfg.js?2017525126861 HTTP/1.1" 200 953
200.111.191.210 - - [06/Mar/2019:16:48:21 -0300] "GET /cormun/static/trcontratoobservacion.js?20175251261223 HTTP/1.1" 200 25148
200.111.191.210 - - [06/Mar/2019:16:48:22 -0300] "GET /cormun/servlet/trcontratoobservacion? HTTP/1.1" 200 6197
200.111.191.210 - - [06/Mar/2019:16:48:23 -0300] "GET /cormun/servlet/hlogin HTTP/1.1" 200 1744
200.111.191.210 - - [06/Mar/2019:16:48:34 -0300] "POST /cormun/servlet/hlogin?e708d696adaafed190de887706306365,gx-no-cache=1551901573723 HTTP/1.1" 200 90
200.111.191.210 - - [06/Mar/2019:16:48:34 -0300] "GET /cormun/servlet/hpexe_link HTTP/1.1" 200 954
200.111.191.210 - - [06/Mar/2019:16:48:34 -0300] "GET /cormun/servlet/hhome HTTP/1.1" 200 4313
78.108.177.54 - - [06/Mar/2019:16:48:35 -0300] "GET / HTTP/1.0" 200 11197
200.111.191.210 - - [06/Mar/2019:16:48:35 -0300] "GET /cormun/servlet/hhome HTTP/1.1" 200 4309
200.111.191.210 - - [06/Mar/2019:16:48:37 -0300] "GET /cormun/servlet/trautorizarsolicitud? HTTP/1.1" 200 9565
200.111.191.210 - - [06/Mar/2019:16:48:38 -0300] "GET /cormun/servlet/trautorizarsolicitud? HTTP/1.1" 200 9563
200.111.191.210 - - [06/Mar/2019:16:48:46 -0300] "POST /cormun/servlet/trautorizarsolicitud?e708d696adaafed190de887706306365,,gx-no-cache=1551901584918 HTTP/1.1" 200 6309
200.111.191.210 - - [06/Mar/2019:16:48:46 -0300] "GET /cormun/static/Shared/jqueryui/images/ui-bg_highlight-soft_100_c6c2c8_1x100.png HTTP/1.1" 404 1117
200.111.191.210 - - [06/Mar/2019:16:48:46 -0300] "GET /cormun/static/Shared/jqueryui/images/ui-bg_flat_55_fafafa_40x100.png HTTP/1.1" 404 1097
200.111.191.210 - - [06/Mar/2019:16:48:46 -0300] "GET /cormun/static/Shared/jqueryui/images/ui-icons_8d78a5_256x240.png HTTP/1.1" 404 1089
200.111.191.210 - - [06/Mar/2019:16:48:46 -0300] "GET /cormun/static/Shared/jqueryui/images/ui-icons_82798d_256x240.png HTTP/1.1" 404 1089
200.111.191.210 - - [06/Mar/2019:16:48:46 -0300] "POST /cormun/servlet/trautorizarsolicitud?e708d696adaafed190de887706306365,,gx-no-cache=1551901585179 HTTP/1.1" 200 6254
200.111.191.210 - - [06/Mar/2019:16:48:47 -0300] "POST /cormun/servlet/trautorizarsolicitud?e708d696adaafed190de887706306365,,gx-no-cache=1551901586219 HTTP/1.1" 200 5875
200.111.191.210 - - [06/Mar/2019:16:48:47 -0300] "POST /cormun/servlet/trautorizarsolicitud?e708d696adaafed190de887706306365,,gx-no-cache=1551901586457 HTTP/1.1" 200 5823
200.111.191.210 - - [06/Mar/2019:16:48:48 -0300] "POST /cormun/servlet/trautorizarsolicitud?e708d696adaafed190de887706306365,,gx-no-cache=1551901587543 HTTP/1.1" 200 4685
200.111.191.210 - - [06/Mar/2019:16:48:48 -0300] "POST /cormun/servlet/trautorizarsolicitud?e708d696adaafed190de887706306365,,gx-no-cache=1551901587757 HTTP/1.1" 200 4456
186.67.172.234 - - [06/Mar/2019:16:48:50 -0300] "GET /cormun/servlet/trautorizarsolicitud? HTTP/1.1" 200 7452
186.67.172.234 - - [06/Mar/2019:16:48:51 -0300] "GET /cormun/servlet/trautorizarsolicitud? HTTP/1.1" 200 7452
186.67.172.234 - - [06/Mar/2019:16:49:13 -0300] "GET /cormun/servlet/trsolicitudot? HTTP/1.1" 200 7561
186.67.172.234 - - [06/Mar/2019:16:49:14 -0300] "GET /cormun/servlet/trsolicitudot? HTTP/1.1" 200 7561
186.67.172.234 - - [06/Mar/2019:16:49:18 -0300] "GET /cormun/servlet/solicitudot?INS,0,0, HTTP/1.1" 200 15158
186.67.172.234 - - [06/Mar/2019:16:49:18 -0300] "GET /cormun/static/calendar-system.css?75620 HTTP/1.1" 200 5572
186.67.172.234 - - [06/Mar/2019:16:49:18 -0300] "GET /cormun/static/gxcfg.js?20189101114418 HTTP/1.1" 200 953
186.67.172.234 - - [06/Mar/2019:16:49:18 -0300] "GET /cormun/static/Resources/prompt.gif HTTP/1.1" 200 902
186.67.172.234 - - [06/Mar/2019:16:49:18 -0300] "GET /cormun/static/solicitudot.js?20189101114718 HTTP/1.1" 200 71883
186.67.172.234 - - [06/Mar/2019:16:49:19 -0300] "GET /cormun/servlet/solicitudot?INS,0,0, HTTP/1.1" 200 15164
190.129.49.22 - - [06/Mar/2019:16:50:14 -0300] "GET / HTTP/1.1" 200 11217
186.67.172.234 - - [06/Mar/2019:16:51:16 -0300] "POST /cormun/servlet/solicitudot?gx-no-cache=1551901658776 HTTP/1.1" 200 3519
186.67.172.234 - - [06/Mar/2019:16:51:17 -0300] "POST /cormun/servlet/solicitudot?ecdc490bf65d5dd7eddf562103d1c893,INS,0,0,,gx-no-cache=1551901659161 HTTP/1.1" 200 11863
186.67.172.234 - - [06/Mar/2019:16:52:47 -0300] "GET /cormun/servlet/solicitudot?b5177a11f30521cfbdc0ac3b7a04cd0fa6ac2b4d459a23beb30ebfdb7f7994fa5c0047bb8803acefc99459fb937e3569,gx-no-cache=1551901749773 HTTP/1.1" 200 30
186.67.172.234 - - [06/Mar/2019:16:52:47 -0300] "GET /cormun/servlet/solicitudot?b5177a11f30521cfbdc0ac3b7a04cd0f8230067b4bfa6ee388733a7141856a7b,gx-no-cache=1551901749878 HTTP/1.1" 200 94
186.67.172.234 - - [06/Mar/2019:16:52:47 -0300] "GET /cormun/static/Shared/jqueryui/images/ui-bg_highlight-soft_100_c6c2c8_1x100.png HTTP/1.1" 404 1117
186.67.172.234 - - [06/Mar/2019:16:52:47 -0300] "GET /cormun/static/Shared/jqueryui/images/ui-icons_82798d_256x240.png HTTP/1.1" 404 1089
186.67.172.234 - - [06/Mar/2019:16:52:47 -0300] "GET /cormun/static/Shared/jqueryui/images/ui-bg_flat_55_994d53_40x100.png HTTP/1.1" 404 1097
186.67.172.234 - - [06/Mar/2019:16:52:47 -0300] "GET /cormun/static/Shared/jqueryui/images/ui-icons_ebccce_256x240.png HTTP/1.1" 404 1089
186.67.172.234 - - [06/Mar/2019:16:52:47 -0300] "GET /cormun/servlet/solicitudot?b5177a11f30521cfbdc0ac3b7a04cd0f5cb96079b67aed62a7c8bf14d5491c4f,gx-no-cache=1551901750063 HTTP/1.1" 200 123
186.67.172.234 - - [06/Mar/2019:16:52:47 -0300] "POST /cormun/servlet/solicitudot?gx-no-cache=1551901750128 HTTP/1.1" 200 240
