186.67.172.234 - - [06/Mar/2019:16:52:47 -0300] "GET /cormun/servlet/solicitudot?b5177a11f30521cfbdc0ac3b7a04cd0f4858c859fdae724208702bbe65e34f06213f2753491f4a82d2b6b95226288097512840c536aab92c87407d1180be18f8f6da2e9494c6808b3010589675c530406d098d2b8ce7a3638d977259f0f89f25bb9fd06201857b97f45cfb257d1d90d8d4bb4df7b8392dd500caf58a704a7d9ac614309f7b112e451c7fea6a07c81a5da34aec0c9824355cb4138d2e23ed6baeba8d3ab26dbdd3490ce1a3de31c1b3bcb9d85fb03241b7814d96716f43b9e2b8818628129e043614eabc117802b344da708c624a5dac2cd1180aba1b2fc0f448daf5bc9df62770b242b475fce1606a24933f69b30012974e6d3ab14b30306015fa5a2a9162a614f060c452aaf36325978cdc3d3fc0c5269935b1b43a02dfc3e11c2269136c27cdeeef4a52690f4a60f4f79bb87bf8314dc8cda6672de7ff6e109760f0d24cba17d0a7ffb1c523d3afcf82ecff283e53ac072a409f5edd0552e308bb4833a9aa71e1abc314adb2e988bafc39f00f5f3acc17fbaae06250c44b2c,gx-no-cache=1551901750208 HTTP/1.1" 200 30
186.67.172.234 - - [06/Mar/2019:16:53:00 -0300] "POST /cormun/servlet/solicitudot?gx-no-cache=1551901763141 HTTP/1.1" 200 30
186.67.172.234 - - [06/Mar/2019:16:53:09 -0300] "POST /cormun/servlet/solicitudot?gx-no-cache=1551901772559 HTTP/1.1" 200 1282
186.67.172.234 - - [06/Mar/2019:16:53:09 -0300] "POST /cormun/servlet/solicitudot?gx-no-cache=1551901772634 HTTP/1.1" 200 38
186.67.172.234 - - [06/Mar/2019:16:53:09 -0300] "GET /cormun/servlet/solicitudot?b5177a11f30521cfbdc0ac3b7a04cd0f870683815c8a9db2504075aedc6fcdb54d2f823f187274c2bdad8cac46acee1038ce5317a6735e8bad4c5b56a5cc5cb910246a255382205b4776602ec50636743cd68df52ed55648f875e5f480dbc08109722461fb4d28b3e58247afd72b74aa,gx-no-cache=1551901772690 HTTP/1.1" 200 110
186.67.172.234 - - [06/Mar/2019:16:53:10 -0300] "POST /cormun/servlet/solicitudot?gx-no-cache=1551901772743 HTTP/1.1" 200 97
93.158.161.6 - - [06/Mar/2019:16:53:59 -0300] "GET /robots.txt HTTP/1.1" 404 981
93.158.161.6 - - [06/Mar/2019:16:54:03 -0300] "GET /examples/jsp/jsp2/jspattribute/ShuffleSimpleTag.java.html HTTP/1.1" 200 2870
186.67.172.234 - - [06/Mar/2019:16:54:08 -0300] "GET /cormun/servlet/solicitudot?b5177a11f30521cfbdc0ac3b7a04cd0fe553fbec803093347371d65ecf58a778cd58a47e441bde12b3fbc0ecee452a41cf66eafb93269cce113abc0154afd8f4357553ace9e14b385a8ab965ac4e2874d13c5582c6394e49338ae693cdb203fe153c6dd7a4e96547bb6a3445cf67b6fdeb870de65e1c4c0c7be2e8445e700c97b1141ba732b9897ba0b2a4fed3a151ce51e6e375b593c8e12db1a8a7b09325486a03a1dc8e9b78fb3fcef475ff93d8425786a27f63b59535dd6d2c051da36256a30fa76ea9818fe584a77ca0b2e7c635,gx-no-cache=1551901831584 HTTP/1.1" 200 29
186.67.172.234 - - [06/Mar/2019:16:54:08 -0300] "GET /cormun/servlet/solicitudot?b5177a11f30521cfbdc0ac3b7a04cd0f87ec3905918a0e31fa0848f8bdb62b2d,gx-no-cache=1551901831663 HTTP/1.1" 200 30
186.67.172.234 - - [06/Mar/2019:16:54:09 -0300] "POST /cormun/servlet/solicitudot?gx-no-cache=1551901831927 HTTP/1.1" 200 30
181.210.47.167 - - [06/Mar/2019:16:55:50 -0300] "GET / HTTP/1.1" 200 11217
181.210.47.167 - - [06/Mar/2019:16:55:50 -0300] "GET / HTTP/1.1" 200 11217
192.168.10.89 - - [06/Mar/2019:16:56:27 -0300] "POST /cormun/servlet/trautorizarot?290fe084c9a3e2b854b68eebab782659,,gx-no-cache=1551908995122 HTTP/1.1" 200 5372
186.67.172.234 - - [06/Mar/2019:16:56:29 -0300] "GET /cormun/servlet/solicitudot?INS,0,0, HTTP/1.1" 200 15146
186.67.172.234 - - [06/Mar/2019:16:56:30 -0300] "GET /cormun/servlet/solicitudot?INS,0,0, HTTP/1.1" 200 15163
192.168.10.89 - - [06/Mar/2019:16:56:36 -0300] "POST /cormun/servlet/trautorizarot?290fe084c9a3e2b854b68eebab782659,,gx-no-cache=1551909004177 HTTP/1.1" 200 6537
186.67.172.234 - - [06/Mar/2019:16:56:43 -0300] "GET /cormun/servlet/trsolicitudot? HTTP/1.1" 200 7561
186.67.172.234 - - [06/Mar/2019:16:56:43 -0300] "GET /cormun/servlet/trsolicitudot? HTTP/1.1" 200 7561
186.67.172.234 - - [06/Mar/2019:16:57:03 -0300] "GET /cormun/servlet/solicitudot?INS,0,0, HTTP/1.1" 200 15157
186.67.172.234 - - [06/Mar/2019:16:57:04 -0300] "GET /cormun/servlet/solicitudot?INS,0,0, HTTP/1.1" 200 15163
192.168.10.89 - - [06/Mar/2019:16:57:14 -0300] "POST /cormun/servlet/trautorizarot?290fe084c9a3e2b854b68eebab782659,,gx-no-cache=1551909041665 HTTP/1.1" 200 5360
192.168.10.89 - - [06/Mar/2019:16:57:23 -0300] "POST /cormun/servlet/trautorizarot?290fe084c9a3e2b854b68eebab782659,,gx-no-cache=1551909050480 HTTP/1.1" 200 6546
186.67.172.234 - - [06/Mar/2019:16:57:28 -0300] "POST /cormun/servlet/solicitudot?gx-no-cache=1551902030730 HTTP/1.1" 200 3519
186.67.172.234 - - [06/Mar/2019:16:57:28 -0300] "POST /cormun/servlet/solicitudot?ecdc490bf65d5dd7eddf562103d1c893,INS,0,0,,gx-no-cache=1551902031062 HTTP/1.1" 200 11862
192.168.10.89 - - [06/Mar/2019:16:57:39 -0300] "POST /cormun/servlet/trautorizarot?290fe084c9a3e2b854b68eebab782659,,gx-no-cache=1551909066619 HTTP/1.1" 200 5363
186.67.172.234 - - [06/Mar/2019:16:57:44 -0300] "GET /cormun/servlet/trsolicitudot? HTTP/1.1" 200 7561
186.67.172.234 - - [06/Mar/2019:16:57:44 -0300] "GET /cormun/servlet/trsolicitudot? HTTP/1.1" 200 7561
192.168.10.89 - - [06/Mar/2019:16:57:48 -0300] "POST /cormun/servlet/trautorizarot?290fe084c9a3e2b854b68eebab782659,,gx-no-cache=1551909075410 HTTP/1.1" 200 6553
186.67.172.234 - - [06/Mar/2019:16:57:51 -0300] "GET /cormun/servlet/trautorizarsolicitud? HTTP/1.1" 200 7464
186.67.172.234 - - [06/Mar/2019:16:57:51 -0300] "GET /cormun/servlet/trautorizarsolicitud? HTTP/1.1" 200 7463
186.67.172.234 - - [06/Mar/2019:16:57:58 -0300] "GET /cormun/servlet/trsolicitudot? HTTP/1.1" 200 7561
192.168.10.89 - - [06/Mar/2019:16:57:58 -0300] "POST /cormun/servlet/trautorizarot?290fe084c9a3e2b854b68eebab782659,,gx-no-cache=1551909086042 HTTP/1.1" 200 5368
186.67.172.234 - - [06/Mar/2019:16:57:59 -0300] "GET /cormun/servlet/trsolicitudot? HTTP/1.1" 200 7561
186.67.172.234 - - [06/Mar/2019:16:58:02 -0300] "GET /cormun/servlet/solicitudot?INS,0,0, HTTP/1.1" 200 15158
186.67.172.234 - - [06/Mar/2019:16:58:02 -0300] "GET /cormun/servlet/solicitudot?INS,0,0, HTTP/1.1" 200 15164
192.168.10.89 - - [06/Mar/2019:16:58:06 -0300] "POST /cormun/servlet/trautorizarot?290fe084c9a3e2b854b68eebab782659,,gx-no-cache=1551909093324 HTTP/1.1" 200 5186
192.168.10.89 - - [06/Mar/2019:16:58:11 -0300] "POST /cormun/servlet/trautorizarot?290fe084c9a3e2b854b68eebab782659,,gx-no-cache=1551909098306 HTTP/1.1" 200 5186
186.67.172.234 - - [06/Mar/2019:16:58:21 -0300] "POST /cormun/servlet/solicitudot?gx-no-cache=1551902083820 HTTP/1.1" 200 3519
186.67.172.234 - - [06/Mar/2019:16:58:21 -0300] "POST /cormun/servlet/solicitudot?ecdc490bf65d5dd7eddf562103d1c893,INS,0,0,,gx-no-cache=1551902084150 HTTP/1.1" 200 11864
186.67.172.234 - - [06/Mar/2019:16:58:28 -0300] "GET /cormun/servlet/solicitudot?b5177a11f30521cfbdc0ac3b7a04cd0fa6ac2b4d459a23beb30ebfdb7f7994fa5c0047bb8803acefc99459fb937e3569,gx-no-cache=1551902090714 HTTP/1.1" 200 30
186.67.172.234 - - [06/Mar/2019:16:58:28 -0300] "GET /cormun/servlet/solicitudot?b5177a11f30521cfbdc0ac3b7a04cd0f8230067b4bfa6ee388733a7141856a7b,gx-no-cache=1551902090802 HTTP/1.1" 200 94
186.67.172.234 - - [06/Mar/2019:16:58:28 -0300] "GET /cormun/static/Shared/jqueryui/images/ui-bg_highlight-soft_100_c6c2c8_1x100.png HTTP/1.1" 404 1117
186.67.172.234 - - [06/Mar/2019:16:58:28 -0300] "GET /cormun/static/Shared/jqueryui/images/ui-bg_flat_55_994d53_40x100.png HTTP/1.1" 404 1097
186.67.172.234 - - [06/Mar/2019:16:58:28 -0300] "GET /cormun/static/Shared/jqueryui/images/ui-icons_ebccce_256x240.png HTTP/1.1" 404 1089
186.67.172.234 - - [06/Mar/2019:16:58:28 -0300] "GET /cormun/static/Shared/jqueryui/images/ui-icons_82798d_256x240.png HTTP/1.1" 404 1089
186.67.172.234 - - [06/Mar/2019:16:59:02 -0300] "GET /cormun/servlet/solicitudot?b5177a11f30521cfbdc0ac3b7a04cd0f5ab9092bfe7ab934aa34123c4adeb97f,gx-no-cache=1551902125437 HTTP/1.1" 200 29
141.8.143.176 - - [06/Mar/2019:16:59:20 -0300] "GET /docs/cluster-howto.html HTTP/1.1" 200 48317
186.67.172.234 - - [06/Mar/2019:16:59:34 -0300] "GET /cormun/static/Resources/resize.gif HTTP/1.1" 200 77
186.67.172.234 - - [06/Mar/2019:16:59:34 -0300] "GET /cormun/servlet/prbanco?,MD,,gxPopupLevel%3D0%3B HTTP/1.1" 200 6730
186.67.172.234 - - [06/Mar/2019:16:59:34 -0300] "GET /cormun/static/gxcfg.js?20181161016094 HTTP/1.1" 200 953
186.67.172.234 - - [06/Mar/2019:16:59:34 -0300] "GET /cormun/static/Resources/PXToolsMenuSearch.png HTTP/1.1" 200 2914
186.67.172.234 - - [06/Mar/2019:16:59:34 -0300] "GET /cormun/static/Resources/PXToolsMenuSearchCancel.png HTTP/1.1" 200 2972
186.67.172.234 - - [06/Mar/2019:16:59:34 -0300] "GET /cormun/static/menusearch.js?201610171694467 HTTP/1.1" 200 1424
186.67.172.234 - - [06/Mar/2019:16:59:34 -0300] "GET /cormun/static/hmpwkw011.js?20177612121862 HTTP/1.1" 200 1968
186.67.172.234 - - [06/Mar/2019:16:59:34 -0300] "GET /cormun/static/prbanco.js?2018116101633 HTTP/1.1" 200 10693
186.67.172.234 - - [06/Mar/2019:17:00:12 -0300] "GET /cormun/servlet/solicitudot?b5177a11f30521cfbdc0ac3b7a04cd0f82f2ffe5fb03161ec82db7f89db6df59,gx-no-cache=1551902195098 HTTP/1.1" 200 53
186.67.172.234 - - [06/Mar/2019:17:00:12 -0300] "POST /cormun/servlet/solicitudot?gx-no-cache=1551902195197 HTTP/1.1" 200 240
186.67.172.234 - - [06/Mar/2019:17:00:12 -0300] "GET /cormun/servlet/solicitudot?b5177a11f30521cfbdc0ac3b7a04cd0f4858c859fdae724208702bbe65e34f06213f2753491f4a82d2b6b95226288097512840c536aab92c87407d1180be18f8f6da2e9494c6808b3010589675c530406d098d2b8ce7a3638d977259f0f89f25bb9fd06201857b97f45cfb257d1d90d8d4bb4df7b8392dd500caf58a704a7d9ac614309f7b112e451c7fea6a07c81a5da34aec0c9824355cb4138d2e23ed6baeba8d3ab26dbdd3490ce1a3de31c1b3bcb9d85fb03241b7814d96716f43b9e2b8818628129e043614eabc117802b344da708c624a5dac2cd1180aba1b2fc0f448daf5bc9df62770b242b475fce1606a24933f69b30012974e6d3ab14b30306015fa5a2a9162a614f060c452aaf36325978cdc3d3fc0c5269935b1b43a02dfc3e11c2269136c27cdeeef4a52690f4a60f4f79bb87bf8314dc8cda6672de7ff6e109760f0d24cba17d0a7ffb1c523d3afcf82ecff283e53ac072a409f5edd0552e308bb4833a9aa71e1abc314adb2e988bafc39f00f5f3acc17fbaae06250c44b2c,gx-no-cache=1551902195264 HTTP/1.1" 200 30
186.67.172.234 - - [06/Mar/2019:17:00:17 -0300] "POST /cormun/servlet/solicitudot?gx-no-cache=1551902200090 HTTP/1.1" 200 30
186.67.172.234 - - [06/Mar/2019:17:00:28 -0300] "POST /cormun/servlet/solicitudot?gx-no-cache=1551902211296 HTTP/1.1" 200 1282
186.67.172.234 - - [06/Mar/2019:17:00:28 -0300] "POST /cormun/servlet/solicitudot?gx-no-cache=1551902211397 HTTP/1.1" 200 38
186.67.172.234 - - [06/Mar/2019:17:00:28 -0300] "GET /cormun/servlet/solicitudot?b5177a11f30521cfbdc0ac3b7a04cd0f870683815c8a9db2504075aedc6fcdb54d2f823f187274c2bdad8cac46acee1038ce5317a6735e8bad4c5b56a5cc5cb910246a255382205b4776602ec50636743cd68df52ed55648f875e5f480dbc08109722461fb4d28b3e58247afd72b74aa,gx-no-cache=1551902211446 HTTP/1.1" 200 110
186.67.172.234 - - [06/Mar/2019:17:00:56 -0300] "POST /cormun/servlet/solicitudot?gx-no-cache=1551902238858 HTTP/1.1" 200 97
186.67.172.234 - - [06/Mar/2019:17:01:07 -0300] "GET /cormun/servlet/solicitudot?b5177a11f30521cfbdc0ac3b7a04cd0fe553fbec803093347371d65ecf58a778cd58a47e441bde12b3fbc0ecee452a41d5a8b7412e45a326357d50d943436f08357553ace9e14b385a8ab965ac4e2874d13c5582c6394e49338ae693cdb203fe153c6dd7a4e96547bb6a3445cf67b6fdeb870de65e1c4c0c7be2e8445e700c97b1141ba732b9897ba0b2a4fed3a151ce51e6e375b593c8e12db1a8a7b09325486a03a1dc8e9b78fb3fcef475ff93d8425786a27f63b59535dd6d2c051da36256a30fa76ea9818fe584a77ca0b2e7c635,gx-no-cache=1551902250130 HTTP/1.1" 200 29
186.67.172.234 - - [06/Mar/2019:17:01:29 -0300] "GET /cormun/static/menuarrow.gif HTTP/1.1" 404 1015
186.67.172.234 - - [06/Mar/2019:17:01:53 -0300] "GET /cormun/servlet/solicitudot?b5177a11f30521cfbdc0ac3b7a04cd0f25f047e7a6542eb36e89c275a3882539893be837b3b5dc088e4be9e014a88eb4,gx-no-cache=1551902296608 HTTP/1.1" 200 30
209.17.97.26 - - [06/Mar/2019:17:02:07 -0300] "GET / HTTP/1.1" 200 11217
186.67.172.234 - - [06/Mar/2019:17:03:01 -0300] "POST /cormun/servlet/solicitudot?gx-no-cache=1551902363859 HTTP/1.1" 200 30
186.67.172.234 - - [06/Mar/2019:17:03:27 -0300] "GET /cormun/servlet/trfichaempleado? HTTP/1.1" 200 14885
186.67.172.234 - - [06/Mar/2019:17:03:28 -0300] "GET /cormun/servlet/trfichaempleado? HTTP/1.1" 200 14902
186.67.172.234 - - [06/Mar/2019:17:03:30 -0300] "GET /cormun/servlet/trfichaempleado? HTTP/1.1" 200 14902
186.67.172.234 - - [06/Mar/2019:17:03:31 -0300] "GET /cormun/servlet/trfichaempleado? HTTP/1.1" 200 14902
186.67.172.234 - - [06/Mar/2019:17:03:51 -0300] "POST /cormun/servlet/solicitudot?ecdc490bf65d5dd7eddf562103d1c893,INS,0,0,,gx-no-cache=1551902413966 HTTP/1.1" 200 12188
1.161.224.157 - - [06/Mar/2019:17:04:01 -0300] "GET / HTTP/1.1" 200 11217
186.67.172.234 - - [06/Mar/2019:17:04:23 -0300] "GET /cormun/servlet/trfichaempleado? HTTP/1.1" 200 15279
186.67.172.234 - - [06/Mar/2019:17:05:07 -0300] "GET /cormun/servlet/trfichaempleado HTTP/1.1" 200 15284
186.67.172.234 - - [06/Mar/2019:17:05:57 -0300] "GET /cormun/servlet/solicitudot?b5177a11f30521cfbdc0ac3b7a04cd0f01143528fa0eb4b3309d3cc933e269af99e43684e86a769de2a2ad2459536ede604abbc917a0d54d1e7d09a7ec608b08,gx-no-cache=1551902540109 HTTP/1.1" 200 30
186.67.172.234 - - [06/Mar/2019:17:05:57 -0300] "POST /cormun/servlet/solicitudot?gx-no-cache=1551902540199 HTTP/1.1" 200 238
186.67.172.234 - - [06/Mar/2019:17:05:57 -0300] "GET /cormun/servlet/solicitudot?b5177a11f30521cfbdc0ac3b7a04cd0f4858c859fdae724208702bbe65e34f06213f2753491f4a82d2b6b95226288097512840c536aab92c87407d1180be18f8f6da2e9494c6808b3010589675c530406d098d2b8ce7a3638d977259f0f89f25bb9fd06201857b97f45cfb257d1d90d8d4bb4df7b8392dd500caf58a704a7d9ac614309f7b112e451c7fea6a07c81a5da34aec0c9824355cb4138d2e23ed6baeba8d3ab26dbdd3490ce1a3de31c1b3bcb9d85fb03241b7814d96716f43b9e2b8818628129e043614eabc117802b344da708c624a5dac2cd1180aba1b2fc0f448daf5bc9df62770b242b475fce1606a24933f69b30012974e6d3ab14b30306015fa5a2a9162a614f060c452aaf36325978cdc3d3fc0c5269935b1b43a02dfc3e11c2269136c27cdeeef4a52690f4a60f4f79bb87bf8314dc8cda6672de7ff6e109760f0d24cba17d0a7ffb1c523d3afcf82ecff283e53ac072a409f5edd0552e308bb4833a9aa71e1abc314adb2e988bae607f3df52dff2279fe4bc3323a172e0,gx-no-cache=1551902540239 HTTP/1.1" 200 30
186.67.172.234 - - [06/Mar/2019:17:05:57 -0300] "POST /cormun/servlet/solicitudot?gx-no-cache=1551902540277 HTTP/1.1" 200 30
186.67.172.234 - - [06/Mar/2019:17:05:57 -0300] "POST /cormun/servlet/solicitudot?gx-no-cache=1551902540330 HTTP/1.1" 200 1282
186.67.172.234 - - [06/Mar/2019:17:05:57 -0300] "POST /cormun/servlet/solicitudot?gx-no-cache=1551902540385 HTTP/1.1" 200 41
186.67.172.234 - - [06/Mar/2019:17:05:57 -0300] "GET /cormun/servlet/solicitudot?b5177a11f30521cfbdc0ac3b7a04cd0f870683815c8a9db2504075aedc6fcdb54d2f823f187274c2bdad8cac46acee1038ce5317a6735e8bad4c5b56a5cc5cb910246a255382205b4776602ec50636743cd68df52ed55648f875e5f480dbc08109722461fb4d28b3e58247afd72b74aa,gx-no-cache=1551902540429 HTTP/1.1" 200 110
186.67.172.234 - - [06/Mar/2019:17:05:57 -0300] "POST /cormun/servlet/solicitudot?gx-no-cache=1551902540475 HTTP/1.1" 200 97
186.67.172.234 - - [06/Mar/2019:17:05:57 -0300] "GET /cormun/servlet/solicitudot?b5177a11f30521cfbdc0ac3b7a04cd0f25f047e7a6542eb36e89c275a3882539893be837b3b5dc088e4be9e014a88eb4,gx-no-cache=1551902540523 HTTP/1.1" 200 30
186.67.172.234 - - [06/Mar/2019:17:05:57 -0300] "POST /cormun/servlet/solicitudot?gx-no-cache=1551902540572 HTTP/1.1" 200 30
186.67.172.234 - - [06/Mar/2019:17:05:58 -0300] "POST /cormun/servlet/solicitudot?ecdc490bf65d5dd7eddf562103d1c893,INS,0,0,,gx-no-cache=1551902540859 HTTP/1.1" 200 93
186.67.172.234 - - [06/Mar/2019:17:05:58 -0300] "GET /cormun/servlet/hpexe_return? HTTP/1.1" 200 1001
186.67.172.234 - - [06/Mar/2019:17:05:58 -0300] "GET /cormun/static/gxcfg.js?2016101716175148 HTTP/1.1" 200 953
186.67.172.234 - - [06/Mar/2019:17:05:58 -0300] "GET /cormun/static/hpexe_return.js?2016101716175153 HTTP/1.1" 200 1633
186.67.172.234 - - [06/Mar/2019:17:06:00 -0300] "GET /cormun/static/Resources/Spanish/PXTools.css?167811 HTTP/1.1" 200 89042
186.67.172.234 - - [06/Mar/2019:17:06:00 -0300] "GET /cormun/servlet/trsolicitudot HTTP/1.1" 200 8972
186.67.172.234 - - [06/Mar/2019:17:06:01 -0300] "GET /cormun/servlet/trsolicitudot HTTP/1.1" 200 8969
186.67.172.234 - - [06/Mar/2019:17:06:01 -0300] "GET /cormun//static/Resources/PXToolsActionView.png HTTP/1.1" 200 2995
186.67.172.234 - - [06/Mar/2019:17:06:01 -0300] "GET /cormun//static/Resources/PXToolsGridUpdate.png HTTP/1.1" 200 2984
186.67.172.234 - - [06/Mar/2019:17:06:01 -0300] "GET /cormun//static/Resources/PXToolsGridDelete.png HTTP/1.1" 200 357
186.67.172.234 - - [06/Mar/2019:17:06:01 -0300] "GET /cormun//static/Resources/PXToolsRemoveAllAction.png HTTP/1.1" 200 3558
186.67.172.234 - - [06/Mar/2019:17:06:01 -0300] "GET /cormun//static/Resources/PXTools/ActionInsert.png HTTP/1.1" 200 1482
186.67.172.234 - - [06/Mar/2019:17:06:16 -0300] "POST /cormun/servlet/trsolicitudot?ecdc490bf65d5dd7eddf562103d1c893,gx-no-cache=1551902558909 HTTP/1.1" 200 107
186.67.172.234 - - [06/Mar/2019:17:06:16 -0300] "GET /cormun/servlet/trsolicitudadjuntos?2019,14546, HTTP/1.1" 200 6446
186.67.172.234 - - [06/Mar/2019:17:06:16 -0300] "GET /cormun/static/gxcfg.js?20177612135366 HTTP/1.1" 200 953
186.67.172.234 - - [06/Mar/2019:17:06:16 -0300] "GET /cormun/static/gxui/gxui-all.css?110300 HTTP/1.1" 200 2179
186.67.172.234 - - [06/Mar/2019:17:06:16 -0300] "GET /cormun/static/trsolicitudadjuntos.js?20177612135632 HTTP/1.1" 200 17922
186.67.172.234 - - [06/Mar/2019:17:06:22 -0300] "GET /cormun/static/Shared/ext/resources/css/ext-all.css?205870 HTTP/1.1" 200 416045
186.67.172.234 - - [06/Mar/2019:17:06:22 -0300] "GET /cormun/servlet/trsolicitudadjuntos?2019,14546, HTTP/1.1" 200 6445
186.67.172.234 - - [06/Mar/2019:17:06:35 -0300] "GET /cormun/servlet/solicitudotadjuntos?INS,2019,14546,,1, HTTP/1.1" 200 6387
186.67.172.234 - - [06/Mar/2019:17:06:35 -0300] "GET /cormun/static/gxcfg.js?2017761244068 HTTP/1.1" 200 953
186.67.172.234 - - [06/Mar/2019:17:06:35 -0300] "GET /cormun/static/solicitudotadjuntos.js?2017761244086 HTTP/1.1" 200 11771
186.67.172.234 - - [06/Mar/2019:17:06:35 -0300] "GET /cormun/static/about:blank HTTP/1.1" 404 1011
186.67.172.234 - - [06/Mar/2019:17:06:36 -0300] "GET /cormun/servlet/solicitudotadjuntos?INS,2019,14546,,1, HTTP/1.1" 200 6380
186.67.172.234 - - [06/Mar/2019:17:06:36 -0300] "GET /cormun/servlet/solicitudotadjuntos?b5177a11f30521cfbdc0ac3b7a04cd0f5af3720ab3fe686ccbe25a1874838e004344ffe2eeaf0f1041f9290d88448576,gx-no-cache=1551902579242 HTTP/1.1" 200 30
186.67.172.234 - - [06/Mar/2019:17:06:36 -0300] "POST /cormun/servlet/solicitudotadjuntos?ecdc490bf65d5dd7eddf562103d1c893,INS,2019,14546,,1,,gx-no-cache=1551902579282 HTTP/1.1" 200 4094
186.67.172.234 - - [06/Mar/2019:17:06:41 -0300] "GET /cormun/servlet/trsolicitudadjuntos?2019,14546, HTTP/1.1" 200 6446
186.67.172.234 - - [06/Mar/2019:17:06:42 -0300] "GET /cormun/servlet/trsolicitudadjuntos?2019,14546, HTTP/1.1" 200 6445
186.67.172.234 - - [06/Mar/2019:17:06:46 -0300] "POST /cormun/servlet/trsolicitudadjuntos?ecdc490bf65d5dd7eddf562103d1c893,2019,14546,,gx-no-cache=1551902589107 HTTP/1.1" 200 90
186.67.172.234 - - [06/Mar/2019:17:06:46 -0300] "GET /cormun/servlet/hpexe_link HTTP/1.1" 200 964
186.67.172.234 - - [06/Mar/2019:17:06:46 -0300] "GET /cormun/servlet/trsolicitudot HTTP/1.1" 200 8970
186.67.172.234 - - [06/Mar/2019:17:06:47 -0300] "GET /cormun/servlet/trsolicitudot HTTP/1.1" 200 8969
200.54.246.54 - - [06/Mar/2019:17:07:03 -0300] "POST /cormun/servlet/trsolicitudot?ecdc490bf65d5dd7eddf562103d1c893,gx-no-cache=1551902605973 HTTP/1.1" 200 4773
200.54.246.54 - - [06/Mar/2019:17:07:03 -0300] "GET /cormun/static/Shared/jqueryui/images/ui-bg_highlight-soft_100_c6c2c8_1x100.png HTTP/1.1" 404 1117
200.54.246.54 - - [06/Mar/2019:17:07:03 -0300] "GET /cormun/static/Shared/jqueryui/images/ui-icons_82798d_256x240.png HTTP/1.1" 404 1089
200.54.246.54 - - [06/Mar/2019:17:07:03 -0300] "GET /cormun/static/Shared/jqueryui/images/ui-bg_flat_55_fafafa_40x100.png HTTP/1.1" 404 1097
200.54.246.54 - - [06/Mar/2019:17:07:03 -0300] "GET /cormun/static/Shared/jqueryui/images/ui-icons_8d78a5_256x240.png HTTP/1.1" 404 1089
200.54.246.54 - - [06/Mar/2019:17:07:03 -0300] "POST /cormun/servlet/trsolicitudot?ecdc490bf65d5dd7eddf562103d1c893,gx-no-cache=1551902606580 HTTP/1.1" 200 4526
93.158.161.6 - - [06/Mar/2019:17:07:57 -0300] "GET /examples/jsp/cal/cal2.jsp.html HTTP/1.1" 200 1612
93.158.161.6 - - [06/Mar/2019:17:09:26 -0300] "GET /examples/jsp/jsp2/jspattribute/jspattribute.jsp.html HTTP/1.1" 200 2007
186.67.172.234 - - [06/Mar/2019:17:12:42 -0300] "GET /cormun/servlet/trautorizarsolicitud? HTTP/1.1" 200 6302
186.67.172.234 - - [06/Mar/2019:17:12:44 -0300] "GET /cormun/servlet/trautorizarsolicitud? HTTP/1.1" 200 6313
186.67.172.234 - - [06/Mar/2019:17:12:44 -0300] "GET /cormun/servlet/hlogin HTTP/1.1" 200 1741
192.168.10.89 - - [06/Mar/2019:17:15:48 -0300] "POST /cormun/servlet/trautorizarot?290fe084c9a3e2b854b68eebab782659,,gx-no-cache=1551910155347 HTTP/1.1" 200 6564
192.168.10.89 - - [06/Mar/2019:17:15:56 -0300] "POST /cormun/servlet/trautorizarot?290fe084c9a3e2b854b68eebab782659,,gx-no-cache=1551910163992 HTTP/1.1" 200 5367
192.168.10.89 - - [06/Mar/2019:17:16:08 -0300] "POST /cormun/servlet/trautorizarot?290fe084c9a3e2b854b68eebab782659,,gx-no-cache=1551910176070 HTTP/1.1" 200 6560
93.158.161.6 - - [06/Mar/2019:17:16:19 -0300] "GET /docs/web-socket-howto.html HTTP/1.1" 200 18543
192.168.10.89 - - [06/Mar/2019:17:16:24 -0300] "POST /cormun/servlet/trautorizarot?290fe084c9a3e2b854b68eebab782659,,gx-no-cache=1551910191680 HTTP/1.1" 200 5357
192.168.10.89 - - [06/Mar/2019:17:16:42 -0300] "POST /cormun/servlet/trautorizarot?290fe084c9a3e2b854b68eebab782659,,gx-no-cache=1551910209232 HTTP/1.1" 200 6571
93.158.161.6 - - [06/Mar/2019:17:16:46 -0300] "GET /docs/building.html HTTP/1.1" 200 21498
93.158.161.6 - - [06/Mar/2019:17:16:49 -0300] "GET /docs/security-manager-howto.html HTTP/1.1" 200 33449
192.168.10.89 - - [06/Mar/2019:17:16:50 -0300] "POST /cormun/servlet/trautorizarot?290fe084c9a3e2b854b68eebab782659,,gx-no-cache=1551910217876 HTTP/1.1" 200 5373
192.168.10.89 - - [06/Mar/2019:17:17:01 -0300] "POST /cormun/servlet/trautorizarot?290fe084c9a3e2b854b68eebab782659,,gx-no-cache=1551910228648 HTTP/1.1" 200 6546
93.158.161.6 - - [06/Mar/2019:17:17:03 -0300] "GET /docs/default-servlet.html HTTP/1.1" 200 20878
192.168.10.89 - - [06/Mar/2019:17:17:10 -0300] "POST /cormun/servlet/trautorizarot?290fe084c9a3e2b854b68eebab782659,,gx-no-cache=1551910237248 HTTP/1.1" 200 5354
192.168.10.89 - - [06/Mar/2019:17:17:23 -0300] "POST /cormun/servlet/trautorizarot?290fe084c9a3e2b854b68eebab782659,,gx-no-cache=1551910251186 HTTP/1.1" 200 6914
192.168.10.89 - - [06/Mar/2019:17:17:35 -0300] "POST /cormun/servlet/trautorizarot?290fe084c9a3e2b854b68eebab782659,,gx-no-cache=1551910263081 HTTP/1.1" 200 6572
192.168.10.89 - - [06/Mar/2019:17:17:45 -0300] "POST /cormun/servlet/trautorizarot?290fe084c9a3e2b854b68eebab782659,,gx-no-cache=1551910273089 HTTP/1.1" 200 6556
192.168.10.89 - - [06/Mar/2019:17:17:57 -0300] "POST /cormun/servlet/trautorizarot?290fe084c9a3e2b854b68eebab782659,,gx-no-cache=1551910284469 HTTP/1.1" 200 5357
192.168.10.89 - - [06/Mar/2019:17:18:12 -0300] "POST /cormun/servlet/trautorizarot?290fe084c9a3e2b854b68eebab782659,,gx-no-cache=1551910299809 HTTP/1.1" 200 6569
192.168.10.89 - - [06/Mar/2019:17:18:18 -0300] "POST /cormun/servlet/trautorizarot?290fe084c9a3e2b854b68eebab782659,,gx-no-cache=1551910305801 HTTP/1.1" 200 5368
192.168.10.89 - - [06/Mar/2019:17:18:27 -0300] "POST /cormun/servlet/trautorizarot?290fe084c9a3e2b854b68eebab782659,,gx-no-cache=1551910314393 HTTP/1.1" 200 6554
192.168.10.89 - - [06/Mar/2019:17:18:36 -0300] "POST /cormun/servlet/trautorizarot?290fe084c9a3e2b854b68eebab782659,,gx-no-cache=1551910323553 HTTP/1.1" 200 5358
192.168.10.89 - - [06/Mar/2019:17:18:50 -0300] "POST /cormun/servlet/trautorizarot?290fe084c9a3e2b854b68eebab782659,,gx-no-cache=1551910337217 HTTP/1.1" 200 6556
192.168.10.89 - - [06/Mar/2019:17:19:01 -0300] "POST /cormun/servlet/trautorizarot?290fe084c9a3e2b854b68eebab782659,,gx-no-cache=1551910349162 HTTP/1.1" 200 5356
192.168.10.89 - - [06/Mar/2019:17:19:12 -0300] "POST /cormun/servlet/trautorizarot?290fe084c9a3e2b854b68eebab782659,,gx-no-cache=1551910360155 HTTP/1.1" 200 6558
192.168.10.89 - - [06/Mar/2019:17:19:28 -0300] "POST /cormun/servlet/trautorizarot?290fe084c9a3e2b854b68eebab782659,,gx-no-cache=1551910376053 HTTP/1.1" 200 5368
93.158.161.6 - - [06/Mar/2019:17:19:39 -0300] "GET /docs/funcspecs/fs-admin-apps.html HTTP/1.1" 200 22241
192.168.10.89 - - [06/Mar/2019:17:19:40 -0300] "POST /cormun/servlet/trautorizarot?290fe084c9a3e2b854b68eebab782659,,gx-no-cache=1551910387803 HTTP/1.1" 200 6568
192.168.10.89 - - [06/Mar/2019:17:19:51 -0300] "POST /cormun/servlet/trautorizarot?290fe084c9a3e2b854b68eebab782659,,gx-no-cache=1551910398485 HTTP/1.1" 200 5369
192.168.10.89 - - [06/Mar/2019:17:20:04 -0300] "POST /cormun/servlet/trautorizarot?290fe084c9a3e2b854b68eebab782659,,gx-no-cache=1551910412035 HTTP/1.1" 200 6563
192.168.10.89 - - [06/Mar/2019:17:20:32 -0300] "POST /cormun/servlet/trautorizarot?290fe084c9a3e2b854b68eebab782659,,gx-no-cache=1551910440134 HTTP/1.1" 200 5363
192.168.10.89 - - [06/Mar/2019:17:20:41 -0300] "POST /cormun/servlet/trautorizarot?290fe084c9a3e2b854b68eebab782659,,gx-no-cache=1551910449139 HTTP/1.1" 200 6551
192.168.10.89 - - [06/Mar/2019:17:20:54 -0300] "POST /cormun/servlet/trautorizarot?290fe084c9a3e2b854b68eebab782659,,gx-no-cache=1551910461526 HTTP/1.1" 200 5360
192.168.10.89 - - [06/Mar/2019:17:21:03 -0300] "POST /cormun/servlet/trautorizarot?290fe084c9a3e2b854b68eebab782659,,gx-no-cache=1551910470971 HTTP/1.1" 200 6578
192.168.10.89 - - [06/Mar/2019:17:21:25 -0300] "POST /cormun/servlet/trautorizarot?290fe084c9a3e2b854b68eebab782659,,gx-no-cache=1551910492917 HTTP/1.1" 200 5377
186.67.172.234 - - [06/Mar/2019:17:22:10 -0300] "POST /cormun/servlet/hlogin?4a4873907f034b340836dca59210b57a,gx-no-cache=1551903513170 HTTP/1.1" 200 90
186.67.172.234 - - [06/Mar/2019:17:22:10 -0300] "GET /cormun/servlet/hpexe_link HTTP/1.1" 200 958
186.67.172.234 - - [06/Mar/2019:17:22:11 -0300] "GET /cormun/servlet/trautorizarsolicitud HTTP/1.1" 200 8736
186.67.172.234 - - [06/Mar/2019:17:22:11 -0300] "GET /cormun/servlet/trautorizarsolicitud HTTP/1.1" 200 8735
186.67.172.234 - - [06/Mar/2019:17:22:21 -0300] "POST /cormun/servlet/trautorizarsolicitud?4a4873907f034b340836dca59210b57a,gx-no-cache=1551903523528 HTTP/1.1" 200 4431
186.67.172.234 - - [06/Mar/2019:17:22:21 -0300] "GET /cormun/static/Shared/jqueryui/images/ui-icons_8d78a5_256x240.png HTTP/1.1" 404 1089
186.67.172.234 - - [06/Mar/2019:17:22:21 -0300] "GET /cormun/static/Shared/jqueryui/images/ui-icons_82798d_256x240.png HTTP/1.1" 404 1089
186.67.172.234 - - [06/Mar/2019:17:22:21 -0300] "GET /cormun/static/Shared/jqueryui/images/ui-bg_highlight-soft_100_c6c2c8_1x100.png HTTP/1.1" 404 1117
186.67.172.234 - - [06/Mar/2019:17:22:21 -0300] "GET /cormun/static/Shared/jqueryui/images/ui-bg_flat_55_fafafa_40x100.png HTTP/1.1" 404 1097
186.67.172.234 - - [06/Mar/2019:17:22:21 -0300] "POST /cormun/servlet/trautorizarsolicitud?4a4873907f034b340836dca59210b57a,gx-no-cache=1551903524052 HTTP/1.1" 200 4189
93.158.161.6 - - [06/Mar/2019:17:22:27 -0300] "GET /docs/config/resources.html HTTP/1.1" 200 14456
186.67.172.234 - - [06/Mar/2019:17:22:37 -0300] "GET /cormun/servlet/trvisualizadoreventos? HTTP/1.1" 200 7114
186.67.172.234 - - [06/Mar/2019:17:22:37 -0300] "GET /cormun/static/calendar-system.css?75620 HTTP/1.1" 200 5572
186.67.172.234 - - [06/Mar/2019:17:22:37 -0300] "GET /cormun/static/gxui/gxui-all.css?110300 HTTP/1.1" 200 2179
186.67.172.234 - - [06/Mar/2019:17:22:37 -0300] "GET /cormun/static/gxcfg.js?20175251251426 HTTP/1.1" 200 953
186.67.172.234 - - [06/Mar/2019:17:22:37 -0300] "GET /cormun/static/Resources/PXToolsActionPrint.png HTTP/1.1" 200 3317
186.67.172.234 - - [06/Mar/2019:17:22:37 -0300] "GET /cormun/static/trvisualizadoreventos.js?20175251251768 HTTP/1.1" 200 19318
186.67.172.234 - - [06/Mar/2019:17:22:37 -0300] "GET /cormun/static/Resources/Spanish/PXTools.css?11423723 HTTP/1.1" 200 89042
186.67.172.234 - - [06/Mar/2019:17:22:39 -0300] "GET /cormun/static/Shared/ext/resources/css/ext-all.css?205870 HTTP/1.1" 200 416045
186.67.172.234 - - [06/Mar/2019:17:22:40 -0300] "GET /cormun/servlet/trvisualizadoreventos? HTTP/1.1" 200 7113
192.168.10.89 - - [06/Mar/2019:17:22:58 -0300] "POST /cormun/servlet/trautorizarot?290fe084c9a3e2b854b68eebab782659,,gx-no-cache=1551910585935 HTTP/1.1" 200 6543
186.67.172.234 - - [06/Mar/2019:17:23:04 -0300] "GET /cormun/servlet/trcontratosolicitud? HTTP/1.1" 200 15028
186.67.172.234 - - [06/Mar/2019:17:23:04 -0300] "GET /cormun/static/gxcfg.js?20177612214014 HTTP/1.1" 200 953
186.67.172.234 - - [06/Mar/2019:17:23:04 -0300] "GET /cormun/static/trcontratosolicitud.js?20177612214349 HTTP/1.1" 200 28237
186.67.172.234 - - [06/Mar/2019:17:23:05 -0300] "GET /cormun//static/Resources/PXToolsGridNew.png HTTP/1.1" 200 2949
186.67.172.234 - - [06/Mar/2019:17:23:05 -0300] "GET /cormun//static/Resources/PXToolsActionDisabled.gif HTTP/1.1" 200 53
186.67.172.234 - - [06/Mar/2019:17:23:05 -0300] "GET /cormun/servlet/trcontratosolicitud? HTTP/1.1" 200 15042
192.168.10.89 - - [06/Mar/2019:17:23:10 -0300] "POST /cormun/servlet/trautorizarot?290fe084c9a3e2b854b68eebab782659,,gx-no-cache=1551910597268 HTTP/1.1" 200 5352
192.168.10.89 - - [06/Mar/2019:17:23:24 -0300] "POST /cormun/servlet/trautorizarot?290fe084c9a3e2b854b68eebab782659,,gx-no-cache=1551910611669 HTTP/1.1" 200 6570
186.67.172.234 - - [06/Mar/2019:17:23:28 -0300] "GET /cormun/servlet/solicitudotcontratos?INS,2019,0,16532841,8,2,2018,1659,NADA,201901,25,M, HTTP/1.1" 200 10101
186.67.172.234 - - [06/Mar/2019:17:23:28 -0300] "GET /cormun/static/gxcfg.js?20183710585831 HTTP/1.1" 200 953
186.67.172.234 - - [06/Mar/2019:17:23:28 -0300] "GET /cormun/static/Resources/prompt.gif HTTP/1.1" 200 902
186.67.172.234 - - [06/Mar/2019:17:23:28 -0300] "GET /cormun/static/solicitudotcontratos.js?20183710585978 HTTP/1.1" 200 43203
186.67.172.234 - - [06/Mar/2019:17:23:29 -0300] "GET /cormun/servlet/solicitudotcontratos?INS,2019,0,16532841,8,2,2018,1659,NADA,201901,25,M, HTTP/1.1" 200 10132
186.67.172.234 - - [06/Mar/2019:17:23:29 -0300] "GET /cormun/servlet/solicitudotcontratos?3038591699243d77a0189f6e5da01f3c8eaf8a122ca25c7610fa48f20a471a17f2c09fdc4a46d354e0f57c23e144cfe5,gx-no-cache=1551903592111 HTTP/1.1" 200 30
186.67.172.234 - - [06/Mar/2019:17:23:29 -0300] "GET /cormun/servlet/solicitudotcontratos?3038591699243d77a0189f6e5da01f3c22b7b8e2eebad7ec606a988a606edff801b90b2e48830a63f16d219d6d0582ab,gx-no-cache=1551903592255 HTTP/1.1" 200 30
186.67.172.234 - - [06/Mar/2019:17:23:29 -0300] "GET /cormun/servlet/solicitudotcontratos?3038591699243d77a0189f6e5da01f3ca9f72f7e921040ba3a087ae422fe4745bb130173557bb09f6bea38f84bda712acd286834f53dc95fe3d280b61b536fa4c23a0d29f39c11bcbfd569290dbfd0840c0b6b7e99359ec6c4362325da079e74963d497b9a1d7d5a1b89f48bae4115e0ec6a10a9933a7ba65e92a88189152fa8,gx-no-cache=1551903592311 HTTP/1.1" 200 48
186.67.172.234 - - [06/Mar/2019:17:23:29 -0300] "GET /cormun/servlet/solicitudotcontratos?3038591699243d77a0189f6e5da01f3cf5b321185b233128b983de273ff0a7cc1ce19682d8a2ae4909ba22ef3c51dfda,gx-no-cache=1551903592397 HTTP/1.1" 200 30
186.67.172.234 - - [06/Mar/2019:17:23:29 -0300] "GET /cormun/servlet/solicitudotcontratos?3038591699243d77a0189f6e5da01f3c5c177ccb2593fb701e3cb5a3f5f8e6b88c0f0e0a9f4e45ed9b0bc54802aa41da6faf41c8b6f2d4ac6eedf4d6d6e5badff6d1f5ac28d3d0b7e82f6f232c7816551f2ac93a0633308d0b216b279adf71dddc13c77a0c82b5104a731b5ec78f88e4,gx-no-cache=1551903592441 HTTP/1.1" 200 30
186.67.172.234 - - [06/Mar/2019:17:23:29 -0300] "GET /cormun/servlet/solicitudotcontratos?3038591699243d77a0189f6e5da01f3c785ead14065bb67da64979831ab209f7c2ce15a44aab968d7aed9ff859e7afe96faf41c8b6f2d4ac6eedf4d6d6e5badf764cd9a04a5c593a2e46d504a9e4c42c30dca196e68a619b6e8f399a3c045bfa01786b42ef3dc2620d31fa0d37ddc4fd,gx-no-cache=1551903592484 HTTP/1.1" 200 110
186.67.172.234 - - [06/Mar/2019:17:23:29 -0300] "POST /cormun/servlet/solicitudotcontratos?gx-no-cache=1551903592533 HTTP/1.1" 200 97
186.67.172.234 - - [06/Mar/2019:17:23:29 -0300] "GET /cormun/servlet/solicitudotcontratos?3038591699243d77a0189f6e5da01f3c39926836d6f6b245f67257c10d302cace62768e97994dbf912827e57943cff542e7f5a844cda18e7aabcb1969daf7148954388cbe1c428511418df2e723bc8090b7be1e93729485a3dbd6612d51252a67042c3e0126fa14dc75aebd5fc05638190a37b1fcd58e780782f823e55fa77edb98894537f16c15e55d96270040e9ef51fa8e88f3966a54c5cde87719a19a24f733c36d29af9d242d3bccbaf9380e678727c01d26ba9c2589b5b4c64106559c86d44dbd82c61c1179bf7ca69dcd63093,gx-no-cache=1551903592579 HTTP/1.1" 200 73
192.168.10.89 - - [06/Mar/2019:17:23:32 -0300] "POST /cormun/servlet/trautorizarot?290fe084c9a3e2b854b68eebab782659,,gx-no-cache=1551910620103 HTTP/1.1" 200 5371
192.168.10.89 - - [06/Mar/2019:17:23:44 -0300] "POST /cormun/servlet/trautorizarot?290fe084c9a3e2b854b68eebab782659,,gx-no-cache=1551910631397 HTTP/1.1" 200 6535
192.168.10.89 - - [06/Mar/2019:17:23:58 -0300] "POST /cormun/servlet/trautorizarot?290fe084c9a3e2b854b68eebab782659,,gx-no-cache=1551910646159 HTTP/1.1" 200 5348
186.67.172.234 - - [06/Mar/2019:17:24:20 -0300] "GET /cormun/servlet/trcontratounov2? HTTP/1.1" 200 17375
186.67.172.234 - - [06/Mar/2019:17:24:20 -0300] "GET /cormun/static/gxcfg.js?201752512124396 HTTP/1.1" 200 953
186.67.172.234 - - [06/Mar/2019:17:24:20 -0300] "GET /cormun/static/Resources/PXToolsGridNew.png HTTP/1.1" 200 2949
186.67.172.234 - - [06/Mar/2019:17:24:20 -0300] "GET /cormun/static/Resources/PXToolsAddSelectedAction.png HTTP/1.1" 200 3660
186.67.172.234 - - [06/Mar/2019:17:24:20 -0300] "GET /cormun/static/trcontratounov2.js?201752512125146 HTTP/1.1" 200 38486
192.168.10.89 - - [06/Mar/2019:17:24:20 -0300] "POST /cormun/servlet/trautorizarot?290fe084c9a3e2b854b68eebab782659,,gx-no-cache=1551910667596 HTTP/1.1" 200 5186
186.67.172.234 - - [06/Mar/2019:17:24:20 -0300] "GET /cormun/servlet/trcontratounov2? HTTP/1.1" 200 17310
192.168.10.89 - - [06/Mar/2019:17:24:31 -0300] "POST /cormun/servlet/trautorizarot?290fe084c9a3e2b854b68eebab782659,,gx-no-cache=1551910678334 HTTP/1.1" 200 6549
192.168.10.89 - - [06/Mar/2019:17:24:42 -0300] "POST /cormun/servlet/trautorizarot?290fe084c9a3e2b854b68eebab782659,,gx-no-cache=1551910689827 HTTP/1.1" 200 5357
190.171.141.106 - - [06/Mar/2019:17:24:43 -0300] "GET /cormun/servlet/hlogin HTTP/1.1" 200 1716
190.171.141.106 - - [06/Mar/2019:17:24:45 -0300] "POST /cormun/servlet/hlogin?367dc976c3356a152c9fd56c874e5566,gx-no-cache=1551903668920 HTTP/1.1" 200 90
190.171.141.106 - - [06/Mar/2019:17:24:45 -0300] "GET /cormun/servlet/hpexe_link HTTP/1.1" 200 942
190.171.141.106 - - [06/Mar/2019:17:24:45 -0300] "GET /cormun/servlet/hhome HTTP/1.1" 200 4238
190.171.141.106 - - [06/Mar/2019:17:24:46 -0300] "GET /cormun/servlet/hhome HTTP/1.1" 200 4235
192.168.10.89 - - [06/Mar/2019:17:24:52 -0300] "POST /cormun/servlet/trautorizarot?290fe084c9a3e2b854b68eebab782659,,gx-no-cache=1551910699228 HTTP/1.1" 200 6549
190.171.141.106 - - [06/Mar/2019:17:24:52 -0300] "GET /cormun/servlet/trsolicitudot? HTTP/1.1" 200 7457
190.171.141.106 - - [06/Mar/2019:17:24:53 -0300] "GET /cormun/servlet/trsolicitudot? HTTP/1.1" 200 7456
190.171.141.106 - - [06/Mar/2019:17:24:58 -0300] "POST /cormun/servlet/trsolicitudot?367dc976c3356a152c9fd56c874e5566,,gx-no-cache=1551903681630 HTTP/1.1" 200 4544
186.67.172.234 - - [06/Mar/2019:17:25:02 -0300] "POST /cormun/servlet/trcontratounov2?4a4873907f034b340836dca59210b57a,,gx-no-cache=1551903684586 HTTP/1.1" 200 105
186.67.172.234 - - [06/Mar/2019:17:25:02 -0300] "GET /cormun/ContratoUnoV3-6853.xls HTTP/1.1" 200 67584
192.168.10.89 - - [06/Mar/2019:17:25:06 -0300] "POST /cormun/servlet/trautorizarot?290fe084c9a3e2b854b68eebab782659,,gx-no-cache=1551910713243 HTTP/1.1" 200 5364
190.171.141.106 - - [06/Mar/2019:17:25:10 -0300] "POST /cormun/servlet/trsolicitudot?367dc976c3356a152c9fd56c874e5566,,gx-no-cache=1551903694120 HTTP/1.1" 200 5918
190.171.141.106 - - [06/Mar/2019:17:25:14 -0300] "GET /cormun/servlet/vesolicitudot?2019,14421,, HTTP/1.1" 200 8638
190.171.141.106 - - [06/Mar/2019:17:25:14 -0300] "GET /cormun/static/gxcfg.js?2017111422591385 HTTP/1.1" 200 953
190.171.141.106 - - [06/Mar/2019:17:25:14 -0300] "GET /cormun/static/Resources/PXToolsTabFirstSelected.png HTTP/1.1" 200 1259
190.171.141.106 - - [06/Mar/2019:17:25:14 -0300] "GET /cormun/pexe_scrolldiv.js HTTP/1.1" 404 1009
190.171.141.106 - - [06/Mar/2019:17:25:14 -0300] "GET /cormun/static/hpexe_tabsview.js?201610171694228 HTTP/1.1" 200 1661
190.171.141.106 - - [06/Mar/2019:17:25:14 -0300] "GET /cormun/static/Resources/PXToolsTabLastUnselected.png HTTP/1.1" 200 1291
190.171.141.106 - - [06/Mar/2019:17:25:14 -0300] "GET /cormun/static/hwcviewtabs.js?20177611594913 HTTP/1.1" 200 1074
190.171.141.106 - - [06/Mar/2019:17:25:14 -0300] "GET /cormun/static/Resources/PXToolsTabPrevious.gif HTTP/1.1" 200 172
190.171.141.106 - - [06/Mar/2019:17:25:14 -0300] "GET /cormun/static/Resources/PXToolsTabNext.gif HTTP/1.1" 200 168
190.171.141.106 - - [06/Mar/2019:17:25:14 -0300] "GET /cormun/static/vesolicitudot.js?2017111422591449 HTTP/1.1" 200 6091
190.171.141.106 - - [06/Mar/2019:17:25:14 -0300] "GET /cormun/static/tbsolicitudot01.js?2017111422581186 HTTP/1.1" 200 30566
190.171.141.106 - - [06/Mar/2019:17:25:14 -0300] "GET /cormun/static/calendar-system.css HTTP/1.1" 200 5572
190.171.141.106 - - [06/Mar/2019:17:25:14 -0300] "GET /cormun/static/Resources/PXToolsTabBackUnselected.png HTTP/1.1" 200 1175
190.171.141.106 - - [06/Mar/2019:17:25:14 -0300] "GET /cormun/static/Resources/PXToolsTabUnselectedUnselected.png HTTP/1.1" 200 1459
190.171.141.106 - - [06/Mar/2019:17:25:14 -0300] "GET /cormun/static/Resources/PXToolsTabSelectedUnselected.png HTTP/1.1" 200 1428
190.171.141.106 - - [06/Mar/2019:17:25:14 -0300] "GET /cormun/static/Resources/PXToolsTabBackSelected.png HTTP/1.1" 200 1157
190.171.141.106 - - [06/Mar/2019:17:25:14 -0300] "GET /cormun/servlet/vesolicitudot?2019,14421,, HTTP/1.1" 200 8637
192.168.10.89 - - [06/Mar/2019:17:25:17 -0300] "POST /cormun/servlet/trautorizarot?290fe084c9a3e2b854b68eebab782659,,gx-no-cache=1551910724949 HTTP/1.1" 200 6552
190.171.141.106 - - [06/Mar/2019:17:25:46 -0300] "GET /cormun/servlet/trsolicitudot? HTTP/1.1" 200 8827
190.171.141.106 - - [06/Mar/2019:17:25:47 -0300] "GET /cormun/servlet/trsolicitudot? HTTP/1.1" 200 8828
190.171.141.106 - - [06/Mar/2019:17:25:50 -0300] "POST /cormun/servlet/trsolicitudot?367dc976c3356a152c9fd56c874e5566,,gx-no-cache=1551903733435 HTTP/1.1" 200 106
190.171.141.106 - - [06/Mar/2019:17:25:50 -0300] "GET /cormun/servlet/trsolicitudadjuntos?2019,14421, HTTP/1.1" 200 9873
190.171.141.106 - - [06/Mar/2019:17:25:51 -0300] "GET /cormun/servlet/trsolicitudadjuntos?2019,14421, HTTP/1.1" 200 9883
186.67.172.234 - - [06/Mar/2019:17:25:52 -0300] "GET /cormun/servlet/solicitudotcontratos?INS,2019,0,16532841,8,2,2018,1659,NADA,201901,25,M, HTTP/1.1" 200 10102
186.67.172.234 - - [06/Mar/2019:17:25:52 -0300] "GET /cormun/servlet/solicitudotcontratos?INS,2019,0,16532841,8,2,2018,1659,NADA,201901,25,M, HTTP/1.1" 200 10134
186.67.172.234 - - [06/Mar/2019:17:25:52 -0300] "GET /cormun/servlet/solicitudotcontratos?3038591699243d77a0189f6e5da01f3c8eaf8a122ca25c7610fa48f20a471a17f2c09fdc4a46d354e0f57c23e144cfe5,gx-no-cache=1551903735521 HTTP/1.1" 200 30
186.67.172.234 - - [06/Mar/2019:17:25:53 -0300] "GET /cormun/servlet/solicitudotcontratos?3038591699243d77a0189f6e5da01f3c22b7b8e2eebad7ec606a988a606edff801b90b2e48830a63f16d219d6d0582ab,gx-no-cache=1551903735640 HTTP/1.1" 200 30
186.67.172.234 - - [06/Mar/2019:17:25:53 -0300] "GET /cormun/servlet/solicitudotcontratos?3038591699243d77a0189f6e5da01f3ca9f72f7e921040ba3a087ae422fe4745bb130173557bb09f6bea38f84bda712acd286834f53dc95fe3d280b61b536fa4c23a0d29f39c11bcbfd569290dbfd0840c0b6b7e99359ec6c4362325da079e74963d497b9a1d7d5a1b89f48bae4115e0ec6a10a9933a7ba65e92a88189152fa8,gx-no-cache=1551903735714 HTTP/1.1" 200 48
186.67.172.234 - - [06/Mar/2019:17:25:53 -0300] "GET /cormun/servlet/solicitudotcontratos?3038591699243d77a0189f6e5da01f3cf5b321185b233128b983de273ff0a7cc1ce19682d8a2ae4909ba22ef3c51dfda,gx-no-cache=1551903735807 HTTP/1.1" 200 30
186.67.172.234 - - [06/Mar/2019:17:25:53 -0300] "GET /cormun/servlet/solicitudotcontratos?3038591699243d77a0189f6e5da01f3c5c177ccb2593fb701e3cb5a3f5f8e6b88c0f0e0a9f4e45ed9b0bc54802aa41da6faf41c8b6f2d4ac6eedf4d6d6e5badff6d1f5ac28d3d0b7e82f6f232c7816551f2ac93a0633308d0b216b279adf71dddc13c77a0c82b5104a731b5ec78f88e4,gx-no-cache=1551903735862 HTTP/1.1" 200 30
186.67.172.234 - - [06/Mar/2019:17:25:53 -0300] "GET /cormun/servlet/solicitudotcontratos?3038591699243d77a0189f6e5da01f3c785ead14065bb67da64979831ab209f7c2ce15a44aab968d7aed9ff859e7afe96faf41c8b6f2d4ac6eedf4d6d6e5badf764cd9a04a5c593a2e46d504a9e4c42c30dca196e68a619b6e8f399a3c045bfa01786b42ef3dc2620d31fa0d37ddc4fd,gx-no-cache=1551903735932 HTTP/1.1" 200 110
186.67.172.234 - - [06/Mar/2019:17:25:53 -0300] "POST /cormun/servlet/solicitudotcontratos?gx-no-cache=1551903736000 HTTP/1.1" 200 97
186.67.172.234 - - [06/Mar/2019:17:25:53 -0300] "GET /cormun/servlet/solicitudotcontratos?3038591699243d77a0189f6e5da01f3c39926836d6f6b245f67257c10d302cace62768e97994dbf912827e57943cff542e7f5a844cda18e7aabcb1969daf7148954388cbe1c428511418df2e723bc8090b7be1e93729485a3dbd6612d51252a67042c3e0126fa14dc75aebd5fc05638190a37b1fcd58e780782f823e55fa77edb98894537f16c15e55d96270040e9ef51fa8e88f3966a54c5cde87719a19a24f733c36d29af9d242d3bccbaf9380e678727c01d26ba9c2589b5b4c64106559c86d44dbd82c61c1179bf7ca69dcd63093,gx-no-cache=1551903736088 HTTP/1.1" 200 73
190.171.141.106 - - [06/Mar/2019:17:25:54 -0300] "GET /cormun/PublicTempStorage/curric.1516802.pdf HTTP/1.1" 200 321603
186.67.172.234 - - [06/Mar/2019:17:25:54 -0300] "GET /cormun/servlet/trcontratosolicitud? HTTP/1.1" 200 15025
186.67.172.234 - - [06/Mar/2019:17:25:55 -0300] "GET /cormun/servlet/trcontratosolicitud? HTTP/1.1" 200 15036
186.103.156.24 - - [06/Mar/2019:17:26:01 -0300] "GET /cormun/servlet/hlogin HTTP/1.1" 200 1713
186.103.156.24 - - [06/Mar/2019:17:26:17 -0300] "POST /cormun/servlet/hlogin?e84ac650f79219772103bbd945cb9644,gx-no-cache=1551903760981 HTTP/1.1" 200 90
186.103.156.24 - - [06/Mar/2019:17:26:17 -0300] "GET /cormun/servlet/hpexe_link HTTP/1.1" 200 942
186.103.156.24 - - [06/Mar/2019:17:26:17 -0300] "GET /cormun/servlet/hhome HTTP/1.1" 200 4318
186.103.156.24 - - [06/Mar/2019:17:26:17 -0300] "GET /cormun/servlet/hhome HTTP/1.1" 200 4314
186.103.156.166 - - [06/Mar/2019:17:27:53 -0300] "GET /cormun/servlet/hlogin HTTP/1.1" 200 1723
186.103.156.166 - - [06/Mar/2019:17:27:53 -0300] "GET /cormun/servlet/hlogin HTTP/1.1" 200 1733
93.158.161.6 - - [06/Mar/2019:17:28:23 -0300] "GET /examples/jsp/jsp2/jspx/textRotate.jspx HTTP/1.1" 200 5916
192.168.10.89 - - [06/Mar/2019:17:28:25 -0300] "POST /cormun/servlet/trautorizarot?290fe084c9a3e2b854b68eebab782659,,gx-no-cache=1551910912526 HTTP/1.1" 200 6552
186.103.156.166 - - [06/Mar/2019:17:28:47 -0300] "POST /cormun/servlet/hlogin?11192e1d1140d3daac88a60f17f65420,gx-no-cache=1551903909754 HTTP/1.1" 200 90
186.103.156.166 - - [06/Mar/2019:17:28:47 -0300] "GET /cormun/servlet/hpexe_link HTTP/1.1" 200 950
186.103.156.166 - - [06/Mar/2019:17:28:47 -0300] "GET /cormun/servlet/hhome HTTP/1.1" 200 4264
186.103.156.166 - - [06/Mar/2019:17:28:48 -0300] "GET /cormun/servlet/hhome HTTP/1.1" 200 4261
192.168.10.89 - - [06/Mar/2019:17:29:00 -0300] "POST /cormun/servlet/trautorizarot?290fe084c9a3e2b854b68eebab782659,,gx-no-cache=1551910947500 HTTP/1.1" 200 5357
192.168.10.89 - - [06/Mar/2019:17:29:35 -0300] "POST /cormun/servlet/trautorizarot?290fe084c9a3e2b854b68eebab782659,,gx-no-cache=1551910982495 HTTP/1.1" 200 6556
192.168.10.89 - - [06/Mar/2019:17:29:53 -0300] "POST /cormun/servlet/trautorizarot?290fe084c9a3e2b854b68eebab782659,,gx-no-cache=1551911000803 HTTP/1.1" 200 5361
192.168.10.89 - - [06/Mar/2019:17:30:08 -0300] "POST /cormun/servlet/trautorizarot?290fe084c9a3e2b854b68eebab782659,,gx-no-cache=1551911015349 HTTP/1.1" 200 6546
192.168.10.89 - - [06/Mar/2019:17:32:18 -0300] "POST /cormun/servlet/trautorizarot?290fe084c9a3e2b854b68eebab782659,,gx-no-cache=1551911145357 HTTP/1.1" 200 5355
192.168.10.89 - - [06/Mar/2019:17:36:59 -0300] "POST /cormun/servlet/trautorizarot?290fe084c9a3e2b854b68eebab782659,,gx-no-cache=1551911427147 HTTP/1.1" 200 6536
192.168.10.89 - - [06/Mar/2019:17:37:17 -0300] "POST /cormun/servlet/trautorizarot?290fe084c9a3e2b854b68eebab782659,,gx-no-cache=1551911445169 HTTP/1.1" 200 5360
192.168.10.89 - - [06/Mar/2019:17:37:38 -0300] "POST /cormun/servlet/trautorizarot?290fe084c9a3e2b854b68eebab782659,,gx-no-cache=1551911465490 HTTP/1.1" 200 6871
192.168.10.89 - - [06/Mar/2019:17:37:56 -0300] "POST /cormun/servlet/trautorizarot?290fe084c9a3e2b854b68eebab782659,,gx-no-cache=1551911483986 HTTP/1.1" 200 5354
192.168.10.89 - - [06/Mar/2019:17:38:06 -0300] "POST /cormun/servlet/trautorizarot?290fe084c9a3e2b854b68eebab782659,,gx-no-cache=1551911494092 HTTP/1.1" 200 5185
192.168.10.89 - - [06/Mar/2019:17:38:21 -0300] "POST /cormun/servlet/trautorizarot?290fe084c9a3e2b854b68eebab782659,,gx-no-cache=1551911508443 HTTP/1.1" 200 5187
192.168.10.89 - - [06/Mar/2019:17:38:35 -0300] "GET /cormun/servlet/hlogin HTTP/1.1" 200 1739
46.174.191.28 - - [06/Mar/2019:17:39:22 -0300] "GET / HTTP/1.0" 200 11197
192.168.10.89 - - [06/Mar/2019:17:42:18 -0300] "GET /cormun/servlet/hlogin HTTP/1.1" 200 1721
192.168.10.89 - - [06/Mar/2019:17:42:25 -0300] "POST /cormun/servlet/hlogin?b4c9be317b6ec15b728956eb904dfaef,gx-no-cache=1551911752654 HTTP/1.1" 200 90
192.168.10.89 - - [06/Mar/2019:17:42:25 -0300] "GET /cormun/servlet/hpexe_link HTTP/1.1" 200 948
192.168.10.89 - - [06/Mar/2019:17:42:25 -0300] "GET /cormun/servlet/hhome HTTP/1.1" 200 4983
192.168.10.89 - - [06/Mar/2019:17:42:44 -0300] "GET /cormun/servlet/trsolicitudgral? HTTP/1.1" 200 28374
192.168.10.89 - - [06/Mar/2019:17:42:59 -0300] "POST /cormun/servlet/trsolicitudgral?b4c9be317b6ec15b728956eb904dfaef,,gx-no-cache=1551911785737 HTTP/1.1" 200 25494
192.168.10.89 - - [06/Mar/2019:17:43:58 -0300] "POST /cormun/servlet/trsolicitudgral?b4c9be317b6ec15b728956eb904dfaef,,gx-no-cache=1551911845954 HTTP/1.1" 200 7338
192.168.10.89 - - [06/Mar/2019:17:44:27 -0300] "POST /cormun/servlet/trsolicitudgral?b4c9be317b6ec15b728956eb904dfaef,,gx-no-cache=1551911874461 HTTP/1.1" 200 7374
192.168.10.89 - - [06/Mar/2019:17:44:27 -0300] "GET /cormun/static/Shared/jqueryui/images/ui-bg_highlight-soft_100_c6c2c8_1x100.png HTTP/1.1" 404 1117
192.168.10.89 - - [06/Mar/2019:17:44:27 -0300] "GET /cormun/static/Shared/jqueryui/images/ui-bg_flat_55_fafafa_40x100.png HTTP/1.1" 404 1097
192.168.10.89 - - [06/Mar/2019:17:44:27 -0300] "GET /cormun/static/Shared/jqueryui/images/ui-icons_82798d_256x240.png HTTP/1.1" 404 1089
192.168.10.89 - - [06/Mar/2019:17:44:27 -0300] "GET /cormun/static/Shared/jqueryui/images/ui-icons_8d78a5_256x240.png HTTP/1.1" 404 1089
192.168.10.89 - - [06/Mar/2019:17:44:48 -0300] "GET /cormun/servlet/hlogin HTTP/1.1" 200 1741
192.168.10.89 - - [06/Mar/2019:17:44:59 -0300] "POST /cormun/servlet/hlogin?b4c9be317b6ec15b728956eb904dfaef,gx-no-cache=1551911907041 HTTP/1.1" 200 453
192.168.10.89 - - [06/Mar/2019:17:45:04 -0300] "POST /cormun/servlet/hlogin?b4c9be317b6ec15b728956eb904dfaef,gx-no-cache=1551911911406 HTTP/1.1" 200 90
192.168.10.89 - - [06/Mar/2019:17:45:04 -0300] "GET /cormun/servlet/hpexe_link HTTP/1.1" 200 948
192.168.10.89 - - [06/Mar/2019:17:45:04 -0300] "GET /cormun/servlet/hhome HTTP/1.1" 200 3816
192.168.10.89 - - [06/Mar/2019:17:45:07 -0300] "GET /cormun/servlet/trsolicitudgral? HTTP/1.1" 200 9705
192.168.10.89 - - [06/Mar/2019:17:45:13 -0300] "POST /cormun/servlet/trsolicitudgral?b4c9be317b6ec15b728956eb904dfaef,,gx-no-cache=1551911920528 HTTP/1.1" 200 6651
200.54.246.54 - - [06/Mar/2019:17:49:12 -0300] "GET /cormun/servlet/hlogin HTTP/1.1" 200 1745
200.54.246.54 - - [06/Mar/2019:17:49:27 -0300] "POST /cormun/servlet/hlogin?2346da5d8abb54d3b9d308083da4d481,gx-no-cache=1551905106242 HTTP/1.1" 200 90
200.54.246.54 - - [06/Mar/2019:17:49:27 -0300] "GET /cormun/servlet/hpexe_link HTTP/1.1" 200 953
200.54.246.54 - - [06/Mar/2019:17:49:27 -0300] "GET /cormun/servlet/hhome HTTP/1.1" 200 4351
200.54.246.54 - - [06/Mar/2019:17:49:27 -0300] "GET /cormun/static/gxcfg.js?20175251212442 HTTP/1.1" 200 953
200.54.246.54 - - [06/Mar/2019:17:49:28 -0300] "GET /cormun/static/hhome.js?20175251212450 HTTP/1.1" 200 777
200.54.246.54 - - [06/Mar/2019:17:49:28 -0300] "GET /cormun/servlet/hhome HTTP/1.1" 200 4347
200.54.246.54 - - [06/Mar/2019:17:49:42 -0300] "GET /cormun/servlet/trautorizarsolicitud? HTTP/1.1" 200 7465
200.54.246.54 - - [06/Mar/2019:17:49:42 -0300] "GET /cormun/static/gxui/gxui-all.css?120300 HTTP/1.1" 200 2179
200.54.246.54 - - [06/Mar/2019:17:49:42 -0300] "GET /cormun/static/calendar-system.css?85620 HTTP/1.1" 200 5572
200.54.246.54 - - [06/Mar/2019:17:49:42 -0300] "GET /cormun/static/gxcfg.js?2017111423403364 HTTP/1.1" 200 953
200.54.246.54 - - [06/Mar/2019:17:49:42 -0300] "GET /cormun/static/trautorizarsolicitud.js?201711142340425 HTTP/1.1" 200 53910
200.54.246.54 - - [06/Mar/2019:17:49:42 -0300] "GET /cormun/static/Resources/Spanish/PXTools.css?1255365 HTTP/1.1" 200 89042
200.54.246.54 - - [06/Mar/2019:17:49:42 -0300] "GET /cormun/static/Shared/ext/resources/css/ext-all.css?215870 HTTP/1.1" 200 416045
200.54.246.54 - - [06/Mar/2019:17:49:43 -0300] "GET /cormun/servlet/trautorizarsolicitud? HTTP/1.1" 200 7464
200.54.246.54 - - [06/Mar/2019:17:49:47 -0300] "GET /cormun/servlet/hhome HTTP/1.1" 200 4351
200.54.246.54 - - [06/Mar/2019:17:49:47 -0300] "GET /cormun/servlet/hhome HTTP/1.1" 200 4347
200.54.246.54 - - [06/Mar/2019:17:49:58 -0300] "GET /cormun/servlet/trsolicitudot? HTTP/1.1" 200 7569
200.54.246.54 - - [06/Mar/2019:17:49:58 -0300] "GET /cormun/static/gxcfg.js?2017111422585916 HTTP/1.1" 200 953
200.54.246.54 - - [06/Mar/2019:17:49:58 -0300] "GET /cormun/static/trsolicitudot.js?201711142259839 HTTP/1.1" 200 54041
200.54.246.54 - - [06/Mar/2019:17:49:59 -0300] "GET /cormun/servlet/trsolicitudot? HTTP/1.1" 200 7567
