186.103.156.166 - - [05/Mar/2019:09:56:01 -0300] "POST /cormun/servlet/prfichaempleado?36e6581d065f505eb31f117a7b1db349,,MD,,gxPopupLevel%3D0%3B,gx-no-cache=1551790343476 HTTP/1.1" 200 3463
186.103.156.166 - - [05/Mar/2019:09:56:04 -0300] "POST /cormun/servlet/solicitudot?gx-no-cache=1551790347240 HTTP/1.1" 200 3515
186.103.156.166 - - [05/Mar/2019:09:56:04 -0300] "POST /cormun/servlet/solicitudot?36e6581d065f505eb31f117a7b1db349,INS,0,0,,gx-no-cache=1551790347419 HTTP/1.1" 200 11930
186.103.156.166 - - [05/Mar/2019:09:56:07 -0300] "GET /cormun/servlet/solicitudot?db7ac40c708c01c0b2853b0374f02e12b7faad9c5d0cc7ba54e314476b7c54d8f1455c55c8aa495613c9f47531d5fa62,gx-no-cache=1551790349471 HTTP/1.1" 200 30
186.103.156.166 - - [05/Mar/2019:09:56:11 -0300] "GET /cormun/servlet/solicitudot?db7ac40c708c01c0b2853b0374f02e1241e5717c098e42b1589d525a61bc83c0,gx-no-cache=1551790354442 HTTP/1.1" 200 103
186.103.156.166 - - [05/Mar/2019:09:56:24 -0300] "GET /cormun/servlet/solicitudot?db7ac40c708c01c0b2853b0374f02e1241e5717c098e42b1589d525a61bc83c0,gx-no-cache=1551790366551 HTTP/1.1" 200 103
186.103.156.166 - - [05/Mar/2019:09:56:24 -0300] "GET /cormun/servlet/solicitudot?db7ac40c708c01c0b2853b0374f02e129042e1b49075713cd7b04c74cfc9bca4,gx-no-cache=1551790366636 HTTP/1.1" 200 29
186.103.156.166 - - [05/Mar/2019:09:56:24 -0300] "POST /cormun/servlet/solicitudot?gx-no-cache=1551790366677 HTTP/1.1" 200 255
186.103.156.166 - - [05/Mar/2019:09:56:24 -0300] "GET /cormun/servlet/solicitudot?db7ac40c708c01c0b2853b0374f02e125f604ab368b3a0dff59b96e2062894238855ab1548d41df7040648e79059e35d148941df93c072b087ee6755be087243fad8084398e39a42706f9742b63a92a000aecbddba402c0f5847ed39dc83d3eb257ce8817137f2d20713fb653d2986e5c7c16fd383cace64ed2529697960bd670c66f1b6fb91642741cc584cec20161100f4b0b57df6628aa370c2470b0c3561b5acdfce80cb3538a6239f0f93e715bbd74b6a4252d6d584edccbd20504ae4409626524de4369ba795b27de53766aeb47f1bfa86dedd447c91fcc948cd51622022ea7820eb75cc046f2673a55d432f243094b8ba0b5187288098ea955b58fcba93f9449a0354f1bfcc557e8f265b777d90ff3d1f55edbec9ea9b0977b324cfb01b5ad9a9eecf1d817bc26f8f80cb6bef2dd928f8e2c1401dce5c7e790f8344e0120ab101244bc091fa1e9d1db15e2e2133a567761306eba443c57923daad88d29f167388d46456fb6cc460f77a060e89d04f03c483f585b50c11793ddbd45d82,gx-no-cache=1551790366776 HTTP/1.1" 200 30
186.103.156.166 - - [05/Mar/2019:09:56:26 -0300] "POST /cormun/servlet/solicitudot?gx-no-cache=1551790369394 HTTP/1.1" 200 30
186.103.156.166 - - [05/Mar/2019:09:56:31 -0300] "GET /cormun/servlet/solicitudot?db7ac40c708c01c0b2853b0374f02e129042e1b49075713cd7b04c74cfc9bca4,gx-no-cache=1551790374218 HTTP/1.1" 200 29
186.103.156.166 - - [05/Mar/2019:09:56:41 -0300] "GET /cormun/servlet/solicitudot?db7ac40c708c01c0b2853b0374f02e125ff177fbfb93e68c6178087f65b0920c852d73ecd461bd315369f77f0422bca2,gx-no-cache=1551790384031 HTTP/1.1" 200 103
186.103.156.166 - - [05/Mar/2019:09:56:48 -0300] "GET /cormun/servlet/solicitudot?db7ac40c708c01c0b2853b0374f02e125ff177fbfb93e68c6178087f65b0920c996ced9b5906f2a032e9a410228e959cc459e764496adc629560c938a9f9392f,gx-no-cache=1551790391515 HTTP/1.1" 200 30
186.103.156.166 - - [05/Mar/2019:09:56:52 -0300] "GET /cormun/servlet/solicitudot?db7ac40c708c01c0b2853b0374f02e1206b9a2232e27fe3edb76508e0a669c71,gx-no-cache=1551790395016 HTTP/1.1" 200 53
186.103.156.166 - - [05/Mar/2019:09:57:04 -0300] "POST /cormun/servlet/solicitudot?gx-no-cache=1551790406873 HTTP/1.1" 200 256
186.103.156.166 - - [05/Mar/2019:09:57:04 -0300] "GET /cormun/servlet/solicitudot?db7ac40c708c01c0b2853b0374f02e125f604ab368b3a0dff59b96e2062894238855ab1548d41df7040648e79059e35d148941df93c072b087ee6755be087243fad8084398e39a42706f9742b63a92a000aecbddba402c0f5847ed39dc83d3eb257ce8817137f2d20713fb653d2986e5c7c16fd383cace64ed2529697960bd670c66f1b6fb91642741cc584cec20161100f4b0b57df6628aa370c2470b0c3561b5acdfce80cb3538a6239f0f93e715bbd74b6a4252d6d584edccbd20504ae4409626524de4369ba795b27de53766aeb47f1bfa86dedd447c91fcc948cd51622022ea7820eb75cc046f2673a55d432f243094b8ba0b5187288098ea955b58fcba93f9449a0354f1bfcc557e8f265b777d90ff3d1f55edbec9ea9b0977b324cfb01b5ad9a9eecf1d817bc26f8f80cb6bef2dd928f8e2c1401dce5c7e790f8344e0120ab101244bc091fa1e9d1db15e2e2133a567761306eba443c57923daad88d29f167388d46456fb6cc460f77a060e89852e48bc6a7ebf72cc08602c5f4a3846,gx-no-cache=1551790406916 HTTP/1.1" 200 30
186.103.156.166 - - [05/Mar/2019:09:57:07 -0300] "POST /cormun/servlet/solicitudot?gx-no-cache=1551790410466 HTTP/1.1" 200 30
186.103.156.166 - - [05/Mar/2019:09:57:11 -0300] "POST /cormun/servlet/solicitudot?gx-no-cache=1551790414432 HTTP/1.1" 200 1282
186.103.156.166 - - [05/Mar/2019:09:57:11 -0300] "POST /cormun/servlet/solicitudot?gx-no-cache=1551790414482 HTTP/1.1" 200 38
186.103.156.166 - - [05/Mar/2019:09:57:17 -0300] "GET /cormun/servlet/prsolicitudot?7646369,,,,,MD,,gxPopupLevel%3D0%3B HTTP/1.1" 200 6097
186.103.156.166 - - [05/Mar/2019:09:57:22 -0300] "POST /cormun/servlet/solicitudot?gx-no-cache=1551790424712 HTTP/1.1" 200 1282
186.103.156.166 - - [05/Mar/2019:09:57:22 -0300] "POST /cormun/servlet/solicitudot?gx-no-cache=1551790425093 HTTP/1.1" 200 38
186.103.156.166 - - [05/Mar/2019:09:57:22 -0300] "GET /cormun/servlet/solicitudot?db7ac40c708c01c0b2853b0374f02e125d5269e0838d2068415fcaf4b29405a46e5a1aa6b633d89e1a5ee2695f0e97dc1c53b1485a850a1f31d349c9c276865c0700b69e338eea1e6a1d844b0b75b294551ae39ac7f42a1b2de53858949ec80f8dade13878b80855728596472dc01b18,gx-no-cache=1551790425133 HTTP/1.1" 200 110
186.103.156.166 - - [05/Mar/2019:09:57:22 -0300] "POST /cormun/servlet/solicitudot?gx-no-cache=1551790425177 HTTP/1.1" 200 97
186.103.156.166 - - [05/Mar/2019:09:57:22 -0300] "GET /cormun/servlet/solicitudot?db7ac40c708c01c0b2853b0374f02e1262848f5f1cccd3eb8aaaf8f0fa078e08b5d7746b701461432df088541b0b81e2103551bb4001a26011cba4b9ac1e8dd70fc21cd187404b5fe0f0c492e77bd505a597f162275d2c1739c48a9316a7ec687dec5ea3458db3fc708768bd3f49c36711e702eeefeeb4048c7a9aa26ad6ede42289fd0875bee03ba292922ed8aa9ed5bb74ebd0bdd23b27277f49afd7e3e349,gx-no-cache=1551790425240 HTTP/1.1" 200 29
186.103.156.166 - - [05/Mar/2019:09:57:22 -0300] "GET /cormun/servlet/solicitudot?db7ac40c708c01c0b2853b0374f02e127df6b2c283c8fb749adef7f1620f52a12dcf7c24c065a29abb85ddeb9594070f,gx-no-cache=1551790425286 HTTP/1.1" 200 134
186.103.156.166 - - [05/Mar/2019:09:57:26 -0300] "POST /cormun/servlet/solicitudot?gx-no-cache=1551790429414 HTTP/1.1" 200 1282
186.103.156.166 - - [05/Mar/2019:09:57:26 -0300] "POST /cormun/servlet/solicitudot?gx-no-cache=1551790429494 HTTP/1.1" 200 41
186.103.156.166 - - [05/Mar/2019:09:57:41 -0300] "POST /cormun/servlet/solicitudot?gx-no-cache=1551790443702 HTTP/1.1" 200 30
186.103.156.166 - - [05/Mar/2019:09:57:41 -0300] "POST /cormun/servlet/solicitudot?gx-no-cache=1551790443741 HTTP/1.1" 200 1282
186.103.156.166 - - [05/Mar/2019:09:57:41 -0300] "POST /cormun/servlet/solicitudot?gx-no-cache=1551790443785 HTTP/1.1" 200 41
186.103.156.166 - - [05/Mar/2019:09:57:41 -0300] "GET /cormun/servlet/solicitudot?db7ac40c708c01c0b2853b0374f02e125d5269e0838d2068415fcaf4b29405a46e5a1aa6b633d89e1a5ee2695f0e97dc1c53b1485a850a1f31d349c9c276865c0700b69e338eea1e6a1d844b0b75b294551ae39ac7f42a1b2de53858949ec80f8dade13878b80855728596472dc01b18,gx-no-cache=1551790443813 HTTP/1.1" 200 110
186.103.156.166 - - [05/Mar/2019:09:57:59 -0300] "POST /cormun/servlet/solicitudot?gx-no-cache=1551790461549 HTTP/1.1" 200 97
190.171.141.82 - - [05/Mar/2019:09:58:35 -0300] "POST /cormun/servlet/solicitudot?gx-no-cache=1551790498479 HTTP/1.1" 200 97
190.171.141.82 - - [05/Mar/2019:09:58:40 -0300] "GET /cormun/servlet/solicitudot?f51179d5724f6941ea374e43be0b580f46f68cec61703b2239a3b52412e95998a9866c3937046c1f85aa5ecb143d6ad5bc61ed32c99360548f60dcb635037c7c9d13b9d83cfccae255eb84182a14643f5693c7af1a14ff818a6d3bc7c71a2be1cc3a073f6d3a450690c072054adfebce28c7e8cabf38e14e016f550b6d89c666d196cc4eb6694c92524a2bbe4e03c35c76110cdfd31e428ca427a3adf56e11aa,gx-no-cache=1551790503562 HTTP/1.1" 200 29
190.171.141.82 - - [05/Mar/2019:09:58:40 -0300] "GET /cormun/static/menuarrow.gif HTTP/1.1" 404 1015
190.171.141.82 - - [05/Mar/2019:09:58:44 -0300] "GET /cormun/servlet/solicitudot?f51179d5724f6941ea374e43be0b580f7abc42ebfad75ff83946ef1336a8cb8482ac9fed26ce6f192010e16bbfff243b,gx-no-cache=1551790507528 HTTP/1.1" 200 30
186.103.156.166 - - [05/Mar/2019:09:58:50 -0300] "POST /cormun/servlet/solicitudot?gx-no-cache=1551790513213 HTTP/1.1" 200 1282
186.103.156.166 - - [05/Mar/2019:09:58:50 -0300] "POST /cormun/servlet/solicitudot?gx-no-cache=1551790513278 HTTP/1.1" 200 41
186.103.156.166 - - [05/Mar/2019:09:58:51 -0300] "GET /cormun/servlet/solicitudot?db7ac40c708c01c0b2853b0374f02e125d5269e0838d2068415fcaf4b29405a46e5a1aa6b633d89e1a5ee2695f0e97dc1c53b1485a850a1f31d349c9c276865c0700b69e338eea1e6a1d844b0b75b294551ae39ac7f42a1b2de53858949ec80f8dade13878b80855728596472dc01b18,gx-no-cache=1551790514390 HTTP/1.1" 200 110
186.103.156.166 - - [05/Mar/2019:09:58:53 -0300] "POST /cormun/servlet/solicitudot?gx-no-cache=1551790516340 HTTP/1.1" 200 97
186.103.156.166 - - [05/Mar/2019:09:58:55 -0300] "GET /cormun/servlet/solicitudot?db7ac40c708c01c0b2853b0374f02e1262848f5f1cccd3eb8aaaf8f0fa078e08b5d7746b701461432df088541b0b81e2103551bb4001a26011cba4b9ac1e8dd70fc21cd187404b5fe0f0c492e77bd505a597f162275d2c1739c48a9316a7ec687dec5ea3458db3fc708768bd3f49c36711e702eeefeeb4048c7a9aa26ad6ede42289fd0875bee03ba292922ed8aa9ed5bb74ebd0bdd23b27277f49afd7e3e349,gx-no-cache=1551790518379 HTTP/1.1" 200 29
186.103.156.166 - - [05/Mar/2019:09:58:59 -0300] "GET /cormun/static/menuarrow.gif HTTP/1.1" 404 1015
186.103.156.166 - - [05/Mar/2019:09:59:05 -0300] "GET /cormun/servlet/solicitudot?db7ac40c708c01c0b2853b0374f02e1206ff41fc6d36c4e61a31e474f18cfa3e2dcf7c24c065a29abb85ddeb9594070f,gx-no-cache=1551790527865 HTTP/1.1" 200 30
190.171.141.82 - - [05/Mar/2019:09:59:05 -0300] "POST /cormun/servlet/solicitudot?gx-no-cache=1551790528409 HTTP/1.1" 200 30
190.171.141.82 - - [05/Mar/2019:09:59:08 -0300] "POST /cormun/servlet/solicitudot?gx-no-cache=1551790531325 HTTP/1.1" 200 1281
190.171.141.82 - - [05/Mar/2019:09:59:08 -0300] "POST /cormun/servlet/solicitudot?gx-no-cache=1551790531366 HTTP/1.1" 200 40
190.171.141.82 - - [05/Mar/2019:09:59:08 -0300] "GET /cormun/servlet/solicitudot?f51179d5724f6941ea374e43be0b580fee9eda75b5691ae11bb5367fd9542bd1f1b4252d5062b17920d394b1b2f5691852f14029f6b3e6daae0114542257dfb0f622fc586cf1d8d42997bff3a616cf8b6c87d88c5366ed6210a821a2e50c0930520745ad42cfdf22ceb5be7d44aac91b,gx-no-cache=1551790531391 HTTP/1.1" 200 110
190.171.141.82 - - [05/Mar/2019:09:59:08 -0300] "POST /cormun/servlet/solicitudot?gx-no-cache=1551790531419 HTTP/1.1" 200 97
190.171.141.82 - - [05/Mar/2019:09:59:08 -0300] "POST /cormun/servlet/solicitudot?gx-no-cache=1551790531448 HTTP/1.1" 200 30
190.171.141.82 - - [05/Mar/2019:09:59:09 -0300] "POST /cormun/servlet/solicitudot?6e6d80aa3c9f4834a619493901a747e3,INS,0,0,,gx-no-cache=1551790531478 HTTP/1.1" 200 93
190.171.141.82 - - [05/Mar/2019:09:59:09 -0300] "GET /cormun/servlet/hpexe_return? HTTP/1.1" 200 1005
190.171.141.82 - - [05/Mar/2019:09:59:09 -0300] "GET /cormun/servlet/trsolicitudot HTTP/1.1" 200 8804
190.171.141.82 - - [05/Mar/2019:09:59:09 -0300] "GET /cormun//static/Resources/PXToolsActionView.png HTTP/1.1" 200 2995
190.171.141.82 - - [05/Mar/2019:09:59:09 -0300] "GET /cormun//static/Resources/PXToolsRemoveAllAction.png HTTP/1.1" 200 3558
190.171.141.82 - - [05/Mar/2019:09:59:09 -0300] "GET /cormun/servlet/trsolicitudot HTTP/1.1" 200 8800
186.103.156.166 - - [05/Mar/2019:09:59:13 -0300] "POST /cormun/servlet/solicitudot?gx-no-cache=1551790535926 HTTP/1.1" 200 30
186.103.156.166 - - [05/Mar/2019:09:59:45 -0300] "POST /cormun/servlet/solicitudot?36e6581d065f505eb31f117a7b1db349,INS,0,0,,gx-no-cache=1551790567196 HTTP/1.1" 200 12276
186.103.156.166 - - [05/Mar/2019:09:59:57 -0300] "GET /cormun/servlet/solicitudot?db7ac40c708c01c0b2853b0374f02e125ff177fbfb93e68c6178087f65b0920c996ced9b5906f2a032e9a410228e959cc459e764496adc629560c938a9f9392f,gx-no-cache=1551790580126 HTTP/1.1" 200 30
186.103.156.166 - - [05/Mar/2019:09:59:59 -0300] "POST /cormun/servlet/solicitudot?gx-no-cache=1551790582525 HTTP/1.1" 200 256
186.103.156.166 - - [05/Mar/2019:10:00:00 -0300] "GET /cormun/servlet/solicitudot?db7ac40c708c01c0b2853b0374f02e125f604ab368b3a0dff59b96e2062894238855ab1548d41df7040648e79059e35d148941df93c072b087ee6755be087243fad8084398e39a42706f9742b63a92a000aecbddba402c0f5847ed39dc83d3eb257ce8817137f2d20713fb653d2986e5c7c16fd383cace64ed2529697960bd670c66f1b6fb91642741cc584cec20161100f4b0b57df6628aa370c2470b0c3561b5acdfce80cb3538a6239f0f93e715bbd74b6a4252d6d584edccbd20504ae4409626524de4369ba795b27de53766aeb47f1bfa86dedd447c91fcc948cd51622022ea7820eb75cc046f2673a55d432f243094b8ba0b5187288098ea955b58fcba93f9449a0354f1bfcc557e8f265b777d90ff3d1f55edbec9ea9b0977b324cfb01b5ad9a9eecf1d817bc26f8f80cb6bef2dd928f8e2c1401dce5c7e790f8344e0120ab101244bc091fa1e9d1db15e2e2133a567761306eba443c57923daad88d29f167388d46456fb6cc460f77a060e89852e48bc6a7ebf72cc08602c5f4a3846,gx-no-cache=1551790582565 HTTP/1.1" 200 30
186.103.156.166 - - [05/Mar/2019:10:00:00 -0300] "POST /cormun/servlet/solicitudot?gx-no-cache=1551790582967 HTTP/1.1" 200 30
186.103.156.166 - - [05/Mar/2019:10:00:00 -0300] "POST /cormun/servlet/solicitudot?gx-no-cache=1551790583005 HTTP/1.1" 200 1282
186.103.156.166 - - [05/Mar/2019:10:00:00 -0300] "POST /cormun/servlet/solicitudot?gx-no-cache=1551790583058 HTTP/1.1" 200 40
186.103.156.166 - - [05/Mar/2019:10:00:00 -0300] "GET /cormun/servlet/solicitudot?db7ac40c708c01c0b2853b0374f02e125d5269e0838d2068415fcaf4b29405a46e5a1aa6b633d89e1a5ee2695f0e97dc1c53b1485a850a1f31d349c9c276865c0700b69e338eea1e6a1d844b0b75b294551ae39ac7f42a1b2de53858949ec80f8dade13878b80855728596472dc01b18,gx-no-cache=1551790583084 HTTP/1.1" 200 110
186.103.156.166 - - [05/Mar/2019:10:00:00 -0300] "POST /cormun/servlet/solicitudot?gx-no-cache=1551790583114 HTTP/1.1" 200 97
186.103.156.166 - - [05/Mar/2019:10:00:00 -0300] "GET /cormun/servlet/solicitudot?db7ac40c708c01c0b2853b0374f02e1206ff41fc6d36c4e61a31e474f18cfa3e2dcf7c24c065a29abb85ddeb9594070f,gx-no-cache=1551790583147 HTTP/1.1" 200 30
186.103.156.166 - - [05/Mar/2019:10:00:00 -0300] "POST /cormun/servlet/solicitudot?gx-no-cache=1551790583173 HTTP/1.1" 200 30
186.103.156.166 - - [05/Mar/2019:10:00:00 -0300] "POST /cormun/servlet/solicitudot?36e6581d065f505eb31f117a7b1db349,INS,0,0,,gx-no-cache=1551790583236 HTTP/1.1" 200 12325
186.103.156.166 - - [05/Mar/2019:10:00:22 -0300] "POST /cormun/servlet/solicitudot?36e6581d065f505eb31f117a7b1db349,INS,0,0,,gx-no-cache=1551790604831 HTTP/1.1" 200 93
186.103.156.166 - - [05/Mar/2019:10:00:22 -0300] "GET /cormun/servlet/hpexe_return? HTTP/1.1" 200 1000
186.103.156.166 - - [05/Mar/2019:10:00:22 -0300] "GET /cormun/servlet/trsolicitudot HTTP/1.1" 200 9300
186.103.156.166 - - [05/Mar/2019:10:00:23 -0300] "GET /cormun/servlet/trsolicitudot HTTP/1.1" 200 9296
186.103.156.166 - - [05/Mar/2019:10:00:37 -0300] "GET /cormun/servlet/trsolicitudot? HTTP/1.1" 200 9296
186.103.156.166 - - [05/Mar/2019:10:00:38 -0300] "GET /cormun/servlet/trsolicitudot? HTTP/1.1" 200 9296
186.103.156.166 - - [05/Mar/2019:10:00:41 -0300] "GET /cormun/servlet/solicitudot?INS,0,0, HTTP/1.1" 200 15061
186.103.156.166 - - [05/Mar/2019:10:00:42 -0300] "GET /cormun/servlet/solicitudot?INS,0,0, HTTP/1.1" 200 15066
190.171.141.82 - - [05/Mar/2019:10:00:44 -0300] "POST /cormun/servlet/trsolicitudot?6e6d80aa3c9f4834a619493901a747e3,gx-no-cache=1551790625456 HTTP/1.1" 200 4479
190.171.141.82 - - [05/Mar/2019:10:00:44 -0300] "GET /cormun/static/Shared/jqueryui/images/ui-bg_highlight-soft_100_c6c2c8_1x100.png HTTP/1.1" 404 1117
190.171.141.82 - - [05/Mar/2019:10:00:44 -0300] "GET /cormun/static/Shared/jqueryui/images/ui-icons_82798d_256x240.png HTTP/1.1" 404 1089
190.171.141.82 - - [05/Mar/2019:10:00:44 -0300] "GET /cormun/static/Shared/jqueryui/images/ui-icons_8d78a5_256x240.png HTTP/1.1" 404 1089
190.171.141.82 - - [05/Mar/2019:10:00:44 -0300] "GET /cormun/static/Shared/jqueryui/images/ui-bg_flat_55_fafafa_40x100.png HTTP/1.1" 404 1097
190.171.141.82 - - [05/Mar/2019:10:00:46 -0300] "POST /cormun/servlet/trsolicitudot?6e6d80aa3c9f4834a619493901a747e3,gx-no-cache=1551790627067 HTTP/1.1" 200 4261
190.171.141.82 - - [05/Mar/2019:10:00:48 -0300] "GET /cormun/servlet/trautorizarsolicitud? HTTP/1.1" 200 8816
190.171.141.82 - - [05/Mar/2019:10:00:49 -0300] "GET /cormun/static/gxcfg.js?2017111423403364 HTTP/1.1" 200 953
190.171.141.82 - - [05/Mar/2019:10:00:49 -0300] "GET /cormun/static/trautorizarsolicitud.js?201711142340425 HTTP/1.1" 200 53910
190.171.141.82 - - [05/Mar/2019:10:00:49 -0300] "GET /cormun/servlet/trautorizarsolicitud? HTTP/1.1" 200 8816
186.103.156.166 - - [05/Mar/2019:10:00:50 -0300] "POST /cormun/servlet/solicitudot?gx-no-cache=1551790633139 HTTP/1.1" 200 3564
186.103.156.166 - - [05/Mar/2019:10:00:50 -0300] "POST /cormun/servlet/solicitudot?36e6581d065f505eb31f117a7b1db349,INS,0,0,,gx-no-cache=1551790633324 HTTP/1.1" 200 11922
186.103.156.166 - - [05/Mar/2019:10:00:54 -0300] "GET /cormun/servlet/solicitudot?db7ac40c708c01c0b2853b0374f02e124403db93aa0a5a3b2b7a22d685949b4679cace7f9e82739d9accabd2b87b6ca3,gx-no-cache=1551790636699 HTTP/1.1" 200 30
186.103.156.166 - - [05/Mar/2019:10:00:54 -0300] "GET /cormun/servlet/solicitudot?db7ac40c708c01c0b2853b0374f02e12e2a804d659556d921e4c6b42b0a4cd8076b826e66ccca9dc555b1b5c7f513657781d0f16c4288ec080da06ad6eb5e4ef,gx-no-cache=1551790636759 HTTP/1.1" 200 30
186.103.156.166 - - [05/Mar/2019:10:00:54 -0300] "GET /cormun/servlet/solicitudot?db7ac40c708c01c0b2853b0374f02e1206b9a2232e27fe3edb76508e0a669c71,gx-no-cache=1551790636786 HTTP/1.1" 200 53
186.103.156.166 - - [05/Mar/2019:10:00:54 -0300] "POST /cormun/servlet/solicitudot?gx-no-cache=1551790636818 HTTP/1.1" 200 255
186.103.156.166 - - [05/Mar/2019:10:00:54 -0300] "GET /cormun/servlet/solicitudot?db7ac40c708c01c0b2853b0374f02e125f604ab368b3a0dff59b96e2062894238855ab1548d41df7040648e79059e35d148941df93c072b087ee6755be087243fad8084398e39a42706f9742b63a92a000aecbddba402c0f5847ed39dc83d3eb257ce8817137f2d20713fb653d2986e5c7c16fd383cace64ed2529697960bd670c66f1b6fb91642741cc584cec20161100f4b0b57df6628aa370c2470b0c3561b5acdfce80cb3538a6239f0f93e715bbd74b6a4252d6d584edccbd20504ae4409626524de4369ba795b27de53766aeb47f1bfa86dedd447c91fcc948cd51622022ea7820eb75cc046f2673a55d432f243094b8ba0b5187288098ea955b58fcba93f9449a0354f1bfcc557e8f265b777d90ff3d1f55edbec9ea9b0977b324cfb01b5ad9a9eecf1d817bc26f8f80cb6bef2dd928f8e2c1401dce5c7e790f8344e0120ab101244bc091fa1e9d1db15e2e2133a567761306eba443c57923daad88d29f167388d46456fb6cc460f77a060e89d04f03c483f585b50c11793ddbd45d82,gx-no-cache=1551790636862 HTTP/1.1" 200 30
186.103.156.166 - - [05/Mar/2019:10:00:58 -0300] "POST /cormun/servlet/solicitudot?gx-no-cache=1551790640646 HTTP/1.1" 200 30
190.171.141.82 - - [05/Mar/2019:10:00:58 -0300] "POST /cormun/servlet/trautorizarsolicitud?6e6d80aa3c9f4834a619493901a747e3,,gx-no-cache=1551790640832 HTTP/1.1" 200 4677
190.171.141.82 - - [05/Mar/2019:10:00:58 -0300] "GET /cormun/static/Shared/jqueryui/images/ui-icons_82798d_256x240.png HTTP/1.1" 404 1089
190.171.141.82 - - [05/Mar/2019:10:00:58 -0300] "GET /cormun/static/Shared/jqueryui/images/ui-bg_highlight-soft_100_c6c2c8_1x100.png HTTP/1.1" 404 1117
190.171.141.82 - - [05/Mar/2019:10:00:58 -0300] "GET /cormun/static/Shared/jqueryui/images/ui-bg_flat_55_fafafa_40x100.png HTTP/1.1" 404 1097
190.171.141.82 - - [05/Mar/2019:10:00:58 -0300] "GET /cormun/static/Shared/jqueryui/images/ui-icons_8d78a5_256x240.png HTTP/1.1" 404 1089
190.171.141.82 - - [05/Mar/2019:10:00:58 -0300] "POST /cormun/servlet/trautorizarsolicitud?6e6d80aa3c9f4834a619493901a747e3,,gx-no-cache=1551790641015 HTTP/1.1" 200 4460
186.103.156.166 - - [05/Mar/2019:10:01:05 -0300] "POST /cormun/servlet/solicitudot?gx-no-cache=1551790647811 HTTP/1.1" 200 30
186.103.156.24 - - [05/Mar/2019:10:01:09 -0300] "GET /cormun/servlet/hlogin HTTP/1.1" 200 1712
186.103.156.24 - - [05/Mar/2019:10:01:09 -0300] "GET /cormun/servlet/hlogin HTTP/1.1" 200 1722
186.103.156.166 - - [05/Mar/2019:10:01:11 -0300] "POST /cormun/servlet/solicitudot?gx-no-cache=1551790654270 HTTP/1.1" 200 1282
186.103.156.166 - - [05/Mar/2019:10:01:11 -0300] "POST /cormun/servlet/solicitudot?gx-no-cache=1551790654326 HTTP/1.1" 200 38
186.103.156.166 - - [05/Mar/2019:10:01:13 -0300] "GET /cormun/servlet/solicitudot?db7ac40c708c01c0b2853b0374f02e125d5269e0838d2068415fcaf4b29405a46e5a1aa6b633d89e1a5ee2695f0e97dc1c53b1485a850a1f31d349c9c276865c0700b69e338eea1e6a1d844b0b75b294551ae39ac7f42a1b2de53858949ec80f8dade13878b80855728596472dc01b18,gx-no-cache=1551790655647 HTTP/1.1" 200 110
186.103.156.166 - - [05/Mar/2019:10:01:13 -0300] "POST /cormun/servlet/solicitudot?gx-no-cache=1551790656255 HTTP/1.1" 200 97
186.103.156.24 - - [05/Mar/2019:10:01:20 -0300] "POST /cormun/servlet/hlogin?d78124e0f08679a64ef5d122cadd9e30,gx-no-cache=1551790664342 HTTP/1.1" 200 90
186.103.156.24 - - [05/Mar/2019:10:01:20 -0300] "GET /cormun/servlet/hpexe_link HTTP/1.1" 200 940
186.103.156.24 - - [05/Mar/2019:10:01:20 -0300] "GET /cormun/servlet/hhome HTTP/1.1" 200 4304
186.103.156.24 - - [05/Mar/2019:10:01:21 -0300] "GET /cormun/servlet/hhome HTTP/1.1" 200 4303
186.103.156.166 - - [05/Mar/2019:10:01:24 -0300] "GET /cormun/servlet/solicitudot?db7ac40c708c01c0b2853b0374f02e1262848f5f1cccd3eb8aaaf8f0fa078e08b5d7746b701461432df088541b0b81e2103551bb4001a26011cba4b9ac1e8dd70fc21cd187404b5fe0f0c492e77bd505a597f162275d2c1739c48a9316a7ec687dec5ea3458db3fc708768bd3f49c36711e702eeefeeb4048c7a9aa26ad6ede42289fd0875bee03ba292922ed8aa9ed5bb74ebd0bdd23b27277f49afd7e3e349,gx-no-cache=1551790667327 HTTP/1.1" 200 29
186.103.156.166 - - [05/Mar/2019:10:01:29 -0300] "GET /cormun/servlet/solicitudot?db7ac40c708c01c0b2853b0374f02e1206ff41fc6d36c4e61a31e474f18cfa3e2dcf7c24c065a29abb85ddeb9594070f,gx-no-cache=1551790671623 HTTP/1.1" 200 30
186.103.156.166 - - [05/Mar/2019:10:01:33 -0300] "POST /cormun/servlet/solicitudot?gx-no-cache=1551790676260 HTTP/1.1" 200 30
190.171.141.82 - - [05/Mar/2019:10:01:37 -0300] "POST /cormun/servlet/trautorizarsolicitud?6e6d80aa3c9f4834a619493901a747e3,,gx-no-cache=1551790680347 HTTP/1.1" 200 6288
186.103.156.166 - - [05/Mar/2019:10:02:01 -0300] "POST /cormun/servlet/solicitudot?36e6581d065f505eb31f117a7b1db349,INS,0,0,,gx-no-cache=1551790704244 HTTP/1.1" 200 93
186.103.156.166 - - [05/Mar/2019:10:02:02 -0300] "GET /cormun/servlet/hpexe_return? HTTP/1.1" 200 1000
186.103.156.166 - - [05/Mar/2019:10:02:02 -0300] "GET /cormun/servlet/trsolicitudot HTTP/1.1" 200 9656
186.103.156.166 - - [05/Mar/2019:10:02:03 -0300] "GET /cormun/servlet/trsolicitudot HTTP/1.1" 200 9650
186.103.156.166 - - [05/Mar/2019:10:02:14 -0300] "GET /cormun/servlet/trsolicitudot? HTTP/1.1" 200 9650
186.103.156.166 - - [05/Mar/2019:10:02:15 -0300] "GET /cormun/servlet/trsolicitudot? HTTP/1.1" 200 9651
186.103.156.166 - - [05/Mar/2019:10:02:18 -0300] "GET /cormun/servlet/trsolicitudot? HTTP/1.1" 200 9651
186.103.156.166 - - [05/Mar/2019:10:02:19 -0300] "GET /cormun/servlet/trsolicitudot? HTTP/1.1" 200 9651
186.103.156.166 - - [05/Mar/2019:10:02:20 -0300] "GET /cormun/servlet/solicitudot?INS,0,0, HTTP/1.1" 200 15061
186.103.156.166 - - [05/Mar/2019:10:02:21 -0300] "GET /cormun/servlet/solicitudot?INS,0,0, HTTP/1.1" 200 15066
186.103.156.166 - - [05/Mar/2019:10:02:30 -0300] "GET /cormun/servlet/prfichaempleado?,MD,,gxPopupLevel%3D0%3B HTTP/1.1" 200 9327
186.103.156.166 - - [05/Mar/2019:10:02:41 -0300] "POST /cormun/servlet/prfichaempleado?36e6581d065f505eb31f117a7b1db349,,MD,,gxPopupLevel%3D0%3B,gx-no-cache=1551790743672 HTTP/1.1" 200 3463
186.103.156.166 - - [05/Mar/2019:10:02:45 -0300] "POST /cormun/servlet/solicitudot?gx-no-cache=1551790747585 HTTP/1.1" 200 3522
186.103.156.166 - - [05/Mar/2019:10:02:45 -0300] "POST /cormun/servlet/solicitudot?36e6581d065f505eb31f117a7b1db349,INS,0,0,,gx-no-cache=1551790747826 HTTP/1.1" 200 11867
186.103.156.166 - - [05/Mar/2019:10:02:45 -0300] "GET /cormun/servlet/solicitudot?db7ac40c708c01c0b2853b0374f02e12b7faad9c5d0cc7ba54e314476b7c54d8f1455c55c8aa495613c9f47531d5fa62,gx-no-cache=1551790748124 HTTP/1.1" 200 30
186.103.156.24 - - [05/Mar/2019:10:04:39 -0300] "GET /cormun/servlet/trsolicitudot? HTTP/1.1" 200 7522
186.103.156.24 - - [05/Mar/2019:10:04:39 -0300] "GET /cormun/servlet/trsolicitudot? HTTP/1.1" 200 7521
186.103.156.24 - - [05/Mar/2019:10:04:43 -0300] "GET /cormun/servlet/solicitudot?INS,0,0, HTTP/1.1" 200 15126
186.103.156.24 - - [05/Mar/2019:10:04:44 -0300] "GET /cormun/servlet/solicitudot?INS,0,0, HTTP/1.1" 200 15131
186.103.156.24 - - [05/Mar/2019:10:05:20 -0300] "POST /cormun/servlet/solicitudot?gx-no-cache=1551790904073 HTTP/1.1" 200 3534
186.103.156.24 - - [05/Mar/2019:10:05:20 -0300] "POST /cormun/servlet/solicitudot?d78124e0f08679a64ef5d122cadd9e30,INS,0,0,,gx-no-cache=1551790904528 HTTP/1.1" 200 11904
186.103.156.24 - - [05/Mar/2019:10:05:26 -0300] "GET /cormun/servlet/solicitudot?0e2d5d2ccf4a43787f7606d6499df20e8ce4f1782eb15906597cf8b765e3802c089e5d4c665ca8761be76679ff84e7a9,gx-no-cache=1551790910162 HTTP/1.1" 200 30
186.103.156.24 - - [05/Mar/2019:10:05:26 -0300] "GET /cormun/servlet/solicitudot?0e2d5d2ccf4a43787f7606d6499df20ec881e07612fcfa5069a7e260dccb5f2a3fb434bc9160fd48650aa7339c2f487c7a7b2c09062bc36b4077ecb53112d9cc,gx-no-cache=1551790910191 HTTP/1.1" 200 30
186.103.156.24 - - [05/Mar/2019:10:05:26 -0300] "GET /cormun/servlet/solicitudot?0e2d5d2ccf4a43787f7606d6499df20eb79ecd71252dd063531d56b4ce16e084,gx-no-cache=1551790910212 HTTP/1.1" 200 123
186.103.156.24 - - [05/Mar/2019:10:05:26 -0300] "GET /cormun/static/Shared/jqueryui/images/ui-bg_highlight-soft_100_c6c2c8_1x100.png HTTP/1.1" 404 1117
186.103.156.24 - - [05/Mar/2019:10:05:26 -0300] "GET /cormun/static/Shared/jqueryui/images/ui-icons_82798d_256x240.png HTTP/1.1" 404 1089
186.103.156.24 - - [05/Mar/2019:10:05:26 -0300] "GET /cormun/static/Shared/jqueryui/images/ui-bg_flat_55_994d53_40x100.png HTTP/1.1" 404 1097
186.103.156.24 - - [05/Mar/2019:10:05:26 -0300] "GET /cormun/static/Shared/jqueryui/images/ui-icons_ebccce_256x240.png HTTP/1.1" 404 1089
186.103.156.24 - - [05/Mar/2019:10:05:26 -0300] "POST /cormun/servlet/solicitudot?gx-no-cache=1551790910311 HTTP/1.1" 200 255
186.103.156.24 - - [05/Mar/2019:10:05:26 -0300] "GET /cormun/servlet/solicitudot?0e2d5d2ccf4a43787f7606d6499df20e85e18dedfa5e9283a93819098c6ba1e7c405e55a140548cb2c6f4277770e5eef73e161a39aaf4d6468e88aa0fcb2ffea8f935c36a566e2beaf2fb6ccfbb2e073efb3b1a29144b4d06ce9ce897fa56ec05824639f3ead0dfc09cfad298812845e4758d94fbaccdfb363811b52c0c7dd72694aaf25ed2920dc3ec955f3e39f1c5ff27f92742cf985fbc9941cee4ec8234d69fdf9ec3f61cc876df6cb2beefc11f10f0b633faa7d28aef3ef5008238826636c073d134b5c064d29e2390e8b13e482e99e36c15422aad116b9a2e50b103b3a89e2e456c00985c2f3ea04e5afc4eef708d5f5724df621b6fdab392689dd97b8a72b166ba532c22bdc499213d0a57d828549e05566800575b6a3b8ec572aae0a7b7535a98c83f60efdb247f68b6a5106d4dd33f29e001394ffa27ed86fd4cb7040622d60ce1ca4282c259f7ce255817050a444e3a211878879119114f88fbd4f75a3a9f30ba254f6f34c3009af6d2d0db0474fcb0a25cf0e1380d3ecce56cde1,gx-no-cache=1551790910344 HTTP/1.1" 200 30
186.103.156.24 - - [05/Mar/2019:10:06:06 -0300] "POST /cormun/servlet/solicitudot?gx-no-cache=1551790950017 HTTP/1.1" 200 30
186.103.156.24 - - [05/Mar/2019:10:06:06 -0300] "POST /cormun/servlet/solicitudot?gx-no-cache=1551790950166 HTTP/1.1" 200 1282
186.103.156.24 - - [05/Mar/2019:10:06:06 -0300] "POST /cormun/servlet/solicitudot?gx-no-cache=1551790950648 HTTP/1.1" 200 38
186.103.156.24 - - [05/Mar/2019:10:06:31 -0300] "POST /cormun/servlet/solicitudot?gx-no-cache=1551790975268 HTTP/1.1" 200 30
186.103.156.24 - - [05/Mar/2019:10:06:38 -0300] "POST /cormun/servlet/solicitudot?gx-no-cache=1551790982582 HTTP/1.1" 200 1282
186.103.156.24 - - [05/Mar/2019:10:06:38 -0300] "POST /cormun/servlet/solicitudot?gx-no-cache=1551790982624 HTTP/1.1" 200 38
186.103.156.24 - - [05/Mar/2019:10:06:38 -0300] "GET /cormun/servlet/solicitudot?0e2d5d2ccf4a43787f7606d6499df20ed907387b259371035fd27d2efb11533b9656ef4c92ca02a558280af38a936316641716c9c4dff9ee724b73af662945cc64f4709d691a2d02373b8c888cf54c931c05546db072b8e95b90b408d0a72607d61bad662bb558fcda78c5995a424a83,gx-no-cache=1551790982648 HTTP/1.1" 200 110
186.103.156.24 - - [05/Mar/2019:10:06:38 -0300] "POST /cormun/servlet/solicitudot?gx-no-cache=1551790982675 HTTP/1.1" 200 97
186.103.156.166 - - [05/Mar/2019:10:07:21 -0300] "GET /cormun/servlet/solicitudot?db7ac40c708c01c0b2853b0374f02e12f9c056d6e44c5292b96dcc752af8ca20cbda6be3d50dbe4e7db725b7eccb88dd,gx-no-cache=1551791023669 HTTP/1.1" 200 30
186.103.156.166 - - [05/Mar/2019:10:07:22 -0300] "GET /cormun/servlet/solicitudot?db7ac40c708c01c0b2853b0374f02e1206b9a2232e27fe3edb76508e0a669c71,gx-no-cache=1551791024627 HTTP/1.1" 200 53
186.103.156.166 - - [05/Mar/2019:10:07:27 -0300] "POST /cormun/servlet/solicitudot?gx-no-cache=1551791030258 HTTP/1.1" 200 255
186.103.156.166 - - [05/Mar/2019:10:07:27 -0300] "GET /cormun/servlet/solicitudot?db7ac40c708c01c0b2853b0374f02e125f604ab368b3a0dff59b96e2062894238855ab1548d41df7040648e79059e35d148941df93c072b087ee6755be087243fad8084398e39a42706f9742b63a92a000aecbddba402c0f5847ed39dc83d3eb257ce8817137f2d20713fb653d2986e5c7c16fd383cace64ed2529697960bd670c66f1b6fb91642741cc584cec20161100f4b0b57df6628aa370c2470b0c3561b5acdfce80cb3538a6239f0f93e715bbd74b6a4252d6d584edccbd20504ae4409626524de4369ba795b27de53766aeb47f1bfa86dedd447c91fcc948cd51622022ea7820eb75cc046f2673a55d432f243094b8ba0b5187288098ea955b58fcba93f9449a0354f1bfcc557e8f265b777d90ff3d1f55edbec9ea9b0977b324cfb01b5ad9a9eecf1d817bc26f8f80cb6bef2dd928f8e2c1401dce5c7e790f8344e0120ab101244bc091fa1e9d1db15e2e2133a567761306eba443c57923daad88d29f167388d46456fb6cc460f77a060e89d04f03c483f585b50c11793ddbd45d82,gx-no-cache=1551791030304 HTTP/1.1" 200 30
192.168.10.96 - - [05/Mar/2019:10:07:37 -0300] "GET /cormun/servlet/trsolicitudgral? HTTP/1.1" 500 10
192.168.10.96 - - [05/Mar/2019:10:07:42 -0300] "GET /cormun/servlet/hlogin HTTP/1.1" 200 1725
186.103.156.166 - - [05/Mar/2019:10:07:42 -0300] "POST /cormun/servlet/solicitudot?gx-no-cache=1551791045313 HTTP/1.1" 200 30
186.103.156.166 - - [05/Mar/2019:10:07:46 -0300] "POST /cormun/servlet/solicitudot?gx-no-cache=1551791048752 HTTP/1.1" 200 30
186.103.156.166 - - [05/Mar/2019:10:07:47 -0300] "POST /cormun/servlet/solicitudot?gx-no-cache=1551791050287 HTTP/1.1" 200 1282
186.103.156.166 - - [05/Mar/2019:10:07:47 -0300] "POST /cormun/servlet/solicitudot?gx-no-cache=1551791050350 HTTP/1.1" 200 38
192.168.10.96 - - [05/Mar/2019:10:07:48 -0300] "POST /cormun/servlet/hlogin?f8b8121bee0c07b2c1619e58ab1b73c2,gx-no-cache=1551798075650 HTTP/1.1" 200 90
192.168.10.96 - - [05/Mar/2019:10:07:48 -0300] "GET /cormun/servlet/hpexe_link HTTP/1.1" 200 953
192.168.10.96 - - [05/Mar/2019:10:07:48 -0300] "GET /cormun/servlet/hhome HTTP/1.1" 200 4777
192.168.10.96 - - [05/Mar/2019:10:07:48 -0300] "GET /cormun/servlet/hhome HTTP/1.1" 200 4773
186.103.156.166 - - [05/Mar/2019:10:07:49 -0300] "GET /cormun/servlet/solicitudot?db7ac40c708c01c0b2853b0374f02e125d5269e0838d2068415fcaf4b29405a46e5a1aa6b633d89e1a5ee2695f0e97dc1c53b1485a850a1f31d349c9c276865c0700b69e338eea1e6a1d844b0b75b294551ae39ac7f42a1b2de53858949ec80f8dade13878b80855728596472dc01b18,gx-no-cache=1551791052525 HTTP/1.1" 200 110
186.103.156.166 - - [05/Mar/2019:10:07:50 -0300] "POST /cormun/servlet/solicitudot?gx-no-cache=1551791052565 HTTP/1.1" 200 97
192.168.10.96 - - [05/Mar/2019:10:07:50 -0300] "GET /cormun/servlet/trsolicitudgral? HTTP/1.1" 200 27163
192.168.10.96 - - [05/Mar/2019:10:07:52 -0300] "GET /cormun/servlet/trsolicitudgral? HTTP/1.1" 200 27161
186.103.156.24 - - [05/Mar/2019:10:07:54 -0300] "GET /cormun/servlet/solicitudot?0e2d5d2ccf4a43787f7606d6499df20e18bb2fc2e0303f56faaaa337c728cfc0a7bb3c13352f49f27df07ed59659ae9941fdd53e31f387bdbce79498fe4a710e4835a555a1a91d18fd67cef75b2ac94b8c461d19e1baa85c808c32d49f9ebbed956d939cb59ea353405813e71f0f83423d4fab049f1c5dd29233c211fc9a5e31967223eee640e5c1c386fb19a75f71ab381969018248ff3592c25d520deb9bb62b44a5c37e2def8bcb88693253e65b0815b28760b694bf60fc66626614064b4c9a0c53c6f03d6606e1cc22407965e0c4,gx-no-cache=1551791058309 HTTP/1.1" 200 29
186.103.156.24 - - [05/Mar/2019:10:07:54 -0300] "GET /cormun/static/menuarrow.gif HTTP/1.1" 404 1015
186.103.156.166 - - [05/Mar/2019:10:07:54 -0300] "POST /cormun/servlet/solicitudot?gx-no-cache=1551791057327 HTTP/1.1" 200 30
186.103.156.166 - - [05/Mar/2019:10:08:01 -0300] "POST /cormun/servlet/solicitudot?gx-no-cache=1551791064364 HTTP/1.1" 200 1282
186.103.156.166 - - [05/Mar/2019:10:08:01 -0300] "POST /cormun/servlet/solicitudot?gx-no-cache=1551791064422 HTTP/1.1" 200 38
192.168.10.96 - - [05/Mar/2019:10:08:02 -0300] "POST /cormun/servlet/trsolicitudgral?f8b8121bee0c07b2c1619e58ab1b73c2,,gx-no-cache=1551798090047 HTTP/1.1" 200 5960
186.103.156.166 - - [05/Mar/2019:10:08:02 -0300] "GET /cormun/servlet/solicitudot?db7ac40c708c01c0b2853b0374f02e125d5269e0838d2068415fcaf4b29405a46e5a1aa6b633d89e1a5ee2695f0e97dc1c53b1485a850a1f31d349c9c276865c0700b69e338eea1e6a1d844b0b75b294551ae39ac7f42a1b2de53858949ec80f8dade13878b80855728596472dc01b18,gx-no-cache=1551791065392 HTTP/1.1" 200 110
186.103.156.166 - - [05/Mar/2019:10:08:04 -0300] "POST /cormun/servlet/solicitudot?gx-no-cache=1551791067056 HTTP/1.1" 200 97
192.168.10.96 - - [05/Mar/2019:10:08:06 -0300] "POST /cormun/servlet/trsolicitudgral?f8b8121bee0c07b2c1619e58ab1b73c2,,gx-no-cache=1551798093730 HTTP/1.1" 200 5961
192.168.10.96 - - [05/Mar/2019:10:08:09 -0300] "POST /cormun/servlet/trsolicitudgral?f8b8121bee0c07b2c1619e58ab1b73c2,,gx-no-cache=1551798096697 HTTP/1.1" 200 11208
192.168.10.96 - - [05/Mar/2019:10:08:11 -0300] "POST /cormun/servlet/trsolicitudgral?f8b8121bee0c07b2c1619e58ab1b73c2,,gx-no-cache=1551798099249 HTTP/1.1" 200 105
192.168.10.96 - - [05/Mar/2019:10:08:12 -0300] "GET /cormun/SolicitudGral-8038.xls HTTP/1.1" 200 9728
186.103.156.166 - - [05/Mar/2019:10:08:12 -0300] "GET /cormun/servlet/solicitudot?db7ac40c708c01c0b2853b0374f02e1262848f5f1cccd3eb8aaaf8f0fa078e08b5d7746b701461432df088541b0b81e2103551bb4001a26011cba4b9ac1e8dd70fc21cd187404b5fe0f0c492e77bd505a597f162275d2c1739c48a9316a7ec687dec5ea3458db3fc708768bd3f49c36711e702eeefeeb4048c7a9aa26ad6ede42289fd0875bee03ba292922ed8aa9ed5bb74ebd0bdd23b27277f49afd7e3e349,gx-no-cache=1551791074681 HTTP/1.1" 200 29
186.103.156.166 - - [05/Mar/2019:10:08:16 -0300] "GET /cormun/servlet/solicitudot?db7ac40c708c01c0b2853b0374f02e1206ff41fc6d36c4e61a31e474f18cfa3e2dcf7c24c065a29abb85ddeb9594070f,gx-no-cache=1551791079154 HTTP/1.1" 200 30
186.103.156.166 - - [05/Mar/2019:10:08:23 -0300] "POST /cormun/servlet/solicitudot?gx-no-cache=1551791086067 HTTP/1.1" 200 30
186.103.156.166 - - [05/Mar/2019:10:08:36 -0300] "POST /cormun/servlet/solicitudot?36e6581d065f505eb31f117a7b1db349,INS,0,0,,gx-no-cache=1551791098700 HTTP/1.1" 200 12227
186.103.156.24 - - [05/Mar/2019:10:08:36 -0300] "GET /cormun/servlet/solicitudot?0e2d5d2ccf4a43787f7606d6499df20e2611c52089a391a51b3c33c96457a9f0706f5798072437c661f78007cd0a882a,gx-no-cache=1551791100299 HTTP/1.1" 200 30
186.103.156.166 - - [05/Mar/2019:10:08:36 -0300] "GET /cormun/static/Shared/jqueryui/images/ui-bg_highlight-soft_100_c6c2c8_1x100.png HTTP/1.1" 404 1117
186.103.156.166 - - [05/Mar/2019:10:08:36 -0300] "GET /cormun/static/Shared/jqueryui/images/ui-bg_flat_55_994d53_40x100.png HTTP/1.1" 404 1097
186.103.156.166 - - [05/Mar/2019:10:08:36 -0300] "GET /cormun/static/Shared/jqueryui/images/ui-icons_82798d_256x240.png HTTP/1.1" 404 1089
186.103.156.166 - - [05/Mar/2019:10:08:36 -0300] "GET /cormun/static/Shared/jqueryui/images/ui-icons_ebccce_256x240.png HTTP/1.1" 404 1089
186.103.156.24 - - [05/Mar/2019:10:08:41 -0300] "POST /cormun/servlet/solicitudot?gx-no-cache=1551791105809 HTTP/1.1" 200 30
190.171.141.114 - - [05/Mar/2019:10:08:58 -0300] "GET /cormun/servlet/hlogin HTTP/1.1" 200 1714
190.171.141.114 - - [05/Mar/2019:10:08:59 -0300] "GET /cormun/servlet/hlogin HTTP/1.1" 200 1724
186.103.156.166 - - [05/Mar/2019:10:09:00 -0300] "GET /cormun/servlet/solicitudot?db7ac40c708c01c0b2853b0374f02e12f9c056d6e44c5292b96dcc752af8ca20cbda6be3d50dbe4e7db725b7eccb88dd,gx-no-cache=1551791123148 HTTP/1.1" 200 30
186.103.156.166 - - [05/Mar/2019:10:09:08 -0300] "POST /cormun/servlet/solicitudot?gx-no-cache=1551791130504 HTTP/1.1" 200 256
190.171.143.106 - - [05/Mar/2019:10:09:08 -0300] "GET /cormun/servlet/hlogin HTTP/1.1" 200 1729
186.103.156.166 - - [05/Mar/2019:10:09:08 -0300] "GET /cormun/servlet/solicitudot?db7ac40c708c01c0b2853b0374f02e125f604ab368b3a0dff59b96e2062894238855ab1548d41df7040648e79059e35d148941df93c072b087ee6755be087243fad8084398e39a42706f9742b63a92a000aecbddba402c0f5847ed39dc83d3eb257ce8817137f2d20713fb653d2986e5c7c16fd383cace64ed2529697960bd670c66f1b6fb91642741cc584cec20161100f4b0b57df6628aa370c2470b0c3561b5acdfce80cb3538a6239f0f93e715bbd74b6a4252d6d584edccbd20504ae4409626524de4369ba795b27de53766aeb47f1bfa86dedd447c91fcc948cd51622022ea7820eb75cc046f2673a55d432f243094b8ba0b5187288098ea955b58fcba93f9449a0354f1bfcc557e8f265b777d90ff3d1f55edbec9ea9b0977b324cfb01b5ad9a9eecf1d817bc26f8f80cb6bef2dd928f8e2c1401dce5c7e790f8344e0120ab101244bc091fa1e9d1db15e2e2133a567761306eba443c57923daad88d29f167388d46456fb6cc460f77a060e89852e48bc6a7ebf72cc08602c5f4a3846,gx-no-cache=1551791130644 HTTP/1.1" 200 30
186.103.156.166 - - [05/Mar/2019:10:09:08 -0300] "POST /cormun/servlet/solicitudot?gx-no-cache=1551791131034 HTTP/1.1" 200 30
186.103.156.166 - - [05/Mar/2019:10:09:08 -0300] "POST /cormun/servlet/solicitudot?gx-no-cache=1551791131068 HTTP/1.1" 200 1282
186.103.156.166 - - [05/Mar/2019:10:09:08 -0300] "POST /cormun/servlet/solicitudot?gx-no-cache=1551791131191 HTTP/1.1" 200 40
186.103.156.166 - - [05/Mar/2019:10:09:08 -0300] "GET /cormun/servlet/solicitudot?db7ac40c708c01c0b2853b0374f02e125d5269e0838d2068415fcaf4b29405a46e5a1aa6b633d89e1a5ee2695f0e97dc1c53b1485a850a1f31d349c9c276865c0700b69e338eea1e6a1d844b0b75b294551ae39ac7f42a1b2de53858949ec80f8dade13878b80855728596472dc01b18,gx-no-cache=1551791131277 HTTP/1.1" 200 110
190.171.143.106 - - [05/Mar/2019:10:09:08 -0300] "GET /cormun/servlet/hlogin HTTP/1.1" 200 1736
186.103.156.166 - - [05/Mar/2019:10:09:08 -0300] "POST /cormun/servlet/solicitudot?gx-no-cache=1551791131378 HTTP/1.1" 200 97
186.103.156.166 - - [05/Mar/2019:10:09:08 -0300] "GET /cormun/servlet/solicitudot?db7ac40c708c01c0b2853b0374f02e1206ff41fc6d36c4e61a31e474f18cfa3e2dcf7c24c065a29abb85ddeb9594070f,gx-no-cache=1551791131442 HTTP/1.1" 200 30
186.103.156.166 - - [05/Mar/2019:10:09:08 -0300] "POST /cormun/servlet/solicitudot?gx-no-cache=1551791131472 HTTP/1.1" 200 30
190.171.141.114 - - [05/Mar/2019:10:09:09 -0300] "POST /cormun/servlet/hlogin?1e77203065f1e8ddd722276c2091da6f,gx-no-cache=1551791133471 HTTP/1.1" 200 90
186.103.156.166 - - [05/Mar/2019:10:09:09 -0300] "POST /cormun/servlet/solicitudot?36e6581d065f505eb31f117a7b1db349,INS,0,0,,gx-no-cache=1551791131593 HTTP/1.1" 200 12283
190.171.141.114 - - [05/Mar/2019:10:09:09 -0300] "GET /cormun/servlet/hpexe_link HTTP/1.1" 200 944
190.171.141.114 - - [05/Mar/2019:10:09:09 -0300] "GET /cormun/servlet/hhome HTTP/1.1" 200 4045
190.171.143.106 - - [05/Mar/2019:10:09:10 -0300] "POST /cormun/servlet/hlogin?94e6753a8d2eea03a9c99f974eb8e6c2,gx-no-cache=1551791134684 HTTP/1.1" 200 90
190.171.143.106 - - [05/Mar/2019:10:09:11 -0300] "GET /cormun/servlet/hpexe_link HTTP/1.1" 200 955
190.171.143.106 - - [05/Mar/2019:10:09:11 -0300] "GET /cormun/servlet/hhome HTTP/1.1" 200 4072
190.171.141.114 - - [05/Mar/2019:10:09:11 -0300] "GET /cormun/servlet/hhome HTTP/1.1" 200 4041
190.171.143.106 - - [05/Mar/2019:10:09:11 -0300] "GET /cormun/servlet/hhome HTTP/1.1" 200 4068
190.171.143.106 - - [05/Mar/2019:10:09:22 -0300] "GET /cormun/servlet/trpermisosgoce? HTTP/1.1" 200 6982
190.171.143.106 - - [05/Mar/2019:10:09:22 -0300] "GET /cormun/static/gxcfg.js?20177612163875 HTTP/1.1" 200 953
190.171.143.106 - - [05/Mar/2019:10:09:22 -0300] "GET /cormun/static/calendar.js?85251 HTTP/1.1" 200 26246
190.171.143.106 - - [05/Mar/2019:10:09:22 -0300] "GET /cormun/static/calendar-setup.js?85251 HTTP/1.1" 200 2588
190.171.143.106 - - [05/Mar/2019:10:09:22 -0300] "GET /cormun/static/calendar-es.js?85251 HTTP/1.1" 200 1901
190.171.143.106 - - [05/Mar/2019:10:09:22 -0300] "GET /cormun/static/gxdec.js?85251 HTTP/1.1" 200 19579
190.171.143.106 - - [05/Mar/2019:10:09:22 -0300] "GET /cormun/static/trpermisosgoce.js?20177612164335 HTTP/1.1" 200 35904
190.171.143.106 - - [05/Mar/2019:10:09:23 -0300] "GET /cormun/servlet/trpermisosgoce? HTTP/1.1" 200 6981
190.171.143.106 - - [05/Mar/2019:10:09:24 -0300] "POST /cormun/servlet/trpermisosgoce?94e6753a8d2eea03a9c99f974eb8e6c2,,gx-no-cache=1551791148405 HTTP/1.1" 200 4182
186.103.156.24 - - [05/Mar/2019:10:09:27 -0300] "POST /cormun/servlet/solicitudot?d78124e0f08679a64ef5d122cadd9e30,INS,0,0,,gx-no-cache=1551791150839 HTTP/1.1" 200 12251
190.171.143.106 - - [05/Mar/2019:10:09:27 -0300] "POST /cormun/servlet/trpermisosgoce?94e6753a8d2eea03a9c99f974eb8e6c2,,gx-no-cache=1551791151371 HTTP/1.1" 200 4182
190.171.143.106 - - [05/Mar/2019:10:09:33 -0300] "GET /cormun/servlet/permisogoce?INS,0,,, HTTP/1.1" 200 6917
190.171.143.106 - - [05/Mar/2019:10:09:33 -0300] "GET /cormun/static/gxcfg.js?201776126440 HTTP/1.1" 200 953
190.171.143.106 - - [05/Mar/2019:10:09:33 -0300] "GET /cormun/static/permisogoce.js?2017761264459 HTTP/1.1" 200 27897
190.171.143.106 - - [05/Mar/2019:10:09:33 -0300] "GET /cormun/servlet/permisogoce?INS,0,,, HTTP/1.1" 200 6917
186.103.156.24 - - [05/Mar/2019:10:09:35 -0300] "POST /cormun/servlet/solicitudot?d78124e0f08679a64ef5d122cadd9e30,INS,0,0,,gx-no-cache=1551791158631 HTTP/1.1" 200 12312
190.171.143.106 - - [05/Mar/2019:10:09:35 -0300] "GET /cormun/static/Resources/resize.gif HTTP/1.1" 200 77
190.171.143.106 - - [05/Mar/2019:10:09:36 -0300] "GET /cormun/servlet/prfichaempleado?,MD,,gxPopupLevel%3D0%3B HTTP/1.1" 200 9376
190.171.143.106 - - [05/Mar/2019:10:09:36 -0300] "GET /cormun/static/gxcfg.js?20177612134814 HTTP/1.1" 200 953
190.171.143.106 - - [05/Mar/2019:10:09:36 -0300] "GET /cormun/static/Resources/PXToolsMenuSearchCancel.png HTTP/1.1" 200 2972
190.171.143.106 - - [05/Mar/2019:10:09:36 -0300] "GET /cormun/static/Resources/PXToolsMenuSearch.png HTTP/1.1" 200 2914
190.171.143.106 - - [05/Mar/2019:10:09:36 -0300] "GET /cormun/static/menusearch.js?201610171694467 HTTP/1.1" 200 1424
190.171.143.106 - - [05/Mar/2019:10:09:36 -0300] "GET /cormun/static/prfichaempleado.js?20177612134999 HTTP/1.1" 200 16006
190.171.143.106 - - [05/Mar/2019:10:09:36 -0300] "GET /cormun/static/hmpwkw011.js?20177612121862 HTTP/1.1" 200 1968
186.103.156.166 - - [05/Mar/2019:10:09:36 -0300] "GET /cormun/servlet/solicitudot?db7ac40c708c01c0b2853b0374f02e12f9c056d6e44c5292b96dcc752af8ca20cbda6be3d50dbe4e7db725b7eccb88dd,gx-no-cache=1551791159384 HTTP/1.1" 200 30
186.103.156.166 - - [05/Mar/2019:10:09:38 -0300] "GET /cormun/servlet/solicitudot?db7ac40c708c01c0b2853b0374f02e12707a101f2737c024f6cfe43f5719428cc439de355bb8d9c1150bcd1121a1154784fe230de876ea52fa5a686a070880f7ce3bb87c35cdd0fee77e62f3a81142dd76630df544790ff220d12cd02330be598bcd5abb76c6bc56589758c140b1cb18,gx-no-cache=1551791160803 HTTP/1.1" 200 53
186.103.156.166 - - [05/Mar/2019:10:09:41 -0300] "POST /cormun/servlet/solicitudot?gx-no-cache=1551791164178 HTTP/1.1" 200 256
186.103.156.166 - - [05/Mar/2019:10:09:41 -0300] "GET /cormun/servlet/solicitudot?db7ac40c708c01c0b2853b0374f02e125f604ab368b3a0dff59b96e2062894238855ab1548d41df7040648e79059e35d148941df93c072b087ee6755be087243fad8084398e39a42706f9742b63a92a000aecbddba402c0f5847ed39dc83d3eb257ce8817137f2d20713fb653d2986e5c7c16fd383cace64ed2529697960bd670c66f1b6fb91642741cc584cec20161100f4b0b57df6628aa370c2470b0c3561b5acdfce80cb3538a6239f0f93e715bbd74b6a4252d6d584edccbd20504ae4409626524de4369ba795b27de53766aeb47f1bfa86dedd447c91fcc948cd51622022ea7820eb75cc046f2673a55d432f243094b8ba0b5187288098ea955b58fcba93f9449a0354f1bfcc557e8f265b777d90ff3d1f55edbec9ea9b0977b324cfb01b5ad9a9eecf1d817bc26f8f80cb6bef2dd928f8e2c1401dce5c7e790f8344e0120ab101244bc091fa1e9d1db15e2e2133a567761306eba443c57923daad88d29f167388d46456fb6cc460f77a060e89852e48bc6a7ebf72cc08602c5f4a3846,gx-no-cache=1551791164239 HTTP/1.1" 200 30
186.103.156.166 - - [05/Mar/2019:10:09:42 -0300] "POST /cormun/servlet/solicitudot?gx-no-cache=1551791164580 HTTP/1.1" 200 30
186.103.156.166 - - [05/Mar/2019:10:09:42 -0300] "POST /cormun/servlet/solicitudot?gx-no-cache=1551791164709 HTTP/1.1" 200 1282
186.103.156.166 - - [05/Mar/2019:10:09:42 -0300] "POST /cormun/servlet/solicitudot?gx-no-cache=1551791164809 HTTP/1.1" 200 40
186.103.156.166 - - [05/Mar/2019:10:09:42 -0300] "GET /cormun/servlet/solicitudot?db7ac40c708c01c0b2853b0374f02e125d5269e0838d2068415fcaf4b29405a46e5a1aa6b633d89e1a5ee2695f0e97dc1c53b1485a850a1f31d349c9c276865c0700b69e338eea1e6a1d844b0b75b294551ae39ac7f42a1b2de53858949ec80f8dade13878b80855728596472dc01b18,gx-no-cache=1551791164858 HTTP/1.1" 200 110
186.103.156.166 - - [05/Mar/2019:10:09:42 -0300] "POST /cormun/servlet/solicitudot?gx-no-cache=1551791164917 HTTP/1.1" 200 97
186.103.156.166 - - [05/Mar/2019:10:09:42 -0300] "GET /cormun/servlet/solicitudot?db7ac40c708c01c0b2853b0374f02e1206ff41fc6d36c4e61a31e474f18cfa3e2dcf7c24c065a29abb85ddeb9594070f,gx-no-cache=1551791164961 HTTP/1.1" 200 30
186.103.156.166 - - [05/Mar/2019:10:09:42 -0300] "POST /cormun/servlet/solicitudot?gx-no-cache=1551791164991 HTTP/1.1" 200 30
186.103.156.166 - - [05/Mar/2019:10:09:42 -0300] "POST /cormun/servlet/solicitudot?36e6581d065f505eb31f117a7b1db349,INS,0,0,,gx-no-cache=1551791165045 HTTP/1.1" 200 12331
190.171.143.106 - - [05/Mar/2019:10:09:48 -0300] "POST /cormun/servlet/prfichaempleado?94e6753a8d2eea03a9c99f974eb8e6c2,,MD,,gxPopupLevel%3D0%3B,gx-no-cache=1551791171712 HTTP/1.1" 200 3421
190.171.143.106 - - [05/Mar/2019:10:09:51 -0300] "GET /cormun/servlet/permisogoce?770a0fc92757d1f0c80a314e04f7544f2257ef596d8f160aff41004ad95110fc60451102ae293718b3475eee94a9602edfd5470adb057dc144f4e8b7967628ca,gx-no-cache=1551791174942 HTTP/1.1" 200 72
190.171.143.106 - - [05/Mar/2019:10:09:51 -0300] "GET /cormun/static/menuarrow.gif HTTP/1.1" 404 1015
186.103.156.166 - - [05/Mar/2019:10:09:54 -0300] "GET /cormun/servlet/solicitudot?db7ac40c708c01c0b2853b0374f02e12f9c056d6e44c5292b96dcc752af8ca20cbda6be3d50dbe4e7db725b7eccb88dd,gx-no-cache=1551791176884 HTTP/1.1" 200 30
190.171.143.106 - - [05/Mar/2019:10:09:55 -0300] "GET /cormun/servlet/permisogoce?770a0fc92757d1f0c80a314e04f7544fe4f50830393e452aae309f6d44d6ef21cd11bcf7acab2090e81df524038f72551691af32f67658a00cf24f59f3f5d50a,gx-no-cache=1551791179513 HTTP/1.1" 200 46
186.103.156.24 - - [05/Mar/2019:10:09:56 -0300] "POST /cormun/servlet/solicitudot?gx-no-cache=1551791180100 HTTP/1.1" 200 254
186.103.156.24 - - [05/Mar/2019:10:09:56 -0300] "GET /cormun/servlet/solicitudot?0e2d5d2ccf4a43787f7606d6499df20e85e18dedfa5e9283a93819098c6ba1e7c405e55a140548cb2c6f4277770e5eef73e161a39aaf4d6468e88aa0fcb2ffea8f935c36a566e2beaf2fb6ccfbb2e073efb3b1a29144b4d06ce9ce897fa56ec05824639f3ead0dfc09cfad298812845e4758d94fbaccdfb363811b52c0c7dd72694aaf25ed2920dc3ec955f3e39f1c5ff27f92742cf985fbc9941cee4ec8234d69fdf9ec3f61cc876df6cb2beefc11f10f0b633faa7d28aef3ef5008238826636c073d134b5c064d29e2390e8b13e482e99e36c15422aad116b9a2e50b103b3a89e2e456c00985c2f3ea04e5afc4eef708d5f5724df621b6fdab392689dd97b8a72b166ba532c22bdc499213d0a57d828549e05566800575b6a3b8ec572aae0a7b7535a98c83f60efdb247f68b6a5106d4dd33f29e001394ffa27ed86fd4cb7040622d60ce1ca4282c259f7ce255817050a444e3a211878879119114f88fbd4f75a3a9f30ba254f6f34c3009af6d2d0dc08a5bc39de6eb92c6db9e95a1b5d73e,gx-no-cache=1551791180151 HTTP/1.1" 200 30
186.103.156.24 - - [05/Mar/2019:10:09:56 -0300] "POST /cormun/servlet/solicitudot?gx-no-cache=1551791180183 HTTP/1.1" 200 30
186.103.156.24 - - [05/Mar/2019:10:09:56 -0300] "POST /cormun/servlet/solicitudot?gx-no-cache=1551791180212 HTTP/1.1" 200 1282
186.103.156.24 - - [05/Mar/2019:10:09:56 -0300] "POST /cormun/servlet/solicitudot?gx-no-cache=1551791180300 HTTP/1.1" 200 41
186.103.156.24 - - [05/Mar/2019:10:09:56 -0300] "GET /cormun/servlet/solicitudot?0e2d5d2ccf4a43787f7606d6499df20ed907387b259371035fd27d2efb11533b9656ef4c92ca02a558280af38a936316641716c9c4dff9ee724b73af662945cc64f4709d691a2d02373b8c888cf54c931c05546db072b8e95b90b408d0a72607d61bad662bb558fcda78c5995a424a83,gx-no-cache=1551791180331 HTTP/1.1" 200 110
186.103.156.24 - - [05/Mar/2019:10:09:56 -0300] "POST /cormun/servlet/solicitudot?gx-no-cache=1551791180361 HTTP/1.1" 200 97
186.103.156.24 - - [05/Mar/2019:10:09:56 -0300] "GET /cormun/servlet/solicitudot?0e2d5d2ccf4a43787f7606d6499df20e2611c52089a391a51b3c33c96457a9f0706f5798072437c661f78007cd0a882a,gx-no-cache=1551791180392 HTTP/1.1" 200 30
186.103.156.24 - - [05/Mar/2019:10:09:56 -0300] "POST /cormun/servlet/solicitudot?gx-no-cache=1551791180419 HTTP/1.1" 200 30
186.103.156.24 - - [05/Mar/2019:10:09:56 -0300] "POST /cormun/servlet/solicitudot?d78124e0f08679a64ef5d122cadd9e30,INS,0,0,,gx-no-cache=1551791180447 HTTP/1.1" 200 12360
186.103.156.166 - - [05/Mar/2019:10:10:00 -0300] "POST /cormun/servlet/solicitudot?gx-no-cache=1551791182557 HTTP/1.1" 200 256
186.103.156.166 - - [05/Mar/2019:10:10:00 -0300] "GET /cormun/servlet/solicitudot?db7ac40c708c01c0b2853b0374f02e125f604ab368b3a0dff59b96e2062894238855ab1548d41df7040648e79059e35d148941df93c072b087ee6755be087243fad8084398e39a42706f9742b63a92a000aecbddba402c0f5847ed39dc83d3eb257ce8817137f2d20713fb653d2986e5c7c16fd383cace64ed2529697960bd670c66f1b6fb91642741cc584cec20161100f4b0b57df6628aa370c2470b0c3561b5acdfce80cb3538a6239f0f93e715bbd74b6a4252d6d584edccbd20504ae4409626524de4369ba795b27de53766aeb47f1bfa86dedd447c91fcc948cd51622022ea7820eb75cc046f2673a55d432f243094b8ba0b5187288098ea955b58fcba93f9449a0354f1bfcc557e8f265b777d90ff3d1f55edbec9ea9b0977b324cfb01b5ad9a9eecf1d817bc26f8f80cb6bef2dd928f8e2c1401dce5c7e790f8344e0120ab101244bc091fa1e9d1db15e2e2133a567761306eba443c57923daad88d29f167388d46456fb6cc460f77a060e89852e48bc6a7ebf72cc08602c5f4a3846,gx-no-cache=1551791182600 HTTP/1.1" 200 30
