190.171.142.42 - - [05/Mar/2019:10:38:02 -0300] "GET /cormun/static/Resources/PXToolsHeaderHome.png HTTP/1.1" 200 4147
190.171.142.42 - - [05/Mar/2019:10:38:02 -0300] "GET /cormun/static/hpexe_messagepopupcomponent.js?20161017169425 HTTP/1.1" 200 605
190.171.142.42 - - [05/Mar/2019:10:38:02 -0300] "GET /cormun/static/hpexe_messagegenexuscomponent.js?201752511465344 HTTP/1.1" 200 587
190.171.142.42 - - [05/Mar/2019:10:38:02 -0300] "GET /cormun/static/cmcontrolpreferences.js?201752511465670 HTTP/1.1" 200 1375
190.171.142.42 - - [05/Mar/2019:10:38:02 -0300] "GET /cormun/static/SmoothNavMenu/resources/ddsmoothmenu.js HTTP/1.1" 200 12712
190.171.142.42 - - [05/Mar/2019:10:38:02 -0300] "GET /cormun/static/SmoothNavMenu/resources/SmoothNavMenuRender.js HTTP/1.1" 200 5951
190.171.142.42 - - [05/Mar/2019:10:38:02 -0300] "GET /cormun/static/Shared/jquery/jquery-1.4.2.min.js HTTP/1.1" 200 72174
190.171.142.42 - - [05/Mar/2019:10:38:02 -0300] "GET /cormun/static/scaMessage/js/jquery.pnotify.min.js HTTP/1.1" 200 13038
190.171.142.42 - - [05/Mar/2019:10:38:02 -0300] "GET /cormun/static/scaMessage/scaMessageRender.js HTTP/1.1" 200 11977
190.171.142.42 - - [05/Mar/2019:10:38:02 -0300] "GET /cormun/static/Shared/ext/ext-all.js HTTP/1.1" 200 1289687
190.171.142.42 - - [05/Mar/2019:10:38:02 -0300] "GET /cormun/static/Shared/jquery/jquery-1.10.2.min.js HTTP/1.1" 200 273199
190.171.142.42 - - [05/Mar/2019:10:38:02 -0300] "GET /cormun/static/hmpwkw03.js?20189613443875 HTTP/1.1" 200 3965
190.171.142.42 - - [05/Mar/2019:10:38:02 -0300] "GET /cormun/static/Shared/jqueryui/jquery-ui.min.js HTTP/1.1" 200 240427
190.171.142.42 - - [05/Mar/2019:10:38:03 -0300] "GET /cormun/static/Resources/indicator.gif HTTP/1.1" 200 1553
190.171.142.42 - - [05/Mar/2019:10:38:03 -0300] "GET /cormun/servlet/hlogin HTTP/1.1" 200 1731
190.171.142.42 - - [05/Mar/2019:10:38:03 -0300] "GET /cormun/servlet/hhome HTTP/1.1" 200 3426
190.171.142.42 - - [05/Mar/2019:10:38:03 -0300] "GET /cormun/static/Resources/ComunLogin.png HTTP/1.1" 200 17326
190.171.142.42 - - [05/Mar/2019:10:38:03 -0300] "GET /cormun/static/hlogin.js?20177612122738 HTTP/1.1" 200 2136
190.171.142.42 - - [05/Mar/2019:10:38:03 -0300] "GET /cormun/static/gxcfg.js?20177612122725 HTTP/1.1" 200 953
190.171.142.42 - - [05/Mar/2019:10:38:03 -0300] "GET /cormun/static/Resources/Spanish/PXTools.css?1155365 HTTP/1.1" 200 89042
190.171.142.42 - - [05/Mar/2019:10:38:03 -0300] "GET /cormun/static/Resources/PXToolsLoginBackground.png HTTP/1.1" 200 1164
190.171.142.42 - - [05/Mar/2019:10:38:03 -0300] "GET /cormun/static/Resources/PXToolsButtonRight21.png HTTP/1.1" 200 1283
190.171.142.42 - - [05/Mar/2019:10:38:03 -0300] "GET /cormun/static/Resources/PXToolsButtonLeft21.png HTTP/1.1" 200 1287
190.171.142.42 - - [05/Mar/2019:10:38:03 -0300] "GET /cormun/static/Resources/PXToolsLoginTop.png HTTP/1.1" 200 1337
190.171.142.42 - - [05/Mar/2019:10:38:03 -0300] "GET /cormun/static/Resources/PXToolsLoginBottom.png HTTP/1.1" 200 1389
190.171.142.42 - - [05/Mar/2019:10:38:03 -0300] "GET /cormun/static/Resources/PXToolsButtonBackground2.png HTTP/1.1" 200 1181
192.168.10.96 - - [05/Mar/2019:10:38:04 -0300] "GET /cormun/servlet/solicitudot?INS,0,0, HTTP/1.1" 200 15152
192.168.10.96 - - [05/Mar/2019:10:38:04 -0300] "GET /cormun/servlet/solicitudot?INS,0,0, HTTP/1.1" 200 15158
192.168.10.96 - - [05/Mar/2019:10:38:08 -0300] "GET /cormun/servlet/prfichaempleado?,MD,,gxPopupLevel%3D0%3B HTTP/1.1" 200 9430
192.168.10.96 - - [05/Mar/2019:10:38:16 -0300] "POST /cormun/servlet/prfichaempleado?f8b8121bee0c07b2c1619e58ab1b73c2,,MD,,gxPopupLevel%3D0%3B,gx-no-cache=1551799903941 HTTP/1.1" 200 4003
190.171.142.42 - - [05/Mar/2019:10:38:17 -0300] "POST /cormun/servlet/hlogin?65f4dbd2710108d1426b88c17e5ad19e,gx-no-cache=1551792881900 HTTP/1.1" 200 90
190.171.142.42 - - [05/Mar/2019:10:38:17 -0300] "GET /cormun/servlet/hpexe_link HTTP/1.1" 200 949
190.171.142.42 - - [05/Mar/2019:10:38:17 -0300] "GET /cormun/static/gxcfg.js?20177612121792 HTTP/1.1" 200 953
190.171.142.42 - - [05/Mar/2019:10:38:17 -0300] "GET /cormun/static/hpexe_link.js?20177612121795 HTTP/1.1" 200 625
190.171.142.42 - - [05/Mar/2019:10:38:17 -0300] "GET /cormun/servlet/hhome HTTP/1.1" 200 4268
190.171.142.42 - - [05/Mar/2019:10:38:17 -0300] "GET /cormun/servlet/hhome HTTP/1.1" 200 4264
190.171.142.42 - - [05/Mar/2019:10:38:17 -0300] "GET /cormun/static/SmoothNavMenu/resources/images/down.gif HTTP/1.1" 200 854
190.171.142.42 - - [05/Mar/2019:10:38:17 -0300] "GET /cormun/static/SmoothNavMenu/resources/images/right.gif HTTP/1.1" 200 860
190.171.142.42 - - [05/Mar/2019:10:38:23 -0300] "GET /cormun/servlet/trsolicitudot? HTTP/1.1" 200 7481
190.171.142.42 - - [05/Mar/2019:10:38:23 -0300] "GET /cormun/static/gxui/gxui-all.css?120300 HTTP/1.1" 200 2179
190.171.142.42 - - [05/Mar/2019:10:38:23 -0300] "GET /cormun/static/calendar-system.css?85620 HTTP/1.1" 200 5572
190.171.142.42 - - [05/Mar/2019:10:38:23 -0300] "GET /cormun/static/gxcfg.js?2017111422585916 HTTP/1.1" 200 953
190.171.142.42 - - [05/Mar/2019:10:38:23 -0300] "GET /cormun/static/calendar-setup.js?85251 HTTP/1.1" 200 2588
190.171.142.42 - - [05/Mar/2019:10:38:23 -0300] "GET /cormun/static/calendar.js?85251 HTTP/1.1" 200 26246
190.171.142.42 - - [05/Mar/2019:10:38:23 -0300] "GET /cormun/static/Resources/Spanish/PXTools.css?1255365 HTTP/1.1" 200 89042
190.171.142.42 - - [05/Mar/2019:10:38:24 -0300] "GET /cormun/static/calendar-es.js?85251 HTTP/1.1" 200 1901
190.171.142.42 - - [05/Mar/2019:10:38:24 -0300] "GET /cormun/static/Resources/PXTools/calendar.png HTTP/1.1" 200 1306
190.171.142.42 - - [05/Mar/2019:10:38:24 -0300] "GET /cormun/static/Resources/PXToolsDataSearch.png HTTP/1.1" 200 419
190.171.142.42 - - [05/Mar/2019:10:38:24 -0300] "GET /cormun/static/gxdec.js?85251 HTTP/1.1" 200 19579
190.171.142.42 - - [05/Mar/2019:10:38:24 -0300] "GET /cormun/static/trsolicitudot.js?201711142259839 HTTP/1.1" 200 54041
190.171.142.42 - - [05/Mar/2019:10:38:24 -0300] "GET /cormun/static/Resources/PXToolsGridFirstDisabled.gif HTTP/1.1" 200 100
190.171.142.42 - - [05/Mar/2019:10:38:24 -0300] "GET /cormun/static/Resources/PXToolsGridPreviousDisabled.gif HTTP/1.1" 200 90
190.171.142.42 - - [05/Mar/2019:10:38:24 -0300] "GET /cormun/static/Resources/PXToolsGridNextDisabled.gif HTTP/1.1" 200 90
190.171.142.42 - - [05/Mar/2019:10:38:24 -0300] "GET /cormun/static/Resources/PXToolsGridLastDisabled.gif HTTP/1.1" 200 98
190.171.142.42 - - [05/Mar/2019:10:38:24 -0300] "GET /cormun/static/Resources/PXToolsGridPage.gif HTTP/1.1" 200 725
190.171.142.42 - - [05/Mar/2019:10:38:24 -0300] "GET /cormun/static/Resources/PXToolsActionExcel.png HTTP/1.1" 200 3187
190.171.142.42 - - [05/Mar/2019:10:38:24 -0300] "GET /cormun/static/Resources/PXToolsGridNew.png HTTP/1.1" 200 2949
190.171.142.42 - - [05/Mar/2019:10:38:24 -0300] "GET /cormun/static/Shared/ext/resources/css/ext-all.css?215870 HTTP/1.1" 200 416045
190.171.142.42 - - [05/Mar/2019:10:38:24 -0300] "GET /cormun/static/Resources/asc.gif HTTP/1.1" 200 67
190.171.142.42 - - [05/Mar/2019:10:38:24 -0300] "GET /cormun/static/Resources/desc.gif HTTP/1.1" 200 65
190.171.142.42 - - [05/Mar/2019:10:38:24 -0300] "GET /cormun/servlet/trsolicitudot? HTTP/1.1" 200 7480
190.171.142.42 - - [05/Mar/2019:10:38:24 -0300] "GET /cormun/static/Shared/ext/resources/themes/images/default/tools/tool-sprites.gif HTTP/1.1" 200 5434
190.171.142.42 - - [05/Mar/2019:10:38:24 -0300] "GET /cormun/static/Shared/ext/resources/themes/images/default/panel/bg-headersPanel.png HTTP/1.1" 200 255
190.171.142.42 - - [05/Mar/2019:10:38:29 -0300] "GET /cormun/servlet/solicitudot?INS,0,0, HTTP/1.1" 200 15083
190.171.142.42 - - [05/Mar/2019:10:38:29 -0300] "GET /cormun/static/calendar-system.css?75620 HTTP/1.1" 200 5572
190.171.142.42 - - [05/Mar/2019:10:38:29 -0300] "GET /cormun/static/Resources/prompt.gif HTTP/1.1" 200 902
190.171.142.42 - - [05/Mar/2019:10:38:29 -0300] "GET /cormun/static/gxcfg.js?20189101114418 HTTP/1.1" 200 953
190.171.142.42 - - [05/Mar/2019:10:38:29 -0300] "GET /cormun/static/solicitudot.js?20189101114718 HTTP/1.1" 200 71883
190.171.142.42 - - [05/Mar/2019:10:38:30 -0300] "GET /cormun/servlet/solicitudot?INS,0,0, HTTP/1.1" 200 15088
192.168.10.96 - - [05/Mar/2019:10:38:34 -0300] "POST /cormun/servlet/solicitudot?gx-no-cache=1551799922365 HTTP/1.1" 200 3559
192.168.10.96 - - [05/Mar/2019:10:38:35 -0300] "POST /cormun/servlet/solicitudot?f8b8121bee0c07b2c1619e58ab1b73c2,INS,0,0,,gx-no-cache=1551799922624 HTTP/1.1" 200 11932
192.168.10.96 - - [05/Mar/2019:10:38:37 -0300] "GET /cormun/servlet/solicitudot?3ecce66d4e74eb0ee3170a990cef3703a11db6b84a4589d0a941ea95abc7d829618e91ebfc4437be7122f8b4cf9e8ae4,gx-no-cache=1551799925132 HTTP/1.1" 200 30
192.168.10.96 - - [05/Mar/2019:10:38:37 -0300] "GET /cormun/servlet/solicitudot?3ecce66d4e74eb0ee3170a990cef370359e10f13ea47041c5680792a21a74d7321097c5e0e45798281b24b5de5031e72191395cde22b45853f99baf8978b4b08,gx-no-cache=1551799925175 HTTP/1.1" 200 30
192.168.10.96 - - [05/Mar/2019:10:38:37 -0300] "GET /cormun/servlet/solicitudot?3ecce66d4e74eb0ee3170a990cef3703408d419fcbc1effccad7b7f10107a022,gx-no-cache=1551799925198 HTTP/1.1" 200 53
192.168.10.96 - - [05/Mar/2019:10:38:37 -0300] "POST /cormun/servlet/solicitudot?gx-no-cache=1551799925273 HTTP/1.1" 200 255
192.168.10.96 - - [05/Mar/2019:10:38:37 -0300] "GET /cormun/servlet/solicitudot?3ecce66d4e74eb0ee3170a990cef3703626bcec9613ea38e8bcfbe343039fecb299b3fe74ede703b728ffccec521a0b53ced0685555aa67a429fd66d5be335909ae6536b46eba81f3f35f9ff567facf069bf0ab04a9d3fdbc8377f99349a77b2aded0c6cefaadd47330bdbdd687cf21698c1f11151c39a625cff52ba2a2966051ee12565a1a0a39a2226959efc92efc7d8b6e876373e4494aaab3bf536c412c7339d1273680e4ae0845788b89d39c2909bd463674bd66d7af35835324e156b0b66234a1cd83499d11fe33266e71fc359c84af74d2b8fbadd9776ececb641e9a8faa97f6e5823b7695ace6b42d8760e0257112c4a0507fc3b754a12446f15b4e8cc9491952ed2f22cf6d1636a25c67bfd72503037fdafb51f364d2665e8bde986270914e281daed3d2e1a50a26a24f9286ce549d38298625129c508ea89a5f69a0f18642c96c66f61e6d56a28cac91286f5dc0550a00a9147bf8c00748063bc5738927e8f595b71657478ac0a9bddf6f2e551ef0d91b89d681b66c8c31248c0ce,gx-no-cache=1551799925312 HTTP/1.1" 200 30
192.168.10.96 - - [05/Mar/2019:10:38:44 -0300] "POST /cormun/servlet/solicitudot?gx-no-cache=1551799931765 HTTP/1.1" 200 30
192.168.10.96 - - [05/Mar/2019:10:38:46 -0300] "GET /cormun/servlet/prsolicitudot?14203153,,,,,MD,,gxPopupLevel%3D0%3B HTTP/1.1" 200 6463
192.168.10.96 - - [05/Mar/2019:10:38:49 -0300] "POST /cormun/servlet/solicitudot?gx-no-cache=1551799936906 HTTP/1.1" 200 1282
192.168.10.96 - - [05/Mar/2019:10:38:49 -0300] "POST /cormun/servlet/solicitudot?gx-no-cache=1551799936944 HTTP/1.1" 200 38
192.168.10.96 - - [05/Mar/2019:10:38:49 -0300] "GET /cormun/servlet/solicitudot?3ecce66d4e74eb0ee3170a990cef3703beb67007749f5e30a5ba452a0e4969e2bf88c230382efebdcc8ade621072ebdacb8622a0fb5195ddf1bbf8c4979c20b07efa222d5521ecf96db7198ffa3705f244c109e0b455b826faa79c5efbc304caa48916668a40a6bdc59b850ceac06c9a,gx-no-cache=1551799937020 HTTP/1.1" 200 110
192.168.10.96 - - [05/Mar/2019:10:38:49 -0300] "POST /cormun/servlet/solicitudot?gx-no-cache=1551799937077 HTTP/1.1" 200 97
192.168.10.96 - - [05/Mar/2019:10:38:49 -0300] "GET /cormun/servlet/solicitudot?3ecce66d4e74eb0ee3170a990cef3703ccf3f33e2d394dccc4f4a481d6529492fdcd1877dc1f5425bf2376d9139b038d1cef260ecde221fde492b2f0714b6e731e9ec29222ea0b3c01439921f16e2bb692854ff1e0c4cbf73c344115d419df9a67ba5df992f8bddc21a0740bbd5bed12a04b9ffb71523220e5e0130db78baa29609b681f3eff80a127134a45ba737658d4f51cdde570b36a99a1ccb306670bd8,gx-no-cache=1551799937117 HTTP/1.1" 200 29
192.168.10.96 - - [05/Mar/2019:10:38:49 -0300] "GET /cormun/servlet/solicitudot?3ecce66d4e74eb0ee3170a990cef37037c6c6a1aca3543fa2a4943ff7de7ff72d0674edafb9aec34c209f4c80049c5da,gx-no-cache=1551799937146 HTTP/1.1" 200 30
192.168.10.96 - - [05/Mar/2019:10:38:59 -0300] "POST /cormun/servlet/solicitudot?gx-no-cache=1551799947242 HTTP/1.1" 200 33
192.168.10.96 - - [05/Mar/2019:10:39:06 -0300] "POST /cormun/servlet/solicitudot?f8b8121bee0c07b2c1619e58ab1b73c2,INS,0,0,,gx-no-cache=1551799953319 HTTP/1.1" 200 93
192.168.10.96 - - [05/Mar/2019:10:39:06 -0300] "GET /cormun/servlet/hpexe_return? HTTP/1.1" 200 1010
192.168.10.96 - - [05/Mar/2019:10:39:06 -0300] "GET /cormun/servlet/trsolicitudot HTTP/1.1" 200 8951
192.168.10.96 - - [05/Mar/2019:10:39:06 -0300] "GET /cormun/servlet/trsolicitudot HTTP/1.1" 200 8947
190.171.142.42 - - [05/Mar/2019:10:39:07 -0300] "POST /cormun/servlet/solicitudot?gx-no-cache=1551792931828 HTTP/1.1" 200 3555
190.171.142.42 - - [05/Mar/2019:10:39:07 -0300] "POST /cormun/servlet/solicitudot?65f4dbd2710108d1426b88c17e5ad19e,INS,0,0,,gx-no-cache=1551792932261 HTTP/1.1" 200 11880
186.103.156.24 - - [05/Mar/2019:10:39:18 -0300] "POST /cormun/servlet/solicitudot?gx-no-cache=1551792942131 HTTP/1.1" 200 30
190.171.142.42 - - [05/Mar/2019:10:39:26 -0300] "GET /cormun/servlet/solicitudot?92b11d626ac96dd04d7d8c47ebdc06645a06ba52a2d7397568bbc2b87ee012c74ef8c15492024b0c2d52061bee1c6bf7,gx-no-cache=1551792951138 HTTP/1.1" 200 30
190.171.142.42 - - [05/Mar/2019:10:39:26 -0300] "GET /cormun/servlet/solicitudot?92b11d626ac96dd04d7d8c47ebdc0664a5f04219e099030a85df7466350ca919923b2849d9438a2235348360a85ae1036f6f50fa5975907c0b992e46b9aa1448,gx-no-cache=1551792951188 HTTP/1.1" 200 30
190.171.142.42 - - [05/Mar/2019:10:39:26 -0300] "GET /cormun/servlet/solicitudot?92b11d626ac96dd04d7d8c47ebdc0664da52149e6da3667c1bcde96acd6637a3,gx-no-cache=1551792951217 HTTP/1.1" 200 53
186.103.156.24 - - [05/Mar/2019:10:39:27 -0300] "POST /cormun/servlet/solicitudot?gx-no-cache=1551792951019 HTTP/1.1" 200 30
186.103.156.24 - - [05/Mar/2019:10:39:32 -0300] "POST /cormun/servlet/solicitudot?gx-no-cache=1551792956667 HTTP/1.1" 200 30
190.171.142.42 - - [05/Mar/2019:10:39:37 -0300] "POST /cormun/servlet/solicitudot?gx-no-cache=1551792962226 HTTP/1.1" 200 240
190.171.142.42 - - [05/Mar/2019:10:39:37 -0300] "GET /cormun/servlet/solicitudot?92b11d626ac96dd04d7d8c47ebdc066417a13bbf9c4016f0a16921024ed5616b6d879a0deb83d9e43b3b11e2db0259bd920097cec5029b114b7afc3e8ccc50ec8763995030e919319b880e4ebc2bc03d781bd9bdf353fdef111f37a022070ec8c07fdc622f125fa29731b8cabfcf81fdf027fd5258d265df87db2f5c8e8e79932d8d74ecb14e7e24473deaf86da79faf6ccddc916835043c234b340cf707b015bb6179570acb794c2afa22afd06fe37ef48fc6447a158b8e4dfc0dd6e710593c10c364974534bbd8077bbda3cf75b74cdf5032fd0543be52878b5d786351707f31a0d9529951ab77e4a5e53abf38ebb76d5f360e24ad87f5ae11dd3fa05980382b7dfe1d066c883275761ed8b4e06c0bf2143220948e1ac8c73054bbe0d5a1ab29aa78b9752a7c5428e5fc9146db7926a06133f26c2bfebf9786487130ba4838007711bd5ef556cfb6d136d69bea0cb9b9688f8b86f2039e4539ede7b8d60f317ee63344a0b7e7d3cc606ded27e67ba3fa5a0e9461d1ecc4a798f696d83931d3,gx-no-cache=1551792962345 HTTP/1.1" 200 30
186.103.156.166 - - [05/Mar/2019:10:39:44 -0300] "GET /cormun/servlet/trfichaempleado? HTTP/1.1" 200 14893
190.171.142.42 - - [05/Mar/2019:10:39:51 -0300] "POST /cormun/servlet/solicitudot?gx-no-cache=1551792976159 HTTP/1.1" 200 30
190.171.142.42 - - [05/Mar/2019:10:39:51 -0300] "POST /cormun/servlet/solicitudot?gx-no-cache=1551792976205 HTTP/1.1" 200 1279
190.171.142.42 - - [05/Mar/2019:10:39:51 -0300] "POST /cormun/servlet/solicitudot?gx-no-cache=1551792976242 HTTP/1.1" 200 38
190.171.142.42 - - [05/Mar/2019:10:39:51 -0300] "GET /cormun/servlet/solicitudot?92b11d626ac96dd04d7d8c47ebdc06649d18ee0c933f48ceac26bc4b2113b72ae2e1cdca258cf92ff170b073e0e52864f67b87a271b16326e175b46dd868ea4a470c8b909b7f71e0d7276b872d9d508daf73faa6c14106e6c196828684957277c04e87acc26645493caa5b65a3698139,gx-no-cache=1551792976268 HTTP/1.1" 200 110
190.171.142.42 - - [05/Mar/2019:10:39:51 -0300] "POST /cormun/servlet/solicitudot?gx-no-cache=1551792976292 HTTP/1.1" 200 64
186.103.156.166 - - [05/Mar/2019:10:39:54 -0300] "GET /cormun/servlet/trfichaempleado? HTTP/1.1" 200 14860
190.171.142.42 - - [05/Mar/2019:10:40:18 -0300] "POST /cormun/servlet/solicitudot?gx-no-cache=1551793002955 HTTP/1.1" 200 1279
190.171.142.42 - - [05/Mar/2019:10:40:18 -0300] "POST /cormun/servlet/solicitudot?gx-no-cache=1551793003075 HTTP/1.1" 200 38
190.171.142.42 - - [05/Mar/2019:10:40:18 -0300] "GET /cormun/servlet/solicitudot?92b11d626ac96dd04d7d8c47ebdc06649d18ee0c933f48ceac26bc4b2113b72ae2e1cdca258cf92ff170b073e0e52864f67b87a271b16326e175b46dd868ea4a470c8b909b7f71e0d7276b872d9d508daf73faa6c14106e6c196828684957277c04e87acc26645493caa5b65a3698139,gx-no-cache=1551793003127 HTTP/1.1" 200 110
190.171.142.42 - - [05/Mar/2019:10:40:18 -0300] "POST /cormun/servlet/solicitudot?gx-no-cache=1551793003176 HTTP/1.1" 200 64
192.168.10.96 - - [05/Mar/2019:10:40:24 -0300] "POST /cormun/servlet/trsolicitudot?f8b8121bee0c07b2c1619e58ab1b73c2,gx-no-cache=1551800032006 HTTP/1.1" 200 4767
192.168.10.96 - - [05/Mar/2019:10:40:24 -0300] "GET /cormun/static/Shared/jqueryui/images/ui-bg_highlight-soft_100_c6c2c8_1x100.png HTTP/1.1" 404 1117
192.168.10.96 - - [05/Mar/2019:10:40:24 -0300] "GET /cormun/static/Shared/jqueryui/images/ui-icons_82798d_256x240.png HTTP/1.1" 404 1089
192.168.10.96 - - [05/Mar/2019:10:40:24 -0300] "GET /cormun/static/Shared/jqueryui/images/ui-bg_flat_55_fafafa_40x100.png HTTP/1.1" 404 1097
192.168.10.96 - - [05/Mar/2019:10:40:24 -0300] "GET /cormun/static/Shared/jqueryui/images/ui-icons_8d78a5_256x240.png HTTP/1.1" 404 1089
192.168.10.96 - - [05/Mar/2019:10:40:24 -0300] "POST /cormun/servlet/trsolicitudot?f8b8121bee0c07b2c1619e58ab1b73c2,gx-no-cache=1551800032248 HTTP/1.1" 200 4533
192.168.10.96 - - [05/Mar/2019:10:40:28 -0300] "GET /cormun/servlet/trautorizarsolicitud? HTTP/1.1" 200 8837
192.168.10.96 - - [05/Mar/2019:10:40:28 -0300] "GET /cormun/servlet/trautorizarsolicitud? HTTP/1.1" 200 8836
190.171.154.42 - - [05/Mar/2019:10:40:30 -0300] "GET /cormun/servlet/hlogin HTTP/1.1" 200 1730
192.168.10.96 - - [05/Mar/2019:10:40:30 -0300] "POST /cormun/servlet/trautorizarsolicitud?f8b8121bee0c07b2c1619e58ab1b73c2,,gx-no-cache=1551800038400 HTTP/1.1" 200 4697
192.168.10.96 - - [05/Mar/2019:10:40:30 -0300] "GET /cormun/static/Shared/jqueryui/images/ui-icons_82798d_256x240.png HTTP/1.1" 404 1089
192.168.10.96 - - [05/Mar/2019:10:40:30 -0300] "GET /cormun/static/Shared/jqueryui/images/ui-bg_highlight-soft_100_c6c2c8_1x100.png HTTP/1.1" 404 1117
192.168.10.96 - - [05/Mar/2019:10:40:30 -0300] "GET /cormun/static/Shared/jqueryui/images/ui-bg_flat_55_fafafa_40x100.png HTTP/1.1" 404 1097
192.168.10.96 - - [05/Mar/2019:10:40:30 -0300] "GET /cormun/static/Shared/jqueryui/images/ui-icons_8d78a5_256x240.png HTTP/1.1" 404 1089
192.168.10.96 - - [05/Mar/2019:10:40:31 -0300] "POST /cormun/servlet/trautorizarsolicitud?f8b8121bee0c07b2c1619e58ab1b73c2,,gx-no-cache=1551800038606 HTTP/1.1" 200 4465
190.171.142.42 - - [05/Mar/2019:10:40:32 -0300] "GET /cormun/servlet/solicitudot?92b11d626ac96dd04d7d8c47ebdc066426ca8ba06d7dc38bdd2700359849e49bc8aba6e3f45d009c3f3a49e88eb286da06193f68ac7b11f02fd4cf481c300c4688617fca8f6a2f19f15bf2a2f09aaf7395faa6ab2140cab7ea30b745a7077d329ac962701f8dcb06ea3bf97528c24cc2,gx-no-cache=1551793016947 HTTP/1.1" 200 29
190.171.142.42 - - [05/Mar/2019:10:40:39 -0300] "GET /cormun/static/menuarrow.gif HTTP/1.1" 404 1015
186.103.156.24 - - [05/Mar/2019:10:40:45 -0300] "GET /cormun/servlet/trvisualizadoreventos? HTTP/1.1" 200 7087
186.103.156.24 - - [05/Mar/2019:10:40:45 -0300] "GET /cormun/static/gxcfg.js?20175251251426 HTTP/1.1" 200 953
186.103.156.24 - - [05/Mar/2019:10:40:45 -0300] "GET /cormun/static/trvisualizadoreventos.js?20175251251768 HTTP/1.1" 200 19318
186.103.156.24 - - [05/Mar/2019:10:40:45 -0300] "GET /cormun/static/Resources/PXToolsActionPrint.png HTTP/1.1" 200 3317
186.103.156.24 - - [05/Mar/2019:10:40:45 -0300] "GET /cormun/servlet/trvisualizadoreventos? HTTP/1.1" 200 7081
190.171.154.42 - - [05/Mar/2019:10:40:45 -0300] "POST /cormun/servlet/hlogin?e86117b8e8df70d32880c280ba858c19,gx-no-cache=1551793027457 HTTP/1.1" 200 90
190.171.154.42 - - [05/Mar/2019:10:40:46 -0300] "GET /cormun/servlet/hpexe_link HTTP/1.1" 200 957
190.171.154.42 - - [05/Mar/2019:10:40:46 -0300] "GET /cormun/servlet/hhome HTTP/1.1" 200 4346
190.171.142.42 - - [05/Mar/2019:10:40:46 -0300] "GET /cormun/servlet/solicitudot?92b11d626ac96dd04d7d8c47ebdc066456e0136f282fe676c9e802ef9f827133f6792d5fa36f098f04848af358eee773,gx-no-cache=1551793031283 HTTP/1.1" 200 30
190.171.154.42 - - [05/Mar/2019:10:40:48 -0300] "GET /cormun/servlet/hhome HTTP/1.1" 200 4343
186.103.156.24 - - [05/Mar/2019:10:40:54 -0300] "GET /cormun/servlet/trsolicitudcuentarbd? HTTP/1.1" 200 7708
186.103.156.24 - - [05/Mar/2019:10:40:54 -0300] "GET /cormun/static/gxcfg.js?20183619402487 HTTP/1.1" 200 953
186.103.156.24 - - [05/Mar/2019:10:40:54 -0300] "GET /cormun/static/trsolicitudcuentarbd.js?2018361940291 HTTP/1.1" 200 29350
186.103.156.24 - - [05/Mar/2019:10:40:54 -0300] "GET /cormun/servlet/trsolicitudcuentarbd? HTTP/1.1" 200 7708
186.103.156.24 - - [05/Mar/2019:10:40:55 -0300] "POST /cormun/servlet/acontrolpreferencessavestate?None,GALVAREZ,true HTTP/1.1" 200 35
190.171.142.42 - - [05/Mar/2019:10:40:57 -0300] "POST /cormun/servlet/solicitudot?gx-no-cache=1551793042374 HTTP/1.1" 200 30
192.168.10.96 - - [05/Mar/2019:10:41:14 -0300] "GET /cormun/servlet/hlogin HTTP/1.1" 200 1747
186.67.164.138 - - [05/Mar/2019:10:41:17 -0300] "GET /cormun/servlet/hlogin HTTP/1.1" 200 1722
186.67.164.138 - - [05/Mar/2019:10:41:18 -0300] "GET /cormun/servlet/hlogin HTTP/1.1" 200 1733
186.67.164.138 - - [05/Mar/2019:10:41:23 -0300] "POST /cormun/servlet/hlogin?e9c2480f58f9e88de940560d3723f995,gx-no-cache=1551793067000 HTTP/1.1" 200 90
186.67.164.138 - - [05/Mar/2019:10:41:23 -0300] "GET /cormun/servlet/hpexe_link HTTP/1.1" 200 950
186.67.164.138 - - [05/Mar/2019:10:41:23 -0300] "GET /cormun/servlet/hhome HTTP/1.1" 200 4048
186.67.164.138 - - [05/Mar/2019:10:41:24 -0300] "GET /cormun/servlet/hhome HTTP/1.1" 200 4044
186.67.164.138 - - [05/Mar/2019:10:41:27 -0300] "GET /cormun/servlet/trlicencias? HTTP/1.1" 200 8411
186.67.164.138 - - [05/Mar/2019:10:41:28 -0300] "GET /cormun/servlet/trlicencias? HTTP/1.1" 200 8408
186.103.156.24 - - [05/Mar/2019:10:41:43 -0300] "GET /cormun/servlet/trautorizarsolicitud? HTTP/1.1" 200 7421
186.103.156.24 - - [05/Mar/2019:10:41:44 -0300] "GET /cormun/servlet/trautorizarsolicitud? HTTP/1.1" 200 7420
190.171.142.42 - - [05/Mar/2019:10:41:48 -0300] "POST /cormun/servlet/solicitudot?gx-no-cache=1551793093734 HTTP/1.1" 200 30
190.171.142.42 - - [05/Mar/2019:10:41:58 -0300] "POST /cormun/servlet/solicitudot?gx-no-cache=1551793103320 HTTP/1.1" 200 1361
190.171.142.42 - - [05/Mar/2019:10:41:58 -0300] "GET /cormun/static/Shared/jqueryui/images/ui-bg_highlight-soft_100_c6c2c8_1x100.png HTTP/1.1" 404 1117
190.171.142.42 - - [05/Mar/2019:10:41:58 -0300] "GET /cormun/static/Shared/jqueryui/images/ui-icons_82798d_256x240.png HTTP/1.1" 404 1089
190.171.142.42 - - [05/Mar/2019:10:41:58 -0300] "GET /cormun/static/Shared/jqueryui/images/ui-bg_flat_55_994d53_40x100.png HTTP/1.1" 404 1097
190.171.142.42 - - [05/Mar/2019:10:41:58 -0300] "GET /cormun/static/Shared/jqueryui/images/ui-icons_ebccce_256x240.png HTTP/1.1" 404 1089
190.171.142.42 - - [05/Mar/2019:10:41:58 -0300] "POST /cormun/servlet/solicitudot?gx-no-cache=1551793103435 HTTP/1.1" 200 121
190.171.142.42 - - [05/Mar/2019:10:41:58 -0300] "GET /cormun/servlet/solicitudot?92b11d626ac96dd04d7d8c47ebdc06649d18ee0c933f48ceac26bc4b2113b72ae2e1cdca258cf92ff170b073e0e52864f67b87a271b16326e175b46dd868ea4a470c8b909b7f71e0d7276b872d9d508daf73faa6c14106e6c196828684957277c04e87acc26645493caa5b65a3698139,gx-no-cache=1551793103467 HTTP/1.1" 200 110
190.171.142.42 - - [05/Mar/2019:10:41:58 -0300] "GET /cormun/servlet/solicitudot?92b11d626ac96dd04d7d8c47ebdc066456e0136f282fe676c9e802ef9f827133f6792d5fa36f098f04848af358eee773,gx-no-cache=1551793103524 HTTP/1.1" 200 30
190.171.142.42 - - [05/Mar/2019:10:41:58 -0300] "POST /cormun/servlet/solicitudot?gx-no-cache=1551793103552 HTTP/1.1" 200 120
186.103.156.24 - - [05/Mar/2019:10:42:05 -0300] "POST /cormun/servlet/trautorizarsolicitud?d78124e0f08679a64ef5d122cadd9e30,,gx-no-cache=1551793109303 HTTP/1.1" 200 4463
186.103.156.24 - - [05/Mar/2019:10:42:09 -0300] "POST /cormun/servlet/trautorizarsolicitud?d78124e0f08679a64ef5d122cadd9e30,,gx-no-cache=1551793112628 HTTP/1.1" 200 4463
186.103.156.166 - - [05/Mar/2019:10:42:11 -0300] "GET /cormun/servlet/trfichaempleado HTTP/1.1" 200 14896
186.103.156.24 - - [05/Mar/2019:10:42:15 -0300] "POST /cormun/servlet/trautorizarsolicitud?d78124e0f08679a64ef5d122cadd9e30,,gx-no-cache=1551793118117 HTTP/1.1" 200 4468
186.103.156.24 - - [05/Mar/2019:10:42:32 -0300] "POST /cormun/servlet/trautorizarsolicitud?d78124e0f08679a64ef5d122cadd9e30,,gx-no-cache=1551793136685 HTTP/1.1" 200 6316
186.103.156.166 - - [05/Mar/2019:10:42:37 -0300] "GET /cormun/servlet/trfichaempleado HTTP/1.1" 200 14898
186.103.156.24 - - [05/Mar/2019:10:42:51 -0300] "POST /cormun/servlet/trautorizarsolicitud?d78124e0f08679a64ef5d122cadd9e30,,gx-no-cache=1551793154997 HTTP/1.1" 200 6327
186.103.156.24 - - [05/Mar/2019:10:42:51 -0300] "GET /cormun/static/Shared/jqueryui/images/ui-bg_highlight-soft_100_c6c2c8_1x100.png HTTP/1.1" 404 1117
186.103.156.24 - - [05/Mar/2019:10:42:51 -0300] "GET /cormun/static/Shared/jqueryui/images/ui-bg_flat_55_fafafa_40x100.png HTTP/1.1" 404 1097
186.103.156.24 - - [05/Mar/2019:10:42:51 -0300] "GET /cormun/static/Shared/jqueryui/images/ui-icons_8d78a5_256x240.png HTTP/1.1" 404 1089
186.103.156.24 - - [05/Mar/2019:10:42:51 -0300] "GET /cormun/static/Shared/jqueryui/images/ui-icons_82798d_256x240.png HTTP/1.1" 404 1089
190.171.142.42 - - [05/Mar/2019:10:43:02 -0300] "POST /cormun/servlet/solicitudot?gx-no-cache=1551793167543 HTTP/1.1" 200 1279
186.103.156.24 - - [05/Mar/2019:10:43:13 -0300] "GET /cormun/servlet/trautorizarsolicitud? HTTP/1.1" 200 9276
186.103.156.24 - - [05/Mar/2019:10:43:14 -0300] "GET /cormun/servlet/trautorizarsolicitud? HTTP/1.1" 200 9276
186.103.156.166 - - [05/Mar/2019:10:43:19 -0300] "GET /cormun/servlet/trfichaempleado HTTP/1.1" 200 14894
186.103.156.24 - - [05/Mar/2019:10:43:26 -0300] "POST /cormun/servlet/trautorizarsolicitud?d78124e0f08679a64ef5d122cadd9e30,,gx-no-cache=1551793190464 HTTP/1.1" 200 6325
186.103.156.24 - - [05/Mar/2019:10:43:26 -0300] "GET /cormun/static/Shared/jqueryui/images/ui-bg_highlight-soft_100_c6c2c8_1x100.png HTTP/1.1" 404 1117
186.103.156.24 - - [05/Mar/2019:10:43:27 -0300] "GET /cormun/static/Shared/jqueryui/images/ui-bg_flat_55_fafafa_40x100.png HTTP/1.1" 404 1097
186.103.156.24 - - [05/Mar/2019:10:43:27 -0300] "GET /cormun/static/Shared/jqueryui/images/ui-icons_82798d_256x240.png HTTP/1.1" 404 1089
186.103.156.24 - - [05/Mar/2019:10:43:27 -0300] "GET /cormun/static/Shared/jqueryui/images/ui-icons_8d78a5_256x240.png HTTP/1.1" 404 1089
186.103.156.24 - - [05/Mar/2019:10:43:35 -0300] "POST /cormun/servlet/trautorizarsolicitud?d78124e0f08679a64ef5d122cadd9e30,,gx-no-cache=1551793198797 HTTP/1.1" 200 6324
190.171.152.114 - - [05/Mar/2019:10:43:49 -0300] "GET /cormun/servlet/hlogin HTTP/1.1" 200 1725
122.142.75.55 - - [05/Mar/2019:10:44:06 -0300] "GET /manager/html HTTP/1.1" 401 2474
122.142.75.55 - - [05/Mar/2019:10:44:06 -0300] "GET /manager/html HTTP/1.1" 401 2474
122.142.75.55 - - [05/Mar/2019:10:44:07 -0300] "GET /manager/html HTTP/1.1" 401 2474
122.142.75.55 - - [05/Mar/2019:10:44:07 -0300] "GET /manager/html HTTP/1.1" 401 2474
122.142.75.55 - - [05/Mar/2019:10:44:07 -0300] "GET /manager/html HTTP/1.1" 401 2474
186.103.156.24 - - [05/Mar/2019:10:44:08 -0300] "GET /cormun/servlet/trvisualizadoreventos? HTTP/1.1" 200 7091
125.76.60.132 - - [05/Mar/2019:10:44:08 -0300] "CONNECT www.baidu.com HTTP/1.1" 400 -
122.142.75.55 - - [05/Mar/2019:10:44:08 -0300] "GET /manager/html HTTP/1.1" 401 2474
112.66.69.106 - - [05/Mar/2019:10:44:08 -0300] "GET / HTTP/1.1" 200 11217
186.103.156.24 - - [05/Mar/2019:10:44:08 -0300] "GET /cormun/servlet/trvisualizadoreventos? HTTP/1.1" 200 7090
122.142.75.55 - tomcat [05/Mar/2019:10:44:08 -0300] "GET /manager/html HTTP/1.1" 403 3196
186.103.156.24 - - [05/Mar/2019:10:44:19 -0300] "POST /cormun/servlet/trvisualizadoreventos?d78124e0f08679a64ef5d122cadd9e30,,gx-no-cache=1551793242638 HTTP/1.1" 200 4208
186.103.156.24 - - [05/Mar/2019:10:44:22 -0300] "POST /cormun/servlet/trvisualizadoreventos?d78124e0f08679a64ef5d122cadd9e30,,gx-no-cache=1551793246555 HTTP/1.1" 200 4208
186.103.156.24 - - [05/Mar/2019:10:44:28 -0300] "GET /cormun/servlet/trautorizarsolicitud? HTTP/1.1" 200 9281
190.171.142.42 - - [05/Mar/2019:10:44:28 -0300] "POST /cormun/servlet/solicitudot?gx-no-cache=1551793253230 HTTP/1.1" 200 41
190.171.142.42 - - [05/Mar/2019:10:44:28 -0300] "GET /cormun/servlet/solicitudot?92b11d626ac96dd04d7d8c47ebdc06649d18ee0c933f48ceac26bc4b2113b72ae2e1cdca258cf92ff170b073e0e52864f67b87a271b16326e175b46dd868ea4a470c8b909b7f71e0d7276b872d9d508daf73faa6c14106e6c196828684957277c04e87acc26645493caa5b65a3698139,gx-no-cache=1551793253302 HTTP/1.1" 200 110
190.171.142.42 - - [05/Mar/2019:10:44:28 -0300] "POST /cormun/servlet/solicitudot?gx-no-cache=1551793253337 HTTP/1.1" 200 64
190.171.142.42 - - [05/Mar/2019:10:44:28 -0300] "POST /cormun/servlet/solicitudot?gx-no-cache=1551793253384 HTTP/1.1" 200 34
186.103.156.24 - - [05/Mar/2019:10:44:28 -0300] "GET /cormun/servlet/trautorizarsolicitud? HTTP/1.1" 200 9280
190.171.152.114 - - [05/Mar/2019:10:44:32 -0300] "POST /cormun/servlet/hlogin?444cb95b6b3eeedf6c6ef32d6492a4ff,gx-no-cache=1551793257754 HTTP/1.1" 200 90
190.171.152.114 - - [05/Mar/2019:10:44:32 -0300] "GET /cormun/servlet/hpexe_link HTTP/1.1" 200 953
190.171.152.114 - - [05/Mar/2019:10:44:32 -0300] "GET /cormun/servlet/hhome HTTP/1.1" 200 4271
190.171.152.114 - - [05/Mar/2019:10:44:37 -0300] "GET /cormun/servlet/trlicencias? HTTP/1.1" 200 10704
190.171.152.114 - - [05/Mar/2019:10:44:41 -0300] "GET /cormun/servlet/licenciaspermisos?INS,0,,, HTTP/1.1" 200 7811
186.103.156.24 - - [05/Mar/2019:10:45:06 -0300] "GET /cormun/servlet/trvisualizadoreventos? HTTP/1.1" 200 7094
186.103.156.24 - - [05/Mar/2019:10:45:06 -0300] "GET /cormun/servlet/trvisualizadoreventos? HTTP/1.1" 200 7093
186.103.156.24 - - [05/Mar/2019:10:45:12 -0300] "POST /cormun/servlet/trvisualizadoreventos?d78124e0f08679a64ef5d122cadd9e30,,gx-no-cache=1551793296206 HTTP/1.1" 200 4207
190.171.142.42 - - [05/Mar/2019:10:45:18 -0300] "POST /cormun/servlet/solicitudot?65f4dbd2710108d1426b88c17e5ad19e,INS,0,0,,gx-no-cache=1551793302709 HTTP/1.1" 200 93
190.171.142.42 - - [05/Mar/2019:10:45:18 -0300] "GET /cormun/servlet/hpexe_return? HTTP/1.1" 200 1004
190.171.142.42 - - [05/Mar/2019:10:45:18 -0300] "GET /cormun/static/gxcfg.js?2016101716175148 HTTP/1.1" 200 953
190.171.142.42 - - [05/Mar/2019:10:45:18 -0300] "GET /cormun/static/hpexe_return.js?2016101716175153 HTTP/1.1" 200 1633
190.171.142.42 - - [05/Mar/2019:10:45:18 -0300] "GET /cormun/static/Resources/Spanish/PXTools.css?167811 HTTP/1.1" 200 89042
190.171.142.42 - - [05/Mar/2019:10:45:19 -0300] "GET /cormun/servlet/trsolicitudot HTTP/1.1" 200 8909
190.171.142.42 - - [05/Mar/2019:10:45:19 -0300] "GET /cormun//static/Resources/PXToolsActionView.png HTTP/1.1" 200 2995
190.171.142.42 - - [05/Mar/2019:10:45:19 -0300] "GET /cormun//static/Resources/PXToolsGridUpdate.png HTTP/1.1" 200 2984
190.171.142.42 - - [05/Mar/2019:10:45:19 -0300] "GET /cormun//static/Resources/PXToolsRemoveAllAction.png HTTP/1.1" 200 3558
190.171.142.42 - - [05/Mar/2019:10:45:19 -0300] "GET /cormun//static/Resources/PXToolsGridDelete.png HTTP/1.1" 200 357
190.171.142.42 - - [05/Mar/2019:10:45:19 -0300] "GET /cormun//static/Resources/PXTools/ActionInsert.png HTTP/1.1" 200 1482
190.171.142.42 - - [05/Mar/2019:10:45:19 -0300] "GET /cormun/servlet/trsolicitudot HTTP/1.1" 200 8908
186.103.156.24 - - [05/Mar/2019:10:45:49 -0300] "GET /cormun/static/menuarrow.gif HTTP/1.1" 404 1015
186.103.156.24 - - [05/Mar/2019:10:45:53 -0300] "POST /cormun/servlet/trvisualizadoreventos?d78124e0f08679a64ef5d122cadd9e30,,gx-no-cache=1551793336924 HTTP/1.1" 200 4212
186.103.156.24 - - [05/Mar/2019:10:45:59 -0300] "GET /cormun/servlet/trsolicitudot? HTTP/1.1" 200 7532
186.103.156.24 - - [05/Mar/2019:10:46:00 -0300] "GET /cormun/servlet/trsolicitudot? HTTP/1.1" 200 7531
186.103.156.24 - - [05/Mar/2019:10:46:11 -0300] "GET /cormun/servlet/solicitudot?INS,0,0, HTTP/1.1" 200 15135
186.103.156.24 - - [05/Mar/2019:10:46:11 -0300] "GET /cormun/servlet/solicitudot?INS,0,0, HTTP/1.1" 200 15140
186.103.156.24 - - [05/Mar/2019:10:46:24 -0300] "POST /cormun/servlet/solicitudot?gx-no-cache=1551793367762 HTTP/1.1" 200 3494
186.103.156.24 - - [05/Mar/2019:10:46:24 -0300] "GET /cormun/static/Shared/jqueryui/images/ui-bg_flat_55_994d53_40x100.png HTTP/1.1" 404 1097
186.103.156.24 - - [05/Mar/2019:10:46:24 -0300] "GET /cormun/static/Shared/jqueryui/images/ui-icons_82798d_256x240.png HTTP/1.1" 404 1089
186.103.156.24 - - [05/Mar/2019:10:46:24 -0300] "GET /cormun/static/Shared/jqueryui/images/ui-icons_ebccce_256x240.png HTTP/1.1" 404 1089
186.103.156.24 - - [05/Mar/2019:10:46:24 -0300] "GET /cormun/servlet/solicitudot?0e2d5d2ccf4a43787f7606d6499df20e7617ef4b26c7a0e5ad604e27f698aa87,gx-no-cache=1551793368185 HTTP/1.1" 200 111
186.103.156.24 - - [05/Mar/2019:10:46:24 -0300] "GET /cormun/static/Shared/jqueryui/images/ui-bg_highlight-soft_100_c6c2c8_1x100.png HTTP/1.1" 404 1117
186.103.156.24 - - [05/Mar/2019:10:46:24 -0300] "GET /cormun/servlet/solicitudot?0e2d5d2ccf4a43787f7606d6499df20eee2ba35f47ad1c672021ae513a23cbd2,gx-no-cache=1551793368224 HTTP/1.1" 200 94
186.103.156.24 - - [05/Mar/2019:10:46:24 -0300] "GET /cormun/servlet/solicitudot?0e2d5d2ccf4a43787f7606d6499df20ed7b91e9d828cf69cf11a5a7b07f2a801,gx-no-cache=1551793368250 HTTP/1.1" 200 29
186.103.156.24 - - [05/Mar/2019:10:46:43 -0300] "GET /cormun/servlet/solicitudot?0e2d5d2ccf4a43787f7606d6499df20e65c9b037d6d67a0ee19f1cf1c58efb48f15cfe5580328ca53a6cc029f85262c46ba51f7e5bcff3ac0b510854e9f5911686cb97bb14d4c8b4c5b9c926d9d81a697735d45207f0f35fcd2d3761f91fc7c8ca1a66a09cd7d8d397ea8e988af839c2554930fdeebc13b785237279004a869e3404e1f07b3a70f3e7460dcfa7cf5c8818f767e73a2523a4002268dd2648a48f70158af49ddf3c939b8d008d64e9524a2e6b6a8debe29e2025c83b24e6f5567938f66082a2887cd66dd3ab2d4a8d7c7e36bcbbd061606f256ea3c24b72c66f8364df911f791e87da081a1c320326d363a7bb3c13352f49f27df07ed59659ae9928a859854fb88684bf0e49861882ba7ed96531ebf18adce76d549e35fea7c7ee11997798967be434c8bd5913fd366c9a4f82f70d7307d1ee2c11442fea7ed3532abff92efe31424840ce2989dd8b14b5,gx-no-cache=1551793368283 HTTP/1.1" 200 297
186.103.156.24 - - [05/Mar/2019:10:46:44 -0300] "GET /cormun/servlet/solicitudot?0e2d5d2ccf4a43787f7606d6499df20e85e18dedfa5e9283a93819098c6ba1e7ac5480c9404245c9c02ce4520f80f63973e161a39aaf4d6468e88aa0fcb2ffea8f935c36a566e2beaf2fb6ccfbb2e073efb3b1a29144b4d06ce9ce897fa56ec05824639f3ead0dfc09cfad298812845e4758d94fbaccdfb363811b52c0c7dd72694aaf25ed2920dc3ec955f3e39f1c5ff27f92742cf985fbc9941cee4ec8234d69fdf9ec3f61cc876df6cb2beefc11f10f0b633faa7d28aef3ef5008238826636c073d134b5c064d29e2390e8b13e482e99e36c15422aad116b9a2e50b103b3a89e2e456c00985c2f3ea04e5afc4eef783b481c3548d6e628d580bc2a3d5031fa72b166ba532c22bdc499213d0a57d82ed5e045a2f29d6daabffe3dc77eaaa7d97debea21af83862260ccf868334e7a5bd3c8e95817e4b5ccce3d65dfd1bf38047f45c1f23b2f244d3e4570fe43b431d9024a9f5fe9b7602ffadbfbb7d797e04586038ada14f3c424b3c921af82627f2fe7670d167b3b5419faf33b4d9b7fbf08edfbeb92bb9b57d37a81907f7fb43dc,gx-no-cache=1551793387554 HTTP/1.1" 200 30
186.103.156.24 - - [05/Mar/2019:10:46:48 -0300] "GET /cormun/servlet/hlogin HTTP/1.1" 200 1712
186.103.156.24 - - [05/Mar/2019:10:47:13 -0300] "POST /cormun/servlet/hlogin?d78124e0f08679a64ef5d122cadd9e30,gx-no-cache=1551793416629 HTTP/1.1" 200 90
186.103.156.24 - - [05/Mar/2019:10:47:13 -0300] "GET /cormun/servlet/hpexe_link HTTP/1.1" 200 952
186.103.156.24 - - [05/Mar/2019:10:47:13 -0300] "GET /cormun/servlet/solicitudot?INS,0,0, HTTP/1.1" 200 15136
186.103.156.24 - - [05/Mar/2019:10:47:14 -0300] "GET /cormun/servlet/solicitudot?INS,0,0, HTTP/1.1" 200 15140
186.103.156.24 - - [05/Mar/2019:10:47:23 -0300] "POST /cormun/servlet/solicitudot?gx-no-cache=1551793426910 HTTP/1.1" 200 3559
186.103.156.24 - - [05/Mar/2019:10:47:23 -0300] "POST /cormun/servlet/solicitudot?d78124e0f08679a64ef5d122cadd9e30,INS,0,0,,gx-no-cache=1551793427184 HTTP/1.1" 200 11932
186.103.156.24 - - [05/Mar/2019:10:47:31 -0300] "GET /cormun/servlet/solicitudot?0e2d5d2ccf4a43787f7606d6499df20e5b5dac5bcaea4937164ba7cc34eea984089e5d4c665ca8761be76679ff84e7a9,gx-no-cache=1551793435729 HTTP/1.1" 200 30
186.103.156.24 - - [05/Mar/2019:10:47:32 -0300] "GET /cormun/servlet/solicitudot?0e2d5d2ccf4a43787f7606d6499df20ebbb1cb1c53217998b3b1f62763dd8975aafb3ce614c7b777e61ae35d58b3c0b07a7b2c09062bc36b4077ecb53112d9cc,gx-no-cache=1551793435872 HTTP/1.1" 200 30
186.103.156.24 - - [05/Mar/2019:10:47:32 -0300] "GET /cormun/servlet/solicitudot?0e2d5d2ccf4a43787f7606d6499df20e756f75d17b9f40d9b8d4fb298b74f03a,gx-no-cache=1551793435990 HTTP/1.1" 200 53
186.103.156.24 - - [05/Mar/2019:10:47:32 -0300] "POST /cormun/servlet/solicitudot?gx-no-cache=1551793436113 HTTP/1.1" 200 255
186.103.156.24 - - [05/Mar/2019:10:47:32 -0300] "GET /cormun/servlet/solicitudot?0e2d5d2ccf4a43787f7606d6499df20e85e18dedfa5e9283a93819098c6ba1e7c405e55a140548cb2c6f4277770e5eef73e161a39aaf4d6468e88aa0fcb2ffea8f935c36a566e2beaf2fb6ccfbb2e073efb3b1a29144b4d06ce9ce897fa56ec05824639f3ead0dfc09cfad298812845e4758d94fbaccdfb363811b52c0c7dd72694aaf25ed2920dc3ec955f3e39f1c5ff27f92742cf985fbc9941cee4ec8234d69fdf9ec3f61cc876df6cb2beefc11f10f0b633faa7d28aef3ef5008238826636c073d134b5c064d29e2390e8b13e482e99e36c15422aad116b9a2e50b103b3a89e2e456c00985c2f3ea04e5afc4eef708d5f5724df621b6fdab392689dd97b8a72b166ba532c22bdc499213d0a57d828549e05566800575b6a3b8ec572aae0a7b7535a98c83f60efdb247f68b6a5106d4dd33f29e001394ffa27ed86fd4cb7040622d60ce1ca4282c259f7ce255817050a444e3a211878879119114f88fbd4f75a3a9f30ba254f6f34c3009af6d2d0db0474fcb0a25cf0e1380d3ecce56cde1,gx-no-cache=1551793436240 HTTP/1.1" 200 30
186.103.156.24 - - [05/Mar/2019:10:48:28 -0300] "POST /cormun/servlet/solicitudot?gx-no-cache=1551793491971 HTTP/1.1" 200 30
186.103.156.24 - - [05/Mar/2019:10:48:34 -0300] "POST /cormun/servlet/solicitudot?gx-no-cache=1551793497923 HTTP/1.1" 200 30
139.162.111.98 - - [05/Mar/2019:10:48:35 -0300] "GET / HTTP/1.1" 200 11217
40.77.167.39 - - [05/Mar/2019:10:49:05 -0300] "GET /cormun/servlet/licenciaspermisos?INS,0,,,&_escaped_fragment_= HTTP/1.1" 200 6637
192.168.10.96 - - [05/Mar/2019:10:49:10 -0300] "POST /cormun/servlet/hlogin?f8b8121bee0c07b2c1619e58ab1b73c2,gx-no-cache=1551800557814 HTTP/1.1" 200 90
192.168.10.96 - - [05/Mar/2019:10:49:10 -0300] "GET /cormun/servlet/hpexe_link HTTP/1.1" 200 953
192.168.10.96 - - [05/Mar/2019:10:49:10 -0300] "GET /cormun/servlet/hhome HTTP/1.1" 200 4361
192.168.10.96 - - [05/Mar/2019:10:49:10 -0300] "GET /cormun/servlet/hhome HTTP/1.1" 200 4357
40.77.194.254 - - [05/Mar/2019:10:49:12 -0300] "GET /cormun/static/SmoothNavMenu/resources/ddsmoothmenu.css?1012540 HTTP/1.1" 200 2223
192.168.10.96 - - [05/Mar/2019:10:49:13 -0300] "GET /cormun/servlet/trsolicitudot? HTTP/1.1" 200 7577
192.168.10.96 - - [05/Mar/2019:10:49:14 -0300] "GET /cormun/servlet/trsolicitudot? HTTP/1.1" 200 7575
40.77.167.39 - - [05/Mar/2019:10:49:14 -0300] "GET /cormun/servlet/licenciaspermisos?INS,0,,,&_escaped_fragment_= HTTP/1.1" 200 6632
192.168.10.96 - - [05/Mar/2019:10:49:20 -0300] "POST /cormun/servlet/trsolicitudot?f8b8121bee0c07b2c1619e58ab1b73c2,,gx-no-cache=1551800567993 HTTP/1.1" 200 4555
192.168.10.96 - - [05/Mar/2019:10:49:21 -0300] "POST /cormun/servlet/trsolicitudot?f8b8121bee0c07b2c1619e58ab1b73c2,,gx-no-cache=1551800568654 HTTP/1.1" 200 4555
40.77.167.39 - - [05/Mar/2019:10:49:22 -0300] "GET /cormun/static/licenciaspermisos.js?201762917281260 HTTP/1.1" 200 37491
186.103.156.24 - - [05/Mar/2019:10:49:22 -0300] "GET /cormun/servlet/trfichaempleado? HTTP/1.1" 200 15445
40.77.167.99 - - [05/Mar/2019:10:49:23 -0300] "GET /cormun/static/SmoothNavMenu/resources/ddsmoothmenu.css?1012540 HTTP/1.1" 200 2223
192.168.10.96 - - [05/Mar/2019:10:49:26 -0300] "POST /cormun/servlet/trsolicitudot?f8b8121bee0c07b2c1619e58ab1b73c2,,gx-no-cache=1551800574446 HTTP/1.1" 200 7856
192.168.10.96 - - [05/Mar/2019:10:49:32 -0300] "POST /cormun/servlet/trsolicitudot?f8b8121bee0c07b2c1619e58ab1b73c2,,gx-no-cache=1551800580392 HTTP/1.1" 200 4565
40.77.192.208 - - [05/Mar/2019:10:49:33 -0300] "GET /cormun/static/Shared/ext/ext-all.js HTTP/1.1" 200 1289687
192.168.10.96 - - [05/Mar/2019:10:49:35 -0300] "POST /cormun/servlet/trsolicitudot?f8b8121bee0c07b2c1619e58ab1b73c2,,gx-no-cache=1551800583270 HTTP/1.1" 200 5950
192.168.10.96 - - [05/Mar/2019:10:49:44 -0300] "POST /cormun/servlet/trsolicitudot?f8b8121bee0c07b2c1619e58ab1b73c2,,gx-no-cache=1551800592335 HTTP/1.1" 200 4561
40.77.194.184 - - [05/Mar/2019:10:49:45 -0300] "GET /cormun/servlet/licenciaspermisos?INS,0,,, HTTP/1.1" 200 34228
192.168.10.96 - - [05/Mar/2019:10:49:48 -0300] "POST /cormun/servlet/trsolicitudot?f8b8121bee0c07b2c1619e58ab1b73c2,,gx-no-cache=1551800596470 HTTP/1.1" 200 4555
192.168.10.96 - - [05/Mar/2019:10:49:49 -0300] "POST /cormun/servlet/trsolicitudot?f8b8121bee0c07b2c1619e58ab1b73c2,,gx-no-cache=1551800597302 HTTP/1.1" 200 4555
192.168.10.96 - - [05/Mar/2019:10:49:51 -0300] "GET /cormun/servlet/solicitudot?INS,0,0, HTTP/1.1" 200 15180
192.168.10.96 - - [05/Mar/2019:10:49:52 -0300] "GET /cormun/servlet/solicitudot?INS,0,0, HTTP/1.1" 200 15185
192.168.10.96 - - [05/Mar/2019:10:49:55 -0300] "GET /cormun/servlet/prfichaempleado?,MD,,gxPopupLevel%3D0%3B HTTP/1.1" 200 9457
186.103.156.24 - - [05/Mar/2019:10:50:07 -0300] "GET /cormun/Manuales/ManualContratos.pdf HTTP/1.1" 200 629147
192.168.10.96 - - [05/Mar/2019:10:50:12 -0300] "POST /cormun/servlet/prfichaempleado?f8b8121bee0c07b2c1619e58ab1b73c2,,MD,,gxPopupLevel%3D0%3B,gx-no-cache=1551800619537 HTTP/1.1" 200 3426
192.168.10.96 - - [05/Mar/2019:10:50:14 -0300] "POST /cormun/servlet/solicitudot?gx-no-cache=1551800621927 HTTP/1.1" 200 3531
192.168.10.96 - - [05/Mar/2019:10:50:14 -0300] "POST /cormun/servlet/solicitudot?f8b8121bee0c07b2c1619e58ab1b73c2,INS,0,0,,gx-no-cache=1551800622105 HTTP/1.1" 200 11896
192.168.10.96 - - [05/Mar/2019:10:50:16 -0300] "GET /cormun/servlet/solicitudot?3ecce66d4e74eb0ee3170a990cef3703e57fc6e7751f7f2a16cbbe72d7a07bd8618e91ebfc4437be7122f8b4cf9e8ae4,gx-no-cache=1551800624127 HTTP/1.1" 200 30
192.168.10.96 - - [05/Mar/2019:10:50:16 -0300] "GET /cormun/servlet/solicitudot?3ecce66d4e74eb0ee3170a990cef37032987af68938a8f9325f3356403ae3889198ad730ea520a61a68138c212a6198c505c18187bee74f904baae66377ae93f,gx-no-cache=1551800624173 HTTP/1.1" 200 30
192.168.10.96 - - [05/Mar/2019:10:50:16 -0300] "GET /cormun/servlet/solicitudot?3ecce66d4e74eb0ee3170a990cef3703600f61792e434c4c849c0973be9b1b46,gx-no-cache=1551800624191 HTTP/1.1" 200 123
192.168.10.96 - - [05/Mar/2019:10:50:16 -0300] "GET /cormun/static/Shared/jqueryui/images/ui-bg_highlight-soft_100_c6c2c8_1x100.png HTTP/1.1" 404 1117
192.168.10.96 - - [05/Mar/2019:10:50:16 -0300] "GET /cormun/static/Shared/jqueryui/images/ui-icons_82798d_256x240.png HTTP/1.1" 404 1089
192.168.10.96 - - [05/Mar/2019:10:50:16 -0300] "GET /cormun/static/Shared/jqueryui/images/ui-bg_flat_55_994d53_40x100.png HTTP/1.1" 404 1097
192.168.10.96 - - [05/Mar/2019:10:50:16 -0300] "GET /cormun/static/Shared/jqueryui/images/ui-icons_ebccce_256x240.png HTTP/1.1" 404 1089
192.168.10.96 - - [05/Mar/2019:10:50:16 -0300] "POST /cormun/servlet/solicitudot?gx-no-cache=1551800624228 HTTP/1.1" 200 255
192.168.10.96 - - [05/Mar/2019:10:50:16 -0300] "GET /cormun/servlet/solicitudot?3ecce66d4e74eb0ee3170a990cef3703626bcec9613ea38e8bcfbe343039fecb299b3fe74ede703b728ffccec521a0b53ced0685555aa67a429fd66d5be335909ae6536b46eba81f3f35f9ff567facf069bf0ab04a9d3fdbc8377f99349a77b2aded0c6cefaadd47330bdbdd687cf21698c1f11151c39a625cff52ba2a2966051ee12565a1a0a39a2226959efc92efc7d8b6e876373e4494aaab3bf536c412c7339d1273680e4ae0845788b89d39c2909bd463674bd66d7af35835324e156b0b66234a1cd83499d11fe33266e71fc359c84af74d2b8fbadd9776ececb641e9a8faa97f6e5823b7695ace6b42d8760e0257112c4a0507fc3b754a12446f15b4e8cc9491952ed2f22cf6d1636a25c67bfd72503037fdafb51f364d2665e8bde986270914e281daed3d2e1a50a26a24f9286ce549d38298625129c508ea89a5f69a0f18642c96c66f61e6d56a28cac91286f5dc0550a00a9147bf8c00748063bc5738927e8f595b71657478ac0a9bddf6f2e551ef0d91b89d681b66c8c31248c0ce,gx-no-cache=1551800624254 HTTP/1.1" 200 30
192.168.10.96 - - [05/Mar/2019:10:50:18 -0300] "POST /cormun/servlet/solicitudot?gx-no-cache=1551800626302 HTTP/1.1" 200 30
192.168.10.96 - - [05/Mar/2019:10:50:19 -0300] "POST /cormun/servlet/solicitudot?f8b8121bee0c07b2c1619e58ab1b73c2,INS,0,0,,gx-no-cache=1551800627177 HTTP/1.1" 200 11987
192.168.10.96 - - [05/Mar/2019:10:50:19 -0300] "GET /cormun/static/Shared/jqueryui/images/ui-bg_flat_55_fafafa_40x100.png HTTP/1.1" 404 1097
192.168.10.96 - - [05/Mar/2019:10:50:19 -0300] "GET /cormun/static/Shared/jqueryui/images/ui-icons_8d78a5_256x240.png HTTP/1.1" 404 1089
192.168.10.96 - - [05/Mar/2019:10:50:21 -0300] "POST /cormun/servlet/solicitudot?gx-no-cache=1551800628928 HTTP/1.1" 200 3531
192.168.10.96 - - [05/Mar/2019:10:50:21 -0300] "POST /cormun/servlet/solicitudot?f8b8121bee0c07b2c1619e58ab1b73c2,INS,0,0,,gx-no-cache=1551800629055 HTTP/1.1" 200 12022
192.168.10.96 - - [05/Mar/2019:10:50:21 -0300] "GET /cormun/servlet/solicitudot?3ecce66d4e74eb0ee3170a990cef3703e57fc6e7751f7f2a16cbbe72d7a07bd8639f7e5ffeffbff5ec9a815d04e79cee,gx-no-cache=1551800629294 HTTP/1.1" 200 30
192.168.10.96 - - [05/Mar/2019:10:50:21 -0300] "GET /cormun/servlet/solicitudot?3ecce66d4e74eb0ee3170a990cef37032987af68938a8f9325f3356403ae3889198ad730ea520a61a68138c212a6198c52b2d07c876179c6e29631edf4838ca9,gx-no-cache=1551800629322 HTTP/1.1" 200 30
192.168.10.96 - - [05/Mar/2019:10:50:21 -0300] "GET /cormun/servlet/solicitudot?3ecce66d4e74eb0ee3170a990cef3703600f61792e434c4c849c0973be9b1b46,gx-no-cache=1551800629336 HTTP/1.1" 200 123
192.168.10.96 - - [05/Mar/2019:10:50:21 -0300] "POST /cormun/servlet/solicitudot?gx-no-cache=1551800629373 HTTP/1.1" 200 254
192.168.10.96 - - [05/Mar/2019:10:50:21 -0300] "GET /cormun/servlet/solicitudot?3ecce66d4e74eb0ee3170a990cef3703626bcec9613ea38e8bcfbe343039fecb299b3fe74ede703b728ffccec521a0b53ced0685555aa67a429fd66d5be335909ae6536b46eba81f3f35f9ff567facf069bf0ab04a9d3fdbc8377f99349a77b2aded0c6cefaadd47330bdbdd687cf21698c1f11151c39a625cff52ba2a2966051ee12565a1a0a39a2226959efc92efc7d8b6e876373e4494aaab3bf536c412c7339d1273680e4ae0845788b89d39c2909bd463674bd66d7af35835324e156b0b66234a1cd83499d11fe33266e71fc359c84af74d2b8fbadd9776ececb641e9a8faa97f6e5823b7695ace6b42d8760e0257112c4a0507fc3b754a12446f15b4e8cc9491952ed2f22cf6d1636a25c67bfd72503037fdafb51f364d2665e8bde986270914e281daed3d2e1a50a26a24f9286ce549d38298625129c508ea89a5f69a0f18642c96c66f61e6d56a28cac91286f5dc0550a00a9147bf8c00748063bc5738927e8f595b71657478ac0a9bddf6f225537fcd70ee3192ba194b7e5a5bb1d0,gx-no-cache=1551800629398 HTTP/1.1" 200 30
186.103.156.24 - - [05/Mar/2019:10:50:22 -0300] "GET /cormun/servlet/solicitudot?INS,0,0, HTTP/1.1" 200 15137
186.103.156.24 - - [05/Mar/2019:10:50:22 -0300] "GET /cormun/servlet/solicitudot?INS,0,0, HTTP/1.1" 200 15141
192.168.10.96 - - [05/Mar/2019:10:50:24 -0300] "POST /cormun/servlet/solicitudot?gx-no-cache=1551800631765 HTTP/1.1" 200 30
186.103.156.24 - - [05/Mar/2019:10:50:25 -0300] "GET /cormun/Manuales/ManualSolicitud.pdf HTTP/1.1" 200 850295
192.168.10.96 - - [05/Mar/2019:10:50:26 -0300] "GET /cormun/servlet/prcontratosol?12365982,,,,,MD,,gxPopupLevel%3D0%3B HTTP/1.1" 200 8043
192.168.10.96 - - [05/Mar/2019:10:50:28 -0300] "POST /cormun/servlet/solicitudot?gx-no-cache=1551800636465 HTTP/1.1" 200 1282
192.168.10.96 - - [05/Mar/2019:10:50:28 -0300] "POST /cormun/servlet/solicitudot?gx-no-cache=1551800636498 HTTP/1.1" 200 38
192.168.10.96 - - [05/Mar/2019:10:50:28 -0300] "GET /cormun/servlet/solicitudot?3ecce66d4e74eb0ee3170a990cef3703beb67007749f5e30a5ba452a0e4969e2bf88c230382efebdcc8ade621072ebdacb8622a0fb5195ddf1bbf8c4979c20b07efa222d5521ecf96db7198ffa3705f244c109e0b455b826faa79c5efbc304caa48916668a40a6bdc59b850ceac06c9a,gx-no-cache=1551800636514 HTTP/1.1" 200 110
192.168.10.96 - - [05/Mar/2019:10:50:28 -0300] "POST /cormun/servlet/solicitudot?gx-no-cache=1551800636531 HTTP/1.1" 200 97
192.168.10.96 - - [05/Mar/2019:10:50:28 -0300] "GET /cormun/servlet/solicitudot?3ecce66d4e74eb0ee3170a990cef3703ccf3f33e2d394dccc4f4a481d6529492fdcd1877dc1f5425bf2376d9139b038d1cef260ecde221fde492b2f0714b6e731e9ec29222ea0b3c01439921f16e2bb692854ff1e0c4cbf73c344115d419df9a67ba5df992f8bddc21a0740bbd5bed12a04b9ffb71523220e5e0130db78baa29609b681f3eff80a127134a45ba737658d4f51cdde570b36a99a1ccb306670bd8,gx-no-cache=1551800636552 HTTP/1.1" 200 29
192.168.10.96 - - [05/Mar/2019:10:50:29 -0300] "GET /cormun/servlet/solicitudot?3ecce66d4e74eb0ee3170a990cef3703e315bd185261b31b0776a1f5a543cd94,gx-no-cache=1551800636626 HTTP/1.1" 200 30
192.168.10.96 - - [05/Mar/2019:10:50:29 -0300] "GET /cormun/servlet/prsolicitudot?12365982,,,,,MD,,gxPopupLevel%3D0%3B HTTP/1.1" 200 6370
192.168.10.96 - - [05/Mar/2019:10:50:31 -0300] "POST /cormun/servlet/solicitudot?gx-no-cache=1551800639471 HTTP/1.1" 200 1282
192.168.10.96 - - [05/Mar/2019:10:50:31 -0300] "POST /cormun/servlet/solicitudot?gx-no-cache=1551800639496 HTTP/1.1" 200 38
192.168.10.96 - - [05/Mar/2019:10:50:31 -0300] "GET /cormun/servlet/solicitudot?3ecce66d4e74eb0ee3170a990cef3703beb67007749f5e30a5ba452a0e4969e2bf88c230382efebdcc8ade621072ebdacb8622a0fb5195ddf1bbf8c4979c20b07efa222d5521ecf96db7198ffa3705f244c109e0b455b826faa79c5efbc304caa48916668a40a6bdc59b850ceac06c9a,gx-no-cache=1551800639510 HTTP/1.1" 200 110
192.168.10.96 - - [05/Mar/2019:10:50:31 -0300] "POST /cormun/servlet/solicitudot?gx-no-cache=1551800639527 HTTP/1.1" 200 97
192.168.10.96 - - [05/Mar/2019:10:50:31 -0300] "GET /cormun/servlet/solicitudot?3ecce66d4e74eb0ee3170a990cef37037c6c6a1aca3543fa2a4943ff7de7ff72d0674edafb9aec34c209f4c80049c5da,gx-no-cache=1551800639548 HTTP/1.1" 200 30
192.168.10.96 - - [05/Mar/2019:10:50:38 -0300] "POST /cormun/servlet/solicitudot?gx-no-cache=1551800645618 HTTP/1.1" 200 33
