201.219.234.58 - - [05/Mar/2019:16:38:37 -0300] "GET /cormun/static/Shared/jqueryui/jquery-ui.min.js HTTP/1.1" 200 240427
201.219.234.58 - - [05/Mar/2019:16:38:38 -0300] "GET /cormun/servlet/hhome HTTP/1.1" 200 4324
201.219.234.58 - - [05/Mar/2019:16:38:38 -0300] "GET /cormun/static/SmoothNavMenu/resources/images/down.gif HTTP/1.1" 200 854
201.219.234.58 - - [05/Mar/2019:16:38:38 -0300] "GET /cormun/static/SmoothNavMenu/resources/images/right.gif HTTP/1.1" 200 860
201.219.234.58 - - [05/Mar/2019:16:38:50 -0300] "GET /cormun/servlet/trcontratosolicitud? HTTP/1.1" 200 12150
201.219.234.58 - - [05/Mar/2019:16:38:51 -0300] "GET /cormun/static/gxui/gxui-all.css?110300 HTTP/1.1" 200 2179
201.219.234.58 - - [05/Mar/2019:16:38:51 -0300] "GET /cormun/static/calendar-system.css?75620 HTTP/1.1" 200 5572
201.219.234.58 - - [05/Mar/2019:16:38:51 -0300] "GET /cormun/static/gxcfg.js?20177612214014 HTTP/1.1" 200 953
201.219.234.58 - - [05/Mar/2019:16:38:51 -0300] "GET /cormun/static/Shared/ext/resources/css/ext-all.css?205870 HTTP/1.1" 200 416045
201.219.234.58 - - [05/Mar/2019:16:38:51 -0300] "GET /cormun/static/calendar-es.js?85251 HTTP/1.1" 200 1901
201.219.234.58 - - [05/Mar/2019:16:38:51 -0300] "GET /cormun/static/calendar-setup.js?85251 HTTP/1.1" 200 2588
201.219.234.58 - - [05/Mar/2019:16:38:51 -0300] "GET /cormun/static/calendar.js?85251 HTTP/1.1" 200 26246
201.219.234.58 - - [05/Mar/2019:16:38:51 -0300] "GET /cormun/static/Resources/PXToolsDataSearch.png HTTP/1.1" 200 419
201.219.234.58 - - [05/Mar/2019:16:38:51 -0300] "GET /cormun/static/Resources/PXToolsGridFirstDisabled.gif HTTP/1.1" 200 100
201.219.234.58 - - [05/Mar/2019:16:38:52 -0300] "GET /cormun/static/trcontratosolicitud.js?20177612214349 HTTP/1.1" 200 28237
201.219.234.58 - - [05/Mar/2019:16:38:53 -0300] "GET /cormun/static/gxdec.js?85251 HTTP/1.1" 200 19579
201.219.234.58 - - [05/Mar/2019:16:38:53 -0300] "GET /cormun/static/Resources/PXToolsGridPreviousDisabled.gif HTTP/1.1" 200 90
201.219.234.58 - - [05/Mar/2019:16:38:53 -0300] "GET /cormun/static/Resources/PXToolsGridNextDisabled.gif HTTP/1.1" 200 90
201.219.234.58 - - [05/Mar/2019:16:38:54 -0300] "GET /cormun/static/Resources/PXToolsGridLastDisabled.gif HTTP/1.1" 200 98
201.219.234.58 - - [05/Mar/2019:16:38:54 -0300] "GET /cormun/static/Resources/PXToolsGridPage.gif HTTP/1.1" 200 725
201.219.234.58 - - [05/Mar/2019:16:38:54 -0300] "GET /cormun/static/Resources/asc.gif HTTP/1.1" 200 67
201.219.234.58 - - [05/Mar/2019:16:38:54 -0300] "GET /cormun/servlet/trcontratosolicitud? HTTP/1.1" 200 12149
201.219.234.58 - - [05/Mar/2019:16:38:54 -0300] "GET /cormun/static/Resources/desc.gif HTTP/1.1" 200 65
201.219.234.58 - - [05/Mar/2019:16:38:54 -0300] "GET /cormun//static/Resources/PXToolsGridNew.png HTTP/1.1" 200 2949
201.219.234.58 - - [05/Mar/2019:16:38:54 -0300] "GET /cormun//static/Resources/PXToolsActionDisabled.gif HTTP/1.1" 200 53
201.219.234.58 - - [05/Mar/2019:16:38:54 -0300] "GET /cormun/static/Shared/ext/resources/themes/images/default/panel/bg-headersPanel.png HTTP/1.1" 200 255
201.219.234.58 - - [05/Mar/2019:16:38:54 -0300] "GET /cormun/static/Shared/ext/resources/themes/images/default/tools/tool-sprites.gif HTTP/1.1" 200 5434
201.219.234.58 - - [05/Mar/2019:16:39:31 -0300] "POST /cormun/servlet/trcontratosolicitud?63502722144f358ad6778f4bda57d044,,gx-no-cache=1551814552024 HTTP/1.1" 200 9481
201.219.234.58 - - [05/Mar/2019:16:39:40 -0300] "GET /cormun/servlet/trcontratounov2? HTTP/1.1" 200 17591
201.219.234.58 - - [05/Mar/2019:16:39:40 -0300] "GET /cormun/static/gxcfg.js?201752512124396 HTTP/1.1" 200 953
201.219.234.58 - - [05/Mar/2019:16:39:40 -0300] "GET /cormun/static/Resources/PXToolsActionExcel.png HTTP/1.1" 200 3187
201.219.234.58 - - [05/Mar/2019:16:39:40 -0300] "GET /cormun/static/Resources/PXToolsGridNew.png HTTP/1.1" 200 2949
201.219.234.58 - - [05/Mar/2019:16:39:41 -0300] "GET /cormun/static/Resources/PXToolsAddSelectedAction.png HTTP/1.1" 200 3660
201.219.234.58 - - [05/Mar/2019:16:39:41 -0300] "GET /cormun/static/trcontratounov2.js?201752512125146 HTTP/1.1" 200 38486
201.219.234.58 - - [05/Mar/2019:16:39:42 -0300] "GET /cormun/servlet/trcontratounov2? HTTP/1.1" 200 17597
201.219.234.58 - - [05/Mar/2019:16:40:00 -0300] "POST /cormun/servlet/trcontratounov2?63502722144f358ad6778f4bda57d044,,gx-no-cache=1551814582042 HTTP/1.1" 200 11445
201.219.234.58 - - [05/Mar/2019:16:40:01 -0300] "GET /cormun/static/Resources/PXToolsGridFirst.gif HTTP/1.1" 200 379
201.219.234.58 - - [05/Mar/2019:16:40:01 -0300] "GET /cormun/static/Resources/PXToolsGridPrevious.gif HTTP/1.1" 200 369
201.219.234.58 - - [05/Mar/2019:16:40:28 -0300] "GET /cormun/servlet/trvisualizadoreventos? HTTP/1.1" 200 7099
201.219.234.58 - - [05/Mar/2019:16:40:28 -0300] "GET /cormun/static/gxcfg.js?20175251251426 HTTP/1.1" 200 953
201.219.234.58 - - [05/Mar/2019:16:40:28 -0300] "GET /cormun/static/Resources/PXTools/calendar.png HTTP/1.1" 200 1306
201.219.234.58 - - [05/Mar/2019:16:40:29 -0300] "GET /cormun/static/trvisualizadoreventos.js?20175251251768 HTTP/1.1" 200 19318
201.219.234.58 - - [05/Mar/2019:16:40:29 -0300] "GET /cormun/static/Resources/PXToolsActionPrint.png HTTP/1.1" 200 3317
201.219.234.58 - - [05/Mar/2019:16:40:29 -0300] "GET /cormun/servlet/trvisualizadoreventos? HTTP/1.1" 200 7098
201.219.234.58 - - [05/Mar/2019:16:40:35 -0300] "POST /cormun/servlet/trvisualizadoreventos?63502722144f358ad6778f4bda57d044,,gx-no-cache=1551814617479 HTTP/1.1" 200 4211
190.171.143.106 - - [05/Mar/2019:16:40:46 -0300] "GET /cormun/servlet/hlogin HTTP/1.1" 200 1724
201.219.234.58 - - [05/Mar/2019:16:40:47 -0300] "POST /cormun/servlet/trvisualizadoreventos?63502722144f358ad6778f4bda57d044,,gx-no-cache=1551814630385 HTTP/1.1" 200 4215
190.171.143.106 - - [05/Mar/2019:16:40:48 -0300] "POST /cormun/servlet/hlogin?c55943788086df67b26610c3d3d53adf,gx-no-cache=1551814631984 HTTP/1.1" 200 90
190.171.143.106 - - [05/Mar/2019:16:40:48 -0300] "GET /cormun/servlet/hpexe_link HTTP/1.1" 200 949
190.171.143.106 - - [05/Mar/2019:16:40:48 -0300] "GET /cormun/servlet/hhome HTTP/1.1" 200 4065
190.171.143.106 - - [05/Mar/2019:16:40:49 -0300] "GET /cormun/servlet/hhome HTTP/1.1" 200 4061
201.219.234.58 - - [05/Mar/2019:16:40:49 -0300] "GET /cormun/static/menuarrow.gif HTTP/1.1" 404 1015
190.171.143.106 - - [05/Mar/2019:16:40:55 -0300] "GET /cormun/servlet/trsolicitudot? HTTP/1.1" 200 7283
190.171.143.106 - - [05/Mar/2019:16:40:55 -0300] "GET /cormun/servlet/trsolicitudot? HTTP/1.1" 200 7283
190.171.143.106 - - [05/Mar/2019:16:40:57 -0300] "GET /cormun/servlet/solicitudot?INS,0,0, HTTP/1.1" 200 14893
201.219.234.58 - - [05/Mar/2019:16:40:57 -0300] "POST /cormun/servlet/trvisualizadoreventos?63502722144f358ad6778f4bda57d044,,gx-no-cache=1551814640032 HTTP/1.1" 200 4220
190.171.143.106 - - [05/Mar/2019:16:40:57 -0300] "GET /cormun/servlet/solicitudot?INS,0,0, HTTP/1.1" 200 14898
201.219.234.58 - - [05/Mar/2019:16:41:04 -0300] "POST /cormun/servlet/trvisualizadoreventos?63502722144f358ad6778f4bda57d044,,gx-no-cache=1551814645950 HTTP/1.1" 200 4219
190.171.143.106 - - [05/Mar/2019:16:41:15 -0300] "POST /cormun/servlet/solicitudot?gx-no-cache=1551814658563 HTTP/1.1" 200 3435
190.171.143.106 - - [05/Mar/2019:16:41:15 -0300] "POST /cormun/servlet/solicitudot?c55943788086df67b26610c3d3d53adf,INS,0,0,,gx-no-cache=1551814658868 HTTP/1.1" 200 11581
190.171.143.106 - - [05/Mar/2019:16:41:18 -0300] "GET /cormun/servlet/solicitudot?d3689dbe73965e95c38a567f5cef664ff970675f497ba8b25bf4f47144fca3fad006b10b9f002e1ad029ac37659cf458,gx-no-cache=1551814661804 HTTP/1.1" 200 30
201.219.234.58 - - [05/Mar/2019:16:41:18 -0300] "GET /cormun/servlet/trsolicitudot? HTTP/1.1" 200 7542
201.219.234.58 - - [05/Mar/2019:16:41:19 -0300] "GET /cormun/static/gxui/gxui-all.css?120300 HTTP/1.1" 200 2179
201.219.234.58 - - [05/Mar/2019:16:41:19 -0300] "GET /cormun/static/calendar-system.css?85620 HTTP/1.1" 200 5572
201.219.234.58 - - [05/Mar/2019:16:41:19 -0300] "GET /cormun/static/gxcfg.js?2017111422585916 HTTP/1.1" 200 953
201.219.234.58 - - [05/Mar/2019:16:41:19 -0300] "GET /cormun/static/Shared/ext/resources/css/ext-all.css?215870 HTTP/1.1" 200 416045
201.219.234.58 - - [05/Mar/2019:16:41:19 -0300] "GET /cormun/static/trsolicitudot.js?201711142259839 HTTP/1.1" 200 54041
201.219.234.58 - - [05/Mar/2019:16:41:19 -0300] "GET /cormun/static/Resources/Spanish/PXTools.css?1255365 HTTP/1.1" 200 89042
201.219.234.58 - - [05/Mar/2019:16:41:21 -0300] "GET /cormun/servlet/trsolicitudot? HTTP/1.1" 200 7542
192.168.10.96 - - [05/Mar/2019:16:42:08 -0300] "GET /cormun/servlet/trsolicitudot? HTTP/1.1" 200 9286
192.168.10.96 - - [05/Mar/2019:16:42:09 -0300] "GET /cormun/servlet/trsolicitudot? HTTP/1.1" 200 9284
192.168.10.96 - - [05/Mar/2019:16:42:23 -0300] "POST /cormun/servlet/trsolicitudot?0e3610df81e808a0679a1e0dc8c7cb56,,gx-no-cache=1551821751148 HTTP/1.1" 200 107
192.168.10.96 - - [05/Mar/2019:16:42:23 -0300] "GET /cormun/servlet/trsolicitudadjuntos?2019,14525, HTTP/1.1" 200 6411
192.168.10.96 - - [05/Mar/2019:16:42:24 -0300] "GET /cormun/servlet/trsolicitudadjuntos?2019,14525, HTTP/1.1" 200 6411
192.168.10.96 - - [05/Mar/2019:16:42:27 -0300] "GET /cormun/servlet/solicitudotadjuntos?INS,2019,14525,,1, HTTP/1.1" 200 6360
192.168.10.96 - - [05/Mar/2019:16:42:27 -0300] "GET /cormun/static/about:blank HTTP/1.1" 404 1011
192.168.10.96 - - [05/Mar/2019:16:42:28 -0300] "GET /cormun/servlet/solicitudotadjuntos?INS,2019,14525,,1, HTTP/1.1" 200 6354
192.168.10.96 - - [05/Mar/2019:16:42:28 -0300] "GET /cormun/servlet/solicitudotadjuntos?9eea5c358a6f31759ece52ba57034035179ef38a1519e63b42f4fa94351c01c6cefa0040a73bbf966ab8fa122cd95a45,gx-no-cache=1551821756073 HTTP/1.1" 200 30
192.168.10.96 - - [05/Mar/2019:16:42:28 -0300] "POST /cormun/servlet/solicitudotadjuntos?0e3610df81e808a0679a1e0dc8c7cb56,INS,2019,14525,,1,,gx-no-cache=1551821756104 HTTP/1.1" 200 4071
192.168.10.96 - - [05/Mar/2019:16:42:49 -0300] "POST /cormun/servlet/solicitudotadjuntos?gx-no-cache=1551821777183 HTTP/1.1" 200 26
192.168.10.96 - - [05/Mar/2019:16:43:04 -0300] "GET /cormun/servlet/solicitudotadjuntos?9eea5c358a6f31759ece52ba57034035e36bbff425c3bc2858052ffa99d43c7a,gx-no-cache=1551821791905 HTTP/1.1" 200 30
192.168.10.96 - - [05/Mar/2019:16:43:04 -0300] "GET /cormun/servlet/solicitudotadjuntos?9eea5c358a6f31759ece52ba57034035e36bbff425c3bc2858052ffa99d43c7a,gx-no-cache=1551821791914 HTTP/1.1" 200 30
192.168.10.96 - - [05/Mar/2019:16:43:05 -0300] "POST /cormun/servlet/solicitudotadjuntos?0e3610df81e808a0679a1e0dc8c7cb56,INS,2019,14525,,1, HTTP/1.1" 200 116
192.168.10.96 - - [05/Mar/2019:16:43:05 -0300] "GET /cormun/servlet/hpexe_return? HTTP/1.1" 200 1027
192.168.10.96 - - [05/Mar/2019:16:43:05 -0300] "GET /cormun/servlet/trsolicitudadjuntos?2019,14525, HTTP/1.1" 200 9012
192.168.10.96 - - [05/Mar/2019:16:43:05 -0300] "GET /cormun/servlet/trsolicitudadjuntos?2019,14525, HTTP/1.1" 200 9011
192.168.10.96 - - [05/Mar/2019:16:43:10 -0300] "GET /cormun/servlet/solicitudotadjuntos?INS,2019,14525,,1, HTTP/1.1" 200 6361
192.168.10.96 - - [05/Mar/2019:16:43:10 -0300] "GET /cormun/static/about:blank HTTP/1.1" 404 1011
192.168.10.96 - - [05/Mar/2019:16:43:10 -0300] "GET /cormun/servlet/solicitudotadjuntos?INS,2019,14525,,1, HTTP/1.1" 200 6355
192.168.10.96 - - [05/Mar/2019:16:43:10 -0300] "GET /cormun/servlet/solicitudotadjuntos?9eea5c358a6f31759ece52ba57034035179ef38a1519e63b42f4fa94351c01c6cefa0040a73bbf966ab8fa122cd95a45,gx-no-cache=1551821798367 HTTP/1.1" 200 30
192.168.10.96 - - [05/Mar/2019:16:43:10 -0300] "POST /cormun/servlet/solicitudotadjuntos?0e3610df81e808a0679a1e0dc8c7cb56,INS,2019,14525,,1,,gx-no-cache=1551821798398 HTTP/1.1" 200 4072
192.168.10.96 - - [05/Mar/2019:16:43:14 -0300] "POST /cormun/servlet/solicitudotadjuntos?gx-no-cache=1551821802304 HTTP/1.1" 200 26
192.168.10.96 - - [05/Mar/2019:16:43:19 -0300] "GET /cormun/servlet/solicitudotadjuntos?9eea5c358a6f31759ece52ba57034035e36bbff425c3bc2858052ffa99d43c7a,gx-no-cache=1551821807528 HTTP/1.1" 200 30
192.168.10.96 - - [05/Mar/2019:16:43:19 -0300] "GET /cormun/servlet/solicitudotadjuntos?9eea5c358a6f31759ece52ba57034035e36bbff425c3bc2858052ffa99d43c7a,gx-no-cache=1551821807536 HTTP/1.1" 200 30
192.168.10.96 - - [05/Mar/2019:16:43:20 -0300] "POST /cormun/servlet/solicitudotadjuntos?0e3610df81e808a0679a1e0dc8c7cb56,INS,2019,14525,,1, HTTP/1.1" 200 116
192.168.10.96 - - [05/Mar/2019:16:43:20 -0300] "GET /cormun/servlet/hpexe_return? HTTP/1.1" 200 1027
192.168.10.96 - - [05/Mar/2019:16:43:20 -0300] "GET /cormun/servlet/trsolicitudadjuntos?2019,14525, HTTP/1.1" 200 9239
192.168.10.96 - - [05/Mar/2019:16:43:20 -0300] "GET /cormun/servlet/trsolicitudadjuntos?2019,14525, HTTP/1.1" 200 9237
192.168.10.96 - - [05/Mar/2019:16:43:24 -0300] "GET /cormun/servlet/solicitudotadjuntos?INS,2019,14525,,1, HTTP/1.1" 200 6361
192.168.10.96 - - [05/Mar/2019:16:43:24 -0300] "GET /cormun/static/about:blank HTTP/1.1" 404 1011
192.168.10.96 - - [05/Mar/2019:16:43:25 -0300] "GET /cormun/servlet/solicitudotadjuntos?INS,2019,14525,,1, HTTP/1.1" 200 6355
192.168.10.96 - - [05/Mar/2019:16:43:25 -0300] "GET /cormun/servlet/solicitudotadjuntos?9eea5c358a6f31759ece52ba57034035179ef38a1519e63b42f4fa94351c01c6cefa0040a73bbf966ab8fa122cd95a45,gx-no-cache=1551821813180 HTTP/1.1" 200 30
192.168.10.96 - - [05/Mar/2019:16:43:25 -0300] "POST /cormun/servlet/solicitudotadjuntos?0e3610df81e808a0679a1e0dc8c7cb56,INS,2019,14525,,1,,gx-no-cache=1551821813201 HTTP/1.1" 200 4072
192.168.10.96 - - [05/Mar/2019:16:43:28 -0300] "POST /cormun/servlet/solicitudotadjuntos?gx-no-cache=1551821816481 HTTP/1.1" 200 26
192.168.10.96 - - [05/Mar/2019:16:43:36 -0300] "GET /cormun/servlet/solicitudotadjuntos?9eea5c358a6f31759ece52ba57034035e36bbff425c3bc2858052ffa99d43c7a,gx-no-cache=1551821824144 HTTP/1.1" 200 30
192.168.10.96 - - [05/Mar/2019:16:43:36 -0300] "GET /cormun/servlet/solicitudotadjuntos?9eea5c358a6f31759ece52ba57034035e36bbff425c3bc2858052ffa99d43c7a,gx-no-cache=1551821824151 HTTP/1.1" 200 30
192.168.10.96 - - [05/Mar/2019:16:43:36 -0300] "POST /cormun/servlet/solicitudotadjuntos?0e3610df81e808a0679a1e0dc8c7cb56,INS,2019,14525,,1, HTTP/1.1" 200 6626
192.168.10.96 - - [05/Mar/2019:16:43:36 -0300] "GET /cormun/static/Shared/jqueryui/images/ui-bg_highlight-soft_100_c6c2c8_1x100.png HTTP/1.1" 404 1117
192.168.10.96 - - [05/Mar/2019:16:43:36 -0300] "GET /cormun/static/Shared/jqueryui/images/ui-icons_82798d_256x240.png HTTP/1.1" 404 1089
192.168.10.96 - - [05/Mar/2019:16:43:36 -0300] "GET /cormun/static/Shared/jqueryui/images/ui-bg_flat_55_994d53_40x100.png HTTP/1.1" 404 1097
192.168.10.96 - - [05/Mar/2019:16:43:36 -0300] "GET /cormun/static/Shared/jqueryui/images/ui-icons_ebccce_256x240.png HTTP/1.1" 404 1089
192.168.10.96 - - [05/Mar/2019:16:43:45 -0300] "POST /cormun/servlet/solicitudotadjuntos?gx-no-cache=1551821832727 HTTP/1.1" 200 26
192.168.10.96 - - [05/Mar/2019:16:43:47 -0300] "GET /cormun/PrivateTempStorage/upload_00002975.pdf HTTP/1.1" 200 59395
192.168.10.96 - - [05/Mar/2019:16:43:49 -0300] "GET /cormun/PrivateTempStorage/upload_00002975.pdf HTTP/1.1" 200 59395
192.168.10.89 - - [05/Mar/2019:16:45:18 -0300] "GET /cormun/servlet/hlogin HTTP/1.1" 200 1719
192.168.10.89 - - [05/Mar/2019:16:45:27 -0300] "POST /cormun/servlet/hlogin?d915acf7f2b50a8f83937c40fdbd53ca,gx-no-cache=1551821935145 HTTP/1.1" 200 90
192.168.10.89 - - [05/Mar/2019:16:45:27 -0300] "GET /cormun/servlet/hpexe_link HTTP/1.1" 200 947
192.168.10.89 - - [05/Mar/2019:16:45:27 -0300] "GET /cormun/servlet/hhome HTTP/1.1" 200 4984
192.168.10.89 - - [05/Mar/2019:16:45:31 -0300] "GET /cormun/servlet/trsolicitudgral? HTTP/1.1" 200 28392
190.171.143.106 - - [05/Mar/2019:16:45:44 -0300] "GET /cormun/static/Resources/resize.gif HTTP/1.1" 200 77
190.171.143.106 - - [05/Mar/2019:16:45:44 -0300] "GET /cormun/servlet/prbanco?,MD,,gxPopupLevel%3D0%3B HTTP/1.1" 200 6644
190.171.143.106 - - [05/Mar/2019:16:45:44 -0300] "GET /cormun/static/gxcfg.js?20181161016094 HTTP/1.1" 200 953
190.171.143.106 - - [05/Mar/2019:16:45:44 -0300] "GET /cormun/static/Resources/PXToolsMenuSearch.png HTTP/1.1" 200 2914
190.171.143.106 - - [05/Mar/2019:16:45:44 -0300] "GET /cormun/static/Resources/PXToolsMenuSearchCancel.png HTTP/1.1" 200 2972
190.171.143.106 - - [05/Mar/2019:16:45:44 -0300] "GET /cormun/static/prbanco.js?2018116101633 HTTP/1.1" 200 10693
190.171.143.106 - - [05/Mar/2019:16:45:44 -0300] "GET /cormun/static/menusearch.js?201610171694467 HTTP/1.1" 200 1424
190.171.143.106 - - [05/Mar/2019:16:45:44 -0300] "GET /cormun/static/hmpwkw011.js?20177612121862 HTTP/1.1" 200 1968
190.171.143.106 - - [05/Mar/2019:16:45:49 -0300] "GET /cormun/servlet/solicitudot?d3689dbe73965e95c38a567f5cef664f367fcd4860d9a9a4430a598cc6cf77ef,gx-no-cache=1551814933304 HTTP/1.1" 200 94
190.171.143.106 - - [05/Mar/2019:16:45:49 -0300] "GET /cormun/static/Shared/jqueryui/images/ui-icons_82798d_256x240.png HTTP/1.1" 404 1089
190.171.143.106 - - [05/Mar/2019:16:45:49 -0300] "GET /cormun/static/Shared/jqueryui/images/ui-bg_highlight-soft_100_c6c2c8_1x100.png HTTP/1.1" 404 1117
190.171.143.106 - - [05/Mar/2019:16:45:49 -0300] "GET /cormun/static/Shared/jqueryui/images/ui-bg_flat_55_994d53_40x100.png HTTP/1.1" 404 1097
190.171.143.106 - - [05/Mar/2019:16:45:49 -0300] "GET /cormun/static/Shared/jqueryui/images/ui-icons_ebccce_256x240.png HTTP/1.1" 404 1089
192.168.10.89 - - [05/Mar/2019:16:45:53 -0300] "POST /cormun/servlet/trsolicitudgral?d915acf7f2b50a8f83937c40fdbd53ca,,gx-no-cache=1551821961260 HTTP/1.1" 200 7657
190.171.143.106 - - [05/Mar/2019:16:45:55 -0300] "GET /cormun/servlet/solicitudot?d3689dbe73965e95c38a567f5cef664ffe39cc0bef31dc0dd68fde5bf45404f3,gx-no-cache=1551814938400 HTTP/1.1" 200 29
190.171.143.106 - - [05/Mar/2019:16:45:55 -0300] "POST /cormun/servlet/solicitudot?gx-no-cache=1551814938637 HTTP/1.1" 200 297
190.171.143.106 - - [05/Mar/2019:16:45:55 -0300] "GET /cormun/servlet/solicitudot?d3689dbe73965e95c38a567f5cef664f7b7a3234c245348f92ccb466d9c0db7406204fa224ee1c72ffc16d38d160a0015bd6721e02a7699f22af861cc03fbb85eb40ba1bd55835cd0d520f03b226a798fb91cfff4d0663acac9317d92af3a846074846cebd0f2b931d43381a46560323aedce1d52e8c572edfabd0077232c2c18a7718d8b9117247dc9ff21cb4bf1b7a94bcbba8eb5b9243b6974a89169d394cbb7df6a9ea488c9667f5653bc52f4be2cf66d896bc3e3fc8a440a9b04a3f2e874b604d4b37c83e051e32c04ab8927f69b0c417071e1206f68720cc46942af5b4cc4affb71010ca56cea716dbec900b50a9f32a4f8c618286a6f906221905d1394354c0517ddd917253f05c9c06c0d2f539eb42092b7070648094443033ea9c2ab517cd443aa53e4dec505e03f9a91de820eeffb698260c94cc58baef6e88c6f9c9e50ae9111d898d0c54dce72dca55077ddc04f1c3629000f00f26aaed7df2c7178f66b0b21c8422226801816255ba14e01ae6c35b5a196dabe688280dd9d35740b6fdf54ae65f92fa41c1243e09e6df,gx-no-cache=1551814938782 HTTP/1.1" 200 30
190.171.143.106 - - [05/Mar/2019:16:45:55 -0300] "POST /cormun/servlet/solicitudot?gx-no-cache=1551814938807 HTTP/1.1" 200 30
190.171.143.106 - - [05/Mar/2019:16:45:55 -0300] "POST /cormun/servlet/solicitudot?gx-no-cache=1551814938861 HTTP/1.1" 200 1277
190.171.143.106 - - [05/Mar/2019:16:45:55 -0300] "POST /cormun/servlet/solicitudot?gx-no-cache=1551814938913 HTTP/1.1" 200 38
190.171.143.106 - - [05/Mar/2019:16:47:17 -0300] "GET /cormun/servlet/solicitudot?d3689dbe73965e95c38a567f5cef664f27b5598b903fe53758daca55cfc2bcbaa0d13dfd98995be6702119d5113da61d92019e2bcc1467484538f637a5ccd0f744a88933db3a177d4171190d63fa5d4d5f3f6637bb676050b42a3c974a649efa308fd6390637bb64d2c28fef3284aaa5,gx-no-cache=1551815020674 HTTP/1.1" 200 110
192.168.10.96 - - [05/Mar/2019:16:47:22 -0300] "GET /cormun/servlet/solicitudotadjuntos?9eea5c358a6f31759ece52ba57034035dbb3b17373615a1094210cdac0d1a8d76cf7b57165881fdd9613e69c9f2def32,gx-no-cache=1551822049740 HTTP/1.1" 200 30
192.168.10.96 - - [05/Mar/2019:16:47:22 -0300] "GET /cormun/servlet/solicitudotadjuntos?9eea5c358a6f31759ece52ba57034035a74a6f7e44bf1e2930de982b1422d3fc6cf7b57165881fdd9613e69c9f2def32,gx-no-cache=1551822049752 HTTP/1.1" 200 30
192.168.10.96 - - [05/Mar/2019:16:47:22 -0300] "POST /cormun/servlet/solicitudotadjuntos?0e3610df81e808a0679a1e0dc8c7cb56,INS,2019,14525,,1, HTTP/1.1" 200 116
192.168.10.96 - - [05/Mar/2019:16:47:22 -0300] "GET /cormun/servlet/hpexe_return? HTTP/1.1" 200 1027
192.168.10.96 - - [05/Mar/2019:16:47:22 -0300] "GET /cormun/servlet/trsolicitudadjuntos?2019,14525, HTTP/1.1" 200 9430
192.168.10.96 - - [05/Mar/2019:16:47:23 -0300] "GET /cormun/servlet/trsolicitudadjuntos?2019,14525, HTTP/1.1" 200 9428
192.168.10.96 - - [05/Mar/2019:16:47:25 -0300] "GET /cormun/servlet/solicitudotadjuntos?INS,2019,14525,,1, HTTP/1.1" 200 6362
192.168.10.96 - - [05/Mar/2019:16:47:25 -0300] "GET /cormun/static/about:blank HTTP/1.1" 404 1011
192.168.10.96 - - [05/Mar/2019:16:47:25 -0300] "GET /cormun/servlet/solicitudotadjuntos?INS,2019,14525,,1, HTTP/1.1" 200 6355
192.168.10.96 - - [05/Mar/2019:16:47:26 -0300] "GET /cormun/servlet/solicitudotadjuntos?9eea5c358a6f31759ece52ba57034035179ef38a1519e63b42f4fa94351c01c6cefa0040a73bbf966ab8fa122cd95a45,gx-no-cache=1551822053586 HTTP/1.1" 200 30
192.168.10.96 - - [05/Mar/2019:16:47:26 -0300] "POST /cormun/servlet/solicitudotadjuntos?0e3610df81e808a0679a1e0dc8c7cb56,INS,2019,14525,,1,,gx-no-cache=1551822053625 HTTP/1.1" 200 4072
190.171.143.106 - - [05/Mar/2019:16:47:36 -0300] "POST /cormun/servlet/solicitudot?gx-no-cache=1551815039382 HTTP/1.1" 200 83
190.171.143.106 - - [05/Mar/2019:16:47:45 -0300] "GET /cormun/servlet/solicitudot?d3689dbe73965e95c38a567f5cef664f383275d9c5f2e39856df0b765d43b79f8996ed3e31e64cfdaacbe76f7d0445d7de688ba1b18d9460eb7dd19730b28262af8466f30ac7388743796bd9ae258eaa47ae64b67fa4fcc4f6926ca525a5c7f38a4ce5ab34c906af943ad6136b8aabc8,gx-no-cache=1551815048957 HTTP/1.1" 200 29
190.171.143.106 - - [05/Mar/2019:16:47:45 -0300] "GET /cormun/static/menuarrow.gif HTTP/1.1" 404 1015
192.168.10.96 - - [05/Mar/2019:16:47:48 -0300] "POST /cormun/servlet/solicitudotadjuntos?gx-no-cache=1551822075748 HTTP/1.1" 200 26
192.168.10.96 - - [05/Mar/2019:16:47:52 -0300] "GET /cormun/servlet/solicitudotadjuntos?9eea5c358a6f31759ece52ba57034035e36bbff425c3bc2858052ffa99d43c7a,gx-no-cache=1551822079909 HTTP/1.1" 200 30
192.168.10.96 - - [05/Mar/2019:16:47:52 -0300] "GET /cormun/servlet/solicitudotadjuntos?9eea5c358a6f31759ece52ba57034035e36bbff425c3bc2858052ffa99d43c7a,gx-no-cache=1551822079918 HTTP/1.1" 200 30
192.168.10.96 - - [05/Mar/2019:16:47:52 -0300] "POST /cormun/servlet/solicitudotadjuntos?0e3610df81e808a0679a1e0dc8c7cb56,INS,2019,14525,,1, HTTP/1.1" 200 116
192.168.10.96 - - [05/Mar/2019:16:47:52 -0300] "GET /cormun/servlet/hpexe_return? HTTP/1.1" 200 1027
192.168.10.96 - - [05/Mar/2019:16:47:52 -0300] "GET /cormun/servlet/trsolicitudadjuntos?2019,14525, HTTP/1.1" 200 9660
192.168.10.96 - - [05/Mar/2019:16:47:53 -0300] "GET /cormun/servlet/trsolicitudadjuntos?2019,14525, HTTP/1.1" 200 9658
192.168.10.96 - - [05/Mar/2019:16:47:55 -0300] "GET /cormun/servlet/solicitudotadjuntos?INS,2019,14525,,1, HTTP/1.1" 200 6361
192.168.10.96 - - [05/Mar/2019:16:47:55 -0300] "GET /cormun/static/about:blank HTTP/1.1" 404 1011
192.168.10.96 - - [05/Mar/2019:16:47:55 -0300] "GET /cormun/servlet/solicitudotadjuntos?INS,2019,14525,,1, HTTP/1.1" 200 6354
192.168.10.96 - - [05/Mar/2019:16:47:56 -0300] "GET /cormun/servlet/solicitudotadjuntos?9eea5c358a6f31759ece52ba57034035179ef38a1519e63b42f4fa94351c01c6cefa0040a73bbf966ab8fa122cd95a45,gx-no-cache=1551822083969 HTTP/1.1" 200 30
192.168.10.96 - - [05/Mar/2019:16:47:56 -0300] "POST /cormun/servlet/solicitudotadjuntos?0e3610df81e808a0679a1e0dc8c7cb56,INS,2019,14525,,1,,gx-no-cache=1551822084000 HTTP/1.1" 200 4072
190.171.143.106 - - [05/Mar/2019:16:48:01 -0300] "GET /cormun/servlet/solicitudot?d3689dbe73965e95c38a567f5cef664fca8f7934ee9f70fa52d436680e1abbb096f6eabaffdc213512b8e3821ed95fcc,gx-no-cache=1551815064595 HTTP/1.1" 200 30
190.171.143.106 - - [05/Mar/2019:16:48:10 -0300] "POST /cormun/servlet/solicitudot?gx-no-cache=1551815074262 HTTP/1.1" 200 30
192.168.10.96 - - [05/Mar/2019:16:48:15 -0300] "POST /cormun/servlet/solicitudotadjuntos?gx-no-cache=1551822103493 HTTP/1.1" 200 26
192.168.10.96 - - [05/Mar/2019:16:48:19 -0300] "GET /cormun/servlet/solicitudotadjuntos?9eea5c358a6f31759ece52ba57034035e36bbff425c3bc2858052ffa99d43c7a,gx-no-cache=1551822107506 HTTP/1.1" 200 30
192.168.10.96 - - [05/Mar/2019:16:48:19 -0300] "GET /cormun/servlet/solicitudotadjuntos?9eea5c358a6f31759ece52ba57034035e36bbff425c3bc2858052ffa99d43c7a,gx-no-cache=1551822107514 HTTP/1.1" 200 30
192.168.10.96 - - [05/Mar/2019:16:48:20 -0300] "POST /cormun/servlet/solicitudotadjuntos?0e3610df81e808a0679a1e0dc8c7cb56,INS,2019,14525,,1, HTTP/1.1" 200 116
192.168.10.96 - - [05/Mar/2019:16:48:20 -0300] "GET /cormun/servlet/hpexe_return? HTTP/1.1" 200 1027
192.168.10.96 - - [05/Mar/2019:16:48:20 -0300] "GET /cormun/servlet/trsolicitudadjuntos?2019,14525, HTTP/1.1" 200 9907
192.168.10.96 - - [05/Mar/2019:16:48:21 -0300] "GET /cormun/servlet/trsolicitudadjuntos?2019,14525, HTTP/1.1" 200 9906
192.168.10.96 - - [05/Mar/2019:16:48:23 -0300] "GET /cormun/servlet/solicitudotadjuntos?INS,2019,14525,,1, HTTP/1.1" 200 6361
192.168.10.96 - - [05/Mar/2019:16:48:23 -0300] "GET /cormun/static/about:blank HTTP/1.1" 404 1011
192.168.10.96 - - [05/Mar/2019:16:48:23 -0300] "GET /cormun/servlet/solicitudotadjuntos?INS,2019,14525,,1, HTTP/1.1" 200 6354
192.168.10.96 - - [05/Mar/2019:16:48:23 -0300] "GET /cormun/servlet/solicitudotadjuntos?9eea5c358a6f31759ece52ba57034035179ef38a1519e63b42f4fa94351c01c6cefa0040a73bbf966ab8fa122cd95a45,gx-no-cache=1551822111408 HTTP/1.1" 200 30
192.168.10.96 - - [05/Mar/2019:16:48:23 -0300] "POST /cormun/servlet/solicitudotadjuntos?0e3610df81e808a0679a1e0dc8c7cb56,INS,2019,14525,,1,,gx-no-cache=1551822111435 HTTP/1.1" 200 4072
192.168.10.96 - - [05/Mar/2019:16:48:26 -0300] "POST /cormun/servlet/solicitudotadjuntos?gx-no-cache=1551822114297 HTTP/1.1" 200 26
192.168.10.96 - - [05/Mar/2019:16:48:32 -0300] "GET /cormun/servlet/solicitudotadjuntos?9eea5c358a6f31759ece52ba57034035e36bbff425c3bc2858052ffa99d43c7a,gx-no-cache=1551822119673 HTTP/1.1" 200 30
192.168.10.96 - - [05/Mar/2019:16:48:32 -0300] "GET /cormun/servlet/solicitudotadjuntos?9eea5c358a6f31759ece52ba57034035e36bbff425c3bc2858052ffa99d43c7a,gx-no-cache=1551822119681 HTTP/1.1" 200 30
192.168.10.96 - - [05/Mar/2019:16:48:32 -0300] "POST /cormun/servlet/solicitudotadjuntos?0e3610df81e808a0679a1e0dc8c7cb56,INS,2019,14525,,1, HTTP/1.1" 200 116
192.168.10.96 - - [05/Mar/2019:16:48:32 -0300] "GET /cormun/servlet/hpexe_return? HTTP/1.1" 200 1027
192.168.10.96 - - [05/Mar/2019:16:48:32 -0300] "GET /cormun/servlet/trsolicitudadjuntos?2019,14525, HTTP/1.1" 200 10172
192.168.10.96 - - [05/Mar/2019:16:48:33 -0300] "GET /cormun/servlet/trsolicitudadjuntos?2019,14525, HTTP/1.1" 200 10172
192.168.10.96 - - [05/Mar/2019:16:48:35 -0300] "POST /cormun/servlet/trsolicitudadjuntos?0e3610df81e808a0679a1e0dc8c7cb56,2019,14525,,gx-no-cache=1551822123244 HTTP/1.1" 200 90
192.168.10.96 - - [05/Mar/2019:16:48:35 -0300] "GET /cormun/servlet/hpexe_link HTTP/1.1" 200 970
192.168.10.96 - - [05/Mar/2019:16:48:35 -0300] "GET /cormun/servlet/trsolicitudot HTTP/1.1" 200 9285
192.168.10.96 - - [05/Mar/2019:16:48:36 -0300] "GET /cormun/servlet/trsolicitudot HTTP/1.1" 200 9284
192.168.10.96 - - [05/Mar/2019:16:50:09 -0300] "GET /cormun/servlet/solicitudot?INS,0,0, HTTP/1.1" 200 15134
192.168.10.96 - - [05/Mar/2019:16:50:10 -0300] "GET /cormun/servlet/solicitudot?INS,0,0, HTTP/1.1" 200 15138
192.168.10.89 - - [05/Mar/2019:16:51:28 -0300] "POST /cormun/servlet/trsolicitudgral?d915acf7f2b50a8f83937c40fdbd53ca,,gx-no-cache=1551822295487 HTTP/1.1" 200 5960
192.168.10.89 - - [05/Mar/2019:16:51:44 -0300] "POST /cormun/servlet/trsolicitudgral?d915acf7f2b50a8f83937c40fdbd53ca,,gx-no-cache=1551822311884 HTTP/1.1" 200 7757
192.168.10.96 - - [05/Mar/2019:16:59:05 -0300] "POST /cormun/servlet/solicitudot?gx-no-cache=1551822753120 HTTP/1.1" 200 3435
192.168.10.96 - - [05/Mar/2019:16:59:05 -0300] "POST /cormun/servlet/solicitudot?0e3610df81e808a0679a1e0dc8c7cb56,INS,0,0,,gx-no-cache=1551822753260 HTTP/1.1" 200 11797
192.168.10.96 - - [05/Mar/2019:16:59:05 -0300] "GET /cormun/servlet/solicitudot?9eea5c358a6f31759ece52ba570340358ff8ab9e29053c98200ab1c09a52c7451892e5b59b8e905f469fb7995d59eff9,gx-no-cache=1551822753512 HTTP/1.1" 200 111
192.168.10.96 - - [05/Mar/2019:16:59:05 -0300] "GET /cormun/static/Shared/jqueryui/images/ui-bg_highlight-soft_100_c6c2c8_1x100.png HTTP/1.1" 404 1117
192.168.10.96 - - [05/Mar/2019:16:59:05 -0300] "GET /cormun/static/Shared/jqueryui/images/ui-icons_82798d_256x240.png HTTP/1.1" 404 1089
192.168.10.96 - - [05/Mar/2019:16:59:05 -0300] "GET /cormun/static/Shared/jqueryui/images/ui-icons_ebccce_256x240.png HTTP/1.1" 404 1089
192.168.10.96 - - [05/Mar/2019:16:59:05 -0300] "GET /cormun/static/Shared/jqueryui/images/ui-bg_flat_55_994d53_40x100.png HTTP/1.1" 404 1097
192.168.10.96 - - [05/Mar/2019:16:59:09 -0300] "GET /cormun/servlet/solicitudot?9eea5c358a6f31759ece52ba5703403550bd7ae105aabc31ac0d75f67ddb73f85d40f0c6ca1df200f9193c9c97c7dac2,gx-no-cache=1551822757547 HTTP/1.1" 200 30
190.171.141.114 - - [05/Mar/2019:16:59:54 -0300] "GET /cormun/servlet/trlicencias? HTTP/1.1" 200 6136
190.171.141.114 - - [05/Mar/2019:16:59:56 -0300] "GET /cormun/servlet/trlicencias? HTTP/1.1" 200 6129
190.171.141.114 - - [05/Mar/2019:16:59:56 -0300] "GET /cormun/servlet/hlogin HTTP/1.1" 200 1734
192.168.10.96 - - [05/Mar/2019:16:59:59 -0300] "GET /cormun/servlet/hlogin HTTP/1.1" 200 1726
192.168.10.96 - - [05/Mar/2019:17:00:06 -0300] "POST /cormun/servlet/hlogin?dc1ba7d114d005251da5bf56c8b00386,gx-no-cache=1551822814355 HTTP/1.1" 200 431
192.168.10.96 - - [05/Mar/2019:17:00:08 -0300] "POST /cormun/servlet/hlogin?dc1ba7d114d005251da5bf56c8b00386,gx-no-cache=1551822816250 HTTP/1.1" 200 90
192.168.10.96 - - [05/Mar/2019:17:00:08 -0300] "GET /cormun/servlet/hpexe_link HTTP/1.1" 200 953
192.168.10.96 - - [05/Mar/2019:17:00:08 -0300] "GET /cormun/servlet/hhome HTTP/1.1" 200 4310
192.168.10.96 - - [05/Mar/2019:17:00:09 -0300] "GET /cormun/servlet/hhome HTTP/1.1" 200 4307
190.171.141.114 - - [05/Mar/2019:17:00:09 -0300] "POST /cormun/servlet/hlogin?bb163347d84e61c208b509b3a02ef38e,gx-no-cache=1551815794193 HTTP/1.1" 200 90
190.171.141.114 - - [05/Mar/2019:17:00:09 -0300] "GET /cormun/servlet/hpexe_link HTTP/1.1" 200 948
190.171.141.114 - - [05/Mar/2019:17:00:09 -0300] "GET /cormun/servlet/hhome HTTP/1.1" 200 4050
190.171.141.114 - - [05/Mar/2019:17:00:11 -0300] "GET /cormun/servlet/hhome HTTP/1.1" 200 4045
192.168.10.96 - - [05/Mar/2019:17:00:11 -0300] "GET /cormun/servlet/trsolicitudot? HTTP/1.1" 200 9281
192.168.10.96 - - [05/Mar/2019:17:00:12 -0300] "GET /cormun/servlet/trsolicitudot? HTTP/1.1" 200 9279
190.171.143.106 - - [05/Mar/2019:17:00:17 -0300] "GET /cormun/servlet/prbanco?,MD,,gxPopupLevel%3D0%3B HTTP/1.1" 200 6644
192.168.10.96 - - [05/Mar/2019:17:00:18 -0300] "GET /cormun/servlet/solicitudot?INS,0,0, HTTP/1.1" 200 15135
192.168.10.96 - - [05/Mar/2019:17:00:18 -0300] "GET /cormun/servlet/solicitudot?INS,0,0, HTTP/1.1" 200 15140
190.171.141.114 - - [05/Mar/2019:17:00:37 -0300] "GET /cormun/servlet/trlicencias? HTTP/1.1" 200 8063
190.171.141.114 - - [05/Mar/2019:17:00:39 -0300] "GET /cormun/servlet/trlicencias? HTTP/1.1" 200 8060
192.168.10.96 - - [05/Mar/2019:17:00:52 -0300] "POST /cormun/servlet/solicitudot?gx-no-cache=1551822860239 HTTP/1.1" 200 3435
192.168.10.96 - - [05/Mar/2019:17:00:52 -0300] "POST /cormun/servlet/solicitudot?dc1ba7d114d005251da5bf56c8b00386,INS,0,0,,gx-no-cache=1551822860370 HTTP/1.1" 200 11800
190.171.143.106 - - [05/Mar/2019:17:00:54 -0300] "GET /cormun/servlet/solicitudot?d3689dbe73965e95c38a567f5cef664f367fcd4860d9a9a4430a598cc6cf77ef,gx-no-cache=1551815837917 HTTP/1.1" 200 94
190.171.143.106 - - [05/Mar/2019:17:00:55 -0300] "GET /cormun/servlet/solicitudot?d3689dbe73965e95c38a567f5cef664f3085eec7658ff3210fdde38af523225e,gx-no-cache=1551815838884 HTTP/1.1" 200 53
192.168.10.96 - - [05/Mar/2019:17:01:01 -0300] "GET /cormun/servlet/solicitudot?48b98bb3fdc65d3edb72bed215aa6544d27e905e957bc56fe8caa39be2ca42d2c1719cad3f22ee0d5cab565ef0e724a4,gx-no-cache=1551822868812 HTTP/1.1" 200 30
192.168.10.96 - - [05/Mar/2019:17:01:35 -0300] "POST /cormun/servlet/solicitudot?dc1ba7d114d005251da5bf56c8b00386,INS,0,0,,gx-no-cache=1551822902949 HTTP/1.1" 200 12141
192.168.10.96 - - [05/Mar/2019:17:01:35 -0300] "GET /cormun/static/Shared/jqueryui/images/ui-bg_highlight-soft_100_c6c2c8_1x100.png HTTP/1.1" 404 1117
192.168.10.96 - - [05/Mar/2019:17:01:35 -0300] "GET /cormun/static/Shared/jqueryui/images/ui-icons_82798d_256x240.png HTTP/1.1" 404 1089
192.168.10.96 - - [05/Mar/2019:17:01:35 -0300] "GET /cormun/static/Shared/jqueryui/images/ui-icons_ebccce_256x240.png HTTP/1.1" 404 1089
192.168.10.96 - - [05/Mar/2019:17:01:35 -0300] "GET /cormun/static/Shared/jqueryui/images/ui-bg_flat_55_994d53_40x100.png HTTP/1.1" 404 1097
192.168.10.96 - - [05/Mar/2019:17:01:39 -0300] "POST /cormun/servlet/solicitudot?dc1ba7d114d005251da5bf56c8b00386,INS,0,0,,gx-no-cache=1551822906895 HTTP/1.1" 200 12183
190.171.143.106 - - [05/Mar/2019:17:02:29 -0300] "GET /cormun/servlet/solicitudot?d3689dbe73965e95c38a567f5cef664fe2ef8487e0e48aa0fd7a4db3792cdcbe528672eb118bf11a162e5dc650a527708afe186ffdc80215c76e26c9b465d623,gx-no-cache=1551815932423 HTTP/1.1" 200 30
190.171.143.106 - - [05/Mar/2019:17:02:29 -0300] "GET /cormun/servlet/solicitudot?d3689dbe73965e95c38a567f5cef664f7b7a3234c245348f92ccb466d9c0db7406204fa224ee1c72ffc16d38d160a0015bd6721e02a7699f22af861cc03fbb85eb40ba1bd55835cd0d520f03b226a798fb91cfff4d0663acac9317d92af3a846074846cebd0f2b931d43381a46560323aedce1d52e8c572edfabd0077232c2c18a7718d8b9117247dc9ff21cb4bf1b7a94bcbba8eb5b9243b6974a89169d394cbb7df6a9ea488c9667f5653bc52f4be2cf66d896bc3e3fc8a440a9b04a3f2e874b604d4b37c83e051e32c04ab8927f69b0c417071e1206f68720cc46942af5b4cc4affb71010ca56cea716dbec900b50a9f32a4f8c618286a6f906221905d1394354c0517ddd917253f05c9c06c0d2f539eb42092b7070648094443033ea9c2ab517cd443aa53e4dec505e03f9a91de820eeffb698260c94cc58baef6e88c6f9c9e50ae9111d898d0c54dce72dca55077ddc04f1c3629000f00f26aaed7df2c7178f66b0b21c8422226801816255ba14c17f58044e0f3ab20463fd927f5383a640b6fdf54ae65f92fa41c1243e09e6df,gx-no-cache=1551815932503 HTTP/1.1" 200 30
190.171.143.106 - - [05/Mar/2019:17:02:30 -0300] "POST /cormun/servlet/solicitudot?gx-no-cache=1551815934114 HTTP/1.1" 200 30
192.168.10.96 - - [05/Mar/2019:17:02:31 -0300] "GET /cormun/servlet/solicitudot?48b98bb3fdc65d3edb72bed215aa6544cf0aa681d31a005858bb6825c6532d0e94abb1ad944ec943bebd8d35a5aa6cb4,gx-no-cache=1551822958689 HTTP/1.1" 200 30
192.168.10.96 - - [05/Mar/2019:17:02:34 -0300] "POST /cormun/servlet/solicitudot?dc1ba7d114d005251da5bf56c8b00386,INS,0,0,,gx-no-cache=1551822961724 HTTP/1.1" 200 12080
192.168.10.96 - - [05/Mar/2019:17:02:34 -0300] "GET /cormun/static/Shared/jqueryui/images/ui-bg_flat_55_fafafa_40x100.png HTTP/1.1" 404 1097
192.168.10.96 - - [05/Mar/2019:17:02:34 -0300] "GET /cormun/static/Shared/jqueryui/images/ui-icons_8d78a5_256x240.png HTTP/1.1" 404 1089
190.171.143.106 - - [05/Mar/2019:17:02:36 -0300] "POST /cormun/servlet/solicitudot?gx-no-cache=1551815940359 HTTP/1.1" 200 1280
190.171.143.106 - - [05/Mar/2019:17:02:36 -0300] "POST /cormun/servlet/solicitudot?gx-no-cache=1551815940399 HTTP/1.1" 200 40
190.171.143.106 - - [05/Mar/2019:17:02:37 -0300] "GET /cormun/servlet/solicitudot?d3689dbe73965e95c38a567f5cef664f27b5598b903fe53758daca55cfc2bcbaa0d13dfd98995be6702119d5113da61d92019e2bcc1467484538f637a5ccd0f744a88933db3a177d4171190d63fa5d4d5f3f6637bb676050b42a3c974a649efa308fd6390637bb64d2c28fef3284aaa5,gx-no-cache=1551815940422 HTTP/1.1" 200 110
190.171.143.106 - - [05/Mar/2019:17:02:37 -0300] "POST /cormun/servlet/solicitudot?gx-no-cache=1551815940461 HTTP/1.1" 200 83
190.171.143.106 - - [05/Mar/2019:17:02:37 -0300] "GET /cormun/servlet/solicitudot?d3689dbe73965e95c38a567f5cef664fca8f7934ee9f70fa52d436680e1abbb096f6eabaffdc213512b8e3821ed95fcc,gx-no-cache=1551815940491 HTTP/1.1" 200 30
190.171.143.106 - - [05/Mar/2019:17:02:37 -0300] "POST /cormun/servlet/solicitudot?gx-no-cache=1551815940517 HTTP/1.1" 200 30
190.171.143.106 - - [05/Mar/2019:17:02:37 -0300] "POST /cormun/servlet/solicitudot?c55943788086df67b26610c3d3d53adf,INS,0,0,,gx-no-cache=1551815940548 HTTP/1.1" 200 93
190.171.143.106 - - [05/Mar/2019:17:02:37 -0300] "GET /cormun/servlet/hpexe_return? HTTP/1.1" 200 1006
190.171.143.106 - - [05/Mar/2019:17:02:37 -0300] "GET /cormun/servlet/trsolicitudot HTTP/1.1" 200 8665
190.171.143.106 - - [05/Mar/2019:17:02:38 -0300] "GET /cormun/servlet/trsolicitudot HTTP/1.1" 200 8662
192.168.10.96 - - [05/Mar/2019:17:02:40 -0300] "GET /cormun/servlet/solicitudot?48b98bb3fdc65d3edb72bed215aa6544b12c6a090590e67eee9963c4dcc86293,gx-no-cache=1551822968187 HTTP/1.1" 200 29
192.168.10.96 - - [05/Mar/2019:17:02:40 -0300] "POST /cormun/servlet/solicitudot?gx-no-cache=1551822968211 HTTP/1.1" 200 297
192.168.10.96 - - [05/Mar/2019:17:02:40 -0300] "GET /cormun/servlet/solicitudot?48b98bb3fdc65d3edb72bed215aa65446135d815e6ed1ba2ef86ab3acf00e718eb04c8cb164e3231c814ba9e2ba5c0e6d5c8a98a94f598e641f2daea5b216f6f12917d53d1db82e7f42bfd8d84be2b375911aa41ae204e6019474c342ab7bec8813d6fcc23f5224d36fb6b15b82bfd40ed2330c5df425db8b12eb681e3aaec46a294b2c35ea0d3bd83f59af452f963b0b98237db50c9ebc1faf27d08790985887204cb0ce7e48c7ea9d28197c3691641e9f621b9843d43629ff0e81ce577eabd0f67002b0244fefc743e42f6af04808ae283c52b255a74b05f4eb3d2f6208cb6c59a58235b7cfa63b0bd337754b6997e7474f052a73fac20b3b0d616a85b152842b4864687756aeff3dee50552d57f324f995221e2a2cd88030d05c9123dc12bae535fac3c6ef2cbc0515785972c1920d335afc6cca92fdd508fe9a7df17562d7167e95858a37d4275cee1afd6a76885a668b2db2e4f82c7f692a3ee90f8945d02ae06be87b19058ef10613848529bb0107f32e50c5beb7b7e96a7a905ca6f45f7006d01316ec465535e3091ee53f0c3,gx-no-cache=1551822968236 HTTP/1.1" 200 30
190.171.143.106 - - [05/Mar/2019:17:02:41 -0300] "GET /cormun/servlet/solicitudot?INS,0,0, HTTP/1.1" 200 14893
190.171.143.106 - - [05/Mar/2019:17:02:42 -0300] "GET /cormun/servlet/solicitudot?INS,0,0, HTTP/1.1" 200 14898
190.171.143.106 - - [05/Mar/2019:17:02:45 -0300] "GET /cormun/servlet/trsolicitudot? HTTP/1.1" 200 8662
190.171.143.106 - - [05/Mar/2019:17:02:45 -0300] "GET /cormun/servlet/trsolicitudot? HTTP/1.1" 200 8662
192.168.10.96 - - [05/Mar/2019:17:02:46 -0300] "POST /cormun/servlet/solicitudot?gx-no-cache=1551822973546 HTTP/1.1" 200 30
192.168.10.96 - - [05/Mar/2019:17:02:46 -0300] "POST /cormun/servlet/solicitudot?gx-no-cache=1551822974309 HTTP/1.1" 200 1277
192.168.10.96 - - [05/Mar/2019:17:02:46 -0300] "POST /cormun/servlet/solicitudot?gx-no-cache=1551822974349 HTTP/1.1" 200 38
190.171.143.106 - - [05/Mar/2019:17:02:47 -0300] "POST /cormun/servlet/trsolicitudot?c55943788086df67b26610c3d3d53adf,,gx-no-cache=1551815950989 HTTP/1.1" 200 107
190.171.143.106 - - [05/Mar/2019:17:02:47 -0300] "GET /cormun/servlet/trsolicitudadjuntos?2019,14526, HTTP/1.1" 200 6170
190.171.143.106 - - [05/Mar/2019:17:02:47 -0300] "GET /cormun/static/gxcfg.js?20177612135366 HTTP/1.1" 200 953
190.171.143.106 - - [05/Mar/2019:17:02:47 -0300] "GET /cormun/static/trsolicitudadjuntos.js?20177612135632 HTTP/1.1" 200 17922
190.171.143.106 - - [05/Mar/2019:17:02:48 -0300] "GET /cormun/servlet/trsolicitudadjuntos?2019,14526, HTTP/1.1" 200 6170
190.171.143.106 - - [05/Mar/2019:17:02:49 -0300] "GET /cormun/servlet/solicitudotadjuntos?INS,2019,14526,,1, HTTP/1.1" 200 6117
190.171.143.106 - - [05/Mar/2019:17:02:49 -0300] "GET /cormun/static/about:blank HTTP/1.1" 404 1011
190.171.143.106 - - [05/Mar/2019:17:02:49 -0300] "GET /cormun/servlet/solicitudotadjuntos?INS,2019,14526,,1, HTTP/1.1" 200 6111
190.171.143.106 - - [05/Mar/2019:17:02:50 -0300] "GET /cormun/servlet/solicitudotadjuntos?d3689dbe73965e95c38a567f5cef664f6abcd2a073e66eba33edd28a08c452745867da6e133f4dd616232b5b8806b8a9,gx-no-cache=1551815953832 HTTP/1.1" 200 30
190.171.143.106 - - [05/Mar/2019:17:02:50 -0300] "POST /cormun/servlet/solicitudotadjuntos?c55943788086df67b26610c3d3d53adf,INS,2019,14526,,1,,gx-no-cache=1551815953865 HTTP/1.1" 200 3857
190.171.143.106 - - [05/Mar/2019:17:02:59 -0300] "POST /cormun/servlet/solicitudotadjuntos?gx-no-cache=1551815963321 HTTP/1.1" 200 26
192.168.10.96 - - [05/Mar/2019:17:03:00 -0300] "GET /cormun/servlet/solicitudot?48b98bb3fdc65d3edb72bed215aa65440f6db1e64081e6b593d31d0c953c69167fe39ad6278c53a45adc1f206fead81204c6738971bed2ca9fa09c11c4282db305346d9e04fd70c26884e39e7a7fbcc032f8eddfb1c2ddeeed8360686b063a4c914d96fe25c7ee4bd2fcb47116267636,gx-no-cache=1551822987820 HTTP/1.1" 200 110
192.168.10.96 - - [05/Mar/2019:17:03:00 -0300] "POST /cormun/servlet/solicitudot?gx-no-cache=1551822987843 HTTP/1.1" 200 64
192.168.10.96 - - [05/Mar/2019:17:03:03 -0300] "GET /cormun/servlet/solicitudot?48b98bb3fdc65d3edb72bed215aa6544550353859d57f82e0a06cbc268ef6a6e776b7da5b3b2c5ea09d16a1fad2847ac09418d11bedc2144063b2f8420fd64b2134b5f421ac468d943772f30e23b49b24ee89221501b442c95047af0fa5a345b443c51b9686521d1701aab524ff42d64,gx-no-cache=1551822991092 HTTP/1.1" 200 29
192.168.10.96 - - [05/Mar/2019:17:03:09 -0300] "GET /cormun/servlet/solicitudot?48b98bb3fdc65d3edb72bed215aa654422a1da52731f1634113fa31706fe0d8b05f616c1b6c95fa21802dc522ba1de6d,gx-no-cache=1551822997163 HTTP/1.1" 200 30
192.168.10.96 - - [05/Mar/2019:17:03:11 -0300] "POST /cormun/servlet/solicitudot?gx-no-cache=1551822999310 HTTP/1.1" 200 30
192.168.10.96 - - [05/Mar/2019:17:03:16 -0300] "POST /cormun/servlet/solicitudot?dc1ba7d114d005251da5bf56c8b00386,INS,0,0,,gx-no-cache=1551823003352 HTTP/1.1" 200 93
192.168.10.96 - - [05/Mar/2019:17:03:16 -0300] "GET /cormun/servlet/hpexe_return? HTTP/1.1" 200 1010
190.171.143.106 - - [05/Mar/2019:17:03:16 -0300] "GET /cormun/servlet/solicitudotadjuntos?d3689dbe73965e95c38a567f5cef664fc27c03ca4ff3b0a05ed8baef8d799bee,gx-no-cache=1551815979418 HTTP/1.1" 200 30
190.171.143.106 - - [05/Mar/2019:17:03:16 -0300] "GET /cormun/servlet/solicitudotadjuntos?d3689dbe73965e95c38a567f5cef664fc27c03ca4ff3b0a05ed8baef8d799bee,gx-no-cache=1551815979512 HTTP/1.1" 200 30
192.168.10.96 - - [05/Mar/2019:17:03:16 -0300] "GET /cormun/servlet/trsolicitudot HTTP/1.1" 200 9626
190.171.143.106 - - [05/Mar/2019:17:03:16 -0300] "POST /cormun/servlet/solicitudotadjuntos?c55943788086df67b26610c3d3d53adf,INS,2019,14526,,1, HTTP/1.1" 200 116
190.171.143.106 - - [05/Mar/2019:17:03:16 -0300] "GET /cormun/servlet/hpexe_return? HTTP/1.1" 200 1025
190.171.143.106 - - [05/Mar/2019:17:03:16 -0300] "GET /cormun/servlet/trsolicitudadjuntos?2019,14526, HTTP/1.1" 200 8753
192.168.10.96 - - [05/Mar/2019:17:03:16 -0300] "GET /cormun/servlet/trsolicitudot HTTP/1.1" 200 9622
190.171.143.106 - - [05/Mar/2019:17:03:16 -0300] "GET /cormun/servlet/trsolicitudadjuntos?2019,14526, HTTP/1.1" 200 8748
190.171.143.106 - - [05/Mar/2019:17:03:19 -0300] "GET /cormun/servlet/solicitudotadjuntos?INS,2019,14526,,1, HTTP/1.1" 200 6117
190.171.143.106 - - [05/Mar/2019:17:03:19 -0300] "GET /cormun/static/about:blank HTTP/1.1" 404 1011
190.171.143.106 - - [05/Mar/2019:17:03:19 -0300] "GET /cormun/servlet/solicitudotadjuntos?INS,2019,14526,,1, HTTP/1.1" 200 6111
190.171.143.106 - - [05/Mar/2019:17:03:20 -0300] "GET /cormun/servlet/solicitudotadjuntos?d3689dbe73965e95c38a567f5cef664f6abcd2a073e66eba33edd28a08c452745867da6e133f4dd616232b5b8806b8a9,gx-no-cache=1551815983796 HTTP/1.1" 200 30
190.171.143.106 - - [05/Mar/2019:17:03:20 -0300] "POST /cormun/servlet/solicitudotadjuntos?c55943788086df67b26610c3d3d53adf,INS,2019,14526,,1,,gx-no-cache=1551815983829 HTTP/1.1" 200 3857
190.171.143.106 - - [05/Mar/2019:17:03:22 -0300] "POST /cormun/servlet/solicitudotadjuntos?gx-no-cache=1551815986094 HTTP/1.1" 200 26
190.171.143.106 - - [05/Mar/2019:17:03:27 -0300] "GET /cormun/servlet/solicitudotadjuntos?d3689dbe73965e95c38a567f5cef664fc27c03ca4ff3b0a05ed8baef8d799bee,gx-no-cache=1551815990757 HTTP/1.1" 200 30
190.171.143.106 - - [05/Mar/2019:17:03:27 -0300] "GET /cormun/servlet/solicitudotadjuntos?d3689dbe73965e95c38a567f5cef664fc27c03ca4ff3b0a05ed8baef8d799bee,gx-no-cache=1551815990795 HTTP/1.1" 200 30
190.171.143.106 - - [05/Mar/2019:17:03:27 -0300] "POST /cormun/servlet/solicitudotadjuntos?c55943788086df67b26610c3d3d53adf,INS,2019,14526,,1, HTTP/1.1" 200 116
190.171.143.106 - - [05/Mar/2019:17:03:27 -0300] "GET /cormun/servlet/hpexe_return? HTTP/1.1" 200 1025
190.171.143.106 - - [05/Mar/2019:17:03:27 -0300] "GET /cormun/servlet/trsolicitudadjuntos?2019,14526, HTTP/1.1" 200 8962
190.171.143.106 - - [05/Mar/2019:17:03:28 -0300] "GET /cormun/servlet/trsolicitudadjuntos?2019,14526, HTTP/1.1" 200 8959
190.171.143.106 - - [05/Mar/2019:17:03:29 -0300] "GET /cormun/servlet/solicitudotadjuntos?INS,2019,14526,,1, HTTP/1.1" 200 6117
190.171.143.106 - - [05/Mar/2019:17:03:30 -0300] "GET /cormun/static/about:blank HTTP/1.1" 404 1011
190.171.143.106 - - [05/Mar/2019:17:03:30 -0300] "GET /cormun/servlet/solicitudotadjuntos?INS,2019,14526,,1, HTTP/1.1" 200 6111
190.171.143.106 - - [05/Mar/2019:17:03:30 -0300] "GET /cormun/servlet/solicitudotadjuntos?d3689dbe73965e95c38a567f5cef664f6abcd2a073e66eba33edd28a08c452745867da6e133f4dd616232b5b8806b8a9,gx-no-cache=1551815994168 HTTP/1.1" 200 30
190.171.143.106 - - [05/Mar/2019:17:03:30 -0300] "POST /cormun/servlet/solicitudotadjuntos?c55943788086df67b26610c3d3d53adf,INS,2019,14526,,1,,gx-no-cache=1551815994205 HTTP/1.1" 200 3857
192.168.10.96 - - [05/Mar/2019:17:03:33 -0300] "POST /cormun/servlet/trsolicitudot?dc1ba7d114d005251da5bf56c8b00386,gx-no-cache=1551823021465 HTTP/1.1" 200 107
192.168.10.96 - - [05/Mar/2019:17:03:34 -0300] "GET /cormun/servlet/trsolicitudadjuntos?2019,14527, HTTP/1.1" 200 6411
190.171.143.106 - - [05/Mar/2019:17:03:34 -0300] "POST /cormun/servlet/solicitudotadjuntos?gx-no-cache=1551815997766 HTTP/1.1" 200 26
192.168.10.96 - - [05/Mar/2019:17:03:34 -0300] "GET /cormun/servlet/trsolicitudadjuntos?2019,14527, HTTP/1.1" 200 6411
190.171.143.106 - - [05/Mar/2019:17:03:39 -0300] "GET /cormun/servlet/solicitudotadjuntos?d3689dbe73965e95c38a567f5cef664fc27c03ca4ff3b0a05ed8baef8d799bee,gx-no-cache=1551816002782 HTTP/1.1" 200 30
190.171.143.106 - - [05/Mar/2019:17:03:39 -0300] "GET /cormun/servlet/solicitudotadjuntos?d3689dbe73965e95c38a567f5cef664fc27c03ca4ff3b0a05ed8baef8d799bee,gx-no-cache=1551816002903 HTTP/1.1" 200 30
190.171.143.106 - - [05/Mar/2019:17:03:39 -0300] "POST /cormun/servlet/solicitudotadjuntos?c55943788086df67b26610c3d3d53adf,INS,2019,14526,,1, HTTP/1.1" 200 116
190.171.143.106 - - [05/Mar/2019:17:03:39 -0300] "GET /cormun/servlet/hpexe_return? HTTP/1.1" 200 1025
190.171.143.106 - - [05/Mar/2019:17:03:40 -0300] "GET /cormun/servlet/trsolicitudadjuntos?2019,14526, HTTP/1.1" 200 9140
190.171.143.106 - - [05/Mar/2019:17:03:40 -0300] "GET /cormun/servlet/trsolicitudadjuntos?2019,14526, HTTP/1.1" 200 9139
190.171.143.106 - - [05/Mar/2019:17:03:42 -0300] "GET /cormun/servlet/solicitudotadjuntos?INS,2019,14526,,1, HTTP/1.1" 200 6118
190.171.143.106 - - [05/Mar/2019:17:03:42 -0300] "GET /cormun/static/about:blank HTTP/1.1" 404 1011
190.171.143.106 - - [05/Mar/2019:17:03:42 -0300] "GET /cormun/servlet/solicitudotadjuntos?INS,2019,14526,,1, HTTP/1.1" 200 6112
190.171.143.106 - - [05/Mar/2019:17:03:43 -0300] "GET /cormun/servlet/solicitudotadjuntos?d3689dbe73965e95c38a567f5cef664f6abcd2a073e66eba33edd28a08c452745867da6e133f4dd616232b5b8806b8a9,gx-no-cache=1551816006377 HTTP/1.1" 200 30
190.171.143.106 - - [05/Mar/2019:17:03:43 -0300] "POST /cormun/servlet/solicitudotadjuntos?c55943788086df67b26610c3d3d53adf,INS,2019,14526,,1,,gx-no-cache=1551816006515 HTTP/1.1" 200 3858
190.171.143.106 - - [05/Mar/2019:17:03:45 -0300] "POST /cormun/servlet/solicitudotadjuntos?gx-no-cache=1551816009157 HTTP/1.1" 200 26
190.171.143.106 - - [05/Mar/2019:17:03:51 -0300] "GET /cormun/servlet/solicitudotadjuntos?d3689dbe73965e95c38a567f5cef664fc27c03ca4ff3b0a05ed8baef8d799bee,gx-no-cache=1551816014526 HTTP/1.1" 200 30
190.171.143.106 - - [05/Mar/2019:17:03:51 -0300] "GET /cormun/servlet/solicitudotadjuntos?d3689dbe73965e95c38a567f5cef664fc27c03ca4ff3b0a05ed8baef8d799bee,gx-no-cache=1551816014949 HTTP/1.1" 200 30
190.171.143.106 - - [05/Mar/2019:17:03:51 -0300] "POST /cormun/servlet/solicitudotadjuntos?c55943788086df67b26610c3d3d53adf,INS,2019,14526,,1, HTTP/1.1" 200 116
190.171.143.106 - - [05/Mar/2019:17:03:51 -0300] "GET /cormun/servlet/hpexe_return? HTTP/1.1" 200 1025
190.171.143.106 - - [05/Mar/2019:17:03:52 -0300] "GET /cormun/servlet/trsolicitudadjuntos?2019,14526, HTTP/1.1" 200 9364
190.171.143.106 - - [05/Mar/2019:17:03:52 -0300] "GET /cormun/servlet/trsolicitudadjuntos?2019,14526, HTTP/1.1" 200 9363
192.168.10.96 - - [05/Mar/2019:17:03:54 -0300] "GET /cormun/servlet/solicitudotadjuntos?INS,2019,14527,,1, HTTP/1.1" 200 6361
192.168.10.96 - - [05/Mar/2019:17:03:54 -0300] "GET /cormun/static/about:blank HTTP/1.1" 404 1011
192.168.10.96 - - [05/Mar/2019:17:03:54 -0300] "GET /cormun/servlet/solicitudotadjuntos?INS,2019,14527,,1, HTTP/1.1" 200 6354
192.168.10.96 - - [05/Mar/2019:17:03:55 -0300] "GET /cormun/servlet/solicitudotadjuntos?48b98bb3fdc65d3edb72bed215aa654422d358e3927a18100f1453e066d576c534c5a7709d11616fe9534113a5eac94a,gx-no-cache=1551823042642 HTTP/1.1" 200 30
192.168.10.96 - - [05/Mar/2019:17:03:55 -0300] "POST /cormun/servlet/solicitudotadjuntos?dc1ba7d114d005251da5bf56c8b00386,INS,2019,14527,,1,,gx-no-cache=1551823042674 HTTP/1.1" 200 4069
190.171.143.106 - - [05/Mar/2019:17:03:55 -0300] "GET /cormun/servlet/solicitudotadjuntos?INS,2019,14526,,2, HTTP/1.1" 200 6117
190.171.143.106 - - [05/Mar/2019:17:03:56 -0300] "GET /cormun/static/about:blank HTTP/1.1" 404 1011
190.171.143.106 - - [05/Mar/2019:17:03:56 -0300] "GET /cormun/servlet/solicitudotadjuntos?INS,2019,14526,,2, HTTP/1.1" 200 6111
190.171.143.106 - - [05/Mar/2019:17:03:57 -0300] "GET /cormun/servlet/solicitudotadjuntos?d3689dbe73965e95c38a567f5cef664f6abcd2a073e66eba33edd28a08c452745867da6e133f4dd616232b5b8806b8a9,gx-no-cache=1551816020225 HTTP/1.1" 200 30
190.171.143.106 - - [05/Mar/2019:17:03:57 -0300] "POST /cormun/servlet/solicitudotadjuntos?c55943788086df67b26610c3d3d53adf,INS,2019,14526,,2,,gx-no-cache=1551816020894 HTTP/1.1" 200 4067
