207.46.13.234 - - [04/Mar/2019:00:09:02 -0300] "GET /cormun/servlet/solicitudot?UPD,2016,2672,&_escaped_fragment_= HTTP/1.1" 200 14465
207.46.13.234 - - [04/Mar/2019:02:14:07 -0300] "GET /cormun/servlet/trsolicitudot?_escaped_fragment_= HTTP/1.1" 200 6385
78.108.177.53 - - [04/Mar/2019:02:28:59 -0300] "GET / HTTP/1.0" 200 11197
207.46.13.234 - - [04/Mar/2019:03:16:42 -0300] "GET /cormun/servlet/hpexe_return HTTP/1.1" 200 1037
207.46.13.57 - - [04/Mar/2019:03:17:01 -0300] "GET /cormun/static/gxapiSD.js?85251 HTTP/1.1" 200 78773
207.46.13.57 - - [04/Mar/2019:03:17:02 -0300] "GET /cormun/static/gxtypesSD.js?85251 HTTP/1.1" 200 24551
157.55.39.217 - - [04/Mar/2019:03:17:05 -0300] "GET /cormun/static/RunJS/RunJS.js HTTP/1.1" 200 288
157.55.39.217 - - [04/Mar/2019:03:17:05 -0300] "GET /cormun/static/gxtimezone.js?85251 HTTP/1.1" 200 5781
157.55.39.217 - - [04/Mar/2019:03:17:05 -0300] "GET /cormun/static/rijndaelSD.js?85251 HTTP/1.1" 200 6763
207.46.13.234 - - [04/Mar/2019:03:17:10 -0300] "GET /cormun/static/Resources/Spanish/PXTools.css?167811 HTTP/1.1" 200 89042
207.46.13.234 - - [04/Mar/2019:03:17:11 -0300] "GET /cormun/static/gxcfg.js?85251 HTTP/1.1" 200 953
207.46.13.234 - - [04/Mar/2019:03:17:11 -0300] "GET /cormun/static/gxfrmutlSD.js?85251 HTTP/1.1" 200 89044
207.46.13.234 - - [04/Mar/2019:03:17:12 -0300] "GET /cormun/static/hpexe_return.js?2016101716175153 HTTP/1.1" 200 1633
207.46.13.149 - - [04/Mar/2019:03:30:12 -0300] "GET /cormun/servlet/trvisualizadoreventos HTTP/1.1" 200 5966
93.184.67.96 - - [04/Mar/2019:03:40:11 -0300] "GET / HTTP/1.1" 200 11217
95.133.62.3 - - [04/Mar/2019:04:11:57 -0300] "GET / HTTP/1.1" 200 11217
40.77.193.231 - - [04/Mar/2019:04:18:10 -0300] "GET /cormun/static/Resources/indicator.gif HTTP/1.1" 200 1553
40.77.195.214 - - [04/Mar/2019:04:18:13 -0300] "GET /cormun/servlet/hhome HTTP/1.1" 200 15677
157.55.39.217 - - [04/Mar/2019:05:06:27 -0300] "GET /cormun/servlet/trautorizarsolicitud HTTP/1.1" 200 6293
66.249.64.93 - - [04/Mar/2019:05:08:45 -0300] "GET /cormun/servlet/hlogin HTTP/1.1" 200 1722
207.46.13.102 - - [04/Mar/2019:05:11:26 -0300] "GET /cormun/static/PXToolsJavascripts/PXToolsJavascriptsRender.js HTTP/1.1" 200 367
207.46.13.102 - - [04/Mar/2019:05:11:27 -0300] "GET /cormun/static/PXToolsJavascripts/pexe_oavdivfix.js HTTP/1.1" 200 639
207.46.13.102 - - [04/Mar/2019:05:11:29 -0300] "GET /cormun/static/Resources/Spanish/PXTools.css?11423723 HTTP/1.1" 200 89042
207.46.13.102 - - [04/Mar/2019:05:11:30 -0300] "GET /cormun/static/Shared/jqueryui/jquery-ui.min.js HTTP/1.1" 200 240427
207.46.13.102 - - [04/Mar/2019:05:11:30 -0300] "GET /cormun/static/SmoothNavMenu/resources/ddsmoothmenu.js HTTP/1.1" 200 12712
157.55.39.213 - - [04/Mar/2019:05:11:31 -0300] "GET /cormun/static/PXToolsJavascripts/pexe_cookies.js HTTP/1.1" 200 792
157.55.39.213 - - [04/Mar/2019:05:11:32 -0300] "GET /cormun/static/PXToolsJavascripts/pexe_layers.js HTTP/1.1" 200 4114
157.55.39.213 - - [04/Mar/2019:05:11:32 -0300] "GET /cormun/static/PXToolsJavascripts/pexe_scrolldiv.js HTTP/1.1" 200 4138
157.55.39.213 - - [04/Mar/2019:05:11:32 -0300] "GET /cormun/static/PXToolsJavascripts/pexe_upload.js HTTP/1.1" 200 1423
157.55.39.213 - - [04/Mar/2019:05:11:37 -0300] "GET /cormun/static/Shared/ext/ext-all.js HTTP/1.1" 200 1289687
157.55.39.213 - - [04/Mar/2019:05:11:38 -0300] "GET /cormun/static/Shared/jquery/jquery-1.4.2.min.js HTTP/1.1" 200 72174
157.55.39.213 - - [04/Mar/2019:05:11:39 -0300] "GET /cormun/static/Shared/jqueryui/jquery-ui.min.css?1245370 HTTP/1.1" 200 30288
157.55.39.213 - - [04/Mar/2019:05:11:39 -0300] "GET /cormun/static/SmoothNavMenu/resources/ddsmoothmenu-v.css?1012540 HTTP/1.1" 200 1188
157.55.39.213 - - [04/Mar/2019:05:11:39 -0300] "GET /cormun/static/SmoothNavMenu/resources/ddsmoothmenu.css?1012540 HTTP/1.1" 200 2223
157.55.39.213 - - [04/Mar/2019:05:11:39 -0300] "GET /cormun/static/gxui/gxui-all.js HTTP/1.1" 200 107772
157.55.39.213 - - [04/Mar/2019:05:11:40 -0300] "GET /cormun/static/hmpwkw03.js?20189613443875 HTTP/1.1" 200 3965
157.55.39.213 - - [04/Mar/2019:05:11:40 -0300] "GET /cormun/static/hpexe_messagepopupcomponent.js?20161017169425 HTTP/1.1" 200 605
157.55.39.213 - - [04/Mar/2019:05:11:40 -0300] "GET /cormun/static/hpexe_recentlink.js?20177611595044 HTTP/1.1" 200 2144
157.55.39.213 - - [04/Mar/2019:05:11:41 -0300] "GET /cormun/static/scaMessage/js/jquery.pnotify.min.js HTTP/1.1" 200 13038
157.55.39.213 - - [04/Mar/2019:05:11:41 -0300] "GET /cormun/static/trvisualizadoreventos.js?20175251251768 HTTP/1.1" 200 19318
207.46.13.102 - - [04/Mar/2019:05:11:46 -0300] "GET /cormun/static/calendar-es.js?85251 HTTP/1.1" 200 1901
207.46.13.102 - - [04/Mar/2019:05:11:46 -0300] "GET /cormun/static/hpexe_messagecontroller.js?20177611595012 HTTP/1.1" 200 870
207.46.13.102 - - [04/Mar/2019:05:11:47 -0300] "GET /cormun/static/scaMessage/scaMessageRender.js HTTP/1.1" 200 11977
207.46.13.149 - - [04/Mar/2019:05:12:04 -0300] "GET /cormun/static/PXToolsJavascripts/pexe_grid.js HTTP/1.1" 200 7559
207.46.13.149 - - [04/Mar/2019:05:12:04 -0300] "GET /cormun/static/PXToolsJavascripts/pexe_menudivfix.js HTTP/1.1" 200 333
207.46.13.149 - - [04/Mar/2019:05:12:04 -0300] "GET /cormun/static/PXToolsJavascripts/pexe_popup.js HTTP/1.1" 200 13458
207.46.13.149 - - [04/Mar/2019:05:12:05 -0300] "GET /cormun/static/PXToolsJavascripts/pexe_tabdivfix.js HTTP/1.1" 200 876
207.46.13.149 - - [04/Mar/2019:05:12:05 -0300] "GET /cormun/static/SmoothNavMenu/resources/SmoothNavMenuRender.js HTTP/1.1" 200 5951
207.46.13.149 - - [04/Mar/2019:05:12:10 -0300] "GET /cormun/static/calendar-setup.js?85251 HTTP/1.1" 200 2588
207.46.13.149 - - [04/Mar/2019:05:12:11 -0300] "GET /cormun/static/hpexe_messagegenexuscomponent.js?201752511465344 HTTP/1.1" 200 587
207.46.13.149 - - [04/Mar/2019:05:12:11 -0300] "GET /cormun/static/hwchdr01.js?201752511465785 HTTP/1.1" 200 1183
157.55.39.217 - - [04/Mar/2019:05:12:17 -0300] "GET /cormun/static/PXToolsJavascripts/pexe_autoreload.js HTTP/1.1" 200 1762
157.55.39.217 - - [04/Mar/2019:05:12:17 -0300] "GET /cormun/static/PXToolsJavascripts/pexe_windows.js HTTP/1.1" 200 15207
157.55.39.217 - - [04/Mar/2019:05:12:17 -0300] "GET /cormun/static/Shared/ext/locale/ext-lang-en.js HTTP/1.1" 200 10940
157.55.39.217 - - [04/Mar/2019:05:12:18 -0300] "GET /cormun/static/calendar-system.css?75620 HTTP/1.1" 200 5572
157.55.39.217 - - [04/Mar/2019:05:12:18 -0300] "GET /cormun/static/calendar.js?85251 HTTP/1.1" 200 26246
157.55.39.217 - - [04/Mar/2019:05:12:18 -0300] "GET /cormun/static/cmcontrolpreferences.js?201752511465670 HTTP/1.1" 200 1375
157.55.39.217 - - [04/Mar/2019:05:12:19 -0300] "GET /cormun/static/gxcfg.js?20175251251426 HTTP/1.1" 200 953
157.55.39.217 - - [04/Mar/2019:05:12:19 -0300] "GET /cormun/static/hpexe_scripts.js?201752511465715 HTTP/1.1" 200 1544
157.55.39.213 - - [04/Mar/2019:05:14:13 -0300] "GET /cormun/servlet/trsolicitudot?_escaped_fragment_= HTTP/1.1" 200 6437
87.250.108.170 - - [04/Mar/2019:05:17:31 -0300] "GET / HTTP/1.1" 200 11217
66.240.205.34 - - [04/Mar/2019:05:19:44 -0300] "GET / HTTP/1.1" 200 11217
66.240.205.34 - - [04/Mar/2019:05:19:44 -0300] "GET /robots.txt HTTP/1.1" 404 981
66.240.205.34 - - [04/Mar/2019:05:19:45 -0300] "GET /sitemap.xml HTTP/1.1" 404 983
66.240.205.34 - - [04/Mar/2019:05:19:45 -0300] "GET /.well-known/security.txt HTTP/1.1" 404 1009
66.240.205.34 - - [04/Mar/2019:05:19:46 -0300] "GET /favicon.ico HTTP/1.1" 200 21630
152.172.19.89 - - [04/Mar/2019:05:28:55 -0300] "GET / HTTP/1.1" 200 11217
46.174.191.32 - - [04/Mar/2019:06:02:01 -0300] "GET / HTTP/1.0" 200 11197
78.108.177.51 - - [04/Mar/2019:06:04:18 -0300] "GET / HTTP/1.0" 200 11197
157.55.39.213 - - [04/Mar/2019:06:12:49 -0300] "GET /cormun/servlet/hlogin HTTP/1.1" 200 1714
207.46.13.102 - - [04/Mar/2019:06:19:17 -0300] "GET /cormun/servlet/licenciaspermisos?INS,0,,, HTTP/1.1" 200 6765
207.46.13.102 - - [04/Mar/2019:06:47:24 -0300] "GET /cormun/servlet/licenciaspermisos?INS,0,,, HTTP/1.1" 200 6828
191.254.188.225 - - [04/Mar/2019:06:52:23 -0300] "GET / HTTP/1.1" 200 11217
191.254.188.225 - - [04/Mar/2019:06:52:23 -0300] "GET / HTTP/1.1" 200 11217
186.233.198.122 - - [04/Mar/2019:07:20:33 -0300] "GET / HTTP/1.1" 200 11217
110.5.110.121 - - [04/Mar/2019:07:38:01 -0300] "GET / HTTP/1.1" 200 11217
207.46.13.170 - - [04/Mar/2019:07:51:40 -0300] "GET /cormun/servlet/solicitudotadjuntos?INS,2016,2923,,1, HTTP/1.1" 200 5284
192.168.10.96 - - [04/Mar/2019:07:55:14 -0300] "GET /cormun/servlet/hlogin HTTP/1.1" 200 1722
192.168.10.96 - - [04/Mar/2019:07:55:20 -0300] "GET /cormun/servlet/hlogin HTTP/1.1" 200 1722
192.168.10.96 - - [04/Mar/2019:07:55:21 -0300] "GET /cormun/servlet/hlogin HTTP/1.1" 200 1733
192.168.10.96 - - [04/Mar/2019:07:55:30 -0300] "POST /cormun/servlet/hlogin?3a100fcc71059993d2f9fe87b3bfff61,gx-no-cache=1551703740824 HTTP/1.1" 200 448
192.168.10.96 - - [04/Mar/2019:07:55:33 -0300] "POST /cormun/servlet/hlogin?3a100fcc71059993d2f9fe87b3bfff61,gx-no-cache=1551703743564 HTTP/1.1" 200 90
192.168.10.96 - - [04/Mar/2019:07:55:33 -0300] "GET /cormun/servlet/hpexe_link HTTP/1.1" 200 953
192.168.10.96 - - [04/Mar/2019:07:55:34 -0300] "GET /cormun/servlet/hhome HTTP/1.1" 200 4776
192.168.10.96 - - [04/Mar/2019:07:55:35 -0300] "GET /cormun/servlet/hhome HTTP/1.1" 200 4773
192.168.10.96 - - [04/Mar/2019:07:56:45 -0300] "GET /cormun/servlet/trsolicitudgral? HTTP/1.1" 200 26770
192.168.10.96 - - [04/Mar/2019:07:56:46 -0300] "GET /cormun/servlet/trsolicitudgral? HTTP/1.1" 200 26768
192.168.10.96 - - [04/Mar/2019:07:57:06 -0300] "POST /cormun/servlet/trsolicitudgral?3a100fcc71059993d2f9fe87b3bfff61,,gx-no-cache=1551703836488 HTTP/1.1" 200 5969
192.168.10.96 - - [04/Mar/2019:07:57:10 -0300] "POST /cormun/servlet/trsolicitudgral?3a100fcc71059993d2f9fe87b3bfff61,,gx-no-cache=1551703840822 HTTP/1.1" 200 7941
192.168.10.96 - - [04/Mar/2019:07:58:53 -0300] "POST /cormun/servlet/trsolicitudgral?3a100fcc71059993d2f9fe87b3bfff61,,gx-no-cache=1551703943648 HTTP/1.1" 200 21777
207.46.13.149 - - [04/Mar/2019:07:59:51 -0300] "GET /cormun/servlet/hpexe_link HTTP/1.1" 200 984
40.77.190.117 - - [04/Mar/2019:08:00:55 -0300] "GET /cormun/servlet/trsolicitudot HTTP/1.1" 200 33942
40.77.189.186 - - [04/Mar/2019:08:00:57 -0300] "GET /cormun/static/Resources/Spanish/PXTools.css?1155365 HTTP/1.1" 200 89042
190.171.141.106 - - [04/Mar/2019:08:00:59 -0300] "GET /cormun/servlet/hlogin HTTP/1.1" 200 1726
40.77.189.124 - - [04/Mar/2019:08:00:59 -0300] "GET /cormun/static/gxcfg.js?20177612122725 HTTP/1.1" 200 953
190.171.141.106 - - [04/Mar/2019:08:01:00 -0300] "GET /cormun/servlet/hlogin HTTP/1.1" 200 1737
40.77.188.116 - - [04/Mar/2019:08:01:01 -0300] "GET /cormun/static/hlogin.js?20177612122738 HTTP/1.1" 200 2136
190.171.141.106 - - [04/Mar/2019:08:01:02 -0300] "POST /cormun/servlet/hlogin?528554aed9e9d245f3ebc64e82c87a8e,gx-no-cache=1551697047174 HTTP/1.1" 200 90
190.171.141.106 - - [04/Mar/2019:08:01:02 -0300] "GET /cormun/servlet/hpexe_link HTTP/1.1" 200 954
190.171.141.106 - - [04/Mar/2019:08:01:03 -0300] "GET /cormun/servlet/hhome HTTP/1.1" 200 4005
190.171.141.106 - - [04/Mar/2019:08:01:03 -0300] "GET /cormun/static/scaMessage/css/jquery.pnotify.default.css?1716380 HTTP/1.1" 304 -
190.171.141.106 - - [04/Mar/2019:08:01:05 -0300] "GET /cormun/servlet/hhome HTTP/1.1" 200 4001
190.171.141.106 - - [04/Mar/2019:08:01:09 -0300] "GET /cormun/servlet/trsolicitudot? HTTP/1.1" 200 7215
190.171.141.106 - - [04/Mar/2019:08:01:10 -0300] "GET /cormun/servlet/trsolicitudot? HTTP/1.1" 200 7214
190.171.141.106 - - [04/Mar/2019:08:01:14 -0300] "GET /cormun/servlet/solicitudot?INS,0,0, HTTP/1.1" 200 14831
190.171.141.106 - - [04/Mar/2019:08:01:14 -0300] "GET /cormun/static/gxcfg.js?20189101114418 HTTP/1.1" 200 953
190.171.141.106 - - [04/Mar/2019:08:01:14 -0300] "GET /cormun/static/solicitudot.js?20189101114718 HTTP/1.1" 200 71883
190.171.141.106 - - [04/Mar/2019:08:01:15 -0300] "GET /cormun/servlet/solicitudot?INS,0,0, HTTP/1.1" 200 14836
207.46.13.170 - - [04/Mar/2019:08:03:02 -0300] "GET /cormun/servlet/trlicenciaspermisosadjuntos?15902619,20181101000000,L,_escaped_fragment_%3D&_escaped_fragment_= HTTP/1.1" 200 5426
190.171.141.106 - - [04/Mar/2019:08:03:11 -0300] "POST /cormun/servlet/solicitudot?gx-no-cache=1551697174188 HTTP/1.1" 200 3435
190.171.141.106 - - [04/Mar/2019:08:03:11 -0300] "POST /cormun/servlet/solicitudot?528554aed9e9d245f3ebc64e82c87a8e,INS,0,0,,gx-no-cache=1551697175422 HTTP/1.1" 200 11589
190.171.141.106 - - [04/Mar/2019:08:03:19 -0300] "GET /cormun/servlet/solicitudot?ee4fae0139a6df3c05f11c0157c1c2147578b39cc1ec25f88d301d9ebeac14a4d5fc2f2974496ec852600ede6cb3cdb7,gx-no-cache=1551697183217 HTTP/1.1" 200 30
192.168.10.96 - - [04/Mar/2019:08:04:04 -0300] "POST /cormun/servlet/trsolicitudgral?3a100fcc71059993d2f9fe87b3bfff61,,gx-no-cache=1551704252213 HTTP/1.1" 200 21776
192.168.10.96 - - [04/Mar/2019:08:04:21 -0300] "POST /cormun/servlet/trsolicitudgral?3a100fcc71059993d2f9fe87b3bfff61,,gx-no-cache=1551704263211 HTTP/1.1" 200 25185
192.168.10.96 - - [04/Mar/2019:08:05:17 -0300] "POST /cormun/servlet/trsolicitudgral?3a100fcc71059993d2f9fe87b3bfff61,,gx-no-cache=1551704325357 HTTP/1.1" 200 21777
192.168.10.96 - - [04/Mar/2019:08:05:22 -0300] "POST /cormun/servlet/trsolicitudgral?3a100fcc71059993d2f9fe87b3bfff61,,gx-no-cache=1551704330657 HTTP/1.1" 200 5972
192.168.10.96 - - [04/Mar/2019:08:05:40 -0300] "POST /cormun/servlet/trsolicitudgral?3a100fcc71059993d2f9fe87b3bfff61,,gx-no-cache=1551704347847 HTTP/1.1" 200 5961
192.168.10.96 - - [04/Mar/2019:08:05:42 -0300] "POST /cormun/servlet/trsolicitudgral?3a100fcc71059993d2f9fe87b3bfff61,,gx-no-cache=1551704350326 HTTP/1.1" 200 5961
192.168.10.96 - - [04/Mar/2019:08:05:45 -0300] "POST /cormun/servlet/trsolicitudgral?3a100fcc71059993d2f9fe87b3bfff61,,gx-no-cache=1551704353319 HTTP/1.1" 200 21775
192.168.10.96 - - [04/Mar/2019:08:06:07 -0300] "POST /cormun/servlet/trsolicitudgral?3a100fcc71059993d2f9fe87b3bfff61,,gx-no-cache=1551704375346 HTTP/1.1" 200 7338
192.168.10.96 - - [04/Mar/2019:08:06:19 -0300] "GET /cormun/servlet/hlogin HTTP/1.1" 200 1743
192.168.10.96 - - [04/Mar/2019:08:06:32 -0300] "POST /cormun/servlet/hlogin?3a100fcc71059993d2f9fe87b3bfff61,gx-no-cache=1551704400648 HTTP/1.1" 200 90
192.168.10.96 - - [04/Mar/2019:08:06:32 -0300] "GET /cormun/servlet/hpexe_link HTTP/1.1" 200 953
192.168.10.96 - - [04/Mar/2019:08:06:32 -0300] "GET /cormun/servlet/hhome HTTP/1.1" 200 3793
192.168.10.96 - - [04/Mar/2019:08:06:33 -0300] "GET /cormun/servlet/hhome HTTP/1.1" 200 3792
192.168.10.96 - - [04/Mar/2019:08:06:35 -0300] "GET /cormun/servlet/trsolicitudgral? HTTP/1.1" 200 9656
192.168.10.96 - - [04/Mar/2019:08:06:35 -0300] "GET /cormun/servlet/trsolicitudgral? HTTP/1.1" 200 9654
190.171.141.106 - - [04/Mar/2019:08:06:38 -0300] "GET /cormun/servlet/solicitudot?ee4fae0139a6df3c05f11c0157c1c214c6c87749dd911471abe4d70a1205e664ab0512bb42fd92b18dac55facc832e6ba1b4552e4e1ac0c617326be12ed8db9f,gx-no-cache=1551697382169 HTTP/1.1" 200 30
190.171.141.106 - - [04/Mar/2019:08:06:39 -0300] "GET /cormun/servlet/solicitudot?ee4fae0139a6df3c05f11c0157c1c2144d4ff1223a8520ea867f254aa07a9cb3,gx-no-cache=1551697383671 HTTP/1.1" 200 29
192.168.10.96 - - [04/Mar/2019:08:06:41 -0300] "POST /cormun/servlet/trsolicitudgral?3a100fcc71059993d2f9fe87b3bfff61,,gx-no-cache=1551704409694 HTTP/1.1" 200 6648
190.171.141.106 - - [04/Mar/2019:08:06:45 -0300] "GET /cormun/static/Resources/resize.gif HTTP/1.1" 200 77
190.171.141.106 - - [04/Mar/2019:08:06:45 -0300] "GET /cormun/servlet/prbanco?,MD,,gxPopupLevel%3D0%3B HTTP/1.1" 200 6573
190.171.141.106 - - [04/Mar/2019:08:06:45 -0300] "GET /cormun/static/gxcfg.js?20181161016094 HTTP/1.1" 200 953
190.171.141.106 - - [04/Mar/2019:08:06:45 -0300] "GET /cormun/static/prbanco.js?2018116101633 HTTP/1.1" 200 10693
190.171.141.106 - - [04/Mar/2019:08:06:45 -0300] "GET /cormun/static/menusearch.js?201610171694467 HTTP/1.1" 200 1424
190.171.141.106 - - [04/Mar/2019:08:06:45 -0300] "GET /cormun/static/hmpwkw011.js?20177612121862 HTTP/1.1" 200 1968
190.171.141.106 - - [04/Mar/2019:08:06:45 -0300] "GET /cormun/static/Resources/PXToolsMenuSearchCancel.png HTTP/1.1" 200 2972
190.171.141.106 - - [04/Mar/2019:08:06:45 -0300] "GET /cormun/static/Resources/PXToolsMenuSearch.png HTTP/1.1" 200 2914
192.168.10.96 - - [04/Mar/2019:08:06:46 -0300] "POST /cormun/servlet/trsolicitudgral?3a100fcc71059993d2f9fe87b3bfff61,,gx-no-cache=1551704414640 HTTP/1.1" 200 5285
192.168.10.96 - - [04/Mar/2019:08:06:51 -0300] "POST /cormun/servlet/trsolicitudgral?3a100fcc71059993d2f9fe87b3bfff61,,gx-no-cache=1551704419431 HTTP/1.1" 200 6644
192.168.10.96 - - [04/Mar/2019:08:06:56 -0300] "POST /cormun/servlet/trsolicitudgral?3a100fcc71059993d2f9fe87b3bfff61,,gx-no-cache=1551704424422 HTTP/1.1" 200 6646
192.168.10.96 - - [04/Mar/2019:08:06:56 -0300] "POST /cormun/servlet/trsolicitudgral?3a100fcc71059993d2f9fe87b3bfff61,,gx-no-cache=1551704424614 HTTP/1.1" 200 6646
192.168.10.96 - - [04/Mar/2019:08:06:57 -0300] "POST /cormun/servlet/trsolicitudgral?3a100fcc71059993d2f9fe87b3bfff61,,gx-no-cache=1551704424919 HTTP/1.1" 200 6645
192.168.10.96 - - [04/Mar/2019:08:06:57 -0300] "POST /cormun/servlet/trsolicitudgral?3a100fcc71059993d2f9fe87b3bfff61,,gx-no-cache=1551704425120 HTTP/1.1" 200 6646
192.168.10.96 - - [04/Mar/2019:08:07:01 -0300] "GET /cormun/servlet/trautorizarot? HTTP/1.1" 200 19268
192.168.10.96 - - [04/Mar/2019:08:07:01 -0300] "GET /cormun/static/gxcfg.js?20183710595049 HTTP/1.1" 200 953
192.168.10.96 - - [04/Mar/2019:08:07:01 -0300] "GET /cormun/static/trautorizarot.js?20183710595972 HTTP/1.1" 200 53844
192.168.10.96 - - [04/Mar/2019:08:07:01 -0300] "GET /cormun//static/Resources/PXToolsDataSearchRemember.gif HTTP/1.1" 200 1153
192.168.10.96 - - [04/Mar/2019:08:07:02 -0300] "GET /cormun/servlet/trautorizarot? HTTP/1.1" 200 19267
192.168.10.96 - - [04/Mar/2019:08:07:02 -0300] "POST /cormun/servlet/acontrolpreferencessavestate?None,RRHH+DANIELA,true HTTP/1.1" 200 35
190.171.141.106 - - [04/Mar/2019:08:07:10 -0300] "GET /cormun/servlet/solicitudot?ee4fae0139a6df3c05f11c0157c1c214650f5c842c326d156686a02c80fe13ab,gx-no-cache=1551697415238 HTTP/1.1" 200 53
192.168.10.96 - - [04/Mar/2019:08:07:21 -0300] "POST /cormun/servlet/trautorizarot?3a100fcc71059993d2f9fe87b3bfff61,,gx-no-cache=1551704449124 HTTP/1.1" 200 5185
192.168.10.96 - - [04/Mar/2019:08:07:26 -0300] "POST /cormun/servlet/trautorizarot?3a100fcc71059993d2f9fe87b3bfff61,,gx-no-cache=1551704454463 HTTP/1.1" 200 7592
192.168.10.96 - - [04/Mar/2019:08:07:31 -0300] "POST /cormun/servlet/trautorizarot?3a100fcc71059993d2f9fe87b3bfff61,,gx-no-cache=1551704458801 HTTP/1.1" 200 7142
190.171.141.106 - - [04/Mar/2019:08:07:35 -0300] "POST /cormun/servlet/solicitudot?gx-no-cache=1551697439840 HTTP/1.1" 200 297
190.171.141.106 - - [04/Mar/2019:08:07:35 -0300] "GET /cormun/servlet/solicitudot?ee4fae0139a6df3c05f11c0157c1c2140d4d6e474f1d6a985a8618c2ca40d0b08a2fbd1a88dc3c1d0e1950b5c2da0b919bc3475b883418bc7c9fd1e4cd7e54f2f85421173475100e07afca7edd444e7bb6a671bd17ca58d6df241ac8d931fb637224dd10d0c5110c44e978c436f438841e950ce4f79741f943851bdef0593ebd3b193e6a58fe6b2dcdddd3caacf1cc59a7e2d50dc15ee638aa0c72e5f6651c2e24f7d0978d4550ef5785ecdda8e3f33d02ae9816fcd818ad6a73504af684e5f6d09952db6f466aafd3544fd45de068d211acf71ba266c2d9430f3feb74c2fd82456586fe4a99b564117728ffa01e8fc1baea1f5c27e42f8ea601df2072f04cce9ff03b0461918391334b065474a8f120e8c7e1b83c2a1ceb5833cc1824371b43b2a4be72a1422db589577a25d48a9deb8e76786714992de0242dc83d3f86b0c152e311ec4025788c1c0c8840948ddbd5ec0546814d53fe2df2c3c63f92a28f67ca763384afac944da16fe859c035d9db0dd8b16ef01fd2c6b43ad60abd4d3879c054771e60ed207d0ed78a0affdf5a4a,gx-no-cache=1551697439919 HTTP/1.1" 200 30
192.168.10.96 - - [04/Mar/2019:08:07:41 -0300] "POST /cormun/servlet/trautorizarot?3a100fcc71059993d2f9fe87b3bfff61,,gx-no-cache=1551704468871 HTTP/1.1" 200 6540
192.168.10.96 - - [04/Mar/2019:08:07:44 -0300] "POST /cormun/servlet/trautorizarot?3a100fcc71059993d2f9fe87b3bfff61,,gx-no-cache=1551704472168 HTTP/1.1" 200 5355
190.171.141.106 - - [04/Mar/2019:08:07:47 -0300] "POST /cormun/servlet/solicitudot?gx-no-cache=1551697451941 HTTP/1.1" 200 30
190.171.143.106 - - [04/Mar/2019:08:07:54 -0300] "GET /cormun/servlet/trsolicitudot HTTP/1.1" 200 6417
192.168.10.96 - - [04/Mar/2019:08:07:55 -0300] "POST /cormun/servlet/trautorizarot?3a100fcc71059993d2f9fe87b3bfff61,,gx-no-cache=1551704483328 HTTP/1.1" 200 7023
192.168.10.96 - - [04/Mar/2019:08:07:59 -0300] "POST /cormun/servlet/trautorizarot?3a100fcc71059993d2f9fe87b3bfff61,,gx-no-cache=1551704487167 HTTP/1.1" 200 6545
192.168.10.96 - - [04/Mar/2019:08:08:00 -0300] "GET /cormun/static/menuarrow.gif HTTP/1.1" 404 1015
190.171.143.106 - - [04/Mar/2019:08:08:05 -0300] "GET /cormun/servlet/trsolicitudot HTTP/1.1" 200 6413
190.171.143.106 - - [04/Mar/2019:08:08:05 -0300] "GET /cormun/servlet/hlogin HTTP/1.1" 200 1735
190.171.141.106 - - [04/Mar/2019:08:08:28 -0300] "POST /cormun/servlet/solicitudot?gx-no-cache=1551697493154 HTTP/1.1" 200 1277
190.171.141.106 - - [04/Mar/2019:08:08:29 -0300] "POST /cormun/servlet/solicitudot?gx-no-cache=1551697493372 HTTP/1.1" 200 38
190.171.141.106 - - [04/Mar/2019:08:09:07 -0300] "GET /cormun/servlet/solicitudot?ee4fae0139a6df3c05f11c0157c1c214d69d0ae7103e57f542fa068143fe4ff78ddac2de8c268532e1022d09b4760bc0ec5a6a236a13e2de6162ba28a58abd0fc84a016c55af8517b6c99c25c421995a5da19ed560a4f1511350a6c69780ee284f9fe88ffd2bc584fd4e06d476ac129e,gx-no-cache=1551697531151 HTTP/1.1" 200 110
192.168.10.96 - - [04/Mar/2019:08:09:41 -0300] "POST /cormun/servlet/trautorizarot?3a100fcc71059993d2f9fe87b3bfff61,,gx-no-cache=1551704589222 HTTP/1.1" 200 6543
192.168.10.96 - - [04/Mar/2019:08:09:41 -0300] "POST /cormun/servlet/trautorizarot?3a100fcc71059993d2f9fe87b3bfff61,,gx-no-cache=1551704589405 HTTP/1.1" 200 6542
192.168.10.96 - - [04/Mar/2019:08:09:41 -0300] "POST /cormun/servlet/trautorizarot?3a100fcc71059993d2f9fe87b3bfff61,,gx-no-cache=1551704589581 HTTP/1.1" 200 6543
192.168.10.96 - - [04/Mar/2019:08:09:59 -0300] "POST /cormun/servlet/trautorizarot?3a100fcc71059993d2f9fe87b3bfff61,,gx-no-cache=1551704607104 HTTP/1.1" 200 18176
190.171.141.106 - - [04/Mar/2019:08:09:59 -0300] "POST /cormun/servlet/solicitudot?gx-no-cache=1551697583973 HTTP/1.1" 200 110
192.168.10.96 - - [04/Mar/2019:08:10:07 -0300] "POST /cormun/servlet/trautorizarot?3a100fcc71059993d2f9fe87b3bfff61,,gx-no-cache=1551704615361 HTTP/1.1" 200 6519
192.168.10.96 - - [04/Mar/2019:08:10:12 -0300] "POST /cormun/servlet/trautorizarot?3a100fcc71059993d2f9fe87b3bfff61,,gx-no-cache=1551704620775 HTTP/1.1" 200 5344
192.168.10.96 - - [04/Mar/2019:08:10:19 -0300] "POST /cormun/servlet/trautorizarot?3a100fcc71059993d2f9fe87b3bfff61,,gx-no-cache=1551704627790 HTTP/1.1" 200 6879
192.168.10.96 - - [04/Mar/2019:08:10:34 -0300] "POST /cormun/servlet/trautorizarot?3a100fcc71059993d2f9fe87b3bfff61,,gx-no-cache=1551704642184 HTTP/1.1" 200 6535
190.171.141.106 - - [04/Mar/2019:08:10:40 -0300] "GET /cormun/servlet/solicitudot?ee4fae0139a6df3c05f11c0157c1c2140095113927b5c7ec23788a92985b352e3c5ca68582148297ce163514a46db34b827bf895d7cf7f8ba05eb59881e5fc6e8df113d5353a36b8f3c6af2cd2e13790f722ebacf752e68c6c7a4b5736def27932772b72fbac9ac8163d0bb0922ddf71,gx-no-cache=1551697624479 HTTP/1.1" 200 29
190.171.141.106 - - [04/Mar/2019:08:10:53 -0300] "GET /cormun/servlet/solicitudot?ee4fae0139a6df3c05f11c0157c1c214de30c86c299ddaa8faff969a72c3d1ba81c380d18d7155c9fc915b1919534629,gx-no-cache=1551697637122 HTTP/1.1" 200 30
192.168.10.96 - - [04/Mar/2019:08:10:58 -0300] "POST /cormun/servlet/trautorizarot?3a100fcc71059993d2f9fe87b3bfff61,,gx-no-cache=1551704666534 HTTP/1.1" 200 6821
192.168.10.96 - - [04/Mar/2019:08:11:07 -0300] "POST /cormun/servlet/trautorizarot?3a100fcc71059993d2f9fe87b3bfff61,,gx-no-cache=1551704675106 HTTP/1.1" 200 5352
190.171.141.106 - - [04/Mar/2019:08:11:08 -0300] "POST /cormun/servlet/solicitudot?gx-no-cache=1551697652910 HTTP/1.1" 200 30
190.171.141.106 - - [04/Mar/2019:08:11:37 -0300] "POST /cormun/servlet/solicitudot?528554aed9e9d245f3ebc64e82c87a8e,INS,0,0,,gx-no-cache=1551697680972 HTTP/1.1" 200 12057
190.171.141.106 - - [04/Mar/2019:08:11:37 -0300] "GET /cormun/static/Shared/jqueryui/images/ui-bg_highlight-soft_100_c6c2c8_1x100.png HTTP/1.1" 404 1117
190.171.141.106 - - [04/Mar/2019:08:11:37 -0300] "GET /cormun/static/Shared/jqueryui/images/ui-icons_82798d_256x240.png HTTP/1.1" 404 1089
190.171.141.106 - - [04/Mar/2019:08:11:37 -0300] "GET /cormun/static/Shared/jqueryui/images/ui-icons_ebccce_256x240.png HTTP/1.1" 404 1089
190.171.141.106 - - [04/Mar/2019:08:11:37 -0300] "GET /cormun/static/Shared/jqueryui/images/ui-bg_flat_55_994d53_40x100.png HTTP/1.1" 404 1097
192.168.10.96 - - [04/Mar/2019:08:12:21 -0300] "POST /cormun/servlet/trautorizarot?3a100fcc71059993d2f9fe87b3bfff61,,gx-no-cache=1551704749026 HTTP/1.1" 200 6516
192.168.10.96 - - [04/Mar/2019:08:12:25 -0300] "POST /cormun/servlet/trautorizarot?3a100fcc71059993d2f9fe87b3bfff61,,gx-no-cache=1551704753307 HTTP/1.1" 200 5338
192.168.10.96 - - [04/Mar/2019:08:12:36 -0300] "POST /cormun/servlet/trautorizarot?3a100fcc71059993d2f9fe87b3bfff61,,gx-no-cache=1551704764626 HTTP/1.1" 200 6532
190.171.141.106 - - [04/Mar/2019:08:12:38 -0300] "GET /cormun/servlet/solicitudot?ee4fae0139a6df3c05f11c0157c1c2140d4d6e474f1d6a985a8618c2ca40d0b08a2fbd1a88dc3c1d0e1950b5c2da0b919bc3475b883418bc7c9fd1e4cd7e54f2f85421173475100e07afca7edd444e7bb6a671bd17ca58d6df241ac8d931fb637224dd10d0c5110c44e978c436f438841e950ce4f79741f943851bdef0593ebd3b193e6a58fe6b2dcdddd3caacf1cc59a7e2d50dc15ee638aa0c72e5f6651c2e24f7d0978d4550ef5785ecdda8e3f33d02ae9816fcd818ad6a73504af684e5f6d09952db6f466aafd3544fd45de068d211acf71ba266c2d9430f3feb74c2fd82456586fe4a99b564117728ffa01e8fc1baea1f5c27e42f8ea601df2072f04cce9ff03b0461918391334b065474a8f120e8c7e1b83c2a1ceb5833cc1824371b43b2a4be72a1422db589577a25d48a9deb8e76786714992de0242dc83d3f86b0c152e311ec4025788c1c0c8840948ddbd5ec0546814d53fe2df2c3c63f92a28f67ca763384afac944da16fe859c035d9db1c302c07c5729837182b9f61da2a60a2c054771e60ed207d0ed78a0affdf5a4a,gx-no-cache=1551697740527 HTTP/1.1" 200 30
190.171.141.106 - - [04/Mar/2019:08:12:38 -0300] "POST /cormun/servlet/solicitudot?gx-no-cache=1551697742520 HTTP/1.1" 200 30
190.171.141.106 - - [04/Mar/2019:08:12:38 -0300] "POST /cormun/servlet/solicitudot?gx-no-cache=1551697742683 HTTP/1.1" 200 1280
190.171.141.106 - - [04/Mar/2019:08:12:40 -0300] "POST /cormun/servlet/solicitudot?gx-no-cache=1551697743349 HTTP/1.1" 200 40
190.171.141.106 - - [04/Mar/2019:08:12:40 -0300] "GET /cormun/servlet/solicitudot?ee4fae0139a6df3c05f11c0157c1c214d69d0ae7103e57f542fa068143fe4ff78ddac2de8c268532e1022d09b4760bc0ec5a6a236a13e2de6162ba28a58abd0fc84a016c55af8517b6c99c25c421995a5da19ed560a4f1511350a6c69780ee284f9fe88ffd2bc584fd4e06d476ac129e,gx-no-cache=1551697744395 HTTP/1.1" 200 110
190.171.141.106 - - [04/Mar/2019:08:12:40 -0300] "POST /cormun/servlet/solicitudot?gx-no-cache=1551697744554 HTTP/1.1" 200 109
190.171.141.106 - - [04/Mar/2019:08:12:40 -0300] "GET /cormun/servlet/solicitudot?ee4fae0139a6df3c05f11c0157c1c214de30c86c299ddaa8faff969a72c3d1ba81c380d18d7155c9fc915b1919534629,gx-no-cache=1551697744809 HTTP/1.1" 200 30
190.171.141.106 - - [04/Mar/2019:08:12:40 -0300] "POST /cormun/servlet/solicitudot?gx-no-cache=1551697744943 HTTP/1.1" 200 30
190.171.141.106 - - [04/Mar/2019:08:12:41 -0300] "POST /cormun/servlet/solicitudot?528554aed9e9d245f3ebc64e82c87a8e,INS,0,0,,gx-no-cache=1551697745108 HTTP/1.1" 200 93
190.171.141.106 - - [04/Mar/2019:08:12:41 -0300] "GET /cormun/servlet/hpexe_return? HTTP/1.1" 200 1011
192.168.10.96 - - [04/Mar/2019:08:12:41 -0300] "POST /cormun/servlet/trautorizarot?3a100fcc71059993d2f9fe87b3bfff61,,gx-no-cache=1551704769619 HTTP/1.1" 200 5336
190.171.141.106 - - [04/Mar/2019:08:12:42 -0300] "GET /cormun/servlet/trsolicitudot HTTP/1.1" 200 8601
190.171.141.106 - - [04/Mar/2019:08:12:43 -0300] "GET /cormun//static/Resources/PXToolsActionView.png HTTP/1.1" 200 2995
190.171.141.106 - - [04/Mar/2019:08:12:43 -0300] "GET /cormun/servlet/trsolicitudot HTTP/1.1" 200 8597
190.171.141.106 - - [04/Mar/2019:08:12:43 -0300] "GET /cormun//static/Resources/PXToolsRemoveAllAction.png HTTP/1.1" 200 3558
192.168.10.96 - - [04/Mar/2019:08:12:51 -0300] "POST /cormun/servlet/trautorizarot?3a100fcc71059993d2f9fe87b3bfff61,,gx-no-cache=1551704779635 HTTP/1.1" 200 8938
190.171.141.106 - - [04/Mar/2019:08:12:52 -0300] "POST /cormun/servlet/trsolicitudot?528554aed9e9d245f3ebc64e82c87a8e,gx-no-cache=1551697755584 HTTP/1.1" 200 106
190.171.141.106 - - [04/Mar/2019:08:12:53 -0300] "GET /cormun/servlet/trsolicitudadjuntos?2019,14421, HTTP/1.1" 200 6107
190.171.141.106 - - [04/Mar/2019:08:12:53 -0300] "GET /cormun/static/gxcfg.js?20177612135366 HTTP/1.1" 200 953
190.171.141.106 - - [04/Mar/2019:08:12:53 -0300] "GET /cormun/static/trsolicitudadjuntos.js?20177612135632 HTTP/1.1" 200 17922
190.171.141.106 - - [04/Mar/2019:08:12:54 -0300] "GET /cormun/servlet/trsolicitudadjuntos?2019,14421, HTTP/1.1" 200 6107
192.168.10.96 - - [04/Mar/2019:08:12:58 -0300] "POST /cormun/servlet/trautorizarot?3a100fcc71059993d2f9fe87b3bfff61,,gx-no-cache=1551704786514 HTTP/1.1" 200 6551
190.171.141.106 - - [04/Mar/2019:08:13:00 -0300] "GET /cormun/servlet/solicitudotadjuntos?INS,2019,14421,,1, HTTP/1.1" 200 6054
190.171.141.106 - - [04/Mar/2019:08:13:00 -0300] "GET /cormun/static/gxcfg.js?2017761244068 HTTP/1.1" 200 953
190.171.141.106 - - [04/Mar/2019:08:13:00 -0300] "GET /cormun/static/solicitudotadjuntos.js?2017761244086 HTTP/1.1" 200 11771
190.171.141.106 - - [04/Mar/2019:08:13:00 -0300] "GET /cormun/static/about:blank HTTP/1.1" 404 1011
190.171.141.106 - - [04/Mar/2019:08:13:00 -0300] "GET /cormun/servlet/solicitudotadjuntos?INS,2019,14421,,1, HTTP/1.1" 200 6047
190.171.141.106 - - [04/Mar/2019:08:13:01 -0300] "GET /cormun/servlet/solicitudotadjuntos?ee4fae0139a6df3c05f11c0157c1c21492f8ccd9cec55c7b433124e14163299617a72bf1ab14e3309135d322d1939d87,gx-no-cache=1551697765635 HTTP/1.1" 200 30
190.171.141.106 - - [04/Mar/2019:08:13:01 -0300] "POST /cormun/servlet/solicitudotadjuntos?528554aed9e9d245f3ebc64e82c87a8e,INS,2019,14421,,1,,gx-no-cache=1551697765801 HTTP/1.1" 200 3862
192.168.10.96 - - [04/Mar/2019:08:13:05 -0300] "POST /cormun/servlet/trautorizarot?3a100fcc71059993d2f9fe87b3bfff61,,gx-no-cache=1551704793147 HTTP/1.1" 200 5371
190.171.141.106 - - [04/Mar/2019:08:13:11 -0300] "POST /cormun/servlet/solicitudotadjuntos?gx-no-cache=1551697774700 HTTP/1.1" 200 26
192.168.10.96 - - [04/Mar/2019:08:13:16 -0300] "POST /cormun/servlet/trautorizarot?3a100fcc71059993d2f9fe87b3bfff61,,gx-no-cache=1551704804623 HTTP/1.1" 200 8061
192.168.10.96 - - [04/Mar/2019:08:13:21 -0300] "POST /cormun/servlet/trautorizarot?3a100fcc71059993d2f9fe87b3bfff61,,gx-no-cache=1551704809569 HTTP/1.1" 200 7693
192.168.10.96 - - [04/Mar/2019:08:13:52 -0300] "POST /cormun/servlet/trautorizarot?3a100fcc71059993d2f9fe87b3bfff61,,gx-no-cache=1551704840087 HTTP/1.1" 200 8587
190.171.141.106 - - [04/Mar/2019:08:14:25 -0300] "GET /cormun/servlet/solicitudotadjuntos?ee4fae0139a6df3c05f11c0157c1c214b64723887fffc937309a215fe792a552,gx-no-cache=1551697849905 HTTP/1.1" 200 30
190.171.141.106 - - [04/Mar/2019:08:14:25 -0300] "GET /cormun/servlet/solicitudotadjuntos?ee4fae0139a6df3c05f11c0157c1c214b64723887fffc937309a215fe792a552,gx-no-cache=1551697850125 HTTP/1.1" 200 30
190.171.141.106 - - [04/Mar/2019:08:14:27 -0300] "POST /cormun/servlet/solicitudotadjuntos?528554aed9e9d245f3ebc64e82c87a8e,INS,2019,14421,,1, HTTP/1.1" 200 116
190.171.141.106 - - [04/Mar/2019:08:14:28 -0300] "GET /cormun/servlet/hpexe_return? HTTP/1.1" 200 1030
190.171.141.106 - - [04/Mar/2019:08:14:28 -0300] "GET /cormun/servlet/trsolicitudadjuntos?2019,14421, HTTP/1.1" 200 8664
190.171.141.106 - - [04/Mar/2019:08:14:29 -0300] "GET /cormun/servlet/trsolicitudadjuntos?2019,14421, HTTP/1.1" 200 8660
190.171.141.106 - - [04/Mar/2019:08:14:34 -0300] "GET /cormun/servlet/solicitudotadjuntos?INS,2019,14421,,1, HTTP/1.1" 200 6054
190.171.141.106 - - [04/Mar/2019:08:14:34 -0300] "GET /cormun/static/about:blank HTTP/1.1" 404 1011
190.171.141.106 - - [04/Mar/2019:08:14:35 -0300] "GET /cormun/servlet/solicitudotadjuntos?INS,2019,14421,,1, HTTP/1.1" 200 6047
190.171.141.106 - - [04/Mar/2019:08:14:36 -0300] "GET /cormun/servlet/solicitudotadjuntos?ee4fae0139a6df3c05f11c0157c1c21492f8ccd9cec55c7b433124e14163299617a72bf1ab14e3309135d322d1939d87,gx-no-cache=1551697859963 HTTP/1.1" 200 30
190.171.141.106 - - [04/Mar/2019:08:14:38 -0300] "POST /cormun/servlet/solicitudotadjuntos?528554aed9e9d245f3ebc64e82c87a8e,INS,2019,14421,,1,,gx-no-cache=1551697860628 HTTP/1.1" 200 3862
190.171.141.106 - - [04/Mar/2019:08:14:44 -0300] "POST /cormun/servlet/solicitudotadjuntos?gx-no-cache=1551697868520 HTTP/1.1" 200 26
192.168.10.96 - - [04/Mar/2019:08:14:47 -0300] "POST /cormun/servlet/trautorizarot?3a100fcc71059993d2f9fe87b3bfff61,,gx-no-cache=1551704895710 HTTP/1.1" 200 8144
190.171.141.106 - - [04/Mar/2019:08:15:00 -0300] "GET /cormun/servlet/solicitudotadjuntos?ee4fae0139a6df3c05f11c0157c1c214b64723887fffc937309a215fe792a552,gx-no-cache=1551697884295 HTTP/1.1" 200 30
190.171.141.106 - - [04/Mar/2019:08:15:00 -0300] "GET /cormun/servlet/solicitudotadjuntos?ee4fae0139a6df3c05f11c0157c1c214b64723887fffc937309a215fe792a552,gx-no-cache=1551697884531 HTTP/1.1" 200 30
157.55.39.244 - - [04/Mar/2019:08:15:04 -0300] "GET /cormun/static/Resources/PXTools/calendar.png HTTP/1.1" 200 1306
157.55.39.244 - - [04/Mar/2019:08:15:04 -0300] "GET /cormun/static/Resources/PXToolsHeaderActionsBackground.png HTTP/1.1" 200 484
157.55.39.244 - - [04/Mar/2019:08:15:04 -0300] "GET /cormun/static/Resources/PXToolsHeaderHome.png HTTP/1.1" 200 4147
157.55.39.244 - - [04/Mar/2019:08:15:05 -0300] "GET /cormun/static/Resources/PXToolsHeaderLogin.png HTTP/1.1" 200 4279
157.55.39.244 - - [04/Mar/2019:08:15:06 -0300] "GET /cormun/static/Resources/Spanish/PXTools.css?17315867 HTTP/1.1" 200 89042
157.55.39.244 - - [04/Mar/2019:08:15:07 -0300] "GET /cormun/static/scaMessage/css/jquery.pnotify.default.css?1716380 HTTP/1.1" 200 1707
190.171.141.106 - - [04/Mar/2019:08:15:08 -0300] "POST /cormun/servlet/solicitudotadjuntos?528554aed9e9d245f3ebc64e82c87a8e,INS,2019,14421,,1, HTTP/1.1" 200 116
190.171.141.106 - - [04/Mar/2019:08:15:08 -0300] "GET /cormun/servlet/hpexe_return? HTTP/1.1" 200 1030
207.46.13.170 - - [04/Mar/2019:08:15:09 -0300] "GET /cormun/static/Resources/PXToolsHeaderActionsLeft.png HTTP/1.1" 200 1118
190.171.141.106 - - [04/Mar/2019:08:15:09 -0300] "GET /cormun/servlet/trsolicitudadjuntos?2019,14421, HTTP/1.1" 200 8878
207.46.13.170 - - [04/Mar/2019:08:15:09 -0300] "GET /cormun/static/licenciaspermisos.js?201762917281260 HTTP/1.1" 200 37491
190.171.141.106 - - [04/Mar/2019:08:15:10 -0300] "GET /cormun/servlet/trsolicitudadjuntos?2019,14421, HTTP/1.1" 200 8875
192.168.10.96 - - [04/Mar/2019:08:15:13 -0300] "POST /cormun/servlet/trautorizarot?3a100fcc71059993d2f9fe87b3bfff61,,gx-no-cache=1551704921748 HTTP/1.1" 200 7164
207.46.13.149 - - [04/Mar/2019:08:15:14 -0300] "GET /cormun/static/Resources/PXToolsFooterBackground2.png HTTP/1.1" 200 1172
207.46.13.149 - - [04/Mar/2019:08:15:15 -0300] "GET /cormun/static/Resources/logo4.png HTTP/1.1" 200 6582
190.171.141.106 - - [04/Mar/2019:08:15:15 -0300] "GET /cormun/servlet/solicitudotadjuntos?INS,2019,14421,,1, HTTP/1.1" 200 6054
190.171.141.106 - - [04/Mar/2019:08:15:15 -0300] "GET /cormun/servlet/solicitudotadjuntos?INS,2019,14421,,1, HTTP/1.1" 200 6047
207.46.13.149 - - [04/Mar/2019:08:15:15 -0300] "GET /cormun/static/Resources/prompt.gif HTTP/1.1" 200 902
190.171.141.106 - - [04/Mar/2019:08:15:16 -0300] "GET /cormun/static/about:blank HTTP/1.1" 404 1011
190.171.141.106 - - [04/Mar/2019:08:15:16 -0300] "GET /cormun/servlet/solicitudotadjuntos?ee4fae0139a6df3c05f11c0157c1c21492f8ccd9cec55c7b433124e14163299617a72bf1ab14e3309135d322d1939d87,gx-no-cache=1551697900624 HTTP/1.1" 200 30
190.171.141.106 - - [04/Mar/2019:08:15:17 -0300] "POST /cormun/servlet/solicitudotadjuntos?528554aed9e9d245f3ebc64e82c87a8e,INS,2019,14421,,1,,gx-no-cache=1551697900773 HTTP/1.1" 200 3862
190.171.141.106 - - [04/Mar/2019:08:15:21 -0300] "POST /cormun/servlet/solicitudotadjuntos?gx-no-cache=1551697905904 HTTP/1.1" 200 26
190.171.141.106 - - [04/Mar/2019:08:15:30 -0300] "GET /cormun/servlet/solicitudotadjuntos?ee4fae0139a6df3c05f11c0157c1c214b64723887fffc937309a215fe792a552,gx-no-cache=1551697914665 HTTP/1.1" 200 30
190.171.141.106 - - [04/Mar/2019:08:15:30 -0300] "GET /cormun/servlet/solicitudotadjuntos?ee4fae0139a6df3c05f11c0157c1c214b64723887fffc937309a215fe792a552,gx-no-cache=1551697914923 HTTP/1.1" 200 30
190.171.141.106 - - [04/Mar/2019:08:15:31 -0300] "POST /cormun/servlet/solicitudotadjuntos?528554aed9e9d245f3ebc64e82c87a8e,INS,2019,14421,,1,,gx-no-cache=1551697915057 HTTP/1.1" 200 93
190.171.141.106 - - [04/Mar/2019:08:15:32 -0300] "GET /cormun/servlet/hpexe_return? HTTP/1.1" 200 1030
190.171.141.106 - - [04/Mar/2019:08:15:32 -0300] "GET /cormun/servlet/trsolicitudadjuntos?2019,14421, HTTP/1.1" 200 9009
190.171.141.106 - - [04/Mar/2019:08:15:33 -0300] "GET /cormun/servlet/trsolicitudadjuntos?2019,14421, HTTP/1.1" 200 9007
190.171.141.106 - - [04/Mar/2019:08:15:42 -0300] "GET /cormun/servlet/solicitudotadjuntos?INS,2019,14421,,1, HTTP/1.1" 200 6054
190.171.141.106 - - [04/Mar/2019:08:15:43 -0300] "GET /cormun/static/about:blank HTTP/1.1" 404 1011
190.171.141.106 - - [04/Mar/2019:08:15:43 -0300] "GET /cormun/servlet/solicitudotadjuntos?INS,2019,14421,,1, HTTP/1.1" 200 6047
190.171.141.106 - - [04/Mar/2019:08:15:43 -0300] "GET /cormun/servlet/solicitudotadjuntos?ee4fae0139a6df3c05f11c0157c1c21492f8ccd9cec55c7b433124e14163299617a72bf1ab14e3309135d322d1939d87,gx-no-cache=1551697928221 HTTP/1.1" 200 30
190.171.141.106 - - [04/Mar/2019:08:15:44 -0300] "POST /cormun/servlet/solicitudotadjuntos?528554aed9e9d245f3ebc64e82c87a8e,INS,2019,14421,,1,,gx-no-cache=1551697928368 HTTP/1.1" 200 3861
190.171.141.106 - - [04/Mar/2019:08:15:52 -0300] "POST /cormun/servlet/solicitudotadjuntos?gx-no-cache=1551697936870 HTTP/1.1" 200 26
190.171.141.106 - - [04/Mar/2019:08:16:01 -0300] "GET /cormun/servlet/solicitudotadjuntos?ee4fae0139a6df3c05f11c0157c1c214b64723887fffc937309a215fe792a552,gx-no-cache=1551697945784 HTTP/1.1" 200 30
190.171.141.106 - - [04/Mar/2019:08:16:02 -0300] "GET /cormun/servlet/solicitudotadjuntos?ee4fae0139a6df3c05f11c0157c1c214b64723887fffc937309a215fe792a552,gx-no-cache=1551697946261 HTTP/1.1" 200 30
190.171.141.106 - - [04/Mar/2019:08:16:03 -0300] "POST /cormun/servlet/solicitudotadjuntos?528554aed9e9d245f3ebc64e82c87a8e,INS,2019,14421,,1,,gx-no-cache=1551697946405 HTTP/1.1" 200 93
190.171.141.106 - - [04/Mar/2019:08:16:03 -0300] "GET /cormun/servlet/hpexe_return? HTTP/1.1" 200 1030
190.171.141.106 - - [04/Mar/2019:08:16:04 -0300] "GET /cormun/servlet/trsolicitudadjuntos?2019,14421, HTTP/1.1" 200 9185
190.171.141.106 - - [04/Mar/2019:08:16:04 -0300] "GET /cormun/servlet/trsolicitudadjuntos?2019,14421, HTTP/1.1" 200 9183
190.171.141.106 - - [04/Mar/2019:08:17:03 -0300] "GET /cormun/servlet/solicitudotadjuntos?INS,2019,14421,,1, HTTP/1.1" 200 6053
190.171.141.106 - - [04/Mar/2019:08:17:03 -0300] "GET /cormun/static/about:blank HTTP/1.1" 404 1011
190.171.141.106 - - [04/Mar/2019:08:17:04 -0300] "GET /cormun/servlet/solicitudotadjuntos?INS,2019,14421,,1, HTTP/1.1" 200 6047
190.171.141.106 - - [04/Mar/2019:08:17:04 -0300] "GET /cormun/servlet/solicitudotadjuntos?ee4fae0139a6df3c05f11c0157c1c21492f8ccd9cec55c7b433124e14163299617a72bf1ab14e3309135d322d1939d87,gx-no-cache=1551698009080 HTTP/1.1" 200 30
190.171.141.106 - - [04/Mar/2019:08:17:05 -0300] "POST /cormun/servlet/solicitudotadjuntos?528554aed9e9d245f3ebc64e82c87a8e,INS,2019,14421,,1,,gx-no-cache=1551698009231 HTTP/1.1" 200 3862
190.171.141.106 - - [04/Mar/2019:08:17:11 -0300] "POST /cormun/servlet/solicitudotadjuntos?gx-no-cache=1551698015825 HTTP/1.1" 200 26
190.171.141.106 - - [04/Mar/2019:08:17:18 -0300] "GET /cormun/servlet/solicitudotadjuntos?ee4fae0139a6df3c05f11c0157c1c214b64723887fffc937309a215fe792a552,gx-no-cache=1551698023177 HTTP/1.1" 200 30
190.171.141.106 - - [04/Mar/2019:08:17:19 -0300] "GET /cormun/servlet/solicitudotadjuntos?ee4fae0139a6df3c05f11c0157c1c214b64723887fffc937309a215fe792a552,gx-no-cache=1551698023297 HTTP/1.1" 200 30
66.249.83.203 - - [04/Mar/2019:08:17:25 -0300] "GET /cormun/servlet/hlogin HTTP/1.1" 200 1726
66.249.83.207 - - [04/Mar/2019:08:17:25 -0300] "GET /cormun/servlet/hlogin?_escaped_fragment_= HTTP/1.1" 200 1717
66.249.83.205 - - [04/Mar/2019:08:17:26 -0300] "GET /favicon.ico HTTP/1.1" 200 21630
190.171.141.106 - - [04/Mar/2019:08:17:30 -0300] "POST /cormun/servlet/solicitudotadjuntos?528554aed9e9d245f3ebc64e82c87a8e,INS,2019,14421,,1, HTTP/1.1" 200 116
190.171.141.106 - - [04/Mar/2019:08:17:31 -0300] "GET /cormun/servlet/hpexe_return? HTTP/1.1" 200 1030
190.171.141.106 - - [04/Mar/2019:08:17:31 -0300] "GET /cormun/servlet/trsolicitudadjuntos?2019,14421, HTTP/1.1" 200 9488
190.171.141.106 - - [04/Mar/2019:08:17:33 -0300] "GET /cormun/servlet/trsolicitudadjuntos?2019,14421, HTTP/1.1" 200 9486
190.171.141.106 - - [04/Mar/2019:08:17:39 -0300] "GET /cormun/servlet/solicitudotadjuntos?INS,2019,14421,,1, HTTP/1.1" 200 6053
190.171.141.106 - - [04/Mar/2019:08:17:40 -0300] "GET /cormun/static/about:blank HTTP/1.1" 404 1011
190.171.141.106 - - [04/Mar/2019:08:17:40 -0300] "GET /cormun/servlet/solicitudotadjuntos?INS,2019,14421,,1, HTTP/1.1" 200 6046
190.171.141.106 - - [04/Mar/2019:08:17:41 -0300] "GET /cormun/servlet/solicitudotadjuntos?ee4fae0139a6df3c05f11c0157c1c21492f8ccd9cec55c7b433124e14163299617a72bf1ab14e3309135d322d1939d87,gx-no-cache=1551698045252 HTTP/1.1" 200 30
190.171.141.106 - - [04/Mar/2019:08:17:42 -0300] "POST /cormun/servlet/solicitudotadjuntos?528554aed9e9d245f3ebc64e82c87a8e,INS,2019,14421,,1,,gx-no-cache=1551698045915 HTTP/1.1" 200 3861
190.171.141.106 - - [04/Mar/2019:08:17:47 -0300] "POST /cormun/servlet/solicitudotadjuntos?gx-no-cache=1551698051624 HTTP/1.1" 200 26
190.171.141.106 - - [04/Mar/2019:08:18:04 -0300] "GET /cormun/servlet/solicitudotadjuntos?ee4fae0139a6df3c05f11c0157c1c214b64723887fffc937309a215fe792a552,gx-no-cache=1551698067205 HTTP/1.1" 200 30
190.171.141.106 - - [04/Mar/2019:08:18:04 -0300] "GET /cormun/servlet/solicitudotadjuntos?ee4fae0139a6df3c05f11c0157c1c214b64723887fffc937309a215fe792a552,gx-no-cache=1551698069164 HTTP/1.1" 200 30
190.171.141.106 - - [04/Mar/2019:08:18:10 -0300] "POST /cormun/servlet/solicitudotadjuntos?528554aed9e9d245f3ebc64e82c87a8e,INS,2019,14421,,1, HTTP/1.1" 200 116
190.171.141.106 - - [04/Mar/2019:08:18:11 -0300] "GET /cormun/servlet/hpexe_return? HTTP/1.1" 200 1030
190.171.141.106 - - [04/Mar/2019:08:18:11 -0300] "GET /cormun/servlet/trsolicitudadjuntos?2019,14421, HTTP/1.1" 200 9715
190.171.141.106 - - [04/Mar/2019:08:18:12 -0300] "GET /cormun/servlet/trsolicitudadjuntos?2019,14421, HTTP/1.1" 200 9714
190.171.141.106 - - [04/Mar/2019:08:18:25 -0300] "GET /cormun/servlet/solicitudotadjuntos?DLT,2019,14421,CERTIF4,0, HTTP/1.1" 200 5928
190.171.141.106 - - [04/Mar/2019:08:18:25 -0300] "GET /cormun/static/about:blank HTTP/1.1" 404 1011
190.171.141.106 - - [04/Mar/2019:08:18:25 -0300] "GET /cormun/static/Shared/jqueryui/images/ui-bg_highlight-soft_100_c6c2c8_1x100.png HTTP/1.1" 404 1117
190.171.141.106 - - [04/Mar/2019:08:18:25 -0300] "GET /cormun/static/Shared/jqueryui/images/ui-icons_82798d_256x240.png HTTP/1.1" 404 1089
190.171.141.106 - - [04/Mar/2019:08:18:26 -0300] "GET /cormun/static/Shared/jqueryui/images/ui-bg_flat_55_fafafa_40x100.png HTTP/1.1" 404 1097
190.171.141.106 - - [04/Mar/2019:08:18:26 -0300] "GET /cormun/servlet/solicitudotadjuntos?DLT,2019,14421,CERTIF4,0, HTTP/1.1" 200 5922
190.171.141.106 - - [04/Mar/2019:08:18:26 -0300] "GET /cormun/static/Shared/jqueryui/images/ui-icons_8d78a5_256x240.png HTTP/1.1" 404 1089
190.171.141.106 - - [04/Mar/2019:08:18:30 -0300] "POST /cormun/servlet/solicitudotadjuntos?528554aed9e9d245f3ebc64e82c87a8e,DLT,2019,14421,CERTIF4,0,,gx-no-cache=1551698093844 HTTP/1.1" 200 93
190.171.141.106 - - [04/Mar/2019:08:18:30 -0300] "GET /cormun/servlet/hpexe_return? HTTP/1.1" 200 1037
190.171.141.106 - - [04/Mar/2019:08:18:31 -0300] "GET /cormun/servlet/trsolicitudadjuntos?2019,14421, HTTP/1.1" 200 9517
190.171.141.106 - - [04/Mar/2019:08:18:32 -0300] "GET /cormun/servlet/trsolicitudadjuntos?2019,14421, HTTP/1.1" 200 9513
190.171.141.106 - - [04/Mar/2019:08:18:36 -0300] "GET /cormun/servlet/solicitudotadjuntos?DLT,2019,14421,CERTIF3,0, HTTP/1.1" 200 5929
190.171.141.106 - - [04/Mar/2019:08:18:36 -0300] "GET /cormun/static/about:blank HTTP/1.1" 404 1011
190.171.141.106 - - [04/Mar/2019:08:18:36 -0300] "GET /cormun/static/Shared/jqueryui/images/ui-icons_82798d_256x240.png HTTP/1.1" 404 1089
190.171.141.106 - - [04/Mar/2019:08:18:37 -0300] "GET /cormun/static/Shared/jqueryui/images/ui-icons_8d78a5_256x240.png HTTP/1.1" 404 1089
190.171.141.106 - - [04/Mar/2019:08:18:37 -0300] "GET /cormun/servlet/solicitudotadjuntos?DLT,2019,14421,CERTIF3,0, HTTP/1.1" 200 5923
190.171.141.106 - - [04/Mar/2019:08:18:37 -0300] "GET /cormun/static/Shared/jqueryui/images/ui-bg_highlight-soft_100_c6c2c8_1x100.png HTTP/1.1" 404 1117
190.171.141.106 - - [04/Mar/2019:08:18:37 -0300] "GET /cormun/static/Shared/jqueryui/images/ui-bg_flat_55_fafafa_40x100.png HTTP/1.1" 404 1097
190.171.141.106 - - [04/Mar/2019:08:18:40 -0300] "POST /cormun/servlet/solicitudotadjuntos?528554aed9e9d245f3ebc64e82c87a8e,DLT,2019,14421,CERTIF3,0,,gx-no-cache=1551698103066 HTTP/1.1" 200 93
190.171.141.106 - - [04/Mar/2019:08:18:40 -0300] "GET /cormun/servlet/hpexe_return? HTTP/1.1" 200 1037
190.171.141.106 - - [04/Mar/2019:08:18:40 -0300] "GET /cormun/servlet/trsolicitudadjuntos?2019,14421, HTTP/1.1" 200 9278
190.171.141.106 - - [04/Mar/2019:08:18:41 -0300] "GET /cormun/servlet/trsolicitudadjuntos?2019,14421, HTTP/1.1" 200 9274
192.168.10.96 - - [04/Mar/2019:08:19:33 -0300] "POST /cormun/servlet/trautorizarot?3a100fcc71059993d2f9fe87b3bfff61,,gx-no-cache=1551705181441 HTTP/1.1" 200 6876
192.168.10.96 - - [04/Mar/2019:08:19:51 -0300] "POST /cormun/servlet/trautorizarot?3a100fcc71059993d2f9fe87b3bfff61,,gx-no-cache=1551705199144 HTTP/1.1" 200 7149
192.168.10.96 - - [04/Mar/2019:08:19:56 -0300] "POST /cormun/servlet/trautorizarot?3a100fcc71059993d2f9fe87b3bfff61,,gx-no-cache=1551705204248 HTTP/1.1" 200 5354
190.171.141.106 - - [04/Mar/2019:08:20:08 -0300] "GET /cormun/servlet/solicitudotadjuntos?INS,2019,14421,,1, HTTP/1.1" 200 6054
190.171.141.106 - - [04/Mar/2019:08:20:09 -0300] "GET /cormun/static/about:blank HTTP/1.1" 404 1011
190.171.141.106 - - [04/Mar/2019:08:20:09 -0300] "GET /cormun/servlet/solicitudotadjuntos?INS,2019,14421,,1, HTTP/1.1" 200 6047
190.171.141.106 - - [04/Mar/2019:08:20:09 -0300] "GET /cormun/servlet/solicitudotadjuntos?ee4fae0139a6df3c05f11c0157c1c21492f8ccd9cec55c7b433124e14163299617a72bf1ab14e3309135d322d1939d87,gx-no-cache=1551698194199 HTTP/1.1" 200 30
190.171.141.106 - - [04/Mar/2019:08:20:10 -0300] "POST /cormun/servlet/solicitudotadjuntos?528554aed9e9d245f3ebc64e82c87a8e,INS,2019,14421,,1,,gx-no-cache=1551698194329 HTTP/1.1" 200 3862
190.171.141.106 - - [04/Mar/2019:08:20:12 -0300] "POST /cormun/servlet/solicitudotadjuntos?gx-no-cache=1551698196476 HTTP/1.1" 200 26
190.171.141.106 - - [04/Mar/2019:08:20:19 -0300] "GET /cormun/servlet/solicitudotadjuntos?ee4fae0139a6df3c05f11c0157c1c214b64723887fffc937309a215fe792a552,gx-no-cache=1551698204057 HTTP/1.1" 200 30
190.171.141.106 - - [04/Mar/2019:08:20:19 -0300] "GET /cormun/servlet/solicitudotadjuntos?ee4fae0139a6df3c05f11c0157c1c214b64723887fffc937309a215fe792a552,gx-no-cache=1551698204183 HTTP/1.1" 200 30
190.171.141.106 - - [04/Mar/2019:08:20:23 -0300] "POST /cormun/servlet/solicitudotadjuntos?528554aed9e9d245f3ebc64e82c87a8e,INS,2019,14421,,1, HTTP/1.1" 200 6221
190.171.141.106 - - [04/Mar/2019:08:20:23 -0300] "GET /home/sistema/apache-tomcat-7.0.65/webapps/cormun/PrivateTempStorage/upload_00002480.pdf HTTP/1.1" 404 1135
190.171.141.106 - - [04/Mar/2019:08:20:23 -0300] "GET /cormun/static/Shared/jqueryui/images/ui-bg_highlight-soft_100_c6c2c8_1x100.png HTTP/1.1" 404 1117
190.171.141.106 - - [04/Mar/2019:08:20:23 -0300] "GET /cormun/static/Shared/jqueryui/images/ui-icons_82798d_256x240.png HTTP/1.1" 404 1089
190.171.141.106 - - [04/Mar/2019:08:20:23 -0300] "GET /cormun/static/Shared/jqueryui/images/ui-icons_ebccce_256x240.png HTTP/1.1" 404 1089
190.171.141.106 - - [04/Mar/2019:08:20:23 -0300] "GET /cormun/static/Shared/jqueryui/images/ui-bg_flat_55_994d53_40x100.png HTTP/1.1" 404 1097
190.171.141.106 - - [04/Mar/2019:08:20:24 -0300] "GET /cormun/PrivateTempStorage/upload_00002480.pdf HTTP/1.1" 200 252288
190.171.141.106 - - [04/Mar/2019:08:20:36 -0300] "GET /cormun/servlet/solicitudotadjuntos?ee4fae0139a6df3c05f11c0157c1c214170e136fdff44b59030aea6c1d436f46c054771e60ed207d0ed78a0affdf5a4a,gx-no-cache=1551698220949 HTTP/1.1" 200 30
190.171.141.106 - - [04/Mar/2019:08:20:36 -0300] "GET /cormun/servlet/solicitudotadjuntos?ee4fae0139a6df3c05f11c0157c1c2141e5e35b7a8a5dc3bfddb1459d00702f7c054771e60ed207d0ed78a0affdf5a4a,gx-no-cache=1551698221205 HTTP/1.1" 200 30
190.171.141.106 - - [04/Mar/2019:08:20:37 -0300] "POST /cormun/servlet/solicitudotadjuntos?528554aed9e9d245f3ebc64e82c87a8e,INS,2019,14421,,1, HTTP/1.1" 200 6219
190.171.141.106 - - [04/Mar/2019:08:20:38 -0300] "GET /home/sistema/apache-tomcat-7.0.65/webapps/cormun/PrivateTempStorage/upload_00002492.pdf HTTP/1.1" 404 1135
190.171.141.106 - - [04/Mar/2019:08:20:38 -0300] "GET /cormun/PrivateTempStorage/upload_00002492.pdf HTTP/1.1" 200 252288
192.168.10.96 - - [04/Mar/2019:08:20:42 -0300] "POST /cormun/servlet/trautorizarot?3a100fcc71059993d2f9fe87b3bfff61,,gx-no-cache=1551705249967 HTTP/1.1" 200 6532
190.171.141.106 - - [04/Mar/2019:08:20:44 -0300] "POST /cormun/servlet/solicitudotadjuntos?528554aed9e9d245f3ebc64e82c87a8e,INS,2019,14421,,1, HTTP/1.1" 200 116
190.171.141.106 - - [04/Mar/2019:08:20:44 -0300] "GET /cormun/servlet/hpexe_return? HTTP/1.1" 200 1030
