190.171.142.42 - - [01/Mar/2019:13:12:12 -0300] "GET /cormun/static/Shared/jqueryui/images/ui-icons_82798d_256x240.png HTTP/1.1" 404 1089
190.171.142.42 - - [01/Mar/2019:13:12:12 -0300] "GET /cormun/static/Shared/jqueryui/images/ui-icons_8d78a5_256x240.png HTTP/1.1" 404 1089
190.171.142.42 - - [01/Mar/2019:13:12:12 -0300] "GET /cormun/static/Shared/jqueryui/images/ui-bg_flat_55_fafafa_40x100.png HTTP/1.1" 404 1097
190.171.141.114 - - [01/Mar/2019:13:12:14 -0300] "POST /cormun/servlet/hlogin?ded58eb9af309d8fe1fae457dbff5d41,gx-no-cache=1551456518325 HTTP/1.1" 200 90
190.171.141.114 - - [01/Mar/2019:13:12:14 -0300] "GET /cormun/servlet/hpexe_link HTTP/1.1" 200 952
190.171.141.114 - - [01/Mar/2019:13:12:14 -0300] "GET /cormun/servlet/hhome HTTP/1.1" 200 4052
190.171.141.114 - - [01/Mar/2019:13:12:16 -0300] "GET /cormun/servlet/hhome HTTP/1.1" 200 4048
190.171.141.114 - - [01/Mar/2019:13:12:22 -0300] "GET /cormun/servlet/trlicencias? HTTP/1.1" 200 8070
190.171.141.114 - - [01/Mar/2019:13:12:24 -0300] "GET /cormun/servlet/trlicencias? HTTP/1.1" 200 8068
190.171.142.42 - - [01/Mar/2019:13:12:39 -0300] "GET /cormun/servlet/trlicencias? HTTP/1.1" 200 8707
190.171.142.42 - - [01/Mar/2019:13:12:40 -0300] "GET /cormun/servlet/trlicencias? HTTP/1.1" 200 8707
190.171.142.42 - - [01/Mar/2019:13:12:51 -0300] "GET /cormun/servlet/licenciaspermisos?INS,0,,, HTTP/1.1" 200 7809
190.171.142.42 - - [01/Mar/2019:13:12:51 -0300] "GET /cormun/servlet/licenciaspermisos?INS,0,,, HTTP/1.1" 200 7817
190.171.142.42 - - [01/Mar/2019:13:12:54 -0300] "GET /cormun/servlet/prfichaempleado?,MD,,gxPopupLevel%3D0%3B HTTP/1.1" 200 9361
190.171.143.90 - - [01/Mar/2019:13:13:05 -0300] "GET /cormun/servlet/solicitudot?INS,0,0, HTTP/1.1" 200 15132
190.171.143.90 - - [01/Mar/2019:13:13:06 -0300] "GET /cormun/servlet/solicitudot?INS,0,0, HTTP/1.1" 200 15137
190.171.143.90 - - [01/Mar/2019:13:13:06 -0300] "GET /favicon.ico HTTP/1.1" 200 21630
190.171.143.90 - - [01/Mar/2019:13:13:19 -0300] "GET /cormun/servlet/trsolicitudot? HTTP/1.1" 200 7528
190.171.143.90 - - [01/Mar/2019:13:13:20 -0300] "GET /cormun/servlet/trsolicitudot? HTTP/1.1" 200 7527
190.171.143.90 - - [01/Mar/2019:13:13:21 -0300] "GET /cormun/servlet/hlogin HTTP/1.1" 200 1742
190.171.143.90 - - [01/Mar/2019:13:13:30 -0300] "POST /cormun/servlet/hlogin?8b2a9989a93e48268cefe46f9e939ae5,gx-no-cache=1551456593940 HTTP/1.1" 200 459
190.171.143.90 - - [01/Mar/2019:13:13:34 -0300] "POST /cormun/servlet/hlogin?8b2a9989a93e48268cefe46f9e939ae5,gx-no-cache=1551456597582 HTTP/1.1" 200 90
190.171.143.90 - - [01/Mar/2019:13:13:34 -0300] "GET /cormun/servlet/hpexe_link HTTP/1.1" 200 962
190.171.143.90 - - [01/Mar/2019:13:13:34 -0300] "GET /cormun/servlet/trsolicitudot HTTP/1.1" 200 7528
190.171.143.90 - - [01/Mar/2019:13:13:35 -0300] "GET /cormun/servlet/trsolicitudot HTTP/1.1" 200 7527
190.171.142.42 - - [01/Mar/2019:13:13:40 -0300] "POST /cormun/servlet/prfichaempleado?2ca4a9dbd1ad6611826c9e1af99f5a45,,MD,,gxPopupLevel%3D0%3B,gx-no-cache=1551456608391 HTTP/1.1" 200 3420
190.171.143.90 - - [01/Mar/2019:13:13:41 -0300] "GET /cormun/servlet/trsolicitudot? HTTP/1.1" 200 7527
190.171.143.90 - - [01/Mar/2019:13:13:41 -0300] "GET /cormun/servlet/trsolicitudot? HTTP/1.1" 200 7527
190.171.143.90 - - [01/Mar/2019:13:13:45 -0300] "GET /cormun/servlet/solicitudot?INS,0,0, HTTP/1.1" 200 15133
190.171.142.42 - - [01/Mar/2019:13:13:45 -0300] "GET /cormun/servlet/licenciaspermisos?704774801f0e6b2aaab08d7542e293fb53a21ec34490c484b5b78448c671a94f0b8f3688f55443141ccf022b1110824e,gx-no-cache=1551456613701 HTTP/1.1" 200 83
190.171.142.42 - - [01/Mar/2019:13:13:45 -0300] "POST /cormun/servlet/licenciaspermisos?2ca4a9dbd1ad6611826c9e1af99f5a45,INS,0,,,,gx-no-cache=1551456613737 HTTP/1.1" 200 4953
190.171.143.90 - - [01/Mar/2019:13:13:45 -0300] "GET /cormun/servlet/solicitudot?INS,0,0, HTTP/1.1" 200 15138
190.171.142.42 - - [01/Mar/2019:13:14:03 -0300] "GET /cormun/static/menuarrow.gif HTTP/1.1" 404 1015
190.171.143.90 - - [01/Mar/2019:13:14:14 -0300] "POST /cormun/servlet/solicitudot?gx-no-cache=1551456638366 HTTP/1.1" 200 3435
190.171.143.90 - - [01/Mar/2019:13:14:15 -0300] "POST /cormun/servlet/solicitudot?8b2a9989a93e48268cefe46f9e939ae5,INS,0,0,,gx-no-cache=1551456638532 HTTP/1.1" 200 11800
190.171.143.90 - - [01/Mar/2019:13:14:17 -0300] "GET /cormun/servlet/solicitudot?d33e6d9ab94da98f761a8e5c41cb83d452cc86aec319374f2451b23cff6c47833509883e0c889d48000ac69fd0acc72e,gx-no-cache=1551456640995 HTTP/1.1" 200 30
190.171.142.42 - - [01/Mar/2019:13:15:41 -0300] "GET /cormun/servlet/licenciaspermisos?704774801f0e6b2aaab08d7542e293fbc31be5e41fd06a2dea71dd356d50d5f0f9d3be6f8762cdf54e1149890c6bb08bf954def04e425fd107d5c81e0be1af27f55e6e129cc2df3608d86b065ebca11a1e2d8bc8295bb63706fe60da4953506f10d6e0867006ce52eaa7a8fce07db63ca88c2b3bcff17e99b22ddc96ec5eb7791b6bc399e15055d1d5f3738bcfe829bb87d3903f0a6664396a8682035651a23d8427d06fe0abf2d5a6a4f02947437e1a,gx-no-cache=1551456729971 HTTP/1.1" 200 30
190.171.142.42 - - [01/Mar/2019:13:15:41 -0300] "GET /cormun/servlet/licenciaspermisos?704774801f0e6b2aaab08d7542e293fb3bae4850dd89dea952c83453c3dd74a21050cccfafee20ff5a1c14573942978f9c7e084a8a2909a41985bf5da8859400499d5f883286e3c2f5ef2b69ec54787dd4ce0db5aaa4200125c2f50312195ac821d06ad74ba580d670bbaf30fa5d4bf3f85dcf6b202b396f2a1d0097dcfff36381b586c373d5f10ebd69fcccc16503cca2d66b20ab37e7cb9b15c1138a77f84d4ace904ec6d598b29590686fe2a9116c,gx-no-cache=1551456730007 HTTP/1.1" 200 29
190.171.142.42 - - [01/Mar/2019:13:15:41 -0300] "POST /cormun/servlet/licenciaspermisos?2ca4a9dbd1ad6611826c9e1af99f5a45,INS,0,,,,gx-no-cache=1551456730031 HTTP/1.1" 200 93
190.171.142.42 - - [01/Mar/2019:13:15:41 -0300] "GET /cormun/servlet/hpexe_return? HTTP/1.1" 200 1020
190.171.142.42 - - [01/Mar/2019:13:15:42 -0300] "GET /cormun/servlet/trlicencias HTTP/1.1" 200 9069
190.171.142.42 - - [01/Mar/2019:13:15:42 -0300] "GET /cormun/servlet/trlicencias HTTP/1.1" 200 9064
190.171.142.42 - - [01/Mar/2019:13:15:47 -0300] "GET /cormun/servlet/trlicenciaspermisosadjuntos?7374023,20190301000000,L, HTTP/1.1" 200 6616
190.171.142.42 - - [01/Mar/2019:13:15:48 -0300] "GET /cormun/servlet/trlicenciaspermisosadjuntos?7374023,20190301000000,L, HTTP/1.1" 200 6617
190.171.142.42 - - [01/Mar/2019:13:15:49 -0300] "GET /cormun/servlet/licenciaspermisosadjuntos?INS,7374023,L,20190301000000,, HTTP/1.1" 200 5914
190.171.142.42 - - [01/Mar/2019:13:15:50 -0300] "GET /cormun/static/about:blank HTTP/1.1" 404 1011
190.171.142.42 - - [01/Mar/2019:13:15:50 -0300] "GET /cormun/servlet/licenciaspermisosadjuntos?INS,7374023,L,20190301000000,, HTTP/1.1" 200 5903
190.171.142.42 - - [01/Mar/2019:13:16:08 -0300] "POST /cormun/servlet/licenciaspermisosadjuntos?2ca4a9dbd1ad6611826c9e1af99f5a45,INS,7374023,L,20190301000000,, HTTP/1.1" 200 116
190.171.142.42 - - [01/Mar/2019:13:16:08 -0300] "GET /cormun/servlet/hpexe_return? HTTP/1.1" 200 1050
190.171.142.42 - - [01/Mar/2019:13:16:09 -0300] "GET /cormun/servlet/trlicenciaspermisosadjuntos?7374023,20190301000000,L, HTTP/1.1" 200 7115
190.171.142.42 - - [01/Mar/2019:13:16:09 -0300] "GET /cormun/servlet/trlicenciaspermisosadjuntos?7374023,20190301000000,L, HTTP/1.1" 200 7111
190.171.143.106 - - [01/Mar/2019:13:16:10 -0300] "GET /cormun/servlet/trsolicitudot? HTTP/1.1" 200 6415
190.171.143.106 - - [01/Mar/2019:13:16:11 -0300] "GET /cormun/servlet/hlogin HTTP/1.1" 200 1735
190.171.143.106 - - [01/Mar/2019:13:16:11 -0300] "GET /cormun/servlet/trsolicitudot? HTTP/1.1" 200 6412
190.171.143.106 - - [01/Mar/2019:13:16:12 -0300] "POST /cormun/servlet/hlogin?bd0e3bfac853ad96d7a5293f52db1a16,gx-no-cache=1551456756334 HTTP/1.1" 200 90
190.171.143.106 - - [01/Mar/2019:13:16:12 -0300] "GET /cormun/servlet/hpexe_link HTTP/1.1" 200 951
190.171.143.106 - - [01/Mar/2019:13:16:13 -0300] "GET /cormun/servlet/trsolicitudot HTTP/1.1" 200 9285
190.171.143.106 - - [01/Mar/2019:13:16:13 -0300] "GET /cormun/servlet/trsolicitudot HTTP/1.1" 200 9284
190.171.142.42 - - [01/Mar/2019:13:16:31 -0300] "GET /cormun/servlet/licenciaspermisosadjuntos?INS,7374023,L,20190301000000,, HTTP/1.1" 200 5910
190.171.142.42 - - [01/Mar/2019:13:16:31 -0300] "GET /cormun/static/about:blank HTTP/1.1" 404 1011
190.171.142.42 - - [01/Mar/2019:13:16:31 -0300] "GET /cormun/servlet/licenciaspermisosadjuntos?INS,7374023,L,20190301000000,, HTTP/1.1" 200 5899
190.171.142.42 - - [01/Mar/2019:13:16:52 -0300] "POST /cormun/servlet/licenciaspermisosadjuntos?2ca4a9dbd1ad6611826c9e1af99f5a45,INS,7374023,L,20190301000000,, HTTP/1.1" 200 116
190.171.142.42 - - [01/Mar/2019:13:16:52 -0300] "GET /cormun/servlet/hpexe_return? HTTP/1.1" 200 1050
190.171.142.42 - - [01/Mar/2019:13:16:52 -0300] "GET /cormun/servlet/trlicenciaspermisosadjuntos?7374023,20190301000000,L, HTTP/1.1" 200 7225
190.171.142.42 - - [01/Mar/2019:13:16:53 -0300] "GET /cormun/servlet/trlicenciaspermisosadjuntos?7374023,20190301000000,L, HTTP/1.1" 200 7222
190.171.143.90 - - [01/Mar/2019:13:16:55 -0300] "GET /cormun/servlet/prbanco?,MD,,gxPopupLevel%3D0%3B HTTP/1.1" 200 6674
190.171.142.42 - - [01/Mar/2019:13:16:57 -0300] "GET /cormun/servlet/licenciaspermisosadjuntos?DLT,7374023,L,20190301000000,20190301151000, HTTP/1.1" 200 5938
190.171.142.42 - - [01/Mar/2019:13:16:57 -0300] "GET /cormun/static/Shared/jqueryui/images/ui-bg_highlight-soft_100_c6c2c8_1x100.png HTTP/1.1" 404 1117
190.171.142.42 - - [01/Mar/2019:13:16:57 -0300] "GET /cormun/static/Shared/jqueryui/images/ui-icons_82798d_256x240.png HTTP/1.1" 404 1089
190.171.142.42 - - [01/Mar/2019:13:16:57 -0300] "GET /cormun/static/Shared/jqueryui/images/ui-bg_flat_55_fafafa_40x100.png HTTP/1.1" 404 1097
190.171.142.42 - - [01/Mar/2019:13:16:57 -0300] "GET /cormun/static/Shared/jqueryui/images/ui-icons_8d78a5_256x240.png HTTP/1.1" 404 1089
190.171.142.42 - - [01/Mar/2019:13:16:58 -0300] "GET /cormun/servlet/licenciaspermisosadjuntos?DLT,7374023,L,20190301000000,20190301151000, HTTP/1.1" 200 5929
190.171.142.42 - - [01/Mar/2019:13:16:58 -0300] "GET /cormun/PublicTempStorage/licencia_pilar_20198875466.pdf HTTP/1.1" 200 1319549
190.171.143.90 - - [01/Mar/2019:13:16:59 -0300] "GET /cormun/servlet/solicitudot?d33e6d9ab94da98f761a8e5c41cb83d46a944852ce2c3bd1c2b8a964239c86b67694ef841e44e0c76368e814fbbb72e3afa6adeec3599bb20eccfbdcfcccd80b,gx-no-cache=1551456803339 HTTP/1.1" 200 30
190.171.143.90 - - [01/Mar/2019:13:17:01 -0300] "GET /cormun/servlet/solicitudot?d33e6d9ab94da98f761a8e5c41cb83d454228d00e344ddf040249731f96eb272,gx-no-cache=1551456805328 HTTP/1.1" 200 51
190.171.143.90 - - [01/Mar/2019:13:17:05 -0300] "POST /cormun/servlet/solicitudot?8b2a9989a93e48268cefe46f9e939ae5,INS,0,0,,gx-no-cache=1551456808664 HTTP/1.1" 200 12022
190.171.143.90 - - [01/Mar/2019:13:17:05 -0300] "GET /cormun/static/Shared/jqueryui/images/ui-bg_highlight-soft_100_c6c2c8_1x100.png HTTP/1.1" 404 1117
190.171.143.90 - - [01/Mar/2019:13:17:05 -0300] "GET /cormun/static/Shared/jqueryui/images/ui-bg_flat_55_fafafa_40x100.png HTTP/1.1" 404 1097
190.171.143.90 - - [01/Mar/2019:13:17:05 -0300] "GET /cormun/static/Shared/jqueryui/images/ui-icons_82798d_256x240.png HTTP/1.1" 404 1089
190.171.143.90 - - [01/Mar/2019:13:17:05 -0300] "GET /cormun/static/Shared/jqueryui/images/ui-icons_8d78a5_256x240.png HTTP/1.1" 404 1089
190.171.142.42 - - [01/Mar/2019:13:17:06 -0300] "GET /cormun/servlet/trlicencias? HTTP/1.1" 200 9075
190.171.142.42 - - [01/Mar/2019:13:17:06 -0300] "GET /cormun/servlet/trlicencias? HTTP/1.1" 200 9064
190.171.142.42 - - [01/Mar/2019:13:17:09 -0300] "GET /cormun/servlet/trlicenciaspermisosadjuntos?7374023,20190301000000,L, HTTP/1.1" 200 7220
190.171.142.42 - - [01/Mar/2019:13:17:10 -0300] "GET /cormun/servlet/trlicenciaspermisosadjuntos?7374023,20190301000000,L, HTTP/1.1" 200 7222
190.171.142.42 - - [01/Mar/2019:13:17:12 -0300] "GET /cormun/servlet/licenciaspermisosadjuntos?DLT,7374023,L,20190301000000,20190301151000, HTTP/1.1" 200 5939
190.171.142.42 - - [01/Mar/2019:13:17:12 -0300] "GET /cormun/static/Shared/jqueryui/images/ui-icons_82798d_256x240.png HTTP/1.1" 404 1089
190.171.142.42 - - [01/Mar/2019:13:17:12 -0300] "GET /cormun/static/Shared/jqueryui/images/ui-bg_highlight-soft_100_c6c2c8_1x100.png HTTP/1.1" 404 1117
190.171.142.42 - - [01/Mar/2019:13:17:13 -0300] "GET /cormun/static/Shared/jqueryui/images/ui-bg_flat_55_fafafa_40x100.png HTTP/1.1" 404 1097
190.171.142.42 - - [01/Mar/2019:13:17:13 -0300] "GET /cormun/static/Shared/jqueryui/images/ui-icons_8d78a5_256x240.png HTTP/1.1" 404 1089
190.171.142.42 - - [01/Mar/2019:13:17:13 -0300] "GET /cormun/servlet/licenciaspermisosadjuntos?DLT,7374023,L,20190301000000,20190301151000, HTTP/1.1" 200 5930
190.171.142.42 - - [01/Mar/2019:13:17:13 -0300] "GET /cormun/PublicTempStorage/licencia_pilar_20198092670.pdf HTTP/1.1" 200 1319549
190.171.142.42 - - [01/Mar/2019:13:17:14 -0300] "POST /cormun/servlet/licenciaspermisosadjuntos?2ca4a9dbd1ad6611826c9e1af99f5a45,DLT,7374023,L,20190301000000,20190301151000,,gx-no-cache=1551456822836 HTTP/1.1" 200 93
190.171.142.42 - - [01/Mar/2019:13:17:14 -0300] "GET /cormun/servlet/hpexe_return? HTTP/1.1" 200 1055
190.171.142.42 - - [01/Mar/2019:13:17:14 -0300] "GET /cormun/servlet/trlicenciaspermisosadjuntos?7374023,20190301000000,L, HTTP/1.1" 200 7115
190.171.142.42 - - [01/Mar/2019:13:17:15 -0300] "GET /cormun/servlet/trlicenciaspermisosadjuntos?7374023,20190301000000,L, HTTP/1.1" 200 7111
190.171.143.90 - - [01/Mar/2019:13:17:18 -0300] "GET /cormun/servlet/solicitudot?d33e6d9ab94da98f761a8e5c41cb83d4effdabf1259b004adc74731b764e3c66af37158dbc16d680589a021d52bcbe1d01e60cc8f351df413348a079d5aa8259,gx-no-cache=1551456822145 HTTP/1.1" 200 51
190.171.142.42 - - [01/Mar/2019:13:17:19 -0300] "GET /cormun/servlet/licenciaspermisosadjuntos?INS,7374023,L,20190301000000,, HTTP/1.1" 200 5913
190.171.142.42 - - [01/Mar/2019:13:17:19 -0300] "GET /cormun/static/about:blank HTTP/1.1" 404 1011
190.171.142.42 - - [01/Mar/2019:13:17:19 -0300] "GET /cormun/servlet/licenciaspermisosadjuntos?INS,7374023,L,20190301000000,, HTTP/1.1" 200 5903
190.171.143.90 - - [01/Mar/2019:13:17:20 -0300] "POST /cormun/servlet/solicitudot?gx-no-cache=1551456823504 HTTP/1.1" 200 255
190.171.143.90 - - [01/Mar/2019:13:17:23 -0300] "GET /cormun/servlet/solicitudot?d33e6d9ab94da98f761a8e5c41cb83d4fb64fad162a8482a439b6916ea48a1d250caabb730bff7d6f1baa4def81bca61443aa39d5e05a01d28bcb74b14216ba33ad9e14cd1c2cfa605db94a6ae9866ac50ae8b9e65d39de813c77cc88b878ed9a676fa4db3009fa472c6d4d6783b4282cd9357fe88a87d5de1db0a5849c83a60b78847c40ad57703c978ad20cebe8919b6ccfc62c79edb7b642186297a7384a7e677efe570e9a7d961b88e4596065bb4373da64873e3966ae15ad5bd18ec931801a18b0e5a894987049f52fe90b21522150c6630e87a5e155fba4eab0bebd5533b3a3b453249a4d5822b18a48e091bdc7b9c7eede22995877bb2f299669b0d8a49d4856c914704ed67701874ceaca538d56266cdb6f912d59db6a3f38cef7a1be128c5438257ec550842d7e5541ddc44d0ce9f566406139c7b53128b3ae78ca7555d4cb9d8eb14945746769895f3eef810460002a334b2b08bd91fb567050b0998a3017c9adb2a615556baa7d9b1bf53c0759d53aefb14ece1e11cb750662e29,gx-no-cache=1551456826588 HTTP/1.1" 200 30
190.171.143.90 - - [01/Mar/2019:13:17:26 -0300] "POST /cormun/servlet/solicitudot?gx-no-cache=1551456829552 HTTP/1.1" 200 30
190.171.142.42 - - [01/Mar/2019:13:17:26 -0300] "GET /cormun/servlet/trlicencias? HTTP/1.1" 200 9073
190.171.142.42 - - [01/Mar/2019:13:17:27 -0300] "GET /cormun/servlet/trlicencias? HTTP/1.1" 200 9064
190.171.142.42 - - [01/Mar/2019:13:17:30 -0300] "GET /cormun/servlet/trlicenciaspermisosadjuntos?7374023,20190301000000,L, HTTP/1.1" 200 7112
190.171.142.42 - - [01/Mar/2019:13:17:31 -0300] "GET /cormun/servlet/trlicenciaspermisosadjuntos?7374023,20190301000000,L, HTTP/1.1" 200 7111
190.171.143.90 - - [01/Mar/2019:13:17:31 -0300] "POST /cormun/servlet/solicitudot?gx-no-cache=1551456835254 HTTP/1.1" 200 30
190.171.143.90 - - [01/Mar/2019:13:17:33 -0300] "POST /cormun/servlet/solicitudot?gx-no-cache=1551456836655 HTTP/1.1" 200 1277
190.171.143.90 - - [01/Mar/2019:13:17:33 -0300] "POST /cormun/servlet/solicitudot?gx-no-cache=1551456836704 HTTP/1.1" 200 38
190.171.142.42 - - [01/Mar/2019:13:17:39 -0300] "GET /cormun/servlet/trlicencias? HTTP/1.1" 200 9065
190.171.142.42 - - [01/Mar/2019:13:17:40 -0300] "GET /cormun/servlet/trlicencias? HTTP/1.1" 200 9064
190.171.142.42 - - [01/Mar/2019:13:17:42 -0300] "GET /cormun/servlet/trlicenciaspermisosadjuntos?7374023,20190301000000,L, HTTP/1.1" 200 7112
190.171.142.42 - - [01/Mar/2019:13:17:42 -0300] "GET /cormun/servlet/trlicenciaspermisosadjuntos?7374023,20190301000000,L, HTTP/1.1" 200 7110
190.171.142.50 - - [01/Mar/2019:13:17:43 -0300] "GET /cormun/servlet/hlogin HTTP/1.0" 200 1726
190.171.142.42 - - [01/Mar/2019:13:17:45 -0300] "GET /cormun/servlet/licenciaspermisosadjuntos?INS,7374023,L,20190301000000,, HTTP/1.1" 200 5913
190.171.142.42 - - [01/Mar/2019:13:17:45 -0300] "GET /cormun/static/about:blank HTTP/1.1" 404 1011
190.171.142.42 - - [01/Mar/2019:13:17:45 -0300] "GET /cormun/servlet/licenciaspermisosadjuntos?INS,7374023,L,20190301000000,, HTTP/1.1" 200 5902
190.171.143.90 - - [01/Mar/2019:13:17:45 -0300] "GET /cormun/servlet/solicitudot?d33e6d9ab94da98f761a8e5c41cb83d45ca67194d59b8ef04f3ebe8405e30286eb11a357860bd9f4a347d2b5e069fb77fc2ee0aa8d99ac52cf4447b5bd9de3bfc41cbc1271a9bd1c68e967e8e2e59ca887fa6e98062bbb36738844833d6a504ff5282b7ccd436f176af81c6c661566dd,gx-no-cache=1551456849468 HTTP/1.1" 200 110
190.171.143.106 - - [01/Mar/2019:13:17:55 -0300] "POST /cormun/servlet/trsolicitudot?bd0e3bfac853ad96d7a5293f52db1a16,gx-no-cache=1551456859411 HTTP/1.1" 200 107
190.171.143.106 - - [01/Mar/2019:13:17:56 -0300] "GET /cormun/servlet/solicitudot?UPD,2019,14375, HTTP/1.1" 200 15415
190.171.143.106 - - [01/Mar/2019:13:17:56 -0300] "GET /cormun/servlet/solicitudot?UPD,2019,14375, HTTP/1.1" 200 15424
190.171.143.106 - - [01/Mar/2019:13:17:57 -0300] "POST /cormun/servlet/solicitudot?gx-no-cache=1551456860710 HTTP/1.1" 200 3547
190.171.143.106 - - [01/Mar/2019:13:17:57 -0300] "POST /cormun/servlet/solicitudot?bd0e3bfac853ad96d7a5293f52db1a16,UPD,2019,14375,,gx-no-cache=1551456860865 HTTP/1.1" 200 11736
190.171.143.106 - - [01/Mar/2019:13:17:57 -0300] "GET /cormun/servlet/solicitudot?5cb176dede52788530af06013cd81b69ac6364c97fc01358039d09ba46db13479fe0190e3065ae729c13409d46e19372,gx-no-cache=1551456861094 HTTP/1.1" 200 30
190.171.143.106 - - [01/Mar/2019:13:17:57 -0300] "GET /cormun/servlet/solicitudot?5cb176dede52788530af06013cd81b69aaaae24101ef6328f6119e9a5f441931afa853e6cc7728f99ee6cda84830224eda02c29d36dca0b5af442104dcb6278f,gx-no-cache=1551456861130 HTTP/1.1" 200 30
190.171.143.106 - - [01/Mar/2019:13:17:57 -0300] "GET /cormun/servlet/solicitudot?5cb176dede52788530af06013cd81b69cb07252e71d28c6c64fa96bb4ea9cd27e1e0bd7ee97a6048ecb03f40b36f5b149f92f7bec2f824264c734442cdb4bc29,gx-no-cache=1551456861169 HTTP/1.1" 200 53
190.171.143.106 - - [01/Mar/2019:13:17:57 -0300] "POST /cormun/servlet/solicitudot?gx-no-cache=1551456861195 HTTP/1.1" 200 257
190.171.143.106 - - [01/Mar/2019:13:17:57 -0300] "GET /cormun/servlet/solicitudot?5cb176dede52788530af06013cd81b69cd36949a1c42c5755b4a6041f3643c3e00bd3bcaebaae5bd4155105c71dc37c5b56e695fc1e40c2b5b67fa1d8e517fc6744674556991f56c8ebb5f77f296559ab6d2f0c9448381226395a8494c28f1830f74e1c192d71844fc2c2cb508174c60f282ca839465b29fb5204cfb8ad0d6d53ebe54df4b0c9f0e193f6337990df3713a9bcdc32b7dc7346f6919d32ba2136ae6e93922313f2ae4ce2853bb0f890627a5226c492ceace9c037db4743589623ac4018fd65dd0c742472270b93c68871616a826387eb1f63707836b26fc89fa2c28077cb8cb1b9e10bf31d629433c766c33a532817955ca9f4b6817a332cf548ee901fcb8075863267be5101a942936797d085feef906cbf41d501e36966cb65e4b1903ea1bfd4f102d02bb6611c5d04b9076c3407756abcff786cdba91758efdee269b5d23bf16b1587a270d806652bd3ac9290b24f5ff054fd7a379d459c880913366829a90cfae0486e7823b351ccebb8692a79cf1d6f4df08317308906498,gx-no-cache=1551456861248 HTTP/1.1" 200 30
190.171.143.106 - - [01/Mar/2019:13:17:57 -0300] "POST /cormun/servlet/solicitudot?gx-no-cache=1551456861273 HTTP/1.1" 200 30
190.171.143.106 - - [01/Mar/2019:13:17:57 -0300] "POST /cormun/servlet/solicitudot?gx-no-cache=1551456861307 HTTP/1.1" 200 1282
190.171.143.106 - - [01/Mar/2019:13:17:57 -0300] "POST /cormun/servlet/solicitudot?gx-no-cache=1551456861349 HTTP/1.1" 200 41
190.171.142.50 - - [01/Mar/2019:13:17:59 -0300] "POST /cormun/servlet/hlogin?45f3988c71be612052432dd39d153902,gx-no-cache=1551456863083 HTTP/1.0" 200 90
190.171.142.50 - - [01/Mar/2019:13:17:59 -0300] "GET /cormun/servlet/hpexe_link HTTP/1.0" 200 956
190.171.142.50 - - [01/Mar/2019:13:17:59 -0300] "GET /cormun/servlet/hhome HTTP/1.0" 200 4035
190.171.142.50 - - [01/Mar/2019:13:18:01 -0300] "GET /cormun/servlet/hhome HTTP/1.0" 200 4031
190.171.143.90 - - [01/Mar/2019:13:18:02 -0300] "POST /cormun/servlet/solicitudot?gx-no-cache=1551456865933 HTTP/1.1" 200 72
190.171.142.50 - - [01/Mar/2019:13:18:06 -0300] "GET /cormun/servlet/trsolicitudot? HTTP/1.0" 200 7249
190.171.142.50 - - [01/Mar/2019:13:18:06 -0300] "GET /cormun/static/calendar-system.css?85620 HTTP/1.0" 200 5572
190.171.142.50 - - [01/Mar/2019:13:18:06 -0300] "GET /cormun/static/gxui/gxui-all.css?120300 HTTP/1.0" 200 2179
190.171.142.50 - - [01/Mar/2019:13:18:06 -0300] "GET /cormun/static/gxcfg.js?2017111422585916 HTTP/1.0" 200 953
190.171.142.50 - - [01/Mar/2019:13:18:06 -0300] "GET /cormun/static/Resources/Spanish/PXTools.css?1255365 HTTP/1.0" 200 89042
190.171.142.50 - - [01/Mar/2019:13:18:06 -0300] "GET /cormun/static/trsolicitudot.js?201711142259839 HTTP/1.0" 200 54041
190.171.142.50 - - [01/Mar/2019:13:18:06 -0300] "GET /cormun/static/Shared/ext/resources/css/ext-all.css?215870 HTTP/1.0" 200 416045
190.171.142.50 - - [01/Mar/2019:13:18:07 -0300] "GET /cormun/servlet/trsolicitudot? HTTP/1.0" 200 7248
190.171.142.50 - - [01/Mar/2019:13:18:12 -0300] "GET /cormun/servlet/solicitudot?INS,0,0, HTTP/1.0" 200 14831
190.171.142.50 - - [01/Mar/2019:13:18:12 -0300] "GET /cormun/static/gxcfg.js?20189101114418 HTTP/1.0" 200 953
190.171.142.50 - - [01/Mar/2019:13:18:12 -0300] "GET /cormun/static/Resources/prompt.gif HTTP/1.0" 200 902
190.171.142.50 - - [01/Mar/2019:13:18:12 -0300] "GET /cormun/static/solicitudot.js?20189101114718 HTTP/1.0" 200 71883
190.171.143.90 - - [01/Mar/2019:13:18:13 -0300] "POST /cormun/servlet/solicitudot?gx-no-cache=1551456876810 HTTP/1.1" 200 105
190.171.142.50 - - [01/Mar/2019:13:18:14 -0300] "GET /cormun/servlet/solicitudot?INS,0,0, HTTP/1.0" 200 14836
190.171.143.106 - - [01/Mar/2019:13:18:14 -0300] "GET /cormun/servlet/solicitudot?5cb176dede52788530af06013cd81b692ade940abdd29717a1dc9f4f6e0acb928570dc20301de425e05a4e6bffd1d1641fa4e1c45c02d131de717d19ab7edd668185607a4619faea35e29c89edec83dd3cb90abc14d410cd25cf164fffca0d6c50c2c100b880f9a31b01f672c63ef493,gx-no-cache=1551456878111 HTTP/1.1" 200 110
190.171.143.106 - - [01/Mar/2019:13:18:14 -0300] "POST /cormun/servlet/solicitudot?gx-no-cache=1551456878147 HTTP/1.1" 200 67
190.171.143.106 - - [01/Mar/2019:13:18:14 -0300] "GET /cormun/servlet/solicitudot?5cb176dede52788530af06013cd81b692f12d4cb6671b5c6c149d50d5980ce0494709ad4c708db0e751956dca3477c01fee61812bf807e87e2a08b410b91264b30b5d5b48f6bcc8f4c2554e6d47bc18bdc909fbcca6201ecd7dbc385228a849ae87bbc7d0ed10204d69476e9758f23a0,gx-no-cache=1551456878177 HTTP/1.1" 200 29
190.171.143.106 - - [01/Mar/2019:13:18:14 -0300] "GET /cormun/servlet/solicitudot?5cb176dede52788530af06013cd81b69889e44b1a6ce68a22e07438cbc0fde04a12c2e1280dbb717232329c8ad9ecec7,gx-no-cache=1551456878199 HTTP/1.1" 200 30
190.171.143.106 - - [01/Mar/2019:13:18:14 -0300] "POST /cormun/servlet/solicitudot?gx-no-cache=1551456878225 HTTP/1.1" 200 30
190.171.143.106 - - [01/Mar/2019:13:18:14 -0300] "POST /cormun/servlet/solicitudot?bd0e3bfac853ad96d7a5293f52db1a16,UPD,2019,14375,,gx-no-cache=1551456878255 HTTP/1.1" 200 93
190.171.143.106 - - [01/Mar/2019:13:18:14 -0300] "GET /cormun/servlet/hpexe_return? HTTP/1.1" 200 1008
190.171.143.106 - - [01/Mar/2019:13:18:15 -0300] "GET /cormun/servlet/trsolicitudot HTTP/1.1" 200 9288
190.171.143.106 - - [01/Mar/2019:13:18:15 -0300] "GET /cormun/servlet/trsolicitudot HTTP/1.1" 200 9284
190.171.142.42 - - [01/Mar/2019:13:18:19 -0300] "POST /cormun/servlet/licenciaspermisosadjuntos?2ca4a9dbd1ad6611826c9e1af99f5a45,INS,7374023,L,20190301000000,, HTTP/1.1" 200 116
190.171.142.42 - - [01/Mar/2019:13:18:19 -0300] "GET /cormun/servlet/hpexe_return? HTTP/1.1" 200 1050
190.171.142.42 - - [01/Mar/2019:13:18:20 -0300] "GET /cormun/servlet/trlicenciaspermisosadjuntos?7374023,20190301000000,L, HTTP/1.1" 200 7227
190.171.142.42 - - [01/Mar/2019:13:18:20 -0300] "GET /cormun/servlet/trlicenciaspermisosadjuntos?7374023,20190301000000,L, HTTP/1.1" 200 7221
190.171.142.42 - - [01/Mar/2019:13:18:24 -0300] "GET /cormun/servlet/licenciaspermisosadjuntos?DLT,7374023,L,20190301000000,20190301151114, HTTP/1.1" 200 5944
190.171.142.42 - - [01/Mar/2019:13:18:24 -0300] "GET /cormun/static/Shared/jqueryui/images/ui-bg_highlight-soft_100_c6c2c8_1x100.png HTTP/1.1" 404 1117
190.171.142.42 - - [01/Mar/2019:13:18:24 -0300] "GET /cormun/static/Shared/jqueryui/images/ui-icons_82798d_256x240.png HTTP/1.1" 404 1089
190.171.142.42 - - [01/Mar/2019:13:18:24 -0300] "GET /cormun/static/Shared/jqueryui/images/ui-icons_8d78a5_256x240.png HTTP/1.1" 404 1089
190.171.142.42 - - [01/Mar/2019:13:18:24 -0300] "GET /cormun/static/Shared/jqueryui/images/ui-bg_flat_55_fafafa_40x100.png HTTP/1.1" 404 1097
190.171.142.42 - - [01/Mar/2019:13:18:25 -0300] "GET /cormun/servlet/licenciaspermisosadjuntos?DLT,7374023,L,20190301000000,20190301151114, HTTP/1.1" 200 5936
190.171.142.42 - - [01/Mar/2019:13:18:25 -0300] "GET /cormun/PublicTempStorage/licencia_pilar_20198527041.pdf HTTP/1.1" 200 1319549
190.171.142.50 - - [01/Mar/2019:13:18:26 -0300] "POST /cormun/servlet/solicitudot?gx-no-cache=1551456890255 HTTP/1.0" 200 3549
190.171.142.42 - - [01/Mar/2019:13:18:26 -0300] "POST /cormun/servlet/licenciaspermisosadjuntos?2ca4a9dbd1ad6611826c9e1af99f5a45,DLT,7374023,L,20190301000000,20190301151114,,gx-no-cache=1551456894987 HTTP/1.1" 200 93
190.171.142.42 - - [01/Mar/2019:13:18:26 -0300] "GET /cormun/servlet/hpexe_return? HTTP/1.1" 200 1057
190.171.142.50 - - [01/Mar/2019:13:18:26 -0300] "POST /cormun/servlet/solicitudot?45f3988c71be612052432dd39d153902,INS,0,0,,gx-no-cache=1551456890594 HTTP/1.0" 200 11685
190.171.142.42 - - [01/Mar/2019:13:18:27 -0300] "GET /cormun/servlet/trlicenciaspermisosadjuntos?7374023,20190301000000,L, HTTP/1.1" 200 7114
190.171.142.42 - - [01/Mar/2019:13:18:27 -0300] "GET /cormun/servlet/trlicenciaspermisosadjuntos?7374023,20190301000000,L, HTTP/1.1" 200 7110
190.171.142.42 - - [01/Mar/2019:13:18:30 -0300] "GET /cormun/PublicTempStorage/licencia_pilar_20191219876.pdf HTTP/1.1" 200 1319549
190.171.143.106 - - [01/Mar/2019:13:18:38 -0300] "POST /cormun/servlet/trsolicitudot?bd0e3bfac853ad96d7a5293f52db1a16,gx-no-cache=1551456901639 HTTP/1.1" 200 5977
190.171.143.106 - - [01/Mar/2019:13:18:38 -0300] "GET /cormun/static/Shared/jqueryui/images/ui-bg_highlight-soft_100_c6c2c8_1x100.png HTTP/1.1" 404 1117
190.171.143.106 - - [01/Mar/2019:13:18:38 -0300] "GET /cormun/static/Shared/jqueryui/images/ui-bg_flat_55_fafafa_40x100.png HTTP/1.1" 404 1097
190.171.143.106 - - [01/Mar/2019:13:18:38 -0300] "GET /cormun/static/Shared/jqueryui/images/ui-icons_82798d_256x240.png HTTP/1.1" 404 1089
190.171.143.106 - - [01/Mar/2019:13:18:38 -0300] "GET /cormun/static/Shared/jqueryui/images/ui-icons_8d78a5_256x240.png HTTP/1.1" 404 1089
190.171.143.106 - - [01/Mar/2019:13:18:38 -0300] "POST /cormun/servlet/trsolicitudot?bd0e3bfac853ad96d7a5293f52db1a16,gx-no-cache=1551456901901 HTTP/1.1" 200 5919
190.171.143.106 - - [01/Mar/2019:13:18:39 -0300] "POST /cormun/servlet/trsolicitudot?bd0e3bfac853ad96d7a5293f52db1a16,gx-no-cache=1551456903040 HTTP/1.1" 200 5524
190.171.143.106 - - [01/Mar/2019:13:18:40 -0300] "POST /cormun/servlet/trsolicitudot?bd0e3bfac853ad96d7a5293f52db1a16,gx-no-cache=1551456903293 HTTP/1.1" 200 5466
190.171.143.106 - - [01/Mar/2019:13:18:41 -0300] "POST /cormun/servlet/trsolicitudot?bd0e3bfac853ad96d7a5293f52db1a16,gx-no-cache=1551456904903 HTTP/1.1" 200 4267
190.171.143.106 - - [01/Mar/2019:13:18:41 -0300] "POST /cormun/servlet/trsolicitudot?bd0e3bfac853ad96d7a5293f52db1a16,gx-no-cache=1551456905092 HTTP/1.1" 200 4046
190.171.142.50 - - [01/Mar/2019:13:18:42 -0300] "GET /cormun/servlet/solicitudot?ae4f48a5131635141cfffb424df3ff346773c78dace85dff6617f468ba78047b77b62f9ec553b4cf63a56aa1e23a495f,gx-no-cache=1551456906636 HTTP/1.0" 200 30
190.171.142.50 - - [01/Mar/2019:13:18:42 -0300] "GET /cormun/servlet/solicitudot?ae4f48a5131635141cfffb424df3ff3484e6a99061fe8e2faddc1a09b463df2ce578a88d6fb465052440455fe947378c811d5a029ac079ce625611db73b6fd98,gx-no-cache=1551456906722 HTTP/1.0" 200 30
190.171.142.50 - - [01/Mar/2019:13:18:43 -0300] "GET /cormun/servlet/solicitudot?ae4f48a5131635141cfffb424df3ff34c70075a8d7074bfe5203906431a559d4,gx-no-cache=1551456906762 HTTP/1.0" 200 53
190.171.142.50 - - [01/Mar/2019:13:18:43 -0300] "POST /cormun/servlet/solicitudot?gx-no-cache=1551456906812 HTTP/1.0" 200 255
190.171.142.50 - - [01/Mar/2019:13:18:43 -0300] "GET /cormun/servlet/solicitudot?ae4f48a5131635141cfffb424df3ff342a3f2fe0af4ac4c1e4ff7c2a78ee20ada449b1e8ffe8ddbc2f7f2fe40133a653d5e63ec9736064fbe6be9cef406c0b30cce105008cd50b04819291943469beae144f8efeea6076af9fbddc8b8412aa2180b92a3a1e562ba1c380e136c57984c25842a5116fb644806777e50c045096d8f2e31978d5ceffa90ba7a64289c55ce6f6374204f3a559409ab9b1ad4780b4e343645f396d9720212a876020f2d222ea519fe3fd41bc32a99f15109f255d1d2dd1a27c46a5c176a182cf4f901ecafaa93957877c1797fa7ca3886236cbc7aaf1f8de8eaa61cef15e134f4dfbc4ae6e7e72b360eca1e90fd1dda8849e5aae3009ebbe5f21de979a4beb76cae3696dccc18fb46af59161d56ab20f55bdb1ce7a7e19685245f9ec6bcfcf57dfc0a36d17776968843e110154be4ec22330fa0b6a163cf6ccda373edcd51729065c7d0f931958b5cbb2a9dd76ef6ace6da5d381520ef8336251ca28b8ef21b7da05f0eeef88ed6944bb1e2deb9f6a72cd244ead6774,gx-no-cache=1551456906892 HTTP/1.0" 200 30
190.171.143.90 - - [01/Mar/2019:13:18:43 -0300] "GET /cormun/servlet/solicitudot?d33e6d9ab94da98f761a8e5c41cb83d4da2f590601e85c2255f94c4e0a63fc755ebea495c03e923569c5d63b4b4f7f87a0faf15ba9eb74b1b6a3e91e9158e4878a15c8b70bfd7cf168d7353a86d031621fb217ffda4b5cff301a8ba2c2c39a42a53d347ce322a885684db5e3a7f44a96,gx-no-cache=1551456907210 HTTP/1.1" 200 29
190.171.143.90 - - [01/Mar/2019:13:18:43 -0300] "GET /cormun/static/menuarrow.gif HTTP/1.1" 404 1015
190.171.142.42 - - [01/Mar/2019:13:18:44 -0300] "GET /cormun/servlet/trlicenciaspermisosadjuntos?7374023,20190301000000,L, HTTP/1.1" 200 7114
190.171.142.42 - - [01/Mar/2019:13:18:44 -0300] "GET /cormun/servlet/trlicenciaspermisosadjuntos?7374023,20190301000000,L, HTTP/1.1" 200 7111
190.171.142.42 - - [01/Mar/2019:13:18:49 -0300] "GET /cormun/servlet/trlicencias? HTTP/1.1" 200 9065
190.171.142.42 - - [01/Mar/2019:13:18:50 -0300] "GET /cormun/servlet/trlicencias? HTTP/1.1" 200 9064
190.171.143.90 - - [01/Mar/2019:13:18:51 -0300] "GET /cormun/servlet/solicitudot?d33e6d9ab94da98f761a8e5c41cb83d4cf0e2c8d04dfaf7a29ae491045e0c7839e4782a1d09f4d5b2c8c719051d6b0f2,gx-no-cache=1551456914677 HTTP/1.1" 200 30
190.171.142.50 - - [01/Mar/2019:13:18:52 -0300] "POST /cormun/servlet/solicitudot?gx-no-cache=1551456916193 HTTP/1.0" 200 30
190.171.142.42 - - [01/Mar/2019:13:18:53 -0300] "POST /cormun/servlet/trlicencias?2ca4a9dbd1ad6611826c9e1af99f5a45,,gx-no-cache=1551456921912 HTTP/1.1" 200 6337
190.171.142.42 - - [01/Mar/2019:13:18:53 -0300] "GET /cormun/static/Shared/jqueryui/images/ui-bg_highlight-soft_100_c6c2c8_1x100.png HTTP/1.1" 404 1117
190.171.142.42 - - [01/Mar/2019:13:18:53 -0300] "GET /cormun/static/Shared/jqueryui/images/ui-icons_82798d_256x240.png HTTP/1.1" 404 1089
190.171.142.42 - - [01/Mar/2019:13:18:53 -0300] "GET /cormun/static/Shared/jqueryui/images/ui-bg_flat_55_fafafa_40x100.png HTTP/1.1" 404 1097
190.171.142.42 - - [01/Mar/2019:13:18:53 -0300] "GET /cormun/static/Shared/jqueryui/images/ui-icons_8d78a5_256x240.png HTTP/1.1" 404 1089
190.171.143.90 - - [01/Mar/2019:13:18:57 -0300] "POST /cormun/servlet/solicitudot?gx-no-cache=1551456921242 HTTP/1.1" 200 30
190.171.142.50 - - [01/Mar/2019:13:18:59 -0300] "POST /cormun/servlet/solicitudot?gx-no-cache=1551456922860 HTTP/1.0" 200 1281
190.171.142.50 - - [01/Mar/2019:13:18:59 -0300] "POST /cormun/servlet/solicitudot?gx-no-cache=1551456922966 HTTP/1.0" 200 38
190.171.142.50 - - [01/Mar/2019:13:18:59 -0300] "GET /cormun/servlet/solicitudot?ae4f48a5131635141cfffb424df3ff3410f672b6dc11f1b2fec7ec04599f14ff0c7a5010d18f7398b1953d35c21f6ed2ce63443f3d887abfca80c2071ad6d6a42d3e32c42f94d765159ffaf87c0beb682dbf9e8c25f7bed19ee960b986a8dede5e72bfbc2afde24eba2d0761cbab9e21,gx-no-cache=1551456923022 HTTP/1.0" 200 110
190.171.143.90 - - [01/Mar/2019:13:19:05 -0300] "POST /cormun/servlet/solicitudot?8b2a9989a93e48268cefe46f9e939ae5,INS,0,0,,gx-no-cache=1551456929169 HTTP/1.1" 200 93
190.171.143.90 - - [01/Mar/2019:13:19:05 -0300] "GET /cormun/servlet/hpexe_return? HTTP/1.1" 200 1012
190.171.143.90 - - [01/Mar/2019:13:19:06 -0300] "GET /cormun/servlet/trsolicitudot HTTP/1.1" 200 8888
190.171.143.90 - - [01/Mar/2019:13:19:06 -0300] "GET /cormun/servlet/trsolicitudot HTTP/1.1" 200 8884
36.91.169.243 - - [01/Mar/2019:13:19:09 -0300] "GET / HTTP/1.1" 200 11217
190.171.143.90 - - [01/Mar/2019:13:19:09 -0300] "POST /cormun/servlet/trsolicitudot?8b2a9989a93e48268cefe46f9e939ae5,gx-no-cache=1551456933114 HTTP/1.1" 200 107
190.171.143.90 - - [01/Mar/2019:13:19:09 -0300] "GET /cormun/servlet/trsolicitudadjuntos?2019,14397, HTTP/1.1" 200 6415
190.171.143.90 - - [01/Mar/2019:13:19:10 -0300] "GET /cormun/servlet/trsolicitudadjuntos?2019,14397, HTTP/1.1" 200 6415
190.171.143.90 - - [01/Mar/2019:13:19:11 -0300] "GET /cormun/servlet/solicitudotadjuntos?INS,2019,14397,,1, HTTP/1.1" 200 6359
190.171.143.90 - - [01/Mar/2019:13:19:12 -0300] "GET /cormun/static/about:blank HTTP/1.1" 404 1011
190.171.143.90 - - [01/Mar/2019:13:19:12 -0300] "GET /cormun/servlet/solicitudotadjuntos?INS,2019,14397,,1, HTTP/1.1" 200 6353
190.171.143.90 - - [01/Mar/2019:13:19:12 -0300] "GET /cormun/servlet/solicitudotadjuntos?d33e6d9ab94da98f761a8e5c41cb83d467dd8a7ab4f4b2466aab1f6015b884fc69ffec52cbfea3d90d183959699d5557,gx-no-cache=1551456936109 HTTP/1.1" 200 30
190.171.143.90 - - [01/Mar/2019:13:19:12 -0300] "POST /cormun/servlet/solicitudotadjuntos?8b2a9989a93e48268cefe46f9e939ae5,INS,2019,14397,,1,,gx-no-cache=1551456936216 HTTP/1.1" 200 4102
190.171.142.50 - - [01/Mar/2019:13:19:14 -0300] "POST /cormun/servlet/solicitudot?gx-no-cache=1551456937896 HTTP/1.0" 200 97
190.171.143.90 - - [01/Mar/2019:13:19:14 -0300] "POST /cormun/servlet/solicitudotadjuntos?gx-no-cache=1551456937816 HTTP/1.1" 200 26
190.171.142.50 - - [01/Mar/2019:13:19:22 -0300] "GET /cormun/servlet/solicitudot?ae4f48a5131635141cfffb424df3ff34862b78c06a76a0a51c5681da8ee2401da0e0e1445aa92d51d2bbea06afb360dd5e36a06d0c0a4bee76a38b13a233db016fd618dfa57bc08cceeb905f6dc316b44d77f3fc8334608533323b6c14cc96d7db3c57fbf0b5f295ce047c638e90c11fa0e830f888403ee61fb400cdea1e4b2df01c023b0aaf09a49e1d126b40792baccab5c79a174d81d021a3241b58858b57ebb4f72087bf2d7fe0af4f881d5af0bbf45bfafca610c7da8c01ffa36483d5731941df158adcf13e4ee381a3ec7035ce,gx-no-cache=1551456946519 HTTP/1.0" 200 29
190.171.142.50 - - [01/Mar/2019:13:19:22 -0300] "GET /cormun/static/menuarrow.gif HTTP/1.0" 404 1015
190.171.143.90 - - [01/Mar/2019:13:19:26 -0300] "GET /cormun/servlet/solicitudotadjuntos?d33e6d9ab94da98f761a8e5c41cb83d4cda81343b892f59686c375c003bea860,gx-no-cache=1551456949744 HTTP/1.1" 200 30
190.171.143.90 - - [01/Mar/2019:13:19:26 -0300] "GET /cormun/servlet/solicitudotadjuntos?d33e6d9ab94da98f761a8e5c41cb83d4cda81343b892f59686c375c003bea860,gx-no-cache=1551456949763 HTTP/1.1" 200 30
190.171.143.90 - - [01/Mar/2019:13:19:26 -0300] "POST /cormun/servlet/solicitudotadjuntos?8b2a9989a93e48268cefe46f9e939ae5,INS,2019,14397,,1, HTTP/1.1" 200 116
190.171.143.90 - - [01/Mar/2019:13:19:26 -0300] "GET /cormun/servlet/hpexe_return? HTTP/1.1" 200 1031
190.171.142.50 - - [01/Mar/2019:13:19:26 -0300] "GET /cormun/servlet/solicitudot?ae4f48a5131635141cfffb424df3ff3438d27096bf69b0ae331376fec21c76fd54ce665e2ca2dd3ecf6080baef651418,gx-no-cache=1551456950478 HTTP/1.0" 200 30
190.171.143.90 - - [01/Mar/2019:13:19:26 -0300] "GET /cormun/servlet/trsolicitudadjuntos?2019,14397, HTTP/1.1" 200 8997
190.171.143.90 - - [01/Mar/2019:13:19:27 -0300] "GET /cormun/servlet/trsolicitudadjuntos?2019,14397, HTTP/1.1" 200 8995
190.171.143.90 - - [01/Mar/2019:13:19:29 -0300] "GET /cormun/servlet/solicitudotadjuntos?INS,2019,14397,,1, HTTP/1.1" 200 6359
190.171.143.90 - - [01/Mar/2019:13:19:29 -0300] "GET /cormun/static/about:blank HTTP/1.1" 404 1011
190.171.143.90 - - [01/Mar/2019:13:19:30 -0300] "GET /cormun/servlet/solicitudotadjuntos?INS,2019,14397,,1, HTTP/1.1" 200 6353
190.171.143.90 - - [01/Mar/2019:13:19:30 -0300] "GET /cormun/servlet/solicitudotadjuntos?d33e6d9ab94da98f761a8e5c41cb83d467dd8a7ab4f4b2466aab1f6015b884fc69ffec52cbfea3d90d183959699d5557,gx-no-cache=1551456953910 HTTP/1.1" 200 30
190.171.143.90 - - [01/Mar/2019:13:19:30 -0300] "POST /cormun/servlet/solicitudotadjuntos?8b2a9989a93e48268cefe46f9e939ae5,INS,2019,14397,,1,,gx-no-cache=1551456953938 HTTP/1.1" 200 4102
190.171.143.90 - - [01/Mar/2019:13:19:33 -0300] "POST /cormun/servlet/solicitudotadjuntos?gx-no-cache=1551456956886 HTTP/1.1" 200 26
190.171.152.114 - - [01/Mar/2019:13:19:41 -0300] "GET /cormun/servlet/trvisualizadoreventos? HTTP/1.1" 200 5992
190.171.152.114 - - [01/Mar/2019:13:19:41 -0300] "GET /cormun/static/gxcfg.js?20175251251426 HTTP/1.1" 200 953
190.171.152.114 - - [01/Mar/2019:13:19:41 -0300] "GET /cormun/static/Resources/PXToolsActionPrint.png HTTP/1.1" 200 3317
190.171.152.114 - - [01/Mar/2019:13:19:41 -0300] "GET /cormun/static/trvisualizadoreventos.js?20175251251768 HTTP/1.1" 200 19318
190.171.152.114 - - [01/Mar/2019:13:19:42 -0300] "GET /cormun/servlet/hlogin HTTP/1.1" 200 1750
190.171.143.90 - - [01/Mar/2019:13:20:32 -0300] "GET /cormun/servlet/solicitudotadjuntos?d33e6d9ab94da98f761a8e5c41cb83d4cda81343b892f59686c375c003bea860,gx-no-cache=1551457016078 HTTP/1.1" 200 30
190.171.143.90 - - [01/Mar/2019:13:20:32 -0300] "GET /cormun/servlet/solicitudotadjuntos?d33e6d9ab94da98f761a8e5c41cb83d4cda81343b892f59686c375c003bea860,gx-no-cache=1551457016112 HTTP/1.1" 200 30
190.171.143.90 - - [01/Mar/2019:13:20:32 -0300] "POST /cormun/servlet/solicitudotadjuntos?8b2a9989a93e48268cefe46f9e939ae5,INS,2019,14397,,1, HTTP/1.1" 200 116
190.171.143.90 - - [01/Mar/2019:13:20:32 -0300] "GET /cormun/servlet/hpexe_return? HTTP/1.1" 200 1031
190.171.143.90 - - [01/Mar/2019:13:20:32 -0300] "GET /cormun/servlet/trsolicitudadjuntos?2019,14397, HTTP/1.1" 200 9214
190.171.143.90 - - [01/Mar/2019:13:20:33 -0300] "GET /cormun/servlet/trsolicitudadjuntos?2019,14397, HTTP/1.1" 200 9212
190.171.143.90 - - [01/Mar/2019:13:20:36 -0300] "GET /cormun/servlet/solicitudotadjuntos?INS,2019,14397,,1, HTTP/1.1" 200 6359
190.171.143.90 - - [01/Mar/2019:13:20:36 -0300] "GET /cormun/static/about:blank HTTP/1.1" 404 1011
190.171.143.90 - - [01/Mar/2019:13:20:36 -0300] "GET /cormun/servlet/solicitudotadjuntos?INS,2019,14397,,1, HTTP/1.1" 200 6353
190.171.143.90 - - [01/Mar/2019:13:20:36 -0300] "GET /cormun/servlet/solicitudotadjuntos?d33e6d9ab94da98f761a8e5c41cb83d467dd8a7ab4f4b2466aab1f6015b884fc69ffec52cbfea3d90d183959699d5557,gx-no-cache=1551457020333 HTTP/1.1" 200 30
190.171.143.90 - - [01/Mar/2019:13:20:36 -0300] "POST /cormun/servlet/solicitudotadjuntos?8b2a9989a93e48268cefe46f9e939ae5,INS,2019,14397,,1,,gx-no-cache=1551457020368 HTTP/1.1" 200 4102
190.171.143.90 - - [01/Mar/2019:13:20:39 -0300] "POST /cormun/servlet/solicitudotadjuntos?gx-no-cache=1551457022998 HTTP/1.1" 200 26
190.171.143.90 - - [01/Mar/2019:13:20:46 -0300] "GET /cormun/servlet/solicitudotadjuntos?d33e6d9ab94da98f761a8e5c41cb83d4cda81343b892f59686c375c003bea860,gx-no-cache=1551457029606 HTTP/1.1" 200 30
190.171.143.90 - - [01/Mar/2019:13:20:46 -0300] "GET /cormun/servlet/solicitudotadjuntos?d33e6d9ab94da98f761a8e5c41cb83d4cda81343b892f59686c375c003bea860,gx-no-cache=1551457029625 HTTP/1.1" 200 30
190.171.143.90 - - [01/Mar/2019:13:20:46 -0300] "POST /cormun/servlet/solicitudotadjuntos?8b2a9989a93e48268cefe46f9e939ae5,INS,2019,14397,,1, HTTP/1.1" 200 116
190.171.143.90 - - [01/Mar/2019:13:20:46 -0300] "GET /cormun/servlet/hpexe_return? HTTP/1.1" 200 1031
190.171.143.90 - - [01/Mar/2019:13:20:46 -0300] "GET /cormun/servlet/trsolicitudadjuntos?2019,14397, HTTP/1.1" 200 9388
190.171.143.90 - - [01/Mar/2019:13:20:46 -0300] "GET /cormun/servlet/trsolicitudadjuntos?2019,14397, HTTP/1.1" 200 9387
190.171.143.90 - - [01/Mar/2019:13:20:49 -0300] "GET /cormun/servlet/solicitudotadjuntos?INS,2019,14397,,1, HTTP/1.1" 200 6359
190.171.143.90 - - [01/Mar/2019:13:20:49 -0300] "GET /cormun/static/about:blank HTTP/1.1" 404 1011
190.171.143.90 - - [01/Mar/2019:13:20:49 -0300] "GET /cormun/servlet/solicitudotadjuntos?INS,2019,14397,,1, HTTP/1.1" 200 6353
190.171.143.90 - - [01/Mar/2019:13:20:49 -0300] "GET /cormun/servlet/solicitudotadjuntos?d33e6d9ab94da98f761a8e5c41cb83d467dd8a7ab4f4b2466aab1f6015b884fc69ffec52cbfea3d90d183959699d5557,gx-no-cache=1551457033459 HTTP/1.1" 200 30
190.171.143.90 - - [01/Mar/2019:13:20:50 -0300] "POST /cormun/servlet/solicitudotadjuntos?8b2a9989a93e48268cefe46f9e939ae5,INS,2019,14397,,1,,gx-no-cache=1551457033487 HTTP/1.1" 200 4102
190.171.143.90 - - [01/Mar/2019:13:20:52 -0300] "POST /cormun/servlet/solicitudotadjuntos?gx-no-cache=1551457036029 HTTP/1.1" 200 26
190.171.143.90 - - [01/Mar/2019:13:20:57 -0300] "GET /cormun/servlet/solicitudotadjuntos?d33e6d9ab94da98f761a8e5c41cb83d4cda81343b892f59686c375c003bea860,gx-no-cache=1551457041333 HTTP/1.1" 200 30
190.171.143.90 - - [01/Mar/2019:13:20:57 -0300] "GET /cormun/servlet/solicitudotadjuntos?d33e6d9ab94da98f761a8e5c41cb83d4cda81343b892f59686c375c003bea860,gx-no-cache=1551457041352 HTTP/1.1" 200 30
190.171.143.90 - - [01/Mar/2019:13:20:58 -0300] "POST /cormun/servlet/solicitudotadjuntos?8b2a9989a93e48268cefe46f9e939ae5,INS,2019,14397,,1, HTTP/1.1" 200 116
190.171.143.90 - - [01/Mar/2019:13:20:58 -0300] "GET /cormun/servlet/hpexe_return? HTTP/1.1" 200 1031
190.171.143.90 - - [01/Mar/2019:13:20:58 -0300] "GET /cormun/servlet/trsolicitudadjuntos?2019,14397, HTTP/1.1" 200 9608
190.171.143.90 - - [01/Mar/2019:13:20:58 -0300] "GET /cormun/servlet/trsolicitudadjuntos?2019,14397, HTTP/1.1" 200 9606
190.171.143.90 - - [01/Mar/2019:13:21:00 -0300] "GET /cormun/servlet/solicitudotadjuntos?INS,2019,14397,,1, HTTP/1.1" 200 6359
190.171.143.90 - - [01/Mar/2019:13:21:01 -0300] "GET /cormun/static/about:blank HTTP/1.1" 404 1011
190.171.143.90 - - [01/Mar/2019:13:21:01 -0300] "GET /cormun/servlet/solicitudotadjuntos?INS,2019,14397,,1, HTTP/1.1" 200 6353
190.171.143.90 - - [01/Mar/2019:13:21:01 -0300] "GET /cormun/servlet/solicitudotadjuntos?d33e6d9ab94da98f761a8e5c41cb83d467dd8a7ab4f4b2466aab1f6015b884fc69ffec52cbfea3d90d183959699d5557,gx-no-cache=1551457045039 HTTP/1.1" 200 30
190.171.143.90 - - [01/Mar/2019:13:21:01 -0300] "POST /cormun/servlet/solicitudotadjuntos?8b2a9989a93e48268cefe46f9e939ae5,INS,2019,14397,,1,,gx-no-cache=1551457045067 HTTP/1.1" 200 4102
190.171.143.90 - - [01/Mar/2019:13:21:04 -0300] "POST /cormun/servlet/solicitudotadjuntos?gx-no-cache=1551457047693 HTTP/1.1" 200 26
190.171.143.90 - - [01/Mar/2019:13:21:18 -0300] "GET /cormun/servlet/solicitudotadjuntos?d33e6d9ab94da98f761a8e5c41cb83d4cda81343b892f59686c375c003bea860,gx-no-cache=1551457061708 HTTP/1.1" 200 30
190.171.143.90 - - [01/Mar/2019:13:21:18 -0300] "GET /cormun/servlet/solicitudotadjuntos?d33e6d9ab94da98f761a8e5c41cb83d4cda81343b892f59686c375c003bea860,gx-no-cache=1551457061729 HTTP/1.1" 200 30
190.171.143.90 - - [01/Mar/2019:13:21:18 -0300] "POST /cormun/servlet/solicitudotadjuntos?8b2a9989a93e48268cefe46f9e939ae5,INS,2019,14397,,1, HTTP/1.1" 200 116
190.171.143.90 - - [01/Mar/2019:13:21:18 -0300] "GET /cormun/servlet/hpexe_return? HTTP/1.1" 200 1031
190.171.143.90 - - [01/Mar/2019:13:21:18 -0300] "GET /cormun/servlet/trsolicitudadjuntos?2019,14397, HTTP/1.1" 200 9841
190.171.143.90 - - [01/Mar/2019:13:21:19 -0300] "GET /cormun/servlet/trsolicitudadjuntos?2019,14397, HTTP/1.1" 200 9840
190.171.143.90 - - [01/Mar/2019:13:21:22 -0300] "GET /cormun/servlet/solicitudotadjuntos?INS,2019,14397,,1, HTTP/1.1" 200 6359
190.171.143.90 - - [01/Mar/2019:13:21:22 -0300] "GET /cormun/static/about:blank HTTP/1.1" 404 1011
190.171.143.90 - - [01/Mar/2019:13:21:22 -0300] "GET /cormun/servlet/solicitudotadjuntos?INS,2019,14397,,1, HTTP/1.1" 200 6353
190.171.143.90 - - [01/Mar/2019:13:21:23 -0300] "GET /cormun/servlet/solicitudotadjuntos?d33e6d9ab94da98f761a8e5c41cb83d467dd8a7ab4f4b2466aab1f6015b884fc69ffec52cbfea3d90d183959699d5557,gx-no-cache=1551457066635 HTTP/1.1" 200 30
190.171.143.90 - - [01/Mar/2019:13:21:23 -0300] "POST /cormun/servlet/solicitudotadjuntos?8b2a9989a93e48268cefe46f9e939ae5,INS,2019,14397,,1,,gx-no-cache=1551457066663 HTTP/1.1" 200 4102
190.171.143.90 - - [01/Mar/2019:13:21:27 -0300] "POST /cormun/servlet/solicitudotadjuntos?gx-no-cache=1551457071159 HTTP/1.1" 200 26
190.171.143.90 - - [01/Mar/2019:13:21:34 -0300] "GET /cormun/servlet/solicitudotadjuntos?d33e6d9ab94da98f761a8e5c41cb83d4cda81343b892f59686c375c003bea860,gx-no-cache=1551457078246 HTTP/1.1" 200 30
190.171.143.90 - - [01/Mar/2019:13:21:34 -0300] "GET /cormun/servlet/solicitudotadjuntos?d33e6d9ab94da98f761a8e5c41cb83d4cda81343b892f59686c375c003bea860,gx-no-cache=1551457078265 HTTP/1.1" 200 30
190.171.142.50 - - [01/Mar/2019:13:21:35 -0300] "POST /cormun/servlet/solicitudot?gx-no-cache=1551457079097 HTTP/1.0" 200 30
190.171.152.114 - - [01/Mar/2019:13:21:35 -0300] "POST /cormun/servlet/hlogin?966e2a4047aed9d1273b29a1b79e9ba1,gx-no-cache=1551457079223 HTTP/1.1" 200 90
190.171.152.114 - - [01/Mar/2019:13:21:35 -0300] "GET /cormun/servlet/hpexe_link HTTP/1.1" 200 966
190.171.152.114 - - [01/Mar/2019:13:21:35 -0300] "GET /cormun/servlet/trvisualizadoreventos HTTP/1.1" 200 6851
190.171.143.90 - - [01/Mar/2019:13:21:36 -0300] "POST /cormun/servlet/solicitudotadjuntos?8b2a9989a93e48268cefe46f9e939ae5,INS,2019,14397,,1, HTTP/1.1" 200 116
190.171.143.90 - - [01/Mar/2019:13:21:36 -0300] "GET /cormun/servlet/hpexe_return? HTTP/1.1" 200 1031
190.171.143.90 - - [01/Mar/2019:13:21:36 -0300] "GET /cormun/servlet/trsolicitudadjuntos?2019,14397, HTTP/1.1" 200 10049
190.171.143.90 - - [01/Mar/2019:13:21:37 -0300] "GET /cormun/servlet/trsolicitudadjuntos?2019,14397, HTTP/1.1" 200 10047
190.171.143.90 - - [01/Mar/2019:13:21:40 -0300] "POST /cormun/servlet/trsolicitudadjuntos?8b2a9989a93e48268cefe46f9e939ae5,2019,14397,,gx-no-cache=1551457084233 HTTP/1.1" 200 90
190.171.143.90 - - [01/Mar/2019:13:21:40 -0300] "GET /cormun/servlet/hpexe_link HTTP/1.1" 200 973
190.171.143.90 - - [01/Mar/2019:13:21:40 -0300] "GET /cormun/servlet/trsolicitudot HTTP/1.1" 200 8883
190.171.152.114 - - [01/Mar/2019:13:21:41 -0300] "GET /cormun/servlet/trsolicitudot? HTTP/1.1" 200 9552
190.171.143.90 - - [01/Mar/2019:13:21:41 -0300] "GET /cormun/servlet/trsolicitudot HTTP/1.1" 200 8884
190.171.152.114 - - [01/Mar/2019:13:21:44 -0300] "GET /cormun/servlet/trvisualizadoreventos? HTTP/1.1" 200 6850
190.171.143.90 - - [01/Mar/2019:13:21:46 -0300] "POST /cormun/servlet/trsolicitudot?8b2a9989a93e48268cefe46f9e939ae5,gx-no-cache=1551457089609 HTTP/1.1" 200 4744
190.171.143.90 - - [01/Mar/2019:13:21:46 -0300] "GET /cormun/static/Shared/jqueryui/images/ui-bg_highlight-soft_100_c6c2c8_1x100.png HTTP/1.1" 404 1117
190.171.143.90 - - [01/Mar/2019:13:21:46 -0300] "GET /cormun/static/Shared/jqueryui/images/ui-icons_8d78a5_256x240.png HTTP/1.1" 404 1089
190.171.143.90 - - [01/Mar/2019:13:21:46 -0300] "GET /cormun/static/Shared/jqueryui/images/ui-icons_82798d_256x240.png HTTP/1.1" 404 1089
190.171.143.90 - - [01/Mar/2019:13:21:46 -0300] "GET /cormun/static/Shared/jqueryui/images/ui-bg_flat_55_fafafa_40x100.png HTTP/1.1" 404 1097
190.171.143.90 - - [01/Mar/2019:13:21:46 -0300] "POST /cormun/servlet/trsolicitudot?8b2a9989a93e48268cefe46f9e939ae5,gx-no-cache=1551457089816 HTTP/1.1" 200 4531
190.171.143.90 - - [01/Mar/2019:13:21:49 -0300] "GET /cormun/servlet/trautorizarsolicitud? HTTP/1.1" 200 8652
190.171.143.90 - - [01/Mar/2019:13:21:49 -0300] "GET /cormun/servlet/trautorizarsolicitud? HTTP/1.1" 200 8652
190.171.152.114 - - [01/Mar/2019:13:21:50 -0300] "GET /cormun/static/menuarrow.gif HTTP/1.1" 404 1015
190.171.143.90 - - [01/Mar/2019:13:21:53 -0300] "POST /cormun/servlet/trautorizarsolicitud?8b2a9989a93e48268cefe46f9e939ae5,,gx-no-cache=1551457096647 HTTP/1.1" 200 4406
190.171.143.90 - - [01/Mar/2019:13:21:53 -0300] "GET /cormun/static/Shared/jqueryui/images/ui-icons_82798d_256x240.png HTTP/1.1" 404 1089
190.171.143.90 - - [01/Mar/2019:13:21:53 -0300] "GET /cormun/static/Shared/jqueryui/images/ui-bg_highlight-soft_100_c6c2c8_1x100.png HTTP/1.1" 404 1117
190.171.143.90 - - [01/Mar/2019:13:21:53 -0300] "GET /cormun/static/Shared/jqueryui/images/ui-icons_8d78a5_256x240.png HTTP/1.1" 404 1089
190.171.143.90 - - [01/Mar/2019:13:21:53 -0300] "GET /cormun/static/Shared/jqueryui/images/ui-bg_flat_55_fafafa_40x100.png HTTP/1.1" 404 1097
190.171.143.90 - - [01/Mar/2019:13:21:53 -0300] "POST /cormun/servlet/trautorizarsolicitud?8b2a9989a93e48268cefe46f9e939ae5,,gx-no-cache=1551457096836 HTTP/1.1" 200 4193
190.171.142.50 - - [01/Mar/2019:13:22:28 -0300] "POST /cormun/servlet/solicitudot?45f3988c71be612052432dd39d153902,INS,0,0,,gx-no-cache=1551457131638 HTTP/1.0" 200 93
190.171.142.50 - - [01/Mar/2019:13:22:28 -0300] "GET /cormun/servlet/hpexe_return? HTTP/1.0" 200 1012
190.171.142.50 - - [01/Mar/2019:13:22:28 -0300] "GET /cormun/static/Resources/Spanish/PXTools.css?167811 HTTP/1.0" 304 -
190.171.142.50 - - [01/Mar/2019:13:22:28 -0300] "GET /cormun/static/hpexe_return.js?2016101716175153 HTTP/1.0" 304 -
190.171.142.50 - - [01/Mar/2019:13:22:28 -0300] "GET /cormun/static/gxcfg.js?2016101716175148 HTTP/1.0" 200 953
190.171.142.50 - - [01/Mar/2019:13:22:28 -0300] "GET /cormun/servlet/trsolicitudot HTTP/1.0" 200 8596
190.171.142.50 - - [01/Mar/2019:13:22:30 -0300] "GET /cormun/servlet/trsolicitudot HTTP/1.0" 200 8592
