192.168.10.93 - - [01/Feb/2019:10:57:32 -0300] "POST /digitalizacion/servlet/trdocumentos?d287a8b8335e1a1bfbea8c2df5b31e03,,gx-no-cache=1549029073259 HTTP/1.1" 200 3891
192.168.10.79 - - [01/Feb/2019:10:57:35 -0300] "GET /digitalizacion/servlet/wbadjunto?11674,PU HTTP/1.1" 302 -
192.168.10.79 - - [01/Feb/2019:10:57:35 -0300] "GET /digitalizacion/PublicTempStorage/7229552.tmp HTTP/1.1" 200 900711
192.168.10.93 - - [01/Feb/2019:10:57:36 -0300] "GET /digitalizacion/servlet/wbadjunto?12731,PU HTTP/1.1" 302 -
192.168.10.93 - - [01/Feb/2019:10:57:36 -0300] "GET /digitalizacion/PublicTempStorage/877835.tmp HTTP/1.1" 200 1223609
192.168.10.79 - - [01/Feb/2019:10:57:45 -0300] "GET /digitalizacion/servlet/wbadjunto?15168,PU HTTP/1.1" 302 -
192.168.10.79 - - [01/Feb/2019:10:57:45 -0300] "GET /digitalizacion/PublicTempStorage/7836674.tmp HTTP/1.1" 200 963229
192.168.10.79 - - [01/Feb/2019:10:57:56 -0300] "GET /digitalizacion/servlet/wbadjunto?15169,PU HTTP/1.1" 302 -
192.168.10.79 - - [01/Feb/2019:10:57:56 -0300] "GET /digitalizacion/PublicTempStorage/9964003.tmp HTTP/1.1" 200 930098
192.168.10.93 - - [01/Feb/2019:10:58:00 -0300] "GET /digitalizacion/servlet/wbadjunto?12732,PU HTTP/1.1" 302 -
192.168.10.93 - - [01/Feb/2019:10:58:00 -0300] "GET /digitalizacion/PublicTempStorage/3028739.tmp HTTP/1.1" 200 1255420
192.168.10.89 - - [01/Feb/2019:10:58:02 -0300] "POST /digitalizacion/servlet/trdocumentos?d10dd20c1a98f94aeab35a6239883bb6,,gx-no-cache=1549029104134 HTTP/1.1" 200 3620
192.168.10.93 - - [01/Feb/2019:10:58:07 -0300] "GET /digitalizacion/servlet/wbadjunto?12733,PU HTTP/1.1" 302 -
192.168.10.93 - - [01/Feb/2019:10:58:07 -0300] "GET /digitalizacion/PublicTempStorage/9023092.tmp HTTP/1.1" 200 1156860
192.168.10.93 - - [01/Feb/2019:10:58:16 -0300] "GET /digitalizacion/servlet/wbadjunto?12734,PU HTTP/1.1" 302 -
192.168.10.93 - - [01/Feb/2019:10:58:16 -0300] "GET /digitalizacion/PublicTempStorage/9902252.tmp HTTP/1.1" 200 1099542
192.168.10.89 - - [01/Feb/2019:10:58:18 -0300] "GET /digitalizacion/servlet/wbadjunto?13541,PU HTTP/1.1" 302 -
192.168.10.89 - - [01/Feb/2019:10:58:18 -0300] "GET /digitalizacion/PublicTempStorage/7479078.tmp HTTP/1.1" 200 968177
192.168.10.93 - - [01/Feb/2019:10:58:22 -0300] "GET /digitalizacion/servlet/wbadjunto?12735,PU HTTP/1.1" 302 -
192.168.10.93 - - [01/Feb/2019:10:58:22 -0300] "GET /digitalizacion/PublicTempStorage/3075410.tmp HTTP/1.1" 200 1119793
192.168.10.79 - - [01/Feb/2019:10:58:27 -0300] "GET /digitalizacion/servlet/wbadjunto?15170,PU HTTP/1.1" 302 -
192.168.10.79 - - [01/Feb/2019:10:58:27 -0300] "GET /digitalizacion/PublicTempStorage/6919223.tmp HTTP/1.1" 200 903451
192.168.10.89 - - [01/Feb/2019:10:58:40 -0300] "POST /digitalizacion/servlet/trdocumentos?d10dd20c1a98f94aeab35a6239883bb6,,gx-no-cache=1549029141229 HTTP/1.1" 200 3589
192.168.10.79 - - [01/Feb/2019:10:58:41 -0300] "GET /digitalizacion/servlet/wbadjunto?15540,PU HTTP/1.1" 302 -
192.168.10.79 - - [01/Feb/2019:10:58:41 -0300] "GET /digitalizacion/PublicTempStorage/4935438.tmp HTTP/1.1" 200 991249
192.168.10.89 - - [01/Feb/2019:10:58:51 -0300] "GET /digitalizacion/servlet/wbadjunto?16526,PU HTTP/1.1" 302 -
192.168.10.89 - - [01/Feb/2019:10:58:51 -0300] "GET /digitalizacion/PublicTempStorage/2903884.tmp HTTP/1.1" 200 973820
192.168.10.89 - - [01/Feb/2019:10:59:28 -0300] "POST /digitalizacion/servlet/trdocumentos?d10dd20c1a98f94aeab35a6239883bb6,,gx-no-cache=1549029189206 HTTP/1.1" 200 3210
192.168.10.93 - - [01/Feb/2019:10:59:42 -0300] "POST /digitalizacion/servlet/trdocumentos?d287a8b8335e1a1bfbea8c2df5b31e03,,gx-no-cache=1549029203257 HTTP/1.1" 200 3871
168.228.118.47 - - [01/Feb/2019:10:59:47 -0300] "GET / HTTP/1.1" 200 11217
192.168.10.79 - - [01/Feb/2019:10:59:51 -0300] "POST /digitalizacion/servlet/trdocumentos?bc19931cb9138b5d824c92ddf963aac8,,gx-no-cache=1549029212240 HTTP/1.1" 200 3249
192.168.10.89 - - [01/Feb/2019:10:59:59 -0300] "POST /digitalizacion/servlet/trdocumentos?d10dd20c1a98f94aeab35a6239883bb6,,gx-no-cache=1549029220381 HTTP/1.1" 200 3563
192.168.10.93 - - [01/Feb/2019:11:00:00 -0300] "POST /digitalizacion/servlet/trdocumentos?d287a8b8335e1a1bfbea8c2df5b31e03,,gx-no-cache=1549029221642 HTTP/1.1" 200 3195
192.168.10.79 - - [01/Feb/2019:11:00:10 -0300] "POST /digitalizacion/servlet/trdocumentos?bc19931cb9138b5d824c92ddf963aac8,,gx-no-cache=1549029231728 HTTP/1.1" 200 3839
192.168.10.79 - - [01/Feb/2019:11:00:13 -0300] "GET /digitalizacion/servlet/wbadjunto?11687,PU HTTP/1.1" 302 -
192.168.10.93 - - [01/Feb/2019:11:00:13 -0300] "POST /digitalizacion/servlet/trdocumentos?d287a8b8335e1a1bfbea8c2df5b31e03,,gx-no-cache=1549029234577 HTTP/1.1" 200 3836
192.168.10.79 - - [01/Feb/2019:11:00:13 -0300] "GET /digitalizacion/PublicTempStorage/5610712.tmp HTTP/1.1" 200 953175
192.168.10.89 - - [01/Feb/2019:11:00:15 -0300] "GET /digitalizacion/servlet/wbadjunto?7944,PU HTTP/1.1" 302 -
192.168.10.89 - - [01/Feb/2019:11:00:15 -0300] "GET /digitalizacion/PublicTempStorage/473581.tmp HTTP/1.1" 200 938493
192.168.10.93 - - [01/Feb/2019:11:00:21 -0300] "GET /digitalizacion/servlet/wbadjunto?16432,PU HTTP/1.1" 302 -
192.168.10.93 - - [01/Feb/2019:11:00:21 -0300] "GET /digitalizacion/PublicTempStorage/860490.tmp HTTP/1.1" 200 995756
192.168.10.93 - - [01/Feb/2019:11:00:25 -0300] "GET /digitalizacion/servlet/wbadjunto?12737,PU HTTP/1.1" 302 -
192.168.10.93 - - [01/Feb/2019:11:00:25 -0300] "GET /digitalizacion/PublicTempStorage/2315411.tmp HTTP/1.1" 200 810538
192.168.10.79 - - [01/Feb/2019:11:00:26 -0300] "GET /digitalizacion/servlet/wbadjunto?11688,PU HTTP/1.1" 302 -
192.168.10.79 - - [01/Feb/2019:11:00:26 -0300] "GET /digitalizacion/PublicTempStorage/6801342.tmp HTTP/1.1" 200 940015
192.168.10.89 - - [01/Feb/2019:11:00:37 -0300] "POST /digitalizacion/servlet/trdocumentos?d10dd20c1a98f94aeab35a6239883bb6,,gx-no-cache=1549029258456 HTTP/1.1" 200 3763
192.168.10.79 - - [01/Feb/2019:11:00:37 -0300] "GET /digitalizacion/servlet/wbadjunto?11689,PU HTTP/1.1" 302 -
192.168.10.79 - - [01/Feb/2019:11:00:37 -0300] "GET /digitalizacion/PublicTempStorage/3884323.tmp HTTP/1.1" 200 902315
192.168.10.93 - - [01/Feb/2019:11:00:43 -0300] "GET /digitalizacion/servlet/wbadjunto?12738,PU HTTP/1.1" 302 -
192.168.10.93 - - [01/Feb/2019:11:00:43 -0300] "GET /digitalizacion/PublicTempStorage/4014082.tmp HTTP/1.1" 200 946907
192.168.10.89 - - [01/Feb/2019:11:00:46 -0300] "GET /digitalizacion/servlet/wbadjunto?7945,PU HTTP/1.1" 302 -
192.168.10.89 - - [01/Feb/2019:11:00:46 -0300] "GET /digitalizacion/PublicTempStorage/9769455.tmp HTTP/1.1" 200 837928
192.168.10.93 - - [01/Feb/2019:11:00:49 -0300] "GET /digitalizacion/servlet/wbadjunto?16432,PU HTTP/1.1" 302 -
192.168.10.93 - - [01/Feb/2019:11:00:49 -0300] "GET /digitalizacion/PublicTempStorage/9444063.tmp HTTP/1.1" 200 995756
192.168.10.79 - - [01/Feb/2019:11:00:49 -0300] "GET /digitalizacion/servlet/wbadjunto?11690,PU HTTP/1.1" 302 -
192.168.10.79 - - [01/Feb/2019:11:00:49 -0300] "GET /digitalizacion/PublicTempStorage/6550535.tmp HTTP/1.1" 200 951819
192.168.10.89 - - [01/Feb/2019:11:00:53 -0300] "GET /digitalizacion/servlet/wbadjunto?15259,PU HTTP/1.1" 302 -
192.168.10.89 - - [01/Feb/2019:11:00:53 -0300] "GET /digitalizacion/PublicTempStorage/8997920.tmp HTTP/1.1" 200 921976
192.168.10.89 - - [01/Feb/2019:11:01:01 -0300] "GET /digitalizacion/servlet/wbadjunto?17015,PU HTTP/1.1" 302 -
192.168.10.89 - - [01/Feb/2019:11:01:01 -0300] "GET /digitalizacion/PublicTempStorage/3884270.tmp HTTP/1.1" 200 932380
192.168.10.79 - - [01/Feb/2019:11:01:02 -0300] "GET /digitalizacion/servlet/wbadjunto?11691,PU HTTP/1.1" 302 -
192.168.10.79 - - [01/Feb/2019:11:01:02 -0300] "GET /digitalizacion/PublicTempStorage/2759518.tmp HTTP/1.1" 200 779745
192.168.10.96 - - [01/Feb/2019:11:01:11 -0300] "GET /digitalizacion/servlet/wbadjunto?11969,PU HTTP/1.1" 302 -
192.168.10.96 - - [01/Feb/2019:11:01:11 -0300] "GET /digitalizacion/PublicTempStorage/2957101.tmp HTTP/1.1" 200 841724
192.168.10.79 - - [01/Feb/2019:11:01:44 -0300] "POST /digitalizacion/servlet/trdocumentos?bc19931cb9138b5d824c92ddf963aac8,,gx-no-cache=1549029325787 HTTP/1.1" 200 4299
192.168.10.96 - - [01/Feb/2019:11:01:48 -0300] "GET /digitalizacion/servlet/wbadjunto?11970,PU HTTP/1.1" 302 -
192.168.10.96 - - [01/Feb/2019:11:01:48 -0300] "GET /digitalizacion/PublicTempStorage/6236395.tmp HTTP/1.1" 200 853877
192.168.10.93 - - [01/Feb/2019:11:02:03 -0300] "POST /digitalizacion/servlet/trdocumentos?d287a8b8335e1a1bfbea8c2df5b31e03,,gx-no-cache=1549029344224 HTTP/1.1" 200 3781
192.168.10.93 - - [01/Feb/2019:11:02:07 -0300] "GET /digitalizacion/servlet/wbadjunto?12758,PU HTTP/1.1" 302 -
192.168.10.93 - - [01/Feb/2019:11:02:07 -0300] "GET /digitalizacion/PublicTempStorage/8381167.tmp HTTP/1.1" 200 1041070
192.168.10.96 - - [01/Feb/2019:11:02:13 -0300] "GET /digitalizacion/servlet/wbadjunto?11970,PU HTTP/1.1" 302 -
192.168.10.96 - - [01/Feb/2019:11:02:13 -0300] "GET /digitalizacion/PublicTempStorage/7476080.tmp HTTP/1.1" 200 853877
192.168.10.96 - - [01/Feb/2019:11:02:36 -0300] "GET /digitalizacion/servlet/wbadjunto?11971,PU HTTP/1.1" 302 -
192.168.10.93 - - [01/Feb/2019:11:02:39 -0300] "GET /digitalizacion/servlet/wbadjunto?12759,PU HTTP/1.1" 302 -
192.168.10.93 - - [01/Feb/2019:11:02:39 -0300] "GET /digitalizacion/PublicTempStorage/761334.tmp HTTP/1.1" 200 875318
192.168.10.96 - - [01/Feb/2019:11:02:40 -0300] "GET /digitalizacion/servlet/wbadjunto?11971,PU HTTP/1.1" 302 -
192.168.10.96 - - [01/Feb/2019:11:02:40 -0300] "GET /digitalizacion/PublicTempStorage/2801867.tmp HTTP/1.1" 200 840251
192.168.10.93 - - [01/Feb/2019:11:02:48 -0300] "GET /digitalizacion/servlet/wbadjunto?16433,PU HTTP/1.1" 302 -
192.168.10.93 - - [01/Feb/2019:11:02:48 -0300] "GET /digitalizacion/PublicTempStorage/1937697.tmp HTTP/1.1" 200 1112425
192.168.10.89 - - [01/Feb/2019:11:03:06 -0300] "POST /digitalizacion/servlet/trdocumentos?d10dd20c1a98f94aeab35a6239883bb6,,gx-no-cache=1549029407293 HTTP/1.1" 200 3227
192.168.10.89 - - [01/Feb/2019:11:04:08 -0300] "POST /digitalizacion/servlet/trdocumentos?d10dd20c1a98f94aeab35a6239883bb6,,gx-no-cache=1549029469439 HTTP/1.1" 200 3576
192.168.10.89 - - [01/Feb/2019:11:04:18 -0300] "GET /digitalizacion/servlet/wbadjunto?13437,PU HTTP/1.1" 302 -
192.168.10.89 - - [01/Feb/2019:11:04:18 -0300] "GET /digitalizacion/PublicTempStorage/6354114.tmp HTTP/1.1" 200 1150922
192.168.10.89 - - [01/Feb/2019:11:04:48 -0300] "POST /digitalizacion/servlet/trdocumentos?d10dd20c1a98f94aeab35a6239883bb6,,gx-no-cache=1549029509871 HTTP/1.1" 200 3217
192.168.10.89 - - [01/Feb/2019:11:05:11 -0300] "POST /digitalizacion/servlet/trdocumentos?d10dd20c1a98f94aeab35a6239883bb6,,gx-no-cache=1549029532557 HTTP/1.1" 200 3661
192.168.10.89 - - [01/Feb/2019:11:05:20 -0300] "GET /digitalizacion/servlet/wbadjunto?7981,PU HTTP/1.1" 302 -
192.168.10.89 - - [01/Feb/2019:11:05:20 -0300] "GET /digitalizacion/PublicTempStorage/9310309.tmp HTTP/1.1" 200 1027416
192.168.10.89 - - [01/Feb/2019:11:05:41 -0300] "GET /digitalizacion/servlet/wbadjunto?16210,PU HTTP/1.1" 302 -
192.168.10.89 - - [01/Feb/2019:11:05:41 -0300] "GET /digitalizacion/PublicTempStorage/8889952.tmp HTTP/1.1" 200 960039
192.168.10.93 - - [01/Feb/2019:11:05:53 -0300] "POST /digitalizacion/servlet/trdocumentos?d287a8b8335e1a1bfbea8c2df5b31e03,,gx-no-cache=1549029574246 HTTP/1.1" 200 3828
192.168.10.93 - - [01/Feb/2019:11:05:56 -0300] "GET /digitalizacion/servlet/wbadjunto?12764,PU HTTP/1.1" 302 -
192.168.10.93 - - [01/Feb/2019:11:05:57 -0300] "GET /digitalizacion/PublicTempStorage/3065374.tmp HTTP/1.1" 200 2763874
192.168.10.79 - - [01/Feb/2019:11:06:12 -0300] "GET /digitalizacion/servlet/wbadjunto?11711,PU HTTP/1.1" 302 -
192.168.10.79 - - [01/Feb/2019:11:06:12 -0300] "GET /digitalizacion/PublicTempStorage/9009169.tmp HTTP/1.1" 200 802065
192.168.10.93 - - [01/Feb/2019:11:06:14 -0300] "GET /digitalizacion/servlet/wbadjunto?12765,PU HTTP/1.1" 302 -
192.168.10.93 - - [01/Feb/2019:11:06:14 -0300] "GET /digitalizacion/PublicTempStorage/7951963.tmp HTTP/1.1" 200 1980233
192.168.10.93 - - [01/Feb/2019:11:06:18 -0300] "GET /digitalizacion/servlet/wbadjunto?12765,PU HTTP/1.1" 302 -
192.168.10.93 - - [01/Feb/2019:11:06:18 -0300] "GET /digitalizacion/PublicTempStorage/1453887.tmp HTTP/1.1" 200 1980233
192.168.10.79 - - [01/Feb/2019:11:06:24 -0300] "GET /digitalizacion/servlet/wbadjunto?11712,PU HTTP/1.1" 302 -
192.168.10.79 - - [01/Feb/2019:11:06:24 -0300] "GET /digitalizacion/PublicTempStorage/660143.tmp HTTP/1.1" 200 818913
192.168.10.93 - - [01/Feb/2019:11:06:30 -0300] "GET /digitalizacion/servlet/wbadjunto?12766,PU HTTP/1.1" 302 -
192.168.10.93 - - [01/Feb/2019:11:06:30 -0300] "GET /digitalizacion/PublicTempStorage/5261344.tmp HTTP/1.1" 200 991230
192.168.10.79 - - [01/Feb/2019:11:06:34 -0300] "GET /digitalizacion/servlet/wbadjunto?11713,PU HTTP/1.1" 302 -
192.168.10.79 - - [01/Feb/2019:11:06:34 -0300] "GET /digitalizacion/PublicTempStorage/9141238.tmp HTTP/1.1" 200 1080967
192.168.10.93 - - [01/Feb/2019:11:06:42 -0300] "GET /digitalizacion/servlet/wbadjunto?12767,PU HTTP/1.1" 302 -
192.168.10.93 - - [01/Feb/2019:11:06:43 -0300] "GET /digitalizacion/PublicTempStorage/9921599.tmp HTTP/1.1" 200 2785270
192.168.10.79 - - [01/Feb/2019:11:06:46 -0300] "GET /digitalizacion/servlet/wbadjunto?11714,PU HTTP/1.1" 302 -
192.168.10.79 - - [01/Feb/2019:11:06:46 -0300] "GET /digitalizacion/PublicTempStorage/4756096.tmp HTTP/1.1" 200 470640
192.168.10.79 - - [01/Feb/2019:11:07:00 -0300] "GET /digitalizacion/servlet/wbadjunto?11715,PU HTTP/1.1" 302 -
192.168.10.79 - - [01/Feb/2019:11:07:00 -0300] "GET /digitalizacion/PublicTempStorage/5308693.tmp HTTP/1.1" 200 787061
192.168.10.93 - - [01/Feb/2019:11:07:11 -0300] "POST /digitalizacion/servlet/trdocumentos?d287a8b8335e1a1bfbea8c2df5b31e03,,gx-no-cache=1549029653142 HTTP/1.1" 200 3896
192.168.10.79 - - [01/Feb/2019:11:07:14 -0300] "GET /digitalizacion/servlet/wbadjunto?11716,PU HTTP/1.1" 302 -
192.168.10.79 - - [01/Feb/2019:11:07:14 -0300] "GET /digitalizacion/PublicTempStorage/5359347.tmp HTTP/1.1" 200 863332
192.168.10.93 - - [01/Feb/2019:11:07:18 -0300] "GET /digitalizacion/servlet/wbadjunto?12780,PU HTTP/1.1" 302 -
192.168.10.93 - - [01/Feb/2019:11:07:18 -0300] "GET /digitalizacion/PublicTempStorage/8251749.tmp HTTP/1.1" 200 914582
192.168.10.79 - - [01/Feb/2019:11:07:27 -0300] "GET /digitalizacion/servlet/wbadjunto?11717,PU HTTP/1.1" 302 -
192.168.10.79 - - [01/Feb/2019:11:07:27 -0300] "GET /digitalizacion/PublicTempStorage/3515218.tmp HTTP/1.1" 200 772079
192.168.10.79 - - [01/Feb/2019:11:07:39 -0300] "GET /digitalizacion/servlet/wbadjunto?11718,PU HTTP/1.1" 302 -
192.168.10.79 - - [01/Feb/2019:11:07:39 -0300] "GET /digitalizacion/PublicTempStorage/1885403.tmp HTTP/1.1" 200 906143
192.168.10.79 - - [01/Feb/2019:11:07:51 -0300] "GET /digitalizacion/servlet/wbadjunto?11719,PU HTTP/1.1" 302 -
192.168.10.79 - - [01/Feb/2019:11:07:51 -0300] "GET /digitalizacion/PublicTempStorage/6307802.tmp HTTP/1.1" 200 826006
192.168.10.89 - - [01/Feb/2019:11:08:01 -0300] "POST /digitalizacion/servlet/trdocumentos?d10dd20c1a98f94aeab35a6239883bb6,,gx-no-cache=1549029702765 HTTP/1.1" 200 3599
192.168.10.89 - - [01/Feb/2019:11:08:10 -0300] "GET /digitalizacion/servlet/wbadjunto?14324,PU HTTP/1.1" 302 -
192.168.10.89 - - [01/Feb/2019:11:08:10 -0300] "GET /digitalizacion/PublicTempStorage/6384345.tmp HTTP/1.1" 200 799229
192.168.10.79 - - [01/Feb/2019:11:08:18 -0300] "GET /digitalizacion/servlet/wbadjunto?11720,PU HTTP/1.1" 302 -
192.168.10.79 - - [01/Feb/2019:11:08:18 -0300] "GET /digitalizacion/PublicTempStorage/3501500.tmp HTTP/1.1" 200 1028303
192.168.10.96 - - [01/Feb/2019:11:08:22 -0300] "GET /digitalizacion/servlet/wbadjunto?11972,PU HTTP/1.1" 302 -
192.168.10.96 - - [01/Feb/2019:11:08:23 -0300] "GET /digitalizacion/PublicTempStorage/143494.tmp HTTP/1.1" 200 828365
192.168.10.79 - - [01/Feb/2019:11:08:31 -0300] "GET /digitalizacion/servlet/wbadjunto?15866,PU HTTP/1.1" 302 -
192.168.10.79 - - [01/Feb/2019:11:08:31 -0300] "GET /digitalizacion/PublicTempStorage/8002740.tmp HTTP/1.1" 200 832463
192.168.10.93 - - [01/Feb/2019:11:08:42 -0300] "GET /digitalizacion/servlet/wbadjunto?12781,PU HTTP/1.1" 302 -
192.168.10.93 - - [01/Feb/2019:11:08:42 -0300] "GET /digitalizacion/PublicTempStorage/5993475.tmp HTTP/1.1" 200 809390
192.168.10.89 - - [01/Feb/2019:11:08:44 -0300] "POST /digitalizacion/servlet/trdocumentos?d10dd20c1a98f94aeab35a6239883bb6,,gx-no-cache=1549029745645 HTTP/1.1" 200 3212
192.168.10.93 - - [01/Feb/2019:11:08:49 -0300] "GET /digitalizacion/servlet/wbadjunto?12782,PU HTTP/1.1" 302 -
192.168.10.93 - - [01/Feb/2019:11:08:49 -0300] "GET /digitalizacion/PublicTempStorage/5079989.tmp HTTP/1.1" 200 812231
192.168.10.93 - - [01/Feb/2019:11:08:55 -0300] "GET /digitalizacion/servlet/wbadjunto?12783,PU HTTP/1.1" 302 -
192.168.10.93 - - [01/Feb/2019:11:08:55 -0300] "GET /digitalizacion/PublicTempStorage/5501938.tmp HTTP/1.1" 200 791665
192.168.10.93 - - [01/Feb/2019:11:09:03 -0300] "GET /digitalizacion/servlet/wbadjunto?12784,PU HTTP/1.1" 302 -
192.168.10.93 - - [01/Feb/2019:11:09:03 -0300] "GET /digitalizacion/PublicTempStorage/5055253.tmp HTTP/1.1" 200 901551
192.168.10.79 - - [01/Feb/2019:11:09:04 -0300] "POST /digitalizacion/servlet/trdocumentos?bc19931cb9138b5d824c92ddf963aac8,,gx-no-cache=1549029765344 HTTP/1.1" 200 3863
192.168.10.79 - - [01/Feb/2019:11:09:20 -0300] "GET /digitalizacion/servlet/wbadjunto?11739,PU HTTP/1.1" 302 -
192.168.10.79 - - [01/Feb/2019:11:09:20 -0300] "GET /digitalizacion/PublicTempStorage/6947481.tmp HTTP/1.1" 200 856917
192.168.10.89 - - [01/Feb/2019:11:09:25 -0300] "POST /digitalizacion/servlet/trdocumentos?d10dd20c1a98f94aeab35a6239883bb6,,gx-no-cache=1549029786445 HTTP/1.1" 200 3187
192.168.10.79 - - [01/Feb/2019:11:09:36 -0300] "GET /digitalizacion/servlet/wbadjunto?11740,PU HTTP/1.1" 302 -
192.168.10.79 - - [01/Feb/2019:11:09:36 -0300] "GET /digitalizacion/PublicTempStorage/3157151.tmp HTTP/1.1" 200 737105
192.168.10.89 - - [01/Feb/2019:11:09:37 -0300] "POST /digitalizacion/servlet/trdocumentos?d10dd20c1a98f94aeab35a6239883bb6,,gx-no-cache=1549029799069 HTTP/1.1" 200 3571
192.168.10.79 - - [01/Feb/2019:11:09:50 -0300] "GET /digitalizacion/servlet/wbadjunto?11741,PU HTTP/1.1" 302 -
192.168.10.79 - - [01/Feb/2019:11:09:50 -0300] "GET /digitalizacion/PublicTempStorage/6088264.tmp HTTP/1.1" 200 937538
192.168.10.89 - - [01/Feb/2019:11:09:53 -0300] "GET /digitalizacion/servlet/wbadjunto?7989,PU HTTP/1.1" 302 -
192.168.10.89 - - [01/Feb/2019:11:09:53 -0300] "GET /digitalizacion/PublicTempStorage/1925386.tmp HTTP/1.1" 200 1014714
192.168.10.93 - - [01/Feb/2019:11:09:55 -0300] "POST /digitalizacion/servlet/trdocumentos?d287a8b8335e1a1bfbea8c2df5b31e03,,gx-no-cache=1549029816222 HTTP/1.1" 200 3717
192.168.10.93 - - [01/Feb/2019:11:09:57 -0300] "GET /digitalizacion/servlet/wbadjunto?12785,PU HTTP/1.1" 302 -
192.168.10.93 - - [01/Feb/2019:11:09:57 -0300] "GET /digitalizacion/PublicTempStorage/8586991.tmp HTTP/1.1" 200 1117343
192.168.10.79 - - [01/Feb/2019:11:10:01 -0300] "GET /digitalizacion/servlet/wbadjunto?15867,PU HTTP/1.1" 302 -
192.168.10.79 - - [01/Feb/2019:11:10:01 -0300] "GET /digitalizacion/PublicTempStorage/7512121.tmp HTTP/1.1" 200 766527
192.168.10.89 - - [01/Feb/2019:11:10:16 -0300] "POST /digitalizacion/servlet/trdocumentos?d10dd20c1a98f94aeab35a6239883bb6,,gx-no-cache=1549029837789 HTTP/1.1" 200 3210
192.168.10.93 - - [01/Feb/2019:11:10:18 -0300] "GET /digitalizacion/servlet/wbadjunto?13629,PU HTTP/1.1" 302 -
192.168.10.93 - - [01/Feb/2019:11:10:19 -0300] "GET /digitalizacion/PublicTempStorage/4884040.tmp HTTP/1.1" 200 960007
192.168.10.79 - - [01/Feb/2019:11:10:31 -0300] "POST /digitalizacion/servlet/trdocumentos?bc19931cb9138b5d824c92ddf963aac8,,gx-no-cache=1549029851957 HTTP/1.1" 200 3240
192.168.10.93 - - [01/Feb/2019:11:10:40 -0300] "POST /digitalizacion/servlet/trdocumentos?d287a8b8335e1a1bfbea8c2df5b31e03,,gx-no-cache=1549029861902 HTTP/1.1" 200 3688
192.168.10.93 - - [01/Feb/2019:11:10:42 -0300] "GET /digitalizacion/servlet/wbadjunto?12786,PU HTTP/1.1" 302 -
192.168.10.93 - - [01/Feb/2019:11:10:42 -0300] "GET /digitalizacion/PublicTempStorage/5001912.tmp HTTP/1.1" 200 906422
192.168.10.89 - - [01/Feb/2019:11:10:45 -0300] "POST /digitalizacion/servlet/trdocumentos?d10dd20c1a98f94aeab35a6239883bb6,,gx-no-cache=1549029866973 HTTP/1.1" 200 3647
192.168.10.79 - - [01/Feb/2019:11:10:49 -0300] "POST /digitalizacion/servlet/trdocumentos?bc19931cb9138b5d824c92ddf963aac8,,gx-no-cache=1549029870566 HTTP/1.1" 200 3572
192.168.10.79 - - [01/Feb/2019:11:10:51 -0300] "GET /digitalizacion/servlet/wbadjunto?11772,PU HTTP/1.1" 302 -
192.168.10.79 - - [01/Feb/2019:11:10:51 -0300] "GET /digitalizacion/PublicTempStorage/1698799.tmp HTTP/1.1" 200 1425730
192.168.10.89 - - [01/Feb/2019:11:10:55 -0300] "GET /digitalizacion/servlet/wbadjunto?8000,PU HTTP/1.1" 302 -
192.168.10.89 - - [01/Feb/2019:11:10:55 -0300] "GET /digitalizacion/PublicTempStorage/7564102.tmp HTTP/1.1" 200 930719
192.168.10.93 - - [01/Feb/2019:11:10:57 -0300] "GET /digitalizacion/servlet/wbadjunto?12786,PU HTTP/1.1" 302 -
192.168.10.93 - - [01/Feb/2019:11:10:57 -0300] "GET /digitalizacion/PublicTempStorage/4234443.tmp HTTP/1.1" 200 906422
192.168.10.89 - - [01/Feb/2019:11:11:01 -0300] "GET /digitalizacion/servlet/wbadjunto?8001,PU HTTP/1.1" 302 -
192.168.10.89 - - [01/Feb/2019:11:11:01 -0300] "GET /digitalizacion/PublicTempStorage/4986949.tmp HTTP/1.1" 200 950605
192.168.10.93 - - [01/Feb/2019:11:11:34 -0300] "GET /digitalizacion/servlet/wbadjunto?12787,PU HTTP/1.1" 302 -
192.168.10.93 - - [01/Feb/2019:11:11:34 -0300] "GET /digitalizacion/PublicTempStorage/2893666.tmp HTTP/1.1" 200 561750
192.168.10.89 - - [01/Feb/2019:11:11:41 -0300] "POST /digitalizacion/servlet/trdocumentos?d10dd20c1a98f94aeab35a6239883bb6,,gx-no-cache=1549029923085 HTTP/1.1" 200 3595
192.168.10.93 - - [01/Feb/2019:11:11:42 -0300] "GET /digitalizacion/servlet/wbadjunto?12787,PU HTTP/1.1" 302 -
192.168.10.93 - - [01/Feb/2019:11:11:43 -0300] "GET /digitalizacion/PublicTempStorage/3579414.tmp HTTP/1.1" 200 561750
192.168.10.89 - - [01/Feb/2019:11:11:51 -0300] "GET /digitalizacion/servlet/wbadjunto?8009,PU HTTP/1.1" 302 -
192.168.10.89 - - [01/Feb/2019:11:11:51 -0300] "GET /digitalizacion/PublicTempStorage/1993469.tmp HTTP/1.1" 200 1193539
192.168.10.89 - - [01/Feb/2019:11:12:15 -0300] "POST /digitalizacion/servlet/trdocumentos?d10dd20c1a98f94aeab35a6239883bb6,,gx-no-cache=1549029957004 HTTP/1.1" 200 3830
192.168.10.96 - - [01/Feb/2019:11:12:34 -0300] "POST /digitalizacion/servlet/trdocumentos?3d7da9a3e53e1afd8e23ffa594d32803,,gx-no-cache=1549029975633 HTTP/1.1" 200 3617
192.168.10.89 - - [01/Feb/2019:11:12:36 -0300] "GET /digitalizacion/servlet/wbadjunto?15264,PU HTTP/1.1" 302 -
192.168.10.89 - - [01/Feb/2019:11:12:36 -0300] "GET /digitalizacion/PublicTempStorage/8253935.tmp HTTP/1.1" 200 891659
192.168.10.96 - - [01/Feb/2019:11:12:36 -0300] "GET /digitalizacion/servlet/wbadjunto?7055,PU HTTP/1.1" 302 -
192.168.10.96 - - [01/Feb/2019:11:12:40 -0300] "GET /digitalizacion/servlet/wbadjunto?7055,PU HTTP/1.1" 302 -
192.168.10.96 - - [01/Feb/2019:11:12:40 -0300] "GET /digitalizacion/PublicTempStorage/42353.tmp HTTP/1.1" 200 1079376
192.168.10.89 - - [01/Feb/2019:11:12:43 -0300] "GET /digitalizacion/servlet/wbadjunto?15664,PU HTTP/1.1" 302 -
192.168.10.89 - - [01/Feb/2019:11:12:43 -0300] "GET /digitalizacion/PublicTempStorage/4250155.tmp HTTP/1.1" 200 946844
192.168.10.89 - - [01/Feb/2019:11:12:50 -0300] "GET /digitalizacion/servlet/wbadjunto?16529,PU HTTP/1.1" 302 -
192.168.10.89 - - [01/Feb/2019:11:12:50 -0300] "GET /digitalizacion/PublicTempStorage/6599435.tmp HTTP/1.1" 200 802356
192.168.10.89 - - [01/Feb/2019:11:12:58 -0300] "GET /digitalizacion/servlet/wbadjunto?16528,PU HTTP/1.1" 302 -
192.168.10.89 - - [01/Feb/2019:11:12:58 -0300] "GET /digitalizacion/PublicTempStorage/4949899.tmp HTTP/1.1" 200 943526
192.168.10.93 - - [01/Feb/2019:11:13:19 -0300] "POST /digitalizacion/servlet/trdocumentos?d287a8b8335e1a1bfbea8c2df5b31e03,,gx-no-cache=1549030021046 HTTP/1.1" 200 3920
192.168.10.93 - - [01/Feb/2019:11:13:23 -0300] "GET /digitalizacion/servlet/wbadjunto?12801,PU HTTP/1.1" 302 -
192.168.10.93 - - [01/Feb/2019:11:13:23 -0300] "GET /digitalizacion/PublicTempStorage/7197262.tmp HTTP/1.1" 200 950681
192.168.10.89 - - [01/Feb/2019:11:13:35 -0300] "POST /digitalizacion/servlet/trdocumentos?d10dd20c1a98f94aeab35a6239883bb6,,gx-no-cache=1549030037141 HTTP/1.1" 200 3238
192.168.10.89 - - [01/Feb/2019:11:13:59 -0300] "POST /digitalizacion/servlet/trdocumentos?d10dd20c1a98f94aeab35a6239883bb6,,gx-no-cache=1549030060672 HTTP/1.1" 200 3183
192.168.10.93 - - [01/Feb/2019:11:14:03 -0300] "GET /digitalizacion/servlet/wbadjunto?12802,PU HTTP/1.1" 302 -
192.168.10.93 - - [01/Feb/2019:11:14:03 -0300] "GET /digitalizacion/PublicTempStorage/4317507.tmp HTTP/1.1" 200 954658
192.168.10.89 - - [01/Feb/2019:11:14:05 -0300] "POST /digitalizacion/servlet/trdocumentos?d10dd20c1a98f94aeab35a6239883bb6,,gx-no-cache=1549030066405 HTTP/1.1" 200 3814
192.168.10.93 - - [01/Feb/2019:11:14:09 -0300] "GET /digitalizacion/servlet/wbadjunto?14698,PU HTTP/1.1" 302 -
192.168.10.93 - - [01/Feb/2019:11:14:09 -0300] "GET /digitalizacion/PublicTempStorage/7123709.tmp HTTP/1.1" 200 871601
192.168.10.89 - - [01/Feb/2019:11:14:14 -0300] "GET /digitalizacion/servlet/wbadjunto?12935,PU HTTP/1.1" 302 -
192.168.10.89 - - [01/Feb/2019:11:14:15 -0300] "GET /digitalizacion/PublicTempStorage/4968622.tmp HTTP/1.1" 200 1194903
192.168.10.93 - - [01/Feb/2019:11:14:15 -0300] "GET /digitalizacion/servlet/wbadjunto?16152,PU HTTP/1.1" 302 -
192.168.10.93 - - [01/Feb/2019:11:14:15 -0300] "GET /digitalizacion/PublicTempStorage/3614895.tmp HTTP/1.1" 200 944651
192.168.10.93 - - [01/Feb/2019:11:14:22 -0300] "GET /digitalizacion/servlet/wbadjunto?16153,PU HTTP/1.1" 302 -
192.168.10.93 - - [01/Feb/2019:11:14:22 -0300] "GET /digitalizacion/PublicTempStorage/1464681.tmp HTTP/1.1" 200 876394
192.168.10.89 - - [01/Feb/2019:11:14:24 -0300] "GET /digitalizacion/servlet/wbadjunto?13033,PU HTTP/1.1" 302 -
192.168.10.89 - - [01/Feb/2019:11:14:24 -0300] "GET /digitalizacion/PublicTempStorage/7851902.tmp HTTP/1.1" 200 1030774
192.168.10.89 - - [01/Feb/2019:11:14:32 -0300] "GET /digitalizacion/servlet/wbadjunto?13034,PU HTTP/1.1" 302 -
192.168.10.89 - - [01/Feb/2019:11:14:32 -0300] "GET /digitalizacion/PublicTempStorage/2324578.tmp HTTP/1.1" 200 905323
192.168.10.89 - - [01/Feb/2019:11:14:39 -0300] "GET /digitalizacion/servlet/wbadjunto?13138,PU HTTP/1.1" 302 -
192.168.10.89 - - [01/Feb/2019:11:14:39 -0300] "GET /digitalizacion/PublicTempStorage/6044362.tmp HTTP/1.1" 200 1168766
192.168.10.93 - - [01/Feb/2019:11:15:36 -0300] "POST /digitalizacion/servlet/trdocumentos?d287a8b8335e1a1bfbea8c2df5b31e03,,gx-no-cache=1549030158074 HTTP/1.1" 200 3764
192.168.10.93 - - [01/Feb/2019:11:18:24 -0300] "GET /digitalizacion/servlet/wbadjunto?12817,PU HTTP/1.1" 302 -
192.168.10.93 - - [01/Feb/2019:11:18:24 -0300] "GET /digitalizacion/PublicTempStorage/5734255.tmp HTTP/1.1" 200 1106390
192.168.10.93 - - [01/Feb/2019:11:19:01 -0300] "GET /digitalizacion/servlet/wbadjunto?12818,PU HTTP/1.1" 302 -
192.168.10.93 - - [01/Feb/2019:11:19:01 -0300] "GET /digitalizacion/PublicTempStorage/147208.tmp HTTP/1.1" 200 1046453
192.168.10.93 - - [01/Feb/2019:11:19:13 -0300] "GET /digitalizacion/servlet/wbadjunto?12819,PU HTTP/1.1" 302 -
192.168.10.93 - - [01/Feb/2019:11:19:13 -0300] "GET /digitalizacion/PublicTempStorage/9832091.tmp HTTP/1.1" 200 894265
192.168.10.93 - - [01/Feb/2019:11:22:13 -0300] "POST /digitalizacion/servlet/trdocumentos?d287a8b8335e1a1bfbea8c2df5b31e03,,gx-no-cache=1549030554499 HTTP/1.1" 200 4101
192.168.10.93 - - [01/Feb/2019:11:22:28 -0300] "POST /digitalizacion/servlet/trdocumentos?d287a8b8335e1a1bfbea8c2df5b31e03,,gx-no-cache=1549030569499 HTTP/1.1" 200 3645
192.168.10.93 - - [01/Feb/2019:11:22:30 -0300] "GET /digitalizacion/servlet/wbadjunto?12820,PU HTTP/1.1" 302 -
192.168.10.93 - - [01/Feb/2019:11:22:30 -0300] "GET /digitalizacion/PublicTempStorage/2782661.tmp HTTP/1.1" 200 1102465
192.168.10.93 - - [01/Feb/2019:11:22:44 -0300] "GET /digitalizacion/servlet/wbadjunto?12821,PU HTTP/1.1" 302 -
192.168.10.93 - - [01/Feb/2019:11:22:44 -0300] "GET /digitalizacion/PublicTempStorage/7110288.tmp HTTP/1.1" 200 840148
192.168.10.96 - - [01/Feb/2019:11:23:45 -0300] "POST /digitalizacion/servlet/trdocumentos?3d7da9a3e53e1afd8e23ffa594d32803,,gx-no-cache=1549030646873 HTTP/1.1" 200 3736
192.168.10.93 - - [01/Feb/2019:11:23:45 -0300] "POST /digitalizacion/servlet/trdocumentos?d287a8b8335e1a1bfbea8c2df5b31e03,,gx-no-cache=1549030647067 HTTP/1.1" 200 3692
192.168.10.96 - - [01/Feb/2019:11:23:48 -0300] "GET /digitalizacion/servlet/wbadjunto?11097,PU HTTP/1.1" 302 -
192.168.10.93 - - [01/Feb/2019:11:23:48 -0300] "GET /digitalizacion/servlet/wbadjunto?12831,PU HTTP/1.1" 302 -
192.168.10.93 - - [01/Feb/2019:11:23:48 -0300] "GET /digitalizacion/PublicTempStorage/6870205.tmp HTTP/1.1" 200 970828
192.168.10.96 - - [01/Feb/2019:11:23:51 -0300] "GET /digitalizacion/servlet/wbadjunto?11097,PU HTTP/1.1" 302 -
192.168.10.96 - - [01/Feb/2019:11:23:51 -0300] "GET /digitalizacion/PublicTempStorage/3326981.tmp HTTP/1.1" 200 882899
192.168.10.93 - - [01/Feb/2019:11:24:02 -0300] "GET /digitalizacion/servlet/wbadjunto?12832,PU HTTP/1.1" 302 -
192.168.10.93 - - [01/Feb/2019:11:24:02 -0300] "GET /digitalizacion/PublicTempStorage/8289188.tmp HTTP/1.1" 200 929225
192.168.10.96 - - [01/Feb/2019:11:24:14 -0300] "GET /digitalizacion/servlet/wbadjunto?11097,PU HTTP/1.1" 302 -
192.168.10.96 - - [01/Feb/2019:11:24:14 -0300] "GET /digitalizacion/PublicTempStorage/6595607.tmp HTTP/1.1" 200 882899
192.168.10.93 - - [01/Feb/2019:11:25:27 -0300] "POST /digitalizacion/servlet/trdocumentos?d287a8b8335e1a1bfbea8c2df5b31e03,,gx-no-cache=1549030749194 HTTP/1.1" 200 3764
192.168.10.93 - - [01/Feb/2019:11:26:04 -0300] "GET /digitalizacion/servlet/wbadjunto?12833,PU HTTP/1.1" 302 -
192.168.10.93 - - [01/Feb/2019:11:26:04 -0300] "GET /digitalizacion/PublicTempStorage/1265387.tmp HTTP/1.1" 200 974268
192.168.10.93 - - [01/Feb/2019:11:26:19 -0300] "GET /digitalizacion/servlet/wbadjunto?12834,PU HTTP/1.1" 302 -
192.168.10.93 - - [01/Feb/2019:11:26:20 -0300] "GET /digitalizacion/PublicTempStorage/170692.tmp HTTP/1.1" 200 946432
192.168.10.93 - - [01/Feb/2019:11:26:30 -0300] "GET /digitalizacion/servlet/wbadjunto?12835,PU HTTP/1.1" 302 -
192.168.10.93 - - [01/Feb/2019:11:26:30 -0300] "GET /digitalizacion/PublicTempStorage/354209.tmp HTTP/1.1" 200 985879
192.168.10.93 - - [01/Feb/2019:11:26:57 -0300] "POST /digitalizacion/servlet/trdocumentos?d287a8b8335e1a1bfbea8c2df5b31e03,,gx-no-cache=1549030838444 HTTP/1.1" 200 3851
192.168.10.93 - - [01/Feb/2019:11:27:06 -0300] "POST /digitalizacion/servlet/trdocumentos?d287a8b8335e1a1bfbea8c2df5b31e03,,gx-no-cache=1549030847499 HTTP/1.1" 200 3665
192.168.10.93 - - [01/Feb/2019:11:27:08 -0300] "GET /digitalizacion/servlet/wbadjunto?12845,PU HTTP/1.1" 302 -
192.168.10.93 - - [01/Feb/2019:11:27:08 -0300] "GET /digitalizacion/PublicTempStorage/9550601.tmp HTTP/1.1" 200 1003676
192.168.10.93 - - [01/Feb/2019:11:27:19 -0300] "GET /digitalizacion/servlet/wbadjunto?12846,PU HTTP/1.1" 302 -
192.168.10.93 - - [01/Feb/2019:11:27:19 -0300] "GET /digitalizacion/PublicTempStorage/4625522.tmp HTTP/1.1" 200 947765
192.168.10.93 - - [01/Feb/2019:11:29:16 -0300] "POST /digitalizacion/servlet/trdocumentos?d287a8b8335e1a1bfbea8c2df5b31e03,,gx-no-cache=1549030977700 HTTP/1.1" 200 3681
192.168.10.93 - - [01/Feb/2019:11:29:18 -0300] "GET /digitalizacion/servlet/wbadjunto?12862,PU HTTP/1.1" 302 -
192.168.10.93 - - [01/Feb/2019:11:29:18 -0300] "GET /digitalizacion/PublicTempStorage/8262103.tmp HTTP/1.1" 200 984407
192.168.10.93 - - [01/Feb/2019:11:29:30 -0300] "GET /digitalizacion/servlet/wbadjunto?12863,PU HTTP/1.1" 302 -
192.168.10.93 - - [01/Feb/2019:11:29:30 -0300] "GET /digitalizacion/PublicTempStorage/9765773.tmp HTTP/1.1" 200 991013
192.168.10.93 - - [01/Feb/2019:11:29:52 -0300] "POST /digitalizacion/servlet/trdocumentos?d287a8b8335e1a1bfbea8c2df5b31e03,,gx-no-cache=1549031013660 HTTP/1.1" 200 3598
192.168.10.93 - - [01/Feb/2019:11:29:54 -0300] "GET /digitalizacion/servlet/wbadjunto?12870,PU HTTP/1.1" 302 -
192.168.10.93 - - [01/Feb/2019:11:29:54 -0300] "GET /digitalizacion/PublicTempStorage/2176464.tmp HTTP/1.1" 200 953347
157.55.39.146 - - [01/Feb/2019:11:30:43 -0300] "GET /cormun/servlet/licenciaspermisos?DSP,16792708,L,20190121000000,_escaped_fragment_%3D&_escaped_fragment_= HTTP/1.1" 200 6135
157.55.39.146 - - [01/Feb/2019:11:31:52 -0300] "GET /cormun/servlet/trlicenciaspermisoslog?18647240,L,20180419000000,_escaped_fragment_%3D&_escaped_fragment_= HTTP/1.1" 200 5356
157.55.39.218 - - [01/Feb/2019:11:32:01 -0300] "GET /cormun/static/licenciaspermisos.js?201762917281260 HTTP/1.1" 200 37491
157.55.39.146 - - [01/Feb/2019:11:32:13 -0300] "GET /cormun/servlet/licenciaspermisos?DSP,16792708,L,20190121000000,_escaped_fragment_%3D&_escaped_fragment_= HTTP/1.1" 200 6141
192.168.10.79 - - [01/Feb/2019:11:33:04 -0300] "GET /digitalizacion/servlet/wblogin? HTTP/1.1" 200 2344
192.168.10.96 - - [01/Feb/2019:11:35:27 -0300] "GET /digitalizacion/servlet/wbadjunto?11097,PU HTTP/1.1" 302 -
192.168.10.96 - - [01/Feb/2019:11:35:27 -0300] "GET /digitalizacion/PublicTempStorage/8116453.tmp HTTP/1.1" 200 882899
192.168.10.93 - - [01/Feb/2019:11:38:03 -0300] "POST /digitalizacion/servlet/trdocumentos?d287a8b8335e1a1bfbea8c2df5b31e03,,gx-no-cache=1549031504076 HTTP/1.1" 200 3688
157.55.39.218 - - [01/Feb/2019:11:38:14 -0300] "GET /cormun/servlet/trlicenciaspermisosadjuntos?16056746,20190121000000,L,_escaped_fragment_%3D&_escaped_fragment_= HTTP/1.1" 200 5451
157.55.39.218 - - [01/Feb/2019:11:38:42 -0300] "GET /cormun/servlet/trlicenciaspermisosadjuntos?16056746,20190121000000,L,_escaped_fragment_%3D&_escaped_fragment_= HTTP/1.1" 200 5449
192.168.10.96 - - [01/Feb/2019:11:39:10 -0300] "POST /digitalizacion/servlet/trdocumentos?3d7da9a3e53e1afd8e23ffa594d32803,,gx-no-cache=1549031571312 HTTP/1.1" 200 3591
192.168.10.96 - - [01/Feb/2019:11:39:11 -0300] "GET /digitalizacion/servlet/wbadjunto?7055,PU HTTP/1.1" 302 -
192.168.10.96 - - [01/Feb/2019:11:39:11 -0300] "GET /digitalizacion/PublicTempStorage/3865831.tmp HTTP/1.1" 200 1079376
192.168.10.93 - - [01/Feb/2019:11:39:20 -0300] "GET /digitalizacion/servlet/wbadjunto?12876,PU HTTP/1.1" 302 -
192.168.10.93 - - [01/Feb/2019:11:39:20 -0300] "GET /digitalizacion/PublicTempStorage/3253600.tmp HTTP/1.1" 200 830604
192.168.10.93 - - [01/Feb/2019:11:39:32 -0300] "GET /digitalizacion/servlet/wbadjunto?16926,PU HTTP/1.1" 302 -
192.168.10.93 - - [01/Feb/2019:11:39:32 -0300] "GET /digitalizacion/PublicTempStorage/3531986.tmp HTTP/1.1" 200 805070
192.168.10.93 - - [01/Feb/2019:11:39:48 -0300] "GET /digitalizacion/servlet/wbadjunto?16926,PU HTTP/1.1" 302 -
192.168.10.93 - - [01/Feb/2019:11:39:48 -0300] "GET /digitalizacion/PublicTempStorage/2127429.tmp HTTP/1.1" 200 805070
192.168.10.93 - - [01/Feb/2019:11:40:20 -0300] "POST /digitalizacion/servlet/trdocumentos?d287a8b8335e1a1bfbea8c2df5b31e03,,gx-no-cache=1549031641123 HTTP/1.1" 200 3695
192.168.10.89 - - [01/Feb/2019:11:40:26 -0300] "POST /digitalizacion/servlet/trdocumentos?d10dd20c1a98f94aeab35a6239883bb6,,gx-no-cache=1549031647724 HTTP/1.1" 200 3828
192.168.10.89 - - [01/Feb/2019:11:40:35 -0300] "GET /digitalizacion/servlet/wbadjunto?11974,PU HTTP/1.1" 302 -
192.168.10.89 - - [01/Feb/2019:11:40:35 -0300] "GET /digitalizacion/PublicTempStorage/7349748.tmp HTTP/1.1" 200 1240829
192.168.10.89 - - [01/Feb/2019:11:40:43 -0300] "GET /digitalizacion/servlet/wbadjunto?11975,PU HTTP/1.1" 302 -
192.168.10.89 - - [01/Feb/2019:11:40:43 -0300] "GET /digitalizacion/PublicTempStorage/4432969.tmp HTTP/1.1" 200 1855664
192.168.10.93 - - [01/Feb/2019:11:40:49 -0300] "POST /digitalizacion/servlet/trdocumentos?d287a8b8335e1a1bfbea8c2df5b31e03,,gx-no-cache=1549031671147 HTTP/1.1" 200 3669
192.168.10.89 - - [01/Feb/2019:11:40:52 -0300] "GET /digitalizacion/servlet/wbadjunto?11976,PU HTTP/1.1" 302 -
192.168.10.93 - - [01/Feb/2019:11:40:53 -0300] "GET /digitalizacion/servlet/wbadjunto?12878,PU HTTP/1.1" 302 -
192.168.10.93 - - [01/Feb/2019:11:40:53 -0300] "GET /digitalizacion/PublicTempStorage/3789379.tmp HTTP/1.1" 200 1030464
192.168.10.89 - - [01/Feb/2019:11:40:54 -0300] "GET /digitalizacion/PublicTempStorage/1119806.tmp HTTP/1.1" 200 1950112
192.168.10.89 - - [01/Feb/2019:11:41:02 -0300] "GET /digitalizacion/servlet/wbadjunto?11977,PU HTTP/1.1" 302 -
192.168.10.89 - - [01/Feb/2019:11:41:02 -0300] "GET /digitalizacion/PublicTempStorage/3766259.tmp HTTP/1.1" 200 865092
192.168.10.93 - - [01/Feb/2019:11:41:25 -0300] "GET /digitalizacion/servlet/wbadjunto?12879,PU HTTP/1.1" 302 -
192.168.10.93 - - [01/Feb/2019:11:41:25 -0300] "GET /digitalizacion/PublicTempStorage/2266287.tmp HTTP/1.1" 200 813379
192.168.10.89 - - [01/Feb/2019:11:41:28 -0300] "POST /digitalizacion/servlet/trdocumentos?d10dd20c1a98f94aeab35a6239883bb6,,gx-no-cache=1549031710140 HTTP/1.1" 200 3232
192.168.10.89 - - [01/Feb/2019:11:41:39 -0300] "POST /digitalizacion/servlet/trdocumentos?d10dd20c1a98f94aeab35a6239883bb6,,gx-no-cache=1549031720076 HTTP/1.1" 200 3974
192.168.10.93 - - [01/Feb/2019:11:41:51 -0300] "POST /digitalizacion/servlet/trdocumentos?d287a8b8335e1a1bfbea8c2df5b31e03,,gx-no-cache=1549031732978 HTTP/1.1" 200 4024
192.168.10.93 - - [01/Feb/2019:11:41:56 -0300] "GET /digitalizacion/servlet/wbadjunto?12884,PU HTTP/1.1" 302 -
192.168.10.93 - - [01/Feb/2019:11:41:56 -0300] "GET /digitalizacion/PublicTempStorage/5319636.tmp HTTP/1.1" 200 976526
192.168.10.89 - - [01/Feb/2019:11:42:34 -0300] "GET /digitalizacion/servlet/wbadjunto?11986,PU HTTP/1.1" 302 -
192.168.10.89 - - [01/Feb/2019:11:42:34 -0300] "GET /digitalizacion/PublicTempStorage/890024.tmp HTTP/1.1" 200 816903
192.168.10.93 - - [01/Feb/2019:11:42:55 -0300] "GET /digitalizacion/servlet/wbadjunto?12885,PU HTTP/1.1" 302 -
192.168.10.93 - - [01/Feb/2019:11:42:55 -0300] "GET /digitalizacion/PublicTempStorage/1004798.tmp HTTP/1.1" 200 1011392
192.168.10.93 - - [01/Feb/2019:11:42:59 -0300] "GET /digitalizacion/servlet/wbadjunto?12886,PU HTTP/1.1" 302 -
192.168.10.93 - - [01/Feb/2019:11:42:59 -0300] "GET /digitalizacion/PublicTempStorage/6852417.tmp HTTP/1.1" 200 790227
192.168.10.89 - - [01/Feb/2019:11:43:04 -0300] "POST /digitalizacion/servlet/trdocumentos?d10dd20c1a98f94aeab35a6239883bb6,,gx-no-cache=1549031805580 HTTP/1.1" 200 3770
192.168.10.93 - - [01/Feb/2019:11:43:05 -0300] "GET /digitalizacion/servlet/wbadjunto?12887,PU HTTP/1.1" 302 -
192.168.10.93 - - [01/Feb/2019:11:43:05 -0300] "GET /digitalizacion/PublicTempStorage/2344401.tmp HTTP/1.1" 200 697977
192.168.10.93 - - [01/Feb/2019:11:43:11 -0300] "GET /digitalizacion/servlet/wbadjunto?12888,PU HTTP/1.1" 302 -
192.168.10.93 - - [01/Feb/2019:11:43:11 -0300] "GET /digitalizacion/PublicTempStorage/9372419.tmp HTTP/1.1" 200 773392
192.168.10.89 - - [01/Feb/2019:11:43:17 -0300] "GET /digitalizacion/servlet/wbadjunto?11987,PU HTTP/1.1" 302 -
192.168.10.89 - - [01/Feb/2019:11:43:18 -0300] "GET /digitalizacion/PublicTempStorage/7763182.tmp HTTP/1.1" 200 949656
192.168.10.93 - - [01/Feb/2019:11:43:18 -0300] "GET /digitalizacion/servlet/wbadjunto?12889,PU HTTP/1.1" 302 -
192.168.10.93 - - [01/Feb/2019:11:43:18 -0300] "GET /digitalizacion/PublicTempStorage/2450108.tmp HTTP/1.1" 200 843241
192.168.10.93 - - [01/Feb/2019:11:43:24 -0300] "GET /digitalizacion/servlet/wbadjunto?12890,PU HTTP/1.1" 302 -
192.168.10.93 - - [01/Feb/2019:11:43:24 -0300] "GET /digitalizacion/PublicTempStorage/6038215.tmp HTTP/1.1" 200 856578
192.168.10.89 - - [01/Feb/2019:11:43:24 -0300] "GET /digitalizacion/servlet/wbadjunto?16385,PU HTTP/1.1" 302 -
192.168.10.89 - - [01/Feb/2019:11:43:25 -0300] "GET /digitalizacion/PublicTempStorage/4308563.tmp HTTP/1.1" 200 880107
192.168.10.89 - - [01/Feb/2019:11:43:31 -0300] "GET /digitalizacion/servlet/wbadjunto?16875,PU HTTP/1.1" 302 -
192.168.10.89 - - [01/Feb/2019:11:43:32 -0300] "GET /digitalizacion/PublicTempStorage/2618628.tmp HTTP/1.1" 200 934798
192.168.10.89 - - [01/Feb/2019:11:43:54 -0300] "POST /digitalizacion/servlet/trdocumentos?d10dd20c1a98f94aeab35a6239883bb6,,gx-no-cache=1549031856124 HTTP/1.1" 200 3879
192.168.10.93 - - [01/Feb/2019:11:43:55 -0300] "POST /digitalizacion/servlet/trdocumentos?d287a8b8335e1a1bfbea8c2df5b31e03,,gx-no-cache=1549031856267 HTTP/1.1" 200 4602
192.168.10.89 - - [01/Feb/2019:11:44:04 -0300] "GET /digitalizacion/servlet/wbadjunto?11988,PU HTTP/1.1" 302 -
192.168.10.89 - - [01/Feb/2019:11:44:04 -0300] "GET /digitalizacion/PublicTempStorage/1128139.tmp HTTP/1.1" 200 865531
192.168.10.93 - - [01/Feb/2019:11:44:06 -0300] "POST /digitalizacion/servlet/trdocumentos?d287a8b8335e1a1bfbea8c2df5b31e03,,gx-no-cache=1549031867603 HTTP/1.1" 200 4127
192.168.10.93 - - [01/Feb/2019:11:44:09 -0300] "GET /digitalizacion/servlet/wbadjunto?12895,PU HTTP/1.1" 302 -
192.168.10.93 - - [01/Feb/2019:11:44:09 -0300] "GET /digitalizacion/PublicTempStorage/9899546.tmp HTTP/1.1" 200 878958
192.168.10.89 - - [01/Feb/2019:11:44:12 -0300] "GET /digitalizacion/servlet/wbadjunto?11989,PU HTTP/1.1" 302 -
192.168.10.89 - - [01/Feb/2019:11:44:12 -0300] "GET /digitalizacion/PublicTempStorage/1007352.tmp HTTP/1.1" 200 928570
192.168.10.89 - - [01/Feb/2019:11:44:18 -0300] "GET /digitalizacion/servlet/wbadjunto?11990,PU HTTP/1.1" 302 -
192.168.10.89 - - [01/Feb/2019:11:44:19 -0300] "GET /digitalizacion/PublicTempStorage/1074983.tmp HTTP/1.1" 200 802757
192.168.10.89 - - [01/Feb/2019:11:44:26 -0300] "GET /digitalizacion/servlet/wbadjunto?11991,PU HTTP/1.1" 302 -
192.168.10.89 - - [01/Feb/2019:11:44:26 -0300] "GET /digitalizacion/PublicTempStorage/2983666.tmp HTTP/1.1" 200 828167
192.168.10.89 - - [01/Feb/2019:11:44:39 -0300] "GET /digitalizacion/servlet/wbadjunto?11992,PU HTTP/1.1" 302 -
192.168.10.89 - - [01/Feb/2019:11:44:39 -0300] "GET /digitalizacion/PublicTempStorage/3339885.tmp HTTP/1.1" 200 856029
192.168.10.93 - - [01/Feb/2019:11:44:46 -0300] "GET /digitalizacion/servlet/wbadjunto?12896,PU HTTP/1.1" 302 -
192.168.10.93 - - [01/Feb/2019:11:44:46 -0300] "GET /digitalizacion/PublicTempStorage/3746162.tmp HTTP/1.1" 200 824840
192.168.10.93 - - [01/Feb/2019:11:44:52 -0300] "GET /digitalizacion/servlet/wbadjunto?12897,PU HTTP/1.1" 302 -
192.168.10.93 - - [01/Feb/2019:11:44:52 -0300] "GET /digitalizacion/PublicTempStorage/9620862.tmp HTTP/1.1" 200 845018
192.168.10.93 - - [01/Feb/2019:11:44:57 -0300] "GET /digitalizacion/servlet/wbadjunto?12898,PU HTTP/1.1" 302 -
192.168.10.93 - - [01/Feb/2019:11:44:57 -0300] "GET /digitalizacion/PublicTempStorage/481551.tmp HTTP/1.1" 200 834566
192.168.10.93 - - [01/Feb/2019:11:45:04 -0300] "GET /digitalizacion/servlet/wbadjunto?12899,PU HTTP/1.1" 302 -
192.168.10.93 - - [01/Feb/2019:11:45:04 -0300] "GET /digitalizacion/PublicTempStorage/377688.tmp HTTP/1.1" 200 977525
192.168.10.93 - - [01/Feb/2019:11:45:10 -0300] "GET /digitalizacion/servlet/wbadjunto?12900,PU HTTP/1.1" 302 -
192.168.10.93 - - [01/Feb/2019:11:45:10 -0300] "GET /digitalizacion/PublicTempStorage/4507982.tmp HTTP/1.1" 200 727221
192.168.10.93 - - [01/Feb/2019:11:45:16 -0300] "GET /digitalizacion/servlet/wbadjunto?12901,PU HTTP/1.1" 302 -
192.168.10.93 - - [01/Feb/2019:11:45:16 -0300] "GET /digitalizacion/PublicTempStorage/4554160.tmp HTTP/1.1" 200 882019
192.168.10.93 - - [01/Feb/2019:11:45:23 -0300] "GET /digitalizacion/servlet/wbadjunto?12902,PU HTTP/1.1" 302 -
192.168.10.93 - - [01/Feb/2019:11:45:23 -0300] "GET /digitalizacion/PublicTempStorage/5141308.tmp HTTP/1.1" 200 910978
192.168.10.93 - - [01/Feb/2019:11:45:29 -0300] "GET /digitalizacion/servlet/wbadjunto?12903,PU HTTP/1.1" 302 -
192.168.10.93 - - [01/Feb/2019:11:45:29 -0300] "GET /digitalizacion/PublicTempStorage/4719322.tmp HTTP/1.1" 200 922152
192.168.10.93 - - [01/Feb/2019:11:46:40 -0300] "POST /digitalizacion/servlet/trdocumentos?d287a8b8335e1a1bfbea8c2df5b31e03,,gx-no-cache=1549032021458 HTTP/1.1" 200 4062
192.168.10.93 - - [01/Feb/2019:11:46:44 -0300] "GET /digitalizacion/servlet/wbadjunto?12912,PU HTTP/1.1" 302 -
192.168.10.93 - - [01/Feb/2019:11:46:44 -0300] "GET /digitalizacion/PublicTempStorage/3061056.tmp HTTP/1.1" 200 971125
192.168.10.93 - - [01/Feb/2019:11:47:08 -0300] "GET /digitalizacion/servlet/wbadjunto?12913,PU HTTP/1.1" 302 -
192.168.10.93 - - [01/Feb/2019:11:47:08 -0300] "GET /digitalizacion/PublicTempStorage/8611557.tmp HTTP/1.1" 200 879035
192.168.10.93 - - [01/Feb/2019:11:47:13 -0300] "GET /digitalizacion/servlet/wbadjunto?12914,PU HTTP/1.1" 302 -
192.168.10.93 - - [01/Feb/2019:11:47:13 -0300] "GET /digitalizacion/PublicTempStorage/4534608.tmp HTTP/1.1" 200 905927
192.168.10.93 - - [01/Feb/2019:11:47:18 -0300] "GET /digitalizacion/servlet/wbadjunto?12915,PU HTTP/1.1" 302 -
192.168.10.93 - - [01/Feb/2019:11:47:18 -0300] "GET /digitalizacion/PublicTempStorage/2493169.tmp HTTP/1.1" 200 762564
192.168.10.93 - - [01/Feb/2019:11:47:24 -0300] "GET /digitalizacion/servlet/wbadjunto?12916,PU HTTP/1.1" 302 -
192.168.10.93 - - [01/Feb/2019:11:47:24 -0300] "GET /digitalizacion/PublicTempStorage/2735598.tmp HTTP/1.1" 200 730687
192.168.10.93 - - [01/Feb/2019:11:48:31 -0300] "GET /digitalizacion/servlet/wbadjunto?12917,PU HTTP/1.1" 302 -
192.168.10.93 - - [01/Feb/2019:11:48:31 -0300] "GET /digitalizacion/PublicTempStorage/287346.tmp HTTP/1.1" 200 964080
192.168.10.93 - - [01/Feb/2019:11:49:46 -0300] "GET /digitalizacion/servlet/wbadjunto?12917,PU HTTP/1.1" 302 -
192.168.10.93 - - [01/Feb/2019:11:49:46 -0300] "GET /digitalizacion/PublicTempStorage/6355135.tmp HTTP/1.1" 200 964080
192.168.10.93 - - [01/Feb/2019:11:50:00 -0300] "GET /digitalizacion/servlet/wbadjunto?12918,PU HTTP/1.1" 302 -
192.168.10.93 - - [01/Feb/2019:11:50:00 -0300] "GET /digitalizacion/PublicTempStorage/2780035.tmp HTTP/1.1" 200 899612
192.168.10.93 - - [01/Feb/2019:11:51:44 -0300] "POST /digitalizacion/servlet/trdocumentos?d287a8b8335e1a1bfbea8c2df5b31e03,,gx-no-cache=1549032325175 HTTP/1.1" 200 3808
192.168.10.89 - - [01/Feb/2019:11:52:15 -0300] "POST /digitalizacion/servlet/trdocumentos?d10dd20c1a98f94aeab35a6239883bb6,,gx-no-cache=1549032356663 HTTP/1.1" 200 3606
192.168.10.93 - - [01/Feb/2019:11:52:16 -0300] "GET /digitalizacion/servlet/wbadjunto?15613,PU HTTP/1.1" 302 -
192.168.10.93 - - [01/Feb/2019:11:52:16 -0300] "GET /digitalizacion/PublicTempStorage/3332210.tmp HTTP/1.1" 200 705921
192.168.10.93 - - [01/Feb/2019:11:52:35 -0300] "GET /digitalizacion/servlet/wbadjunto?15613,PU HTTP/1.1" 302 -
192.168.10.93 - - [01/Feb/2019:11:52:35 -0300] "GET /digitalizacion/PublicTempStorage/9134147.tmp HTTP/1.1" 200 705921
192.168.10.89 - - [01/Feb/2019:11:52:35 -0300] "GET /digitalizacion/servlet/wbadjunto?13612,PU HTTP/1.1" 302 -
192.168.10.89 - - [01/Feb/2019:11:52:35 -0300] "GET /digitalizacion/PublicTempStorage/4183888.tmp HTTP/1.1" 200 909087
192.168.10.93 - - [01/Feb/2019:11:52:45 -0300] "GET /digitalizacion/servlet/wbadjunto?12925,PU HTTP/1.1" 302 -
192.168.10.93 - - [01/Feb/2019:11:52:45 -0300] "GET /digitalizacion/PublicTempStorage/6522433.tmp HTTP/1.1" 200 981984
192.168.10.93 - - [01/Feb/2019:11:53:08 -0300] "GET /digitalizacion/servlet/wbadjunto?17372,PU HTTP/1.1" 302 -
192.168.10.93 - - [01/Feb/2019:11:53:08 -0300] "GET /digitalizacion/PublicTempStorage/3739203.tmp HTTP/1.1" 200 942336
192.168.10.89 - - [01/Feb/2019:11:53:13 -0300] "POST /digitalizacion/servlet/trdocumentos?d10dd20c1a98f94aeab35a6239883bb6,,gx-no-cache=1549032414982 HTTP/1.1" 200 3830
192.168.10.89 - - [01/Feb/2019:11:53:22 -0300] "GET /digitalizacion/servlet/wbadjunto?12010,PU HTTP/1.1" 302 -
192.168.10.89 - - [01/Feb/2019:11:53:22 -0300] "GET /digitalizacion/PublicTempStorage/5308734.tmp HTTP/1.1" 200 986821
192.168.10.89 - - [01/Feb/2019:11:53:34 -0300] "GET /digitalizacion/servlet/wbadjunto?12011,PU HTTP/1.1" 302 -
192.168.10.89 - - [01/Feb/2019:11:53:35 -0300] "GET /digitalizacion/PublicTempStorage/6496870.tmp HTTP/1.1" 200 981672
192.168.10.89 - - [01/Feb/2019:11:53:41 -0300] "GET /digitalizacion/servlet/wbadjunto?12012,PU HTTP/1.1" 302 -
192.168.10.89 - - [01/Feb/2019:11:53:41 -0300] "GET /digitalizacion/PublicTempStorage/6397282.tmp HTTP/1.1" 200 922451
192.168.10.89 - - [01/Feb/2019:11:53:47 -0300] "GET /digitalizacion/servlet/wbadjunto?14687,PU HTTP/1.1" 302 -
192.168.10.89 - - [01/Feb/2019:11:53:48 -0300] "GET /digitalizacion/PublicTempStorage/2041121.tmp HTTP/1.1" 200 957261
192.168.10.93 - - [01/Feb/2019:11:59:18 -0300] "POST /digitalizacion/servlet/trdocumentos?d287a8b8335e1a1bfbea8c2df5b31e03,,gx-no-cache=1549032779812 HTTP/1.1" 200 3619
192.168.10.93 - - [01/Feb/2019:11:59:25 -0300] "GET /digitalizacion/servlet/wbadjunto?12926,PU HTTP/1.1" 302 -
192.168.10.93 - - [01/Feb/2019:11:59:25 -0300] "GET /digitalizacion/PublicTempStorage/3159430.tmp HTTP/1.1" 200 847087
46.174.191.28 - - [01/Feb/2019:12:17:33 -0300] "GET / HTTP/1.0" 200 11197
157.55.39.218 - - [01/Feb/2019:12:33:50 -0300] "GET /cormun/static/gxgral.js?85251 HTTP/1.1" 200 384558
157.55.39.146 - - [01/Feb/2019:12:33:59 -0300] "GET /cormun/static/Shared/ext/ext-all.js HTTP/1.1" 200 1289687
157.55.39.218 - - [01/Feb/2019:12:39:42 -0300] "GET /cormun/servlet/trlicenciaspermisosadjuntos?16056746,20190121000000,L,_escaped_fragment_%3D HTTP/1.1" 200 5436
192.168.10.96 - - [01/Feb/2019:12:44:55 -0300] "POST /digitalizacion/servlet/trdocumentos?3d7da9a3e53e1afd8e23ffa594d32803,,gx-no-cache=1549035516771 HTTP/1.1" 200 3708
192.168.10.96 - - [01/Feb/2019:12:44:55 -0300] "GET /digitalizacion/servlet/hlogin HTTP/1.1" 302 -
192.168.10.96 - - [01/Feb/2019:12:44:55 -0300] "GET /digitalizacion/servlet/wblogin? HTTP/1.1" 200 2333
192.168.10.96 - - [01/Feb/2019:12:45:01 -0300] "POST /digitalizacion/servlet/wblogin?3d7da9a3e53e1afd8e23ffa594d32803,,gx-no-cache=1549035523708 HTTP/1.1" 200 65
192.168.10.96 - - [01/Feb/2019:12:45:01 -0300] "GET /digitalizacion/servlet/hhome HTTP/1.1" 200 2824
192.168.10.96 - - [01/Feb/2019:12:45:02 -0300] "GET /digitalizacion/servlet/hhome HTTP/1.1" 200 2823
192.168.10.96 - - [01/Feb/2019:12:45:07 -0300] "GET /digitalizacion/servlet/trdocumentos? HTTP/1.1" 200 6130
