186.79.96.35 - - [30/Jan/2019:12:19:54 -0300] "GET /cormun/static/Resources/PXToolsButtonRight21.png HTTP/1.1" 200 1283
186.79.96.35 - - [30/Jan/2019:12:19:54 -0300] "GET /cormun/static/Resources/ComunLogin.png HTTP/1.1" 200 17326
186.79.96.35 - - [30/Jan/2019:12:19:54 -0300] "GET /cormun/static/Resources/PXToolsButtonBackground2.png HTTP/1.1" 200 1181
186.79.96.35 - - [30/Jan/2019:12:19:54 -0300] "GET /cormun/static/Resources/PXToolsLoginBottom.png HTTP/1.1" 200 1389
186.79.96.35 - - [30/Jan/2019:12:19:54 -0300] "GET /cormun/servlet/hlogin HTTP/1.1" 200 1707
186.79.96.35 - - [30/Jan/2019:12:19:54 -0300] "GET /cormun/static/Resources/indicator.gif HTTP/1.1" 200 1553
186.79.96.35 - - [30/Jan/2019:12:19:54 -0300] "GET /favicon.ico HTTP/1.1" 200 21630
186.79.96.35 - - [30/Jan/2019:12:20:15 -0300] "POST /cormun/servlet/hlogin?bdb9173d09f030110154c89a891cfbbf,gx-no-cache=1548861365478 HTTP/1.1" 200 419
186.79.96.35 - - [30/Jan/2019:12:20:25 -0300] "POST /cormun/servlet/hlogin?bdb9173d09f030110154c89a891cfbbf,gx-no-cache=1548861375541 HTTP/1.1" 200 419
180.244.233.6 - - [30/Jan/2019:12:20:29 -0300] "GET / HTTP/1.1" 200 11217
186.79.96.35 - - [30/Jan/2019:12:20:31 -0300] "GET /cormun/servlet/hlogin HTTP/1.1" 200 1707
186.79.96.35 - - [30/Jan/2019:12:20:32 -0300] "GET /cormun/static/Resources/Spanish/PXTools.css?1155365 HTTP/1.1" 304 -
192.168.10.79 - - [30/Jan/2019:12:20:59 -0300] "GET /digitalizacion/servlet/wbadjunto?9728,PU HTTP/1.1" 302 -
192.168.10.79 - - [30/Jan/2019:12:20:59 -0300] "GET /digitalizacion/PublicTempStorage/3823959.tmp HTTP/1.1" 200 853940
192.168.10.79 - - [30/Jan/2019:12:22:57 -0300] "GET /digitalizacion/servlet/wbadjunto?9729,PU HTTP/1.1" 302 -
192.168.10.79 - - [30/Jan/2019:12:22:57 -0300] "GET /digitalizacion/PublicTempStorage/8130832.tmp HTTP/1.1" 200 1022762
192.168.10.93 - - [30/Jan/2019:12:23:14 -0300] "POST /digitalizacion/servlet/trdocumentos?1ef33667b00365c45b8ba5b90578915f,,gx-no-cache=1548861418260 HTTP/1.1" 200 3922
192.168.10.93 - - [30/Jan/2019:12:23:20 -0300] "GET /digitalizacion/servlet/wbadjunto?8033,PU HTTP/1.1" 302 -
192.168.10.93 - - [30/Jan/2019:12:23:20 -0300] "GET /digitalizacion/PublicTempStorage/7090863.tmp HTTP/1.1" 200 885618
192.168.10.79 - - [30/Jan/2019:12:23:25 -0300] "GET /digitalizacion/servlet/wbadjunto?9730,PU HTTP/1.1" 302 -
192.168.10.79 - - [30/Jan/2019:12:23:25 -0300] "GET /digitalizacion/PublicTempStorage/4979894.tmp HTTP/1.1" 200 875497
192.168.10.79 - - [30/Jan/2019:12:23:42 -0300] "GET /digitalizacion/servlet/wbadjunto?9731,PU HTTP/1.1" 302 -
192.168.10.79 - - [30/Jan/2019:12:23:42 -0300] "GET /digitalizacion/PublicTempStorage/7286178.tmp HTTP/1.1" 200 978960
192.168.10.93 - - [30/Jan/2019:12:23:45 -0300] "GET /digitalizacion/servlet/wbadjunto?8034,PU HTTP/1.1" 302 -
192.168.10.93 - - [30/Jan/2019:12:23:45 -0300] "GET /digitalizacion/PublicTempStorage/6335285.tmp HTTP/1.1" 200 1081855
192.168.10.93 - - [30/Jan/2019:12:23:55 -0300] "GET /digitalizacion/servlet/wbadjunto?14399,PU HTTP/1.1" 302 -
192.168.10.93 - - [30/Jan/2019:12:23:55 -0300] "GET /digitalizacion/PublicTempStorage/6365243.tmp HTTP/1.1" 200 1555834
192.168.10.79 - - [30/Jan/2019:12:24:03 -0300] "GET /digitalizacion/servlet/wbadjunto?9732,PU HTTP/1.1" 302 -
192.168.10.79 - - [30/Jan/2019:12:24:04 -0300] "GET /digitalizacion/PublicTempStorage/1408947.tmp HTTP/1.1" 200 784987
192.168.10.93 - - [30/Jan/2019:12:24:09 -0300] "GET /digitalizacion/servlet/wbadjunto?15949,PU HTTP/1.1" 302 -
192.168.10.93 - - [30/Jan/2019:12:24:09 -0300] "GET /digitalizacion/PublicTempStorage/2058682.tmp HTTP/1.1" 200 1002051
192.168.10.89 - - [30/Jan/2019:12:24:18 -0300] "GET /digitalizacion/servlet/wbadjunto?6351,PU HTTP/1.1" 302 -
192.168.10.89 - - [30/Jan/2019:12:24:18 -0300] "GET /digitalizacion/PublicTempStorage/3737657.tmp HTTP/1.1" 200 767794
192.168.10.89 - - [30/Jan/2019:12:24:25 -0300] "GET /digitalizacion/servlet/wbadjunto?16444,PU HTTP/1.1" 302 -
192.168.10.89 - - [30/Jan/2019:12:24:25 -0300] "GET /digitalizacion/PublicTempStorage/5796899.tmp HTTP/1.1" 200 782820
192.168.10.93 - - [30/Jan/2019:12:24:27 -0300] "GET /digitalizacion/servlet/wbadjunto?16216,PU HTTP/1.1" 302 -
192.168.10.93 - - [30/Jan/2019:12:24:27 -0300] "GET /digitalizacion/PublicTempStorage/7340261.tmp HTTP/1.1" 200 928383
192.168.10.79 - - [30/Jan/2019:12:24:46 -0300] "POST /digitalizacion/servlet/trdocumentos?3be4b46bb13795ffd73e3a1eea7d7a7b,,gx-no-cache=1548861510760 HTTP/1.1" 200 4576
192.168.10.89 - - [30/Jan/2019:12:24:51 -0300] "GET /digitalizacion/servlet/wbadjunto?6351,PU HTTP/1.1" 302 -
192.168.10.89 - - [30/Jan/2019:12:24:51 -0300] "GET /digitalizacion/PublicTempStorage/8977290.tmp HTTP/1.1" 200 767794
192.168.10.93 - - [30/Jan/2019:12:24:59 -0300] "POST /digitalizacion/servlet/trdocumentos?1ef33667b00365c45b8ba5b90578915f,,gx-no-cache=1548861522692 HTTP/1.1" 200 3854
192.168.10.89 - - [30/Jan/2019:12:25:09 -0300] "GET /digitalizacion/servlet/wbadjunto?16444,PU HTTP/1.1" 302 -
192.168.10.89 - - [30/Jan/2019:12:25:09 -0300] "GET /digitalizacion/PublicTempStorage/9694089.tmp HTTP/1.1" 200 782820
192.168.10.93 - - [30/Jan/2019:12:25:13 -0300] "POST /digitalizacion/servlet/trdocumentos?1ef33667b00365c45b8ba5b90578915f,,gx-no-cache=1548861537180 HTTP/1.1" 200 3738
192.168.10.93 - - [30/Jan/2019:12:25:15 -0300] "GET /digitalizacion/servlet/wbadjunto?8037,PU HTTP/1.1" 302 -
192.168.10.93 - - [30/Jan/2019:12:25:15 -0300] "GET /digitalizacion/PublicTempStorage/3300612.tmp HTTP/1.1" 200 959186
192.168.10.79 - - [30/Jan/2019:12:25:39 -0300] "GET /digitalizacion/servlet/wbadjunto?9737,PU HTTP/1.1" 302 -
192.168.10.79 - - [30/Jan/2019:12:25:39 -0300] "GET /digitalizacion/PublicTempStorage/7429494.tmp HTTP/1.1" 200 1046523
192.168.10.93 - - [30/Jan/2019:12:25:56 -0300] "GET /digitalizacion/servlet/wbadjunto?8038,PU HTTP/1.1" 302 -
192.168.10.89 - - [30/Jan/2019:12:25:56 -0300] "POST /digitalizacion/servlet/trdocumentos?8afb6a1e54b14a300a03bd395c1d6109,,gx-no-cache=1548861579659 HTTP/1.1" 200 3697
192.168.10.93 - - [30/Jan/2019:12:25:56 -0300] "GET /digitalizacion/PublicTempStorage/840390.tmp HTTP/1.1" 200 873989
192.168.10.93 - - [30/Jan/2019:12:26:07 -0300] "GET /digitalizacion/servlet/wbadjunto?8039,PU HTTP/1.1" 302 -
192.168.10.93 - - [30/Jan/2019:12:26:07 -0300] "GET /digitalizacion/PublicTempStorage/4017956.tmp HTTP/1.1" 200 918634
192.168.10.79 - - [30/Jan/2019:12:26:09 -0300] "GET /digitalizacion/servlet/wbadjunto?9738,PU HTTP/1.1" 302 -
192.168.10.79 - - [30/Jan/2019:12:26:09 -0300] "GET /digitalizacion/PublicTempStorage/7889733.tmp HTTP/1.1" 200 1075796
192.168.10.89 - - [30/Jan/2019:12:26:09 -0300] "GET /digitalizacion/servlet/wbadjunto?6352,PU HTTP/1.1" 302 -
192.168.10.89 - - [30/Jan/2019:12:26:09 -0300] "GET /digitalizacion/PublicTempStorage/2682465.tmp HTTP/1.1" 200 705626
192.168.10.89 - - [30/Jan/2019:12:26:18 -0300] "GET /digitalizacion/servlet/wbadjunto?6353,PU HTTP/1.1" 302 -
192.168.10.89 - - [30/Jan/2019:12:26:18 -0300] "GET /digitalizacion/PublicTempStorage/2135017.tmp HTTP/1.1" 200 1014715
192.168.10.89 - - [30/Jan/2019:12:26:22 -0300] "GET /digitalizacion/servlet/wbadjunto?6352,PU HTTP/1.1" 302 -
192.168.10.89 - - [30/Jan/2019:12:26:22 -0300] "GET /digitalizacion/PublicTempStorage/8861251.tmp HTTP/1.1" 200 705626
192.168.10.89 - - [30/Jan/2019:12:26:30 -0300] "GET /digitalizacion/servlet/wbadjunto?6352,PU HTTP/1.1" 302 -
192.168.10.89 - - [30/Jan/2019:12:26:30 -0300] "GET /digitalizacion/PublicTempStorage/423544.tmp HTTP/1.1" 200 705626
192.168.10.79 - - [30/Jan/2019:12:26:33 -0300] "GET /digitalizacion/servlet/wbadjunto?9739,PU HTTP/1.1" 302 -
192.168.10.79 - - [30/Jan/2019:12:26:33 -0300] "GET /digitalizacion/PublicTempStorage/4035804.tmp HTTP/1.1" 200 1080601
192.168.10.89 - - [30/Jan/2019:12:26:40 -0300] "GET /digitalizacion/servlet/wbadjunto?6353,PU HTTP/1.1" 302 -
192.168.10.89 - - [30/Jan/2019:12:26:40 -0300] "GET /digitalizacion/PublicTempStorage/8316551.tmp HTTP/1.1" 200 1014715
192.168.10.79 - - [30/Jan/2019:12:26:54 -0300] "GET /digitalizacion/servlet/wbadjunto?9740,PU HTTP/1.1" 302 -
192.168.10.79 - - [30/Jan/2019:12:26:54 -0300] "GET /digitalizacion/PublicTempStorage/976374.tmp HTTP/1.1" 200 1013763
192.168.10.89 - - [30/Jan/2019:12:27:15 -0300] "POST /digitalizacion/servlet/trdocumentos?8afb6a1e54b14a300a03bd395c1d6109,,gx-no-cache=1548861658813 HTTP/1.1" 200 3701
192.168.10.89 - - [30/Jan/2019:12:27:20 -0300] "GET /digitalizacion/servlet/wbadjunto?6388,PU HTTP/1.1" 302 -
192.168.10.89 - - [30/Jan/2019:12:27:20 -0300] "GET /digitalizacion/PublicTempStorage/8150325.tmp HTTP/1.1" 200 788986
192.168.10.93 - - [30/Jan/2019:12:27:23 -0300] "POST /digitalizacion/servlet/trdocumentos?1ef33667b00365c45b8ba5b90578915f,,gx-no-cache=1548861667147 HTTP/1.1" 200 3592
192.168.10.89 - - [30/Jan/2019:12:27:26 -0300] "GET /digitalizacion/servlet/wbadjunto?6389,PU HTTP/1.1" 302 -
192.168.10.89 - - [30/Jan/2019:12:27:26 -0300] "GET /digitalizacion/PublicTempStorage/1503694.tmp HTTP/1.1" 200 993609
192.168.10.93 - - [30/Jan/2019:12:27:29 -0300] "GET /digitalizacion/servlet/wbadjunto?8042,PU HTTP/1.1" 302 -
192.168.10.93 - - [30/Jan/2019:12:27:29 -0300] "GET /digitalizacion/PublicTempStorage/8773189.tmp HTTP/1.1" 200 1022258
192.168.10.89 - - [30/Jan/2019:12:27:30 -0300] "GET /digitalizacion/servlet/wbadjunto?6388,PU HTTP/1.1" 302 -
192.168.10.89 - - [30/Jan/2019:12:27:30 -0300] "GET /digitalizacion/PublicTempStorage/3911856.tmp HTTP/1.1" 200 788986
192.168.10.79 - - [30/Jan/2019:12:27:38 -0300] "GET /digitalizacion/servlet/wbadjunto?9741,PU HTTP/1.1" 302 -
192.168.10.79 - - [30/Jan/2019:12:27:38 -0300] "GET /digitalizacion/PublicTempStorage/3197798.tmp HTTP/1.1" 200 918020
192.168.10.89 - - [30/Jan/2019:12:27:56 -0300] "GET /digitalizacion/servlet/wbadjunto?6389,PU HTTP/1.1" 302 -
192.168.10.89 - - [30/Jan/2019:12:27:56 -0300] "GET /digitalizacion/PublicTempStorage/3097583.tmp HTTP/1.1" 200 993609
192.168.10.79 - - [30/Jan/2019:12:28:03 -0300] "GET /digitalizacion/servlet/wbadjunto?9742,PU HTTP/1.1" 302 -
192.168.10.79 - - [30/Jan/2019:12:28:03 -0300] "GET /digitalizacion/PublicTempStorage/4725499.tmp HTTP/1.1" 200 850088
192.168.10.93 - - [30/Jan/2019:12:28:04 -0300] "POST /digitalizacion/servlet/trdocumentos?1ef33667b00365c45b8ba5b90578915f,,gx-no-cache=1548861708361 HTTP/1.1" 200 3815
192.168.10.93 - - [30/Jan/2019:12:28:11 -0300] "GET /digitalizacion/servlet/wbadjunto?8051,PU HTTP/1.1" 302 -
192.168.10.93 - - [30/Jan/2019:12:28:11 -0300] "GET /digitalizacion/PublicTempStorage/2205323.tmp HTTP/1.1" 200 1188086
192.168.10.79 - - [30/Jan/2019:12:28:16 -0300] "GET /digitalizacion/servlet/wbadjunto?9742,PU HTTP/1.1" 302 -
192.168.10.79 - - [30/Jan/2019:12:28:16 -0300] "GET /digitalizacion/PublicTempStorage/3688025.tmp HTTP/1.1" 200 850088
192.168.10.93 - - [30/Jan/2019:12:28:28 -0300] "GET /digitalizacion/servlet/wbadjunto?8053,PU HTTP/1.1" 302 -
192.168.10.93 - - [30/Jan/2019:12:28:28 -0300] "GET /digitalizacion/PublicTempStorage/7891717.tmp HTTP/1.1" 200 1241779
192.168.10.93 - - [30/Jan/2019:12:28:37 -0300] "GET /digitalizacion/servlet/wbadjunto?8052,PU HTTP/1.1" 302 -
192.168.10.93 - - [30/Jan/2019:12:28:37 -0300] "GET /digitalizacion/PublicTempStorage/5743009.tmp HTTP/1.1" 200 1175101
192.168.10.79 - - [30/Jan/2019:12:28:39 -0300] "GET /digitalizacion/servlet/wbadjunto?9743,PU HTTP/1.1" 302 -
192.168.10.79 - - [30/Jan/2019:12:28:39 -0300] "GET /digitalizacion/PublicTempStorage/9959247.tmp HTTP/1.1" 200 951169
192.168.10.93 - - [30/Jan/2019:12:28:47 -0300] "GET /digitalizacion/servlet/wbadjunto?8054,PU HTTP/1.1" 302 -
192.168.10.93 - - [30/Jan/2019:12:28:47 -0300] "GET /digitalizacion/PublicTempStorage/4991697.tmp HTTP/1.1" 200 930929
192.168.10.79 - - [30/Jan/2019:12:29:04 -0300] "GET /digitalizacion/servlet/wbadjunto?9744,PU HTTP/1.1" 302 -
192.168.10.79 - - [30/Jan/2019:12:29:04 -0300] "GET /digitalizacion/PublicTempStorage/585870.tmp HTTP/1.1" 200 1183056
192.168.10.93 - - [30/Jan/2019:12:29:17 -0300] "POST /digitalizacion/servlet/trdocumentos?1ef33667b00365c45b8ba5b90578915f,,gx-no-cache=1548861781665 HTTP/1.1" 200 3780
192.168.10.79 - - [30/Jan/2019:12:29:28 -0300] "GET /digitalizacion/servlet/wbadjunto?9746,PU HTTP/1.1" 302 -
192.168.10.79 - - [30/Jan/2019:12:29:28 -0300] "GET /digitalizacion/PublicTempStorage/6303908.tmp HTTP/1.1" 200 859385
192.168.10.93 - - [30/Jan/2019:12:29:44 -0300] "GET /digitalizacion/servlet/wbadjunto?8062,PU HTTP/1.1" 302 -
192.168.10.93 - - [30/Jan/2019:12:29:44 -0300] "GET /digitalizacion/PublicTempStorage/4319816.tmp HTTP/1.1" 200 1033527
192.168.10.79 - - [30/Jan/2019:12:29:58 -0300] "GET /digitalizacion/servlet/wbadjunto?9745,PU HTTP/1.1" 302 -
192.168.10.79 - - [30/Jan/2019:12:29:58 -0300] "GET /digitalizacion/PublicTempStorage/7787169.tmp HTTP/1.1" 200 797730
192.168.10.93 - - [30/Jan/2019:12:29:58 -0300] "GET /digitalizacion/servlet/wbadjunto?16217,PU HTTP/1.1" 302 -
192.168.10.93 - - [30/Jan/2019:12:29:58 -0300] "GET /digitalizacion/PublicTempStorage/707680.tmp HTTP/1.1" 200 880227
192.168.10.93 - - [30/Jan/2019:12:30:09 -0300] "GET /digitalizacion/servlet/wbadjunto?17026,PU HTTP/1.1" 302 -
192.168.10.93 - - [30/Jan/2019:12:30:09 -0300] "GET /digitalizacion/PublicTempStorage/6880588.tmp HTTP/1.1" 200 889854
192.168.10.79 - - [30/Jan/2019:12:30:24 -0300] "GET /digitalizacion/servlet/wbadjunto?9747,PU HTTP/1.1" 302 -
192.168.10.79 - - [30/Jan/2019:12:30:24 -0300] "GET /digitalizacion/PublicTempStorage/326506.tmp HTTP/1.1" 200 968237
192.168.10.89 - - [30/Jan/2019:12:30:27 -0300] "POST /digitalizacion/servlet/trdocumentos?8afb6a1e54b14a300a03bd395c1d6109,,gx-no-cache=1548861851130 HTTP/1.1" 200 3231
192.168.10.93 - - [30/Jan/2019:12:30:39 -0300] "POST /digitalizacion/servlet/trdocumentos?1ef33667b00365c45b8ba5b90578915f,,gx-no-cache=1548861863553 HTTP/1.1" 200 3840
192.168.10.89 - - [30/Jan/2019:12:30:44 -0300] "POST /digitalizacion/servlet/trdocumentos?8afb6a1e54b14a300a03bd395c1d6109,,gx-no-cache=1548861868650 HTTP/1.1" 200 3191
192.168.10.93 - - [30/Jan/2019:12:30:58 -0300] "GET /digitalizacion/servlet/wbadjunto?8066,PU HTTP/1.1" 302 -
192.168.10.93 - - [30/Jan/2019:12:30:58 -0300] "GET /digitalizacion/PublicTempStorage/9052473.tmp HTTP/1.1" 200 851792
192.168.10.79 - - [30/Jan/2019:12:31:02 -0300] "GET /digitalizacion/servlet/wbadjunto?9748,PU HTTP/1.1" 302 -
192.168.10.79 - - [30/Jan/2019:12:31:03 -0300] "GET /digitalizacion/PublicTempStorage/8200479.tmp HTTP/1.1" 200 1051253
192.168.10.93 - - [30/Jan/2019:12:31:25 -0300] "GET /digitalizacion/servlet/wbadjunto?8067,PU HTTP/1.1" 302 -
192.168.10.93 - - [30/Jan/2019:12:31:26 -0300] "GET /digitalizacion/PublicTempStorage/2402897.tmp HTTP/1.1" 200 899305
192.168.10.79 - - [30/Jan/2019:12:31:32 -0300] "GET /digitalizacion/servlet/wbadjunto?9749,PU HTTP/1.1" 302 -
192.168.10.79 - - [30/Jan/2019:12:31:32 -0300] "GET /digitalizacion/PublicTempStorage/7359718.tmp HTTP/1.1" 200 1130151
192.168.10.89 - - [30/Jan/2019:12:31:38 -0300] "POST /digitalizacion/servlet/trdocumentos?8afb6a1e54b14a300a03bd395c1d6109,,gx-no-cache=1548861922322 HTTP/1.1" 200 3195
192.168.10.93 - - [30/Jan/2019:12:31:40 -0300] "GET /digitalizacion/servlet/wbadjunto?8068,PU HTTP/1.1" 302 -
192.168.10.93 - - [30/Jan/2019:12:31:41 -0300] "GET /digitalizacion/PublicTempStorage/1893932.tmp HTTP/1.1" 200 1275212
192.168.10.89 - - [30/Jan/2019:12:31:47 -0300] "POST /digitalizacion/servlet/trdocumentos?8afb6a1e54b14a300a03bd395c1d6109,,gx-no-cache=1548861931154 HTTP/1.1" 200 3191
192.168.10.93 - - [30/Jan/2019:12:31:50 -0300] "GET /digitalizacion/servlet/wbadjunto?8069,PU HTTP/1.1" 302 -
192.168.10.93 - - [30/Jan/2019:12:31:50 -0300] "GET /digitalizacion/PublicTempStorage/8558573.tmp HTTP/1.1" 200 938303
192.168.10.79 - - [30/Jan/2019:12:32:09 -0300] "GET /digitalizacion/servlet/wbadjunto?9750,PU HTTP/1.1" 302 -
192.168.10.79 - - [30/Jan/2019:12:32:09 -0300] "GET /digitalizacion/PublicTempStorage/4632618.tmp HTTP/1.1" 200 994793
192.168.10.93 - - [30/Jan/2019:12:32:20 -0300] "POST /digitalizacion/servlet/trdocumentos?1ef33667b00365c45b8ba5b90578915f,,gx-no-cache=1548861964504 HTTP/1.1" 200 3228
192.168.10.79 - - [30/Jan/2019:12:32:27 -0300] "GET /digitalizacion/servlet/wbadjunto?9751,PU HTTP/1.1" 302 -
192.168.10.79 - - [30/Jan/2019:12:32:27 -0300] "GET /digitalizacion/PublicTempStorage/8986104.tmp HTTP/1.1" 200 1073592
192.168.10.93 - - [30/Jan/2019:12:32:33 -0300] "POST /digitalizacion/servlet/trdocumentos?1ef33667b00365c45b8ba5b90578915f,,gx-no-cache=1548861977961 HTTP/1.1" 200 3735
192.168.10.93 - - [30/Jan/2019:12:32:39 -0300] "GET /digitalizacion/servlet/wbadjunto?8078,PU HTTP/1.1" 302 -
192.168.10.93 - - [30/Jan/2019:12:32:40 -0300] "GET /digitalizacion/PublicTempStorage/202899.tmp HTTP/1.1" 200 911994
192.168.10.79 - - [30/Jan/2019:12:33:23 -0300] "POST /digitalizacion/servlet/trdocumentos?3be4b46bb13795ffd73e3a1eea7d7a7b,,gx-no-cache=1548862027135 HTTP/1.1" 200 3725
192.168.10.79 - - [30/Jan/2019:12:33:27 -0300] "GET /digitalizacion/servlet/wbadjunto?9758,PU HTTP/1.1" 302 -
192.168.10.79 - - [30/Jan/2019:12:33:27 -0300] "GET /digitalizacion/PublicTempStorage/4900384.tmp HTTP/1.1" 200 1062586
192.168.10.93 - - [30/Jan/2019:12:33:34 -0300] "POST /digitalizacion/servlet/trdocumentos?1ef33667b00365c45b8ba5b90578915f,,gx-no-cache=1548862038928 HTTP/1.1" 200 3599
192.168.10.93 - - [30/Jan/2019:12:33:36 -0300] "GET /digitalizacion/servlet/wbadjunto?15267,PU HTTP/1.1" 302 -
192.168.10.93 - - [30/Jan/2019:12:33:36 -0300] "GET /digitalizacion/PublicTempStorage/3976804.tmp HTTP/1.1" 200 1677795
192.168.10.79 - - [30/Jan/2019:12:33:46 -0300] "GET /digitalizacion/servlet/wbadjunto?9759,PU HTTP/1.1" 302 -
192.168.10.79 - - [30/Jan/2019:12:33:46 -0300] "GET /digitalizacion/PublicTempStorage/7385956.tmp HTTP/1.1" 200 939118
192.168.10.93 - - [30/Jan/2019:12:34:18 -0300] "POST /digitalizacion/servlet/trdocumentos?1ef33667b00365c45b8ba5b90578915f,,gx-no-cache=1548862083016 HTTP/1.1" 200 3600
192.168.10.93 - - [30/Jan/2019:12:34:22 -0300] "GET /digitalizacion/servlet/wbadjunto?16536,PU HTTP/1.1" 302 -
192.168.10.93 - - [30/Jan/2019:12:34:22 -0300] "GET /digitalizacion/PublicTempStorage/4532513.tmp HTTP/1.1" 200 768438
192.168.10.79 - - [30/Jan/2019:12:34:22 -0300] "POST /digitalizacion/servlet/trdocumentos?3be4b46bb13795ffd73e3a1eea7d7a7b,,gx-no-cache=1548862086919 HTTP/1.1" 200 3674
192.168.10.79 - - [30/Jan/2019:12:34:31 -0300] "GET /digitalizacion/servlet/wbadjunto?9773,PU HTTP/1.1" 302 -
192.168.10.79 - - [30/Jan/2019:12:34:31 -0300] "GET /digitalizacion/PublicTempStorage/1410933.tmp HTTP/1.1" 200 1008736
192.168.10.79 - - [30/Jan/2019:12:34:47 -0300] "GET /digitalizacion/servlet/wbadjunto?9774,PU HTTP/1.1" 302 -
192.168.10.79 - - [30/Jan/2019:12:34:47 -0300] "GET /digitalizacion/PublicTempStorage/574276.tmp HTTP/1.1" 200 891096
192.168.10.93 - - [30/Jan/2019:12:34:59 -0300] "POST /digitalizacion/servlet/trdocumentos?1ef33667b00365c45b8ba5b90578915f,,gx-no-cache=1548862123256 HTTP/1.1" 200 3596
192.168.10.93 - - [30/Jan/2019:12:35:19 -0300] "GET /digitalizacion/servlet/wbadjunto?8108,PU HTTP/1.1" 302 -
192.168.10.93 - - [30/Jan/2019:12:35:19 -0300] "GET /digitalizacion/PublicTempStorage/744325.tmp HTTP/1.1" 200 979211
192.168.10.79 - - [30/Jan/2019:12:35:25 -0300] "POST /digitalizacion/servlet/trdocumentos?3be4b46bb13795ffd73e3a1eea7d7a7b,,gx-no-cache=1548862149339 HTTP/1.1" 200 4293
192.168.10.93 - - [30/Jan/2019:12:35:52 -0300] "POST /digitalizacion/servlet/trdocumentos?1ef33667b00365c45b8ba5b90578915f,,gx-no-cache=1548862176671 HTTP/1.1" 200 3978
192.168.10.79 - - [30/Jan/2019:12:35:59 -0300] "GET /digitalizacion/servlet/wbadjunto?9775,PU HTTP/1.1" 302 -
192.168.10.79 - - [30/Jan/2019:12:35:59 -0300] "GET /digitalizacion/PublicTempStorage/6299282.tmp HTTP/1.1" 200 901271
192.168.10.93 - - [30/Jan/2019:12:36:06 -0300] "POST /digitalizacion/servlet/trdocumentos?1ef33667b00365c45b8ba5b90578915f,,gx-no-cache=1548862189800 HTTP/1.1" 200 3654
192.168.10.93 - - [30/Jan/2019:12:36:07 -0300] "GET /digitalizacion/servlet/wbadjunto?8126,PU HTTP/1.1" 302 -
192.168.10.93 - - [30/Jan/2019:12:36:07 -0300] "GET /digitalizacion/PublicTempStorage/2438627.tmp HTTP/1.1" 200 941814
192.168.10.93 - - [30/Jan/2019:12:36:26 -0300] "GET /digitalizacion/servlet/wbadjunto?8127,PU HTTP/1.1" 302 -
192.168.10.93 - - [30/Jan/2019:12:36:26 -0300] "GET /digitalizacion/PublicTempStorage/4108710.tmp HTTP/1.1" 200 927757
192.168.10.79 - - [30/Jan/2019:12:36:28 -0300] "GET /digitalizacion/servlet/wbadjunto?9776,PU HTTP/1.1" 302 -
192.168.10.79 - - [30/Jan/2019:12:36:28 -0300] "GET /digitalizacion/PublicTempStorage/6997276.tmp HTTP/1.1" 200 823287
192.168.10.93 - - [30/Jan/2019:12:36:30 -0300] "GET /digitalizacion/servlet/wbadjunto?8127,PU HTTP/1.1" 302 -
192.168.10.93 - - [30/Jan/2019:12:36:30 -0300] "GET /digitalizacion/PublicTempStorage/8439686.tmp HTTP/1.1" 200 927757
192.168.10.79 - - [30/Jan/2019:12:36:43 -0300] "GET /digitalizacion/servlet/wbadjunto?9777,PU HTTP/1.1" 302 -
192.168.10.79 - - [30/Jan/2019:12:36:43 -0300] "GET /digitalizacion/PublicTempStorage/4197342.tmp HTTP/1.1" 200 917570
192.168.10.93 - - [30/Jan/2019:12:36:59 -0300] "POST /digitalizacion/servlet/trdocumentos?1ef33667b00365c45b8ba5b90578915f,,gx-no-cache=1548862243335 HTTP/1.1" 200 3817
192.168.10.93 - - [30/Jan/2019:12:37:05 -0300] "GET /digitalizacion/servlet/wbadjunto?8131,PU HTTP/1.1" 302 -
192.168.10.93 - - [30/Jan/2019:12:37:05 -0300] "GET /digitalizacion/PublicTempStorage/6733380.tmp HTTP/1.1" 200 843492
192.168.10.79 - - [30/Jan/2019:12:37:29 -0300] "GET /digitalizacion/servlet/wbadjunto?9778,PU HTTP/1.1" 302 -
192.168.10.79 - - [30/Jan/2019:12:37:29 -0300] "GET /digitalizacion/PublicTempStorage/146982.tmp HTTP/1.1" 200 949121
192.168.10.93 - - [30/Jan/2019:12:37:30 -0300] "GET /digitalizacion/servlet/wbadjunto?8132,PU HTTP/1.1" 302 -
192.168.10.93 - - [30/Jan/2019:12:37:30 -0300] "GET /digitalizacion/PublicTempStorage/1989856.tmp HTTP/1.1" 200 923113
192.168.10.79 - - [30/Jan/2019:12:37:52 -0300] "GET /digitalizacion/servlet/wbadjunto?9779,PU HTTP/1.1" 302 -
192.168.10.79 - - [30/Jan/2019:12:37:52 -0300] "GET /digitalizacion/PublicTempStorage/1503303.tmp HTTP/1.1" 200 958294
192.168.10.93 - - [30/Jan/2019:12:37:52 -0300] "GET /digitalizacion/servlet/wbadjunto?8133,PU HTTP/1.1" 302 -
192.168.10.93 - - [30/Jan/2019:12:37:52 -0300] "GET /digitalizacion/PublicTempStorage/3736768.tmp HTTP/1.1" 200 911040
192.168.10.93 - - [30/Jan/2019:12:38:04 -0300] "GET /digitalizacion/servlet/wbadjunto?8134,PU HTTP/1.1" 302 -
192.168.10.93 - - [30/Jan/2019:12:38:04 -0300] "GET /digitalizacion/PublicTempStorage/5994078.tmp HTTP/1.1" 200 823922
192.168.10.79 - - [30/Jan/2019:12:38:13 -0300] "GET /digitalizacion/servlet/wbadjunto?9780,PU HTTP/1.1" 302 -
192.168.10.79 - - [30/Jan/2019:12:38:13 -0300] "GET /digitalizacion/PublicTempStorage/9706820.tmp HTTP/1.1" 200 897307
192.168.10.79 - - [30/Jan/2019:12:38:33 -0300] "GET /digitalizacion/servlet/wbadjunto?9781,PU HTTP/1.1" 302 -
192.168.10.79 - - [30/Jan/2019:12:38:33 -0300] "GET /digitalizacion/PublicTempStorage/267290.tmp HTTP/1.1" 200 1017702
192.168.10.93 - - [30/Jan/2019:12:38:44 -0300] "POST /digitalizacion/servlet/trdocumentos?1ef33667b00365c45b8ba5b90578915f,,gx-no-cache=1548862348823 HTTP/1.1" 200 3222
192.168.10.93 - - [30/Jan/2019:12:38:52 -0300] "POST /digitalizacion/servlet/trdocumentos?1ef33667b00365c45b8ba5b90578915f,,gx-no-cache=1548862356759 HTTP/1.1" 200 4327
192.168.10.79 - - [30/Jan/2019:12:38:55 -0300] "GET /digitalizacion/servlet/wbadjunto?9782,PU HTTP/1.1" 302 -
192.168.10.79 - - [30/Jan/2019:12:38:55 -0300] "GET /digitalizacion/PublicTempStorage/2134901.tmp HTTP/1.1" 200 1135905
192.168.10.93 - - [30/Jan/2019:12:39:04 -0300] "POST /digitalizacion/servlet/trdocumentos?1ef33667b00365c45b8ba5b90578915f,,gx-no-cache=1548862368471 HTTP/1.1" 200 3644
192.168.10.93 - - [30/Jan/2019:12:39:06 -0300] "GET /digitalizacion/servlet/wbadjunto?8135,PU HTTP/1.1" 302 -
192.168.10.93 - - [30/Jan/2019:12:39:06 -0300] "GET /digitalizacion/PublicTempStorage/2583023.tmp HTTP/1.1" 200 921068
192.168.10.79 - - [30/Jan/2019:12:39:19 -0300] "GET /digitalizacion/servlet/wbadjunto?9783,PU HTTP/1.1" 302 -
192.168.10.79 - - [30/Jan/2019:12:39:19 -0300] "GET /digitalizacion/PublicTempStorage/9812669.tmp HTTP/1.1" 200 1043898
192.168.10.93 - - [30/Jan/2019:12:39:23 -0300] "GET /digitalizacion/servlet/wbadjunto?8136,PU HTTP/1.1" 302 -
192.168.10.93 - - [30/Jan/2019:12:39:23 -0300] "GET /digitalizacion/PublicTempStorage/7566189.tmp HTTP/1.1" 200 855122
192.168.10.79 - - [30/Jan/2019:12:39:44 -0300] "GET /digitalizacion/servlet/wbadjunto?9784,PU HTTP/1.1" 302 -
192.168.10.79 - - [30/Jan/2019:12:39:44 -0300] "GET /digitalizacion/PublicTempStorage/8245397.tmp HTTP/1.1" 200 1124756
192.168.10.93 - - [30/Jan/2019:12:40:05 -0300] "POST /digitalizacion/servlet/trdocumentos?1ef33667b00365c45b8ba5b90578915f,,gx-no-cache=1548862429239 HTTP/1.1" 200 3756
192.168.10.79 - - [30/Jan/2019:12:40:06 -0300] "GET /digitalizacion/servlet/wbadjunto?15971,PU HTTP/1.1" 302 -
192.168.10.79 - - [30/Jan/2019:12:40:06 -0300] "GET /digitalizacion/PublicTempStorage/6915921.tmp HTTP/1.1" 200 1058750
192.168.10.93 - - [30/Jan/2019:12:40:08 -0300] "GET /digitalizacion/servlet/wbadjunto?8137,PU HTTP/1.1" 302 -
192.168.10.93 - - [30/Jan/2019:12:40:08 -0300] "GET /digitalizacion/PublicTempStorage/5218386.tmp HTTP/1.1" 200 1068514
192.168.10.93 - - [30/Jan/2019:12:40:52 -0300] "GET /digitalizacion/servlet/wbadjunto?8138,PU HTTP/1.1" 302 -
192.168.10.93 - - [30/Jan/2019:12:40:52 -0300] "GET /digitalizacion/PublicTempStorage/5033961.tmp HTTP/1.1" 200 900186
192.168.10.79 - - [30/Jan/2019:12:40:56 -0300] "POST /digitalizacion/servlet/trdocumentos?3be4b46bb13795ffd73e3a1eea7d7a7b,,gx-no-cache=1548862479651 HTTP/1.1" 200 3787
192.168.10.93 - - [30/Jan/2019:12:41:06 -0300] "GET /digitalizacion/servlet/wbadjunto?15269,PU HTTP/1.1" 302 -
192.168.10.93 - - [30/Jan/2019:12:41:06 -0300] "GET /digitalizacion/PublicTempStorage/1479864.tmp HTTP/1.1" 200 1058795
192.168.10.79 - - [30/Jan/2019:12:41:15 -0300] "GET /digitalizacion/servlet/wbadjunto?13365,PU HTTP/1.1" 302 -
192.168.10.79 - - [30/Jan/2019:12:41:15 -0300] "GET /digitalizacion/PublicTempStorage/3562570.tmp HTTP/1.1" 200 1043322
192.168.10.93 - - [30/Jan/2019:12:41:41 -0300] "POST /digitalizacion/servlet/trdocumentos?1ef33667b00365c45b8ba5b90578915f,,gx-no-cache=1548862525367 HTTP/1.1" 200 3614
192.168.10.89 - - [30/Jan/2019:12:41:42 -0300] "POST /digitalizacion/servlet/trdocumentos?8afb6a1e54b14a300a03bd395c1d6109,,gx-no-cache=1548862525610 HTTP/1.1" 200 6235
192.168.10.79 - - [30/Jan/2019:12:41:46 -0300] "GET /digitalizacion/servlet/wbadjunto?13366,PU HTTP/1.1" 302 -
192.168.10.79 - - [30/Jan/2019:12:41:46 -0300] "GET /digitalizacion/PublicTempStorage/6171996.tmp HTTP/1.1" 200 969790
192.168.10.93 - - [30/Jan/2019:12:41:50 -0300] "GET /digitalizacion/servlet/wbadjunto?8142,PU HTTP/1.1" 302 -
192.168.10.93 - - [30/Jan/2019:12:41:50 -0300] "GET /digitalizacion/PublicTempStorage/8040574.tmp HTTP/1.1" 200 993213
192.168.10.79 - - [30/Jan/2019:12:42:01 -0300] "GET /digitalizacion/servlet/wbadjunto?13560,PU HTTP/1.1" 302 -
192.168.10.79 - - [30/Jan/2019:12:42:02 -0300] "GET /digitalizacion/PublicTempStorage/3085412.tmp HTTP/1.1" 200 1004067
192.168.10.93 - - [30/Jan/2019:12:42:25 -0300] "POST /digitalizacion/servlet/trdocumentos?1ef33667b00365c45b8ba5b90578915f,,gx-no-cache=1548862569238 HTTP/1.1" 200 4661
192.168.10.79 - - [30/Jan/2019:12:42:34 -0300] "POST /digitalizacion/servlet/trdocumentos?3be4b46bb13795ffd73e3a1eea7d7a7b,,gx-no-cache=1548862577648 HTTP/1.1" 200 3598
192.168.10.79 - - [30/Jan/2019:12:42:39 -0300] "GET /digitalizacion/servlet/wbadjunto?9812,PU HTTP/1.1" 302 -
192.168.10.79 - - [30/Jan/2019:12:42:39 -0300] "GET /digitalizacion/PublicTempStorage/2679241.tmp HTTP/1.1" 200 1016545
192.168.10.93 - - [30/Jan/2019:12:43:42 -0300] "GET /digitalizacion/servlet/wbadjunto?8143,PU HTTP/1.1" 302 -
192.168.10.93 - - [30/Jan/2019:12:43:42 -0300] "GET /digitalizacion/PublicTempStorage/7176049.tmp HTTP/1.1" 200 734213
192.168.10.93 - - [30/Jan/2019:12:43:59 -0300] "GET /digitalizacion/servlet/wbadjunto?13935,PU HTTP/1.1" 302 -
192.168.10.93 - - [30/Jan/2019:12:43:59 -0300] "GET /digitalizacion/PublicTempStorage/2668498.tmp HTTP/1.1" 200 868027
192.168.10.93 - - [30/Jan/2019:12:44:07 -0300] "GET /digitalizacion/servlet/wbadjunto?14009,PU HTTP/1.1" 302 -
192.168.10.93 - - [30/Jan/2019:12:44:07 -0300] "GET /digitalizacion/PublicTempStorage/5372711.tmp HTTP/1.1" 200 892513
192.168.10.93 - - [30/Jan/2019:12:44:16 -0300] "GET /digitalizacion/servlet/wbadjunto?14074,PU HTTP/1.1" 302 -
192.168.10.93 - - [30/Jan/2019:12:44:16 -0300] "GET /digitalizacion/PublicTempStorage/4645961.tmp HTTP/1.1" 200 855639
192.168.10.93 - - [30/Jan/2019:12:44:29 -0300] "GET /digitalizacion/servlet/wbadjunto?14073,PU HTTP/1.1" 302 -
192.168.10.93 - - [30/Jan/2019:12:44:29 -0300] "GET /digitalizacion/PublicTempStorage/2232369.tmp HTTP/1.1" 200 862271
192.168.10.93 - - [30/Jan/2019:12:44:41 -0300] "GET /digitalizacion/servlet/wbadjunto?14165,PU HTTP/1.1" 302 -
192.168.10.93 - - [30/Jan/2019:12:44:41 -0300] "GET /digitalizacion/PublicTempStorage/4849854.tmp HTTP/1.1" 200 839184
192.168.10.93 - - [30/Jan/2019:12:44:58 -0300] "GET /digitalizacion/servlet/wbadjunto?14241,PU HTTP/1.1" 302 -
192.168.10.93 - - [30/Jan/2019:12:44:58 -0300] "GET /digitalizacion/PublicTempStorage/9087137.tmp HTTP/1.1" 200 925164
192.168.10.93 - - [30/Jan/2019:12:45:13 -0300] "GET /digitalizacion/servlet/wbadjunto?14240,PU HTTP/1.1" 302 -
192.168.10.93 - - [30/Jan/2019:12:45:13 -0300] "GET /digitalizacion/PublicTempStorage/6041857.tmp HTTP/1.1" 200 921199
192.168.10.93 - - [30/Jan/2019:12:45:32 -0300] "GET /digitalizacion/servlet/wbadjunto?14325,PU HTTP/1.1" 302 -
192.168.10.93 - - [30/Jan/2019:12:45:32 -0300] "GET /digitalizacion/PublicTempStorage/5997389.tmp HTTP/1.1" 200 869712
192.168.10.93 - - [30/Jan/2019:12:46:00 -0300] "GET /digitalizacion/servlet/wbadjunto?14531,PU HTTP/1.1" 302 -
192.168.10.93 - - [30/Jan/2019:12:46:01 -0300] "GET /digitalizacion/PublicTempStorage/1193323.tmp HTTP/1.1" 200 998309
192.168.10.93 - - [30/Jan/2019:12:46:17 -0300] "GET /digitalizacion/servlet/wbadjunto?14721,PU HTTP/1.1" 302 -
192.168.10.93 - - [30/Jan/2019:12:46:17 -0300] "GET /digitalizacion/PublicTempStorage/4011197.tmp HTTP/1.1" 200 1025523
192.168.10.93 - - [30/Jan/2019:12:46:33 -0300] "GET /digitalizacion/servlet/wbadjunto?14864,PU HTTP/1.1" 302 -
192.168.10.93 - - [30/Jan/2019:12:46:34 -0300] "GET /digitalizacion/PublicTempStorage/7000352.tmp HTTP/1.1" 200 926352
192.168.10.79 - - [30/Jan/2019:12:46:50 -0300] "POST /digitalizacion/servlet/trdocumentos?3be4b46bb13795ffd73e3a1eea7d7a7b,,gx-no-cache=1548862834655 HTTP/1.1" 200 3206
192.168.10.93 - - [30/Jan/2019:12:46:56 -0300] "GET /digitalizacion/servlet/wbadjunto?14864,PU HTTP/1.1" 302 -
192.168.10.93 - - [30/Jan/2019:12:46:56 -0300] "GET /digitalizacion/PublicTempStorage/2269255.tmp HTTP/1.1" 200 926352
192.168.10.79 - - [30/Jan/2019:12:47:03 -0300] "POST /digitalizacion/servlet/trdocumentos?3be4b46bb13795ffd73e3a1eea7d7a7b,,gx-no-cache=1548862847511 HTTP/1.1" 200 3958
192.168.10.79 - - [30/Jan/2019:12:47:13 -0300] "GET /digitalizacion/servlet/wbadjunto?9823,PU HTTP/1.1" 302 -
192.168.10.79 - - [30/Jan/2019:12:47:13 -0300] "GET /digitalizacion/PublicTempStorage/9008463.tmp HTTP/1.1" 200 1029727
192.168.10.93 - - [30/Jan/2019:12:47:17 -0300] "GET /digitalizacion/servlet/wbadjunto?15038,PU HTTP/1.1" 302 -
192.168.10.93 - - [30/Jan/2019:12:47:17 -0300] "GET /digitalizacion/PublicTempStorage/630591.tmp HTTP/1.1" 200 861836
192.168.10.79 - - [30/Jan/2019:12:47:29 -0300] "GET /digitalizacion/servlet/wbadjunto?12948,PU HTTP/1.1" 302 -
192.168.10.79 - - [30/Jan/2019:12:47:29 -0300] "GET /digitalizacion/PublicTempStorage/3120812.tmp HTTP/1.1" 200 1343686
192.168.10.93 - - [30/Jan/2019:12:47:34 -0300] "GET /digitalizacion/servlet/wbadjunto?15951,PU HTTP/1.1" 302 -
192.168.10.93 - - [30/Jan/2019:12:47:35 -0300] "GET /digitalizacion/PublicTempStorage/5378319.tmp HTTP/1.1" 200 1337896
192.168.10.79 - - [30/Jan/2019:12:47:45 -0300] "GET /digitalizacion/servlet/wbadjunto?12949,PU HTTP/1.1" 302 -
192.168.10.79 - - [30/Jan/2019:12:47:45 -0300] "GET /digitalizacion/PublicTempStorage/3826062.tmp HTTP/1.1" 200 1174155
192.168.10.93 - - [30/Jan/2019:12:48:02 -0300] "GET /digitalizacion/servlet/wbadjunto?16223,PU HTTP/1.1" 302 -
192.168.10.93 - - [30/Jan/2019:12:48:02 -0300] "GET /digitalizacion/PublicTempStorage/8752861.tmp HTTP/1.1" 200 1020857
192.168.10.79 - - [30/Jan/2019:12:48:12 -0300] "GET /digitalizacion/servlet/wbadjunto?12950,PU HTTP/1.1" 302 -
192.168.10.79 - - [30/Jan/2019:12:48:12 -0300] "GET /digitalizacion/PublicTempStorage/6060449.tmp HTTP/1.1" 200 1093294
192.168.10.79 - - [30/Jan/2019:12:48:30 -0300] "GET /digitalizacion/servlet/wbadjunto?13054,PU HTTP/1.1" 302 -
192.168.10.79 - - [30/Jan/2019:12:48:30 -0300] "GET /digitalizacion/PublicTempStorage/4515479.tmp HTTP/1.1" 200 761820
192.168.10.79 - - [30/Jan/2019:12:48:51 -0300] "GET /digitalizacion/servlet/wbadjunto?13165,PU HTTP/1.1" 302 -
192.168.10.79 - - [30/Jan/2019:12:48:51 -0300] "GET /digitalizacion/PublicTempStorage/6316692.tmp HTTP/1.1" 200 1087087
192.168.10.93 - - [30/Jan/2019:12:48:54 -0300] "POST /digitalizacion/servlet/trdocumentos?1ef33667b00365c45b8ba5b90578915f,,gx-no-cache=1548862958278 HTTP/1.1" 200 3658
192.168.10.93 - - [30/Jan/2019:12:48:56 -0300] "GET /digitalizacion/servlet/wbadjunto?8149,PU HTTP/1.1" 302 -
192.168.10.93 - - [30/Jan/2019:12:48:56 -0300] "GET /digitalizacion/PublicTempStorage/2336771.tmp HTTP/1.1" 200 1075849
192.168.10.79 - - [30/Jan/2019:12:49:30 -0300] "POST /digitalizacion/servlet/trdocumentos?3be4b46bb13795ffd73e3a1eea7d7a7b,,gx-no-cache=1548862994577 HTTP/1.1" 200 3850
192.168.10.93 - - [30/Jan/2019:12:49:34 -0300] "POST /digitalizacion/servlet/trdocumentos?1ef33667b00365c45b8ba5b90578915f,,gx-no-cache=1548862998293 HTTP/1.1" 200 4021
192.168.10.79 - - [30/Jan/2019:12:49:35 -0300] "GET /digitalizacion/servlet/wbadjunto?9824,PU HTTP/1.1" 302 -
192.168.10.79 - - [30/Jan/2019:12:49:35 -0300] "GET /digitalizacion/PublicTempStorage/5690132.tmp HTTP/1.1" 200 995902
192.168.10.79 - - [30/Jan/2019:12:50:05 -0300] "GET /digitalizacion/servlet/wbadjunto?9825,PU HTTP/1.1" 302 -
192.168.10.79 - - [30/Jan/2019:12:50:05 -0300] "GET /digitalizacion/PublicTempStorage/5808264.tmp HTTP/1.1" 200 999139
192.168.10.79 - - [30/Jan/2019:12:50:27 -0300] "GET /digitalizacion/servlet/wbadjunto?9826,PU HTTP/1.1" 302 -
192.168.10.79 - - [30/Jan/2019:12:50:27 -0300] "GET /digitalizacion/PublicTempStorage/6925648.tmp HTTP/1.1" 200 1013499
192.168.10.93 - - [30/Jan/2019:12:50:29 -0300] "GET /digitalizacion/servlet/wbadjunto?8153,PU HTTP/1.1" 302 -
192.168.10.93 - - [30/Jan/2019:12:50:30 -0300] "GET /digitalizacion/PublicTempStorage/8472153.tmp HTTP/1.1" 200 1001272
192.168.10.79 - - [30/Jan/2019:12:50:42 -0300] "GET /digitalizacion/servlet/wbadjunto?16661,PU HTTP/1.1" 302 -
192.168.10.79 - - [30/Jan/2019:12:50:42 -0300] "GET /digitalizacion/PublicTempStorage/3269927.tmp HTTP/1.1" 200 717537
192.168.10.93 - - [30/Jan/2019:12:50:51 -0300] "GET /digitalizacion/servlet/wbadjunto?8154,PU HTTP/1.1" 302 -
192.168.10.93 - - [30/Jan/2019:12:50:51 -0300] "GET /digitalizacion/PublicTempStorage/2042420.tmp HTTP/1.1" 200 1002891
192.168.10.93 - - [30/Jan/2019:12:51:02 -0300] "GET /digitalizacion/servlet/wbadjunto?8155,PU HTTP/1.1" 302 -
192.168.10.93 - - [30/Jan/2019:12:51:02 -0300] "GET /digitalizacion/PublicTempStorage/5770956.tmp HTTP/1.1" 200 1006220
192.168.10.93 - - [30/Jan/2019:12:51:13 -0300] "GET /digitalizacion/servlet/wbadjunto?8156,PU HTTP/1.1" 302 -
192.168.10.93 - - [30/Jan/2019:12:51:13 -0300] "GET /digitalizacion/PublicTempStorage/2444134.tmp HTTP/1.1" 200 977635
192.168.10.93 - - [30/Jan/2019:12:51:28 -0300] "GET /digitalizacion/servlet/wbadjunto?8157,PU HTTP/1.1" 302 -
192.168.10.93 - - [30/Jan/2019:12:51:28 -0300] "GET /digitalizacion/PublicTempStorage/9485049.tmp HTTP/1.1" 200 938878
192.168.10.79 - - [30/Jan/2019:12:51:50 -0300] "POST /digitalizacion/servlet/trdocumentos?3be4b46bb13795ffd73e3a1eea7d7a7b,,gx-no-cache=1548863133997 HTTP/1.1" 200 3902
192.168.10.93 - - [30/Jan/2019:12:51:52 -0300] "GET /digitalizacion/servlet/wbadjunto?8158,PU HTTP/1.1" 302 -
192.168.10.93 - - [30/Jan/2019:12:51:52 -0300] "GET /digitalizacion/PublicTempStorage/5327154.tmp HTTP/1.1" 200 978544
192.168.10.93 - - [30/Jan/2019:12:52:04 -0300] "GET /digitalizacion/servlet/wbadjunto?8159,PU HTTP/1.1" 302 -
192.168.10.93 - - [30/Jan/2019:12:52:04 -0300] "GET /digitalizacion/PublicTempStorage/7392155.tmp HTTP/1.1" 200 1102558
192.168.10.79 - - [30/Jan/2019:12:52:04 -0300] "GET /digitalizacion/servlet/wbadjunto?9827,PU HTTP/1.1" 302 -
192.168.10.79 - - [30/Jan/2019:12:52:04 -0300] "GET /digitalizacion/PublicTempStorage/122277.tmp HTTP/1.1" 200 1198288
192.168.10.79 - - [30/Jan/2019:12:52:28 -0300] "GET /digitalizacion/servlet/wbadjunto?9828,PU HTTP/1.1" 302 -
192.168.10.79 - - [30/Jan/2019:12:52:28 -0300] "GET /digitalizacion/PublicTempStorage/3380098.tmp HTTP/1.1" 200 1478787
192.168.10.79 - - [30/Jan/2019:12:52:46 -0300] "GET /digitalizacion/servlet/wbadjunto?9829,PU HTTP/1.1" 302 -
192.168.10.79 - - [30/Jan/2019:12:52:46 -0300] "GET /digitalizacion/PublicTempStorage/3715078.tmp HTTP/1.1" 200 1494648
192.168.10.79 - - [30/Jan/2019:12:52:59 -0300] "GET /digitalizacion/servlet/wbadjunto?9830,PU HTTP/1.1" 302 -
192.168.10.79 - - [30/Jan/2019:12:52:59 -0300] "GET /digitalizacion/PublicTempStorage/4791089.tmp HTTP/1.1" 200 1243796
192.168.10.79 - - [30/Jan/2019:12:53:11 -0300] "GET /digitalizacion/servlet/wbadjunto?9831,PU HTTP/1.1" 302 -
192.168.10.79 - - [30/Jan/2019:12:53:11 -0300] "GET /digitalizacion/PublicTempStorage/3534312.tmp HTTP/1.1" 200 1594572
192.168.10.79 - - [30/Jan/2019:12:54:01 -0300] "POST /digitalizacion/servlet/trdocumentos?3be4b46bb13795ffd73e3a1eea7d7a7b,,gx-no-cache=1548863265327 HTTP/1.1" 200 3597
192.168.10.79 - - [30/Jan/2019:12:54:06 -0300] "GET /digitalizacion/servlet/wbadjunto?9869,PU HTTP/1.1" 302 -
192.168.10.79 - - [30/Jan/2019:12:54:06 -0300] "GET /digitalizacion/PublicTempStorage/8239257.tmp HTTP/1.1" 200 845077
192.168.10.93 - - [30/Jan/2019:12:54:26 -0300] "POST /digitalizacion/servlet/trdocumentos?1ef33667b00365c45b8ba5b90578915f,,gx-no-cache=1548863291036 HTTP/1.1" 200 3709
192.168.10.93 - - [30/Jan/2019:12:54:29 -0300] "GET /digitalizacion/servlet/wbadjunto?8161,PU HTTP/1.1" 302 -
192.168.10.93 - - [30/Jan/2019:12:54:29 -0300] "GET /digitalizacion/PublicTempStorage/8813310.tmp HTTP/1.1" 200 873331
192.168.10.93 - - [30/Jan/2019:12:55:02 -0300] "GET /digitalizacion/servlet/wbadjunto?8162,PU HTTP/1.1" 302 -
192.168.10.93 - - [30/Jan/2019:12:55:02 -0300] "GET /digitalizacion/PublicTempStorage/4871932.tmp HTTP/1.1" 200 1010005
192.168.10.79 - - [30/Jan/2019:12:55:22 -0300] "POST /digitalizacion/servlet/trdocumentos?3be4b46bb13795ffd73e3a1eea7d7a7b,,gx-no-cache=1548863346679 HTTP/1.1" 200 3678
192.168.10.79 - - [30/Jan/2019:12:55:27 -0300] "GET /digitalizacion/servlet/wbadjunto?9870,PU HTTP/1.1" 302 -
192.168.10.79 - - [30/Jan/2019:12:55:27 -0300] "GET /digitalizacion/PublicTempStorage/5415796.tmp HTTP/1.1" 200 847072
192.168.10.93 - - [30/Jan/2019:12:55:37 -0300] "POST /digitalizacion/servlet/trdocumentos?1ef33667b00365c45b8ba5b90578915f,,gx-no-cache=1548863361900 HTTP/1.1" 200 3690
192.168.10.79 - - [30/Jan/2019:12:55:40 -0300] "GET /digitalizacion/servlet/wbadjunto?16668,PU HTTP/1.1" 302 -
192.168.10.79 - - [30/Jan/2019:12:55:40 -0300] "GET /digitalizacion/PublicTempStorage/8282397.tmp HTTP/1.1" 200 932336
192.168.10.93 - - [30/Jan/2019:12:55:42 -0300] "GET /digitalizacion/servlet/wbadjunto?8165,PU HTTP/1.1" 302 -
192.168.10.93 - - [30/Jan/2019:12:55:42 -0300] "GET /digitalizacion/PublicTempStorage/7760036.tmp HTTP/1.1" 200 804877
192.168.10.93 - - [30/Jan/2019:12:56:04 -0300] "GET /digitalizacion/servlet/wbadjunto?8166,PU HTTP/1.1" 302 -
192.168.10.93 - - [30/Jan/2019:12:56:04 -0300] "GET /digitalizacion/PublicTempStorage/7866210.tmp HTTP/1.1" 200 1225697
192.168.10.79 - - [30/Jan/2019:12:56:18 -0300] "POST /digitalizacion/servlet/trdocumentos?3be4b46bb13795ffd73e3a1eea7d7a7b,,gx-no-cache=1548863401811 HTTP/1.1" 200 3757
192.168.10.79 - - [30/Jan/2019:12:56:23 -0300] "GET /digitalizacion/servlet/wbadjunto?13367,PU HTTP/1.1" 302 -
192.168.10.79 - - [30/Jan/2019:12:56:23 -0300] "GET /digitalizacion/PublicTempStorage/3771134.tmp HTTP/1.1" 200 995231
192.168.10.79 - - [30/Jan/2019:12:56:36 -0300] "GET /digitalizacion/servlet/wbadjunto?13407,PU HTTP/1.1" 302 -
192.168.10.79 - - [30/Jan/2019:12:56:36 -0300] "GET /digitalizacion/PublicTempStorage/5681763.tmp HTTP/1.1" 200 1106104
192.168.10.79 - - [30/Jan/2019:12:56:49 -0300] "GET /digitalizacion/servlet/wbadjunto?13406,PU HTTP/1.1" 302 -
192.168.10.79 - - [30/Jan/2019:12:56:49 -0300] "GET /digitalizacion/PublicTempStorage/9591271.tmp HTTP/1.1" 200 1066465
192.168.10.93 - - [30/Jan/2019:12:57:14 -0300] "POST /digitalizacion/servlet/trdocumentos?1ef33667b00365c45b8ba5b90578915f,,gx-no-cache=1548863457963 HTTP/1.1" 200 4092
192.168.10.79 - - [30/Jan/2019:12:57:20 -0300] "POST /digitalizacion/servlet/trdocumentos?3be4b46bb13795ffd73e3a1eea7d7a7b,,gx-no-cache=1548863463963 HTTP/1.1" 200 3746
192.168.10.79 - - [30/Jan/2019:12:57:34 -0300] "GET /digitalizacion/servlet/wbadjunto?9878,PU HTTP/1.1" 302 -
192.168.10.79 - - [30/Jan/2019:12:57:34 -0300] "GET /digitalizacion/PublicTempStorage/6619593.tmp HTTP/1.1" 200 1255869
192.168.10.79 - - [30/Jan/2019:12:57:47 -0300] "GET /digitalizacion/servlet/wbadjunto?9879,PU HTTP/1.1" 302 -
192.168.10.79 - - [30/Jan/2019:12:57:47 -0300] "GET /digitalizacion/PublicTempStorage/8038090.tmp HTTP/1.1" 200 1072919
192.168.10.93 - - [30/Jan/2019:12:57:49 -0300] "POST /digitalizacion/servlet/trdocumentos?1ef33667b00365c45b8ba5b90578915f,,gx-no-cache=1548863493675 HTTP/1.1" 200 3803
192.168.10.79 - - [30/Jan/2019:12:58:06 -0300] "GET /digitalizacion/servlet/wbadjunto?9880,PU HTTP/1.1" 302 -
192.168.10.79 - - [30/Jan/2019:12:58:06 -0300] "GET /digitalizacion/PublicTempStorage/851239.tmp HTTP/1.1" 200 972054
192.168.10.93 - - [30/Jan/2019:12:58:08 -0300] "GET /digitalizacion/servlet/wbadjunto?8185,PU HTTP/1.1" 302 -
192.168.10.93 - - [30/Jan/2019:12:58:08 -0300] "GET /digitalizacion/PublicTempStorage/2985418.tmp HTTP/1.1" 200 1096921
192.168.10.93 - - [30/Jan/2019:12:58:30 -0300] "GET /digitalizacion/servlet/wbadjunto?8186,PU HTTP/1.1" 302 -
192.168.10.93 - - [30/Jan/2019:12:58:30 -0300] "GET /digitalizacion/PublicTempStorage/7720731.tmp HTTP/1.1" 200 1086926
192.168.10.93 - - [30/Jan/2019:12:58:38 -0300] "GET /digitalizacion/servlet/wbadjunto?8187,PU HTTP/1.1" 302 -
192.168.10.93 - - [30/Jan/2019:12:58:38 -0300] "GET /digitalizacion/PublicTempStorage/4317018.tmp HTTP/1.1" 200 956693
192.168.10.79 - - [30/Jan/2019:12:58:49 -0300] "POST /digitalizacion/servlet/trdocumentos?3be4b46bb13795ffd73e3a1eea7d7a7b,,gx-no-cache=1548863553414 HTTP/1.1" 200 3751
192.168.10.93 - - [30/Jan/2019:12:58:49 -0300] "GET /digitalizacion/servlet/wbadjunto?8188,PU HTTP/1.1" 302 -
192.168.10.93 - - [30/Jan/2019:12:58:49 -0300] "GET /digitalizacion/PublicTempStorage/219893.tmp HTTP/1.1" 200 1064416
192.168.10.79 - - [30/Jan/2019:12:58:56 -0300] "GET /digitalizacion/servlet/wbadjunto?9881,PU HTTP/1.1" 302 -
192.168.10.79 - - [30/Jan/2019:12:58:56 -0300] "GET /digitalizacion/PublicTempStorage/9648631.tmp HTTP/1.1" 200 894207
192.168.10.79 - - [30/Jan/2019:12:59:11 -0300] "GET /digitalizacion/servlet/wbadjunto?9882,PU HTTP/1.1" 302 -
192.168.10.79 - - [30/Jan/2019:12:59:11 -0300] "GET /digitalizacion/PublicTempStorage/5368442.tmp HTTP/1.1" 200 860752
192.168.10.79 - - [30/Jan/2019:12:59:27 -0300] "GET /digitalizacion/servlet/wbadjunto?16274,PU HTTP/1.1" 302 -
192.168.10.79 - - [30/Jan/2019:12:59:27 -0300] "GET /digitalizacion/PublicTempStorage/8307697.tmp HTTP/1.1" 200 805779
192.168.10.93 - - [30/Jan/2019:12:59:45 -0300] "POST /digitalizacion/servlet/trdocumentos?1ef33667b00365c45b8ba5b90578915f,,gx-no-cache=1548863609330 HTTP/1.1" 200 3229
192.168.10.93 - - [30/Jan/2019:12:59:54 -0300] "POST /digitalizacion/servlet/trdocumentos?1ef33667b00365c45b8ba5b90578915f,,gx-no-cache=1548863618801 HTTP/1.1" 200 4067
192.168.10.79 - - [30/Jan/2019:13:00:02 -0300] "POST /digitalizacion/servlet/trdocumentos?3be4b46bb13795ffd73e3a1eea7d7a7b,,gx-no-cache=1548863626463 HTTP/1.1" 200 3599
192.168.10.93 - - [30/Jan/2019:13:00:02 -0300] "GET /digitalizacion/servlet/wbadjunto?8191,PU HTTP/1.1" 302 -
192.168.10.93 - - [30/Jan/2019:13:00:02 -0300] "GET /digitalizacion/servlet/wbadjunto?8191,PU HTTP/1.1" 302 -
192.168.10.93 - - [30/Jan/2019:13:00:02 -0300] "GET /digitalizacion/PublicTempStorage/4773818.tmp HTTP/1.1" 200 1071371
192.168.10.79 - - [30/Jan/2019:13:00:07 -0300] "GET /digitalizacion/servlet/wbadjunto?13753,PU HTTP/1.1" 302 -
192.168.10.79 - - [30/Jan/2019:13:00:07 -0300] "GET /digitalizacion/PublicTempStorage/602076.tmp HTTP/1.1" 200 791333
192.168.10.93 - - [30/Jan/2019:13:00:18 -0300] "GET /digitalizacion/servlet/wbadjunto?8192,PU HTTP/1.1" 302 -
192.168.10.93 - - [30/Jan/2019:13:00:18 -0300] "GET /digitalizacion/PublicTempStorage/1090795.tmp HTTP/1.1" 200 788000
192.168.10.93 - - [30/Jan/2019:13:00:34 -0300] "GET /digitalizacion/servlet/wbadjunto?8193,PU HTTP/1.1" 302 -
192.168.10.93 - - [30/Jan/2019:13:00:34 -0300] "GET /digitalizacion/PublicTempStorage/9535024.tmp HTTP/1.1" 200 1042169
192.168.10.79 - - [30/Jan/2019:13:00:36 -0300] "POST /digitalizacion/servlet/trdocumentos?3be4b46bb13795ffd73e3a1eea7d7a7b,,gx-no-cache=1548863660575 HTTP/1.1" 200 4077
192.168.10.79 - - [30/Jan/2019:13:00:44 -0300] "GET /digitalizacion/servlet/wbadjunto?9883,PU HTTP/1.1" 302 -
192.168.10.79 - - [30/Jan/2019:13:00:44 -0300] "GET /digitalizacion/PublicTempStorage/7250947.tmp HTTP/1.1" 200 869420
192.168.10.93 - - [30/Jan/2019:13:00:46 -0300] "GET /digitalizacion/servlet/wbadjunto?8194,PU HTTP/1.1" 302 -
192.168.10.93 - - [30/Jan/2019:13:00:46 -0300] "GET /digitalizacion/PublicTempStorage/3060868.tmp HTTP/1.1" 200 1055452
192.168.10.79 - - [30/Jan/2019:13:00:58 -0300] "GET /digitalizacion/servlet/wbadjunto?9884,PU HTTP/1.1" 302 -
192.168.10.79 - - [30/Jan/2019:13:00:58 -0300] "GET /digitalizacion/PublicTempStorage/4697628.tmp HTTP/1.1" 200 883216
192.168.10.93 - - [30/Jan/2019:13:01:04 -0300] "GET /digitalizacion/servlet/wbadjunto?8195,PU HTTP/1.1" 302 -
192.168.10.93 - - [30/Jan/2019:13:01:04 -0300] "GET /digitalizacion/PublicTempStorage/8843406.tmp HTTP/1.1" 200 1117931
192.168.10.79 - - [30/Jan/2019:13:01:14 -0300] "GET /digitalizacion/servlet/wbadjunto?9885,PU HTTP/1.1" 302 -
192.168.10.79 - - [30/Jan/2019:13:01:14 -0300] "GET /digitalizacion/PublicTempStorage/8813672.tmp HTTP/1.1" 200 842358
192.168.10.93 - - [30/Jan/2019:13:01:19 -0300] "GET /digitalizacion/servlet/wbadjunto?8196,PU HTTP/1.1" 302 -
192.168.10.93 - - [30/Jan/2019:13:01:19 -0300] "GET /digitalizacion/PublicTempStorage/9791655.tmp HTTP/1.1" 200 1054018
192.168.10.79 - - [30/Jan/2019:13:01:26 -0300] "GET /digitalizacion/servlet/wbadjunto?9886,PU HTTP/1.1" 302 -
192.168.10.79 - - [30/Jan/2019:13:01:26 -0300] "GET /digitalizacion/PublicTempStorage/1531020.tmp HTTP/1.1" 200 928473
192.168.10.93 - - [30/Jan/2019:13:01:32 -0300] "GET /digitalizacion/servlet/wbadjunto?8197,PU HTTP/1.1" 302 -
192.168.10.93 - - [30/Jan/2019:13:01:32 -0300] "GET /digitalizacion/PublicTempStorage/4817591.tmp HTTP/1.1" 200 1055632
192.168.10.79 - - [30/Jan/2019:13:01:43 -0300] "GET /digitalizacion/servlet/wbadjunto?9887,PU HTTP/1.1" 302 -
192.168.10.79 - - [30/Jan/2019:13:01:43 -0300] "GET /digitalizacion/PublicTempStorage/3243780.tmp HTTP/1.1" 200 916870
192.168.10.93 - - [30/Jan/2019:13:01:44 -0300] "GET /digitalizacion/servlet/wbadjunto?8198,PU HTTP/1.1" 302 -
192.168.10.93 - - [30/Jan/2019:13:01:44 -0300] "GET /digitalizacion/PublicTempStorage/5790295.tmp HTTP/1.1" 200 1806562
192.168.10.79 - - [30/Jan/2019:13:01:56 -0300] "GET /digitalizacion/servlet/wbadjunto?9888,PU HTTP/1.1" 302 -
192.168.10.79 - - [30/Jan/2019:13:01:56 -0300] "GET /digitalizacion/PublicTempStorage/4131703.tmp HTTP/1.1" 200 968271
192.168.10.93 - - [30/Jan/2019:13:02:12 -0300] "POST /digitalizacion/servlet/trdocumentos?1ef33667b00365c45b8ba5b90578915f,,gx-no-cache=1548863756296 HTTP/1.1" 200 3625
192.168.10.79 - - [30/Jan/2019:13:02:13 -0300] "GET /digitalizacion/servlet/wbadjunto?9889,PU HTTP/1.1" 302 -
192.168.10.79 - - [30/Jan/2019:13:02:13 -0300] "GET /digitalizacion/PublicTempStorage/6692713.tmp HTTP/1.1" 200 890439
192.168.10.93 - - [30/Jan/2019:13:02:14 -0300] "GET /digitalizacion/servlet/wbadjunto?8209,PU HTTP/1.1" 302 -
192.168.10.93 - - [30/Jan/2019:13:02:14 -0300] "GET /digitalizacion/PublicTempStorage/6328962.tmp HTTP/1.1" 200 827052
192.168.10.79 - - [30/Jan/2019:13:02:30 -0300] "GET /digitalizacion/servlet/wbadjunto?9890,PU HTTP/1.1" 302 -
192.168.10.79 - - [30/Jan/2019:13:02:30 -0300] "GET /digitalizacion/PublicTempStorage/3940682.tmp HTTP/1.1" 200 1066370
192.168.10.93 - - [30/Jan/2019:13:02:44 -0300] "POST /digitalizacion/servlet/trdocumentos?1ef33667b00365c45b8ba5b90578915f,,gx-no-cache=1548863788344 HTTP/1.1" 200 4357
192.168.10.79 - - [30/Jan/2019:13:02:57 -0300] "POST /digitalizacion/servlet/trdocumentos?3be4b46bb13795ffd73e3a1eea7d7a7b,,gx-no-cache=1548863801905 HTTP/1.1" 200 3233
192.168.10.79 - - [30/Jan/2019:13:03:14 -0300] "POST /digitalizacion/servlet/trdocumentos?3be4b46bb13795ffd73e3a1eea7d7a7b,,gx-no-cache=1548863818017 HTTP/1.1" 200 3179
192.168.10.79 - - [30/Jan/2019:13:03:45 -0300] "POST /digitalizacion/servlet/trdocumentos?3be4b46bb13795ffd73e3a1eea7d7a7b,,gx-no-cache=1548863849161 HTTP/1.1" 200 3873
207.46.13.68 - - [30/Jan/2019:13:05:37 -0300] "GET /cormun/servlet/trlicencias?_escaped_fragment_= HTTP/1.1" 200 17450
192.168.10.79 - - [30/Jan/2019:13:06:09 -0300] "GET /digitalizacion/servlet/wbadjunto?9908,PU HTTP/1.1" 302 -
192.168.10.79 - - [30/Jan/2019:13:06:09 -0300] "GET /digitalizacion/PublicTempStorage/9528850.tmp HTTP/1.1" 200 858104
