192.168.10.93 - - [28/Jan/2019:16:35:42 -0300] "GET /cormun/servlet/vesolicitudgral?2018,11035,,SolicitudOTAdjuntos HTTP/1.1" 200 8038
192.168.10.93 - - [28/Jan/2019:16:35:43 -0300] "POST /cormun/servlet/acontrolpreferencessavestate?None,DZAMUDIO,true HTTP/1.1" 200 35
192.168.10.93 - - [28/Jan/2019:16:35:44 -0300] "GET /cormun/servlet/vesolicitudgral?2018,11035,, HTTP/1.1" 200 9386
192.168.10.93 - - [28/Jan/2019:16:35:45 -0300] "GET /cormun/servlet/vesolicitudgral?2018,11035,, HTTP/1.1" 200 9363
192.168.10.93 - - [28/Jan/2019:16:35:47 -0300] "GET /cormun/servlet/vesolicitudgral?2018,11035,,SolicitudOTAdjuntos HTTP/1.1" 200 8038
192.168.10.93 - - [28/Jan/2019:16:35:47 -0300] "GET /cormun/pexe_scrolldiv.js HTTP/1.1" 404 1009
192.168.10.93 - - [28/Jan/2019:16:35:47 -0300] "GET /cormun/pexe_scrolldiv.js HTTP/1.1" 404 1009
192.168.10.93 - - [28/Jan/2019:16:35:47 -0300] "GET /cormun/servlet/vesolicitudgral?2018,11035,,SolicitudOTAdjuntos HTTP/1.1" 200 8038
192.168.10.93 - - [28/Jan/2019:16:35:48 -0300] "POST /cormun/servlet/acontrolpreferencessavestate?None,DZAMUDIO,true HTTP/1.1" 200 35
192.168.10.93 - - [28/Jan/2019:16:35:49 -0300] "POST /cormun/servlet/vesolicitudgral?c4c7a15de17ae3ec01ed28ae2bc44390,2018,11035,,SolicitudOTAdjuntos,gx-no-cache=1548703775223 HTTP/1.1" 200 90
192.168.10.93 - - [28/Jan/2019:16:35:49 -0300] "GET /cormun/servlet/hpexe_link HTTP/1.1" 200 1002
192.168.10.93 - - [28/Jan/2019:16:35:50 -0300] "GET /cormun/servlet/trsolicitudgral?gx-no-cache=1548703713319 HTTP/1.1" 200 11359
192.168.10.93 - - [28/Jan/2019:16:35:50 -0300] "GET /cormun/servlet/trsolicitudgral?gx-no-cache=1548703713319 HTTP/1.1" 200 11378
192.168.10.93 - - [28/Jan/2019:16:35:53 -0300] "GET /cormun/servlet/vesolicitudgral?2018,11085,, HTTP/1.1" 200 9369
192.168.10.93 - - [28/Jan/2019:16:35:53 -0300] "GET /cormun/pexe_scrolldiv.js HTTP/1.1" 404 1009
192.168.10.93 - - [28/Jan/2019:16:35:53 -0300] "GET /cormun/pexe_scrolldiv.js HTTP/1.1" 404 1009
192.168.10.93 - - [28/Jan/2019:16:35:54 -0300] "GET /cormun/servlet/vesolicitudgral?2018,11085,, HTTP/1.1" 200 9349
192.168.10.93 - - [28/Jan/2019:16:35:55 -0300] "GET /cormun/servlet/vesolicitudgral?2018,11085,,SolicitudOTAdjuntos HTTP/1.1" 200 8038
192.168.10.93 - - [28/Jan/2019:16:35:55 -0300] "GET /cormun/pexe_scrolldiv.js HTTP/1.1" 404 1009
192.168.10.93 - - [28/Jan/2019:16:35:55 -0300] "GET /cormun/pexe_scrolldiv.js HTTP/1.1" 404 1009
192.168.10.93 - - [28/Jan/2019:16:35:56 -0300] "GET /cormun/servlet/vesolicitudgral?2018,11085,,SolicitudOTAdjuntos HTTP/1.1" 200 8038
192.168.10.62 - - [28/Jan/2019:16:35:56 -0300] "GET /cormun/servlet/trconsultaempleado? HTTP/1.1" 200 7045
192.168.10.62 - - [28/Jan/2019:16:35:56 -0300] "GET /cormun/servlet/trconsultaempleado? HTTP/1.1" 200 7045
192.168.10.93 - - [28/Jan/2019:16:35:56 -0300] "POST /cormun/servlet/acontrolpreferencessavestate?None,DZAMUDIO,true HTTP/1.1" 200 35
192.168.10.93 - - [28/Jan/2019:16:36:00 -0300] "POST /cormun/servlet/vesolicitudgral?c4c7a15de17ae3ec01ed28ae2bc44390,2018,11085,,SolicitudOTAdjuntos,gx-no-cache=1548703785350 HTTP/1.1" 200 90
192.168.10.93 - - [28/Jan/2019:16:36:00 -0300] "GET /cormun/servlet/hpexe_link HTTP/1.1" 200 1002
192.168.10.93 - - [28/Jan/2019:16:36:00 -0300] "GET /cormun/servlet/trsolicitudgral?gx-no-cache=1548703713319 HTTP/1.1" 200 11359
192.168.10.93 - - [28/Jan/2019:16:36:00 -0300] "GET /cormun/servlet/trsolicitudgral?gx-no-cache=1548703713319 HTTP/1.1" 200 11378
192.168.10.62 - - [28/Jan/2019:16:36:09 -0300] "POST /cormun/servlet/trconsultaempleado?6883bfbd7df04050183fa368681fb8e7,,gx-no-cache=1548703794883 HTTP/1.1" 200 4831
192.168.10.62 - - [28/Jan/2019:16:36:14 -0300] "GET /cormun/servlet/trsolicitudnombre?9174369, HTTP/1.1" 200 10783
192.168.10.62 - - [28/Jan/2019:16:36:14 -0300] "GET /cormun/servlet/trsolicitudnombre?9174369, HTTP/1.1" 200 10784
192.168.10.79 - - [28/Jan/2019:16:36:14 -0300] "POST /cormun/servlet/vesolicitudgral?2396f689fe503c943019c24612d787c5,2018,12078,,SolicitudOTAdjuntos,gx-no-cache=1548703800079 HTTP/1.1" 200 90
192.168.10.79 - - [28/Jan/2019:16:36:14 -0300] "GET /cormun/servlet/hpexe_link HTTP/1.1" 200 971
192.168.10.79 - - [28/Jan/2019:16:36:15 -0300] "GET /cormun/servlet/trsolicitudgral? HTTP/1.1" 200 11602
192.168.10.79 - - [28/Jan/2019:16:36:15 -0300] "GET /cormun/servlet/trsolicitudgral? HTTP/1.1" 200 11600
192.168.10.79 - - [28/Jan/2019:16:36:45 -0300] "POST /cormun/servlet/trsolicitudgral?2396f689fe503c943019c24612d787c5,,gx-no-cache=1548703830707 HTTP/1.1" 200 7300
192.168.10.79 - - [28/Jan/2019:16:36:53 -0300] "GET /cormun/servlet/vesolicitudgral?2018,11698,, HTTP/1.1" 200 9458
192.168.10.79 - - [28/Jan/2019:16:36:53 -0300] "GET /cormun/pexe_scrolldiv.js HTTP/1.1" 404 1009
192.168.10.79 - - [28/Jan/2019:16:36:53 -0300] "GET /cormun/pexe_scrolldiv.js HTTP/1.1" 404 1009
192.168.10.79 - - [28/Jan/2019:16:36:53 -0300] "GET /cormun/servlet/vesolicitudgral?2018,11698,, HTTP/1.1" 200 9457
192.168.10.62 - - [28/Jan/2019:16:36:56 -0300] "GET /cormun/servlet/trconsultaempleado? HTTP/1.1" 200 7116
192.168.10.62 - - [28/Jan/2019:16:36:57 -0300] "GET /cormun/servlet/trconsultaempleado? HTTP/1.1" 200 7116
192.168.10.79 - - [28/Jan/2019:16:36:57 -0300] "GET /cormun/servlet/vesolicitudgral?2018,11698,,SolicitudOTAdjuntos HTTP/1.1" 200 11577
192.168.10.79 - - [28/Jan/2019:16:36:58 -0300] "GET /cormun/pexe_scrolldiv.js HTTP/1.1" 404 1009
192.168.10.79 - - [28/Jan/2019:16:36:58 -0300] "GET /cormun/pexe_scrolldiv.js HTTP/1.1" 404 1009
192.168.10.79 - - [28/Jan/2019:16:36:58 -0300] "GET /cormun/servlet/vesolicitudgral?2018,11698,,SolicitudOTAdjuntos HTTP/1.1" 200 11581
192.168.10.79 - - [28/Jan/2019:16:36:59 -0300] "POST /cormun/servlet/acontrolpreferencessavestate?None,DZAMUDIO,true HTTP/1.1" 200 35
192.168.10.79 - - [28/Jan/2019:16:37:04 -0300] "GET /cormun/PublicTempStorage/curriculum_i.a.2558053.pdf HTTP/1.1" 200 151774
192.168.10.62 - - [28/Jan/2019:16:37:07 -0300] "POST /cormun/servlet/trconsultaempleado?6883bfbd7df04050183fa368681fb8e7,,gx-no-cache=1548703853057 HTTP/1.1" 200 5391
192.168.10.62 - - [28/Jan/2019:16:37:18 -0300] "GET /cormun/servlet/trsolicitudnombre?15992008, HTTP/1.1" 200 8912
192.168.10.62 - - [28/Jan/2019:16:37:18 -0300] "GET /cormun/servlet/trsolicitudnombre?15992008, HTTP/1.1" 200 8913
192.168.10.62 - - [28/Jan/2019:16:37:45 -0300] "GET /cormun/servlet/trconsultaempleado? HTTP/1.1" 200 7692
192.168.10.62 - - [28/Jan/2019:16:37:45 -0300] "GET /cormun/servlet/trconsultaempleado? HTTP/1.1" 200 7692
192.168.10.62 - - [28/Jan/2019:16:37:51 -0300] "POST /cormun/servlet/trconsultaempleado?6883bfbd7df04050183fa368681fb8e7,,gx-no-cache=1548703896217 HTTP/1.1" 200 6432
192.168.10.62 - - [28/Jan/2019:16:38:13 -0300] "POST /cormun/servlet/trconsultaempleado?6883bfbd7df04050183fa368681fb8e7,,gx-no-cache=1548703918938 HTTP/1.1" 200 4768
192.168.10.62 - - [28/Jan/2019:16:38:16 -0300] "GET /cormun/servlet/trsolicitudnombre?9452944, HTTP/1.1" 200 8763
192.168.10.62 - - [28/Jan/2019:16:38:17 -0300] "GET /cormun/servlet/trsolicitudnombre?9452944, HTTP/1.1" 200 8766
192.168.10.79 - - [28/Jan/2019:16:38:48 -0300] "GET /cormun/servlet/vesolicitudgral?2018,11698,,SolicitudOTAdjuntos HTTP/1.1" 200 11577
192.168.10.79 - - [28/Jan/2019:16:38:49 -0300] "GET /cormun/servlet/vesolicitudgral?2018,11698,,SolicitudOTAdjuntos HTTP/1.1" 200 11579
192.168.10.79 - - [28/Jan/2019:16:38:50 -0300] "POST /cormun/servlet/acontrolpreferencessavestate?None,DZAMUDIO,true HTTP/1.1" 200 35
192.168.10.79 - - [28/Jan/2019:16:38:51 -0300] "POST /cormun/servlet/vesolicitudgral?2396f689fe503c943019c24612d787c5,2018,11698,,SolicitudOTAdjuntos,gx-no-cache=1548703956477 HTTP/1.1" 200 90
192.168.10.79 - - [28/Jan/2019:16:38:51 -0300] "GET /cormun/servlet/hpexe_link HTTP/1.1" 200 971
192.168.10.79 - - [28/Jan/2019:16:38:51 -0300] "GET /cormun/servlet/trsolicitudgral? HTTP/1.1" 200 10615
192.168.10.79 - - [28/Jan/2019:16:38:51 -0300] "GET /cormun/servlet/trsolicitudgral? HTTP/1.1" 200 10614
192.168.10.93 - - [28/Jan/2019:16:38:56 -0300] "POST /cormun/servlet/trsolicitudgral?c4c7a15de17ae3ec01ed28ae2bc44390,gx-no-cache=1548703713319,gx-no-cache=1548703961149 HTTP/1.1" 200 11104
192.168.10.79 - - [28/Jan/2019:16:39:04 -0300] "POST /cormun/servlet/trsolicitudgral?2396f689fe503c943019c24612d787c5,,gx-no-cache=1548703969513 HTTP/1.1" 200 7703
192.168.10.79 - - [28/Jan/2019:16:39:08 -0300] "GET /cormun/servlet/vesolicitudgral?2018,10961,, HTTP/1.1" 200 9335
192.168.10.79 - - [28/Jan/2019:16:39:08 -0300] "GET /cormun/pexe_scrolldiv.js HTTP/1.1" 404 1009
192.168.10.79 - - [28/Jan/2019:16:39:08 -0300] "GET /cormun/pexe_scrolldiv.js HTTP/1.1" 404 1009
192.168.10.79 - - [28/Jan/2019:16:39:09 -0300] "GET /cormun/servlet/vesolicitudgral?2018,10961,, HTTP/1.1" 200 9333
192.168.10.79 - - [28/Jan/2019:16:39:11 -0300] "GET /cormun/servlet/vesolicitudgral?2018,10961,,SolicitudOTAdjuntos HTTP/1.1" 200 11464
192.168.10.79 - - [28/Jan/2019:16:39:11 -0300] "GET /cormun/pexe_scrolldiv.js HTTP/1.1" 404 1009
192.168.10.79 - - [28/Jan/2019:16:39:11 -0300] "GET /cormun/pexe_scrolldiv.js HTTP/1.1" 404 1009
192.168.10.79 - - [28/Jan/2019:16:39:12 -0300] "POST /cormun/servlet/acontrolpreferencessavestate?None,DZAMUDIO,true HTTP/1.1" 200 35
192.168.10.79 - - [28/Jan/2019:16:39:12 -0300] "GET /cormun/servlet/vesolicitudgral?2018,10961,,SolicitudOTAdjuntos HTTP/1.1" 200 11467
192.168.10.79 - - [28/Jan/2019:16:39:17 -0300] "GET /cormun/PublicTempStorage/curriculum9711499.PDF HTTP/1.1" 200 3642500
192.168.10.93 - - [28/Jan/2019:16:39:46 -0300] "GET /cormun/servlet/vesolicitudgral?2018,9538,, HTTP/1.1" 200 9362
192.168.10.93 - - [28/Jan/2019:16:39:46 -0300] "GET /cormun/pexe_scrolldiv.js HTTP/1.1" 404 1009
192.168.10.93 - - [28/Jan/2019:16:39:46 -0300] "GET /cormun/pexe_scrolldiv.js HTTP/1.1" 404 1009
192.168.10.93 - - [28/Jan/2019:16:39:47 -0300] "GET /cormun/servlet/vesolicitudgral?2018,9538,, HTTP/1.1" 200 9341
192.168.10.62 - - [28/Jan/2019:16:40:00 -0300] "GET /cormun/servlet/hhome HTTP/1.1" 200 4536
192.168.10.62 - - [28/Jan/2019:16:40:00 -0300] "GET /cormun/servlet/trconsultaempleado? HTTP/1.1" 200 6847
192.168.10.62 - - [28/Jan/2019:16:40:00 -0300] "GET /cormun/servlet/hhome HTTP/1.1" 200 4535
192.168.10.62 - - [28/Jan/2019:16:40:04 -0300] "GET /cormun/servlet/trconsultaempleado? HTTP/1.1" 200 7048
192.168.10.62 - - [28/Jan/2019:16:40:08 -0300] "GET /cormun/servlet/trconsultaempleado? HTTP/1.1" 200 7048
192.168.10.93 - - [28/Jan/2019:16:40:08 -0300] "GET /cormun/servlet/vesolicitudgral?2018,9538,,SolicitudOTAdjuntos HTTP/1.1" 200 11559
192.168.10.62 - - [28/Jan/2019:16:40:15 -0300] "POST /cormun/servlet/trconsultaempleado?6883bfbd7df04050183fa368681fb8e7,,gx-no-cache=1548704039378 HTTP/1.1" 200 6318
192.168.10.93 - - [28/Jan/2019:16:40:22 -0300] "GET /cormun/servlet/vesolicitudgral?2018,9538,,SolicitudOTAdjuntos HTTP/1.1" 200 11560
192.168.10.93 - - [28/Jan/2019:16:40:22 -0300] "GET /cormun/pexe_scrolldiv.js HTTP/1.1" 404 1009
192.168.10.93 - - [28/Jan/2019:16:40:24 -0300] "POST /cormun/servlet/acontrolpreferencessavestate?None,DZAMUDIO,true HTTP/1.1" 200 35
192.168.10.62 - - [28/Jan/2019:16:40:24 -0300] "GET /cormun/servlet/trsolicitudnombre?12692226, HTTP/1.1" 200 8630
192.168.10.62 - - [28/Jan/2019:16:40:33 -0300] "GET /cormun/servlet/trsolicitudnombre?12692226, HTTP/1.1" 200 8637
192.168.10.93 - - [28/Jan/2019:16:40:40 -0300] "GET /cormun/servlet/vesolicitudgral?2018,9538,,SolicitudOTAdjuntos HTTP/1.1" 200 11561
192.168.10.93 - - [28/Jan/2019:16:40:52 -0300] "GET /cormun/PublicTempStorage/cv_completo5870429.pdf HTTP/1.1" 200 49372076
192.168.10.93 - - [28/Jan/2019:16:41:24 -0300] "GET /cormun/servlet/hlogin HTTP/1.1" 200 1725
192.168.10.93 - - [28/Jan/2019:16:41:41 -0300] "POST /cormun/servlet/hlogin?c4c7a15de17ae3ec01ed28ae2bc44390,gx-no-cache=1548704126210 HTTP/1.1" 200 90
192.168.10.93 - - [28/Jan/2019:16:41:41 -0300] "GET /cormun/servlet/hpexe_link HTTP/1.1" 200 982
192.168.10.62 - - [28/Jan/2019:16:41:47 -0300] "GET /cormun/servlet/trconsultaempleado? HTTP/1.1" 200 8667
192.168.10.62 - - [28/Jan/2019:16:41:50 -0300] "GET /cormun/servlet/trconsultaempleado? HTTP/1.1" 200 8666
192.168.10.93 - - [28/Jan/2019:16:41:58 -0300] "GET /cormun/servlet/vesolicitudgral?2018,9538,,SolicitudOTAdjuntos HTTP/1.1" 200 11555
192.168.10.93 - - [28/Jan/2019:16:41:58 -0300] "GET /cormun/pexe_scrolldiv.js HTTP/1.1" 404 1009
192.168.10.93 - - [28/Jan/2019:16:42:00 -0300] "POST /cormun/servlet/acontrolpreferencessavestate?None,DZAMUDIO,true HTTP/1.1" 200 35
192.168.10.62 - - [28/Jan/2019:16:42:01 -0300] "POST /cormun/servlet/trconsultaempleado?6883bfbd7df04050183fa368681fb8e7,,gx-no-cache=1548704144139 HTTP/1.1" 200 4846
192.168.10.62 - - [28/Jan/2019:16:42:10 -0300] "GET /cormun/servlet/trsolicitudnombre?18039558, HTTP/1.1" 200 9853
192.168.10.62 - - [28/Jan/2019:16:42:10 -0300] "GET /cormun/servlet/trsolicitudnombre?18039558, HTTP/1.1" 200 9856
190.171.141.90 - - [28/Jan/2019:16:42:14 -0300] "GET /cormun/servlet/trlicencias? HTTP/1.1" 200 13958
190.171.141.90 - - [28/Jan/2019:16:42:14 -0300] "GET /cormun/static/gxcfg.js?20176272054169 HTTP/1.1" 304 -
190.171.141.90 - - [28/Jan/2019:16:42:14 -0300] "GET /cormun/static/Resources/PXToolsActionExcel.png HTTP/1.1" 304 -
190.171.141.90 - - [28/Jan/2019:16:42:14 -0300] "GET /cormun/static/Resources/PXToolsGridNew.png HTTP/1.1" 304 -
192.168.10.93 - - [28/Jan/2019:16:42:15 -0300] "GET /cormun/servlet/vesolicitudgral?2018,9538,,SolicitudOTAdjuntos HTTP/1.1" 200 11557
190.171.141.90 - - [28/Jan/2019:16:42:15 -0300] "GET /cormun//static/Resources/PXToolsGridDisplay.png HTTP/1.1" 304 -
190.171.141.90 - - [28/Jan/2019:16:42:15 -0300] "GET /cormun//static/Resources/PXToolsHeaderFavorites.png HTTP/1.1" 304 -
190.171.141.90 - - [28/Jan/2019:16:42:15 -0300] "GET /cormun//static/Resources/PXToolsHeaderHelp.png HTTP/1.1" 304 -
190.171.141.90 - - [28/Jan/2019:16:42:15 -0300] "GET /cormun//static/Resources/PXToolsActionPrint.png HTTP/1.1" 304 -
190.171.141.90 - - [28/Jan/2019:16:42:15 -0300] "GET /cormun/servlet/hlogin HTTP/1.1" 200 1738
190.171.141.90 - - [28/Jan/2019:16:42:15 -0300] "GET /cormun/servlet/trlicencias? HTTP/1.1" 200 13952
192.168.10.93 - - [28/Jan/2019:16:42:26 -0300] "GET /cormun/PublicTempStorage/cv_completo2747171.pdf HTTP/1.1" 200 49372076
190.171.141.90 - - [28/Jan/2019:16:42:26 -0300] "POST /cormun/servlet/hlogin?cd53207182658d55ddbe88eaaf92dc5e,gx-no-cache=1548704339681 HTTP/1.1" 200 90
190.171.141.90 - - [28/Jan/2019:16:42:26 -0300] "GET /cormun/servlet/hpexe_link HTTP/1.1" 200 954
190.171.141.90 - - [28/Jan/2019:16:42:26 -0300] "GET /cormun/servlet/trlicencias HTTP/1.1" 200 8947
190.171.141.90 - - [28/Jan/2019:16:42:27 -0300] "GET /cormun/servlet/trlicencias HTTP/1.1" 200 8945
192.168.10.62 - - [28/Jan/2019:16:42:37 -0300] "GET /cormun/servlet/trconsultaempleado? HTTP/1.1" 200 7130
192.168.10.62 - - [28/Jan/2019:16:42:37 -0300] "GET /cormun/servlet/trconsultaempleado? HTTP/1.1" 200 7129
192.168.10.62 - - [28/Jan/2019:16:42:49 -0300] "POST /cormun/servlet/trconsultaempleado?6883bfbd7df04050183fa368681fb8e7,,gx-no-cache=1548704194728 HTTP/1.1" 200 4757
192.168.10.62 - - [28/Jan/2019:16:42:51 -0300] "GET /cormun/servlet/trsolicitudnombre?17458217, HTTP/1.1" 200 8561
192.168.10.62 - - [28/Jan/2019:16:42:51 -0300] "GET /cormun/servlet/trsolicitudnombre?17458217, HTTP/1.1" 200 8566
190.171.141.90 - - [28/Jan/2019:16:42:54 -0300] "GET /cormun/servlet/trautorizarsolicitud? HTTP/1.1" 200 7267
190.171.141.90 - - [28/Jan/2019:16:42:54 -0300] "GET /cormun/static/gxcfg.js?2017111423403364 HTTP/1.1" 200 953
190.171.141.90 - - [28/Jan/2019:16:42:54 -0300] "GET /cormun/static/Resources/Spanish/PXTools.css?1255365 HTTP/1.1" 304 -
190.171.141.90 - - [28/Jan/2019:16:42:54 -0300] "GET /cormun/static/trautorizarsolicitud.js?201711142340425 HTTP/1.1" 200 53910
190.171.141.90 - - [28/Jan/2019:16:42:55 -0300] "GET /cormun/servlet/trautorizarsolicitud? HTTP/1.1" 200 7267
190.171.141.90 - - [28/Jan/2019:16:42:58 -0300] "GET /cormun/static/menuarrow.gif HTTP/1.1" 404 1015
190.171.141.90 - - [28/Jan/2019:16:43:02 -0300] "POST /cormun/servlet/trautorizarsolicitud?cd53207182658d55ddbe88eaaf92dc5e,,gx-no-cache=1548704376596 HTTP/1.1" 200 4468
190.171.141.90 - - [28/Jan/2019:16:43:08 -0300] "POST /cormun/servlet/trautorizarsolicitud?cd53207182658d55ddbe88eaaf92dc5e,,gx-no-cache=1548704382888 HTTP/1.1" 200 4466
190.171.141.90 - - [28/Jan/2019:16:43:16 -0300] "POST /cormun/servlet/trautorizarsolicitud?cd53207182658d55ddbe88eaaf92dc5e,,gx-no-cache=1548704389032 HTTP/1.1" 200 4470
190.171.141.90 - - [28/Jan/2019:16:43:19 -0300] "POST /cormun/servlet/trautorizarsolicitud?cd53207182658d55ddbe88eaaf92dc5e,,gx-no-cache=1548704393936 HTTP/1.1" 200 4466
190.171.141.90 - - [28/Jan/2019:16:43:21 -0300] "POST /cormun/servlet/trautorizarsolicitud?cd53207182658d55ddbe88eaaf92dc5e,,gx-no-cache=1548704395287 HTTP/1.1" 200 4468
190.171.141.90 - - [28/Jan/2019:16:43:29 -0300] "GET /cormun/servlet/trlicencias? HTTP/1.1" 200 8946
190.171.141.90 - - [28/Jan/2019:16:43:30 -0300] "GET /cormun/servlet/trlicencias? HTTP/1.1" 200 8945
190.171.141.90 - - [28/Jan/2019:16:43:32 -0300] "GET /cormun/static/menuarrow.gif HTTP/1.1" 404 1015
192.168.10.62 - - [28/Jan/2019:16:43:45 -0300] "GET /cormun/servlet/trconsultaempleado? HTTP/1.1" 200 7038
192.168.10.62 - - [28/Jan/2019:16:43:46 -0300] "GET /cormun/servlet/trconsultaempleado? HTTP/1.1" 200 7037
190.171.141.90 - - [28/Jan/2019:16:43:51 -0300] "POST /cormun/servlet/trlicencias?cd53207182658d55ddbe88eaaf92dc5e,,gx-no-cache=1548704424151 HTTP/1.1" 200 19090
192.168.10.62 - - [28/Jan/2019:16:43:57 -0300] "POST /cormun/servlet/trconsultaempleado?6883bfbd7df04050183fa368681fb8e7,,gx-no-cache=1548704263171 HTTP/1.1" 200 6919
192.168.10.62 - - [28/Jan/2019:16:44:43 -0300] "POST /cormun/servlet/trconsultaempleado?6883bfbd7df04050183fa368681fb8e7,,gx-no-cache=1548704306602 HTTP/1.1" 200 4766
192.168.10.62 - - [28/Jan/2019:16:44:52 -0300] "GET /cormun/servlet/trsolicitudnombre?15106120, HTTP/1.1" 200 8956
192.168.10.62 - - [28/Jan/2019:16:44:52 -0300] "GET /cormun/servlet/trsolicitudnombre?15106120, HTTP/1.1" 200 8954
192.168.10.62 - - [28/Jan/2019:16:44:52 -0300] "GET /cormun/servlet/trsolicitudnombre?15106120, HTTP/1.1" 200 8956
192.168.10.93 - - [28/Jan/2019:16:44:56 -0300] "GET /cormun/servlet/vesolicitudgral?2018,9538,,SolicitudOTAdjuntos HTTP/1.1" 200 11555
192.168.10.93 - - [28/Jan/2019:16:44:59 -0300] "POST /cormun/servlet/acontrolpreferencessavestate?None,DZAMUDIO,true HTTP/1.1" 200 35
190.171.141.90 - - [28/Jan/2019:16:45:06 -0300] "POST /cormun/servlet/trlicencias?cd53207182658d55ddbe88eaaf92dc5e,,gx-no-cache=1548704494552 HTTP/1.1" 200 6215
192.168.10.93 - - [28/Jan/2019:16:45:07 -0300] "POST /cormun/servlet/vesolicitudgral?c4c7a15de17ae3ec01ed28ae2bc44390,2018,9538,,SolicitudOTAdjuntos,gx-no-cache=1548704331058 HTTP/1.1" 200 90
192.168.10.93 - - [28/Jan/2019:16:45:07 -0300] "GET /cormun/servlet/hpexe_link HTTP/1.1" 200 1001
192.168.10.93 - - [28/Jan/2019:16:45:08 -0300] "GET /cormun/servlet/trsolicitudgral?gx-no-cache=1548703713319 HTTP/1.1" 200 14574
192.168.10.93 - - [28/Jan/2019:16:45:09 -0300] "GET /cormun/servlet/trsolicitudgral?gx-no-cache=1548703713319 HTTP/1.1" 200 14594
192.168.10.93 - - [28/Jan/2019:16:45:12 -0300] "GET /cormun/servlet/vesolicitudgral?2018,9538,,SolicitudOTAdjuntos HTTP/1.1" 200 11503
192.168.10.62 - - [28/Jan/2019:16:45:14 -0300] "GET /cormun/servlet/trconsultaempleado? HTTP/1.1" 200 7047
192.168.10.62 - - [28/Jan/2019:16:45:15 -0300] "GET /cormun/servlet/trconsultaempleado? HTTP/1.1" 200 7047
192.168.10.62 - - [28/Jan/2019:16:45:26 -0300] "POST /cormun/servlet/trconsultaempleado?6883bfbd7df04050183fa368681fb8e7,,gx-no-cache=1548704351292 HTTP/1.1" 200 4760
192.168.10.93 - - [28/Jan/2019:16:45:26 -0300] "POST /cormun/servlet/trsolicitudgral?c4c7a15de17ae3ec01ed28ae2bc44390,gx-no-cache=1548703713319,gx-no-cache=1548704351800 HTTP/1.1" 200 7344
192.168.10.62 - - [28/Jan/2019:16:45:29 -0300] "GET /cormun/servlet/trsolicitudnombre?15102490, HTTP/1.1" 200 9938
192.168.10.62 - - [28/Jan/2019:16:45:30 -0300] "GET /cormun/servlet/trsolicitudnombre?15102490, HTTP/1.1" 200 9940
192.168.10.62 - - [28/Jan/2019:16:45:54 -0300] "GET /cormun/servlet/trconsultaempleado? HTTP/1.1" 200 7044
192.168.10.62 - - [28/Jan/2019:16:45:54 -0300] "GET /cormun/servlet/trconsultaempleado? HTTP/1.1" 200 7043
192.168.10.62 - - [28/Jan/2019:16:46:04 -0300] "POST /cormun/servlet/trconsultaempleado?6883bfbd7df04050183fa368681fb8e7,,gx-no-cache=1548704389316 HTTP/1.1" 200 7631
192.168.10.62 - - [28/Jan/2019:16:46:18 -0300] "POST /cormun/servlet/trconsultaempleado?6883bfbd7df04050183fa368681fb8e7,,gx-no-cache=1548704403347 HTTP/1.1" 200 4767
192.168.10.62 - - [28/Jan/2019:16:46:21 -0300] "GET /cormun/servlet/trsolicitudnombre?13567526, HTTP/1.1" 200 9165
192.168.10.62 - - [28/Jan/2019:16:46:22 -0300] "GET /cormun/servlet/trsolicitudnombre?13567526, HTTP/1.1" 200 9167
190.171.141.90 - - [28/Jan/2019:16:46:43 -0300] "POST /cormun/servlet/trlicencias?cd53207182658d55ddbe88eaaf92dc5e,,gx-no-cache=1548704596285 HTTP/1.1" 200 6880
192.168.10.62 - - [28/Jan/2019:16:46:43 -0300] "GET /cormun/servlet/trconsultaempleado? HTTP/1.1" 200 7048
192.168.10.62 - - [28/Jan/2019:16:46:43 -0300] "GET /cormun/servlet/trconsultaempleado? HTTP/1.1" 200 7048
192.168.10.62 - - [28/Jan/2019:16:47:00 -0300] "POST /cormun/servlet/trconsultaempleado?6883bfbd7df04050183fa368681fb8e7,,gx-no-cache=1548704445316 HTTP/1.1" 200 4763
192.168.10.62 - - [28/Jan/2019:16:47:04 -0300] "GET /cormun/servlet/trsolicitudnombre?14156547, HTTP/1.1" 200 10297
192.168.10.62 - - [28/Jan/2019:16:47:04 -0300] "GET /cormun/servlet/trsolicitudnombre?14156547, HTTP/1.1" 200 10300
192.168.10.62 - - [28/Jan/2019:16:47:19 -0300] "GET /cormun/servlet/trconsultaempleado? HTTP/1.1" 200 7041
192.168.10.62 - - [28/Jan/2019:16:47:19 -0300] "GET /cormun/servlet/trconsultaempleado? HTTP/1.1" 200 7040
192.168.10.62 - - [28/Jan/2019:16:47:24 -0300] "POST /cormun/servlet/trconsultaempleado?6883bfbd7df04050183fa368681fb8e7,,gx-no-cache=1548704470025 HTTP/1.1" 200 6054
192.168.10.62 - - [28/Jan/2019:16:47:33 -0300] "POST /cormun/servlet/trconsultaempleado?6883bfbd7df04050183fa368681fb8e7,,gx-no-cache=1548704478834 HTTP/1.1" 200 4760
192.168.10.62 - - [28/Jan/2019:16:47:36 -0300] "GET /cormun/servlet/trsolicitudnombre?12775752, HTTP/1.1" 200 8334
192.168.10.62 - - [28/Jan/2019:16:47:37 -0300] "GET /cormun/servlet/trsolicitudnombre?12775752, HTTP/1.1" 200 8337
192.168.10.62 - - [28/Jan/2019:16:47:47 -0300] "GET /cormun/servlet/trconsultaempleado? HTTP/1.1" 200 7041
192.168.10.62 - - [28/Jan/2019:16:47:48 -0300] "GET /cormun/servlet/trconsultaempleado? HTTP/1.1" 200 7041
192.168.10.62 - - [28/Jan/2019:16:47:57 -0300] "POST /cormun/servlet/trconsultaempleado?6883bfbd7df04050183fa368681fb8e7,,gx-no-cache=1548704502216 HTTP/1.1" 200 5944
192.168.10.62 - - [28/Jan/2019:16:48:04 -0300] "GET /cormun/servlet/trsolicitudnombre?14358696, HTTP/1.1" 200 8935
192.168.10.62 - - [28/Jan/2019:16:48:04 -0300] "GET /cormun/servlet/trsolicitudnombre?14358696, HTTP/1.1" 200 8938
192.168.10.62 - - [28/Jan/2019:16:48:16 -0300] "GET /cormun/servlet/trconsultaempleado? HTTP/1.1" 200 8272
192.168.10.62 - - [28/Jan/2019:16:48:16 -0300] "GET /cormun/servlet/trconsultaempleado? HTTP/1.1" 200 8271
192.168.10.62 - - [28/Jan/2019:16:48:26 -0300] "POST /cormun/servlet/trconsultaempleado?6883bfbd7df04050183fa368681fb8e7,,gx-no-cache=1548704531668 HTTP/1.1" 200 5443
192.168.10.62 - - [28/Jan/2019:16:48:36 -0300] "GET /cormun/servlet/trsolicitudnombre?17526326, HTTP/1.1" 200 9600
192.168.10.62 - - [28/Jan/2019:16:48:36 -0300] "GET /cormun/servlet/trsolicitudnombre?17526326, HTTP/1.1" 200 9602
192.168.10.62 - - [28/Jan/2019:16:48:49 -0300] "GET /cormun/servlet/trconsultaempleado? HTTP/1.1" 200 7748
192.168.10.62 - - [28/Jan/2019:16:48:49 -0300] "GET /cormun/servlet/trconsultaempleado? HTTP/1.1" 200 7747
192.168.10.93 - - [28/Jan/2019:16:49:02 -0300] "GET /cormun/servlet/vesolicitudgral?2018,9656,, HTTP/1.1" 200 9359
192.168.10.93 - - [28/Jan/2019:16:49:02 -0300] "GET /cormun/pexe_scrolldiv.js HTTP/1.1" 404 1009
192.168.10.93 - - [28/Jan/2019:16:49:02 -0300] "GET /cormun/pexe_scrolldiv.js HTTP/1.1" 404 1009
192.168.10.62 - - [28/Jan/2019:16:49:02 -0300] "POST /cormun/servlet/trconsultaempleado?6883bfbd7df04050183fa368681fb8e7,,gx-no-cache=1548704567577 HTTP/1.1" 200 4764
192.168.10.93 - - [28/Jan/2019:16:49:02 -0300] "GET /cormun/servlet/vesolicitudgral?2018,9656,, HTTP/1.1" 200 9336
192.168.10.93 - - [28/Jan/2019:16:49:04 -0300] "GET /cormun/servlet/vesolicitudgral?2018,9656,,SolicitudOTAdjuntos HTTP/1.1" 200 11673
192.168.10.93 - - [28/Jan/2019:16:49:04 -0300] "GET /cormun/pexe_scrolldiv.js HTTP/1.1" 404 1009
192.168.10.93 - - [28/Jan/2019:16:49:04 -0300] "GET /cormun/pexe_scrolldiv.js HTTP/1.1" 404 1009
192.168.10.93 - - [28/Jan/2019:16:49:05 -0300] "GET /cormun/servlet/vesolicitudgral?2018,9656,,SolicitudOTAdjuntos HTTP/1.1" 200 11674
192.168.10.62 - - [28/Jan/2019:16:49:05 -0300] "GET /cormun/servlet/trsolicitudnombre?18374455, HTTP/1.1" 200 9847
192.168.10.93 - - [28/Jan/2019:16:49:05 -0300] "POST /cormun/servlet/acontrolpreferencessavestate?None,DZAMUDIO,true HTTP/1.1" 200 35
192.168.10.62 - - [28/Jan/2019:16:49:06 -0300] "GET /cormun/servlet/trsolicitudnombre?18374455, HTTP/1.1" 200 9850
192.168.10.93 - - [28/Jan/2019:16:49:10 -0300] "GET /cormun/PublicTempStorage/curriculum9213026.pdf HTTP/1.1" 200 233019
192.168.10.93 - - [28/Jan/2019:16:49:35 -0300] "GET /cormun/servlet/vesolicitudgral?2018,9656,,SolicitudOTAdjuntos HTTP/1.1" 200 11670
192.168.10.93 - - [28/Jan/2019:16:49:35 -0300] "GET /cormun/servlet/vesolicitudgral?2018,9656,,SolicitudOTAdjuntos HTTP/1.1" 200 11673
192.168.10.93 - - [28/Jan/2019:16:49:36 -0300] "GET /cormun/servlet/vesolicitudgral?2018,9656,, HTTP/1.1" 200 9359
192.168.10.93 - - [28/Jan/2019:16:49:36 -0300] "GET /cormun/servlet/vesolicitudgral?2018,9656,, HTTP/1.1" 200 9336
192.168.10.93 - - [28/Jan/2019:16:49:39 -0300] "POST /cormun/servlet/vesolicitudgral?c4c7a15de17ae3ec01ed28ae2bc44390,2018,9656,,,gx-no-cache=1548704604690 HTTP/1.1" 200 90
192.168.10.93 - - [28/Jan/2019:16:49:39 -0300] "GET /cormun/servlet/hpexe_link HTTP/1.1" 200 991
192.168.10.93 - - [28/Jan/2019:16:49:39 -0300] "GET /cormun/servlet/trsolicitudgral?gx-no-cache=1548703713319 HTTP/1.1" 200 10658
192.168.10.93 - - [28/Jan/2019:16:49:40 -0300] "GET /cormun/servlet/trsolicitudgral?gx-no-cache=1548703713319 HTTP/1.1" 200 10679
192.168.10.62 - - [28/Jan/2019:16:49:44 -0300] "GET /cormun/servlet/trconsultaempleado? HTTP/1.1" 200 7044
192.168.10.62 - - [28/Jan/2019:16:49:44 -0300] "GET /cormun/servlet/trconsultaempleado? HTTP/1.1" 200 7044
192.168.10.93 - - [28/Jan/2019:16:49:51 -0300] "POST /cormun/servlet/trsolicitudgral?c4c7a15de17ae3ec01ed28ae2bc44390,gx-no-cache=1548703713319,gx-no-cache=1548704616975 HTTP/1.1" 200 7344
192.168.10.62 - - [28/Jan/2019:16:49:55 -0300] "POST /cormun/servlet/trconsultaempleado?6883bfbd7df04050183fa368681fb8e7,,gx-no-cache=1548704620739 HTTP/1.1" 200 4823
192.168.10.62 - - [28/Jan/2019:16:49:59 -0300] "GET /cormun/servlet/trsolicitudnombre?13947002, HTTP/1.1" 200 7736
192.168.10.62 - - [28/Jan/2019:16:49:59 -0300] "GET /cormun/servlet/trsolicitudnombre?13947002, HTTP/1.1" 200 7739
192.168.10.93 - - [28/Jan/2019:16:50:00 -0300] "GET /cormun/servlet/vesolicitudgral?2018,9938,, HTTP/1.1" 200 9383
192.168.10.93 - - [28/Jan/2019:16:50:00 -0300] "GET /cormun/pexe_scrolldiv.js HTTP/1.1" 404 1009
192.168.10.93 - - [28/Jan/2019:16:50:00 -0300] "GET /cormun/pexe_scrolldiv.js HTTP/1.1" 404 1009
192.168.10.93 - - [28/Jan/2019:16:50:00 -0300] "GET /cormun/servlet/vesolicitudgral?2018,9938,, HTTP/1.1" 200 9361
192.168.10.93 - - [28/Jan/2019:16:50:04 -0300] "GET /cormun/servlet/vesolicitudgral?2018,9938,,SolicitudOTAdjuntos HTTP/1.1" 200 11698
192.168.10.93 - - [28/Jan/2019:16:50:04 -0300] "GET /cormun/pexe_scrolldiv.js HTTP/1.1" 404 1009
192.168.10.93 - - [28/Jan/2019:16:50:04 -0300] "GET /cormun/pexe_scrolldiv.js HTTP/1.1" 404 1009
192.168.10.93 - - [28/Jan/2019:16:50:05 -0300] "GET /cormun/servlet/vesolicitudgral?2018,9938,,SolicitudOTAdjuntos HTTP/1.1" 200 11698
192.168.10.93 - - [28/Jan/2019:16:50:05 -0300] "POST /cormun/servlet/acontrolpreferencessavestate?None,DZAMUDIO,true HTTP/1.1" 200 35
192.168.10.93 - - [28/Jan/2019:16:50:06 -0300] "GET /cormun/PublicTempStorage/curriculum_vitae7317012.pdf HTTP/1.1" 200 384768
192.168.10.62 - - [28/Jan/2019:16:50:28 -0300] "GET /cormun/servlet/trconsultaempleado? HTTP/1.1" 200 7116
192.168.10.62 - - [28/Jan/2019:16:50:28 -0300] "GET /cormun/servlet/trconsultaempleado? HTTP/1.1" 200 7115
192.168.10.62 - - [28/Jan/2019:16:50:35 -0300] "POST /cormun/servlet/trconsultaempleado?6883bfbd7df04050183fa368681fb8e7,,gx-no-cache=1548704661203 HTTP/1.1" 200 5805
192.168.10.62 - - [28/Jan/2019:16:50:43 -0300] "POST /cormun/servlet/trconsultaempleado?6883bfbd7df04050183fa368681fb8e7,,gx-no-cache=1548704668538 HTTP/1.1" 200 4763
192.168.10.93 - - [28/Jan/2019:16:50:46 -0300] "GET /cormun/servlet/vesolicitudgral?2018,9938,,SolicitudOTAdjuntos HTTP/1.1" 200 11699
192.168.10.62 - - [28/Jan/2019:16:50:47 -0300] "GET /cormun/servlet/trsolicitudnombre?12293367, HTTP/1.1" 200 10565
192.168.10.93 - - [28/Jan/2019:16:50:47 -0300] "GET /cormun/servlet/vesolicitudgral?2018,9938,,SolicitudOTAdjuntos HTTP/1.1" 200 11701
192.168.10.62 - - [28/Jan/2019:16:50:47 -0300] "GET /cormun/servlet/trsolicitudnombre?12293367, HTTP/1.1" 200 10567
192.168.10.93 - - [28/Jan/2019:16:50:48 -0300] "POST /cormun/servlet/acontrolpreferencessavestate?None,DZAMUDIO,true HTTP/1.1" 200 35
192.168.10.93 - - [28/Jan/2019:16:50:57 -0300] "POST /cormun/servlet/vesolicitudgral?c4c7a15de17ae3ec01ed28ae2bc44390,2018,9938,,SolicitudOTAdjuntos,gx-no-cache=1548704682874 HTTP/1.1" 200 90
192.168.10.93 - - [28/Jan/2019:16:50:57 -0300] "GET /cormun/servlet/hpexe_link HTTP/1.1" 200 1001
192.168.10.93 - - [28/Jan/2019:16:50:57 -0300] "GET /cormun/servlet/trsolicitudgral?gx-no-cache=1548703713319 HTTP/1.1" 200 10659
192.168.10.93 - - [28/Jan/2019:16:50:58 -0300] "GET /cormun/servlet/trsolicitudgral?gx-no-cache=1548703713319 HTTP/1.1" 200 10680
192.168.10.62 - - [28/Jan/2019:16:51:00 -0300] "GET /cormun/servlet/trconsultaempleado? HTTP/1.1" 200 7042
192.168.10.62 - - [28/Jan/2019:16:51:00 -0300] "GET /cormun/servlet/trconsultaempleado? HTTP/1.1" 200 7042
192.168.10.62 - - [28/Jan/2019:16:51:16 -0300] "POST /cormun/servlet/trconsultaempleado?6883bfbd7df04050183fa368681fb8e7,,gx-no-cache=1548704701235 HTTP/1.1" 200 4759
192.168.10.62 - - [28/Jan/2019:16:51:20 -0300] "GET /cormun/servlet/trsolicitudnombre?9221912, HTTP/1.1" 200 9675
192.168.10.62 - - [28/Jan/2019:16:51:21 -0300] "GET /cormun/servlet/trsolicitudnombre?9221912, HTTP/1.1" 200 9679
192.168.10.62 - - [28/Jan/2019:16:51:39 -0300] "GET /cormun/servlet/trconsultaempleado? HTTP/1.1" 200 7038
192.168.10.62 - - [28/Jan/2019:16:51:40 -0300] "GET /cormun/servlet/trconsultaempleado? HTTP/1.1" 200 7037
192.168.10.62 - - [28/Jan/2019:16:51:52 -0300] "POST /cormun/servlet/trconsultaempleado?6883bfbd7df04050183fa368681fb8e7,,gx-no-cache=1548704737726 HTTP/1.1" 200 4757
192.168.10.62 - - [28/Jan/2019:16:51:54 -0300] "GET /cormun/servlet/trsolicitudnombre?7419043, HTTP/1.1" 200 9377
192.168.10.62 - - [28/Jan/2019:16:51:55 -0300] "GET /cormun/servlet/trsolicitudnombre?7419043, HTTP/1.1" 200 9380
192.168.10.62 - - [28/Jan/2019:16:52:18 -0300] "GET /cormun/servlet/trconsultaempleado? HTTP/1.1" 200 7036
192.168.10.62 - - [28/Jan/2019:16:52:18 -0300] "GET /cormun/servlet/trconsultaempleado? HTTP/1.1" 200 7035
192.168.10.62 - - [28/Jan/2019:16:52:29 -0300] "POST /cormun/servlet/trconsultaempleado?6883bfbd7df04050183fa368681fb8e7,,gx-no-cache=1548704774632 HTTP/1.1" 200 4761
192.168.10.62 - - [28/Jan/2019:16:52:32 -0300] "GET /cormun/servlet/trsolicitudnombre?15541956, HTTP/1.1" 200 10103
192.168.10.62 - - [28/Jan/2019:16:52:33 -0300] "GET /cormun/servlet/trsolicitudnombre?15541956, HTTP/1.1" 200 10106
192.168.10.62 - - [28/Jan/2019:16:52:47 -0300] "GET /cormun/servlet/trconsultaempleado? HTTP/1.1" 200 7041
192.168.10.62 - - [28/Jan/2019:16:52:48 -0300] "GET /cormun/servlet/trconsultaempleado? HTTP/1.1" 200 7040
192.168.10.62 - - [28/Jan/2019:16:53:01 -0300] "POST /cormun/servlet/trconsultaempleado?6883bfbd7df04050183fa368681fb8e7,,gx-no-cache=1548704806758 HTTP/1.1" 200 4766
192.168.10.62 - - [28/Jan/2019:16:53:05 -0300] "GET /cormun/servlet/trsolicitudnombre?15691727, HTTP/1.1" 200 10622
192.168.10.62 - - [28/Jan/2019:16:53:05 -0300] "GET /cormun/servlet/trsolicitudnombre?15691727, HTTP/1.1" 200 10625
192.168.10.62 - - [28/Jan/2019:16:53:48 -0300] "GET /cormun/servlet/trconsultaempleado? HTTP/1.1" 200 7045
192.168.10.62 - - [28/Jan/2019:16:53:49 -0300] "GET /cormun/servlet/trconsultaempleado? HTTP/1.1" 200 7045
192.168.10.93 - - [28/Jan/2019:16:53:57 -0300] "POST /cormun/servlet/trsolicitudgral?c4c7a15de17ae3ec01ed28ae2bc44390,gx-no-cache=1548703713319,gx-no-cache=1548704862608 HTTP/1.1" 200 7657
192.168.10.62 - - [28/Jan/2019:16:53:59 -0300] "POST /cormun/servlet/trconsultaempleado?6883bfbd7df04050183fa368681fb8e7,,gx-no-cache=1548704865103 HTTP/1.1" 200 4765
192.168.10.62 - - [28/Jan/2019:16:54:01 -0300] "POST /cormun/servlet/trconsultaempleado?6883bfbd7df04050183fa368681fb8e7,,gx-no-cache=1548704866269 HTTP/1.1" 200 4765
192.168.10.62 - - [28/Jan/2019:16:54:04 -0300] "GET /cormun/servlet/trsolicitudnombre?17525608, HTTP/1.1" 200 12808
192.168.10.62 - - [28/Jan/2019:16:54:05 -0300] "GET /cormun/servlet/trsolicitudnombre?17525608, HTTP/1.1" 200 12810
192.168.10.93 - - [28/Jan/2019:16:54:06 -0300] "GET /cormun/servlet/vesolicitudgral?2017,5108,, HTTP/1.1" 200 9344
192.168.10.93 - - [28/Jan/2019:16:54:06 -0300] "GET /cormun/pexe_scrolldiv.js HTTP/1.1" 404 1009
192.168.10.93 - - [28/Jan/2019:16:54:06 -0300] "GET /cormun/pexe_scrolldiv.js HTTP/1.1" 404 1009
192.168.10.93 - - [28/Jan/2019:16:54:07 -0300] "GET /cormun/servlet/vesolicitudgral?2017,5108,, HTTP/1.1" 200 9322
192.168.10.79 - - [28/Jan/2019:16:54:15 -0300] "GET /cormun/servlet/vesolicitudgral?2018,10961,,SolicitudOTAdjuntos HTTP/1.1" 200 11464
192.168.10.79 - - [28/Jan/2019:16:54:17 -0300] "POST /cormun/servlet/acontrolpreferencessavestate?None,DZAMUDIO,true HTTP/1.1" 200 35
192.168.10.79 - - [28/Jan/2019:16:54:17 -0300] "GET /cormun/servlet/vesolicitudgral?2018,10961,,SolicitudOTAdjuntos HTTP/1.1" 200 11468
192.168.10.79 - - [28/Jan/2019:16:54:18 -0300] "POST /cormun/servlet/vesolicitudgral?2396f689fe503c943019c24612d787c5,2018,10961,,SolicitudOTAdjuntos,gx-no-cache=1548704884109 HTTP/1.1" 200 90
192.168.10.79 - - [28/Jan/2019:16:54:18 -0300] "GET /cormun/servlet/hpexe_link HTTP/1.1" 200 971
192.168.10.79 - - [28/Jan/2019:16:54:19 -0300] "GET /cormun/servlet/trsolicitudgral? HTTP/1.1" 200 10995
192.168.10.79 - - [28/Jan/2019:16:54:19 -0300] "GET /cormun/servlet/trsolicitudgral? HTTP/1.1" 200 10994
192.168.10.93 - - [28/Jan/2019:16:54:22 -0300] "GET /cormun/servlet/vesolicitudgral?2017,5108,,SolicitudOTAdjuntos HTTP/1.1" 200 11593
192.168.10.93 - - [28/Jan/2019:16:54:22 -0300] "GET /cormun/pexe_scrolldiv.js HTTP/1.1" 404 1009
192.168.10.93 - - [28/Jan/2019:16:54:22 -0300] "GET /cormun/pexe_scrolldiv.js HTTP/1.1" 404 1009
192.168.10.93 - - [28/Jan/2019:16:54:23 -0300] "GET /cormun/servlet/vesolicitudgral?2017,5108,,SolicitudOTAdjuntos HTTP/1.1" 200 11595
192.168.10.93 - - [28/Jan/2019:16:54:23 -0300] "POST /cormun/servlet/acontrolpreferencessavestate?None,DZAMUDIO,true HTTP/1.1" 200 35
192.168.10.62 - - [28/Jan/2019:16:54:24 -0300] "GET /cormun/servlet/trconsultaempleado? HTTP/1.1" 200 7043
192.168.10.62 - - [28/Jan/2019:16:54:25 -0300] "GET /cormun/servlet/trconsultaempleado? HTTP/1.1" 200 7043
192.168.10.93 - - [28/Jan/2019:16:54:26 -0300] "GET /cormun/PublicTempStorage/curriculum8458408.pdf HTTP/1.1" 200 440735
192.168.10.62 - - [28/Jan/2019:16:54:35 -0300] "POST /cormun/servlet/trconsultaempleado?6883bfbd7df04050183fa368681fb8e7,,gx-no-cache=1548704900415 HTTP/1.1" 200 5112
192.168.10.79 - - [28/Jan/2019:16:54:37 -0300] "POST /cormun/servlet/trsolicitudgral?2396f689fe503c943019c24612d787c5,,gx-no-cache=1548704902196 HTTP/1.1" 200 9333
192.168.10.62 - - [28/Jan/2019:16:54:40 -0300] "GET /cormun/servlet/trsolicitudnombre?15754372, HTTP/1.1" 200 7700
192.168.10.62 - - [28/Jan/2019:16:54:41 -0300] "GET /cormun/servlet/trsolicitudnombre?15754372, HTTP/1.1" 200 7702
192.168.10.79 - - [28/Jan/2019:16:54:45 -0300] "GET /cormun/servlet/vesolicitudgral?2017,5231,, HTTP/1.1" 200 9337
192.168.10.79 - - [28/Jan/2019:16:54:45 -0300] "GET /cormun/pexe_scrolldiv.js HTTP/1.1" 404 1009
192.168.10.79 - - [28/Jan/2019:16:54:45 -0300] "GET /cormun/pexe_scrolldiv.js HTTP/1.1" 404 1009
192.168.10.79 - - [28/Jan/2019:16:54:45 -0300] "GET /cormun/servlet/vesolicitudgral?2017,5231,, HTTP/1.1" 200 9336
192.168.10.79 - - [28/Jan/2019:16:54:51 -0300] "GET /cormun/servlet/vesolicitudgral?2017,5231,,SolicitudOTAdjuntos HTTP/1.1" 200 8021
192.168.10.79 - - [28/Jan/2019:16:54:51 -0300] "GET /cormun/pexe_scrolldiv.js HTTP/1.1" 404 1009
192.168.10.79 - - [28/Jan/2019:16:54:51 -0300] "GET /cormun/pexe_scrolldiv.js HTTP/1.1" 404 1009
192.168.10.79 - - [28/Jan/2019:16:54:52 -0300] "GET /cormun/servlet/vesolicitudgral?2017,5231,,SolicitudOTAdjuntos HTTP/1.1" 200 8022
192.168.10.79 - - [28/Jan/2019:16:54:52 -0300] "POST /cormun/servlet/acontrolpreferencessavestate?None,DZAMUDIO,true HTTP/1.1" 200 35
192.168.10.62 - - [28/Jan/2019:16:55:42 -0300] "GET /cormun/servlet/trconsultaempleado? HTTP/1.1" 200 7406
192.168.10.62 - - [28/Jan/2019:16:55:43 -0300] "GET /cormun/servlet/trconsultaempleado? HTTP/1.1" 200 7405
192.168.10.62 - - [28/Jan/2019:16:55:53 -0300] "POST /cormun/servlet/trconsultaempleado?6883bfbd7df04050183fa368681fb8e7,,gx-no-cache=1548704978451 HTTP/1.1" 200 4759
192.168.10.62 - - [28/Jan/2019:16:55:56 -0300] "GET /cormun/servlet/trsolicitudnombre?9889541, HTTP/1.1" 200 8502
192.168.10.62 - - [28/Jan/2019:16:55:56 -0300] "GET /cormun/servlet/trsolicitudnombre?9889541, HTTP/1.1" 200 8505
192.168.10.62 - - [28/Jan/2019:16:56:29 -0300] "GET /cormun/servlet/trconsultaempleado? HTTP/1.1" 200 7040
192.168.10.62 - - [28/Jan/2019:16:56:29 -0300] "GET /cormun/servlet/trconsultaempleado? HTTP/1.1" 200 7040
192.168.10.62 - - [28/Jan/2019:16:56:45 -0300] "POST /cormun/servlet/trconsultaempleado?6883bfbd7df04050183fa368681fb8e7,,gx-no-cache=1548705031056 HTTP/1.1" 200 4758
192.168.10.62 - - [28/Jan/2019:16:56:48 -0300] "GET /cormun/servlet/trsolicitudnombre?10804638, HTTP/1.1" 200 8744
192.168.10.62 - - [28/Jan/2019:16:56:49 -0300] "GET /cormun/servlet/trsolicitudnombre?10804638, HTTP/1.1" 200 8749
192.168.10.62 - - [28/Jan/2019:16:57:02 -0300] "GET /cormun/servlet/trconsultaempleado? HTTP/1.1" 200 7038
192.168.10.62 - - [28/Jan/2019:16:57:02 -0300] "GET /cormun/servlet/trconsultaempleado? HTTP/1.1" 200 7038
192.168.10.62 - - [28/Jan/2019:16:57:14 -0300] "POST /cormun/servlet/trconsultaempleado?6883bfbd7df04050183fa368681fb8e7,,gx-no-cache=1548705059712 HTTP/1.1" 200 4765
192.168.10.62 - - [28/Jan/2019:16:57:17 -0300] "GET /cormun/servlet/trsolicitudnombre?17930212, HTTP/1.1" 200 9772
192.168.10.62 - - [28/Jan/2019:16:57:18 -0300] "GET /cormun/servlet/trsolicitudnombre?17930212, HTTP/1.1" 200 9776
192.168.10.62 - - [28/Jan/2019:16:57:40 -0300] "GET /cormun/servlet/trconsultaempleado? HTTP/1.1" 200 7043
192.168.10.62 - - [28/Jan/2019:16:57:40 -0300] "GET /cormun/servlet/trconsultaempleado? HTTP/1.1" 200 7043
192.168.10.62 - - [28/Jan/2019:16:57:53 -0300] "POST /cormun/servlet/trconsultaempleado?6883bfbd7df04050183fa368681fb8e7,,gx-no-cache=1548705098833 HTTP/1.1" 200 4764
192.168.10.62 - - [28/Jan/2019:16:57:57 -0300] "GET /cormun/servlet/trsolicitudnombre?13944224, HTTP/1.1" 200 9247
192.168.10.62 - - [28/Jan/2019:16:57:57 -0300] "GET /cormun/servlet/trsolicitudnombre?13944224, HTTP/1.1" 200 9249
192.168.10.79 - - [28/Jan/2019:16:58:04 -0300] "POST /cormun/servlet/vesolicitudgral?2396f689fe503c943019c24612d787c5,2017,5231,,SolicitudOTAdjuntos,gx-no-cache=1548705109490 HTTP/1.1" 200 90
192.168.10.79 - - [28/Jan/2019:16:58:04 -0300] "GET /cormun/servlet/hpexe_link HTTP/1.1" 200 969
192.168.10.79 - - [28/Jan/2019:16:58:04 -0300] "GET /cormun/servlet/trsolicitudgral? HTTP/1.1" 200 12626
192.168.10.93 - - [28/Jan/2019:16:58:04 -0300] "GET /cormun/servlet/vesolicitudgral?2017,5108,,SolicitudOTAdjuntos HTTP/1.1" 200 11590
192.168.10.79 - - [28/Jan/2019:16:58:05 -0300] "GET /cormun/servlet/trsolicitudgral? HTTP/1.1" 200 12625
192.168.10.93 - - [28/Jan/2019:16:58:05 -0300] "GET /cormun/servlet/vesolicitudgral?2017,5108,,SolicitudOTAdjuntos HTTP/1.1" 200 11593
192.168.10.93 - - [28/Jan/2019:16:58:06 -0300] "POST /cormun/servlet/acontrolpreferencessavestate?None,DZAMUDIO,true HTTP/1.1" 200 35
192.168.10.93 - - [28/Jan/2019:16:58:10 -0300] "POST /cormun/servlet/vesolicitudgral?c4c7a15de17ae3ec01ed28ae2bc44390,2017,5108,,SolicitudOTAdjuntos,gx-no-cache=1548705115284 HTTP/1.1" 200 90
192.168.10.93 - - [28/Jan/2019:16:58:10 -0300] "GET /cormun/servlet/hpexe_link HTTP/1.1" 200 1000
192.168.10.93 - - [28/Jan/2019:16:58:10 -0300] "GET /cormun/servlet/trsolicitudgral?gx-no-cache=1548703713319 HTTP/1.1" 200 10958
192.168.10.93 - - [28/Jan/2019:16:58:10 -0300] "GET /cormun/servlet/trsolicitudgral?gx-no-cache=1548703713319 HTTP/1.1" 200 10979
192.168.10.62 - - [28/Jan/2019:16:58:15 -0300] "GET /cormun/servlet/trconsultaempleado? HTTP/1.1" 200 7044
192.168.10.62 - - [28/Jan/2019:16:58:16 -0300] "GET /cormun/servlet/trconsultaempleado? HTTP/1.1" 200 7043
192.168.10.79 - - [28/Jan/2019:16:58:16 -0300] "POST /cormun/servlet/trsolicitudgral?2396f689fe503c943019c24612d787c5,,gx-no-cache=1548705121385 HTTP/1.1" 200 7634
192.168.10.79 - - [28/Jan/2019:16:58:19 -0300] "GET /cormun/servlet/vesolicitudgral?2018,11381,, HTTP/1.1" 200 9334
192.168.10.79 - - [28/Jan/2019:16:58:19 -0300] "GET /cormun/pexe_scrolldiv.js HTTP/1.1" 404 1009
192.168.10.79 - - [28/Jan/2019:16:58:19 -0300] "GET /cormun/pexe_scrolldiv.js HTTP/1.1" 404 1009
192.168.10.79 - - [28/Jan/2019:16:58:19 -0300] "GET /cormun/servlet/vesolicitudgral?2018,11381,, HTTP/1.1" 200 9333
192.168.10.79 - - [28/Jan/2019:16:58:21 -0300] "GET /cormun/servlet/vesolicitudgral?2018,11381,,SolicitudOTAdjuntos HTTP/1.1" 200 11606
192.168.10.79 - - [28/Jan/2019:16:58:21 -0300] "GET /cormun/pexe_scrolldiv.js HTTP/1.1" 404 1009
192.168.10.79 - - [28/Jan/2019:16:58:21 -0300] "GET /cormun/pexe_scrolldiv.js HTTP/1.1" 404 1009
192.168.10.79 - - [28/Jan/2019:16:58:22 -0300] "GET /cormun/servlet/vesolicitudgral?2018,11381,,SolicitudOTAdjuntos HTTP/1.1" 200 11607
192.168.10.79 - - [28/Jan/2019:16:58:23 -0300] "POST /cormun/servlet/acontrolpreferencessavestate?None,DZAMUDIO,true HTTP/1.1" 200 35
192.168.10.62 - - [28/Jan/2019:16:58:27 -0300] "POST /cormun/servlet/trconsultaempleado?6883bfbd7df04050183fa368681fb8e7,,gx-no-cache=1548705132213 HTTP/1.1" 200 4774
192.168.10.79 - - [28/Jan/2019:16:58:27 -0300] "GET /cormun/PublicTempStorage/curriculum_vitae201805148930117.pdf HTTP/1.1" 200 126489
192.168.10.62 - - [28/Jan/2019:16:58:29 -0300] "GET /cormun/servlet/trsolicitudnombre?16535529, HTTP/1.1" 200 10089
192.168.10.62 - - [28/Jan/2019:16:58:29 -0300] "GET /cormun/servlet/trsolicitudnombre?16535529, HTTP/1.1" 200 10092
192.168.10.93 - - [28/Jan/2019:16:58:34 -0300] "POST /cormun/servlet/trsolicitudgral?c4c7a15de17ae3ec01ed28ae2bc44390,gx-no-cache=1548703713319,gx-no-cache=1548705139531 HTTP/1.1" 200 7336
192.168.10.93 - - [28/Jan/2019:16:58:36 -0300] "GET /cormun/servlet/vesolicitudgral?2018,10498,, HTTP/1.1" 200 9337
192.168.10.93 - - [28/Jan/2019:16:58:36 -0300] "GET /cormun/pexe_scrolldiv.js HTTP/1.1" 404 1009
192.168.10.93 - - [28/Jan/2019:16:58:36 -0300] "GET /cormun/pexe_scrolldiv.js HTTP/1.1" 404 1009
192.168.10.93 - - [28/Jan/2019:16:58:37 -0300] "GET /cormun/servlet/vesolicitudgral?2018,10498,, HTTP/1.1" 200 9314
192.168.10.93 - - [28/Jan/2019:16:58:42 -0300] "GET /cormun/servlet/vesolicitudgral?2018,10498,,SolicitudOTAdjuntos HTTP/1.1" 200 11760
192.168.10.93 - - [28/Jan/2019:16:58:42 -0300] "GET /cormun/pexe_scrolldiv.js HTTP/1.1" 404 1009
192.168.10.93 - - [28/Jan/2019:16:58:42 -0300] "GET /cormun/pexe_scrolldiv.js HTTP/1.1" 404 1009
192.168.10.93 - - [28/Jan/2019:16:58:43 -0300] "GET /cormun/servlet/vesolicitudgral?2018,10498,,SolicitudOTAdjuntos HTTP/1.1" 200 11759
192.168.10.93 - - [28/Jan/2019:16:58:43 -0300] "POST /cormun/servlet/acontrolpreferencessavestate?None,DZAMUDIO,true HTTP/1.1" 200 35
192.168.10.62 - - [28/Jan/2019:16:58:44 -0300] "GET /cormun/servlet/trconsultaempleado? HTTP/1.1" 200 7055
192.168.10.62 - - [28/Jan/2019:16:58:44 -0300] "GET /cormun/servlet/trconsultaempleado? HTTP/1.1" 200 7055
192.168.10.93 - - [28/Jan/2019:16:58:45 -0300] "GET /cormun/PublicTempStorage/curriculum__katherine_porra2647667.docx HTTP/1.1" 200 13190
192.168.10.62 - - [28/Jan/2019:16:58:58 -0300] "POST /cormun/servlet/trconsultaempleado?6883bfbd7df04050183fa368681fb8e7,,gx-no-cache=1548705164076 HTTP/1.1" 200 4842
192.168.10.62 - - [28/Jan/2019:16:59:03 -0300] "GET /cormun/servlet/trsolicitudnombre?17470285, HTTP/1.1" 200 9714
192.168.10.62 - - [28/Jan/2019:16:59:03 -0300] "GET /cormun/servlet/trsolicitudnombre?17470285, HTTP/1.1" 200 9717
192.168.10.62 - - [28/Jan/2019:17:00:10 -0300] "GET /cormun/servlet/trconsultaempleado? HTTP/1.1" 200 7131
192.168.10.62 - - [28/Jan/2019:17:00:11 -0300] "GET /cormun/servlet/trconsultaempleado? HTTP/1.1" 200 7131
192.168.10.62 - - [28/Jan/2019:17:00:28 -0300] "POST /cormun/servlet/trconsultaempleado?6883bfbd7df04050183fa368681fb8e7,,gx-no-cache=1548705253999 HTTP/1.1" 200 4766
192.168.10.62 - - [28/Jan/2019:17:00:32 -0300] "GET /cormun/servlet/trsolicitudnombre?15920908, HTTP/1.1" 200 10348
192.168.10.62 - - [28/Jan/2019:17:00:32 -0300] "GET /cormun/servlet/trsolicitudnombre?15920908, HTTP/1.1" 200 10351
192.168.10.62 - - [28/Jan/2019:17:00:51 -0300] "GET /cormun/servlet/trconsultaempleado? HTTP/1.1" 200 7045
192.168.10.62 - - [28/Jan/2019:17:00:51 -0300] "GET /cormun/servlet/trconsultaempleado? HTTP/1.1" 200 7044
192.168.10.79 - - [28/Jan/2019:17:00:52 -0300] "GET /cormun/servlet/vesolicitudgral?2018,11381,,SolicitudOTAdjuntos HTTP/1.1" 200 11606
192.168.10.79 - - [28/Jan/2019:17:00:53 -0300] "GET /cormun/servlet/vesolicitudgral?2018,11381,,SolicitudOTAdjuntos HTTP/1.1" 200 11606
192.168.10.79 - - [28/Jan/2019:17:00:54 -0300] "POST /cormun/servlet/acontrolpreferencessavestate?None,DZAMUDIO,true HTTP/1.1" 200 35
192.168.10.62 - - [28/Jan/2019:17:01:00 -0300] "POST /cormun/servlet/trconsultaempleado?6883bfbd7df04050183fa368681fb8e7,,gx-no-cache=1548705285862 HTTP/1.1" 200 4759
192.168.10.79 - - [28/Jan/2019:17:01:03 -0300] "POST /cormun/servlet/vesolicitudgral?2396f689fe503c943019c24612d787c5,2018,11381,,SolicitudOTAdjuntos,gx-no-cache=1548705288283 HTTP/1.1" 200 90
192.168.10.79 - - [28/Jan/2019:17:01:03 -0300] "GET /cormun/servlet/hpexe_link HTTP/1.1" 200 971
192.168.10.79 - - [28/Jan/2019:17:01:03 -0300] "GET /cormun/servlet/trsolicitudgral? HTTP/1.1" 200 10939
192.168.10.62 - - [28/Jan/2019:17:01:03 -0300] "GET /cormun/servlet/trsolicitudnombre?9734277, HTTP/1.1" 200 6480
192.168.10.79 - - [28/Jan/2019:17:01:03 -0300] "GET /cormun/servlet/trsolicitudgral? HTTP/1.1" 200 10938
192.168.10.62 - - [28/Jan/2019:17:01:03 -0300] "GET /cormun/servlet/trsolicitudnombre?9734277, HTTP/1.1" 200 6480
192.168.10.79 - - [28/Jan/2019:17:01:14 -0300] "POST /cormun/servlet/trsolicitudgral?2396f689fe503c943019c24612d787c5,,gx-no-cache=1548705300162 HTTP/1.1" 200 7320
192.168.10.62 - - [28/Jan/2019:17:01:16 -0300] "GET /cormun/servlet/trconsultaempleado? HTTP/1.1" 200 7037
192.168.10.62 - - [28/Jan/2019:17:01:17 -0300] "GET /cormun/servlet/trconsultaempleado? HTTP/1.1" 200 7036
192.168.10.79 - - [28/Jan/2019:17:01:21 -0300] "GET /cormun/servlet/vesolicitudgral?2018,11253,, HTTP/1.1" 200 9323
192.168.10.79 - - [28/Jan/2019:17:01:21 -0300] "GET /cormun/pexe_scrolldiv.js HTTP/1.1" 404 1009
192.168.10.79 - - [28/Jan/2019:17:01:21 -0300] "GET /cormun/pexe_scrolldiv.js HTTP/1.1" 404 1009
192.168.10.79 - - [28/Jan/2019:17:01:21 -0300] "GET /cormun/servlet/vesolicitudgral?2018,11253,, HTTP/1.1" 200 9322
192.168.10.93 - - [28/Jan/2019:17:01:23 -0300] "POST /cormun/servlet/vesolicitudgral?c4c7a15de17ae3ec01ed28ae2bc44390,2018,10498,,SolicitudOTAdjuntos,gx-no-cache=1548705308347 HTTP/1.1" 200 90
192.168.10.93 - - [28/Jan/2019:17:01:23 -0300] "GET /cormun/servlet/hpexe_link HTTP/1.1" 200 1002
192.168.10.93 - - [28/Jan/2019:17:01:23 -0300] "GET /cormun/servlet/trsolicitudgral?gx-no-cache=1548703713319 HTTP/1.1" 200 10653
192.168.10.93 - - [28/Jan/2019:17:01:23 -0300] "GET /cormun/servlet/trsolicitudgral?gx-no-cache=1548703713319 HTTP/1.1" 200 10674
192.168.10.79 - - [28/Jan/2019:17:01:24 -0300] "GET /cormun/servlet/vesolicitudgral?2018,11253,,SolicitudOTAdjuntos HTTP/1.1" 200 8029
192.168.10.79 - - [28/Jan/2019:17:01:24 -0300] "GET /cormun/pexe_scrolldiv.js HTTP/1.1" 404 1009
192.168.10.79 - - [28/Jan/2019:17:01:24 -0300] "GET /cormun/pexe_scrolldiv.js HTTP/1.1" 404 1009
192.168.10.79 - - [28/Jan/2019:17:01:24 -0300] "GET /cormun/servlet/vesolicitudgral?2018,11253,,SolicitudOTAdjuntos HTTP/1.1" 200 8029
192.168.10.79 - - [28/Jan/2019:17:01:25 -0300] "POST /cormun/servlet/acontrolpreferencessavestate?None,DZAMUDIO,true HTTP/1.1" 200 35
192.168.10.62 - - [28/Jan/2019:17:01:28 -0300] "POST /cormun/servlet/trconsultaempleado?6883bfbd7df04050183fa368681fb8e7,,gx-no-cache=1548705313374 HTTP/1.1" 200 4512
192.168.10.62 - - [28/Jan/2019:17:01:36 -0300] "POST /cormun/servlet/trconsultaempleado?6883bfbd7df04050183fa368681fb8e7,,gx-no-cache=1548705321708 HTTP/1.1" 200 4512
192.168.10.93 - - [28/Jan/2019:17:01:36 -0300] "POST /cormun/servlet/trsolicitudgral?c4c7a15de17ae3ec01ed28ae2bc44390,gx-no-cache=1548703713319,gx-no-cache=1548705322058 HTTP/1.1" 200 8543
192.168.10.62 - - [28/Jan/2019:17:01:41 -0300] "POST /cormun/servlet/trconsultaempleado?6883bfbd7df04050183fa368681fb8e7,,gx-no-cache=1548705326332 HTTP/1.1" 200 5059
