192.168.10.89 - - [04/Jan/2019:08:57:26 -0300] "GET /cormun/servlet/solicitudotcontratos?13e0fa12c3dcacb9984ff4e4a6ffd25da84250eb92a035edcbe7420f5cea6ef510126ed76e6bea1e8f01aca9868bddc2,gx-no-cache=1546602781516 HTTP/1.1" 200 30
192.168.10.89 - - [04/Jan/2019:08:57:26 -0300] "GET /cormun/servlet/solicitudotcontratos?13e0fa12c3dcacb9984ff4e4a6ffd25dfd9f6e3233e4531d6b04ed7736a3146951b785d4f66bb54708bf88c219cffc6bef00e8478f0b6562c0bee70da8b0f9b2459ca79bf7d5af623caaf2ea24959367272bc73bdec218e92503fb2d1d40149d3ea1468ba27aa3f8742e7c01ff804cc9,gx-no-cache=1546602781528 HTTP/1.1" 200 30
192.168.10.89 - - [04/Jan/2019:08:57:26 -0300] "GET /cormun/servlet/solicitudotcontratos?13e0fa12c3dcacb9984ff4e4a6ffd25ddc6d2d457e4b82260544f2120e97a8f39b7a4fbe8da275acf5bfc4e00ef09fcaef00e8478f0b6562c0bee70da8b0f9b21c71ba9adc6016e7717967c38ee0a2645cd90a9708a943d28107fa2c1369db2742fcefd2021ecaf31e382296e37d4a61,gx-no-cache=1546602781541 HTTP/1.1" 200 110
192.168.10.89 - - [04/Jan/2019:08:57:26 -0300] "POST /cormun/servlet/solicitudotcontratos?gx-no-cache=1546602781559 HTTP/1.1" 200 109
192.168.10.89 - - [04/Jan/2019:08:57:26 -0300] "GET /cormun/servlet/solicitudotcontratos?13e0fa12c3dcacb9984ff4e4a6ffd25d229dcd2ccf088927daee3e8fb2e7777d3ec46fd4e29b093e101424401cc906f20046387ecb58e9d514f6f6ab8f1d93b1ef00e8478f0b6562c0bee70da8b0f9b25bf17d5a4b49948d8fc7faf1a77bfb0ba84e1d6b136dcb649ea317dd775ad991ac842ed050e8ccb832575fc9da81de470046387ecb58e9d514f6f6ab8f1d93b13a79d8d936080847c967f01adf06f51ed8704b2a5a091c270be10f906b26c7848fb477bd029b363b4d45c6c1ac121bb54f50993e3ada3ad7b3fb586e5cdc95bbc21976d8c8a098322a2b66c8ffeace6a9bc37286d97add362dce81d6cf93ea3a0a281ec52faac2e0f9d34d6b16c43436,gx-no-cache=1546602781576 HTTP/1.1" 200 80
192.168.10.89 - - [04/Jan/2019:08:57:27 -0300] "POST /cormun/servlet/solicitudotcontratos?7b1ba8a7e5fb4db63714000cdd1b2eee,INS,2019,0,12911639,0,6,2018,1571,LEY+SEP,201811,14,B,,gx-no-cache=1546602782082 HTTP/1.1" 200 11050
192.168.10.89 - - [04/Jan/2019:08:57:28 -0300] "GET /cormun/servlet/solicitudotcontratos?13e0fa12c3dcacb9984ff4e4a6ffd25d282244a7b36ecc0af4ca5035559c3080258f7dd9e47ff9409d4749830c0fa56dbbb7e915b1400e6e7f6962fce8af68c6cba87f14aa8801561016f730077997526b378402824ec11859888665017acd57a9f6d21e202c2d9f26627c419a117302db7a2ddb112487233604541a5d037d39,gx-no-cache=1546602783172 HTTP/1.1" 200 30
192.168.10.89 - - [04/Jan/2019:08:57:28 -0300] "POST /cormun/servlet/solicitudotcontratos?7b1ba8a7e5fb4db63714000cdd1b2eee,INS,2019,0,12911639,0,6,2018,1571,LEY+SEP,201811,14,B,,gx-no-cache=1546602783185 HTTP/1.1" 200 93
192.168.10.89 - - [04/Jan/2019:08:57:28 -0300] "GET /cormun/servlet/hpexe_return? HTTP/1.1" 200 1066
192.168.10.89 - - [04/Jan/2019:08:57:28 -0300] "GET /cormun/servlet/trcontratosolicitud?gx-no-cache=1546601059067 HTTP/1.1" 200 9713
192.168.10.89 - - [04/Jan/2019:08:57:43 -0300] "GET /cormun/servlet/solicitudotcontratos?INS,2019,0,11079118,6,6,2018,2134,NADA,201811,3,B, HTTP/1.1" 200 10014
192.168.10.89 - - [04/Jan/2019:08:57:44 -0300] "GET /cormun/servlet/solicitudotcontratos?13e0fa12c3dcacb9984ff4e4a6ffd25d93ac65f43d24aad36c928c0c7940bda12418a2f2e41881807ed8e016260f9654,gx-no-cache=1546602799434 HTTP/1.1" 200 30
192.168.10.89 - - [04/Jan/2019:08:57:44 -0300] "GET /cormun/servlet/solicitudotcontratos?13e0fa12c3dcacb9984ff4e4a6ffd25d4ffa0c9101f701d0bd88622a6bcc9d3ea060a4963b8ffd63ab1c7b8f116d0f31,gx-no-cache=1546602799454 HTTP/1.1" 200 30
192.168.10.89 - - [04/Jan/2019:08:57:44 -0300] "GET /cormun/servlet/solicitudotcontratos?13e0fa12c3dcacb9984ff4e4a6ffd25d3849eb6e45e25c040bc70151474b9a69cd0891956f6fba7687c0a73f34a42fb2013b8b94c2f1f9d72d58b121d20725bb6bf222cc3f220b10fdcdf19ba37c1d5fd7e7580f752a9d93834fb13584d7e5916e11f70d29d2a06e903e8897e791d55f87e2de4681cf8ef8a99eb1bca5ce3d29,gx-no-cache=1546602799469 HTTP/1.1" 200 50
192.168.10.89 - - [04/Jan/2019:08:57:44 -0300] "GET /cormun/servlet/solicitudotcontratos?13e0fa12c3dcacb9984ff4e4a6ffd25d707e0071979255bcdfe83d6b2bf3d2ff8591b47a514886d70d6c9049f927149c,gx-no-cache=1546602799484 HTTP/1.1" 200 30
192.168.10.89 - - [04/Jan/2019:08:57:44 -0300] "GET /cormun/servlet/solicitudotcontratos?13e0fa12c3dcacb9984ff4e4a6ffd25dfd9f6e3233e4531d6b04ed7736a3146951b785d4f66bb54708bf88c219cffc6bef00e8478f0b6562c0bee70da8b0f9b2459ca79bf7d5af623caaf2ea24959367272bc73bdec218e92503fb2d1d40149d3ea1468ba27aa3f8742e7c01ff804cc9,gx-no-cache=1546602799498 HTTP/1.1" 200 30
192.168.10.89 - - [04/Jan/2019:08:57:44 -0300] "GET /cormun/servlet/solicitudotcontratos?13e0fa12c3dcacb9984ff4e4a6ffd25ddc6d2d457e4b82260544f2120e97a8f39b7a4fbe8da275acf5bfc4e00ef09fcaef00e8478f0b6562c0bee70da8b0f9b21c71ba9adc6016e7717967c38ee0a2645cd90a9708a943d28107fa2c1369db2742fcefd2021ecaf31e382296e37d4a61,gx-no-cache=1546602799511 HTTP/1.1" 200 110
192.168.10.89 - - [04/Jan/2019:08:57:44 -0300] "POST /cormun/servlet/solicitudotcontratos?gx-no-cache=1546602799530 HTTP/1.1" 200 97
192.168.10.89 - - [04/Jan/2019:08:57:44 -0300] "GET /cormun/servlet/solicitudotcontratos?13e0fa12c3dcacb9984ff4e4a6ffd25d229dcd2ccf088927daee3e8fb2e7777d3ec46fd4e29b093e101424401cc906f2147c76185573b32e214554f5018423f45b930e0347d1514103bf0bde3bfb55cba5204e9b75ae84a3256d36ce3b540b9d024352774cb02f0a8d51bcb01dca405e9c088d2795b3d2ddbf604219a762cd89552a4b1a2de8790c0d07042a9c0f5eabebebdc87e51a1e066b1fb9bf564732f51145eda125f87ccaf6ea8b92ad4fb0b652ee7283902992b8d30f95073c31a3fd7ea5fe088762bb23cd8be8b8ba0f64d7,gx-no-cache=1546602799547 HTTP/1.1" 200 73
192.168.10.89 - - [04/Jan/2019:08:57:46 -0300] "POST /cormun/servlet/solicitudotcontratos?7b1ba8a7e5fb4db63714000cdd1b2eee,INS,2019,0,11079118,6,6,2018,2134,NADA,201811,3,B,,gx-no-cache=1546602800907 HTTP/1.1" 200 11064
192.168.10.89 - - [04/Jan/2019:08:57:47 -0300] "GET /cormun/servlet/solicitudotcontratos?13e0fa12c3dcacb9984ff4e4a6ffd25d282244a7b36ecc0af4ca5035559c3080258f7dd9e47ff9409d4749830c0fa56dbbb7e915b1400e6e7f6962fce8af68c6cba87f14aa8801561016f730077997526b378402824ec11859888665017acd57a9f6d21e202c2d9f26627c419a117302db7a2ddb112487233604541a5d037d39,gx-no-cache=1546602802352 HTTP/1.1" 200 30
192.168.10.89 - - [04/Jan/2019:08:57:47 -0300] "POST /cormun/servlet/solicitudotcontratos?7b1ba8a7e5fb4db63714000cdd1b2eee,INS,2019,0,11079118,6,6,2018,2134,NADA,201811,3,B,,gx-no-cache=1546602802367 HTTP/1.1" 200 93
192.168.10.89 - - [04/Jan/2019:08:57:47 -0300] "GET /cormun/servlet/hpexe_return? HTTP/1.1" 200 1065
192.168.10.89 - - [04/Jan/2019:08:57:47 -0300] "GET /cormun/servlet/trcontratosolicitud?gx-no-cache=1546601059067 HTTP/1.1" 200 9591
192.168.10.89 - - [04/Jan/2019:08:57:54 -0300] "GET /cormun/servlet/solicitudotcontratos?INS,2019,0,11079118,6,6,2018,1584,LEY+SEP,201811,6,B, HTTP/1.1" 200 10016
192.168.10.89 - - [04/Jan/2019:08:57:55 -0300] "GET /cormun/servlet/solicitudotcontratos?13e0fa12c3dcacb9984ff4e4a6ffd25d93ac65f43d24aad36c928c0c7940bda12418a2f2e41881807ed8e016260f9654,gx-no-cache=1546602810069 HTTP/1.1" 200 30
192.168.10.89 - - [04/Jan/2019:08:57:55 -0300] "GET /cormun/servlet/solicitudotcontratos?13e0fa12c3dcacb9984ff4e4a6ffd25d4ffa0c9101f701d0bd88622a6bcc9d3ea060a4963b8ffd63ab1c7b8f116d0f31,gx-no-cache=1546602810099 HTTP/1.1" 200 30
192.168.10.89 - - [04/Jan/2019:08:57:55 -0300] "GET /cormun/servlet/solicitudotcontratos?13e0fa12c3dcacb9984ff4e4a6ffd25d3849eb6e45e25c040bc70151474b9a69cd0891956f6fba7687c0a73f34a42fb2013b8b94c2f1f9d72d58b121d20725bb6bf222cc3f220b10fdcdf19ba37c1d5fd7e7580f752a9d93834fb13584d7e5916e11f70d29d2a06e903e8897e791d55f87e2de4681cf8ef8a99eb1bca5ce3d29,gx-no-cache=1546602810110 HTTP/1.1" 200 50
192.168.10.89 - - [04/Jan/2019:08:57:55 -0300] "GET /cormun/servlet/solicitudotcontratos?13e0fa12c3dcacb9984ff4e4a6ffd25d707e0071979255bcdfe83d6b2bf3d2ff8591b47a514886d70d6c9049f927149c,gx-no-cache=1546602810130 HTTP/1.1" 200 30
192.168.10.89 - - [04/Jan/2019:08:57:55 -0300] "GET /cormun/servlet/solicitudotcontratos?13e0fa12c3dcacb9984ff4e4a6ffd25dfd9f6e3233e4531d6b04ed7736a3146951b785d4f66bb54708bf88c219cffc6bef00e8478f0b6562c0bee70da8b0f9b2459ca79bf7d5af623caaf2ea24959367272bc73bdec218e92503fb2d1d40149d3ea1468ba27aa3f8742e7c01ff804cc9,gx-no-cache=1546602810149 HTTP/1.1" 200 30
190.171.142.18 - - [04/Jan/2019:08:57:55 -0300] "GET /cormun/servlet/trsolicitudot? HTTP/1.1" 200 10788
192.168.10.89 - - [04/Jan/2019:08:57:55 -0300] "GET /cormun/servlet/solicitudotcontratos?13e0fa12c3dcacb9984ff4e4a6ffd25ddc6d2d457e4b82260544f2120e97a8f39b7a4fbe8da275acf5bfc4e00ef09fcaef00e8478f0b6562c0bee70da8b0f9b21c71ba9adc6016e7717967c38ee0a2645cd90a9708a943d28107fa2c1369db2742fcefd2021ecaf31e382296e37d4a61,gx-no-cache=1546602810163 HTTP/1.1" 200 110
192.168.10.89 - - [04/Jan/2019:08:57:55 -0300] "POST /cormun/servlet/solicitudotcontratos?gx-no-cache=1546602810181 HTTP/1.1" 200 97
192.168.10.89 - - [04/Jan/2019:08:57:55 -0300] "GET /cormun/servlet/solicitudotcontratos?13e0fa12c3dcacb9984ff4e4a6ffd25d229dcd2ccf088927daee3e8fb2e7777d3ec46fd4e29b093e101424401cc906f2db7a4119361ff4271aacdf2a625b15acd150d09459babeb505b62b3ccaefe93eac6dede5a7d9400379dbfae9d2133aa9ac8dc61c002389ad10bbab5a77c3348b3b8cf1b9e89b604582e1d0b577a8819a303f8b57aa769f625602b180ce0849c6b99e27dbb6b249a208ece01690deedda2a7cf1210bd2bcb89afc309bde1de9ab2c3037bddd660bf778243125fa9d4f6284bfa8465aa23e2afa80bfde67a86e92128b5315f370517931349e52e0c3eeb8,gx-no-cache=1546602810198 HTTP/1.1" 200 84
190.171.142.18 - - [04/Jan/2019:08:57:56 -0300] "GET /cormun/servlet/trsolicitudot? HTTP/1.1" 200 10782
192.168.10.89 - - [04/Jan/2019:08:57:59 -0300] "POST /cormun/servlet/solicitudotcontratos?gx-no-cache=1546602814570 HTTP/1.1" 200 79
192.168.10.89 - - [04/Jan/2019:08:58:01 -0300] "GET /cormun/servlet/solicitudotcontratos?13e0fa12c3dcacb9984ff4e4a6ffd25d49d4cbfad7fed3e3406b30249dfc1f5e957ffb6df1a97f479f7ec8cd8a1342063ec46fd4e29b093e101424401cc906f20046387ecb58e9d514f6f6ab8f1d93b1ef00e8478f0b6562c0bee70da8b0f9b284cc22d755093e63c32b0a33026350990afb8889213cf9012db20312b18c8aad7ae110fe4d698a4a9804c2f59d0e64fc2ab8208a735dd11f08cdd12ce5fc883f251b3d64fbbe4a33dc14a356853eb75ba3ead377160dd968f12b326c7e395f8b7aa1798656d111928647efdf560faf34,gx-no-cache=1546602816338 HTTP/1.1" 200 80
192.168.10.89 - - [04/Jan/2019:08:58:02 -0300] "POST /cormun/servlet/solicitudotcontratos?7b1ba8a7e5fb4db63714000cdd1b2eee,INS,2019,0,11079118,6,6,2018,1584,LEY+SEP,201811,6,B,,gx-no-cache=1546602817061 HTTP/1.1" 200 11050
192.168.10.89 - - [04/Jan/2019:08:58:03 -0300] "GET /cormun/servlet/solicitudotcontratos?13e0fa12c3dcacb9984ff4e4a6ffd25d282244a7b36ecc0af4ca5035559c3080258f7dd9e47ff9409d4749830c0fa56dbbb7e915b1400e6e7f6962fce8af68c6cba87f14aa8801561016f730077997526b378402824ec11859888665017acd57a9f6d21e202c2d9f26627c419a117302db7a2ddb112487233604541a5d037d39,gx-no-cache=1546602818281 HTTP/1.1" 200 30
192.168.10.89 - - [04/Jan/2019:08:58:03 -0300] "POST /cormun/servlet/solicitudotcontratos?7b1ba8a7e5fb4db63714000cdd1b2eee,INS,2019,0,11079118,6,6,2018,1584,LEY+SEP,201811,6,B,,gx-no-cache=1546602818295 HTTP/1.1" 200 93
192.168.10.89 - - [04/Jan/2019:08:58:03 -0300] "GET /cormun/servlet/hpexe_return? HTTP/1.1" 200 1066
192.168.10.89 - - [04/Jan/2019:08:58:03 -0300] "GET /cormun/servlet/trcontratosolicitud?gx-no-cache=1546601059067 HTTP/1.1" 200 9475
192.168.10.89 - - [04/Jan/2019:08:58:15 -0300] "GET /cormun/servlet/solicitudotcontratos?INS,2019,0,8269688,1,6,2018,1561,LEY+SEP,201811,2,B, HTTP/1.1" 200 10003
192.168.10.89 - - [04/Jan/2019:08:58:16 -0300] "GET /cormun/servlet/solicitudotcontratos?13e0fa12c3dcacb9984ff4e4a6ffd25d8bffcd3f5470c1d9d029f17d0c64fe097946a2e246cc92ee20cc28aa82226ff7,gx-no-cache=1546602831848 HTTP/1.1" 200 30
192.168.10.89 - - [04/Jan/2019:08:58:16 -0300] "GET /cormun/servlet/solicitudotcontratos?13e0fa12c3dcacb9984ff4e4a6ffd25d34597a3881ec198354572ce66774e824eda8917ef535107db6f33a836260b281,gx-no-cache=1546602831864 HTTP/1.1" 200 30
192.168.10.89 - - [04/Jan/2019:08:58:16 -0300] "GET /cormun/servlet/solicitudotcontratos?13e0fa12c3dcacb9984ff4e4a6ffd25d3849eb6e45e25c040bc70151474b9a69cd0891956f6fba7687c0a73f34a42fb2013b8b94c2f1f9d72d58b121d20725bb6bf222cc3f220b10fdcdf19ba37c1d5fd7e7580f752a9d93834fb13584d7e5916e11f70d29d2a06e903e8897e791d55f87e2de4681cf8ef8a99eb1bca5ce3d29,gx-no-cache=1546602831876 HTTP/1.1" 200 50
192.168.10.89 - - [04/Jan/2019:08:58:16 -0300] "GET /cormun/servlet/solicitudotcontratos?13e0fa12c3dcacb9984ff4e4a6ffd25d6d79290756322cb620c2ff65cc9cc9928007e8a14a01f20c808ed46c35042afb,gx-no-cache=1546602831893 HTTP/1.1" 200 30
192.168.10.89 - - [04/Jan/2019:08:58:16 -0300] "GET /cormun/servlet/solicitudotcontratos?13e0fa12c3dcacb9984ff4e4a6ffd25dfd9f6e3233e4531d6b04ed7736a3146951b785d4f66bb54708bf88c219cffc6bef00e8478f0b6562c0bee70da8b0f9b2459ca79bf7d5af623caaf2ea24959367272bc73bdec218e92503fb2d1d40149d3ea1468ba27aa3f8742e7c01ff804cc9,gx-no-cache=1546602831906 HTTP/1.1" 200 30
192.168.10.89 - - [04/Jan/2019:08:58:16 -0300] "GET /cormun/servlet/solicitudotcontratos?13e0fa12c3dcacb9984ff4e4a6ffd25ddc6d2d457e4b82260544f2120e97a8f39b7a4fbe8da275acf5bfc4e00ef09fcaef00e8478f0b6562c0bee70da8b0f9b21c71ba9adc6016e7717967c38ee0a2645cd90a9708a943d28107fa2c1369db2742fcefd2021ecaf31e382296e37d4a61,gx-no-cache=1546602831919 HTTP/1.1" 200 110
192.168.10.89 - - [04/Jan/2019:08:58:16 -0300] "POST /cormun/servlet/solicitudotcontratos?gx-no-cache=1546602831937 HTTP/1.1" 200 97
192.168.10.89 - - [04/Jan/2019:08:58:16 -0300] "GET /cormun/servlet/solicitudotcontratos?13e0fa12c3dcacb9984ff4e4a6ffd25d229dcd2ccf088927daee3e8fb2e7777d3ec46fd4e29b093e101424401cc906f2db7a4119361ff4271aacdf2a625b15acd150d09459babeb505b62b3ccaefe93eac6dede5a7d9400379dbfae9d2133aa9ac8dc61c002389ad10bbab5a77c3348b3b8cf1b9e89b604582e1d0b577a8819a303f8b57aa769f625602b180ce0849c6b99e27dbb6b249a208ece01690deedda2a7cf1210bd2bcb89afc309bde1de9ab2c3037bddd660bf778243125fa9d4f6284bfa8465aa23e2afa80bfde67a86e92128b5315f370517931349e52e0c3eeb8,gx-no-cache=1546602831953 HTTP/1.1" 200 84
192.168.10.89 - - [04/Jan/2019:08:58:21 -0300] "POST /cormun/servlet/solicitudotcontratos?gx-no-cache=1546602836297 HTTP/1.1" 200 79
192.168.10.89 - - [04/Jan/2019:08:58:23 -0300] "GET /cormun/servlet/solicitudotcontratos?13e0fa12c3dcacb9984ff4e4a6ffd25d49d4cbfad7fed3e3406b30249dfc1f5e957ffb6df1a97f479f7ec8cd8a1342063ec46fd4e29b093e101424401cc906f20046387ecb58e9d514f6f6ab8f1d93b1ef00e8478f0b6562c0bee70da8b0f9b284cc22d755093e63c32b0a33026350990afb8889213cf9012db20312b18c8aad7ae110fe4d698a4a9804c2f59d0e64fc2ab8208a735dd11f08cdd12ce5fc883f251b3d64fbbe4a33dc14a356853eb75ba3ead377160dd968f12b326c7e395f8b7aa1798656d111928647efdf560faf34,gx-no-cache=1546602838570 HTTP/1.1" 200 80
192.168.10.89 - - [04/Jan/2019:08:58:24 -0300] "POST /cormun/servlet/solicitudotcontratos?7b1ba8a7e5fb4db63714000cdd1b2eee,INS,2019,0,8269688,1,6,2018,1561,LEY+SEP,201811,2,B,,gx-no-cache=1546602839806 HTTP/1.1" 200 11040
192.168.10.89 - - [04/Jan/2019:08:58:26 -0300] "GET /cormun/servlet/solicitudotcontratos?13e0fa12c3dcacb9984ff4e4a6ffd25d282244a7b36ecc0af4ca5035559c3080258f7dd9e47ff9409d4749830c0fa56dbbb7e915b1400e6e7f6962fce8af68c6cba87f14aa8801561016f730077997526b378402824ec11859888665017acd57a9f6d21e202c2d9f26627c419a117302db7a2ddb112487233604541a5d037d39,gx-no-cache=1546602841024 HTTP/1.1" 200 30
192.168.10.89 - - [04/Jan/2019:08:58:26 -0300] "POST /cormun/servlet/solicitudotcontratos?7b1ba8a7e5fb4db63714000cdd1b2eee,INS,2019,0,8269688,1,6,2018,1561,LEY+SEP,201811,2,B,,gx-no-cache=1546602841038 HTTP/1.1" 200 93
192.168.10.89 - - [04/Jan/2019:08:58:26 -0300] "GET /cormun/servlet/hpexe_return? HTTP/1.1" 200 1066
192.168.10.89 - - [04/Jan/2019:08:58:26 -0300] "GET /cormun/servlet/trcontratosolicitud?gx-no-cache=1546601059067 HTTP/1.1" 200 9384
192.168.10.89 - - [04/Jan/2019:08:58:31 -0300] "GET /cormun/servlet/solicitudotcontratos?INS,2019,0,8269688,1,6,2018,1562,INTEGRACION,201811,3,B, HTTP/1.1" 200 10004
192.168.10.89 - - [04/Jan/2019:08:58:32 -0300] "GET /cormun/servlet/solicitudotcontratos?13e0fa12c3dcacb9984ff4e4a6ffd25d8bffcd3f5470c1d9d029f17d0c64fe097946a2e246cc92ee20cc28aa82226ff7,gx-no-cache=1546602847592 HTTP/1.1" 200 30
192.168.10.89 - - [04/Jan/2019:08:58:32 -0300] "GET /cormun/servlet/solicitudotcontratos?13e0fa12c3dcacb9984ff4e4a6ffd25d34597a3881ec198354572ce66774e824eda8917ef535107db6f33a836260b281,gx-no-cache=1546602847607 HTTP/1.1" 200 30
192.168.10.89 - - [04/Jan/2019:08:58:32 -0300] "GET /cormun/servlet/solicitudotcontratos?13e0fa12c3dcacb9984ff4e4a6ffd25d3849eb6e45e25c040bc70151474b9a69cd0891956f6fba7687c0a73f34a42fb2013b8b94c2f1f9d72d58b121d20725bb6bf222cc3f220b10fdcdf19ba37c1d5fd7e7580f752a9d93834fb13584d7e5916e11f70d29d2a06e903e8897e791d55f87e2de4681cf8ef8a99eb1bca5ce3d29,gx-no-cache=1546602847618 HTTP/1.1" 200 50
192.168.10.89 - - [04/Jan/2019:08:58:32 -0300] "GET /cormun/servlet/solicitudotcontratos?13e0fa12c3dcacb9984ff4e4a6ffd25d6d79290756322cb620c2ff65cc9cc9928007e8a14a01f20c808ed46c35042afb,gx-no-cache=1546602847632 HTTP/1.1" 200 30
192.168.10.89 - - [04/Jan/2019:08:58:32 -0300] "GET /cormun/servlet/solicitudotcontratos?13e0fa12c3dcacb9984ff4e4a6ffd25dfd9f6e3233e4531d6b04ed7736a3146951b785d4f66bb54708bf88c219cffc6bef00e8478f0b6562c0bee70da8b0f9b2459ca79bf7d5af623caaf2ea24959367272bc73bdec218e92503fb2d1d40149d3ea1468ba27aa3f8742e7c01ff804cc9,gx-no-cache=1546602847643 HTTP/1.1" 200 30
192.168.10.89 - - [04/Jan/2019:08:58:32 -0300] "GET /cormun/servlet/solicitudotcontratos?13e0fa12c3dcacb9984ff4e4a6ffd25ddc6d2d457e4b82260544f2120e97a8f39b7a4fbe8da275acf5bfc4e00ef09fcaef00e8478f0b6562c0bee70da8b0f9b21c71ba9adc6016e7717967c38ee0a2645cd90a9708a943d28107fa2c1369db2742fcefd2021ecaf31e382296e37d4a61,gx-no-cache=1546602847655 HTTP/1.1" 200 110
192.168.10.89 - - [04/Jan/2019:08:58:32 -0300] "POST /cormun/servlet/solicitudotcontratos?gx-no-cache=1546602847671 HTTP/1.1" 200 97
192.168.10.89 - - [04/Jan/2019:08:58:32 -0300] "GET /cormun/servlet/solicitudotcontratos?13e0fa12c3dcacb9984ff4e4a6ffd25d229dcd2ccf088927daee3e8fb2e7777d3ec46fd4e29b093e101424401cc906f2db7a4119361ff4271aacdf2a625b15acd150d09459babeb505b62b3ccaefe93eac6dede5a7d9400379dbfae9d2133aa9ac8dc61c002389ad10bbab5a77c3348b3b8cf1b9e89b604582e1d0b577a8819a303f8b57aa769f625602b180ce0849c6b99e27dbb6b249a208ece01690deedda2a7cf1210bd2bcb89afc309bde1de9ab2c3037bddd660bf778243125fa9d4f6284bfa8465aa23e2afa80bfde67a86e92128b5315f370517931349e52e0c3eeb8,gx-no-cache=1546602847686 HTTP/1.1" 200 84
192.168.10.89 - - [04/Jan/2019:08:58:32 -0300] "POST /cormun/servlet/solicitudotcontratos?7b1ba8a7e5fb4db63714000cdd1b2eee,INS,2019,0,8269688,1,6,2018,1562,INTEGRACION,201811,3,B,,gx-no-cache=1546602847715 HTTP/1.1" 200 11060
192.168.10.89 - - [04/Jan/2019:08:58:34 -0300] "GET /cormun/servlet/solicitudotcontratos?13e0fa12c3dcacb9984ff4e4a6ffd25d282244a7b36ecc0af4ca5035559c3080258f7dd9e47ff9409d4749830c0fa56dbbb7e915b1400e6e7f6962fce8af68c6cba87f14aa8801561016f730077997526b378402824ec11859888665017acd57a9f6d21e202c2d9f26627c419a117302db7a2ddb112487233604541a5d037d39,gx-no-cache=1546602849022 HTTP/1.1" 200 30
192.168.10.89 - - [04/Jan/2019:08:58:34 -0300] "POST /cormun/servlet/solicitudotcontratos?7b1ba8a7e5fb4db63714000cdd1b2eee,INS,2019,0,8269688,1,6,2018,1562,INTEGRACION,201811,3,B,,gx-no-cache=1546602849036 HTTP/1.1" 200 93
192.168.10.89 - - [04/Jan/2019:08:58:34 -0300] "GET /cormun/servlet/hpexe_return? HTTP/1.1" 200 1069
192.168.10.89 - - [04/Jan/2019:08:58:34 -0300] "GET /cormun/servlet/trcontratosolicitud?gx-no-cache=1546601059067 HTTP/1.1" 200 9278
192.168.10.89 - - [04/Jan/2019:08:59:03 -0300] "POST /cormun/servlet/trcontratosolicitud?7b1ba8a7e5fb4db63714000cdd1b2eee,gx-no-cache=1546601059067,gx-no-cache=1546602878472 HTTP/1.1" 200 12555
93.158.161.6 - - [04/Jan/2019:09:02:16 -0300] "GET /examples/async/async1 HTTP/1.1" 200 77
192.168.10.89 - - [04/Jan/2019:09:04:17 -0300] "GET /cormun/servlet/trsolicitudot? HTTP/1.1" 200 7482
192.168.10.89 - - [04/Jan/2019:09:04:19 -0300] "GET /cormun/servlet/solicitudot?INS,0,0, HTTP/1.1" 200 15044
192.168.10.89 - - [04/Jan/2019:09:04:37 -0300] "POST /cormun/servlet/solicitudot?gx-no-cache=1546603212773 HTTP/1.1" 200 3524
192.168.10.89 - - [04/Jan/2019:09:04:38 -0300] "POST /cormun/servlet/solicitudot?7b1ba8a7e5fb4db63714000cdd1b2eee,INS,0,0,,gx-no-cache=1546603212977 HTTP/1.1" 200 11846
192.168.10.89 - - [04/Jan/2019:09:04:39 -0300] "GET /cormun/servlet/solicitudot?13e0fa12c3dcacb9984ff4e4a6ffd25dd810d49cdf000a52ba3007f59fa66de53ea1468ba27aa3f8742e7c01ff804cc9,gx-no-cache=1546603214462 HTTP/1.1" 200 30
192.168.10.89 - - [04/Jan/2019:09:04:39 -0300] "GET /cormun/servlet/solicitudot?13e0fa12c3dcacb9984ff4e4a6ffd25d3790f406a916ad5118920e0e4ce9cba3dedfe764ab8c39364f26f26064eb300192240cd86faceec25fa928877b598e51,gx-no-cache=1546603214483 HTTP/1.1" 200 30
192.168.10.89 - - [04/Jan/2019:09:04:39 -0300] "GET /cormun/servlet/solicitudot?13e0fa12c3dcacb9984ff4e4a6ffd25d3a8ec3d33db84a5c3d284d3d32c888a7,gx-no-cache=1546603214496 HTTP/1.1" 200 51
192.168.10.89 - - [04/Jan/2019:09:04:39 -0300] "POST /cormun/servlet/solicitudot?gx-no-cache=1546603214518 HTTP/1.1" 200 255
192.168.10.89 - - [04/Jan/2019:09:04:39 -0300] "GET /cormun/servlet/solicitudot?13e0fa12c3dcacb9984ff4e4a6ffd25d0d9ae7d100de220cc508781650e084eeebeb20691dc3a880d70a365dd02f4b6bc1bf1fe49de11415fcb6da808b36802c14dae45a8ca5920013fe3d1a9423190cff38673bb45c057e4ebc41450284f851be1a30e555634c14f2cc4dc7cb1dad3ff12c2f122e0f2bbe324537d5c364f6feee726847efa5de209e2eeff224b6b35c72f76a33b0ca577e7ccdccd597fcf2eee26dab85e2fa5ffdf1ff6f1ba77229ce192fd53d428f7d276db4160a1f929916d8f80ff7cdb5f5833ab5d78f548229f347bdf5a87c36a6285e1fde6686b63645da3bfe1030ef1374f0c330744dcd355ca522670bb652f4151c33321bdedbdecf7bd8c59fcb3ca57e62378b1fc87179e0145ae54ab058ab8c80f60cbe06057fe93fef8771bf80924c495dfd7864fb766c6a3d1165192d84c025dfe0615b90feb8639bae1ac9b42884c8fbd411a8c777122623d2c58f8d77e16be1fba3bb1db2b375f0bdde6438f997e45d9b19938306420c4411af90e8b4b313578f2fc6e5d19d,gx-no-cache=1546603214547 HTTP/1.1" 200 30
192.168.10.89 - - [04/Jan/2019:09:04:40 -0300] "POST /cormun/servlet/solicitudot?gx-no-cache=1546603215844 HTTP/1.1" 200 30
192.168.10.89 - - [04/Jan/2019:09:04:42 -0300] "GET /cormun/servlet/prsolicitudot?19262421,,,,,MD,,gxPopupLevel%3D0%3B HTTP/1.1" 200 6124
192.168.10.89 - - [04/Jan/2019:09:04:45 -0300] "POST /cormun/servlet/solicitudot?gx-no-cache=1546603220815 HTTP/1.1" 200 1282
192.168.10.89 - - [04/Jan/2019:09:04:45 -0300] "POST /cormun/servlet/solicitudot?gx-no-cache=1546603220846 HTTP/1.1" 200 38
192.168.10.89 - - [04/Jan/2019:09:04:45 -0300] "GET /cormun/servlet/solicitudot?13e0fa12c3dcacb9984ff4e4a6ffd25ddc6d2d457e4b82260544f2120e97a8f39b7a4fbe8da275acf5bfc4e00ef09fcaef00e8478f0b6562c0bee70da8b0f9b21c71ba9adc6016e7717967c38ee0a2645cd90a9708a943d28107fa2c1369db2742fcefd2021ecaf31e382296e37d4a61,gx-no-cache=1546603220860 HTTP/1.1" 200 110
192.168.10.89 - - [04/Jan/2019:09:04:45 -0300] "POST /cormun/servlet/solicitudot?gx-no-cache=1546603220887 HTTP/1.1" 200 97
192.168.10.89 - - [04/Jan/2019:09:04:45 -0300] "GET /cormun/servlet/solicitudot?13e0fa12c3dcacb9984ff4e4a6ffd25d52d78a7c9a5a6d9c631ab1cbf1ede3820eca100b8ffd6ef30ababb8459e0fb3261923e7d19fadf135809f11f84c18150e862e696b384d3d272d34e51ecaf58bedd939d7cdb2ad644e1e213f80f0b2eb764b72604498de44a31679acc37ab0d5a76ae3c3dbe358a9be016fa85b0ac924170db05161df982e304976564fae3e22d2221f8bf56cddde3a3e2f2d6923c4d2b,gx-no-cache=1546603220910 HTTP/1.1" 200 29
192.168.10.89 - - [04/Jan/2019:09:04:45 -0300] "GET /cormun/servlet/solicitudot?13e0fa12c3dcacb9984ff4e4a6ffd25d6ab8fc0125717cbc349da06170391f1b00d0b42723171c4c9be92defbb406b36,gx-no-cache=1546603220929 HTTP/1.1" 200 30
192.168.10.89 - - [04/Jan/2019:09:05:05 -0300] "GET /cormun/servlet/solicitudot?13e0fa12c3dcacb9984ff4e4a6ffd25d52d78a7c9a5a6d9c631ab1cbf1ede3820eca100b8ffd6ef30ababb8459e0fb3261923e7d19fadf135809f11f84c18150e862e696b384d3d272d34e51ecaf58bedd939d7cdb2ad644e1e213f80f0b2eb764b72604498de44a31679acc37ab0d5a76ae3c3dbe358a9be016fa85b0ac924170db05161df982e304976564fae3e22d2221f8bf56cddde3a3e2f2d6923c4d2b,gx-no-cache=1546603240847 HTTP/1.1" 200 29
192.168.10.89 - - [04/Jan/2019:09:05:06 -0300] "GET /cormun/servlet/solicitudot?13e0fa12c3dcacb9984ff4e4a6ffd25d6ab8fc0125717cbc349da06170391f1b00d0b42723171c4c9be92defbb406b36,gx-no-cache=1546603241488 HTTP/1.1" 200 30
192.168.10.89 - - [04/Jan/2019:09:05:06 -0300] "POST /cormun/servlet/solicitudot?gx-no-cache=1546603241829 HTTP/1.1" 200 33
192.168.10.89 - - [04/Jan/2019:09:05:11 -0300] "POST /cormun/servlet/solicitudot?7b1ba8a7e5fb4db63714000cdd1b2eee,INS,0,0,,gx-no-cache=1546603245723 HTTP/1.1" 200 93
192.168.10.89 - - [04/Jan/2019:09:05:11 -0300] "GET /cormun/servlet/hpexe_return? HTTP/1.1" 200 1004
192.168.10.89 - - [04/Jan/2019:09:05:11 -0300] "GET /cormun/servlet/trsolicitudot HTTP/1.1" 200 8845
192.168.10.89 - - [04/Jan/2019:09:05:31 -0300] "GET /cormun/servlet/solicitudot?INS,0,0, HTTP/1.1" 200 15046
190.171.142.18 - - [04/Jan/2019:09:05:42 -0300] "POST /cormun/servlet/trsolicitudot?e6279d119b242ee676af8df106a586f1,,gx-no-cache=1546603543676 HTTP/1.1" 200 107
190.171.142.18 - - [04/Jan/2019:09:05:42 -0300] "GET /cormun/servlet/trsolicitudadjuntos?2019,12571, HTTP/1.1" 200 6438
190.171.142.18 - - [04/Jan/2019:09:05:43 -0300] "GET /cormun/servlet/trsolicitudadjuntos?2019,12571, HTTP/1.1" 200 6438
190.171.142.18 - - [04/Jan/2019:09:05:46 -0300] "GET /cormun/servlet/solicitudotadjuntos?INS,2019,12571,,1, HTTP/1.1" 200 6379
190.171.142.18 - - [04/Jan/2019:09:05:46 -0300] "GET /cormun/static/about:blank HTTP/1.1" 404 1011
190.171.142.18 - - [04/Jan/2019:09:05:46 -0300] "GET /cormun/servlet/solicitudotadjuntos?INS,2019,12571,,1, HTTP/1.1" 200 6372
190.171.142.18 - - [04/Jan/2019:09:05:47 -0300] "GET /cormun/servlet/solicitudotadjuntos?80104e7244570b931e8eca13b3f6e904cccb5f4d40751d12644c30233724e555d98b373882686889c95aba405f40f29c,gx-no-cache=1546603549187 HTTP/1.1" 200 30
190.171.142.18 - - [04/Jan/2019:09:05:47 -0300] "POST /cormun/servlet/solicitudotadjuntos?e6279d119b242ee676af8df106a586f1,INS,2019,12571,,1,,gx-no-cache=1546603549347 HTTP/1.1" 200 4099
190.171.142.18 - - [04/Jan/2019:09:05:49 -0300] "POST /cormun/servlet/solicitudotadjuntos?gx-no-cache=1546603550972 HTTP/1.1" 200 26
190.171.142.18 - - [04/Jan/2019:09:05:58 -0300] "GET /cormun/servlet/solicitudotadjuntos?80104e7244570b931e8eca13b3f6e9041c4fbb6312169db8e5cba1201fdb1c24,gx-no-cache=1546603560164 HTTP/1.1" 200 30
190.171.142.18 - - [04/Jan/2019:09:05:58 -0300] "GET /cormun/servlet/solicitudotadjuntos?80104e7244570b931e8eca13b3f6e9041c4fbb6312169db8e5cba1201fdb1c24,gx-no-cache=1546603560197 HTTP/1.1" 200 30
190.171.142.18 - - [04/Jan/2019:09:05:58 -0300] "POST /cormun/servlet/solicitudotadjuntos?e6279d119b242ee676af8df106a586f1,INS,2019,12571,,1, HTTP/1.1" 200 116
190.171.142.18 - - [04/Jan/2019:09:05:58 -0300] "GET /cormun/servlet/hpexe_return? HTTP/1.1" 200 1022
190.171.142.18 - - [04/Jan/2019:09:05:59 -0300] "GET /cormun/servlet/trsolicitudadjuntos?2019,12571, HTTP/1.1" 200 8990
190.171.142.18 - - [04/Jan/2019:09:05:59 -0300] "GET /cormun/servlet/trsolicitudadjuntos?2019,12571, HTTP/1.1" 200 8989
190.171.142.18 - - [04/Jan/2019:09:06:02 -0300] "GET /cormun/servlet/solicitudotadjuntos?INS,2019,12571,,1, HTTP/1.1" 200 6379
190.171.142.18 - - [04/Jan/2019:09:06:02 -0300] "GET /cormun/static/about:blank HTTP/1.1" 404 1011
190.171.142.18 - - [04/Jan/2019:09:06:03 -0300] "GET /cormun/servlet/solicitudotadjuntos?INS,2019,12571,,1, HTTP/1.1" 200 6372
190.171.142.18 - - [04/Jan/2019:09:06:03 -0300] "GET /cormun/servlet/solicitudotadjuntos?80104e7244570b931e8eca13b3f6e904cccb5f4d40751d12644c30233724e555d98b373882686889c95aba405f40f29c,gx-no-cache=1546603565609 HTTP/1.1" 200 30
190.171.142.18 - - [04/Jan/2019:09:06:03 -0300] "POST /cormun/servlet/solicitudotadjuntos?e6279d119b242ee676af8df106a586f1,INS,2019,12571,,1,,gx-no-cache=1546603565636 HTTP/1.1" 200 4099
190.171.142.18 - - [04/Jan/2019:09:06:05 -0300] "POST /cormun/servlet/solicitudotadjuntos?gx-no-cache=1546603567844 HTTP/1.1" 200 26
192.168.10.89 - - [04/Jan/2019:09:06:06 -0300] "POST /cormun/servlet/solicitudot?gx-no-cache=1546603301725 HTTP/1.1" 200 3495
192.168.10.89 - - [04/Jan/2019:09:06:07 -0300] "POST /cormun/servlet/solicitudot?7b1ba8a7e5fb4db63714000cdd1b2eee,INS,0,0,,gx-no-cache=1546603301941 HTTP/1.1" 200 11825
190.171.142.18 - - [04/Jan/2019:09:06:09 -0300] "GET /cormun/servlet/solicitudotadjuntos?80104e7244570b931e8eca13b3f6e9041c4fbb6312169db8e5cba1201fdb1c24,gx-no-cache=1546603570956 HTTP/1.1" 200 30
190.171.142.18 - - [04/Jan/2019:09:06:09 -0300] "GET /cormun/servlet/solicitudotadjuntos?80104e7244570b931e8eca13b3f6e9041c4fbb6312169db8e5cba1201fdb1c24,gx-no-cache=1546603570970 HTTP/1.1" 200 30
190.171.142.18 - - [04/Jan/2019:09:06:09 -0300] "POST /cormun/servlet/solicitudotadjuntos?e6279d119b242ee676af8df106a586f1,INS,2019,12571,,1, HTTP/1.1" 200 116
190.171.142.18 - - [04/Jan/2019:09:06:09 -0300] "GET /cormun/servlet/hpexe_return? HTTP/1.1" 200 1022
190.171.142.18 - - [04/Jan/2019:09:06:09 -0300] "GET /cormun/servlet/trsolicitudadjuntos?2019,12571, HTTP/1.1" 200 9198
190.171.142.18 - - [04/Jan/2019:09:06:09 -0300] "GET /cormun/servlet/trsolicitudadjuntos?2019,12571, HTTP/1.1" 200 9197
192.168.10.89 - - [04/Jan/2019:09:06:10 -0300] "POST /cormun/servlet/solicitudot?7b1ba8a7e5fb4db63714000cdd1b2eee,INS,0,0,,gx-no-cache=1546603305553 HTTP/1.1" 200 93
192.168.10.89 - - [04/Jan/2019:09:06:10 -0300] "GET /cormun/servlet/hpexe_return? HTTP/1.1" 200 1004
192.168.10.89 - - [04/Jan/2019:09:06:10 -0300] "GET /cormun/servlet/trsolicitudot HTTP/1.1" 200 8845
190.171.142.18 - - [04/Jan/2019:09:06:11 -0300] "GET /cormun/servlet/solicitudotadjuntos?INS,2019,12571,,1, HTTP/1.1" 200 6379
190.171.142.18 - - [04/Jan/2019:09:06:11 -0300] "GET /cormun/static/about:blank HTTP/1.1" 404 1011
190.171.142.18 - - [04/Jan/2019:09:06:11 -0300] "GET /cormun/servlet/solicitudotadjuntos?INS,2019,12571,,1, HTTP/1.1" 200 6372
190.171.142.18 - - [04/Jan/2019:09:06:12 -0300] "GET /cormun/servlet/solicitudotadjuntos?80104e7244570b931e8eca13b3f6e904cccb5f4d40751d12644c30233724e555d98b373882686889c95aba405f40f29c,gx-no-cache=1546603574125 HTTP/1.1" 200 30
190.171.142.18 - - [04/Jan/2019:09:06:12 -0300] "POST /cormun/servlet/solicitudotadjuntos?e6279d119b242ee676af8df106a586f1,INS,2019,12571,,1,,gx-no-cache=1546603574159 HTTP/1.1" 200 4099
190.171.142.18 - - [04/Jan/2019:09:06:14 -0300] "POST /cormun/servlet/solicitudotadjuntos?gx-no-cache=1546603575740 HTTP/1.1" 200 26
190.171.142.18 - - [04/Jan/2019:09:06:31 -0300] "GET /cormun/servlet/solicitudotadjuntos?80104e7244570b931e8eca13b3f6e9041c4fbb6312169db8e5cba1201fdb1c24,gx-no-cache=1546603593116 HTTP/1.1" 200 30
190.171.142.18 - - [04/Jan/2019:09:06:31 -0300] "GET /cormun/servlet/solicitudotadjuntos?80104e7244570b931e8eca13b3f6e9041c4fbb6312169db8e5cba1201fdb1c24,gx-no-cache=1546603593129 HTTP/1.1" 200 30
190.171.142.18 - - [04/Jan/2019:09:06:31 -0300] "POST /cormun/servlet/solicitudotadjuntos?e6279d119b242ee676af8df106a586f1,INS,2019,12571,,1, HTTP/1.1" 200 116
190.171.142.18 - - [04/Jan/2019:09:06:31 -0300] "GET /cormun/servlet/hpexe_return? HTTP/1.1" 200 1022
190.171.142.18 - - [04/Jan/2019:09:06:31 -0300] "GET /cormun/servlet/trsolicitudadjuntos?2019,12571, HTTP/1.1" 200 9372
190.171.142.18 - - [04/Jan/2019:09:06:32 -0300] "GET /cormun/servlet/trsolicitudadjuntos?2019,12571, HTTP/1.1" 200 9370
190.171.142.18 - - [04/Jan/2019:09:06:33 -0300] "GET /cormun/servlet/solicitudotadjuntos?INS,2019,12571,,1, HTTP/1.1" 200 6380
190.171.142.18 - - [04/Jan/2019:09:06:33 -0300] "GET /cormun/static/about:blank HTTP/1.1" 404 1011
190.171.142.18 - - [04/Jan/2019:09:06:34 -0300] "GET /cormun/servlet/solicitudotadjuntos?INS,2019,12571,,1, HTTP/1.1" 200 6373
190.171.142.18 - - [04/Jan/2019:09:06:34 -0300] "GET /cormun/servlet/solicitudotadjuntos?80104e7244570b931e8eca13b3f6e904cccb5f4d40751d12644c30233724e555d98b373882686889c95aba405f40f29c,gx-no-cache=1546603596472 HTTP/1.1" 200 30
190.171.142.18 - - [04/Jan/2019:09:06:34 -0300] "POST /cormun/servlet/solicitudotadjuntos?e6279d119b242ee676af8df106a586f1,INS,2019,12571,,1,,gx-no-cache=1546603596497 HTTP/1.1" 200 4100
190.171.142.18 - - [04/Jan/2019:09:06:36 -0300] "POST /cormun/servlet/solicitudotadjuntos?gx-no-cache=1546603598012 HTTP/1.1" 200 26
190.171.142.18 - - [04/Jan/2019:09:06:40 -0300] "GET /cormun/servlet/solicitudotadjuntos?80104e7244570b931e8eca13b3f6e9041c4fbb6312169db8e5cba1201fdb1c24,gx-no-cache=1546603602772 HTTP/1.1" 200 30
190.171.142.18 - - [04/Jan/2019:09:06:40 -0300] "GET /cormun/servlet/solicitudotadjuntos?80104e7244570b931e8eca13b3f6e9041c4fbb6312169db8e5cba1201fdb1c24,gx-no-cache=1546603602784 HTTP/1.1" 200 30
190.171.142.18 - - [04/Jan/2019:09:06:40 -0300] "POST /cormun/servlet/solicitudotadjuntos?e6279d119b242ee676af8df106a586f1,INS,2019,12571,,1, HTTP/1.1" 200 116
190.171.142.18 - - [04/Jan/2019:09:06:41 -0300] "GET /cormun/servlet/hpexe_return? HTTP/1.1" 200 1022
190.171.142.18 - - [04/Jan/2019:09:06:41 -0300] "GET /cormun/servlet/trsolicitudadjuntos?2019,12571, HTTP/1.1" 200 9588
190.171.142.18 - - [04/Jan/2019:09:06:41 -0300] "GET /cormun/servlet/trsolicitudadjuntos?2019,12571, HTTP/1.1" 200 9586
190.171.142.18 - - [04/Jan/2019:09:06:43 -0300] "GET /cormun/servlet/solicitudotadjuntos?INS,2019,12571,,1, HTTP/1.1" 200 6380
190.171.142.18 - - [04/Jan/2019:09:06:43 -0300] "GET /cormun/static/about:blank HTTP/1.1" 404 1011
190.171.142.18 - - [04/Jan/2019:09:06:43 -0300] "GET /cormun/servlet/solicitudotadjuntos?INS,2019,12571,,1, HTTP/1.1" 200 6373
190.171.142.18 - - [04/Jan/2019:09:06:44 -0300] "GET /cormun/servlet/solicitudotadjuntos?80104e7244570b931e8eca13b3f6e904cccb5f4d40751d12644c30233724e555d98b373882686889c95aba405f40f29c,gx-no-cache=1546603606155 HTTP/1.1" 200 30
190.171.142.18 - - [04/Jan/2019:09:06:44 -0300] "POST /cormun/servlet/solicitudotadjuntos?e6279d119b242ee676af8df106a586f1,INS,2019,12571,,1,,gx-no-cache=1546603606185 HTTP/1.1" 200 4100
190.171.142.18 - - [04/Jan/2019:09:06:46 -0300] "POST /cormun/servlet/solicitudotadjuntos?gx-no-cache=1546603608548 HTTP/1.1" 200 26
190.171.142.18 - - [04/Jan/2019:09:06:51 -0300] "GET /cormun/servlet/solicitudotadjuntos?80104e7244570b931e8eca13b3f6e9041c4fbb6312169db8e5cba1201fdb1c24,gx-no-cache=1546603613675 HTTP/1.1" 200 30
190.171.142.18 - - [04/Jan/2019:09:06:51 -0300] "GET /cormun/servlet/solicitudotadjuntos?80104e7244570b931e8eca13b3f6e9041c4fbb6312169db8e5cba1201fdb1c24,gx-no-cache=1546603613705 HTTP/1.1" 200 30
192.168.10.89 - - [04/Jan/2019:09:06:51 -0300] "GET /cormun/servlet/solicitudot?INS,0,0, HTTP/1.1" 200 15046
190.171.142.18 - - [04/Jan/2019:09:06:51 -0300] "POST /cormun/servlet/solicitudotadjuntos?e6279d119b242ee676af8df106a586f1,INS,2019,12571,,1, HTTP/1.1" 200 116
190.171.142.18 - - [04/Jan/2019:09:06:52 -0300] "GET /cormun/servlet/hpexe_return? HTTP/1.1" 200 1022
190.171.142.18 - - [04/Jan/2019:09:06:52 -0300] "GET /cormun/servlet/trsolicitudadjuntos?2019,12571, HTTP/1.1" 200 9814
190.171.142.18 - - [04/Jan/2019:09:06:52 -0300] "GET /cormun/servlet/trsolicitudadjuntos?2019,12571, HTTP/1.1" 200 9813
190.171.142.18 - - [04/Jan/2019:09:06:54 -0300] "GET /cormun/servlet/solicitudotadjuntos?INS,2019,12571,,1, HTTP/1.1" 200 6380
190.171.142.18 - - [04/Jan/2019:09:06:54 -0300] "GET /cormun/static/about:blank HTTP/1.1" 404 1011
190.171.142.18 - - [04/Jan/2019:09:06:54 -0300] "GET /cormun/servlet/solicitudotadjuntos?INS,2019,12571,,1, HTTP/1.1" 200 6373
190.171.142.18 - - [04/Jan/2019:09:06:55 -0300] "GET /cormun/servlet/solicitudotadjuntos?80104e7244570b931e8eca13b3f6e904cccb5f4d40751d12644c30233724e555d98b373882686889c95aba405f40f29c,gx-no-cache=1546603617192 HTTP/1.1" 200 30
190.171.142.18 - - [04/Jan/2019:09:06:55 -0300] "POST /cormun/servlet/solicitudotadjuntos?e6279d119b242ee676af8df106a586f1,INS,2019,12571,,1,,gx-no-cache=1546603617234 HTTP/1.1" 200 4100
192.168.10.89 - - [04/Jan/2019:09:06:56 -0300] "POST /cormun/servlet/solicitudot?gx-no-cache=1546603351859 HTTP/1.1" 200 3519
192.168.10.89 - - [04/Jan/2019:09:06:57 -0300] "POST /cormun/servlet/solicitudot?7b1ba8a7e5fb4db63714000cdd1b2eee,INS,0,0,,gx-no-cache=1546603352066 HTTP/1.1" 200 11842
190.171.142.18 - - [04/Jan/2019:09:06:57 -0300] "POST /cormun/servlet/solicitudotadjuntos?gx-no-cache=1546603619305 HTTP/1.1" 200 26
192.168.10.89 - - [04/Jan/2019:09:07:00 -0300] "GET /cormun/servlet/solicitudot?13e0fa12c3dcacb9984ff4e4a6ffd25d5246bb926a8ecab44e200bd10b6518192418a2f2e41881807ed8e016260f9654,gx-no-cache=1546603355142 HTTP/1.1" 200 30
192.168.10.89 - - [04/Jan/2019:09:07:00 -0300] "GET /cormun/servlet/solicitudot?13e0fa12c3dcacb9984ff4e4a6ffd25de3b6cb472e1cee3d230a09227127d996807a89a07108927c7b330e72657e664256d92e954a81efd413b20a98f0504fdd,gx-no-cache=1546603355164 HTTP/1.1" 200 30
192.168.10.89 - - [04/Jan/2019:09:07:00 -0300] "GET /cormun/servlet/solicitudot?13e0fa12c3dcacb9984ff4e4a6ffd25d3a8ec3d33db84a5c3d284d3d32c888a7,gx-no-cache=1546603355176 HTTP/1.1" 200 51
192.168.10.89 - - [04/Jan/2019:09:07:00 -0300] "POST /cormun/servlet/solicitudot?gx-no-cache=1546603355193 HTTP/1.1" 200 255
192.168.10.89 - - [04/Jan/2019:09:07:00 -0300] "GET /cormun/servlet/solicitudot?13e0fa12c3dcacb9984ff4e4a6ffd25d0d9ae7d100de220cc508781650e084eeebeb20691dc3a880d70a365dd02f4b6bc1bf1fe49de11415fcb6da808b36802c14dae45a8ca5920013fe3d1a9423190cff38673bb45c057e4ebc41450284f851be1a30e555634c14f2cc4dc7cb1dad3ff12c2f122e0f2bbe324537d5c364f6feee726847efa5de209e2eeff224b6b35c72f76a33b0ca577e7ccdccd597fcf2eee26dab85e2fa5ffdf1ff6f1ba77229ce192fd53d428f7d276db4160a1f929916d8f80ff7cdb5f5833ab5d78f548229f347bdf5a87c36a6285e1fde6686b63645da3bfe1030ef1374f0c330744dcd355ca522670bb652f4151c33321bdedbdecf7bd8c59fcb3ca57e62378b1fc87179e0145ae54ab058ab8c80f60cbe06057fe93fef8771bf80924c495dfd7864fb766c6a3d1165192d84c025dfe0615b90feb8639bae1ac9b42884c8fbd411a8c777122623d2c58f8d77e16be1fba3bb1db2b375f0bdde6438f997e45d9b19938306420c4411af90e8b4b313578f2fc6e5d19d,gx-no-cache=1546603355213 HTTP/1.1" 200 30
190.171.142.18 - - [04/Jan/2019:09:07:01 -0300] "GET /cormun/servlet/solicitudotadjuntos?80104e7244570b931e8eca13b3f6e9041c4fbb6312169db8e5cba1201fdb1c24,gx-no-cache=1546603623593 HTTP/1.1" 200 30
190.171.142.18 - - [04/Jan/2019:09:07:01 -0300] "GET /cormun/servlet/solicitudotadjuntos?80104e7244570b931e8eca13b3f6e9041c4fbb6312169db8e5cba1201fdb1c24,gx-no-cache=1546603623606 HTTP/1.1" 200 30
190.171.142.18 - - [04/Jan/2019:09:07:01 -0300] "POST /cormun/servlet/solicitudotadjuntos?e6279d119b242ee676af8df106a586f1,INS,2019,12571,,1, HTTP/1.1" 200 116
190.171.142.18 - - [04/Jan/2019:09:07:01 -0300] "GET /cormun/servlet/hpexe_return? HTTP/1.1" 200 1022
190.171.142.18 - - [04/Jan/2019:09:07:02 -0300] "GET /cormun/servlet/trsolicitudadjuntos?2019,12571, HTTP/1.1" 200 10030
192.168.10.89 - - [04/Jan/2019:09:07:02 -0300] "POST /cormun/servlet/solicitudot?gx-no-cache=1546603357236 HTTP/1.1" 200 30
190.171.142.18 - - [04/Jan/2019:09:07:02 -0300] "GET /cormun/servlet/trsolicitudadjuntos?2019,12571, HTTP/1.1" 200 10030
192.168.10.89 - - [04/Jan/2019:09:07:03 -0300] "GET /cormun/servlet/prcontratosol?9403836,,,,,MD,,gxPopupLevel%3D0%3B HTTP/1.1" 200 7531
190.171.142.18 - - [04/Jan/2019:09:07:04 -0300] "GET /cormun/servlet/solicitudotadjuntos?INS,2019,12571,,2, HTTP/1.1" 200 6377
190.171.142.18 - - [04/Jan/2019:09:07:04 -0300] "GET /cormun/static/about:blank HTTP/1.1" 404 1011
190.171.142.18 - - [04/Jan/2019:09:07:04 -0300] "GET /cormun/servlet/solicitudotadjuntos?INS,2019,12571,,2, HTTP/1.1" 200 6370
190.171.142.18 - - [04/Jan/2019:09:07:05 -0300] "GET /cormun/servlet/solicitudotadjuntos?80104e7244570b931e8eca13b3f6e904cccb5f4d40751d12644c30233724e555d98b373882686889c95aba405f40f29c,gx-no-cache=1546603627296 HTTP/1.1" 200 30
190.171.142.18 - - [04/Jan/2019:09:07:05 -0300] "POST /cormun/servlet/solicitudotadjuntos?e6279d119b242ee676af8df106a586f1,INS,2019,12571,,2,,gx-no-cache=1546603627316 HTTP/1.1" 200 4237
192.168.10.89 - - [04/Jan/2019:09:07:05 -0300] "POST /cormun/servlet/solicitudot?gx-no-cache=1546603360713 HTTP/1.1" 200 1281
192.168.10.89 - - [04/Jan/2019:09:07:05 -0300] "POST /cormun/servlet/solicitudot?gx-no-cache=1546603360740 HTTP/1.1" 200 38
192.168.10.89 - - [04/Jan/2019:09:07:05 -0300] "GET /cormun/servlet/solicitudot?13e0fa12c3dcacb9984ff4e4a6ffd25ddc6d2d457e4b82260544f2120e97a8f39b7a4fbe8da275acf5bfc4e00ef09fcaef00e8478f0b6562c0bee70da8b0f9b21c71ba9adc6016e7717967c38ee0a2645cd90a9708a943d28107fa2c1369db2742fcefd2021ecaf31e382296e37d4a61,gx-no-cache=1546603360754 HTTP/1.1" 200 110
192.168.10.89 - - [04/Jan/2019:09:07:05 -0300] "POST /cormun/servlet/solicitudot?gx-no-cache=1546603360771 HTTP/1.1" 200 97
192.168.10.89 - - [04/Jan/2019:09:07:05 -0300] "GET /cormun/servlet/solicitudot?13e0fa12c3dcacb9984ff4e4a6ffd25d52d78a7c9a5a6d9c631ab1cbf1ede3820eca100b8ffd6ef30ababb8459e0fb3261923e7d19fadf135809f11f84c18150e862e696b384d3d272d34e51ecaf58bedd939d7cdb2ad644e1e213f80f0b2eb764b72604498de44a31679acc37ab0d5a76ae3c3dbe358a9be016fa85b0ac924170db05161df982e304976564fae3e22d2221f8bf56cddde3a3e2f2d6923c4d2b,gx-no-cache=1546603360794 HTTP/1.1" 200 29
192.168.10.89 - - [04/Jan/2019:09:07:05 -0300] "GET /cormun/servlet/solicitudot?13e0fa12c3dcacb9984ff4e4a6ffd25d593eb0717f8f325c7695d5104ea984de00d0b42723171c4c9be92defbb406b36,gx-no-cache=1546603360808 HTTP/1.1" 200 134
192.168.10.89 - - [04/Jan/2019:09:07:05 -0300] "GET /cormun/static/Shared/jqueryui/images/ui-icons_82798d_256x240.png HTTP/1.1" 404 1089
192.168.10.89 - - [04/Jan/2019:09:07:05 -0300] "GET /cormun/static/Shared/jqueryui/images/ui-icons_ebccce_256x240.png HTTP/1.1" 404 1089
192.168.10.89 - - [04/Jan/2019:09:07:05 -0300] "GET /cormun/static/Shared/jqueryui/images/ui-bg_highlight-soft_100_c6c2c8_1x100.png HTTP/1.1" 404 1117
192.168.10.89 - - [04/Jan/2019:09:07:06 -0300] "GET /cormun/static/Shared/jqueryui/images/ui-bg_flat_55_994d53_40x100.png HTTP/1.1" 404 1097
192.168.10.89 - - [04/Jan/2019:09:07:10 -0300] "GET /cormun/servlet/solicitudot?13e0fa12c3dcacb9984ff4e4a6ffd25d52d78a7c9a5a6d9c631ab1cbf1ede3820eca100b8ffd6ef30ababb8459e0fb3261923e7d19fadf135809f11f84c18150e862e696b384d3d272d34e51ecaf58bedd939d7cdb2ad644e1e213f80f0b2eb764b72604498de44a31679acc37ab0d5a76ae3c3dbe358a9be016fa85b0ac924170db05161df982e304976564fae3e22d2221f8bf56cddde3a3e2f2d6923c4d2b,gx-no-cache=1546603364990 HTTP/1.1" 200 29
192.168.10.89 - - [04/Jan/2019:09:07:12 -0300] "GET /cormun/servlet/solicitudot?13e0fa12c3dcacb9984ff4e4a6ffd25d6ab8fc0125717cbc349da06170391f1b00d0b42723171c4c9be92defbb406b36,gx-no-cache=1546603367157 HTTP/1.1" 200 30
192.168.10.89 - - [04/Jan/2019:09:07:14 -0300] "POST /cormun/servlet/solicitudot?gx-no-cache=1546603369546 HTTP/1.1" 200 33
192.168.10.89 - - [04/Jan/2019:09:07:21 -0300] "POST /cormun/servlet/solicitudot?7b1ba8a7e5fb4db63714000cdd1b2eee,INS,0,0,,gx-no-cache=1546603376268 HTTP/1.1" 200 93
192.168.10.89 - - [04/Jan/2019:09:07:21 -0300] "GET /cormun/servlet/hpexe_return? HTTP/1.1" 200 1004
192.168.10.89 - - [04/Jan/2019:09:07:21 -0300] "GET /cormun/servlet/trsolicitudot HTTP/1.1" 200 9264
190.171.142.18 - - [04/Jan/2019:09:07:31 -0300] "POST /cormun/servlet/solicitudotadjuntos?gx-no-cache=1546603653466 HTTP/1.1" 200 26
190.171.142.18 - - [04/Jan/2019:09:07:35 -0300] "GET /cormun/servlet/solicitudotadjuntos?80104e7244570b931e8eca13b3f6e9041c4fbb6312169db8e5cba1201fdb1c24,gx-no-cache=1546603657713 HTTP/1.1" 200 30
190.171.142.18 - - [04/Jan/2019:09:07:35 -0300] "GET /cormun/servlet/solicitudotadjuntos?80104e7244570b931e8eca13b3f6e9041c4fbb6312169db8e5cba1201fdb1c24,gx-no-cache=1546603657726 HTTP/1.1" 200 30
190.171.142.18 - - [04/Jan/2019:09:07:36 -0300] "POST /cormun/servlet/solicitudotadjuntos?e6279d119b242ee676af8df106a586f1,INS,2019,12571,,2, HTTP/1.1" 200 116
190.171.142.18 - - [04/Jan/2019:09:07:36 -0300] "GET /cormun/servlet/hpexe_return? HTTP/1.1" 200 1022
190.171.142.18 - - [04/Jan/2019:09:07:37 -0300] "GET /cormun/servlet/trsolicitudadjuntos?2019,12571, HTTP/1.1" 200 10201
190.171.142.18 - - [04/Jan/2019:09:07:37 -0300] "GET /cormun/servlet/trsolicitudadjuntos?2019,12571, HTTP/1.1" 200 10202
190.171.142.18 - - [04/Jan/2019:09:07:39 -0300] "POST /cormun/servlet/trsolicitudadjuntos?e6279d119b242ee676af8df106a586f1,2019,12571,,gx-no-cache=1546603661588 HTTP/1.1" 200 90
190.171.142.18 - - [04/Jan/2019:09:07:39 -0300] "GET /cormun/servlet/hpexe_link HTTP/1.1" 200 965
190.171.142.18 - - [04/Jan/2019:09:07:40 -0300] "GET /cormun/servlet/trsolicitudot HTTP/1.1" 200 10783
190.171.142.18 - - [04/Jan/2019:09:07:40 -0300] "GET /cormun/servlet/trsolicitudot HTTP/1.1" 200 10782
192.168.10.89 - - [04/Jan/2019:09:07:59 -0300] "GET /cormun/servlet/solicitudot?INS,0,0, HTTP/1.1" 200 15046
192.168.10.89 - - [04/Jan/2019:09:08:04 -0300] "POST /cormun/servlet/solicitudot?gx-no-cache=1546603419566 HTTP/1.1" 200 3423
192.168.10.89 - - [04/Jan/2019:09:08:04 -0300] "POST /cormun/servlet/solicitudot?7b1ba8a7e5fb4db63714000cdd1b2eee,INS,0,0,,gx-no-cache=1546603419753 HTTP/1.1" 200 11747
190.171.142.18 - - [04/Jan/2019:09:08:09 -0300] "POST /cormun/servlet/trsolicitudot?e6279d119b242ee676af8df106a586f1,gx-no-cache=1546603690996 HTTP/1.1" 200 7382
190.171.142.18 - - [04/Jan/2019:09:08:09 -0300] "GET /cormun/static/Shared/jqueryui/images/ui-bg_highlight-soft_100_c6c2c8_1x100.png HTTP/1.1" 404 1117
190.171.142.18 - - [04/Jan/2019:09:08:09 -0300] "GET /cormun/static/Shared/jqueryui/images/ui-icons_82798d_256x240.png HTTP/1.1" 404 1089
190.171.142.18 - - [04/Jan/2019:09:08:09 -0300] "GET /cormun/static/Shared/jqueryui/images/ui-bg_flat_55_fafafa_40x100.png HTTP/1.1" 404 1097
190.171.142.18 - - [04/Jan/2019:09:08:09 -0300] "GET /cormun/static/Shared/jqueryui/images/ui-icons_8d78a5_256x240.png HTTP/1.1" 404 1089
190.171.142.18 - - [04/Jan/2019:09:08:10 -0300] "POST /cormun/servlet/trsolicitudot?e6279d119b242ee676af8df106a586f1,gx-no-cache=1546603692066 HTTP/1.1" 200 7323
192.168.10.89 - - [04/Jan/2019:09:08:11 -0300] "GET /cormun/servlet/solicitudot?13e0fa12c3dcacb9984ff4e4a6ffd25d15b002e8658b9441eb8dd09c572f72943ea1468ba27aa3f8742e7c01ff804cc9,gx-no-cache=1546603426203 HTTP/1.1" 200 30
190.171.142.18 - - [04/Jan/2019:09:08:18 -0300] "GET /cormun/servlet/trautorizarsolicitud? HTTP/1.1" 200 8824
190.171.142.18 - - [04/Jan/2019:09:08:18 -0300] "GET /cormun/static/gxcfg.js?2017111423403364 HTTP/1.1" 200 953
190.171.142.18 - - [04/Jan/2019:09:08:18 -0300] "GET /cormun/servlet/trautorizarsolicitud? HTTP/1.1" 200 8823
190.171.142.18 - - [04/Jan/2019:09:08:21 -0300] "POST /cormun/servlet/trautorizarsolicitud?e6279d119b242ee676af8df106a586f1,,gx-no-cache=1546603702874 HTTP/1.1" 200 4687
190.171.142.18 - - [04/Jan/2019:09:08:21 -0300] "GET /cormun/static/Shared/jqueryui/images/ui-icons_8d78a5_256x240.png HTTP/1.1" 404 1089
190.171.142.18 - - [04/Jan/2019:09:08:21 -0300] "GET /cormun/static/Shared/jqueryui/images/ui-bg_flat_55_fafafa_40x100.png HTTP/1.1" 404 1097
190.171.142.18 - - [04/Jan/2019:09:08:21 -0300] "GET /cormun/static/Shared/jqueryui/images/ui-bg_highlight-soft_100_c6c2c8_1x100.png HTTP/1.1" 404 1117
190.171.142.18 - - [04/Jan/2019:09:08:21 -0300] "GET /cormun/static/Shared/jqueryui/images/ui-icons_82798d_256x240.png HTTP/1.1" 404 1089
190.171.142.18 - - [04/Jan/2019:09:08:22 -0300] "POST /cormun/servlet/trautorizarsolicitud?e6279d119b242ee676af8df106a586f1,,gx-no-cache=1546603703297 HTTP/1.1" 200 4467
93.158.161.6 - - [04/Jan/2019:09:08:52 -0300] "GET /examples/jsp/jsp2/misc/dynamicattrs.jsp HTTP/1.1" 200 736
192.168.10.89 - - [04/Jan/2019:09:09:03 -0300] "GET /cormun/servlet/solicitudot?13e0fa12c3dcacb9984ff4e4a6ffd25dc35550b03f038ae5aae562cba29f1f8534fba5bd9a28c4eeeddf263f768e6fa8502427b720efc0e5119cbf40a962ac67,gx-no-cache=1546603478810 HTTP/1.1" 200 30
192.168.10.89 - - [04/Jan/2019:09:09:08 -0300] "POST /cormun/servlet/solicitudot?7b1ba8a7e5fb4db63714000cdd1b2eee,INS,0,0,,gx-no-cache=1546603483391 HTTP/1.1" 200 11935
192.168.10.89 - - [04/Jan/2019:09:09:08 -0300] "GET /cormun/static/Shared/jqueryui/images/ui-bg_highlight-soft_100_c6c2c8_1x100.png HTTP/1.1" 404 1117
192.168.10.89 - - [04/Jan/2019:09:09:08 -0300] "GET /cormun/static/Shared/jqueryui/images/ui-bg_flat_55_fafafa_40x100.png HTTP/1.1" 404 1097
192.168.10.89 - - [04/Jan/2019:09:09:08 -0300] "GET /cormun/static/Shared/jqueryui/images/ui-icons_82798d_256x240.png HTTP/1.1" 404 1089
192.168.10.89 - - [04/Jan/2019:09:09:08 -0300] "GET /cormun/static/Shared/jqueryui/images/ui-icons_8d78a5_256x240.png HTTP/1.1" 404 1089
192.168.10.89 - - [04/Jan/2019:09:09:10 -0300] "GET /cormun/servlet/solicitudot?13e0fa12c3dcacb9984ff4e4a6ffd25df4bef2483748318b54eca98b75d218d1,gx-no-cache=1546603484989 HTTP/1.1" 200 29
192.168.10.89 - - [04/Jan/2019:09:09:11 -0300] "POST /cormun/servlet/solicitudot?gx-no-cache=1546603486175 HTTP/1.1" 200 255
192.168.10.89 - - [04/Jan/2019:09:09:13 -0300] "GET /cormun/servlet/solicitudot?13e0fa12c3dcacb9984ff4e4a6ffd25d0d9ae7d100de220cc508781650e084eeebeb20691dc3a880d70a365dd02f4b6bc1bf1fe49de11415fcb6da808b36802c14dae45a8ca5920013fe3d1a9423190cff38673bb45c057e4ebc41450284f851be1a30e555634c14f2cc4dc7cb1dad3ff12c2f122e0f2bbe324537d5c364f6feee726847efa5de209e2eeff224b6b35c72f76a33b0ca577e7ccdccd597fcf2eee26dab85e2fa5ffdf1ff6f1ba77229ce192fd53d428f7d276db4160a1f929916d8f80ff7cdb5f5833ab5d78f548229f347bdf5a87c36a6285e1fde6686b63645da3bfe1030ef1374f0c330744dcd355ca522670bb652f4151c33321bdedbdecf7bd8c59fcb3ca57e62378b1fc87179e0145ae54ab058ab8c80f60cbe06057fe93fef8771bf80924c495dfd7864fb766c6a3d1165192d84c025dfe0615b90feb8639bae1ac9b42884c8fbd411a8c777122623d2c58f8d77e16be1fba3bb1db2b375f0bdde6438f997e45d9b19938306420c4411af90e8b4b313578f2fc6e5d19d,gx-no-cache=1546603488599 HTTP/1.1" 200 30
192.168.10.89 - - [04/Jan/2019:09:09:15 -0300] "POST /cormun/servlet/solicitudot?gx-no-cache=1546603490589 HTTP/1.1" 200 30
192.168.10.89 - - [04/Jan/2019:09:09:19 -0300] "POST /cormun/servlet/solicitudot?gx-no-cache=1546603494903 HTTP/1.1" 200 1280
192.168.10.89 - - [04/Jan/2019:09:09:19 -0300] "POST /cormun/servlet/solicitudot?gx-no-cache=1546603494937 HTTP/1.1" 200 38
