192.168.10.96 - - [03/Jan/2019:15:44:49 -0300] "POST /cormun/servlet/solicitudotcontratos?90905ca1d9ae9c0bc2ac9e2b2521bcab,INS,2019,0,11487409,4,2,2018,1452,NADA,201811,44,*,,gx-no-cache=1546540824403 HTTP/1.1" 200 11014
192.168.10.96 - - [03/Jan/2019:15:44:49 -0300] "GET /cormun/servlet/solicitudotcontratos?f3ac85d8adf9c2e9caa00ff635c4b875dab21cdc009677fc4c6200abe2a57835cbde760c4755a8a76734bb0c1aa893a1c0530e42d53342df2b6340ab073f7f01c89ac36671df919b8fb72e1715f464b12a6572879ee40c2a052ca81096d6b3a6d8d014b5a18d919a587ba10b7732aeae8a9e17f46b860c82a3a3415f81f88102,gx-no-cache=1546540824626 HTTP/1.1" 200 30
192.168.10.96 - - [03/Jan/2019:15:44:49 -0300] "POST /cormun/servlet/solicitudotcontratos?90905ca1d9ae9c0bc2ac9e2b2521bcab,INS,2019,0,11487409,4,2,2018,1452,NADA,201811,44,*,,gx-no-cache=1546540824638 HTTP/1.1" 200 93
192.168.10.96 - - [03/Jan/2019:15:44:49 -0300] "GET /cormun/servlet/hpexe_return? HTTP/1.1" 200 1052
192.168.10.96 - - [03/Jan/2019:15:44:49 -0300] "GET /cormun/servlet/trcontratosolicitud? HTTP/1.1" 200 6822
192.168.10.96 - - [03/Jan/2019:15:44:50 -0300] "GET /cormun/servlet/trcontratosolicitud? HTTP/1.1" 200 6818
192.168.10.96 - - [03/Jan/2019:15:44:52 -0300] "POST /cormun/servlet/trcontratosolicitud?90905ca1d9ae9c0bc2ac9e2b2521bcab,,gx-no-cache=1546540827634 HTTP/1.1" 200 90
192.168.10.96 - - [03/Jan/2019:15:44:52 -0300] "GET /cormun/servlet/hpexe_link HTTP/1.1" 200 961
192.168.10.96 - - [03/Jan/2019:15:44:52 -0300] "GET /cormun/servlet/hhome HTTP/1.1" 200 4255
192.168.10.96 - - [03/Jan/2019:15:44:52 -0300] "GET /cormun/servlet/hhome HTTP/1.1" 200 4251
192.168.10.96 - - [03/Jan/2019:15:44:55 -0300] "GET /cormun/servlet/trcontratosolicitud? HTTP/1.1" 200 6819
192.168.10.96 - - [03/Jan/2019:15:44:56 -0300] "GET /cormun/servlet/trcontratosolicitud? HTTP/1.1" 200 6818
192.168.10.93 - - [03/Jan/2019:15:45:01 -0300] "POST /digitalizacion/servlet/wblogin?331d5edd4ea2e8559347d2ae645bf7a0,,gx-no-cache=1546540836633 HTTP/1.1" 200 65
192.168.10.93 - - [03/Jan/2019:15:45:01 -0300] "GET /digitalizacion/servlet/hhome HTTP/1.1" 200 2822
192.168.10.93 - - [03/Jan/2019:15:45:01 -0300] "GET /digitalizacion/static/gxui/gxui-all.css?110300 HTTP/1.1" 200 2179
192.168.10.93 - - [03/Jan/2019:15:45:01 -0300] "GET /digitalizacion/static/gxcfg.js?201841414272279 HTTP/1.1" 200 954
192.168.10.93 - - [03/Jan/2019:15:45:01 -0300] "GET /digitalizacion/static/SmoothNavMenu/resources/ddsmoothmenu-v.css?1012540 HTTP/1.1" 200 1188
192.168.10.93 - - [03/Jan/2019:15:45:01 -0300] "GET /digitalizacion/static/SmoothNavMenu/resources/ddsmoothmenu.css?1012540 HTTP/1.1" 200 2223
192.168.10.93 - - [03/Jan/2019:15:45:01 -0300] "GET /digitalizacion/static/Shared/jqueryui/jquery-ui.min.css?1245370 HTTP/1.1" 200 30288
192.168.10.93 - - [03/Jan/2019:15:45:01 -0300] "GET /digitalizacion/static/scaMessage/css/jquery.pnotify.default.css?1716380 HTTP/1.1" 200 1707
192.168.10.93 - - [03/Jan/2019:15:45:01 -0300] "GET /digitalizacion/static/Resources/CormunLogo2.png HTTP/1.1" 200 7733
192.168.10.93 - - [03/Jan/2019:15:45:01 -0300] "GET /digitalizacion/static/Resources/PXToolsHeaderHome.png HTTP/1.1" 200 1364
192.168.10.93 - - [03/Jan/2019:15:45:01 -0300] "GET /digitalizacion/static/Shared/ext/resources/css/ext-all.css?205870 HTTP/1.1" 200 416045
192.168.10.93 - - [03/Jan/2019:15:45:01 -0300] "GET /digitalizacion/static/gxui/gxui-all.js HTTP/1.1" 200 107772
192.168.10.93 - - [03/Jan/2019:15:45:01 -0300] "GET /digitalizacion/static/hhome.js?201841414272287 HTTP/1.1" 200 740
192.168.10.93 - - [03/Jan/2019:15:45:01 -0300] "GET /digitalizacion/static/hwchdr01.js?20184141438371 HTTP/1.1" 200 887
192.168.10.93 - - [03/Jan/2019:15:45:01 -0300] "GET /digitalizacion/static/hpexe_scripts.js?201841414233682 HTTP/1.1" 200 1506
192.168.10.93 - - [03/Jan/2019:15:45:01 -0300] "GET /digitalizacion/static/hpexe_messagepopupcomponent.js?201841414233469 HTTP/1.1" 200 568
192.168.10.93 - - [03/Jan/2019:15:45:01 -0300] "GET /digitalizacion/static/hpexe_messagegenexuscomponent.js?201841414233455 HTTP/1.1" 200 550
192.168.10.93 - - [03/Jan/2019:15:45:01 -0300] "GET /digitalizacion/static/hpexe_messagegxuicomponent.js?201841414233441 HTTP/1.1" 200 1103
192.168.10.93 - - [03/Jan/2019:15:45:01 -0300] "GET /digitalizacion/static/hpexe_messagecontroller.js?201841414233665 HTTP/1.1" 200 857
192.168.10.93 - - [03/Jan/2019:15:45:01 -0300] "GET /digitalizacion/static/Shared/ext/ext-all.js HTTP/1.1" 200 1289687
192.168.10.93 - - [03/Jan/2019:15:45:01 -0300] "GET /digitalizacion/static/Shared/jquery/jquery-1.4.2.min.js HTTP/1.1" 200 72174
192.168.10.93 - - [03/Jan/2019:15:45:01 -0300] "GET /digitalizacion/static/Resources/PXToolsDataTitle.png HTTP/1.1" 200 1173
192.168.10.93 - - [03/Jan/2019:15:45:01 -0300] "GET /digitalizacion/static/Shared/jqueryui/jquery-ui.min.js HTTP/1.1" 200 240427
192.168.10.93 - - [03/Jan/2019:15:45:01 -0300] "GET /digitalizacion/static/Resources/PXToolsHeaderLogin.png HTTP/1.1" 200 1432
192.168.10.93 - - [03/Jan/2019:15:45:01 -0300] "GET /digitalizacion/static/Resources/PXToolsHeaderPreferences.png HTTP/1.1" 200 1395
192.168.10.93 - - [03/Jan/2019:15:45:01 -0300] "GET /digitalizacion/static/SmoothNavMenu/resources/ddsmoothmenu.js HTTP/1.1" 200 12712
192.168.10.93 - - [03/Jan/2019:15:45:01 -0300] "GET /digitalizacion/static/SmoothNavMenu/resources/SmoothNavMenuRender.js HTTP/1.1" 200 5951
192.168.10.93 - - [03/Jan/2019:15:45:01 -0300] "GET /digitalizacion/static/scaMessage/js/jquery.pnotify.min.js HTTP/1.1" 200 13038
192.168.10.93 - - [03/Jan/2019:15:45:01 -0300] "GET /digitalizacion/static/scaMessage/scaMessageRender.js HTTP/1.1" 200 2408
192.168.10.93 - - [03/Jan/2019:15:45:01 -0300] "GET /digitalizacion/static/hmpwkw031.js?20184141427937 HTTP/1.1" 200 3800
192.168.10.93 - - [03/Jan/2019:15:45:01 -0300] "GET /digitalizacion/static/Shared/jquery/jquery-1.10.2.min.js HTTP/1.1" 200 273199
192.168.10.93 - - [03/Jan/2019:15:45:02 -0300] "GET /digitalizacion/servlet/hhome HTTP/1.1" 200 2820
192.168.10.93 - - [03/Jan/2019:15:45:02 -0300] "GET /digitalizacion/static/SmoothNavMenu/resources/images/down.gif HTTP/1.1" 200 854
192.168.10.93 - - [03/Jan/2019:15:45:07 -0300] "GET /digitalizacion/servlet/trdocumentos? HTTP/1.1" 200 9878
192.168.10.93 - - [03/Jan/2019:15:45:07 -0300] "GET /digitalizacion/static/gxcfg.js?20186221492466 HTTP/1.1" 200 954
192.168.10.93 - - [03/Jan/2019:15:45:07 -0300] "GET /digitalizacion/static/Resources/PXToolsDataSearch.png HTTP/1.1" 200 435
192.168.10.93 - - [03/Jan/2019:15:45:07 -0300] "GET /digitalizacion/static/Resources/PXToolsGridFirstDisabled.gif HTTP/1.1" 200 100
192.168.10.93 - - [03/Jan/2019:15:45:07 -0300] "GET /digitalizacion/static/gxdec.js?85251 HTTP/1.1" 200 19729
192.168.10.93 - - [03/Jan/2019:15:45:07 -0300] "GET /digitalizacion/static/trdocumentos.js?20186221492798 HTTP/1.1" 200 22386
192.168.10.93 - - [03/Jan/2019:15:45:07 -0300] "GET /digitalizacion/static/Resources/PXToolsGridPreviousDisabled.gif HTTP/1.1" 200 90
192.168.10.93 - - [03/Jan/2019:15:45:07 -0300] "GET /digitalizacion/static/Resources/PXToolsGridNextDisabled.gif HTTP/1.1" 200 90
192.168.10.93 - - [03/Jan/2019:15:45:07 -0300] "GET /digitalizacion/static/Resources/PXToolsGridLastDisabled.gif HTTP/1.1" 200 98
192.168.10.93 - - [03/Jan/2019:15:45:07 -0300] "GET /digitalizacion/static/Resources/PXToolsGridPage.gif HTTP/1.1" 200 725
192.168.10.93 - - [03/Jan/2019:15:45:07 -0300] "GET /digitalizacion/static/Resources/asc.gif HTTP/1.1" 200 67
192.168.10.93 - - [03/Jan/2019:15:45:07 -0300] "GET /digitalizacion/static/Resources/desc.gif HTTP/1.1" 200 65
192.168.10.93 - - [03/Jan/2019:15:45:07 -0300] "GET /digitalizacion//static/Resources/PXToolsGridDisplay.png HTTP/1.1" 200 525
192.168.10.93 - - [03/Jan/2019:15:45:08 -0300] "GET /digitalizacion/static/Shared/ext/resources/themes/images/default/panel/bg-headersPanel.png HTTP/1.1" 200 255
192.168.10.93 - - [03/Jan/2019:15:45:08 -0300] "GET /digitalizacion/static/Shared/ext/resources/themes/images/default/tools/tool-sprites.gif HTTP/1.1" 200 5434
192.168.10.93 - - [03/Jan/2019:15:45:08 -0300] "GET /digitalizacion/servlet/trdocumentos? HTTP/1.1" 200 9875
192.168.10.93 - - [03/Jan/2019:15:45:08 -0300] "POST /digitalizacion/servlet/trdocumentos?gx-no-cache=1546540843670 HTTP/1.1" 200 449
192.168.10.93 - - [03/Jan/2019:15:45:08 -0300] "POST /digitalizacion/servlet/trdocumentos?gx-no-cache=1546540843704 HTTP/1.1" 200 78
192.168.10.96 - - [03/Jan/2019:15:45:12 -0300] "POST /cormun/servlet/trcontratosolicitud?90905ca1d9ae9c0bc2ac9e2b2521bcab,,gx-no-cache=1546540847762 HTTP/1.1" 200 4215
192.168.10.96 - - [03/Jan/2019:15:45:13 -0300] "POST /cormun/servlet/trcontratosolicitud?90905ca1d9ae9c0bc2ac9e2b2521bcab,,gx-no-cache=1546540848904 HTTP/1.1" 200 4214
192.168.10.96 - - [03/Jan/2019:15:45:14 -0300] "POST /cormun/servlet/trcontratosolicitud?90905ca1d9ae9c0bc2ac9e2b2521bcab,,gx-no-cache=1546540849440 HTTP/1.1" 200 4215
192.168.10.96 - - [03/Jan/2019:15:45:14 -0300] "POST /cormun/servlet/trcontratosolicitud?90905ca1d9ae9c0bc2ac9e2b2521bcab,,gx-no-cache=1546540849664 HTTP/1.1" 200 4215
192.168.10.96 - - [03/Jan/2019:15:45:22 -0300] "POST /cormun/servlet/trcontratosolicitud?90905ca1d9ae9c0bc2ac9e2b2521bcab,,gx-no-cache=1546540857928 HTTP/1.1" 200 5024
192.168.10.96 - - [03/Jan/2019:15:45:24 -0300] "GET /cormun/servlet/solicitudotcontratos?INS,2019,0,17138525,3,2,2018,4902,NADA,201811,44,*, HTTP/1.1" 200 9966
192.168.10.96 - - [03/Jan/2019:15:45:24 -0300] "GET /cormun/servlet/solicitudotcontratos?INS,2019,0,17138525,3,2,2018,4902,NADA,201811,44,*, HTTP/1.1" 200 9998
192.168.10.96 - - [03/Jan/2019:15:45:25 -0300] "GET /cormun/servlet/solicitudotcontratos?f3ac85d8adf9c2e9caa00ff635c4b8757b9c7d48f1e94156960132b5546d746d10f835532bfb2da9b00c36cf41b86b4d,gx-no-cache=1546540860362 HTTP/1.1" 200 30
192.168.10.96 - - [03/Jan/2019:15:45:25 -0300] "GET /cormun/servlet/solicitudotcontratos?f3ac85d8adf9c2e9caa00ff635c4b8751e74d240e8c93ecdd91671646863b8fafe3b2853136dcc6e9bcfd2bb3e861888,gx-no-cache=1546540860385 HTTP/1.1" 200 30
192.168.10.96 - - [03/Jan/2019:15:45:25 -0300] "GET /cormun/servlet/solicitudotcontratos?f3ac85d8adf9c2e9caa00ff635c4b875d8e08c9aaecb4f8c88bd08d7d9703b43317ba5faddb8b8fe6738200ae0bbc84471c2a97aad4b7015616f19635bed874f3e1ff40276542184f99fe05a205ecfad4a3cffa0ffeca96a19eb3d3eec47ab371931063b847e6de8ef28a2f2a079fcfab3c87f9153fb7173694d3bc5697795e0,gx-no-cache=1546540860408 HTTP/1.1" 200 48
192.168.10.96 - - [03/Jan/2019:15:45:25 -0300] "GET /cormun/servlet/solicitudotcontratos?f3ac85d8adf9c2e9caa00ff635c4b875173c4a49cbb3cb638c1932212255e145d15a9f438182c90d1fcb8eb843e92e17,gx-no-cache=1546540860434 HTTP/1.1" 200 30
192.168.10.96 - - [03/Jan/2019:15:45:25 -0300] "GET /cormun/servlet/solicitudotcontratos?f3ac85d8adf9c2e9caa00ff635c4b8753fa0d0fda0af725769f2bd9be1288d46adca388b6632b36759f9d61168b0d217bde4216f3fd72682d0781a721075b7fa8f14f4ff5b4b56acfc7c266a9cf4b7a058e7cbd7ff284c93561e8d81d9f8493a81f5f27e50436377be54c27f371d20b9,gx-no-cache=1546540860452 HTTP/1.1" 200 30
192.168.10.96 - - [03/Jan/2019:15:45:25 -0300] "GET /cormun/servlet/solicitudotcontratos?f3ac85d8adf9c2e9caa00ff635c4b875c138b6c1676270d86a1dc8a3faaccacd18eb30dd31335c803d4bfeb0bf49d948bde4216f3fd72682d0781a721075b7fa6390fcc3d115dfc231c32b6924f5368ee19c94023e41e8ebb72a20637311d96172859b677dc5b21a16eb4151caa6d295,gx-no-cache=1546540860468 HTTP/1.1" 200 110
192.168.10.96 - - [03/Jan/2019:15:45:25 -0300] "POST /cormun/servlet/solicitudotcontratos?gx-no-cache=1546540860487 HTTP/1.1" 200 64
192.168.10.96 - - [03/Jan/2019:15:45:25 -0300] "GET /cormun/servlet/solicitudotcontratos?f3ac85d8adf9c2e9caa00ff635c4b875378721c987f4aeeb4fe15ba46b6a3406f082a6cf18c1b7bccbaf70e3d396b812e5e387299dbac6259cb8acbd55cf7534b6f68488aaf72f536a519d071e50fe1f9a0cd27ce8862fe1ca497e8569791e8552392ef9a70c5af9d8f5b17b8110a31c,gx-no-cache=1546540860509 HTTP/1.1" 200 73
192.168.10.96 - - [03/Jan/2019:15:45:26 -0300] "POST /cormun/servlet/solicitudotcontratos?90905ca1d9ae9c0bc2ac9e2b2521bcab,INS,2019,0,17138525,3,2,2018,4902,NADA,201811,44,*,,gx-no-cache=1546540861619 HTTP/1.1" 200 10996
192.168.10.96 - - [03/Jan/2019:15:45:26 -0300] "GET /cormun/servlet/solicitudotcontratos?f3ac85d8adf9c2e9caa00ff635c4b875dab21cdc009677fc4c6200abe2a57835cbde760c4755a8a76734bb0c1aa893a1c0530e42d53342df2b6340ab073f7f01c89ac36671df919b8fb72e1715f464b12a6572879ee40c2a052ca81096d6b3a6d8d014b5a18d919a587ba10b7732aeae8a9e17f46b860c82a3a3415f81f88102,gx-no-cache=1546540861925 HTTP/1.1" 200 30
192.168.10.96 - - [03/Jan/2019:15:45:27 -0300] "POST /cormun/servlet/solicitudotcontratos?90905ca1d9ae9c0bc2ac9e2b2521bcab,INS,2019,0,17138525,3,2,2018,4902,NADA,201811,44,*,,gx-no-cache=1546540861938 HTTP/1.1" 200 93
192.168.10.96 - - [03/Jan/2019:15:45:27 -0300] "GET /cormun/servlet/hpexe_return? HTTP/1.1" 200 1050
192.168.10.96 - - [03/Jan/2019:15:45:27 -0300] "GET /cormun/servlet/trcontratosolicitud? HTTP/1.1" 200 6819
192.168.10.96 - - [03/Jan/2019:15:45:27 -0300] "GET /cormun/servlet/trcontratosolicitud? HTTP/1.1" 200 6816
192.168.10.93 - - [03/Jan/2019:15:45:30 -0300] "POST /digitalizacion/servlet/trdocumentos?gx-no-cache=1546540865789 HTTP/1.1" 200 237
192.168.10.93 - - [03/Jan/2019:15:45:47 -0300] "POST /digitalizacion/servlet/trdocumentos?331d5edd4ea2e8559347d2ae645bf7a0,,gx-no-cache=1546540882503 HTTP/1.1" 200 4131
192.168.10.96 - - [03/Jan/2019:15:46:33 -0300] "POST /cormun/servlet/trcontratosolicitud?90905ca1d9ae9c0bc2ac9e2b2521bcab,,gx-no-cache=1546540928394 HTTP/1.1" 200 4219
192.168.10.96 - - [03/Jan/2019:15:46:52 -0300] "POST /cormun/servlet/trcontratosolicitud?90905ca1d9ae9c0bc2ac9e2b2521bcab,,gx-no-cache=1546540947553 HTTP/1.1" 200 5043
192.168.10.96 - - [03/Jan/2019:15:46:55 -0300] "GET /cormun/servlet/solicitudotcontratos?INS,2019,0,16882639,7,2,2018,1454,LEY+SEP,201811,44,*, HTTP/1.1" 200 10013
192.168.10.96 - - [03/Jan/2019:15:46:56 -0300] "GET /cormun/servlet/solicitudotcontratos?INS,2019,0,16882639,7,2,2018,1454,LEY+SEP,201811,44,*, HTTP/1.1" 200 10050
192.168.10.96 - - [03/Jan/2019:15:46:56 -0300] "GET /cormun/servlet/solicitudotcontratos?f3ac85d8adf9c2e9caa00ff635c4b87532b01366f2038e84e869f0cd6d13b0fb10f835532bfb2da9b00c36cf41b86b4d,gx-no-cache=1546540951714 HTTP/1.1" 200 30
192.168.10.96 - - [03/Jan/2019:15:46:56 -0300] "GET /cormun/servlet/solicitudotcontratos?f3ac85d8adf9c2e9caa00ff635c4b87514c7272f6f719652ed9ad17b4d20dbc6fe3b2853136dcc6e9bcfd2bb3e861888,gx-no-cache=1546540951739 HTTP/1.1" 200 30
192.168.10.96 - - [03/Jan/2019:15:46:56 -0300] "GET /cormun/servlet/solicitudotcontratos?f3ac85d8adf9c2e9caa00ff635c4b875d8e08c9aaecb4f8c88bd08d7d9703b437e8a540e6abf74fc6fff60d8c3fb272071c2a97aad4b7015616f19635bed874fd56856f03d5ca949befa1460bff9f7694a3cffa0ffeca96a19eb3d3eec47ab371931063b847e6de8ef28a2f2a079fcfab3c87f9153fb7173694d3bc5697795e0,gx-no-cache=1546540951755 HTTP/1.1" 200 48
192.168.10.96 - - [03/Jan/2019:15:46:56 -0300] "GET /cormun/servlet/solicitudotcontratos?f3ac85d8adf9c2e9caa00ff635c4b875d4c8ac45fd340e8282ebcbd5bbbbe724d4885a38b3230cd87e73cd32b72b0d31,gx-no-cache=1546540951778 HTTP/1.1" 200 30
192.168.10.96 - - [03/Jan/2019:15:46:56 -0300] "GET /cormun/servlet/solicitudotcontratos?f3ac85d8adf9c2e9caa00ff635c4b8753fa0d0fda0af725769f2bd9be1288d46adca388b6632b36759f9d61168b0d217bde4216f3fd72682d0781a721075b7fa8f14f4ff5b4b56acfc7c266a9cf4b7a058e7cbd7ff284c93561e8d81d9f8493a81f5f27e50436377be54c27f371d20b9,gx-no-cache=1546540951797 HTTP/1.1" 200 30
192.168.10.96 - - [03/Jan/2019:15:46:56 -0300] "GET /cormun/servlet/solicitudotcontratos?f3ac85d8adf9c2e9caa00ff635c4b875c138b6c1676270d86a1dc8a3faaccacd18eb30dd31335c803d4bfeb0bf49d948bde4216f3fd72682d0781a721075b7fa6390fcc3d115dfc231c32b6924f5368ee19c94023e41e8ebb72a20637311d96172859b677dc5b21a16eb4151caa6d295,gx-no-cache=1546540951815 HTTP/1.1" 200 110
192.168.10.96 - - [03/Jan/2019:15:46:56 -0300] "POST /cormun/servlet/solicitudotcontratos?gx-no-cache=1546540951837 HTTP/1.1" 200 109
192.168.10.96 - - [03/Jan/2019:15:46:56 -0300] "GET /cormun/servlet/solicitudotcontratos?f3ac85d8adf9c2e9caa00ff635c4b875378721c987f4aeeb4fe15ba46b6a3406f082a6cf18c1b7bccbaf70e3d396b8128fb9efa9485d99737ba34beb19f85da7bde4216f3fd72682d0781a721075b7fa3790daea79ca323171441aa8a559b474ae8beeceaf1f23c80c5cf7c4b8bc915197e18d884354d8f393c716c6e37062448fb9efa9485d99737ba34beb19f85da7842f70e1ea23e6acb1d96451cee3d989acbfc5c74d2e48997704f2a395d9d881e12ffb28e04f88e8863f897837cf29a0e7b92337b4200a2fe74c524920022bdf9c85d37248ca0c152ea08dd638d72dc37fdc889ad2203c79cc162e98339fe851f940b121229cd70271934931d160f5c4,gx-no-cache=1546540951921 HTTP/1.1" 200 80
192.168.10.89 - - [03/Jan/2019:15:46:57 -0300] "GET /cormun/servlet/hlogin HTTP/1.1" 200 1723
192.168.10.89 - - [03/Jan/2019:15:46:57 -0300] "GET /cormun/static/gxtimezone.js?85251 HTTP/1.1" 304 -
192.168.10.96 - - [03/Jan/2019:15:46:58 -0300] "POST /cormun/servlet/solicitudotcontratos?90905ca1d9ae9c0bc2ac9e2b2521bcab,INS,2019,0,16882639,7,2,2018,1454,LEY+SEP,201811,44,*,,gx-no-cache=1546540953970 HTTP/1.1" 200 11053
192.168.10.96 - - [03/Jan/2019:15:46:58 -0300] "GET /cormun/servlet/solicitudotcontratos?f3ac85d8adf9c2e9caa00ff635c4b875dab21cdc009677fc4c6200abe2a57835cbde760c4755a8a76734bb0c1aa893a1c0530e42d53342df2b6340ab073f7f01c89ac36671df919b8fb72e1715f464b12a6572879ee40c2a052ca81096d6b3a6d8d014b5a18d919a587ba10b7732aeae8a9e17f46b860c82a3a3415f81f88102,gx-no-cache=1546540954186 HTTP/1.1" 200 30
192.168.10.96 - - [03/Jan/2019:15:46:59 -0300] "POST /cormun/servlet/solicitudotcontratos?90905ca1d9ae9c0bc2ac9e2b2521bcab,INS,2019,0,16882639,7,2,2018,1454,LEY+SEP,201811,44,*,,gx-no-cache=1546540954198 HTTP/1.1" 200 93
192.168.10.96 - - [03/Jan/2019:15:46:59 -0300] "GET /cormun/servlet/hpexe_return? HTTP/1.1" 200 1056
192.168.10.96 - - [03/Jan/2019:15:46:59 -0300] "GET /cormun/servlet/trcontratosolicitud? HTTP/1.1" 200 6824
192.168.10.96 - - [03/Jan/2019:15:46:59 -0300] "GET /cormun/servlet/trcontratosolicitud? HTTP/1.1" 200 6821
192.168.10.89 - - [03/Jan/2019:15:47:13 -0300] "POST /cormun/servlet/hlogin?68e81304fb5147d6e25198ff695c1b21,gx-no-cache=1546540968508 HTTP/1.1" 200 430
192.168.10.93 - - [03/Jan/2019:15:47:15 -0300] "POST /digitalizacion/servlet/trdocumentos?331d5edd4ea2e8559347d2ae645bf7a0,,gx-no-cache=1546540969577 HTTP/1.1" 200 3178
192.168.10.89 - - [03/Jan/2019:15:47:17 -0300] "POST /cormun/servlet/hlogin?68e81304fb5147d6e25198ff695c1b21,gx-no-cache=1546540972368 HTTP/1.1" 200 430
192.168.10.96 - - [03/Jan/2019:15:47:23 -0300] "POST /cormun/servlet/trcontratosolicitud?90905ca1d9ae9c0bc2ac9e2b2521bcab,,gx-no-cache=1546540978842 HTTP/1.1" 200 5037
192.168.10.96 - - [03/Jan/2019:15:47:24 -0300] "GET /cormun/servlet/solicitudotcontratos?INS,2019,0,18377850,1,2,2018,5783,LEY+SEP,201811,20,*, HTTP/1.1" 200 9981
192.168.10.96 - - [03/Jan/2019:15:47:25 -0300] "GET /cormun/servlet/solicitudotcontratos?INS,2019,0,18377850,1,2,2018,5783,LEY+SEP,201811,20,*, HTTP/1.1" 200 10017
192.168.10.96 - - [03/Jan/2019:15:47:25 -0300] "GET /cormun/servlet/solicitudotcontratos?f3ac85d8adf9c2e9caa00ff635c4b8750151a76c05d61e4f57087a5c84d00f0c10f835532bfb2da9b00c36cf41b86b4d,gx-no-cache=1546540980914 HTTP/1.1" 200 30
192.168.10.96 - - [03/Jan/2019:15:47:25 -0300] "GET /cormun/servlet/solicitudotcontratos?f3ac85d8adf9c2e9caa00ff635c4b87541e084db5f125e4e90aa9ff71d718cc2fe3b2853136dcc6e9bcfd2bb3e861888,gx-no-cache=1546540980936 HTTP/1.1" 200 30
192.168.10.96 - - [03/Jan/2019:15:47:25 -0300] "GET /cormun/servlet/solicitudotcontratos?f3ac85d8adf9c2e9caa00ff635c4b875d8e08c9aaecb4f8c88bd08d7d9703b437e8a540e6abf74fc6fff60d8c3fb272071c2a97aad4b7015616f19635bed874fd56856f03d5ca949befa1460bff9f7694a3cffa0ffeca96a19eb3d3eec47ab371931063b847e6de8ef28a2f2a079fcfab3c87f9153fb7173694d3bc5697795e0,gx-no-cache=1546540980958 HTTP/1.1" 200 48
192.168.10.96 - - [03/Jan/2019:15:47:25 -0300] "GET /cormun/servlet/solicitudotcontratos?f3ac85d8adf9c2e9caa00ff635c4b8752f70e63babc3a4010246d5e99dc5a42a8e37c84934fe5405d786733331987333,gx-no-cache=1546540980984 HTTP/1.1" 200 30
192.168.10.96 - - [03/Jan/2019:15:47:25 -0300] "GET /cormun/servlet/solicitudotcontratos?f3ac85d8adf9c2e9caa00ff635c4b8753fa0d0fda0af725769f2bd9be1288d46adca388b6632b36759f9d61168b0d217bde4216f3fd72682d0781a721075b7fa8f14f4ff5b4b56acfc7c266a9cf4b7a058e7cbd7ff284c93561e8d81d9f8493a81f5f27e50436377be54c27f371d20b9,gx-no-cache=1546540981019 HTTP/1.1" 200 30
192.168.10.96 - - [03/Jan/2019:15:47:25 -0300] "GET /cormun/servlet/solicitudotcontratos?f3ac85d8adf9c2e9caa00ff635c4b875c138b6c1676270d86a1dc8a3faaccacd18eb30dd31335c803d4bfeb0bf49d948bde4216f3fd72682d0781a721075b7fa6390fcc3d115dfc231c32b6924f5368ee19c94023e41e8ebb72a20637311d96172859b677dc5b21a16eb4151caa6d295,gx-no-cache=1546540981051 HTTP/1.1" 200 110
192.168.10.96 - - [03/Jan/2019:15:47:25 -0300] "POST /cormun/servlet/solicitudotcontratos?gx-no-cache=1546540981094 HTTP/1.1" 200 109
192.168.10.96 - - [03/Jan/2019:15:47:25 -0300] "GET /cormun/servlet/solicitudotcontratos?f3ac85d8adf9c2e9caa00ff635c4b875378721c987f4aeeb4fe15ba46b6a3406f082a6cf18c1b7bccbaf70e3d396b8128fb9efa9485d99737ba34beb19f85da7bde4216f3fd72682d0781a721075b7fa3790daea79ca323171441aa8a559b474ae8beeceaf1f23c80c5cf7c4b8bc915197e18d884354d8f393c716c6e37062448fb9efa9485d99737ba34beb19f85da7842f70e1ea23e6acb1d96451cee3d989acbfc5c74d2e48997704f2a395d9d881e12ffb28e04f88e8863f897837cf29a0e7b92337b4200a2fe74c524920022bdf9c85d37248ca0c152ea08dd638d72dc37fdc889ad2203c79cc162e98339fe851f940b121229cd70271934931d160f5c4,gx-no-cache=1546540981138 HTTP/1.1" 200 80
192.168.10.93 - - [03/Jan/2019:15:47:26 -0300] "POST /digitalizacion/servlet/trdocumentos?gx-no-cache=1546540981609 HTTP/1.1" 200 186
192.168.10.93 - - [03/Jan/2019:15:47:27 -0300] "POST /digitalizacion/servlet/trdocumentos?331d5edd4ea2e8559347d2ae645bf7a0,,gx-no-cache=1546540982560 HTTP/1.1" 200 3104
192.168.10.96 - - [03/Jan/2019:15:47:28 -0300] "POST /cormun/servlet/solicitudotcontratos?90905ca1d9ae9c0bc2ac9e2b2521bcab,INS,2019,0,18377850,1,2,2018,5783,LEY+SEP,201811,20,*,,gx-no-cache=1546540983419 HTTP/1.1" 200 11019
192.168.10.96 - - [03/Jan/2019:15:47:28 -0300] "GET /cormun/servlet/solicitudotcontratos?f3ac85d8adf9c2e9caa00ff635c4b875dab21cdc009677fc4c6200abe2a57835cbde760c4755a8a76734bb0c1aa893a1c0530e42d53342df2b6340ab073f7f01c89ac36671df919b8fb72e1715f464b12a6572879ee40c2a052ca81096d6b3a6d8d014b5a18d919a587ba10b7732aeae8a9e17f46b860c82a3a3415f81f88102,gx-no-cache=1546540983656 HTTP/1.1" 200 30
192.168.10.96 - - [03/Jan/2019:15:47:28 -0300] "POST /cormun/servlet/solicitudotcontratos?90905ca1d9ae9c0bc2ac9e2b2521bcab,INS,2019,0,18377850,1,2,2018,5783,LEY+SEP,201811,20,*,,gx-no-cache=1546540983669 HTTP/1.1" 200 93
192.168.10.96 - - [03/Jan/2019:15:47:28 -0300] "GET /cormun/servlet/hpexe_return? HTTP/1.1" 200 1054
192.168.10.96 - - [03/Jan/2019:15:47:28 -0300] "GET /cormun/servlet/trcontratosolicitud? HTTP/1.1" 200 6821
192.168.10.96 - - [03/Jan/2019:15:47:29 -0300] "GET /cormun/servlet/trcontratosolicitud? HTTP/1.1" 200 6818
192.168.10.89 - - [03/Jan/2019:15:47:29 -0300] "POST /cormun/servlet/hlogin?68e81304fb5147d6e25198ff695c1b21,gx-no-cache=1546540985119 HTTP/1.1" 200 430
192.168.10.89 - - [03/Jan/2019:15:47:33 -0300] "POST /cormun/servlet/hlogin?68e81304fb5147d6e25198ff695c1b21,gx-no-cache=1546540988535 HTTP/1.1" 200 90
192.168.10.89 - - [03/Jan/2019:15:47:33 -0300] "GET /cormun/servlet/hpexe_link HTTP/1.1" 200 953
192.168.10.89 - - [03/Jan/2019:15:47:33 -0300] "GET /cormun/servlet/hhome HTTP/1.1" 200 4320
192.168.10.89 - - [03/Jan/2019:15:47:44 -0300] "GET /cormun/servlet/trcontratosolicitud? HTTP/1.1" 200 14394
192.168.10.89 - - [03/Jan/2019:15:47:44 -0300] "GET /cormun/static/calendar-setup.js?85251 HTTP/1.1" 304 -
192.168.10.89 - - [03/Jan/2019:15:47:44 -0300] "GET /cormun/static/calendar-es.js?85251 HTTP/1.1" 304 -
192.168.10.89 - - [03/Jan/2019:15:47:44 -0300] "GET /cormun/static/calendar.js?85251 HTTP/1.1" 304 -
192.168.10.89 - - [03/Jan/2019:15:47:44 -0300] "GET /cormun/static/gxdec.js?85251 HTTP/1.1" 304 -
192.168.10.93 - - [03/Jan/2019:15:47:49 -0300] "POST /digitalizacion/servlet/trdocumentos?gx-no-cache=1546541005159 HTTP/1.1" 200 133
192.168.10.93 - - [03/Jan/2019:15:47:51 -0300] "POST /digitalizacion/servlet/trdocumentos?331d5edd4ea2e8559347d2ae645bf7a0,,gx-no-cache=1546541006255 HTTP/1.1" 200 3019
192.168.10.93 - - [03/Jan/2019:15:48:02 -0300] "POST /digitalizacion/servlet/trdocumentos?gx-no-cache=1546541017512 HTTP/1.1" 200 186
192.168.10.93 - - [03/Jan/2019:15:48:03 -0300] "POST /digitalizacion/servlet/trdocumentos?331d5edd4ea2e8559347d2ae645bf7a0,,gx-no-cache=1546541018432 HTTP/1.1" 200 3104
192.168.10.89 - - [03/Jan/2019:15:48:08 -0300] "POST /cormun/servlet/trcontratosolicitud?68e81304fb5147d6e25198ff695c1b21,,gx-no-cache=1546541023874 HTTP/1.1" 200 12100
192.168.10.93 - - [03/Jan/2019:15:48:29 -0300] "POST /digitalizacion/servlet/trdocumentos?331d5edd4ea2e8559347d2ae645bf7a0,,gx-no-cache=1546541043584 HTTP/1.1" 200 3577
192.168.10.89 - - [03/Jan/2019:15:48:32 -0300] "GET /cormun/servlet/solicitudotcontratos?INS,2019,0,11171407,K,6,2018,1836,NADA,201811,12,*, HTTP/1.1" 200 10069
192.168.10.96 - - [03/Jan/2019:15:48:32 -0300] "POST /cormun/servlet/trcontratosolicitud?90905ca1d9ae9c0bc2ac9e2b2521bcab,,gx-no-cache=1546541047613 HTTP/1.1" 200 5039
192.168.10.89 - - [03/Jan/2019:15:48:33 -0300] "GET /cormun/servlet/solicitudotcontratos?c3676c718303aca05b2fe730fbc8132283c8b8fb9a69d9a0735c7c006b72fffa69efd2feea7a949222416d6294e495e2,gx-no-cache=1546541048381 HTTP/1.1" 200 30
192.168.10.89 - - [03/Jan/2019:15:48:33 -0300] "GET /cormun/servlet/solicitudotcontratos?c3676c718303aca05b2fe730fbc8132206de3ee5cb3651439570aab9f7dd06e4364c4870d34bef1b34e191718d006990,gx-no-cache=1546541048396 HTTP/1.1" 200 30
192.168.10.89 - - [03/Jan/2019:15:48:33 -0300] "GET /cormun/servlet/solicitudotcontratos?c3676c718303aca05b2fe730fbc81322453bd9c97a2d484cbcf1e9eb5577f2964722848f6d67e07899f41f41177ba5020757a5207a534be8db8e9096694b4cfc4a680df0a5d979331acaf3e3e1b149c7596f28c1a686964d72fd57e2793075d2d941e4ed91d672dc6a4991a92918bd98b4167d2044722b8e6e5d0e9d8349563c,gx-no-cache=1546541048407 HTTP/1.1" 200 50
192.168.10.89 - - [03/Jan/2019:15:48:33 -0300] "GET /cormun/servlet/solicitudotcontratos?c3676c718303aca05b2fe730fbc81322b4cbc5d128a5c7b875cacbec53c129d074ab294468fe7acf0d6450589653b1b9,gx-no-cache=1546541048424 HTTP/1.1" 200 30
192.168.10.89 - - [03/Jan/2019:15:48:33 -0300] "GET /cormun/servlet/solicitudotcontratos?c3676c718303aca05b2fe730fbc81322b0bb884b17b2f412bca0a388d43426891c5f66b6e9bfbb84ff4cd9d98dec54e84c41a602d431980d8dc8e541bdff2c83408ffdd1c6d9c4cbe4a02e59ce208886f35f7be496142691c87fd5c6b9cdf75ce58db3b0e0f62dc4be06ca600bec9349,gx-no-cache=1546541048438 HTTP/1.1" 200 30
192.168.10.89 - - [03/Jan/2019:15:48:33 -0300] "GET /cormun/servlet/solicitudotcontratos?c3676c718303aca05b2fe730fbc8132205aff8f9c0fdf0a5945e47f997de370fb5489d280f2436d3bce08e90e8861e694c41a602d431980d8dc8e541bdff2c83011e2752eacbcbcd171267f0a1f8b288a76d5acad263dec925883dbd61e16e15700f5e93f1f2a1b404e2a42e3b236a0b,gx-no-cache=1546541048451 HTTP/1.1" 200 110
192.168.10.89 - - [03/Jan/2019:15:48:33 -0300] "POST /cormun/servlet/solicitudotcontratos?gx-no-cache=1546541048469 HTTP/1.1" 200 79
192.168.10.89 - - [03/Jan/2019:15:48:33 -0300] "GET /cormun/servlet/solicitudotcontratos?c3676c718303aca05b2fe730fbc813227ef7cb674cf821d01c3475f9a310894abe73ebcd38fa72fdc1dd222d80a451869bf205b20acf0cf645318be0eaa100aab967a845c2e00cc100cb900b7a084d1076ebe28ab06552433e1e89582fa4744784aa53b00a359d2269f07a263884f320b5f262270fa33099ea85dab8c96e061135e94a2deb7ba41fe90d3ee1c7707b888a98f36afc7a23eae6e7df822e423911,gx-no-cache=1546541048485 HTTP/1.1" 200 73
192.168.10.89 - - [03/Jan/2019:15:48:33 -0300] "POST /cormun/servlet/solicitudotcontratos?68e81304fb5147d6e25198ff695c1b21,INS,2019,0,11171407,K,6,2018,1836,NADA,201811,12,*,,gx-no-cache=1546541048891 HTTP/1.1" 200 11037
192.168.10.89 - - [03/Jan/2019:15:48:34 -0300] "GET /cormun/servlet/solicitudotcontratos?c3676c718303aca05b2fe730fbc8132235e3c010c3e9539134109be131b654eb3277e2e81421fb48b3333b0322193d973505ca8fae25be0c8792d1c18a4cead75ea9767ae790048ba690ee9283e614d30a1e40c9b5e50c219ce6666fcd72bb74e932c44f51df8c80a5161e4327a6a766677ef07edf915493109caa10332907ab,gx-no-cache=1546541049751 HTTP/1.1" 200 30
192.168.10.89 - - [03/Jan/2019:15:48:34 -0300] "POST /cormun/servlet/solicitudotcontratos?68e81304fb5147d6e25198ff695c1b21,INS,2019,0,11171407,K,6,2018,1836,NADA,201811,12,*,,gx-no-cache=1546541049765 HTTP/1.1" 200 93
192.168.10.89 - - [03/Jan/2019:15:48:34 -0300] "GET /cormun/servlet/hpexe_return? HTTP/1.1" 200 1049
192.168.10.96 - - [03/Jan/2019:15:48:35 -0300] "GET /cormun/servlet/solicitudotcontratos?INS,2019,0,17523007,6,2,2018,5786,LEY+SEP,201811,20,*, HTTP/1.1" 200 10003
192.168.10.89 - - [03/Jan/2019:15:48:35 -0300] "GET /cormun/servlet/trcontratosolicitud? HTTP/1.1" 200 14543
192.168.10.96 - - [03/Jan/2019:15:48:35 -0300] "GET /cormun/servlet/solicitudotcontratos?INS,2019,0,17523007,6,2,2018,5786,LEY+SEP,201811,20,*, HTTP/1.1" 200 10039
192.168.10.96 - - [03/Jan/2019:15:48:36 -0300] "GET /cormun/servlet/solicitudotcontratos?f3ac85d8adf9c2e9caa00ff635c4b875bc47fef631c8cef57d3df987e7706faa10f835532bfb2da9b00c36cf41b86b4d,gx-no-cache=1546541051314 HTTP/1.1" 200 30
192.168.10.96 - - [03/Jan/2019:15:48:36 -0300] "GET /cormun/servlet/solicitudotcontratos?f3ac85d8adf9c2e9caa00ff635c4b875451b4b7e81737174d8663b7f5b9cf661fe3b2853136dcc6e9bcfd2bb3e861888,gx-no-cache=1546541051337 HTTP/1.1" 200 30
192.168.10.96 - - [03/Jan/2019:15:48:36 -0300] "GET /cormun/servlet/solicitudotcontratos?f3ac85d8adf9c2e9caa00ff635c4b875d8e08c9aaecb4f8c88bd08d7d9703b43317ba5faddb8b8fe6738200ae0bbc84471c2a97aad4b7015616f19635bed874f3e1ff40276542184f99fe05a205ecfad4a3cffa0ffeca96a19eb3d3eec47ab371931063b847e6de8ef28a2f2a079fcfab3c87f9153fb7173694d3bc5697795e0,gx-no-cache=1546541051352 HTTP/1.1" 200 48
192.168.10.96 - - [03/Jan/2019:15:48:36 -0300] "GET /cormun/servlet/solicitudotcontratos?f3ac85d8adf9c2e9caa00ff635c4b87523e2da87a4e0e0c2a8a237f06a825e7bfce92f4292f2b2ac21c0ed2868646f3b,gx-no-cache=1546541051383 HTTP/1.1" 200 30
192.168.10.96 - - [03/Jan/2019:15:48:36 -0300] "GET /cormun/servlet/solicitudotcontratos?f3ac85d8adf9c2e9caa00ff635c4b8753fa0d0fda0af725769f2bd9be1288d46adca388b6632b36759f9d61168b0d217bde4216f3fd72682d0781a721075b7fa8f14f4ff5b4b56acfc7c266a9cf4b7a058e7cbd7ff284c93561e8d81d9f8493a81f5f27e50436377be54c27f371d20b9,gx-no-cache=1546541051397 HTTP/1.1" 200 30
192.168.10.96 - - [03/Jan/2019:15:48:36 -0300] "GET /cormun/servlet/solicitudotcontratos?f3ac85d8adf9c2e9caa00ff635c4b875c138b6c1676270d86a1dc8a3faaccacd18eb30dd31335c803d4bfeb0bf49d948bde4216f3fd72682d0781a721075b7fa6390fcc3d115dfc231c32b6924f5368ee19c94023e41e8ebb72a20637311d96172859b677dc5b21a16eb4151caa6d295,gx-no-cache=1546541051409 HTTP/1.1" 200 110
192.168.10.96 - - [03/Jan/2019:15:48:36 -0300] "POST /cormun/servlet/solicitudotcontratos?gx-no-cache=1546541051425 HTTP/1.1" 200 109
192.168.10.96 - - [03/Jan/2019:15:48:36 -0300] "GET /cormun/servlet/solicitudotcontratos?f3ac85d8adf9c2e9caa00ff635c4b875378721c987f4aeeb4fe15ba46b6a3406f082a6cf18c1b7bccbaf70e3d396b8128fb9efa9485d99737ba34beb19f85da7bde4216f3fd72682d0781a721075b7fa3790daea79ca323171441aa8a559b474ae8beeceaf1f23c80c5cf7c4b8bc915197e18d884354d8f393c716c6e37062448fb9efa9485d99737ba34beb19f85da7842f70e1ea23e6acb1d96451cee3d989acbfc5c74d2e48997704f2a395d9d881e12ffb28e04f88e8863f897837cf29a0e7b92337b4200a2fe74c524920022bdf9c85d37248ca0c152ea08dd638d72dc37fdc889ad2203c79cc162e98339fe851f940b121229cd70271934931d160f5c4,gx-no-cache=1546541051443 HTTP/1.1" 200 80
192.168.10.96 - - [03/Jan/2019:15:48:42 -0300] "POST /cormun/servlet/solicitudotcontratos?90905ca1d9ae9c0bc2ac9e2b2521bcab,INS,2019,0,17523007,6,2,2018,5786,LEY+SEP,201811,20,*,,gx-no-cache=1546541057925 HTTP/1.1" 200 11040
192.168.10.96 - - [03/Jan/2019:15:48:42 -0300] "GET /cormun/servlet/solicitudotcontratos?f3ac85d8adf9c2e9caa00ff635c4b875dab21cdc009677fc4c6200abe2a57835cbde760c4755a8a76734bb0c1aa893a1c0530e42d53342df2b6340ab073f7f01c89ac36671df919b8fb72e1715f464b12a6572879ee40c2a052ca81096d6b3a6d8d014b5a18d919a587ba10b7732aeae8a9e17f46b860c82a3a3415f81f88102,gx-no-cache=1546541058132 HTTP/1.1" 200 30
192.168.10.96 - - [03/Jan/2019:15:48:43 -0300] "POST /cormun/servlet/solicitudotcontratos?90905ca1d9ae9c0bc2ac9e2b2521bcab,INS,2019,0,17523007,6,2,2018,5786,LEY+SEP,201811,20,*,,gx-no-cache=1546541058145 HTTP/1.1" 200 93
192.168.10.96 - - [03/Jan/2019:15:48:43 -0300] "GET /cormun/servlet/hpexe_return? HTTP/1.1" 200 1054
192.168.10.96 - - [03/Jan/2019:15:48:43 -0300] "GET /cormun/servlet/trcontratosolicitud? HTTP/1.1" 200 6821
192.168.10.96 - - [03/Jan/2019:15:48:43 -0300] "GET /cormun/servlet/trcontratosolicitud? HTTP/1.1" 200 6818
192.168.10.89 - - [03/Jan/2019:15:48:51 -0300] "GET /cormun/servlet/solicitudotcontratos?INS,2019,0,14204419,6,2,2018,1510,NADA,201811,24,*, HTTP/1.1" 200 10060
192.168.10.89 - - [03/Jan/2019:15:48:52 -0300] "GET /cormun/servlet/solicitudotcontratos?c3676c718303aca05b2fe730fbc81322ed6b5f51ca244973b80d36ea82ee5a0869efd2feea7a949222416d6294e495e2,gx-no-cache=1546541067289 HTTP/1.1" 200 30
192.168.10.89 - - [03/Jan/2019:15:48:52 -0300] "GET /cormun/servlet/solicitudotcontratos?c3676c718303aca05b2fe730fbc813225e4924c1536772a878cb5856772598c5364c4870d34bef1b34e191718d006990,gx-no-cache=1546541067309 HTTP/1.1" 200 30
192.168.10.89 - - [03/Jan/2019:15:48:52 -0300] "GET /cormun/servlet/solicitudotcontratos?c3676c718303aca05b2fe730fbc81322453bd9c97a2d484cbcf1e9eb5577f2964722848f6d67e07899f41f41177ba5020757a5207a534be8db8e9096694b4cfc4a680df0a5d979331acaf3e3e1b149c7c2fcebbd169428c7ad5ddde5d39bdfb2a744f0bcaafc3b45811fc09cda3689eec8af4c8662ec6977eaded6ae94e1e7dc,gx-no-cache=1546541067324 HTTP/1.1" 200 48
192.168.10.89 - - [03/Jan/2019:15:48:52 -0300] "GET /cormun/servlet/solicitudotcontratos?c3676c718303aca05b2fe730fbc81322c43587f5d58538b8f778add32910b270913ff386f597df21a3f803ba9e2d90ae,gx-no-cache=1546541067345 HTTP/1.1" 200 30
192.168.10.89 - - [03/Jan/2019:15:48:52 -0300] "GET /cormun/servlet/solicitudotcontratos?c3676c718303aca05b2fe730fbc81322b0bb884b17b2f412bca0a388d43426891c5f66b6e9bfbb84ff4cd9d98dec54e84c41a602d431980d8dc8e541bdff2c83408ffdd1c6d9c4cbe4a02e59ce208886839807404db6aba102bbffbb97e4621de58db3b0e0f62dc4be06ca600bec9349,gx-no-cache=1546541067358 HTTP/1.1" 200 30
192.168.10.89 - - [03/Jan/2019:15:48:52 -0300] "GET /cormun/servlet/solicitudotcontratos?c3676c718303aca05b2fe730fbc8132205aff8f9c0fdf0a5945e47f997de370fb5489d280f2436d3bce08e90e8861e694c41a602d431980d8dc8e541bdff2c83011e2752eacbcbcd171267f0a1f8b288a76d5acad263dec925883dbd61e16e15700f5e93f1f2a1b404e2a42e3b236a0b,gx-no-cache=1546541067371 HTTP/1.1" 200 110
192.168.10.89 - - [03/Jan/2019:15:48:52 -0300] "POST /cormun/servlet/solicitudotcontratos?gx-no-cache=1546541067388 HTTP/1.1" 200 79
192.168.10.89 - - [03/Jan/2019:15:48:52 -0300] "GET /cormun/servlet/solicitudotcontratos?c3676c718303aca05b2fe730fbc813227ef7cb674cf821d01c3475f9a310894abe73ebcd38fa72fdc1dd222d80a451869bf205b20acf0cf645318be0eaa100aab967a845c2e00cc100cb900b7a084d1076ebe28ab06552433e1e89582fa4744784aa53b00a359d2269f07a263884f320b5f262270fa33099ea85dab8c96e061135e94a2deb7ba41fe90d3ee1c7707b888a98f36afc7a23eae6e7df822e423911,gx-no-cache=1546541067404 HTTP/1.1" 200 73
192.168.10.89 - - [03/Jan/2019:15:48:52 -0300] "POST /cormun/servlet/solicitudotcontratos?68e81304fb5147d6e25198ff695c1b21,INS,2019,0,14204419,6,2,2018,1510,NADA,201811,24,*,,gx-no-cache=1546541067739 HTTP/1.1" 200 11031
192.168.10.93 - - [03/Jan/2019:15:48:52 -0300] "POST /digitalizacion/servlet/trdocumentos?gx-no-cache=1546541067880 HTTP/1.1" 200 237
192.168.10.89 - - [03/Jan/2019:15:48:53 -0300] "GET /cormun/servlet/solicitudotcontratos?c3676c718303aca05b2fe730fbc8132235e3c010c3e9539134109be131b654eb3277e2e81421fb48b3333b0322193d973505ca8fae25be0c8792d1c18a4cead75ea9767ae790048ba690ee9283e614d30a1e40c9b5e50c219ce6666fcd72bb74e932c44f51df8c80a5161e4327a6a766677ef07edf915493109caa10332907ab,gx-no-cache=1546541068801 HTTP/1.1" 200 30
192.168.10.89 - - [03/Jan/2019:15:48:53 -0300] "POST /cormun/servlet/solicitudotcontratos?68e81304fb5147d6e25198ff695c1b21,INS,2019,0,14204419,6,2,2018,1510,NADA,201811,24,*,,gx-no-cache=1546541068815 HTTP/1.1" 200 93
192.168.10.89 - - [03/Jan/2019:15:48:53 -0300] "GET /cormun/servlet/hpexe_return? HTTP/1.1" 200 1049
192.168.10.89 - - [03/Jan/2019:15:48:54 -0300] "GET /cormun/servlet/trcontratosolicitud HTTP/1.1" 200 14540
192.168.10.93 - - [03/Jan/2019:15:49:12 -0300] "POST /digitalizacion/servlet/trdocumentos?331d5edd4ea2e8559347d2ae645bf7a0,,gx-no-cache=1546541086974 HTTP/1.1" 200 4131
192.168.10.89 - - [03/Jan/2019:15:49:35 -0300] "POST /cormun/servlet/trcontratosolicitud?68e81304fb5147d6e25198ff695c1b21,gx-no-cache=1546541110932 HTTP/1.1" 200 12014
192.168.10.89 - - [03/Jan/2019:15:49:46 -0300] "GET /cormun/servlet/solicitudotcontratos?INS,2019,0,8276560,3,6,2018,3441,LEY+SEP,201811,2,B, HTTP/1.1" 200 10057
192.168.10.89 - - [03/Jan/2019:15:49:47 -0300] "GET /cormun/servlet/solicitudotcontratos?c3676c718303aca05b2fe730fbc81322376a3f0c736e955521950ec988a88aeed7b398c5ebaa99f615990c085a4f8ea4,gx-no-cache=1546541122721 HTTP/1.1" 200 30
192.168.10.89 - - [03/Jan/2019:15:49:47 -0300] "GET /cormun/servlet/solicitudotcontratos?c3676c718303aca05b2fe730fbc81322079664f25fb4563fa648025f4f482714bcf7d386dbe121cdaa348de548125ad0,gx-no-cache=1546541122742 HTTP/1.1" 200 30
192.168.10.89 - - [03/Jan/2019:15:49:47 -0300] "GET /cormun/servlet/solicitudotcontratos?c3676c718303aca05b2fe730fbc81322453bd9c97a2d484cbcf1e9eb5577f296012637a2695f74ea2d8fa736e2c340cd0757a5207a534be8db8e9096694b4cfc5bc745949b70386e889a193e1ebca7aa596f28c1a686964d72fd57e2793075d2d941e4ed91d672dc6a4991a92918bd98b4167d2044722b8e6e5d0e9d8349563c,gx-no-cache=1546541122757 HTTP/1.1" 200 50
192.168.10.89 - - [03/Jan/2019:15:49:47 -0300] "GET /cormun/servlet/solicitudotcontratos?c3676c718303aca05b2fe730fbc8132244ef236e96bfea491ad7801ac2cee892a56afbce38019e87198868d7a1afa2ac,gx-no-cache=1546541122777 HTTP/1.1" 200 30
192.168.10.89 - - [03/Jan/2019:15:49:47 -0300] "GET /cormun/servlet/solicitudotcontratos?c3676c718303aca05b2fe730fbc81322b0bb884b17b2f412bca0a388d43426891c5f66b6e9bfbb84ff4cd9d98dec54e84c41a602d431980d8dc8e541bdff2c83408ffdd1c6d9c4cbe4a02e59ce208886f35f7be496142691c87fd5c6b9cdf75ce58db3b0e0f62dc4be06ca600bec9349,gx-no-cache=1546541122793 HTTP/1.1" 200 30
192.168.10.89 - - [03/Jan/2019:15:49:47 -0300] "GET /cormun/servlet/solicitudotcontratos?c3676c718303aca05b2fe730fbc8132205aff8f9c0fdf0a5945e47f997de370fb5489d280f2436d3bce08e90e8861e694c41a602d431980d8dc8e541bdff2c83011e2752eacbcbcd171267f0a1f8b288a76d5acad263dec925883dbd61e16e15700f5e93f1f2a1b404e2a42e3b236a0b,gx-no-cache=1546541122806 HTTP/1.1" 200 110
192.168.10.89 - - [03/Jan/2019:15:49:47 -0300] "POST /cormun/servlet/solicitudotcontratos?gx-no-cache=1546541122832 HTTP/1.1" 200 97
192.168.10.89 - - [03/Jan/2019:15:49:47 -0300] "GET /cormun/servlet/solicitudotcontratos?c3676c718303aca05b2fe730fbc813227ef7cb674cf821d01c3475f9a310894abe73ebcd38fa72fdc1dd222d80a45186fc35c8bd5809d4cf45ecb41cff44613603778ac6b7e67993269c98fc4cdf47c1ff49816633aed0407c45bb7f219ceccb7dc9bfac6a32bdc8aaf8dafd2caa6b4e94b38c2954da7684ca375e2fd880b9c1a766604e69f99894fc1c8fbce9eb0b2afee0909243af1a5687d4258273375b7850682bc37887564e4033bd26f54903db0d153b015285b2e32aea83621cc2febb98aa905c1b87b28ef79a188bceef62d0ad65333c2fe779aeaf47ac9804392354,gx-no-cache=1546541122853 HTTP/1.1" 200 84
192.168.10.89 - - [03/Jan/2019:15:49:51 -0300] "GET /cormun/servlet/solicitudotcontratos?c3676c718303aca05b2fe730fbc8132283f170b6dc37878b8a08a59faf374d93cba67f191d3ddcd17f41171dc09e74ecbe73ebcd38fa72fdc1dd222d80a451869bf205b20acf0cf645318be0eaa100aa4a2f878ceb675f6f1c136722a579011edf5aa30d302ccf0b0fbb910285ae0c7aa6c9e779f236b2398d93932dd8476dd817bcdcc95bc0e54bcade452e83b63f84a813ec1cbbc51081755fc61285bdbea493cd820e8afb81700ab5f7f22b3258e8195afc73e4f34731dcf340e1a1e9672ac299046c191d9b39d5b0895d8aaae0c0e4e281341c078762d6b56bb4be5650eeb1359834d3bc0ab451893038654b630bbbc1f99073d85a324c16a193eccc147ed4067392fa82e1f2fe3fcb8fade0e86964314f2d74b81d7cd22e7c9924fe7e61,gx-no-cache=1546541126375 HTTP/1.1" 200 73
192.168.10.96 - - [03/Jan/2019:15:49:52 -0300] "POST /cormun/servlet/trcontratosolicitud?90905ca1d9ae9c0bc2ac9e2b2521bcab,,gx-no-cache=1546541127971 HTTP/1.1" 200 5037
192.168.10.89 - - [03/Jan/2019:15:49:53 -0300] "POST /cormun/servlet/solicitudotcontratos?68e81304fb5147d6e25198ff695c1b21,INS,2019,0,8276560,3,6,2018,3441,LEY+SEP,201811,2,B,,gx-no-cache=1546541128499 HTTP/1.1" 200 11051
192.168.10.93 - - [03/Jan/2019:15:49:53 -0300] "GET /digitalizacion/servlet/wbadjunto?9912,PU HTTP/1.1" 302 -
192.168.10.93 - - [03/Jan/2019:15:49:53 -0300] "GET /digitalizacion/PublicTempStorage/4489032.tmp HTTP/1.1" 200 864769
192.168.10.96 - - [03/Jan/2019:15:49:54 -0300] "GET /cormun/servlet/solicitudotcontratos?INS,2019,0,19020669,6,2,2018,2251,NADA,201811,44,*, HTTP/1.1" 200 9982
192.168.10.96 - - [03/Jan/2019:15:49:54 -0300] "GET /cormun/servlet/solicitudotcontratos?INS,2019,0,19020669,6,2,2018,2251,NADA,201811,44,*, HTTP/1.1" 200 10014
192.168.10.89 - - [03/Jan/2019:15:49:54 -0300] "GET /cormun/servlet/solicitudotcontratos?c3676c718303aca05b2fe730fbc8132235e3c010c3e9539134109be131b654eb3277e2e81421fb48b3333b0322193d973505ca8fae25be0c8792d1c18a4cead75ea9767ae790048ba690ee9283e614d30a1e40c9b5e50c219ce6666fcd72bb74e932c44f51df8c80a5161e4327a6a766677ef07edf915493109caa10332907ab,gx-no-cache=1546541130080 HTTP/1.1" 200 30
192.168.10.96 - - [03/Jan/2019:15:49:55 -0300] "GET /cormun/servlet/solicitudotcontratos?f3ac85d8adf9c2e9caa00ff635c4b87546122eabfb42b214e81ded18554764b510f835532bfb2da9b00c36cf41b86b4d,gx-no-cache=1546541130344 HTTP/1.1" 200 30
192.168.10.96 - - [03/Jan/2019:15:49:55 -0300] "GET /cormun/servlet/solicitudotcontratos?f3ac85d8adf9c2e9caa00ff635c4b875764887b0059fcb51abeb1cae76fd0c28fe3b2853136dcc6e9bcfd2bb3e861888,gx-no-cache=1546541130382 HTTP/1.1" 200 30
192.168.10.96 - - [03/Jan/2019:15:49:55 -0300] "GET /cormun/servlet/solicitudotcontratos?f3ac85d8adf9c2e9caa00ff635c4b875d8e08c9aaecb4f8c88bd08d7d9703b43317ba5faddb8b8fe6738200ae0bbc84471c2a97aad4b7015616f19635bed874f3e1ff40276542184f99fe05a205ecfad4a3cffa0ffeca96a19eb3d3eec47ab371931063b847e6de8ef28a2f2a079fcfab3c87f9153fb7173694d3bc5697795e0,gx-no-cache=1546541130401 HTTP/1.1" 200 48
192.168.10.89 - - [03/Jan/2019:15:49:55 -0300] "POST /cormun/servlet/solicitudotcontratos?68e81304fb5147d6e25198ff695c1b21,INS,2019,0,8276560,3,6,2018,3441,LEY+SEP,201811,2,B,,gx-no-cache=1546541130095 HTTP/1.1" 200 93
192.168.10.89 - - [03/Jan/2019:15:49:55 -0300] "GET /cormun/servlet/hpexe_return? HTTP/1.1" 200 1072
192.168.10.96 - - [03/Jan/2019:15:49:55 -0300] "GET /cormun/servlet/solicitudotcontratos?f3ac85d8adf9c2e9caa00ff635c4b875fc720abb0cf8e97e0cd409c5b909790ecfccef2fda5d09df331a648b4e8c7346,gx-no-cache=1546541130431 HTTP/1.1" 200 30
192.168.10.96 - - [03/Jan/2019:15:49:55 -0300] "GET /cormun/servlet/solicitudotcontratos?f3ac85d8adf9c2e9caa00ff635c4b8753fa0d0fda0af725769f2bd9be1288d46adca388b6632b36759f9d61168b0d217bde4216f3fd72682d0781a721075b7fa8f14f4ff5b4b56acfc7c266a9cf4b7a058e7cbd7ff284c93561e8d81d9f8493a81f5f27e50436377be54c27f371d20b9,gx-no-cache=1546541130453 HTTP/1.1" 200 30
192.168.10.96 - - [03/Jan/2019:15:49:55 -0300] "GET /cormun/servlet/solicitudotcontratos?f3ac85d8adf9c2e9caa00ff635c4b875c138b6c1676270d86a1dc8a3faaccacd18eb30dd31335c803d4bfeb0bf49d948bde4216f3fd72682d0781a721075b7fa6390fcc3d115dfc231c32b6924f5368ee19c94023e41e8ebb72a20637311d96172859b677dc5b21a16eb4151caa6d295,gx-no-cache=1546541130468 HTTP/1.1" 200 110
192.168.10.96 - - [03/Jan/2019:15:49:55 -0300] "POST /cormun/servlet/solicitudotcontratos?gx-no-cache=1546541130490 HTTP/1.1" 200 64
192.168.10.96 - - [03/Jan/2019:15:49:55 -0300] "GET /cormun/servlet/solicitudotcontratos?f3ac85d8adf9c2e9caa00ff635c4b875378721c987f4aeeb4fe15ba46b6a3406f082a6cf18c1b7bccbaf70e3d396b812e5e387299dbac6259cb8acbd55cf7534b6f68488aaf72f536a519d071e50fe1f9a0cd27ce8862fe1ca497e8569791e8552392ef9a70c5af9d8f5b17b8110a31c,gx-no-cache=1546541130597 HTTP/1.1" 200 73
192.168.10.89 - - [03/Jan/2019:15:49:55 -0300] "GET /cormun/servlet/trcontratosolicitud?gx-no-cache=1546541110932 HTTP/1.1" 200 14447
192.168.10.96 - - [03/Jan/2019:15:49:56 -0300] "POST /cormun/servlet/solicitudotcontratos?90905ca1d9ae9c0bc2ac9e2b2521bcab,INS,2019,0,19020669,6,2,2018,2251,NADA,201811,44,*,,gx-no-cache=1546541132011 HTTP/1.1" 200 11014
192.168.10.96 - - [03/Jan/2019:15:49:57 -0300] "GET /cormun/servlet/solicitudotcontratos?f3ac85d8adf9c2e9caa00ff635c4b875dab21cdc009677fc4c6200abe2a57835cbde760c4755a8a76734bb0c1aa893a1c0530e42d53342df2b6340ab073f7f01c89ac36671df919b8fb72e1715f464b12a6572879ee40c2a052ca81096d6b3a6d8d014b5a18d919a587ba10b7732aeae8a9e17f46b860c82a3a3415f81f88102,gx-no-cache=1546541132234 HTTP/1.1" 200 30
192.168.10.96 - - [03/Jan/2019:15:49:57 -0300] "POST /cormun/servlet/solicitudotcontratos?90905ca1d9ae9c0bc2ac9e2b2521bcab,INS,2019,0,19020669,6,2,2018,2251,NADA,201811,44,*,,gx-no-cache=1546541132248 HTTP/1.1" 200 93
192.168.10.96 - - [03/Jan/2019:15:49:57 -0300] "GET /cormun/servlet/hpexe_return? HTTP/1.1" 200 1051
192.168.10.96 - - [03/Jan/2019:15:49:57 -0300] "GET /cormun/servlet/trcontratosolicitud? HTTP/1.1" 200 6822
192.168.10.96 - - [03/Jan/2019:15:49:57 -0300] "GET /cormun/servlet/trcontratosolicitud? HTTP/1.1" 200 6818
192.168.10.89 - - [03/Jan/2019:15:50:15 -0300] "GET /cormun/servlet/solicitudotcontratos?INS,2019,0,8276560,3,6,2018,3473,INTEGRACION,201811,3,B, HTTP/1.1" 200 10075
192.168.10.89 - - [03/Jan/2019:15:50:16 -0300] "GET /cormun/servlet/solicitudotcontratos?c3676c718303aca05b2fe730fbc81322376a3f0c736e955521950ec988a88aeed7b398c5ebaa99f615990c085a4f8ea4,gx-no-cache=1546541151569 HTTP/1.1" 200 30
192.168.10.89 - - [03/Jan/2019:15:50:16 -0300] "GET /cormun/servlet/solicitudotcontratos?c3676c718303aca05b2fe730fbc81322079664f25fb4563fa648025f4f482714bcf7d386dbe121cdaa348de548125ad0,gx-no-cache=1546541151584 HTTP/1.1" 200 30
192.168.10.89 - - [03/Jan/2019:15:50:16 -0300] "GET /cormun/servlet/solicitudotcontratos?c3676c718303aca05b2fe730fbc81322453bd9c97a2d484cbcf1e9eb5577f296012637a2695f74ea2d8fa736e2c340cd0757a5207a534be8db8e9096694b4cfc5bc745949b70386e889a193e1ebca7aa596f28c1a686964d72fd57e2793075d2d941e4ed91d672dc6a4991a92918bd98b4167d2044722b8e6e5d0e9d8349563c,gx-no-cache=1546541151595 HTTP/1.1" 200 50
192.168.10.89 - - [03/Jan/2019:15:50:16 -0300] "GET /cormun/servlet/solicitudotcontratos?c3676c718303aca05b2fe730fbc8132244ef236e96bfea491ad7801ac2cee892a56afbce38019e87198868d7a1afa2ac,gx-no-cache=1546541151615 HTTP/1.1" 200 30
192.168.10.89 - - [03/Jan/2019:15:50:16 -0300] "GET /cormun/servlet/solicitudotcontratos?c3676c718303aca05b2fe730fbc81322b0bb884b17b2f412bca0a388d43426891c5f66b6e9bfbb84ff4cd9d98dec54e84c41a602d431980d8dc8e541bdff2c83408ffdd1c6d9c4cbe4a02e59ce208886f35f7be496142691c87fd5c6b9cdf75ce58db3b0e0f62dc4be06ca600bec9349,gx-no-cache=1546541151631 HTTP/1.1" 200 30
192.168.10.89 - - [03/Jan/2019:15:50:16 -0300] "GET /cormun/servlet/solicitudotcontratos?c3676c718303aca05b2fe730fbc8132205aff8f9c0fdf0a5945e47f997de370fb5489d280f2436d3bce08e90e8861e694c41a602d431980d8dc8e541bdff2c83011e2752eacbcbcd171267f0a1f8b288a76d5acad263dec925883dbd61e16e15700f5e93f1f2a1b404e2a42e3b236a0b,gx-no-cache=1546541151648 HTTP/1.1" 200 110
192.168.10.89 - - [03/Jan/2019:15:50:16 -0300] "POST /cormun/servlet/solicitudotcontratos?gx-no-cache=1546541151670 HTTP/1.1" 200 97
192.168.10.89 - - [03/Jan/2019:15:50:16 -0300] "GET /cormun/servlet/solicitudotcontratos?c3676c718303aca05b2fe730fbc813227ef7cb674cf821d01c3475f9a310894abe73ebcd38fa72fdc1dd222d80a45186fc35c8bd5809d4cf45ecb41cff44613603778ac6b7e67993269c98fc4cdf47c1ff49816633aed0407c45bb7f219ceccb7dc9bfac6a32bdc8aaf8dafd2caa6b4e94b38c2954da7684ca375e2fd880b9c1a766604e69f99894fc1c8fbce9eb0b2afee0909243af1a5687d4258273375b7850682bc37887564e4033bd26f54903db0d153b015285b2e32aea83621cc2febb98aa905c1b87b28ef79a188bceef62d0ad65333c2fe779aeaf47ac9804392354,gx-no-cache=1546541151686 HTTP/1.1" 200 84
192.168.10.89 - - [03/Jan/2019:15:50:17 -0300] "POST /cormun/servlet/solicitudotcontratos?68e81304fb5147d6e25198ff695c1b21,INS,2019,0,8276560,3,6,2018,3473,INTEGRACION,201811,3,B,,gx-no-cache=1546541152277 HTTP/1.1" 200 11078
192.168.10.89 - - [03/Jan/2019:15:50:21 -0300] "GET /cormun/servlet/solicitudotcontratos?c3676c718303aca05b2fe730fbc8132235e3c010c3e9539134109be131b654eb3277e2e81421fb48b3333b0322193d973505ca8fae25be0c8792d1c18a4cead75ea9767ae790048ba690ee9283e614d30a1e40c9b5e50c219ce6666fcd72bb74e932c44f51df8c80a5161e4327a6a766677ef07edf915493109caa10332907ab,gx-no-cache=1546541156302 HTTP/1.1" 200 30
192.168.10.89 - - [03/Jan/2019:15:50:21 -0300] "POST /cormun/servlet/solicitudotcontratos?68e81304fb5147d6e25198ff695c1b21,INS,2019,0,8276560,3,6,2018,3473,INTEGRACION,201811,3,B,,gx-no-cache=1546541156317 HTTP/1.1" 200 93
192.168.10.89 - - [03/Jan/2019:15:50:21 -0300] "GET /cormun/servlet/hpexe_return? HTTP/1.1" 200 1074
192.168.10.89 - - [03/Jan/2019:15:50:21 -0300] "GET /cormun/servlet/trcontratosolicitud?gx-no-cache=1546541110932 HTTP/1.1" 200 14482
192.168.10.93 - - [03/Jan/2019:15:50:29 -0300] "POST /digitalizacion/servlet/trdocumentos?gx-no-cache=1546541164222 HTTP/1.1" 200 186
192.168.10.93 - - [03/Jan/2019:15:50:30 -0300] "POST /digitalizacion/servlet/trdocumentos?331d5edd4ea2e8559347d2ae645bf7a0,,gx-no-cache=1546541165518 HTTP/1.1" 200 3133
192.168.10.93 - - [03/Jan/2019:15:50:46 -0300] "POST /digitalizacion/servlet/trdocumentos?331d5edd4ea2e8559347d2ae645bf7a0,,gx-no-cache=1546541180678 HTTP/1.1" 200 3116
192.168.10.93 - - [03/Jan/2019:15:50:49 -0300] "POST /digitalizacion/servlet/trdocumentos?gx-no-cache=1546541184324 HTTP/1.1" 200 237
192.168.10.96 - - [03/Jan/2019:15:50:50 -0300] "POST /cormun/servlet/trcontratosolicitud?90905ca1d9ae9c0bc2ac9e2b2521bcab,,gx-no-cache=1546541185285 HTTP/1.1" 200 5037
192.168.10.93 - - [03/Jan/2019:15:50:51 -0300] "POST /digitalizacion/servlet/trdocumentos?331d5edd4ea2e8559347d2ae645bf7a0,,gx-no-cache=1546541185301 HTTP/1.1" 200 3566
