192.168.10.89 - - [02/Jan/2019:15:35:16 -0300] "GET /cormun/servlet/hpexe_return? HTTP/1.1" 200 1075
192.168.10.89 - - [02/Jan/2019:15:35:17 -0300] "GET /cormun/servlet/trcontratosolicitud?gx-no-cache=1546453502629 HTTP/1.1" 200 14638
192.168.10.89 - - [02/Jan/2019:15:35:32 -0300] "POST /cormun/servlet/trcontratosolicitud?1581cedce04a5e9f82df90546b717ca4,gx-no-cache=1546453502629,gx-no-cache=1546453867804 HTTP/1.1" 200 5755
192.168.10.89 - - [02/Jan/2019:15:35:34 -0300] "GET /cormun/servlet/solicitudotcontratos?INS,2019,0,19849704,5,2,2018,2908,LEY+SEP,201811,30,*, HTTP/1.1" 200 10093
192.168.10.89 - - [02/Jan/2019:15:35:35 -0300] "GET /cormun/servlet/solicitudotcontratos?e43049740e22ce764328b8451e79f2e1005e32745714c812c18f213f4e77f0bad737523b3bb0d04922b8cacff6ad463a,gx-no-cache=1546453871060 HTTP/1.1" 200 30
192.168.10.89 - - [02/Jan/2019:15:35:35 -0300] "GET /cormun/servlet/solicitudotcontratos?e43049740e22ce764328b8451e79f2e1e7d7d25002703f8cd666ebb4fdd55e62a9c85c3fc379810576eeb92b3f4706b7,gx-no-cache=1546453871076 HTTP/1.1" 200 30
192.168.10.89 - - [02/Jan/2019:15:35:35 -0300] "GET /cormun/servlet/solicitudotcontratos?e43049740e22ce764328b8451e79f2e1e9d9150b056dc368b525d1367d6982f2146c96c385bd5f38bf65001e864e3473f2ef9d3b24d3dbaefa0511dc34695a2afa6ceaf50bdd0feb4073cb66eb707fea73eefd9520205d24430e43dccc81ea16b13ba05ba479fc5b62362756f3ffcad4c92c4d255713eff8024bb79a45f9fa8a,gx-no-cache=1546453871088 HTTP/1.1" 200 48
192.168.10.89 - - [02/Jan/2019:15:35:35 -0300] "GET /cormun/servlet/solicitudotcontratos?e43049740e22ce764328b8451e79f2e176db404caeab7e201c1b4b3e0ef8ffce76af8a1c4151189e162efb580ce9f7e8,gx-no-cache=1546453871103 HTTP/1.1" 200 30
192.168.10.89 - - [02/Jan/2019:15:35:35 -0300] "GET /cormun/servlet/solicitudotcontratos?e43049740e22ce764328b8451e79f2e1e0a19b961c8c86b7f8b6a16f9d8572ad158427cdb408e7a0e8eb2be627acd443a4cab2937e0ae2a2bd8f701a01a8395a794bd0038b0cbdb3ad1bc54deb22a63ba15a30473af06caccedb51721448a07b10a2713cc224f42363f9d21cc4aaf275,gx-no-cache=1546453871116 HTTP/1.1" 200 30
192.168.10.89 - - [02/Jan/2019:15:35:35 -0300] "GET /cormun/servlet/solicitudotcontratos?e43049740e22ce764328b8451e79f2e117a6423f52d13731291b7b4e710547d1a7a655429cb6d6c991d4ca68cb39eacfa4cab2937e0ae2a2bd8f701a01a8395a474a46809d3934fc6e831019cd8c3baeef2b8259861ea83b82b82b27f9bc739b080da40627b21bf03b0e04240857b4be,gx-no-cache=1546453871129 HTTP/1.1" 200 110
192.168.10.89 - - [02/Jan/2019:15:35:35 -0300] "POST /cormun/servlet/solicitudotcontratos?gx-no-cache=1546453871145 HTTP/1.1" 200 67
192.168.10.89 - - [02/Jan/2019:15:35:35 -0300] "GET /cormun/servlet/solicitudotcontratos?e43049740e22ce764328b8451e79f2e120cfcaa75712993367eee8a69f72ae044f8e0ee12fa47b6c58cff839fe53e8eb3a29b445c1ad65261b4de18d5a0aeacaa4cab2937e0ae2a2bd8f701a01a8395a3ca1c1315789cf6504ca91debd227a9ae60cbf92f3bc93fb2517467380fea39bcfc989d40cb9b053b0a65ad40e28fb55,gx-no-cache=1546453871159 HTTP/1.1" 200 80
192.168.10.89 - - [02/Jan/2019:15:35:35 -0300] "POST /cormun/servlet/solicitudotcontratos?1581cedce04a5e9f82df90546b717ca4,INS,2019,0,19849704,5,2,2018,2908,LEY+SEP,201811,30,*,,gx-no-cache=1546453871416 HTTP/1.1" 200 11038
192.168.10.89 - - [02/Jan/2019:15:35:36 -0300] "GET /cormun/servlet/solicitudotcontratos?e43049740e22ce764328b8451e79f2e10030f7bf10423322296418de8e708a7056b37921f9465a351afc0775d824e06a4c13b02becc45f9740f6d2dcf36a10c89ec0b92b20b5e87c30942e818403c3ac98228df9959d0bdcfe91273e7fc415f9a8b3ae9e27f0f7da51fc6d49eabdae698ea22e030cddf7b5e95e91c9bca01faf,gx-no-cache=1546453872360 HTTP/1.1" 200 30
192.168.10.89 - - [02/Jan/2019:15:35:37 -0300] "POST /cormun/servlet/solicitudotcontratos?1581cedce04a5e9f82df90546b717ca4,INS,2019,0,19849704,5,2,2018,2908,LEY+SEP,201811,30,*,,gx-no-cache=1546453872380 HTTP/1.1" 200 93
192.168.10.89 - - [02/Jan/2019:15:35:37 -0300] "GET /cormun/servlet/hpexe_return? HTTP/1.1" 200 1075
192.168.10.89 - - [02/Jan/2019:15:35:37 -0300] "GET /cormun/servlet/trcontratosolicitud?gx-no-cache=1546453502629 HTTP/1.1" 200 8223
192.168.10.96 - - [02/Jan/2019:15:35:44 -0300] "POST /cormun/servlet/trcontratosolicitud?054139ea53e38e7ffd6a11d6ba993477,gx-no-cache=1546453879826 HTTP/1.1" 200 5529
192.168.10.89 - - [02/Jan/2019:15:35:44 -0300] "GET /cormun/servlet/solicitudotcontratos?INS,2019,0,17650925,2,2,2018,5686,LEY+SEP,201811,35,*, HTTP/1.1" 200 10131
192.168.10.89 - - [02/Jan/2019:15:35:45 -0300] "GET /cormun/servlet/solicitudotcontratos?e43049740e22ce764328b8451e79f2e199cb4df967e5326534261f99d2ba6777d737523b3bb0d04922b8cacff6ad463a,gx-no-cache=1546453881384 HTTP/1.1" 200 30
192.168.10.89 - - [02/Jan/2019:15:35:45 -0300] "GET /cormun/servlet/solicitudotcontratos?e43049740e22ce764328b8451e79f2e1c8333f9be05a3ba76652d3ab1d2d8661a9c85c3fc379810576eeb92b3f4706b7,gx-no-cache=1546453881400 HTTP/1.1" 200 30
192.168.10.89 - - [02/Jan/2019:15:35:45 -0300] "GET /cormun/servlet/solicitudotcontratos?e43049740e22ce764328b8451e79f2e1e9d9150b056dc368b525d1367d6982f2146c96c385bd5f38bf65001e864e3473f2ef9d3b24d3dbaefa0511dc34695a2afa6ceaf50bdd0feb4073cb66eb707fea73eefd9520205d24430e43dccc81ea16b13ba05ba479fc5b62362756f3ffcad4c92c4d255713eff8024bb79a45f9fa8a,gx-no-cache=1546453881413 HTTP/1.1" 200 48
192.168.10.89 - - [02/Jan/2019:15:35:45 -0300] "GET /cormun/servlet/solicitudotcontratos?e43049740e22ce764328b8451e79f2e15b811fe36fa7bd1fa8e3402a1c6057ca96a0d67835db66336a5f5c82dbe590ae,gx-no-cache=1546453881437 HTTP/1.1" 200 30
192.168.10.89 - - [02/Jan/2019:15:35:45 -0300] "GET /cormun/servlet/solicitudotcontratos?e43049740e22ce764328b8451e79f2e1e0a19b961c8c86b7f8b6a16f9d8572ad158427cdb408e7a0e8eb2be627acd443a4cab2937e0ae2a2bd8f701a01a8395a794bd0038b0cbdb3ad1bc54deb22a63ba15a30473af06caccedb51721448a07b10a2713cc224f42363f9d21cc4aaf275,gx-no-cache=1546453881457 HTTP/1.1" 200 30
192.168.10.89 - - [02/Jan/2019:15:35:45 -0300] "GET /cormun/servlet/solicitudotcontratos?e43049740e22ce764328b8451e79f2e117a6423f52d13731291b7b4e710547d1a7a655429cb6d6c991d4ca68cb39eacfa4cab2937e0ae2a2bd8f701a01a8395a474a46809d3934fc6e831019cd8c3baeef2b8259861ea83b82b82b27f9bc739b080da40627b21bf03b0e04240857b4be,gx-no-cache=1546453881469 HTTP/1.1" 200 110
192.168.10.89 - - [02/Jan/2019:15:35:45 -0300] "POST /cormun/servlet/solicitudotcontratos?gx-no-cache=1546453881486 HTTP/1.1" 200 109
192.168.10.89 - - [02/Jan/2019:15:35:45 -0300] "GET /cormun/servlet/solicitudotcontratos?e43049740e22ce764328b8451e79f2e120cfcaa75712993367eee8a69f72ae044f8e0ee12fa47b6c58cff839fe53e8eb3a29b445c1ad65261b4de18d5a0aeacaa4cab2937e0ae2a2bd8f701a01a8395a1e5f1e67b7f9ba3f2215801c921f9d974c8687366ef805e6b110776153bf032773c6576eeec58a96c22b1be0c89482c13a29b445c1ad65261b4de18d5a0aeaca7913d2efe5afd344d92ec2a866bb19c24a418329c1897cca1acf22387f94a41275a7fe151f8a189a0f6755d07805799398f49026b78dbd1de757e28c111656cea365d104730eb8d1b03c679f3a462ec1f060bb06bff051d1bc623fef93e2b4697f435d440d88da2d5c27299a4ca85f19,gx-no-cache=1546453881502 HTTP/1.1" 200 80
192.168.10.96 - - [02/Jan/2019:15:35:46 -0300] "GET /cormun/servlet/solicitudotcontratos?INS,2019,0,11274732,K,2,2018,2582,INTEGRACION,201811,38,*, HTTP/1.1" 200 9996
192.168.15.13 - - [02/Jan/2019:15:35:46 -0300] "GET /digitalizacion/servlet/wblogin HTTP/1.1" 200 2314
192.168.10.96 - - [02/Jan/2019:15:35:47 -0300] "GET /cormun/servlet/solicitudotcontratos?INS,2019,0,11274732,K,2,2018,2582,INTEGRACION,201811,38,*, HTTP/1.1" 200 10030
192.168.10.96 - - [02/Jan/2019:15:35:47 -0300] "GET /cormun/servlet/solicitudotcontratos?30415028af3a7195946c50b477ef7e54b450f171cad27f9a990c9993b03328d0faf90dff6a6bf7ec2efd59d06f10837b,gx-no-cache=1546453882988 HTTP/1.1" 200 30
192.168.10.96 - - [02/Jan/2019:15:35:47 -0300] "GET /cormun/servlet/solicitudotcontratos?30415028af3a7195946c50b477ef7e5464ab31f113490211b1e89714af05094ed67b027fed30117233e04e8fbb146f72,gx-no-cache=1546453883012 HTTP/1.1" 200 30
192.168.10.96 - - [02/Jan/2019:15:35:47 -0300] "GET /cormun/servlet/solicitudotcontratos?30415028af3a7195946c50b477ef7e540c4d6b63161ea8a374eeaf200fd70119f6ad048f1eec9240dc87e1540f68da435c46785cb047502e68091b4aba79104f5324e1c58bfa04eb052640f9a6be0d0208046bc7f9c9d38b1b374c9b98eeda71442190cec16dd5f87256f02b7b727774e24452adaec490e4888f86712b3b12f1,gx-no-cache=1546453883033 HTTP/1.1" 200 48
192.168.10.96 - - [02/Jan/2019:15:35:47 -0300] "GET /cormun/servlet/solicitudotcontratos?30415028af3a7195946c50b477ef7e544b5a348abaa7e6b63488f08e2355408a46417bb3b303c2af4666c6348d94301d,gx-no-cache=1546453883058 HTTP/1.1" 200 30
192.168.10.96 - - [02/Jan/2019:15:35:47 -0300] "GET /cormun/servlet/solicitudotcontratos?30415028af3a7195946c50b477ef7e5432e22b9255619433f616807a4d25e3e49905c5861c5cf42293645217e9f1aae3bdc9a25f89aef82c53f4f6c22cc39f1ae1052f807b30427c9b8cd8e1c00b4177ce291a33d6be4abd8413b1d43455491d78902ccd8ac74a2bd8f7aba8f8108fc4,gx-no-cache=1546453883080 HTTP/1.1" 200 30
192.168.10.96 - - [02/Jan/2019:15:35:47 -0300] "GET /cormun/servlet/solicitudotcontratos?30415028af3a7195946c50b477ef7e54aa8cb0c6e6c6855f2a2c6d9327cc18cd5237f0b5111a6e0372702604f1a8d1c4bdc9a25f89aef82c53f4f6c22cc39f1a8a0763879601459c91e34b71bb00065dc45ce6e5f13d5838989023483d8af87c962fde84a414cd2317d8f0a35988f3c4,gx-no-cache=1546453883101 HTTP/1.1" 200 110
192.168.10.96 - - [02/Jan/2019:15:35:47 -0300] "POST /cormun/servlet/solicitudotcontratos?gx-no-cache=1546453883126 HTTP/1.1" 200 83
192.168.10.96 - - [02/Jan/2019:15:35:47 -0300] "GET /cormun/servlet/solicitudotcontratos?30415028af3a7195946c50b477ef7e54667a6912f2ab67e78006d5e1f5516e5a97e44b0e7d1d2f4c95df2b266f38d91adb253eaa7341ae30ab19dd1505f81b1e2f7842f2faec150508729bf9959dc3f8952f24e6d64f3367b21fc516c919ced48911fef4fdc6279333d954b3456c11d6e1f16bb4fc659e9b82ed4a2589e019794f16a7f37337458c8c7367580d30980f6b3d5380d91c5a9952aaa673a101560ccbd1700da6a472283e3269082e20717d,gx-no-cache=1546453883172 HTTP/1.1" 200 84
192.168.10.96 - - [02/Jan/2019:15:35:48 -0300] "POST /cormun/servlet/solicitudotcontratos?054139ea53e38e7ffd6a11d6ba993477,INS,2019,0,11274732,K,2,2018,2582,INTEGRACION,201811,38,*,,gx-no-cache=1546453883473 HTTP/1.1" 200 11020
192.168.10.89 - - [02/Jan/2019:15:35:48 -0300] "POST /cormun/servlet/solicitudotcontratos?1581cedce04a5e9f82df90546b717ca4,INS,2019,0,17650925,2,2,2018,5686,LEY+SEP,201811,35,*,,gx-no-cache=1546453883523 HTTP/1.1" 200 11065
192.168.10.96 - - [02/Jan/2019:15:35:48 -0300] "GET /cormun/servlet/solicitudotcontratos?30415028af3a7195946c50b477ef7e546d6a2d5d777cde1fefca0dd41ebdd10300dcfa23ae2a2b43175f28ef82b4e186583716340434f55213aba31afd782cd30f896ee78cb4d8741a3163f14531ef08c13e82fdec3bfa7ea5264d92202bda861ff44781ee00d7ce11d0bcf7f45b19c8ac8636b36c9456f98b3323a960aaa4bf,gx-no-cache=1546453883679 HTTP/1.1" 200 30
192.168.10.96 - - [02/Jan/2019:15:35:48 -0300] "POST /cormun/servlet/solicitudotcontratos?054139ea53e38e7ffd6a11d6ba993477,INS,2019,0,11274732,K,2,2018,2582,INTEGRACION,201811,38,*,,gx-no-cache=1546453883692 HTTP/1.1" 200 93
192.168.10.96 - - [02/Jan/2019:15:35:48 -0300] "GET /cormun/servlet/hpexe_return? HTTP/1.1" 200 1068
192.168.10.96 - - [02/Jan/2019:15:35:48 -0300] "GET /cormun/servlet/trcontratosolicitud?gx-no-cache=1546453879826 HTTP/1.1" 200 7895
192.168.10.96 - - [02/Jan/2019:15:35:49 -0300] "GET /cormun/servlet/trcontratosolicitud?gx-no-cache=1546453879826 HTTP/1.1" 200 7913
192.168.15.13 - - [02/Jan/2019:15:35:51 -0300] "POST /digitalizacion/servlet/wblogin?d9c66b909a8467f4265af393f562c96c,gx-no-cache=1546453948104 HTTP/1.1" 200 65
192.168.15.13 - - [02/Jan/2019:15:35:51 -0300] "GET /digitalizacion/servlet/hhome HTTP/1.1" 200 2824
192.168.15.13 - - [02/Jan/2019:15:35:51 -0300] "GET /digitalizacion/servlet/hhome HTTP/1.1" 200 2823
192.168.10.89 - - [02/Jan/2019:15:35:52 -0300] "POST /cormun/servlet/solicitudotcontratos?1581cedce04a5e9f82df90546b717ca4,INS,2019,0,17650925,2,2,2018,5686,LEY+SEP,201811,35,*,,gx-no-cache=1546453887810 HTTP/1.1" 200 11061
192.168.15.13 - - [02/Jan/2019:15:35:54 -0300] "GET /digitalizacion/servlet/trclase? HTTP/1.1" 200 5154
192.168.15.13 - - [02/Jan/2019:15:35:54 -0300] "GET /digitalizacion/static/gxcfg.js?201862111121437 HTTP/1.1" 200 954
192.168.15.13 - - [02/Jan/2019:15:35:54 -0300] "GET /digitalizacion/static/trclase.js?201862111121742 HTTP/1.1" 200 13126
192.168.15.13 - - [02/Jan/2019:15:35:54 -0300] "GET /digitalizacion/static/Resources/PXToolsGridNew.png HTTP/1.1" 200 427
192.168.15.13 - - [02/Jan/2019:15:35:54 -0300] "GET /digitalizacion//static/Resources/PXToolsGridUpdate.png HTTP/1.1" 200 470
192.168.15.13 - - [02/Jan/2019:15:35:54 -0300] "GET /digitalizacion//static/Resources/PXToolsGridDelete.png HTTP/1.1" 200 538
192.168.15.13 - - [02/Jan/2019:15:35:54 -0300] "GET /digitalizacion/servlet/trclase? HTTP/1.1" 200 5153
192.168.10.89 - - [02/Jan/2019:15:35:54 -0300] "GET /cormun/servlet/solicitudotcontratos?e43049740e22ce764328b8451e79f2e10030f7bf10423322296418de8e708a7056b37921f9465a351afc0775d824e06a4c13b02becc45f9740f6d2dcf36a10c89ec0b92b20b5e87c30942e818403c3ac98228df9959d0bdcfe91273e7fc415f9a8b3ae9e27f0f7da51fc6d49eabdae698ea22e030cddf7b5e95e91c9bca01faf,gx-no-cache=1546453889977 HTTP/1.1" 200 30
192.168.10.89 - - [02/Jan/2019:15:35:54 -0300] "POST /cormun/servlet/solicitudotcontratos?1581cedce04a5e9f82df90546b717ca4,INS,2019,0,17650925,2,2,2018,5686,LEY+SEP,201811,35,*,,gx-no-cache=1546453889992 HTTP/1.1" 200 93
192.168.10.89 - - [02/Jan/2019:15:35:54 -0300] "GET /cormun/servlet/hpexe_return? HTTP/1.1" 200 1075
192.168.10.89 - - [02/Jan/2019:15:35:55 -0300] "GET /cormun/servlet/trcontratosolicitud?gx-no-cache=1546453502629 HTTP/1.1" 200 8037
192.168.15.13 - - [02/Jan/2019:15:35:58 -0300] "GET /digitalizacion/servlet/trdocumentos? HTTP/1.1" 200 9871
192.168.15.13 - - [02/Jan/2019:15:35:58 -0300] "GET /digitalizacion/servlet/trdocumentos? HTTP/1.1" 200 9871
192.168.15.13 - - [02/Jan/2019:15:35:58 -0300] "POST /digitalizacion/servlet/trdocumentos?gx-no-cache=1546453955685 HTTP/1.1" 200 449
192.168.15.13 - - [02/Jan/2019:15:35:59 -0300] "POST /digitalizacion/servlet/trdocumentos?gx-no-cache=1546453955790 HTTP/1.1" 200 78
192.168.15.13 - - [02/Jan/2019:15:36:00 -0300] "POST /digitalizacion/servlet/trdocumentos?gx-no-cache=1546453957230 HTTP/1.1" 200 388
192.168.10.89 - - [02/Jan/2019:15:36:06 -0300] "POST /cormun/servlet/trcontratosolicitud?1581cedce04a5e9f82df90546b717ca4,gx-no-cache=1546453502629,gx-no-cache=1546453902208 HTTP/1.1" 200 12296
192.168.15.13 - - [02/Jan/2019:15:36:08 -0300] "POST /digitalizacion/servlet/trdocumentos?gx-no-cache=1546453965286 HTTP/1.1" 200 96
192.168.15.13 - - [02/Jan/2019:15:36:15 -0300] "POST /digitalizacion/servlet/trdocumentos?gx-no-cache=1546453971829 HTTP/1.1" 200 237
192.168.15.13 - - [02/Jan/2019:15:36:19 -0300] "POST /digitalizacion/servlet/trdocumentos?d9c66b909a8467f4265af393f562c96c,,gx-no-cache=1546453976129 HTTP/1.1" 200 7523
192.168.10.89 - - [02/Jan/2019:15:36:25 -0300] "GET /cormun/servlet/solicitudotcontratos?INS,2019,0,6601395,2,6,2018,3035,LEY+SEP,201811,14,B, HTTP/1.1" 200 10098
192.168.10.89 - - [02/Jan/2019:15:36:26 -0300] "GET /cormun/servlet/solicitudotcontratos?e43049740e22ce764328b8451e79f2e19fa64d81e74443027f9b4c179607f0476e27dfb9e08ef8848d3f33b8ddf1389b,gx-no-cache=1546453922216 HTTP/1.1" 200 30
192.168.10.89 - - [02/Jan/2019:15:36:26 -0300] "GET /cormun/servlet/solicitudotcontratos?e43049740e22ce764328b8451e79f2e19c227093c1aad7106e664695027d2d255d8e64ad822ddb5ebcafd3af230aee88,gx-no-cache=1546453922236 HTTP/1.1" 200 30
192.168.10.89 - - [02/Jan/2019:15:36:26 -0300] "GET /cormun/servlet/solicitudotcontratos?e43049740e22ce764328b8451e79f2e1e9d9150b056dc368b525d1367d6982f2c29f6b3536f60c7a757f019b460178c2f2ef9d3b24d3dbaefa0511dc34695a2a25729fd5978a280f719aa5b8601d386dba0ec1059e61d543a54246f026782079065255fd2274ae09a01156af389363bc1f9e176a87f32fb1baa1a93018ceaeb5,gx-no-cache=1546453922253 HTTP/1.1" 200 50
192.168.10.89 - - [02/Jan/2019:15:36:26 -0300] "GET /cormun/servlet/solicitudotcontratos?e43049740e22ce764328b8451e79f2e1d9dc7970e09a79ba9b6bfb461639cca357e2a185d52d6d12cb944e1c73722232,gx-no-cache=1546453922273 HTTP/1.1" 200 30
192.168.10.89 - - [02/Jan/2019:15:36:26 -0300] "GET /cormun/servlet/solicitudotcontratos?e43049740e22ce764328b8451e79f2e1e0a19b961c8c86b7f8b6a16f9d8572ad158427cdb408e7a0e8eb2be627acd443a4cab2937e0ae2a2bd8f701a01a8395a794bd0038b0cbdb3ad1bc54deb22a63b01b0d65a4347e6df857880905293af2d10a2713cc224f42363f9d21cc4aaf275,gx-no-cache=1546453922292 HTTP/1.1" 200 30
192.168.10.89 - - [02/Jan/2019:15:36:26 -0300] "GET /cormun/servlet/solicitudotcontratos?e43049740e22ce764328b8451e79f2e117a6423f52d13731291b7b4e710547d1a7a655429cb6d6c991d4ca68cb39eacfa4cab2937e0ae2a2bd8f701a01a8395a474a46809d3934fc6e831019cd8c3baeef2b8259861ea83b82b82b27f9bc739b080da40627b21bf03b0e04240857b4be,gx-no-cache=1546453922310 HTTP/1.1" 200 110
192.168.10.89 - - [02/Jan/2019:15:36:26 -0300] "POST /cormun/servlet/solicitudotcontratos?gx-no-cache=1546453922336 HTTP/1.1" 200 64
192.168.10.89 - - [02/Jan/2019:15:36:26 -0300] "GET /cormun/servlet/solicitudotcontratos?e43049740e22ce764328b8451e79f2e120cfcaa75712993367eee8a69f72ae044f8e0ee12fa47b6c58cff839fe53e8eb7551b9ead5cc477e67cd164fa2cded783ba3b5383c7c478d3ba3f72cd960f2cc272177d68809b95dc6608ce24fd06f70e23fb733eaa079a1c81a007d0b0ba5e5,gx-no-cache=1546453922356 HTTP/1.1" 200 73
192.168.15.13 - - [02/Jan/2019:15:36:32 -0300] "GET /digitalizacion/servlet/wbadjunto?71506,PU HTTP/1.1" 302 -
192.168.15.13 - - [02/Jan/2019:15:36:33 -0300] "GET /digitalizacion/PublicTempStorage/39769.tmp HTTP/1.1" 200 2159955
192.168.10.89 - - [02/Jan/2019:15:36:36 -0300] "POST /cormun/servlet/solicitudotcontratos?1581cedce04a5e9f82df90546b717ca4,INS,2019,0,6601395,2,6,2018,3035,LEY+SEP,201811,14,B,,gx-no-cache=1546453931512 HTTP/1.1" 200 11072
192.168.10.96 - - [02/Jan/2019:15:36:42 -0300] "POST /cormun/servlet/trcontratosolicitud?054139ea53e38e7ffd6a11d6ba993477,gx-no-cache=1546453879826,gx-no-cache=1546453937622 HTTP/1.1" 200 5029
192.168.10.89 - - [02/Jan/2019:15:36:42 -0300] "GET /cormun/servlet/solicitudotcontratos?e43049740e22ce764328b8451e79f2e10030f7bf10423322296418de8e708a7056b37921f9465a351afc0775d824e06a4c13b02becc45f9740f6d2dcf36a10c89ec0b92b20b5e87c30942e818403c3ac98228df9959d0bdcfe91273e7fc415f9a8b3ae9e27f0f7da51fc6d49eabdae698ea22e030cddf7b5e95e91c9bca01faf,gx-no-cache=1546453937851 HTTP/1.1" 200 30
192.168.10.89 - - [02/Jan/2019:15:36:42 -0300] "POST /cormun/servlet/solicitudotcontratos?1581cedce04a5e9f82df90546b717ca4,INS,2019,0,6601395,2,6,2018,3035,LEY+SEP,201811,14,B,,gx-no-cache=1546453937866 HTTP/1.1" 200 93
192.168.10.89 - - [02/Jan/2019:15:36:42 -0300] "GET /cormun/servlet/hpexe_return? HTTP/1.1" 200 1074
192.168.10.89 - - [02/Jan/2019:15:36:42 -0300] "GET /cormun/servlet/trcontratosolicitud?gx-no-cache=1546453502629 HTTP/1.1" 200 14636
192.168.10.96 - - [02/Jan/2019:15:36:43 -0300] "GET /cormun/servlet/solicitudotcontratos?INS,2019,0,18378418,8,2,2018,2584,LEY+SEP,201811,40,*, HTTP/1.1" 200 10027
192.168.10.96 - - [02/Jan/2019:15:36:44 -0300] "GET /cormun/servlet/solicitudotcontratos?INS,2019,0,18378418,8,2,2018,2584,LEY+SEP,201811,40,*, HTTP/1.1" 200 10041
192.168.10.96 - - [02/Jan/2019:15:36:44 -0300] "GET /cormun/servlet/solicitudotcontratos?30415028af3a7195946c50b477ef7e542ab0307c0d5e632afae740485b38b131faf90dff6a6bf7ec2efd59d06f10837b,gx-no-cache=1546453940012 HTTP/1.1" 200 30
192.168.10.96 - - [02/Jan/2019:15:36:44 -0300] "GET /cormun/servlet/solicitudotcontratos?30415028af3a7195946c50b477ef7e543f4567265eb84a6c1f8af714932f6fc2d67b027fed30117233e04e8fbb146f72,gx-no-cache=1546453940036 HTTP/1.1" 200 30
192.168.10.96 - - [02/Jan/2019:15:36:44 -0300] "GET /cormun/servlet/solicitudotcontratos?30415028af3a7195946c50b477ef7e540c4d6b63161ea8a374eeaf200fd70119f6ad048f1eec9240dc87e1540f68da435c46785cb047502e68091b4aba79104f5324e1c58bfa04eb052640f9a6be0d0208046bc7f9c9d38b1b374c9b98eeda71442190cec16dd5f87256f02b7b727774e24452adaec490e4888f86712b3b12f1,gx-no-cache=1546453940056 HTTP/1.1" 200 48
192.168.10.96 - - [02/Jan/2019:15:36:44 -0300] "GET /cormun/servlet/solicitudotcontratos?30415028af3a7195946c50b477ef7e54e2b837d9599ca5aa5352d24d3011cafe9b74869c31560aa3e0f5d420692c5da1,gx-no-cache=1546453940077 HTTP/1.1" 200 30
192.168.10.96 - - [02/Jan/2019:15:36:44 -0300] "GET /cormun/servlet/solicitudotcontratos?30415028af3a7195946c50b477ef7e5432e22b9255619433f616807a4d25e3e49905c5861c5cf42293645217e9f1aae3bdc9a25f89aef82c53f4f6c22cc39f1ae1052f807b30427c9b8cd8e1c00b4177ce291a33d6be4abd8413b1d43455491d78902ccd8ac74a2bd8f7aba8f8108fc4,gx-no-cache=1546453940095 HTTP/1.1" 200 30
192.168.10.96 - - [02/Jan/2019:15:36:44 -0300] "GET /cormun/servlet/solicitudotcontratos?30415028af3a7195946c50b477ef7e54aa8cb0c6e6c6855f2a2c6d9327cc18cd5237f0b5111a6e0372702604f1a8d1c4bdc9a25f89aef82c53f4f6c22cc39f1a8a0763879601459c91e34b71bb00065dc45ce6e5f13d5838989023483d8af87c962fde84a414cd2317d8f0a35988f3c4,gx-no-cache=1546453940111 HTTP/1.1" 200 110
192.168.10.96 - - [02/Jan/2019:15:36:44 -0300] "POST /cormun/servlet/solicitudotcontratos?gx-no-cache=1546453940131 HTTP/1.1" 200 67
192.168.10.96 - - [02/Jan/2019:15:36:44 -0300] "GET /cormun/servlet/solicitudotcontratos?30415028af3a7195946c50b477ef7e54667a6912f2ab67e78006d5e1f5516e5a97e44b0e7d1d2f4c95df2b266f38d91ab4d59f70f88c48f5b5a51b29099e956cbdc9a25f89aef82c53f4f6c22cc39f1a09f79268db1e79cdad20db0f2ca86b78cc7268207f7fbdb861b73f66b3a13fd12da5e15ff2e48758deeed2846d41f0e2,gx-no-cache=1546453940151 HTTP/1.1" 200 80
192.168.15.13 - - [02/Jan/2019:15:36:44 -0300] "POST /digitalizacion/servlet/trdocumentos?gx-no-cache=1546454001486 HTTP/1.1" 200 183
192.168.10.96 - - [02/Jan/2019:15:36:44 -0300] "POST /cormun/servlet/solicitudotcontratos?054139ea53e38e7ffd6a11d6ba993477,INS,2019,0,18378418,8,2,2018,2584,LEY+SEP,201811,40,*,,gx-no-cache=1546453940341 HTTP/1.1" 200 11040
192.168.10.96 - - [02/Jan/2019:15:36:44 -0300] "GET /cormun/servlet/solicitudotcontratos?30415028af3a7195946c50b477ef7e546d6a2d5d777cde1fefca0dd41ebdd10300dcfa23ae2a2b43175f28ef82b4e186583716340434f55213aba31afd782cd30f896ee78cb4d8741a3163f14531ef08c13e82fdec3bfa7ea5264d92202bda861ff44781ee00d7ce11d0bcf7f45b19c8ac8636b36c9456f98b3323a960aaa4bf,gx-no-cache=1546453940570 HTTP/1.1" 200 30
192.168.10.96 - - [02/Jan/2019:15:36:45 -0300] "POST /cormun/servlet/solicitudotcontratos?054139ea53e38e7ffd6a11d6ba993477,INS,2019,0,18378418,8,2,2018,2584,LEY+SEP,201811,40,*,,gx-no-cache=1546453940582 HTTP/1.1" 200 93
192.168.10.96 - - [02/Jan/2019:15:36:45 -0300] "GET /cormun/servlet/hpexe_return? HTTP/1.1" 200 1064
192.168.10.96 - - [02/Jan/2019:15:36:45 -0300] "GET /cormun/servlet/trcontratosolicitud?gx-no-cache=1546453879826 HTTP/1.1" 200 6829
192.168.10.96 - - [02/Jan/2019:15:36:45 -0300] "GET /cormun/servlet/trcontratosolicitud?gx-no-cache=1546453879826 HTTP/1.1" 200 6847
192.168.15.13 - - [02/Jan/2019:15:36:47 -0300] "POST /digitalizacion/servlet/trdocumentos?d9c66b909a8467f4265af393f562c96c,,gx-no-cache=1546454004057 HTTP/1.1" 200 7448
192.168.10.89 - - [02/Jan/2019:15:37:00 -0300] "GET /cormun/servlet/solicitudotcontratos?INS,2019,0,15126101,9,6,2018,3700,NADA,201811,33,B, HTTP/1.1" 200 10120
192.168.10.89 - - [02/Jan/2019:15:37:01 -0300] "GET /cormun/servlet/solicitudotcontratos?e43049740e22ce764328b8451e79f2e1667e72a5faff56f6bb24baffc39c2927d737523b3bb0d04922b8cacff6ad463a,gx-no-cache=1546453956808 HTTP/1.1" 200 30
192.168.10.89 - - [02/Jan/2019:15:37:01 -0300] "GET /cormun/servlet/solicitudotcontratos?e43049740e22ce764328b8451e79f2e1528efa384086c3861a35be5f9ca1f7d7a9c85c3fc379810576eeb92b3f4706b7,gx-no-cache=1546453956828 HTTP/1.1" 200 30
192.168.10.89 - - [02/Jan/2019:15:37:01 -0300] "GET /cormun/servlet/solicitudotcontratos?e43049740e22ce764328b8451e79f2e1e9d9150b056dc368b525d1367d6982f2c29f6b3536f60c7a757f019b460178c2f2ef9d3b24d3dbaefa0511dc34695a2a25729fd5978a280f719aa5b8601d386dba0ec1059e61d543a54246f026782079065255fd2274ae09a01156af389363bc1f9e176a87f32fb1baa1a93018ceaeb5,gx-no-cache=1546453956840 HTTP/1.1" 200 50
192.168.10.89 - - [02/Jan/2019:15:37:01 -0300] "GET /cormun/servlet/solicitudotcontratos?e43049740e22ce764328b8451e79f2e1c89d7f4de1a9ae4debca74e30f087ee6904cde98427359401b1d860bbe5ddbed,gx-no-cache=1546453956854 HTTP/1.1" 200 30
192.168.10.89 - - [02/Jan/2019:15:37:01 -0300] "GET /cormun/servlet/solicitudotcontratos?e43049740e22ce764328b8451e79f2e1e0a19b961c8c86b7f8b6a16f9d8572ad158427cdb408e7a0e8eb2be627acd443a4cab2937e0ae2a2bd8f701a01a8395a794bd0038b0cbdb3ad1bc54deb22a63b01b0d65a4347e6df857880905293af2d10a2713cc224f42363f9d21cc4aaf275,gx-no-cache=1546453956868 HTTP/1.1" 200 30
192.168.10.89 - - [02/Jan/2019:15:37:01 -0300] "GET /cormun/servlet/solicitudotcontratos?e43049740e22ce764328b8451e79f2e117a6423f52d13731291b7b4e710547d1a7a655429cb6d6c991d4ca68cb39eacfa4cab2937e0ae2a2bd8f701a01a8395a474a46809d3934fc6e831019cd8c3baeef2b8259861ea83b82b82b27f9bc739b080da40627b21bf03b0e04240857b4be,gx-no-cache=1546453956881 HTTP/1.1" 200 110
192.168.10.89 - - [02/Jan/2019:15:37:01 -0300] "POST /cormun/servlet/solicitudotcontratos?gx-no-cache=1546453956898 HTTP/1.1" 200 97
192.168.10.89 - - [02/Jan/2019:15:37:01 -0300] "GET /cormun/servlet/solicitudotcontratos?e43049740e22ce764328b8451e79f2e120cfcaa75712993367eee8a69f72ae044f8e0ee12fa47b6c58cff839fe53e8eb7551b9ead5cc477e67cd164fa2cded78b48edc410c98427b0815e2ad2a054a348051f209f196a683e820770a6b06a23f19d3c4768f793a3980862d0a0a36ca50eae1857dfde346aa62b13f7348040a951ae02ae72246cd72962a90c7dae9160c2520ee223ac8b0048cf43204bbd1e6c48e269120e87fa3e9db4b7e5bf367836e6373d0c2687b40023f25a10d486d91956c6f470695bdacca01e24135190f9ab1,gx-no-cache=1546453956914 HTTP/1.1" 200 73
192.168.10.96 - - [02/Jan/2019:15:37:03 -0300] "POST /cormun/servlet/trcontratosolicitud?054139ea53e38e7ffd6a11d6ba993477,gx-no-cache=1546453879826,gx-no-cache=1546453959406 HTTP/1.1" 200 5026
192.168.15.13 - - [02/Jan/2019:15:37:06 -0300] "GET /digitalizacion/servlet/wbadjunto?74644,PU HTTP/1.1" 302 -
192.168.15.13 - - [02/Jan/2019:15:37:06 -0300] "GET /digitalizacion/PublicTempStorage/3801492.tmp HTTP/1.1" 200 1301737
192.168.10.89 - - [02/Jan/2019:15:37:08 -0300] "POST /cormun/servlet/solicitudotcontratos?1581cedce04a5e9f82df90546b717ca4,INS,2019,0,15126101,9,6,2018,3700,NADA,201811,33,B,,gx-no-cache=1546453963777 HTTP/1.1" 200 11069
192.168.10.89 - - [02/Jan/2019:15:37:09 -0300] "GET /cormun/servlet/solicitudotcontratos?e43049740e22ce764328b8451e79f2e10030f7bf10423322296418de8e708a7056b37921f9465a351afc0775d824e06a4c13b02becc45f9740f6d2dcf36a10c89ec0b92b20b5e87c30942e818403c3ac98228df9959d0bdcfe91273e7fc415f9a8b3ae9e27f0f7da51fc6d49eabdae698ea22e030cddf7b5e95e91c9bca01faf,gx-no-cache=1546453964699 HTTP/1.1" 200 30
192.168.10.89 - - [02/Jan/2019:15:37:09 -0300] "POST /cormun/servlet/solicitudotcontratos?1581cedce04a5e9f82df90546b717ca4,INS,2019,0,15126101,9,6,2018,3700,NADA,201811,33,B,,gx-no-cache=1546453964713 HTTP/1.1" 200 93
192.168.10.89 - - [02/Jan/2019:15:37:09 -0300] "GET /cormun/servlet/hpexe_return? HTTP/1.1" 200 1070
192.168.10.89 - - [02/Jan/2019:15:37:09 -0300] "GET /cormun/servlet/trcontratosolicitud?gx-no-cache=1546453502629 HTTP/1.1" 200 14637
192.168.10.89 - - [02/Jan/2019:15:37:14 -0300] "GET /cormun/servlet/solicitudotcontratos?INS,2019,0,15126101,9,2,2018,3211,LEY+SEP,201811,11,B, HTTP/1.1" 200 10109
192.168.10.89 - - [02/Jan/2019:15:37:15 -0300] "GET /cormun/servlet/solicitudotcontratos?e43049740e22ce764328b8451e79f2e1667e72a5faff56f6bb24baffc39c2927d737523b3bb0d04922b8cacff6ad463a,gx-no-cache=1546453970597 HTTP/1.1" 200 30
192.168.10.89 - - [02/Jan/2019:15:37:15 -0300] "GET /cormun/servlet/solicitudotcontratos?e43049740e22ce764328b8451e79f2e1528efa384086c3861a35be5f9ca1f7d7a9c85c3fc379810576eeb92b3f4706b7,gx-no-cache=1546453970617 HTTP/1.1" 200 30
192.168.10.89 - - [02/Jan/2019:15:37:15 -0300] "GET /cormun/servlet/solicitudotcontratos?e43049740e22ce764328b8451e79f2e1e9d9150b056dc368b525d1367d6982f2c29f6b3536f60c7a757f019b460178c2f2ef9d3b24d3dbaefa0511dc34695a2a25729fd5978a280f719aa5b8601d386d73eefd9520205d24430e43dccc81ea16b13ba05ba479fc5b62362756f3ffcad4c92c4d255713eff8024bb79a45f9fa8a,gx-no-cache=1546453970632 HTTP/1.1" 200 48
192.168.10.89 - - [02/Jan/2019:15:37:15 -0300] "GET /cormun/servlet/solicitudotcontratos?e43049740e22ce764328b8451e79f2e1c89d7f4de1a9ae4debca74e30f087ee6788b46b5848319bcd564ef777ac66d2d,gx-no-cache=1546453970656 HTTP/1.1" 200 30
192.168.10.89 - - [02/Jan/2019:15:37:15 -0300] "GET /cormun/servlet/solicitudotcontratos?e43049740e22ce764328b8451e79f2e1e0a19b961c8c86b7f8b6a16f9d8572ad158427cdb408e7a0e8eb2be627acd443a4cab2937e0ae2a2bd8f701a01a8395a794bd0038b0cbdb3ad1bc54deb22a63ba15a30473af06caccedb51721448a07b10a2713cc224f42363f9d21cc4aaf275,gx-no-cache=1546453970672 HTTP/1.1" 200 30
192.168.10.89 - - [02/Jan/2019:15:37:15 -0300] "GET /cormun/servlet/solicitudotcontratos?e43049740e22ce764328b8451e79f2e117a6423f52d13731291b7b4e710547d1a7a655429cb6d6c991d4ca68cb39eacfa4cab2937e0ae2a2bd8f701a01a8395a474a46809d3934fc6e831019cd8c3baeef2b8259861ea83b82b82b27f9bc739b080da40627b21bf03b0e04240857b4be,gx-no-cache=1546453970685 HTTP/1.1" 200 110
192.168.10.89 - - [02/Jan/2019:15:37:15 -0300] "POST /cormun/servlet/solicitudotcontratos?gx-no-cache=1546453970703 HTTP/1.1" 200 97
192.168.10.89 - - [02/Jan/2019:15:37:15 -0300] "GET /cormun/servlet/solicitudotcontratos?e43049740e22ce764328b8451e79f2e120cfcaa75712993367eee8a69f72ae044f8e0ee12fa47b6c58cff839fe53e8eb1c6e915aae29e8ed361657226dc9630ce71f43f1e131fe1f9364710f20de7469d30187ab814a371131d6cd56ed7ef47a16260d06039098326f054c5165121fa87bc091c90e0f9eb6b612bc30bb6bd4b1e031e08ac11fafa1d50901db82950da4f2f32b0f1fc47144f4453978e1c3c4bf949dbbd94d87b783ed0a87ffac2490f757874758c44c39f40e2b3969b1815f1884be7d0dac2f35123c1263ba9bd197adc08ce8dd046455df5040e9f6e5d5ebd4,gx-no-cache=1546453970720 HTTP/1.1" 200 84
192.168.10.96 - - [02/Jan/2019:15:37:20 -0300] "GET /cormun/servlet/solicitudotcontratos?INS,2019,0,17561258,0,2,2018,3001,LEY+SEP,201811,44,*, HTTP/1.1" 200 10001
192.168.10.96 - - [02/Jan/2019:15:37:20 -0300] "GET /cormun/servlet/solicitudotcontratos?INS,2019,0,17561258,0,2,2018,3001,LEY+SEP,201811,44,*, HTTP/1.1" 200 10014
192.168.10.96 - - [02/Jan/2019:15:37:20 -0300] "GET /cormun/servlet/solicitudotcontratos?30415028af3a7195946c50b477ef7e54a21651749129224ddc58350284b7a538faf90dff6a6bf7ec2efd59d06f10837b,gx-no-cache=1546453976549 HTTP/1.1" 200 30
192.168.10.96 - - [02/Jan/2019:15:37:20 -0300] "GET /cormun/servlet/solicitudotcontratos?30415028af3a7195946c50b477ef7e54ff73139e04ede3d816aa7b73a46443bdd67b027fed30117233e04e8fbb146f72,gx-no-cache=1546453976575 HTTP/1.1" 200 30
192.168.10.96 - - [02/Jan/2019:15:37:21 -0300] "GET /cormun/servlet/solicitudotcontratos?30415028af3a7195946c50b477ef7e540c4d6b63161ea8a374eeaf200fd70119f6ad048f1eec9240dc87e1540f68da435c46785cb047502e68091b4aba79104f5324e1c58bfa04eb052640f9a6be0d0208046bc7f9c9d38b1b374c9b98eeda71442190cec16dd5f87256f02b7b727774e24452adaec490e4888f86712b3b12f1,gx-no-cache=1546453976595 HTTP/1.1" 200 48
192.168.10.96 - - [02/Jan/2019:15:37:21 -0300] "GET /cormun/servlet/solicitudotcontratos?30415028af3a7195946c50b477ef7e54bd71ab8ba42f9179362f4a76754d7c1ba6f47c90f40b88a28bc297c902dc01f6,gx-no-cache=1546453976622 HTTP/1.1" 200 30
192.168.10.96 - - [02/Jan/2019:15:37:21 -0300] "GET /cormun/servlet/solicitudotcontratos?30415028af3a7195946c50b477ef7e5432e22b9255619433f616807a4d25e3e49905c5861c5cf42293645217e9f1aae3bdc9a25f89aef82c53f4f6c22cc39f1ae1052f807b30427c9b8cd8e1c00b4177ce291a33d6be4abd8413b1d43455491d78902ccd8ac74a2bd8f7aba8f8108fc4,gx-no-cache=1546453976643 HTTP/1.1" 200 30
192.168.10.96 - - [02/Jan/2019:15:37:21 -0300] "GET /cormun/servlet/solicitudotcontratos?30415028af3a7195946c50b477ef7e54aa8cb0c6e6c6855f2a2c6d9327cc18cd5237f0b5111a6e0372702604f1a8d1c4bdc9a25f89aef82c53f4f6c22cc39f1a8a0763879601459c91e34b71bb00065dc45ce6e5f13d5838989023483d8af87c962fde84a414cd2317d8f0a35988f3c4,gx-no-cache=1546453976663 HTTP/1.1" 200 110
192.168.10.96 - - [02/Jan/2019:15:37:21 -0300] "POST /cormun/servlet/solicitudotcontratos?gx-no-cache=1546453976688 HTTP/1.1" 200 67
192.168.10.96 - - [02/Jan/2019:15:37:21 -0300] "GET /cormun/servlet/solicitudotcontratos?30415028af3a7195946c50b477ef7e54667a6912f2ab67e78006d5e1f5516e5a97e44b0e7d1d2f4c95df2b266f38d91ab4d59f70f88c48f5b5a51b29099e956cbdc9a25f89aef82c53f4f6c22cc39f1a09f79268db1e79cdad20db0f2ca86b78cc7268207f7fbdb861b73f66b3a13fd12da5e15ff2e48758deeed2846d41f0e2,gx-no-cache=1546453976715 HTTP/1.1" 200 80
192.168.10.96 - - [02/Jan/2019:15:37:22 -0300] "POST /cormun/servlet/solicitudotcontratos?054139ea53e38e7ffd6a11d6ba993477,INS,2019,0,17561258,0,2,2018,3001,LEY+SEP,201811,44,*,,gx-no-cache=1546453978149 HTTP/1.1" 200 11019
192.168.10.96 - - [02/Jan/2019:15:37:22 -0300] "GET /cormun/servlet/solicitudotcontratos?30415028af3a7195946c50b477ef7e546d6a2d5d777cde1fefca0dd41ebdd10300dcfa23ae2a2b43175f28ef82b4e186583716340434f55213aba31afd782cd30f896ee78cb4d8741a3163f14531ef08c13e82fdec3bfa7ea5264d92202bda861ff44781ee00d7ce11d0bcf7f45b19c8ac8636b36c9456f98b3323a960aaa4bf,gx-no-cache=1546453978333 HTTP/1.1" 200 30
192.168.10.96 - - [02/Jan/2019:15:37:23 -0300] "POST /cormun/servlet/solicitudotcontratos?054139ea53e38e7ffd6a11d6ba993477,INS,2019,0,17561258,0,2,2018,3001,LEY+SEP,201811,44,*,,gx-no-cache=1546453978346 HTTP/1.1" 200 93
192.168.10.96 - - [02/Jan/2019:15:37:23 -0300] "GET /cormun/servlet/hpexe_return? HTTP/1.1" 200 1064
192.168.10.96 - - [02/Jan/2019:15:37:23 -0300] "GET /cormun/servlet/trcontratosolicitud?gx-no-cache=1546453879826 HTTP/1.1" 200 6826
192.168.10.96 - - [02/Jan/2019:15:37:23 -0300] "GET /cormun/servlet/trcontratosolicitud?gx-no-cache=1546453879826 HTTP/1.1" 200 6844
192.168.10.89 - - [02/Jan/2019:15:37:27 -0300] "POST /cormun/servlet/solicitudotcontratos?gx-no-cache=1546453982817 HTTP/1.1" 200 79
192.168.10.89 - - [02/Jan/2019:15:37:30 -0300] "GET /cormun/servlet/solicitudotcontratos?e43049740e22ce764328b8451e79f2e18699283af33ebc132ffe1fbe1e79b4a6c23eb635913970f55559fa510c0e3cc74f8e0ee12fa47b6c58cff839fe53e8eb3a29b445c1ad65261b4de18d5a0aeacaa4cab2937e0ae2a2bd8f701a01a8395a3ca1c1315789cf6504ca91debd227a9ae60cbf92f3bc93fb2517467380fea39bdf20b766a9d76deb58519f416c38903363fa057676b09c76a8a8cefea0683eaca7c691adfa45b251a99253cb2940e2a103d5053bbb17cd4eaa67284e4a52d67f019b0c0b0ebdf92427c811165576474c,gx-no-cache=1546453986314 HTTP/1.1" 200 80
192.168.10.89 - - [02/Jan/2019:15:37:33 -0300] "POST /cormun/servlet/solicitudotcontratos?1581cedce04a5e9f82df90546b717ca4,INS,2019,0,15126101,9,2,2018,3211,LEY+SEP,201811,11,B,,gx-no-cache=1546453988859 HTTP/1.1" 200 11045
192.168.10.89 - - [02/Jan/2019:15:37:33 -0300] "GET /cormun/servlet/solicitudotcontratos?e43049740e22ce764328b8451e79f2e10030f7bf10423322296418de8e708a7056b37921f9465a351afc0775d824e06a4c13b02becc45f9740f6d2dcf36a10c89ec0b92b20b5e87c30942e818403c3ac98228df9959d0bdcfe91273e7fc415f9a8b3ae9e27f0f7da51fc6d49eabdae698ea22e030cddf7b5e95e91c9bca01faf,gx-no-cache=1546453989065 HTTP/1.1" 200 30
192.168.10.89 - - [02/Jan/2019:15:37:33 -0300] "POST /cormun/servlet/solicitudotcontratos?1581cedce04a5e9f82df90546b717ca4,INS,2019,0,15126101,9,2,2018,3211,LEY+SEP,201811,11,B,,gx-no-cache=1546453989079 HTTP/1.1" 200 93
192.168.10.89 - - [02/Jan/2019:15:37:33 -0300] "GET /cormun/servlet/hpexe_return? HTTP/1.1" 200 1071
192.168.10.89 - - [02/Jan/2019:15:37:34 -0300] "GET /cormun/servlet/trcontratosolicitud?gx-no-cache=1546453502629 HTTP/1.1" 200 14585
192.168.10.96 - - [02/Jan/2019:15:37:43 -0300] "POST /cormun/servlet/trcontratosolicitud?054139ea53e38e7ffd6a11d6ba993477,gx-no-cache=1546453879826,gx-no-cache=1546453998917 HTTP/1.1" 200 5040
192.168.10.96 - - [02/Jan/2019:15:38:01 -0300] "GET /cormun/servlet/solicitudotcontratos?INS,2019,0,17525688,1,2,2018,1371,LEY+SEP,201811,38,*, HTTP/1.1" 200 10018
192.168.10.96 - - [02/Jan/2019:15:38:02 -0300] "GET /cormun/servlet/solicitudotcontratos?INS,2019,0,17525688,1,2,2018,1371,LEY+SEP,201811,38,*, HTTP/1.1" 200 10031
192.168.10.96 - - [02/Jan/2019:15:38:02 -0300] "GET /cormun/servlet/solicitudotcontratos?30415028af3a7195946c50b477ef7e5496f5fe9cd03eaf57ed3903c48c32c69afaf90dff6a6bf7ec2efd59d06f10837b,gx-no-cache=1546454018033 HTTP/1.1" 200 30
192.168.10.96 - - [02/Jan/2019:15:38:02 -0300] "GET /cormun/servlet/solicitudotcontratos?30415028af3a7195946c50b477ef7e5416a873b875a5fca006742569b8bd2a42d67b027fed30117233e04e8fbb146f72,gx-no-cache=1546454018059 HTTP/1.1" 200 30
192.168.10.96 - - [02/Jan/2019:15:38:02 -0300] "GET /cormun/servlet/solicitudotcontratos?30415028af3a7195946c50b477ef7e540c4d6b63161ea8a374eeaf200fd701194d7f2891cc26e37a8a18a397c0f5cc535c46785cb047502e68091b4aba79104f7a8933efe6ba6bb18886690f99ebfc4b08046bc7f9c9d38b1b374c9b98eeda71442190cec16dd5f87256f02b7b727774e24452adaec490e4888f86712b3b12f1,gx-no-cache=1546454018078 HTTP/1.1" 200 48
192.168.10.96 - - [02/Jan/2019:15:38:02 -0300] "GET /cormun/servlet/solicitudotcontratos?30415028af3a7195946c50b477ef7e54a13b2820aed5459c152ba52fbebf12872135b2d9d1696680653eb001321c21c9,gx-no-cache=1546454018106 HTTP/1.1" 200 30
192.168.10.96 - - [02/Jan/2019:15:38:02 -0300] "GET /cormun/servlet/solicitudotcontratos?30415028af3a7195946c50b477ef7e5432e22b9255619433f616807a4d25e3e49905c5861c5cf42293645217e9f1aae3bdc9a25f89aef82c53f4f6c22cc39f1ae1052f807b30427c9b8cd8e1c00b4177ce291a33d6be4abd8413b1d43455491d78902ccd8ac74a2bd8f7aba8f8108fc4,gx-no-cache=1546454018125 HTTP/1.1" 200 30
192.168.10.96 - - [02/Jan/2019:15:38:02 -0300] "GET /cormun/servlet/solicitudotcontratos?30415028af3a7195946c50b477ef7e54aa8cb0c6e6c6855f2a2c6d9327cc18cd5237f0b5111a6e0372702604f1a8d1c4bdc9a25f89aef82c53f4f6c22cc39f1a8a0763879601459c91e34b71bb00065dc45ce6e5f13d5838989023483d8af87c962fde84a414cd2317d8f0a35988f3c4,gx-no-cache=1546454018139 HTTP/1.1" 200 110
192.168.10.96 - - [02/Jan/2019:15:38:02 -0300] "POST /cormun/servlet/solicitudotcontratos?gx-no-cache=1546454018159 HTTP/1.1" 200 67
192.168.10.96 - - [02/Jan/2019:15:38:02 -0300] "GET /cormun/servlet/solicitudotcontratos?30415028af3a7195946c50b477ef7e54667a6912f2ab67e78006d5e1f5516e5a97e44b0e7d1d2f4c95df2b266f38d91ab4d59f70f88c48f5b5a51b29099e956cbdc9a25f89aef82c53f4f6c22cc39f1a09f79268db1e79cdad20db0f2ca86b78cc7268207f7fbdb861b73f66b3a13fd12da5e15ff2e48758deeed2846d41f0e2,gx-no-cache=1546454018179 HTTP/1.1" 200 80
192.168.10.96 - - [02/Jan/2019:15:38:03 -0300] "POST /cormun/servlet/solicitudotcontratos?054139ea53e38e7ffd6a11d6ba993477,INS,2019,0,17525688,1,2,2018,1371,LEY+SEP,201811,38,*,,gx-no-cache=1546454019270 HTTP/1.1" 200 11046
192.168.10.96 - - [02/Jan/2019:15:38:03 -0300] "GET /cormun/servlet/solicitudotcontratos?30415028af3a7195946c50b477ef7e546d6a2d5d777cde1fefca0dd41ebdd10300dcfa23ae2a2b43175f28ef82b4e186583716340434f55213aba31afd782cd30f896ee78cb4d8741a3163f14531ef08c13e82fdec3bfa7ea5264d92202bda861ff44781ee00d7ce11d0bcf7f45b19c8ac8636b36c9456f98b3323a960aaa4bf,gx-no-cache=1546454019480 HTTP/1.1" 200 30
192.168.10.96 - - [02/Jan/2019:15:38:04 -0300] "POST /cormun/servlet/solicitudotcontratos?054139ea53e38e7ffd6a11d6ba993477,INS,2019,0,17525688,1,2,2018,1371,LEY+SEP,201811,38,*,,gx-no-cache=1546454019493 HTTP/1.1" 200 93
192.168.10.96 - - [02/Jan/2019:15:38:04 -0300] "GET /cormun/servlet/hpexe_return? HTTP/1.1" 200 1064
192.168.10.96 - - [02/Jan/2019:15:38:04 -0300] "GET /cormun/servlet/trcontratosolicitud?gx-no-cache=1546453879826 HTTP/1.1" 200 6829
192.168.10.96 - - [02/Jan/2019:15:38:04 -0300] "GET /cormun/servlet/trcontratosolicitud?gx-no-cache=1546453879826 HTTP/1.1" 200 6846
192.168.10.89 - - [02/Jan/2019:15:38:09 -0300] "GET /cormun/servlet/solicitudotcontratos?INS,2019,0,15730716,9,2,2018,1291,NADA,201811,30,B, HTTP/1.1" 200 10126
192.168.10.89 - - [02/Jan/2019:15:38:10 -0300] "GET /cormun/servlet/solicitudotcontratos?e43049740e22ce764328b8451e79f2e1193ffd302e6ecdc0069d9214a42ae89dd737523b3bb0d04922b8cacff6ad463a,gx-no-cache=1546454026127 HTTP/1.1" 200 30
192.168.10.89 - - [02/Jan/2019:15:38:10 -0300] "GET /cormun/servlet/solicitudotcontratos?e43049740e22ce764328b8451e79f2e12e67e8a051fc8a0e912697663f69a031a9c85c3fc379810576eeb92b3f4706b7,gx-no-cache=1546454026147 HTTP/1.1" 200 30
192.168.10.89 - - [02/Jan/2019:15:38:10 -0300] "GET /cormun/servlet/solicitudotcontratos?e43049740e22ce764328b8451e79f2e1e9d9150b056dc368b525d1367d6982f2c29f6b3536f60c7a757f019b460178c2f2ef9d3b24d3dbaefa0511dc34695a2a25729fd5978a280f719aa5b8601d386d73eefd9520205d24430e43dccc81ea16b13ba05ba479fc5b62362756f3ffcad4c92c4d255713eff8024bb79a45f9fa8a,gx-no-cache=1546454026160 HTTP/1.1" 200 48
192.168.10.89 - - [02/Jan/2019:15:38:10 -0300] "GET /cormun/servlet/solicitudotcontratos?e43049740e22ce764328b8451e79f2e1e4795c8e88733593c38e02774eed525e5a370c19dfbc0397cd119b700f95e40f,gx-no-cache=1546454026180 HTTP/1.1" 200 30
192.168.10.89 - - [02/Jan/2019:15:38:10 -0300] "GET /cormun/servlet/solicitudotcontratos?e43049740e22ce764328b8451e79f2e1e0a19b961c8c86b7f8b6a16f9d8572ad158427cdb408e7a0e8eb2be627acd443a4cab2937e0ae2a2bd8f701a01a8395a794bd0038b0cbdb3ad1bc54deb22a63ba15a30473af06caccedb51721448a07b10a2713cc224f42363f9d21cc4aaf275,gx-no-cache=1546454026193 HTTP/1.1" 200 30
192.168.10.89 - - [02/Jan/2019:15:38:10 -0300] "GET /cormun/servlet/solicitudotcontratos?e43049740e22ce764328b8451e79f2e117a6423f52d13731291b7b4e710547d1a7a655429cb6d6c991d4ca68cb39eacfa4cab2937e0ae2a2bd8f701a01a8395a474a46809d3934fc6e831019cd8c3baeef2b8259861ea83b82b82b27f9bc739b080da40627b21bf03b0e04240857b4be,gx-no-cache=1546454026206 HTTP/1.1" 200 110
192.168.10.89 - - [02/Jan/2019:15:38:10 -0300] "POST /cormun/servlet/solicitudotcontratos?gx-no-cache=1546454026224 HTTP/1.1" 200 97
192.168.10.89 - - [02/Jan/2019:15:38:10 -0300] "GET /cormun/servlet/solicitudotcontratos?e43049740e22ce764328b8451e79f2e120cfcaa75712993367eee8a69f72ae044f8e0ee12fa47b6c58cff839fe53e8eb7551b9ead5cc477e67cd164fa2cded78b48edc410c98427b0815e2ad2a054a348051f209f196a683e820770a6b06a23f19d3c4768f793a3980862d0a0a36ca50eae1857dfde346aa62b13f7348040a951ae02ae72246cd72962a90c7dae9160c2520ee223ac8b0048cf43204bbd1e6c48e269120e87fa3e9db4b7e5bf367836e6373d0c2687b40023f25a10d486d91956c6f470695bdacca01e24135190f9ab1,gx-no-cache=1546454026241 HTTP/1.1" 200 73
192.168.10.89 - - [02/Jan/2019:15:38:17 -0300] "POST /cormun/servlet/solicitudotcontratos?1581cedce04a5e9f82df90546b717ca4,INS,2019,0,15730716,9,2,2018,1291,NADA,201811,30,B,,gx-no-cache=1546454033398 HTTP/1.1" 200 11087
192.168.10.89 - - [02/Jan/2019:15:38:20 -0300] "GET /cormun/servlet/solicitudotcontratos?e43049740e22ce764328b8451e79f2e10030f7bf10423322296418de8e708a7056b37921f9465a351afc0775d824e06a4c13b02becc45f9740f6d2dcf36a10c89ec0b92b20b5e87c30942e818403c3ac98228df9959d0bdcfe91273e7fc415f9a8b3ae9e27f0f7da51fc6d49eabdae698ea22e030cddf7b5e95e91c9bca01faf,gx-no-cache=1546454036062 HTTP/1.1" 200 30
192.168.10.89 - - [02/Jan/2019:15:38:20 -0300] "POST /cormun/servlet/solicitudotcontratos?1581cedce04a5e9f82df90546b717ca4,INS,2019,0,15730716,9,2,2018,1291,NADA,201811,30,B,,gx-no-cache=1546454036079 HTTP/1.1" 200 93
192.168.10.89 - - [02/Jan/2019:15:38:20 -0300] "GET /cormun/servlet/hpexe_return? HTTP/1.1" 200 1071
192.168.10.89 - - [02/Jan/2019:15:38:21 -0300] "GET /cormun/servlet/trcontratosolicitud?gx-no-cache=1546453502629 HTTP/1.1" 200 14647
192.168.10.96 - - [02/Jan/2019:15:38:24 -0300] "POST /cormun/servlet/trcontratosolicitud?054139ea53e38e7ffd6a11d6ba993477,gx-no-cache=1546453879826,gx-no-cache=1546454040461 HTTP/1.1" 200 5019
192.168.10.89 - - [02/Jan/2019:15:38:25 -0300] "GET /cormun/servlet/solicitudotcontratos?INS,2019,0,15730716,9,6,2018,2541,INTEGRACION,201811,3,B, HTTP/1.1" 200 10138
192.168.10.89 - - [02/Jan/2019:15:38:26 -0300] "GET /cormun/servlet/solicitudotcontratos?e43049740e22ce764328b8451e79f2e1193ffd302e6ecdc0069d9214a42ae89dd737523b3bb0d04922b8cacff6ad463a,gx-no-cache=1546454041821 HTTP/1.1" 200 30
192.168.10.89 - - [02/Jan/2019:15:38:26 -0300] "GET /cormun/servlet/solicitudotcontratos?e43049740e22ce764328b8451e79f2e12e67e8a051fc8a0e912697663f69a031a9c85c3fc379810576eeb92b3f4706b7,gx-no-cache=1546454041838 HTTP/1.1" 200 30
192.168.10.89 - - [02/Jan/2019:15:38:26 -0300] "GET /cormun/servlet/solicitudotcontratos?e43049740e22ce764328b8451e79f2e1e9d9150b056dc368b525d1367d6982f2c29f6b3536f60c7a757f019b460178c2f2ef9d3b24d3dbaefa0511dc34695a2a25729fd5978a280f719aa5b8601d386dba0ec1059e61d543a54246f026782079065255fd2274ae09a01156af389363bc1f9e176a87f32fb1baa1a93018ceaeb5,gx-no-cache=1546454041850 HTTP/1.1" 200 50
192.168.10.96 - - [02/Jan/2019:15:38:26 -0300] "GET /cormun/servlet/solicitudotcontratos?INS,2019,0,15104832,3,2,2018,1370,NADA,201811,44,*, HTTP/1.1" 200 10000
192.168.10.89 - - [02/Jan/2019:15:38:26 -0300] "GET /cormun/servlet/solicitudotcontratos?e43049740e22ce764328b8451e79f2e1e4795c8e88733593c38e02774eed525e6e082cc1b5ebcba789c331ef35d7f146,gx-no-cache=1546454041866 HTTP/1.1" 200 30
192.168.10.89 - - [02/Jan/2019:15:38:26 -0300] "GET /cormun/servlet/solicitudotcontratos?e43049740e22ce764328b8451e79f2e1e0a19b961c8c86b7f8b6a16f9d8572ad158427cdb408e7a0e8eb2be627acd443a4cab2937e0ae2a2bd8f701a01a8395a794bd0038b0cbdb3ad1bc54deb22a63b01b0d65a4347e6df857880905293af2d10a2713cc224f42363f9d21cc4aaf275,gx-no-cache=1546454041879 HTTP/1.1" 200 30
192.168.10.89 - - [02/Jan/2019:15:38:26 -0300] "GET /cormun/servlet/solicitudotcontratos?e43049740e22ce764328b8451e79f2e117a6423f52d13731291b7b4e710547d1a7a655429cb6d6c991d4ca68cb39eacfa4cab2937e0ae2a2bd8f701a01a8395a474a46809d3934fc6e831019cd8c3baeef2b8259861ea83b82b82b27f9bc739b080da40627b21bf03b0e04240857b4be,gx-no-cache=1546454041891 HTTP/1.1" 200 110
192.168.10.89 - - [02/Jan/2019:15:38:26 -0300] "POST /cormun/servlet/solicitudotcontratos?gx-no-cache=1546454041909 HTTP/1.1" 200 97
192.168.10.89 - - [02/Jan/2019:15:38:26 -0300] "GET /cormun/servlet/solicitudotcontratos?e43049740e22ce764328b8451e79f2e120cfcaa75712993367eee8a69f72ae044f8e0ee12fa47b6c58cff839fe53e8eb1c6e915aae29e8ed361657226dc9630ce71f43f1e131fe1f9364710f20de7469d30187ab814a371131d6cd56ed7ef47a16260d06039098326f054c5165121fa87bc091c90e0f9eb6b612bc30bb6bd4b1e031e08ac11fafa1d50901db82950da4f2f32b0f1fc47144f4453978e1c3c4bf949dbbd94d87b783ed0a87ffac2490f757874758c44c39f40e2b3969b1815f1884be7d0dac2f35123c1263ba9bd197adc08ce8dd046455df5040e9f6e5d5ebd4,gx-no-cache=1546454041925 HTTP/1.1" 200 84
192.168.10.96 - - [02/Jan/2019:15:38:26 -0300] "GET /cormun/servlet/solicitudotcontratos?INS,2019,0,15104832,3,2,2018,1370,NADA,201811,44,*, HTTP/1.1" 200 10010
192.168.10.96 - - [02/Jan/2019:15:38:27 -0300] "GET /cormun/servlet/solicitudotcontratos?30415028af3a7195946c50b477ef7e54fac31d1c6447c26a71ee47637a1a011efaf90dff6a6bf7ec2efd59d06f10837b,gx-no-cache=1546454042660 HTTP/1.1" 200 30
192.168.10.96 - - [02/Jan/2019:15:38:27 -0300] "GET /cormun/servlet/solicitudotcontratos?30415028af3a7195946c50b477ef7e545a5eb127ebd18bf03bf991d694ef201ed67b027fed30117233e04e8fbb146f72,gx-no-cache=1546454042689 HTTP/1.1" 200 30
192.168.10.96 - - [02/Jan/2019:15:38:27 -0300] "GET /cormun/servlet/solicitudotcontratos?30415028af3a7195946c50b477ef7e540c4d6b63161ea8a374eeaf200fd70119f6ad048f1eec9240dc87e1540f68da435c46785cb047502e68091b4aba79104f5324e1c58bfa04eb052640f9a6be0d0208046bc7f9c9d38b1b374c9b98eeda71442190cec16dd5f87256f02b7b727774e24452adaec490e4888f86712b3b12f1,gx-no-cache=1546454042711 HTTP/1.1" 200 48
192.168.10.96 - - [02/Jan/2019:15:38:27 -0300] "GET /cormun/servlet/solicitudotcontratos?30415028af3a7195946c50b477ef7e546deb3454a48ea34210fc3be92d03a108f2f9bcd225c3834dd6005d3d87d607a2,gx-no-cache=1546454042736 HTTP/1.1" 200 30
192.168.10.96 - - [02/Jan/2019:15:38:27 -0300] "GET /cormun/servlet/solicitudotcontratos?30415028af3a7195946c50b477ef7e5432e22b9255619433f616807a4d25e3e49905c5861c5cf42293645217e9f1aae3bdc9a25f89aef82c53f4f6c22cc39f1ae1052f807b30427c9b8cd8e1c00b4177ce291a33d6be4abd8413b1d43455491d78902ccd8ac74a2bd8f7aba8f8108fc4,gx-no-cache=1546454042758 HTTP/1.1" 200 30
192.168.10.96 - - [02/Jan/2019:15:38:27 -0300] "GET /cormun/servlet/solicitudotcontratos?30415028af3a7195946c50b477ef7e54aa8cb0c6e6c6855f2a2c6d9327cc18cd5237f0b5111a6e0372702604f1a8d1c4bdc9a25f89aef82c53f4f6c22cc39f1a8a0763879601459c91e34b71bb00065dc45ce6e5f13d5838989023483d8af87c962fde84a414cd2317d8f0a35988f3c4,gx-no-cache=1546454042786 HTTP/1.1" 200 110
192.168.10.96 - - [02/Jan/2019:15:38:27 -0300] "POST /cormun/servlet/solicitudotcontratos?gx-no-cache=1546454042813 HTTP/1.1" 200 64
192.168.10.96 - - [02/Jan/2019:15:38:27 -0300] "GET /cormun/servlet/solicitudotcontratos?30415028af3a7195946c50b477ef7e54667a6912f2ab67e78006d5e1f5516e5a97e44b0e7d1d2f4c95df2b266f38d91a0d84e1b656e5f00d63c4f8029a268fb68801dc4d23cb18c21374a38a24e62e5d2f84b63b30045183f4f40ee1310c47fdb3f693e1f7286b6c54ae28eb08c6d2dd,gx-no-cache=1546454042839 HTTP/1.1" 200 73
192.168.10.89 - - [02/Jan/2019:15:38:27 -0300] "POST /cormun/servlet/solicitudotcontratos?1581cedce04a5e9f82df90546b717ca4,INS,2019,0,15730716,9,6,2018,2541,INTEGRACION,201811,3,B,,gx-no-cache=1546454042735 HTTP/1.1" 200 11103
192.168.10.96 - - [02/Jan/2019:15:38:27 -0300] "POST /cormun/servlet/solicitudotcontratos?054139ea53e38e7ffd6a11d6ba993477,INS,2019,0,15104832,3,2,2018,1370,NADA,201811,44,*,,gx-no-cache=1546454043014 HTTP/1.1" 200 11025
192.168.10.96 - - [02/Jan/2019:15:38:27 -0300] "GET /cormun/servlet/solicitudotcontratos?30415028af3a7195946c50b477ef7e546d6a2d5d777cde1fefca0dd41ebdd10300dcfa23ae2a2b43175f28ef82b4e186583716340434f55213aba31afd782cd30f896ee78cb4d8741a3163f14531ef08c13e82fdec3bfa7ea5264d92202bda861ff44781ee00d7ce11d0bcf7f45b19c8ac8636b36c9456f98b3323a960aaa4bf,gx-no-cache=1546454043222 HTTP/1.1" 200 30
192.168.10.96 - - [02/Jan/2019:15:38:27 -0300] "POST /cormun/servlet/solicitudotcontratos?054139ea53e38e7ffd6a11d6ba993477,INS,2019,0,15104832,3,2,2018,1370,NADA,201811,44,*,,gx-no-cache=1546454043235 HTTP/1.1" 200 93
192.168.10.96 - - [02/Jan/2019:15:38:27 -0300] "GET /cormun/servlet/hpexe_return? HTTP/1.1" 200 1061
192.168.10.96 - - [02/Jan/2019:15:38:28 -0300] "GET /cormun/servlet/trcontratosolicitud?gx-no-cache=1546453879826 HTTP/1.1" 200 6827
192.168.10.96 - - [02/Jan/2019:15:38:28 -0300] "GET /cormun/servlet/trcontratosolicitud?gx-no-cache=1546453879826 HTTP/1.1" 200 6844
