192.168.10.96 - - [02/Jan/2019:12:56:33 -0300] "GET /cormun/servlet/solicitudotcontratos?INS,2019,0,8448797,K,2,2018,2322,NADA,201811,26,B, HTTP/1.1" 200 9996
192.168.10.96 - - [02/Jan/2019:12:56:33 -0300] "GET /cormun/servlet/solicitudotcontratos?INS,2019,0,8448797,K,2,2018,2322,NADA,201811,26,B, HTTP/1.1" 200 10007
192.168.10.96 - - [02/Jan/2019:12:56:34 -0300] "GET /cormun/servlet/solicitudotcontratos?7686990369b8cc9e8a79304e7c5dc8d3b62681bf9473068ea7c6643ba5076836b0f8640945f5d91a1286209c9fdf084d,gx-no-cache=1546444329782 HTTP/1.1" 200 30
192.168.10.96 - - [02/Jan/2019:12:56:34 -0300] "GET /cormun/servlet/solicitudotcontratos?7686990369b8cc9e8a79304e7c5dc8d3cb29a4538c4db815d09681cc6b3b92dc99aafa1c8b6c2334e58e99a2ead84031,gx-no-cache=1546444329807 HTTP/1.1" 200 30
192.168.10.96 - - [02/Jan/2019:12:56:34 -0300] "GET /cormun/servlet/solicitudotcontratos?7686990369b8cc9e8a79304e7c5dc8d35dfff9e4f59cb7a2bd270ddeebeff063477495edf5d7c557d7e028d27ad3f1b60bf6f0c0b3d00253f41b2cff99ab5cc6d21ab67969a59ae00a0eded9614df83b4a16ea12b5a94d46b6a3712aba73ca871b5f4f47350f44c392d8f652fd5f70b3d8ae796b25cab655f978a994c0d1d6c1,gx-no-cache=1546444329857 HTTP/1.1" 200 48
190.171.142.18 - - [02/Jan/2019:12:56:34 -0300] "POST /cormun/servlet/solicitudot?gx-no-cache=1546444595101 HTTP/1.1" 200 72
192.168.10.96 - - [02/Jan/2019:12:56:34 -0300] "GET /cormun/servlet/solicitudotcontratos?7686990369b8cc9e8a79304e7c5dc8d3942faec86b2dc89bc999678b908e5c72cb11446779eee7f3a2dc8d917a0a0251,gx-no-cache=1546444329887 HTTP/1.1" 200 30
192.168.10.96 - - [02/Jan/2019:12:56:34 -0300] "GET /cormun/servlet/solicitudotcontratos?7686990369b8cc9e8a79304e7c5dc8d37a601aec44c32aa5fa647590a5fab3f7ff567e3287f412f0faf33e9f776e59602eaa7a1c3c7b017ea3bfb2c8090bb3278be0d7f5771c648e79ecee6decaeccc7325cf464f4f018d37129109a7daeaea66c672808aba1ed94f31f3c68b97fc5b5,gx-no-cache=1546444329911 HTTP/1.1" 200 30
192.168.10.96 - - [02/Jan/2019:12:56:34 -0300] "GET /cormun/servlet/solicitudotcontratos?7686990369b8cc9e8a79304e7c5dc8d35734fd1ab7cbe587888993c5b5186bf597446747b999a4672f291e38f45b9a302eaa7a1c3c7b017ea3bfb2c8090bb32764239fd0b016a912838d604b4c3c9de111817ad0031bfcf3b0a1fa1c16560b670f4a4b81f4faf7e1e7be559109db5f4f,gx-no-cache=1546444329932 HTTP/1.1" 200 110
192.168.10.96 - - [02/Jan/2019:12:56:34 -0300] "POST /cormun/servlet/solicitudotcontratos?gx-no-cache=1546444329958 HTTP/1.1" 200 97
192.168.10.96 - - [02/Jan/2019:12:56:34 -0300] "GET /cormun/servlet/solicitudotcontratos?7686990369b8cc9e8a79304e7c5dc8d3cc1666b70cefca4ecde7ea294536dd831eeb2c3eadd9dfbc434e49faea30ddf413ae1158c841e497d7fb6609829175f120fceba6b7e8697cf64ec12b6df838f7c679f29e3aea1d79fe98492e4ef46f8c0be1364f7b61a379ba4cc4320831862fa0f61fefec6730eb5e7d1c167eec741349173cdef0aa08e9c1eaf205d270406a3201ded6a9b3d3c6e161fefa89185bacf2699d42055e2298abe0251955b22a9495fc00e4acda5a1e733235e1fa1c6d04d42a2e9862690b083f185fc08f39ddac,gx-no-cache=1546444329988 HTTP/1.1" 200 73
190.171.142.18 - - [02/Jan/2019:12:56:36 -0300] "POST /cormun/servlet/solicitudot?gx-no-cache=1546444597496 HTTP/1.1" 200 33
192.168.10.96 - - [02/Jan/2019:12:56:39 -0300] "POST /cormun/servlet/solicitudotcontratos?3b84008aa5f22bbb68692bfea635e730,INS,2019,0,8448797,K,2,2018,2322,NADA,201811,26,B,,gx-no-cache=1546444334931 HTTP/1.1" 200 11068
192.168.10.96 - - [02/Jan/2019:12:56:39 -0300] "GET /cormun/servlet/solicitudotcontratos?7686990369b8cc9e8a79304e7c5dc8d3793103b5f85bd4b295ba0460be5bf4339fe7bb4527c2e08f8efc547ee0bc15ef98e09819f6d7c00f23d470b78672fdfd55334913d1d7593c57776ad95ba29c592e9cf221f4b7149ab13c33f90579d60b20e9df6f45c5e3069130a74a7a55a1165b97c3abd82739a33d9b8bcb58ad842b,gx-no-cache=1546444335146 HTTP/1.1" 200 30
192.168.10.96 - - [02/Jan/2019:12:56:39 -0300] "POST /cormun/servlet/solicitudotcontratos?3b84008aa5f22bbb68692bfea635e730,INS,2019,0,8448797,K,2,2018,2322,NADA,201811,26,B,,gx-no-cache=1546444335159 HTTP/1.1" 200 93
192.168.10.96 - - [02/Jan/2019:12:56:39 -0300] "GET /cormun/servlet/hpexe_return? HTTP/1.1" 200 1066
192.168.15.13 - - [02/Jan/2019:12:56:39 -0300] "POST /digitalizacion/servlet/trdocumentos?gx-no-cache=1546444396983 HTTP/1.1" 200 143
192.168.10.96 - - [02/Jan/2019:12:56:39 -0300] "GET /cormun/servlet/trcontratosolicitud?gx-no-cache=1546444153705 HTTP/1.1" 200 7804
192.168.10.96 - - [02/Jan/2019:12:56:40 -0300] "GET /cormun/servlet/trcontratosolicitud?gx-no-cache=1546444153705 HTTP/1.1" 200 7821
192.168.15.13 - - [02/Jan/2019:12:56:41 -0300] "POST /digitalizacion/servlet/trdocumentos?16ffaf8f98db8e04a481a64743319019,,gx-no-cache=1546444398239 HTTP/1.1" 200 2940
190.171.142.18 - - [02/Jan/2019:12:56:41 -0300] "POST /cormun/servlet/solicitudot?4d4f472bb08138182858fac13de00d97,INS,0,0,,gx-no-cache=1546444602566 HTTP/1.1" 200 93
190.171.142.18 - - [02/Jan/2019:12:56:41 -0300] "GET /cormun/servlet/hpexe_return? HTTP/1.1" 200 1003
192.168.15.13 - - [02/Jan/2019:12:56:42 -0300] "POST /digitalizacion/servlet/trdocumentos?16ffaf8f98db8e04a481a64743319019,,gx-no-cache=1546444399055 HTTP/1.1" 200 2940
190.171.142.18 - - [02/Jan/2019:12:56:42 -0300] "GET /cormun/servlet/trsolicitudot HTTP/1.1" 200 19750
190.171.142.18 - - [02/Jan/2019:12:56:43 -0300] "GET /cormun/servlet/trsolicitudot HTTP/1.1" 200 19745
192.168.10.96 - - [02/Jan/2019:12:56:43 -0300] "GET /cormun/servlet/solicitudotcontratos?INS,2019,0,8448797,K,6,2018,3500,INTEGRACION,201811,3,B, HTTP/1.1" 200 10006
192.168.10.96 - - [02/Jan/2019:12:56:44 -0300] "GET /cormun/servlet/solicitudotcontratos?INS,2019,0,8448797,K,6,2018,3500,INTEGRACION,201811,3,B, HTTP/1.1" 200 10017
192.168.10.96 - - [02/Jan/2019:12:56:44 -0300] "GET /cormun/servlet/solicitudotcontratos?7686990369b8cc9e8a79304e7c5dc8d3b62681bf9473068ea7c6643ba5076836b0f8640945f5d91a1286209c9fdf084d,gx-no-cache=1546444340193 HTTP/1.1" 200 30
192.168.10.96 - - [02/Jan/2019:12:56:44 -0300] "GET /cormun/servlet/solicitudotcontratos?7686990369b8cc9e8a79304e7c5dc8d3cb29a4538c4db815d09681cc6b3b92dc99aafa1c8b6c2334e58e99a2ead84031,gx-no-cache=1546444340210 HTTP/1.1" 200 30
192.168.10.96 - - [02/Jan/2019:12:56:44 -0300] "GET /cormun/servlet/solicitudotcontratos?7686990369b8cc9e8a79304e7c5dc8d35dfff9e4f59cb7a2bd270ddeebeff063477495edf5d7c557d7e028d27ad3f1b60bf6f0c0b3d00253f41b2cff99ab5cc6d21ab67969a59ae00a0eded9614df83b2f376c3d161e2e426ff9675347b24c91cfd1eaa2f04565c6260129fde43d9898c6e4cc6d18561224076df0a6302ab882,gx-no-cache=1546444340226 HTTP/1.1" 200 50
192.168.10.96 - - [02/Jan/2019:12:56:44 -0300] "GET /cormun/servlet/solicitudotcontratos?7686990369b8cc9e8a79304e7c5dc8d3942faec86b2dc89bc999678b908e5c72363a9c1f376e3a09965cc52f6594bfc8,gx-no-cache=1546444340244 HTTP/1.1" 200 30
192.168.10.96 - - [02/Jan/2019:12:56:44 -0300] "GET /cormun/servlet/solicitudotcontratos?7686990369b8cc9e8a79304e7c5dc8d37a601aec44c32aa5fa647590a5fab3f7ff567e3287f412f0faf33e9f776e59602eaa7a1c3c7b017ea3bfb2c8090bb3278be0d7f5771c648e79ecee6decaeccc75035c969923e0a4a4007dafc390c66566c672808aba1ed94f31f3c68b97fc5b5,gx-no-cache=1546444340261 HTTP/1.1" 200 30
192.168.10.96 - - [02/Jan/2019:12:56:44 -0300] "GET /cormun/servlet/solicitudotcontratos?7686990369b8cc9e8a79304e7c5dc8d35734fd1ab7cbe587888993c5b5186bf597446747b999a4672f291e38f45b9a302eaa7a1c3c7b017ea3bfb2c8090bb32764239fd0b016a912838d604b4c3c9de111817ad0031bfcf3b0a1fa1c16560b670f4a4b81f4faf7e1e7be559109db5f4f,gx-no-cache=1546444340276 HTTP/1.1" 200 110
192.168.10.96 - - [02/Jan/2019:12:56:44 -0300] "POST /cormun/servlet/solicitudotcontratos?gx-no-cache=1546444340294 HTTP/1.1" 200 97
192.168.10.96 - - [02/Jan/2019:12:56:44 -0300] "GET /cormun/servlet/solicitudotcontratos?7686990369b8cc9e8a79304e7c5dc8d3cc1666b70cefca4ecde7ea294536dd831eeb2c3eadd9dfbc434e49faea30ddf45c1f5c07a3f752895f1c1d60e841e626540306fff9911f20703f6dad88a1aeac7482b227bcc8ea32051dd3454d7addca7a94f2b2eb8127881d942a080bff4ca95abd7c4581ece88a0fca1eb9911a361db9a73f1b240dcc4b0e70873063c564bc324f63e9681cea698f1b193d3d00c0cd35b88c591b6bab0b319eed2a4371e32b2aa6b27b0dd58fe10189ed77feea6bd9ced0aae4a0ba79464fa01fba6d81be3cd37d2dcd3a851c211fb3a0e44e3cc0b6,gx-no-cache=1546444340316 HTTP/1.1" 200 84
192.168.10.96 - - [02/Jan/2019:12:56:45 -0300] "POST /cormun/servlet/solicitudotcontratos?3b84008aa5f22bbb68692bfea635e730,INS,2019,0,8448797,K,6,2018,3500,INTEGRACION,201811,3,B,,gx-no-cache=1546444341082 HTTP/1.1" 200 11080
192.168.10.96 - - [02/Jan/2019:12:56:45 -0300] "GET /cormun/servlet/solicitudotcontratos?7686990369b8cc9e8a79304e7c5dc8d3793103b5f85bd4b295ba0460be5bf4339fe7bb4527c2e08f8efc547ee0bc15ef98e09819f6d7c00f23d470b78672fdfd55334913d1d7593c57776ad95ba29c592e9cf221f4b7149ab13c33f90579d60b20e9df6f45c5e3069130a74a7a55a1165b97c3abd82739a33d9b8bcb58ad842b,gx-no-cache=1546444341297 HTTP/1.1" 200 30
192.168.10.96 - - [02/Jan/2019:12:56:45 -0300] "POST /cormun/servlet/solicitudotcontratos?3b84008aa5f22bbb68692bfea635e730,INS,2019,0,8448797,K,6,2018,3500,INTEGRACION,201811,3,B,,gx-no-cache=1546444341310 HTTP/1.1" 200 93
192.168.10.96 - - [02/Jan/2019:12:56:45 -0300] "GET /cormun/servlet/hpexe_return? HTTP/1.1" 200 1071
192.168.10.96 - - [02/Jan/2019:12:56:46 -0300] "GET /cormun/servlet/trcontratosolicitud?gx-no-cache=1546444153705 HTTP/1.1" 200 7690
192.168.10.96 - - [02/Jan/2019:12:56:46 -0300] "GET /cormun/servlet/trcontratosolicitud?gx-no-cache=1546444153705 HTTP/1.1" 200 7707
190.171.142.18 - - [02/Jan/2019:12:56:53 -0300] "GET /cormun/servlet/solicitudot?INS,0,0, HTTP/1.1" 200 15134
190.171.142.18 - - [02/Jan/2019:12:56:53 -0300] "GET /cormun/servlet/solicitudot?INS,0,0, HTTP/1.1" 200 15140
190.171.142.18 - - [02/Jan/2019:12:57:00 -0300] "POST /cormun/servlet/solicitudot?gx-no-cache=1546444621010 HTTP/1.1" 200 3547
190.171.142.18 - - [02/Jan/2019:12:57:00 -0300] "POST /cormun/servlet/solicitudot?4d4f472bb08138182858fac13de00d97,INS,0,0,,gx-no-cache=1546444621292 HTTP/1.1" 200 11869
190.171.142.18 - - [02/Jan/2019:12:57:02 -0300] "GET /cormun/servlet/solicitudot?5c19b8b57b5d78202a299224eba9cb5aa6e6749b2ab1228f775b1c26c49f42498ce1bdab0790a7e9aa8de511c71afee1,gx-no-cache=1546444623884 HTTP/1.1" 200 30
190.171.142.18 - - [02/Jan/2019:12:57:03 -0300] "GET /cormun/servlet/solicitudot?5c19b8b57b5d78202a299224eba9cb5a995dc17acd9aaaa32177b88665392589f4993e76b7c0bbf7beaba88bbdb4f6f058ccc9bbf6edb7f9d0368634a0e6e16d,gx-no-cache=1546444623931 HTTP/1.1" 200 30
190.171.142.18 - - [02/Jan/2019:12:57:03 -0300] "GET /cormun/servlet/solicitudot?5c19b8b57b5d78202a299224eba9cb5a0b4b056068ebaf15a3e9c12a89e356c1,gx-no-cache=1546444623970 HTTP/1.1" 200 48
190.171.142.18 - - [02/Jan/2019:12:57:03 -0300] "POST /cormun/servlet/solicitudot?gx-no-cache=1546444623999 HTTP/1.1" 200 255
190.171.142.18 - - [02/Jan/2019:12:57:03 -0300] "GET /cormun/servlet/solicitudot?5c19b8b57b5d78202a299224eba9cb5a0f3e95589c3ecf8873e0f1035586f116dcd663019736afd137e92daee1d5dfde29cb2122d348b848f14b66519791bda217c79cbc086d58aeb22f7fa0c6a5817e985ef6f3b61e54ba6c6af677fe32c50518ee1526126443970000b56391ebbe7238e89bcc90a37f0ba9c9a0dac4c7c7aecf096b29c2a290fad3bbaaba25523d76151aae9dee60fa66a2b6d21364a32266855d4388ff94a86c699dab1caf05c87174af626353281ad0ec8cce798e2debeecdfb36eebd73dab44d8a8b4e001c68fb4bcd23c3c18c121b693de403e99b074601091cbc4f4bfe13c9b2c082e4627101b7241a4b3595b851099769b07ae239055a050acf0fe1f268e74fd1c48b38077d4ad7748e758ec8a3bfbaf5673e407ff93bea0c52011b4a5283388fa534493d50062fe634c36a780bcbc6d13c7092fff07c981354c1958aca9e640456b1a720c47b2ccf02dd69f77da0dfd50490661e49579c35d80e54b5980ef1dd33e2111e205cbd6fd443fc31eac37b4e248d40ca54,gx-no-cache=1546444624027 HTTP/1.1" 200 30
190.171.142.18 - - [02/Jan/2019:12:57:04 -0300] "POST /cormun/servlet/solicitudot?gx-no-cache=1546444625490 HTTP/1.1" 200 30
190.171.142.18 - - [02/Jan/2019:12:57:06 -0300] "POST /cormun/servlet/solicitudot?gx-no-cache=1546444627395 HTTP/1.1" 200 1281
190.171.142.18 - - [02/Jan/2019:12:57:06 -0300] "POST /cormun/servlet/solicitudot?gx-no-cache=1546444627447 HTTP/1.1" 200 38
190.171.142.18 - - [02/Jan/2019:12:57:06 -0300] "GET /cormun/servlet/solicitudot?5c19b8b57b5d78202a299224eba9cb5a84692a62d26219ab5ab0b89743c7537a8a687b4b9e5f5cc7cb83fdaaf142e933e517640fc5a6c2b679dfdc16d06a413421e81035dd5abd0ee0c34e75841e58160e3252bf8d47e678f8255b3b7e0be54b8c15a8d5e93a3eaec955c234265d8568,gx-no-cache=1546444627480 HTTP/1.1" 200 110
81.163.47.127 - - [02/Jan/2019:12:57:27 -0300] "GET / HTTP/1.1" 200 11217
192.168.15.13 - - [02/Jan/2019:12:57:32 -0300] "POST /digitalizacion/servlet/trdocumentos?16ffaf8f98db8e04a481a64743319019,,gx-no-cache=1546444449550 HTTP/1.1" 200 7048
192.168.15.13 - - [02/Jan/2019:12:57:33 -0300] "POST /digitalizacion/servlet/trdocumentos?16ffaf8f98db8e04a481a64743319019,,gx-no-cache=1546444449936 HTTP/1.1" 200 7048
192.168.15.13 - - [02/Jan/2019:12:57:48 -0300] "POST /digitalizacion/servlet/trdocumentos?gx-no-cache=1546444465628 HTTP/1.1" 200 465
192.168.15.13 - - [02/Jan/2019:12:58:00 -0300] "POST /digitalizacion/servlet/trdocumentos?gx-no-cache=1546444477403 HTTP/1.1" 200 388
192.168.15.13 - - [02/Jan/2019:12:58:03 -0300] "POST /digitalizacion/servlet/trdocumentos?gx-no-cache=1546444480219 HTTP/1.1" 200 134
192.168.15.13 - - [02/Jan/2019:12:58:04 -0300] "POST /digitalizacion/servlet/trdocumentos?16ffaf8f98db8e04a481a64743319019,,gx-no-cache=1546444481240 HTTP/1.1" 200 7070
192.168.10.96 - - [02/Jan/2019:12:58:15 -0300] "POST /cormun/servlet/trcontratosolicitud?3b84008aa5f22bbb68692bfea635e730,gx-no-cache=1546444153705,gx-no-cache=1546444430986 HTTP/1.1" 200 5041
192.168.10.96 - - [02/Jan/2019:12:58:17 -0300] "GET /cormun/servlet/solicitudotcontratos?INS,2019,0,9623662,k,6,2018,2323,NADA,201811,9,B, HTTP/1.1" 200 10010
192.168.10.96 - - [02/Jan/2019:12:58:17 -0300] "GET /cormun/servlet/solicitudotcontratos?INS,2019,0,9623662,k,6,2018,2323,NADA,201811,9,B, HTTP/1.1" 200 10020
192.168.10.96 - - [02/Jan/2019:12:58:18 -0300] "GET /cormun/servlet/solicitudotcontratos?7686990369b8cc9e8a79304e7c5dc8d35ae2c40db5ef310c738dab8af8feb00fb0f8640945f5d91a1286209c9fdf084d,gx-no-cache=1546444433655 HTTP/1.1" 200 30
192.168.10.96 - - [02/Jan/2019:12:58:18 -0300] "GET /cormun/servlet/solicitudotcontratos?7686990369b8cc9e8a79304e7c5dc8d3ea0c903f24ec9c832516551738bad40699aafa1c8b6c2334e58e99a2ead84031,gx-no-cache=1546444433681 HTTP/1.1" 200 30
192.168.10.96 - - [02/Jan/2019:12:58:18 -0300] "GET /cormun/servlet/solicitudotcontratos?7686990369b8cc9e8a79304e7c5dc8d35dfff9e4f59cb7a2bd270ddeebeff063477495edf5d7c557d7e028d27ad3f1b60bf6f0c0b3d00253f41b2cff99ab5cc6d21ab67969a59ae00a0eded9614df83b2f376c3d161e2e426ff9675347b24c91cfd1eaa2f04565c6260129fde43d9898c6e4cc6d18561224076df0a6302ab882,gx-no-cache=1546444433697 HTTP/1.1" 200 50
192.168.10.96 - - [02/Jan/2019:12:58:18 -0300] "GET /cormun/servlet/solicitudotcontratos?7686990369b8cc9e8a79304e7c5dc8d3f80d4b123ff5ba0507955183df380a18dbfb7cdbd031ee39e40f555705d041b4,gx-no-cache=1546444433719 HTTP/1.1" 200 30
192.168.10.96 - - [02/Jan/2019:12:58:18 -0300] "GET /cormun/servlet/solicitudotcontratos?7686990369b8cc9e8a79304e7c5dc8d37a601aec44c32aa5fa647590a5fab3f7ff567e3287f412f0faf33e9f776e59602eaa7a1c3c7b017ea3bfb2c8090bb3278be0d7f5771c648e79ecee6decaeccc75035c969923e0a4a4007dafc390c66566c672808aba1ed94f31f3c68b97fc5b5,gx-no-cache=1546444433739 HTTP/1.1" 200 30
192.168.10.96 - - [02/Jan/2019:12:58:18 -0300] "GET /cormun/servlet/solicitudotcontratos?7686990369b8cc9e8a79304e7c5dc8d35734fd1ab7cbe587888993c5b5186bf597446747b999a4672f291e38f45b9a302eaa7a1c3c7b017ea3bfb2c8090bb32764239fd0b016a912838d604b4c3c9de111817ad0031bfcf3b0a1fa1c16560b670f4a4b81f4faf7e1e7be559109db5f4f,gx-no-cache=1546444433757 HTTP/1.1" 200 110
192.168.10.96 - - [02/Jan/2019:12:58:18 -0300] "POST /cormun/servlet/solicitudotcontratos?gx-no-cache=1546444433778 HTTP/1.1" 200 97
192.168.10.96 - - [02/Jan/2019:12:58:18 -0300] "GET /cormun/servlet/solicitudotcontratos?7686990369b8cc9e8a79304e7c5dc8d3cc1666b70cefca4ecde7ea294536dd831eeb2c3eadd9dfbc434e49faea30ddf413ae1158c841e497d7fb6609829175f120fceba6b7e8697cf64ec12b6df838f7c679f29e3aea1d79fe98492e4ef46f8c0be1364f7b61a379ba4cc4320831862fa0f61fefec6730eb5e7d1c167eec741349173cdef0aa08e9c1eaf205d270406a3201ded6a9b3d3c6e161fefa89185bacf2699d42055e2298abe0251955b22a9495fc00e4acda5a1e733235e1fa1c6d04d42a2e9862690b083f185fc08f39ddac,gx-no-cache=1546444433801 HTTP/1.1" 200 73
190.171.142.18 - - [02/Jan/2019:12:58:19 -0300] "POST /cormun/servlet/solicitudot?gx-no-cache=1546444700084 HTTP/1.1" 200 97
192.168.10.96 - - [02/Jan/2019:12:58:19 -0300] "POST /cormun/servlet/solicitudotcontratos?3b84008aa5f22bbb68692bfea635e730,INS,2019,0,9623662,k,6,2018,2323,NADA,201811,9,B,,gx-no-cache=1546444434898 HTTP/1.1" 200 11088
192.168.10.96 - - [02/Jan/2019:12:58:21 -0300] "GET /cormun/servlet/solicitudotcontratos?7686990369b8cc9e8a79304e7c5dc8d3793103b5f85bd4b295ba0460be5bf4339fe7bb4527c2e08f8efc547ee0bc15ef98e09819f6d7c00f23d470b78672fdfd55334913d1d7593c57776ad95ba29c592e9cf221f4b7149ab13c33f90579d60b20e9df6f45c5e3069130a74a7a55a1165b97c3abd82739a33d9b8bcb58ad842b,gx-no-cache=1546444436855 HTTP/1.1" 200 30
192.168.10.96 - - [02/Jan/2019:12:58:22 -0300] "POST /cormun/servlet/solicitudotcontratos?3b84008aa5f22bbb68692bfea635e730,INS,2019,0,9623662,k,6,2018,2323,NADA,201811,9,B,,gx-no-cache=1546444437489 HTTP/1.1" 200 93
192.168.10.96 - - [02/Jan/2019:12:58:22 -0300] "GET /cormun/servlet/hpexe_return? HTTP/1.1" 200 1064
192.168.10.96 - - [02/Jan/2019:12:58:22 -0300] "GET /cormun/servlet/trcontratosolicitud?gx-no-cache=1546444153705 HTTP/1.1" 200 6787
192.168.10.96 - - [02/Jan/2019:12:58:22 -0300] "GET /cormun/servlet/trcontratosolicitud?gx-no-cache=1546444153705 HTTP/1.1" 200 6804
190.171.142.18 - - [02/Jan/2019:12:58:25 -0300] "GET /cormun/servlet/solicitudot?5c19b8b57b5d78202a299224eba9cb5aa427c0d2e2b7c63d262e00218be6f188e52571822cf1725a31029a66e0fc5d1af1d74a1fdc85d360c1d7a3b97e95f67bc977cac1630489ec284ac10a400233ad06717fb3815267bdd308a4a28598e62582bf9135e08e1359705305882f0d7796711cbed27f23bf59d1ad27238661e6ccf162b4622e3c7d95d1f64a5ef29dd0c97b03c7db71439af025a05eedb7164d0f,gx-no-cache=1546444706559 HTTP/1.1" 200 29
190.171.142.18 - - [02/Jan/2019:12:58:25 -0300] "GET /cormun/servlet/solicitudot?5c19b8b57b5d78202a299224eba9cb5a79bebfbabf7235945005d4c257f6d87c,gx-no-cache=1546444706593 HTTP/1.1" 200 30
190.171.142.18 - - [02/Jan/2019:12:58:25 -0300] "POST /cormun/servlet/solicitudot?gx-no-cache=1546444706631 HTTP/1.1" 200 30
190.171.142.18 - - [02/Jan/2019:12:58:38 -0300] "GET /cormun/static/menuarrow.gif HTTP/1.1" 404 1015
190.171.142.18 - - [02/Jan/2019:12:58:41 -0300] "GET /cormun/servlet/solicitudot?5c19b8b57b5d78202a299224eba9cb5a4ee03c9abef59738fb6ec36a69d19c7bd5e193fd3dbf5babe97bac231173583d,gx-no-cache=1546444722913 HTTP/1.1" 200 30
190.171.142.18 - - [02/Jan/2019:12:58:45 -0300] "POST /cormun/servlet/solicitudot?gx-no-cache=1546444726779 HTTP/1.1" 200 30
190.171.142.18 - - [02/Jan/2019:12:58:46 -0300] "POST /cormun/servlet/solicitudot?4d4f472bb08138182858fac13de00d97,INS,0,0,,gx-no-cache=1546444726840 HTTP/1.1" 200 93
190.171.142.18 - - [02/Jan/2019:12:58:46 -0300] "GET /cormun/servlet/hpexe_return? HTTP/1.1" 200 1003
190.171.142.18 - - [02/Jan/2019:12:58:46 -0300] "GET /cormun/servlet/trsolicitudot HTTP/1.1" 200 20075
190.171.142.18 - - [02/Jan/2019:12:58:47 -0300] "GET /cormun/servlet/trsolicitudot HTTP/1.1" 200 20071
192.168.10.96 - - [02/Jan/2019:12:58:57 -0300] "POST /cormun/servlet/trcontratosolicitud?3b84008aa5f22bbb68692bfea635e730,gx-no-cache=1546444153705,gx-no-cache=1546444473266 HTTP/1.1" 200 5203
190.171.142.18 - - [02/Jan/2019:12:59:04 -0300] "GET /cormun/servlet/solicitudot?INS,0,0, HTTP/1.1" 200 15134
190.171.142.18 - - [02/Jan/2019:12:59:05 -0300] "GET /cormun/servlet/solicitudot?INS,0,0, HTTP/1.1" 200 15140
192.168.10.96 - - [02/Jan/2019:12:59:05 -0300] "GET /cormun/servlet/solicitudotcontratos?INS,2019,0,12962041,2,2,2018,2803,LEY+SEP,201811,30,B, HTTP/1.1" 200 9965
192.168.10.96 - - [02/Jan/2019:12:59:05 -0300] "GET /cormun/servlet/solicitudotcontratos?INS,2019,0,12962041,2,2,2018,2803,LEY+SEP,201811,30,B, HTTP/1.1" 200 9978
192.168.10.96 - - [02/Jan/2019:12:59:06 -0300] "GET /cormun/servlet/solicitudotcontratos?7686990369b8cc9e8a79304e7c5dc8d364891ffc4a28743e86cad2bccf77e567edbebcfe7ef71795bf94e6633825c7c9,gx-no-cache=1546444482010 HTTP/1.1" 200 30
192.168.10.96 - - [02/Jan/2019:12:59:06 -0300] "GET /cormun/servlet/solicitudotcontratos?7686990369b8cc9e8a79304e7c5dc8d3d3dc91cee1be05bba6355ab21577487dc2b4addc89df6e31c8eb601da3be6a99,gx-no-cache=1546444482032 HTTP/1.1" 200 30
192.168.10.96 - - [02/Jan/2019:12:59:06 -0300] "GET /cormun/servlet/solicitudotcontratos?7686990369b8cc9e8a79304e7c5dc8d35dfff9e4f59cb7a2bd270ddeebeff0634b7130fee47ec2bc960b3926c45901b00bf6f0c0b3d00253f41b2cff99ab5cc6f61990c64b3f29c77777b7e15a42180e4a16ea12b5a94d46b6a3712aba73ca871b5f4f47350f44c392d8f652fd5f70b3d8ae796b25cab655f978a994c0d1d6c1,gx-no-cache=1546444482046 HTTP/1.1" 200 48
192.168.10.96 - - [02/Jan/2019:12:59:06 -0300] "GET /cormun/servlet/solicitudotcontratos?7686990369b8cc9e8a79304e7c5dc8d3150943c5bb031867a84f901b0337bd7c6ccefcf7c2077bd458d2c54af884a6eb,gx-no-cache=1546444482065 HTTP/1.1" 200 30
192.168.10.96 - - [02/Jan/2019:12:59:06 -0300] "GET /cormun/servlet/solicitudotcontratos?7686990369b8cc9e8a79304e7c5dc8d37a601aec44c32aa5fa647590a5fab3f7ff567e3287f412f0faf33e9f776e59602eaa7a1c3c7b017ea3bfb2c8090bb3278be0d7f5771c648e79ecee6decaeccc7325cf464f4f018d37129109a7daeaea66c672808aba1ed94f31f3c68b97fc5b5,gx-no-cache=1546444482081 HTTP/1.1" 200 30
192.168.10.96 - - [02/Jan/2019:12:59:06 -0300] "GET /cormun/servlet/solicitudotcontratos?7686990369b8cc9e8a79304e7c5dc8d35734fd1ab7cbe587888993c5b5186bf597446747b999a4672f291e38f45b9a302eaa7a1c3c7b017ea3bfb2c8090bb32764239fd0b016a912838d604b4c3c9de111817ad0031bfcf3b0a1fa1c16560b670f4a4b81f4faf7e1e7be559109db5f4f,gx-no-cache=1546444482096 HTTP/1.1" 200 110
192.168.10.96 - - [02/Jan/2019:12:59:06 -0300] "POST /cormun/servlet/solicitudotcontratos?gx-no-cache=1546444482114 HTTP/1.1" 200 79
192.168.10.96 - - [02/Jan/2019:12:59:06 -0300] "GET /cormun/servlet/solicitudotcontratos?7686990369b8cc9e8a79304e7c5dc8d3cc1666b70cefca4ecde7ea294536dd831eeb2c3eadd9dfbc434e49faea30ddf4d94b58865aa8c553c31b7f08840b3ddb2eaa7a1c3c7b017ea3bfb2c8090bb327850bf58d691ed5b27211d66fb8aa0d4f7787500756cc5bd389f3e0c2cdb492316441085be50d5430a2945ef0cf7cd0ef26b16ca2040f9a32a4087c36815ffc91ed96a89e71eae30db2c1c7099d597090,gx-no-cache=1546444482134 HTTP/1.1" 200 80
192.168.10.96 - - [02/Jan/2019:12:59:08 -0300] "GET /cormun/servlet/solicitudotcontratos?7686990369b8cc9e8a79304e7c5dc8d369900ee1bd575c68434cce183c452e26997e740e51a9a664e2fdb9810b8a7da81eeb2c3eadd9dfbc434e49faea30ddf413ae1158c841e497d7fb6609829175f1c424bfc5403483841ca4eb7e4039937bf1b329424738e1ad8a0bf62f27131d68f3d97c1e0b9418d6ff2bebbe10e6cae615ea4f591adbdcf9166cae7f7cae7005b7aabf210be36de9884f270913252b387d20cecf51211072a317281de92fd1914a0b64a1fc8f109f9f143510792747153db75e1cbaea2ab3b13a68451dde3b7ba5c22c3240c07cf53b330ac7d841cd86,gx-no-cache=1546444484097 HTTP/1.1" 200 73
192.168.10.96 - - [02/Jan/2019:12:59:10 -0300] "POST /cormun/servlet/solicitudotcontratos?3b84008aa5f22bbb68692bfea635e730,INS,2019,0,12962041,2,2,2018,2803,LEY+SEP,201811,30,B,,gx-no-cache=1546444486047 HTTP/1.1" 200 11046
190.171.142.18 - - [02/Jan/2019:12:59:11 -0300] "POST /cormun/servlet/solicitudot?gx-no-cache=1546444751861 HTTP/1.1" 200 3547
190.171.142.18 - - [02/Jan/2019:12:59:11 -0300] "POST /cormun/servlet/solicitudot?4d4f472bb08138182858fac13de00d97,INS,0,0,,gx-no-cache=1546444752228 HTTP/1.1" 200 11869
190.171.142.18 - - [02/Jan/2019:12:59:14 -0300] "GET /cormun/servlet/solicitudot?5c19b8b57b5d78202a299224eba9cb5aa6e6749b2ab1228f775b1c26c49f42498ce1bdab0790a7e9aa8de511c71afee1,gx-no-cache=1546444755355 HTTP/1.1" 200 30
190.171.142.18 - - [02/Jan/2019:12:59:14 -0300] "GET /cormun/servlet/solicitudot?5c19b8b57b5d78202a299224eba9cb5a995dc17acd9aaaa32177b88665392589f4993e76b7c0bbf7beaba88bbdb4f6f058ccc9bbf6edb7f9d0368634a0e6e16d,gx-no-cache=1546444755420 HTTP/1.1" 200 30
190.171.142.18 - - [02/Jan/2019:12:59:14 -0300] "GET /cormun/servlet/solicitudot?5c19b8b57b5d78202a299224eba9cb5a0b4b056068ebaf15a3e9c12a89e356c1,gx-no-cache=1546444755455 HTTP/1.1" 200 48
190.171.142.18 - - [02/Jan/2019:12:59:14 -0300] "POST /cormun/servlet/solicitudot?gx-no-cache=1546444755490 HTTP/1.1" 200 255
190.171.142.18 - - [02/Jan/2019:12:59:14 -0300] "GET /cormun/servlet/solicitudot?5c19b8b57b5d78202a299224eba9cb5a0f3e95589c3ecf8873e0f1035586f116dcd663019736afd137e92daee1d5dfde29cb2122d348b848f14b66519791bda217c79cbc086d58aeb22f7fa0c6a5817e985ef6f3b61e54ba6c6af677fe32c50518ee1526126443970000b56391ebbe7238e89bcc90a37f0ba9c9a0dac4c7c7aecf096b29c2a290fad3bbaaba25523d76151aae9dee60fa66a2b6d21364a32266855d4388ff94a86c699dab1caf05c87174af626353281ad0ec8cce798e2debeecdfb36eebd73dab44d8a8b4e001c68fb4bcd23c3c18c121b693de403e99b074601091cbc4f4bfe13c9b2c082e4627101b7241a4b3595b851099769b07ae239055a050acf0fe1f268e74fd1c48b38077d4ad7748e758ec8a3bfbaf5673e407ff93bea0c52011b4a5283388fa534493d50062fe634c36a780bcbc6d13c7092fff07c981354c1958aca9e640456b1a720c47b2ccf02dd69f77da0dfd50490661e49579c35d80e54b5980ef1dd33e2111e205cbd6fd443fc31eac37b4e248d40ca54,gx-no-cache=1546444755520 HTTP/1.1" 200 30
190.171.142.18 - - [02/Jan/2019:12:59:16 -0300] "POST /cormun/servlet/solicitudot?gx-no-cache=1546444757578 HTTP/1.1" 200 30
192.168.10.96 - - [02/Jan/2019:12:59:17 -0300] "POST /cormun/servlet/solicitudotcontratos?3b84008aa5f22bbb68692bfea635e730,INS,2019,0,12962041,2,2,2018,2803,LEY+SEP,201811,30,B,,gx-no-cache=1546444493156 HTTP/1.1" 200 11043
190.171.142.18 - - [02/Jan/2019:12:59:18 -0300] "GET /cormun/servlet/prsolicitudot?12315566,,,,,MD,,gxPopupLevel%3D0%3B HTTP/1.1" 200 6530
192.168.10.96 - - [02/Jan/2019:12:59:18 -0300] "GET /cormun/servlet/solicitudotcontratos?7686990369b8cc9e8a79304e7c5dc8d3793103b5f85bd4b295ba0460be5bf4339fe7bb4527c2e08f8efc547ee0bc15ef98e09819f6d7c00f23d470b78672fdfd55334913d1d7593c57776ad95ba29c592e9cf221f4b7149ab13c33f90579d60b20e9df6f45c5e3069130a74a7a55a1165b97c3abd82739a33d9b8bcb58ad842b,gx-no-cache=1546444494550 HTTP/1.1" 200 30
192.168.10.96 - - [02/Jan/2019:12:59:19 -0300] "POST /cormun/servlet/solicitudotcontratos?3b84008aa5f22bbb68692bfea635e730,INS,2019,0,12962041,2,2,2018,2803,LEY+SEP,201811,30,B,,gx-no-cache=1546444495222 HTTP/1.1" 200 93
192.168.10.96 - - [02/Jan/2019:12:59:19 -0300] "GET /cormun/servlet/hpexe_return? HTTP/1.1" 200 1069
192.168.10.96 - - [02/Jan/2019:12:59:20 -0300] "GET /cormun/servlet/trcontratosolicitud?gx-no-cache=1546444153705 HTTP/1.1" 200 7568
192.168.10.96 - - [02/Jan/2019:12:59:20 -0300] "GET /cormun/servlet/trcontratosolicitud?gx-no-cache=1546444153705 HTTP/1.1" 200 7586
190.171.142.18 - - [02/Jan/2019:12:59:20 -0300] "POST /cormun/servlet/solicitudot?gx-no-cache=1546444761357 HTTP/1.1" 200 1281
190.171.142.18 - - [02/Jan/2019:12:59:20 -0300] "POST /cormun/servlet/solicitudot?gx-no-cache=1546444761457 HTTP/1.1" 200 38
190.171.142.18 - - [02/Jan/2019:12:59:20 -0300] "GET /cormun/servlet/solicitudot?5c19b8b57b5d78202a299224eba9cb5a84692a62d26219ab5ab0b89743c7537a8a687b4b9e5f5cc7cb83fdaaf142e933e517640fc5a6c2b679dfdc16d06a413421e81035dd5abd0ee0c34e75841e58160e3252bf8d47e678f8255b3b7e0be54b8c15a8d5e93a3eaec955c234265d8568,gx-no-cache=1546444761532 HTTP/1.1" 200 110
190.171.142.18 - - [02/Jan/2019:12:59:20 -0300] "POST /cormun/servlet/solicitudot?gx-no-cache=1546444761614 HTTP/1.1" 200 97
190.171.142.18 - - [02/Jan/2019:12:59:20 -0300] "GET /cormun/servlet/solicitudot?5c19b8b57b5d78202a299224eba9cb5aa427c0d2e2b7c63d262e00218be6f188e52571822cf1725a31029a66e0fc5d1af1d74a1fdc85d360c1d7a3b97e95f67bc977cac1630489ec284ac10a400233ad06717fb3815267bdd308a4a28598e62582bf9135e08e1359705305882f0d7796711cbed27f23bf59d1ad27238661e6ccf162b4622e3c7d95d1f64a5ef29dd0c97b03c7db71439af025a05eedb7164d0f,gx-no-cache=1546444761708 HTTP/1.1" 200 29
190.171.142.18 - - [02/Jan/2019:12:59:20 -0300] "GET /cormun/servlet/solicitudot?5c19b8b57b5d78202a299224eba9cb5a4ee03c9abef59738fb6ec36a69d19c7bd5e193fd3dbf5babe97bac231173583d,gx-no-cache=1546444761790 HTTP/1.1" 200 30
192.168.10.89 - - [02/Jan/2019:12:59:25 -0300] "GET /cormun/servlet/trsolicitudot? HTTP/1.1" 200 7505
192.168.10.89 - - [02/Jan/2019:12:59:28 -0300] "GET /cormun/servlet/solicitudot?INS,0,0, HTTP/1.1" 200 15091
190.171.142.18 - - [02/Jan/2019:12:59:30 -0300] "POST /cormun/servlet/solicitudot?gx-no-cache=1546444771128 HTTP/1.1" 200 33
190.171.142.18 - - [02/Jan/2019:12:59:33 -0300] "POST /cormun/servlet/solicitudot?4d4f472bb08138182858fac13de00d97,INS,0,0,,gx-no-cache=1546444773959 HTTP/1.1" 200 93
190.171.142.18 - - [02/Jan/2019:12:59:33 -0300] "GET /cormun/servlet/hpexe_return? HTTP/1.1" 200 1003
190.171.142.18 - - [02/Jan/2019:12:59:33 -0300] "GET /cormun/servlet/trsolicitudot HTTP/1.1" 200 20336
192.168.10.89 - - [02/Jan/2019:12:59:33 -0300] "POST /cormun/servlet/solicitudot?gx-no-cache=1546444509487 HTTP/1.1" 200 3517
192.168.10.89 - - [02/Jan/2019:12:59:34 -0300] "POST /cormun/servlet/solicitudot?b3d190fd5bd5a334fd4305246d978deb,INS,0,0,,gx-no-cache=1546444509715 HTTP/1.1" 200 11806
190.171.142.18 - - [02/Jan/2019:12:59:34 -0300] "GET /cormun/servlet/trsolicitudot HTTP/1.1" 200 20331
192.168.10.89 - - [02/Jan/2019:12:59:40 -0300] "GET /cormun/servlet/solicitudot?c6115d19f47be5ae7a3b87767abc708c40bcf11d61232e5af9a70a563f61b2e25ba66850896d7c175f43c1ea4a91022d,gx-no-cache=1546444516171 HTTP/1.1" 200 30
192.168.10.89 - - [02/Jan/2019:12:59:40 -0300] "GET /cormun/servlet/solicitudot?c6115d19f47be5ae7a3b87767abc708c910686e519b43369f6c396d006e8d3d342955edffd07e2928d33c1e6c7ad0480c0c087a08d3995926cb9a5072308685f,gx-no-cache=1546444516197 HTTP/1.1" 200 30
192.168.10.89 - - [02/Jan/2019:12:59:40 -0300] "GET /cormun/servlet/solicitudot?c6115d19f47be5ae7a3b87767abc708cdd7be58e9eb86efc9d80a0e66f5866ee,gx-no-cache=1546444516210 HTTP/1.1" 200 123
192.168.10.89 - - [02/Jan/2019:12:59:40 -0300] "POST /cormun/servlet/solicitudot?gx-no-cache=1546444516242 HTTP/1.1" 200 240
192.168.10.89 - - [02/Jan/2019:12:59:40 -0300] "GET /cormun/servlet/solicitudot?c6115d19f47be5ae7a3b87767abc708ce016e6f8e2b0ad82e587327bbb7ca2eb81e7d3651a50da5aafd644bee1dac07f8374be835fcaec0df9ee0bfc8febf6abc9c89cb40d46fed9aaf50819a75c527765bcca8eace1126809c6c52164c07eade05b9953e4f59e0f469bb761e7b65074e38f75c49237277315115e850e869159dc495a236f3d7af954d939746eb124373370e2f7936fa8628370e6d8df98561e4281fd709aa1ea5e96351cc3a12382ca4ab5f01b484e685ab68db8c6eb4ae64f68295ecb61a62d9cc9ad91a6e2daf4b1d1ec0888bdcd785ffb9d63a01942f20cde802be2b4e942c531b76e57281b15456fdb96c7afec8f7341fed7896aa979f20b94dd20f123712bf79cf63974d25d7f76c4254be44c42d4ccc4652ade296474a699c3d484080996e31164841f7c7e7181637f3d8949050e441797f12ebe922c11b1466c24188227e06596a87b14edbe884e64a1caf6f8c3c5cb89ba5a2d2f4bff9935b6ce279c2e5b125e533de2c268fad15781f92149f62ae104e1c4e718f2,gx-no-cache=1546444516261 HTTP/1.1" 200 30
192.168.10.89 - - [02/Jan/2019:12:59:40 -0300] "GET /cormun/static/Shared/jqueryui/images/ui-icons_ebccce_256x240.png HTTP/1.1" 404 1089
192.168.10.89 - - [02/Jan/2019:12:59:40 -0300] "GET /cormun/static/Shared/jqueryui/images/ui-bg_highlight-soft_100_c6c2c8_1x100.png HTTP/1.1" 404 1117
192.168.10.89 - - [02/Jan/2019:12:59:40 -0300] "GET /cormun/static/Shared/jqueryui/images/ui-icons_82798d_256x240.png HTTP/1.1" 404 1089
192.168.10.89 - - [02/Jan/2019:12:59:40 -0300] "GET /cormun/static/Shared/jqueryui/images/ui-bg_flat_55_994d53_40x100.png HTTP/1.1" 404 1097
192.168.10.89 - - [02/Jan/2019:12:59:42 -0300] "POST /cormun/servlet/solicitudot?gx-no-cache=1546444517904 HTTP/1.1" 200 30
190.171.142.18 - - [02/Jan/2019:12:59:43 -0300] "GET /cormun/servlet/solicitudot?INS,0,0, HTTP/1.1" 200 15134
190.171.142.18 - - [02/Jan/2019:12:59:43 -0300] "GET /cormun/servlet/solicitudot?INS,0,0, HTTP/1.1" 200 15139
192.168.10.89 - - [02/Jan/2019:12:59:45 -0300] "GET /cormun/servlet/solicitudot?c6115d19f47be5ae7a3b87767abc708c2c020302288d7ec435b7fafa121511ef,gx-no-cache=1546444520982 HTTP/1.1" 200 53
190.171.142.18 - - [02/Jan/2019:12:59:50 -0300] "POST /cormun/servlet/solicitudot?gx-no-cache=1546444791337 HTTP/1.1" 200 3547
190.171.142.18 - - [02/Jan/2019:12:59:50 -0300] "POST /cormun/servlet/solicitudot?4d4f472bb08138182858fac13de00d97,INS,0,0,,gx-no-cache=1546444791507 HTTP/1.1" 200 11869
190.171.142.18 - - [02/Jan/2019:12:59:52 -0300] "GET /cormun/servlet/solicitudot?5c19b8b57b5d78202a299224eba9cb5aa6e6749b2ab1228f775b1c26c49f42498ce1bdab0790a7e9aa8de511c71afee1,gx-no-cache=1546444793346 HTTP/1.1" 200 30
190.171.142.18 - - [02/Jan/2019:12:59:52 -0300] "GET /cormun/servlet/solicitudot?5c19b8b57b5d78202a299224eba9cb5a995dc17acd9aaaa32177b88665392589f4993e76b7c0bbf7beaba88bbdb4f6f058ccc9bbf6edb7f9d0368634a0e6e16d,gx-no-cache=1546444793408 HTTP/1.1" 200 30
190.171.142.18 - - [02/Jan/2019:12:59:52 -0300] "GET /cormun/servlet/solicitudot?5c19b8b57b5d78202a299224eba9cb5a0b4b056068ebaf15a3e9c12a89e356c1,gx-no-cache=1546444793432 HTTP/1.1" 200 48
190.171.142.18 - - [02/Jan/2019:12:59:52 -0300] "POST /cormun/servlet/solicitudot?gx-no-cache=1546444793455 HTTP/1.1" 200 255
190.171.142.18 - - [02/Jan/2019:12:59:52 -0300] "GET /cormun/servlet/solicitudot?5c19b8b57b5d78202a299224eba9cb5a0f3e95589c3ecf8873e0f1035586f116dcd663019736afd137e92daee1d5dfde29cb2122d348b848f14b66519791bda217c79cbc086d58aeb22f7fa0c6a5817e985ef6f3b61e54ba6c6af677fe32c50518ee1526126443970000b56391ebbe7238e89bcc90a37f0ba9c9a0dac4c7c7aecf096b29c2a290fad3bbaaba25523d76151aae9dee60fa66a2b6d21364a32266855d4388ff94a86c699dab1caf05c87174af626353281ad0ec8cce798e2debeecdfb36eebd73dab44d8a8b4e001c68fb4bcd23c3c18c121b693de403e99b074601091cbc4f4bfe13c9b2c082e4627101b7241a4b3595b851099769b07ae239055a050acf0fe1f268e74fd1c48b38077d4ad7748e758ec8a3bfbaf5673e407ff93bea0c52011b4a5283388fa534493d50062fe634c36a780bcbc6d13c7092fff07c981354c1958aca9e640456b1a720c47b2ccf02dd69f77da0dfd50490661e49579c35d80e54b5980ef1dd33e2111e205cbd6fd443fc31eac37b4e248d40ca54,gx-no-cache=1546444793483 HTTP/1.1" 200 30
190.171.142.18 - - [02/Jan/2019:12:59:54 -0300] "POST /cormun/servlet/solicitudot?gx-no-cache=1546444795171 HTTP/1.1" 200 30
190.171.142.18 - - [02/Jan/2019:12:59:55 -0300] "GET /cormun/servlet/prsolicitudot?12315566,,,,,MD,,gxPopupLevel%3D0%3B HTTP/1.1" 200 6560
190.171.142.18 - - [02/Jan/2019:12:59:57 -0300] "POST /cormun/servlet/solicitudot?gx-no-cache=1546444798581 HTTP/1.1" 200 1281
190.171.142.18 - - [02/Jan/2019:12:59:57 -0300] "POST /cormun/servlet/solicitudot?gx-no-cache=1546444798616 HTTP/1.1" 200 38
190.171.142.18 - - [02/Jan/2019:12:59:57 -0300] "GET /cormun/servlet/solicitudot?5c19b8b57b5d78202a299224eba9cb5a84692a62d26219ab5ab0b89743c7537a8a687b4b9e5f5cc7cb83fdaaf142e933e517640fc5a6c2b679dfdc16d06a413421e81035dd5abd0ee0c34e75841e58160e3252bf8d47e678f8255b3b7e0be54b8c15a8d5e93a3eaec955c234265d8568,gx-no-cache=1546444798637 HTTP/1.1" 200 110
190.171.142.18 - - [02/Jan/2019:12:59:57 -0300] "POST /cormun/servlet/solicitudot?gx-no-cache=1546444798666 HTTP/1.1" 200 97
190.171.142.18 - - [02/Jan/2019:12:59:57 -0300] "GET /cormun/servlet/solicitudot?5c19b8b57b5d78202a299224eba9cb5aa427c0d2e2b7c63d262e00218be6f188e52571822cf1725a31029a66e0fc5d1af1d74a1fdc85d360c1d7a3b97e95f67bc977cac1630489ec284ac10a400233ad06717fb3815267bdd308a4a28598e62582bf9135e08e1359705305882f0d7796711cbed27f23bf59d1ad27238661e6ccf162b4622e3c7d95d1f64a5ef29dd0c97b03c7db71439af025a05eedb7164d0f,gx-no-cache=1546444798709 HTTP/1.1" 200 29
190.171.142.18 - - [02/Jan/2019:12:59:57 -0300] "GET /cormun/servlet/solicitudot?5c19b8b57b5d78202a299224eba9cb5a4ee03c9abef59738fb6ec36a69d19c7bd5e193fd3dbf5babe97bac231173583d,gx-no-cache=1546444798763 HTTP/1.1" 200 30
192.168.10.89 - - [02/Jan/2019:13:00:00 -0300] "POST /cormun/servlet/solicitudot?gx-no-cache=1546444535746 HTTP/1.1" 200 241
192.168.10.89 - - [02/Jan/2019:13:00:00 -0300] "GET /cormun/servlet/solicitudot?c6115d19f47be5ae7a3b87767abc708ce016e6f8e2b0ad82e587327bbb7ca2eb81e7d3651a50da5aafd644bee1dac07f8374be835fcaec0df9ee0bfc8febf6abc9c89cb40d46fed9aaf50819a75c527765bcca8eace1126809c6c52164c07eade05b9953e4f59e0f469bb761e7b65074e38f75c49237277315115e850e869159dc495a236f3d7af954d939746eb124373370e2f7936fa8628370e6d8df98561e4281fd709aa1ea5e96351cc3a12382ca4ab5f01b484e685ab68db8c6eb4ae64f68295ecb61a62d9cc9ad91a6e2daf4b1d1ec0888bdcd785ffb9d63a01942f20cde802be2b4e942c531b76e57281b15456fdb96c7afec8f7341fed7896aa979f20b94dd20f123712bf79cf63974d25d7f76c4254be44c42d4ccc4652ade296474a699c3d484080996e31164841f7c7e7181637f3d8949050e441797f12ebe922c11b1466c24188227e06596a87b14edbe884e64a1caf6f8c3c5cb89ba5a2d2f4bff9935b6ce279c2e5b125e533de2c2680d7eeddaa6accc59d842852c27308923,gx-no-cache=1546444535773 HTTP/1.1" 200 30
192.168.10.89 - - [02/Jan/2019:13:00:00 -0300] "POST /cormun/servlet/solicitudot?gx-no-cache=1546444535790 HTTP/1.1" 200 30
192.168.10.89 - - [02/Jan/2019:13:00:00 -0300] "POST /cormun/servlet/solicitudot?gx-no-cache=1546444535825 HTTP/1.1" 200 1281
192.168.10.89 - - [02/Jan/2019:13:00:00 -0300] "POST /cormun/servlet/solicitudot?gx-no-cache=1546444535851 HTTP/1.1" 200 38
192.168.10.89 - - [02/Jan/2019:13:00:00 -0300] "GET /cormun/servlet/solicitudot?c6115d19f47be5ae7a3b87767abc708ceeedb9d672b6e9fd150b772fb3999b451c081d88e0ddaa3388d4c4fb02136749694e40d5d36d4b368de58c396efbd9c03e9c8125213e021e0cfbf4715bf15513da440dbc6a8a1842a8d859fc096025a709d4bd69ac545b0d3bd5d12321ba210f,gx-no-cache=1546444535864 HTTP/1.1" 200 110
190.171.142.18 - - [02/Jan/2019:13:00:02 -0300] "POST /cormun/servlet/solicitudot?gx-no-cache=1546444803228 HTTP/1.1" 200 72
190.171.142.18 - - [02/Jan/2019:13:00:09 -0300] "POST /cormun/servlet/solicitudot?gx-no-cache=1546444809966 HTTP/1.1" 200 33
190.171.142.18 - - [02/Jan/2019:13:00:16 -0300] "POST /cormun/servlet/solicitudot?4d4f472bb08138182858fac13de00d97,INS,0,0,,gx-no-cache=1546444816797 HTTP/1.1" 200 93
190.171.142.18 - - [02/Jan/2019:13:00:16 -0300] "GET /cormun/servlet/hpexe_return? HTTP/1.1" 200 1003
190.171.142.18 - - [02/Jan/2019:13:00:16 -0300] "GET /cormun/servlet/trsolicitudot HTTP/1.1" 200 20583
190.171.142.18 - - [02/Jan/2019:13:00:17 -0300] "GET /cormun/servlet/trsolicitudot HTTP/1.1" 200 20578
192.168.10.89 - - [02/Jan/2019:13:00:22 -0300] "POST /cormun/servlet/solicitudot?gx-no-cache=1546444558135 HTTP/1.1" 200 72
192.168.10.89 - - [02/Jan/2019:13:00:29 -0300] "GET /cormun/servlet/solicitudot?c6115d19f47be5ae7a3b87767abc708cccb5af2e74e465230568ab6a09e873144b049b48451916eae8386395aabc5809ee590ce351291c27bc92d51040948079be7bc83c21b1d59a8db0bb27b43537b5b23cfdb2bdac90974a750827a269e8ad57230df0d49f7f754379c7b5fe7009d4,gx-no-cache=1546444565603 HTTP/1.1" 200 29
190.171.142.18 - - [02/Jan/2019:13:00:31 -0300] "POST /cormun/servlet/trsolicitudot?4d4f472bb08138182858fac13de00d97,gx-no-cache=1546444832596 HTTP/1.1" 200 106
190.171.142.18 - - [02/Jan/2019:13:00:31 -0300] "GET /cormun/servlet/solicitudot?UPD,2019,12607, HTTP/1.1" 200 15708
192.168.10.89 - - [02/Jan/2019:13:00:32 -0300] "GET /cormun/servlet/solicitudot?c6115d19f47be5ae7a3b87767abc708cc9a9de6998eee5525060d987ff97e861bb49a62e1d898dc1669c4e031f82484f,gx-no-cache=1546444568046 HTTP/1.1" 200 30
190.171.142.18 - - [02/Jan/2019:13:00:32 -0300] "GET /cormun/servlet/solicitudot?UPD,2019,12607, HTTP/1.1" 200 15717
190.171.142.18 - - [02/Jan/2019:13:00:32 -0300] "POST /cormun/servlet/solicitudot?gx-no-cache=1546444833742 HTTP/1.1" 200 3560
190.171.142.18 - - [02/Jan/2019:13:00:33 -0300] "POST /cormun/servlet/solicitudot?4d4f472bb08138182858fac13de00d97,UPD,2019,12607,,gx-no-cache=1546444833908 HTTP/1.1" 200 11974
190.171.142.18 - - [02/Jan/2019:13:00:33 -0300] "GET /cormun/servlet/solicitudot?5c19b8b57b5d78202a299224eba9cb5aa6e6749b2ab1228f775b1c26c49f424960a104716b3c355086d03792b3cff406,gx-no-cache=1546444834111 HTTP/1.1" 200 30
190.171.142.18 - - [02/Jan/2019:13:00:33 -0300] "GET /cormun/servlet/solicitudot?5c19b8b57b5d78202a299224eba9cb5a995dc17acd9aaaa32177b88665392589f4993e76b7c0bbf7beaba88bbdb4f6f018f09761c07272620d7d13058584c196,gx-no-cache=1546444834139 HTTP/1.1" 200 30
190.171.142.18 - - [02/Jan/2019:13:00:33 -0300] "GET /cormun/servlet/solicitudot?5c19b8b57b5d78202a299224eba9cb5a18c70631321b300b9e267753f642367c22fee8e109c6927303c1858464fa7deb79f68860e134dd8cf4ceee051c4b813d,gx-no-cache=1546444834160 HTTP/1.1" 200 48
190.171.142.18 - - [02/Jan/2019:13:00:33 -0300] "POST /cormun/servlet/solicitudot?gx-no-cache=1546444834183 HTTP/1.1" 200 256
190.171.142.18 - - [02/Jan/2019:13:00:33 -0300] "GET /cormun/servlet/solicitudot?5c19b8b57b5d78202a299224eba9cb5a0f3e95589c3ecf8873e0f1035586f116dcd663019736afd137e92daee1d5dfde29cb2122d348b848f14b66519791bda217c79cbc086d58aeb22f7fa0c6a5817e985ef6f3b61e54ba6c6af677fe32c50518ee1526126443970000b56391ebbe7238e89bcc90a37f0ba9c9a0dac4c7c7aecf096b29c2a290fad3bbaaba25523d76151aae9dee60fa66a2b6d21364a32266855d4388ff94a86c699dab1caf05c87174af626353281ad0ec8cce798e2debeecdfb36eebd73dab44d8a8b4e001c68fb4bcd23c3c18c121b693de403e99b074601091cbc4f4bfe13c9b2c082e4627101b7241a4b3595b851099769b07ae239055a050acf0fe1f268e74fd1c48b38077d4ad7748e758ec8a3bfbaf5673e407ff93bea0c52011b4a5283388fa534493d50062fe634c36a780bcbc6d13c7092fff07c981354c1958aca9e640456b1a720c47b2ccf02dd69f77da0dfd50490661e49579c35d80e54b5980ef1dd33e2111e202b64c7c9455b4e6c0e567e23a75c1cbe,gx-no-cache=1546444834211 HTTP/1.1" 200 30
190.171.142.18 - - [02/Jan/2019:13:00:33 -0300] "POST /cormun/servlet/solicitudot?gx-no-cache=1546444834264 HTTP/1.1" 200 30
190.171.142.18 - - [02/Jan/2019:13:00:33 -0300] "POST /cormun/servlet/solicitudot?gx-no-cache=1546444834313 HTTP/1.1" 200 1281
190.171.142.18 - - [02/Jan/2019:13:00:33 -0300] "POST /cormun/servlet/solicitudot?gx-no-cache=1546444834369 HTTP/1.1" 200 40
190.171.142.18 - - [02/Jan/2019:13:00:33 -0300] "GET /cormun/servlet/solicitudot?5c19b8b57b5d78202a299224eba9cb5a84692a62d26219ab5ab0b89743c7537a8a687b4b9e5f5cc7cb83fdaaf142e933e517640fc5a6c2b679dfdc16d06a413421e81035dd5abd0ee0c34e75841e58160e3252bf8d47e678f8255b3b7e0be54b8c15a8d5e93a3eaec955c234265d8568,gx-no-cache=1546444834426 HTTP/1.1" 200 110
190.171.142.18 - - [02/Jan/2019:13:00:33 -0300] "POST /cormun/servlet/solicitudot?gx-no-cache=1546444834458 HTTP/1.1" 200 97
190.171.142.18 - - [02/Jan/2019:13:00:39 -0300] "POST /cormun/servlet/solicitudot?4d4f472bb08138182858fac13de00d97,UPD,2019,12607,,gx-no-cache=1546444840004 HTTP/1.1" 200 93
190.171.142.18 - - [02/Jan/2019:13:00:39 -0300] "GET /cormun/servlet/hpexe_return? HTTP/1.1" 200 1009
190.171.142.18 - - [02/Jan/2019:13:00:39 -0300] "GET /cormun/servlet/trsolicitudot HTTP/1.1" 200 20583
190.171.142.18 - - [02/Jan/2019:13:00:40 -0300] "GET /cormun/servlet/trsolicitudot HTTP/1.1" 200 20578
192.168.10.89 - - [02/Jan/2019:13:00:53 -0300] "POST /cormun/servlet/solicitudot?gx-no-cache=1546444589408 HTTP/1.1" 200 30
190.171.142.18 - - [02/Jan/2019:13:00:55 -0300] "POST /cormun/servlet/trsolicitudot?4d4f472bb08138182858fac13de00d97,gx-no-cache=1546444856675 HTTP/1.1" 200 106
190.171.142.18 - - [02/Jan/2019:13:00:55 -0300] "GET /cormun/servlet/solicitudot?UPD,2019,12607, HTTP/1.1" 200 15708
190.171.142.18 - - [02/Jan/2019:13:00:56 -0300] "GET /cormun/servlet/solicitudot?UPD,2019,12607, HTTP/1.1" 200 15717
190.171.142.18 - - [02/Jan/2019:13:00:56 -0300] "POST /cormun/servlet/solicitudot?gx-no-cache=1546444857800 HTTP/1.1" 200 3560
190.171.142.18 - - [02/Jan/2019:13:00:57 -0300] "POST /cormun/servlet/solicitudot?4d4f472bb08138182858fac13de00d97,UPD,2019,12607,,gx-no-cache=1546444857963 HTTP/1.1" 200 11974
190.171.142.18 - - [02/Jan/2019:13:00:57 -0300] "GET /cormun/servlet/solicitudot?5c19b8b57b5d78202a299224eba9cb5aa6e6749b2ab1228f775b1c26c49f424960a104716b3c355086d03792b3cff406,gx-no-cache=1546444858170 HTTP/1.1" 200 30
190.171.142.18 - - [02/Jan/2019:13:00:57 -0300] "GET /cormun/servlet/solicitudot?5c19b8b57b5d78202a299224eba9cb5a995dc17acd9aaaa32177b88665392589f4993e76b7c0bbf7beaba88bbdb4f6f018f09761c07272620d7d13058584c196,gx-no-cache=1546444858199 HTTP/1.1" 200 30
190.171.142.18 - - [02/Jan/2019:13:00:57 -0300] "GET /cormun/servlet/solicitudot?5c19b8b57b5d78202a299224eba9cb5a18c70631321b300b9e267753f642367c22fee8e109c6927303c1858464fa7deb79f68860e134dd8cf4ceee051c4b813d,gx-no-cache=1546444858220 HTTP/1.1" 200 48
190.171.142.18 - - [02/Jan/2019:13:00:57 -0300] "POST /cormun/servlet/solicitudot?gx-no-cache=1546444858242 HTTP/1.1" 200 256
190.171.142.18 - - [02/Jan/2019:13:00:57 -0300] "GET /cormun/servlet/solicitudot?5c19b8b57b5d78202a299224eba9cb5a0f3e95589c3ecf8873e0f1035586f116dcd663019736afd137e92daee1d5dfde29cb2122d348b848f14b66519791bda217c79cbc086d58aeb22f7fa0c6a5817e985ef6f3b61e54ba6c6af677fe32c50518ee1526126443970000b56391ebbe7238e89bcc90a37f0ba9c9a0dac4c7c7aecf096b29c2a290fad3bbaaba25523d76151aae9dee60fa66a2b6d21364a32266855d4388ff94a86c699dab1caf05c87174af626353281ad0ec8cce798e2debeecdfb36eebd73dab44d8a8b4e001c68fb4bcd23c3c18c121b693de403e99b074601091cbc4f4bfe13c9b2c082e4627101b7241a4b3595b851099769b07ae239055a050acf0fe1f268e74fd1c48b38077d4ad7748e758ec8a3bfbaf5673e407ff93bea0c52011b4a5283388fa534493d50062fe634c36a780bcbc6d13c7092fff07c981354c1958aca9e640456b1a720c47b2ccf02dd69f77da0dfd50490661e49579c35d80e54b5980ef1dd33e2111e202b64c7c9455b4e6c0e567e23a75c1cbe,gx-no-cache=1546444858277 HTTP/1.1" 200 30
190.171.142.18 - - [02/Jan/2019:13:00:57 -0300] "POST /cormun/servlet/solicitudot?gx-no-cache=1546444858303 HTTP/1.1" 200 30
190.171.142.18 - - [02/Jan/2019:13:00:57 -0300] "POST /cormun/servlet/solicitudot?gx-no-cache=1546444858349 HTTP/1.1" 200 1281
190.171.142.18 - - [02/Jan/2019:13:00:57 -0300] "POST /cormun/servlet/solicitudot?gx-no-cache=1546444858396 HTTP/1.1" 200 40
192.168.10.89 - - [02/Jan/2019:13:01:00 -0300] "POST /cormun/servlet/solicitudot?b3d190fd5bd5a334fd4305246d978deb,INS,0,0,,gx-no-cache=1546444596302 HTTP/1.1" 200 93
192.168.10.89 - - [02/Jan/2019:13:01:00 -0300] "GET /cormun/servlet/hpexe_return? HTTP/1.1" 200 1004
192.168.10.89 - - [02/Jan/2019:13:01:01 -0300] "GET /cormun/servlet/trsolicitudot HTTP/1.1" 200 8880
192.168.10.89 - - [02/Jan/2019:13:01:03 -0300] "POST /cormun/servlet/trsolicitudot?b3d190fd5bd5a334fd4305246d978deb,gx-no-cache=1546444599014 HTTP/1.1" 200 4765
192.168.10.89 - - [02/Jan/2019:13:01:03 -0300] "POST /cormun/servlet/trsolicitudot?b3d190fd5bd5a334fd4305246d978deb,gx-no-cache=1546444599251 HTTP/1.1" 200 4527
192.168.10.89 - - [02/Jan/2019:13:01:03 -0300] "GET /cormun/static/Shared/jqueryui/images/ui-icons_8d78a5_256x240.png HTTP/1.1" 404 1089
192.168.10.89 - - [02/Jan/2019:13:01:03 -0300] "GET /cormun/static/Shared/jqueryui/images/ui-bg_flat_55_fafafa_40x100.png HTTP/1.1" 404 1097
192.168.10.89 - - [02/Jan/2019:13:01:03 -0300] "GET /cormun/static/Shared/jqueryui/images/ui-bg_highlight-soft_100_c6c2c8_1x100.png HTTP/1.1" 404 1117
192.168.10.89 - - [02/Jan/2019:13:01:03 -0300] "GET /cormun/static/Shared/jqueryui/images/ui-icons_82798d_256x240.png HTTP/1.1" 404 1089
192.168.10.89 - - [02/Jan/2019:13:01:05 -0300] "GET /cormun/servlet/trautorizarsolicitud? HTTP/1.1" 200 8775
192.168.10.89 - - [02/Jan/2019:13:01:07 -0300] "POST /cormun/servlet/trautorizarsolicitud?b3d190fd5bd5a334fd4305246d978deb,,gx-no-cache=1546444603091 HTTP/1.1" 200 4700
192.168.10.89 - - [02/Jan/2019:13:01:07 -0300] "POST /cormun/servlet/trautorizarsolicitud?b3d190fd5bd5a334fd4305246d978deb,,gx-no-cache=1546444603335 HTTP/1.1" 200 4464
192.168.10.89 - - [02/Jan/2019:13:01:07 -0300] "GET /cormun/static/Shared/jqueryui/images/ui-icons_82798d_256x240.png HTTP/1.1" 404 1089
192.168.10.89 - - [02/Jan/2019:13:01:07 -0300] "GET /cormun/static/Shared/jqueryui/images/ui-bg_flat_55_fafafa_40x100.png HTTP/1.1" 404 1097
192.168.10.89 - - [02/Jan/2019:13:01:07 -0300] "GET /cormun/static/Shared/jqueryui/images/ui-icons_8d78a5_256x240.png HTTP/1.1" 404 1089
192.168.10.89 - - [02/Jan/2019:13:01:07 -0300] "GET /cormun/static/Shared/jqueryui/images/ui-bg_highlight-soft_100_c6c2c8_1x100.png HTTP/1.1" 404 1117
190.171.142.18 - - [02/Jan/2019:13:01:08 -0300] "POST /cormun/servlet/solicitudot?4d4f472bb08138182858fac13de00d97,UPD,2019,12607,,gx-no-cache=1546444869612 HTTP/1.1" 200 93
190.171.142.18 - - [02/Jan/2019:13:01:08 -0300] "GET /cormun/servlet/hpexe_return? HTTP/1.1" 200 1009
190.171.142.18 - - [02/Jan/2019:13:01:09 -0300] "GET /cormun/servlet/trsolicitudot HTTP/1.1" 200 20583
190.171.142.18 - - [02/Jan/2019:13:01:09 -0300] "GET /cormun/servlet/trsolicitudot HTTP/1.1" 200 20578
192.168.10.96 - - [02/Jan/2019:13:01:22 -0300] "POST /cormun/servlet/trcontratosolicitud?3b84008aa5f22bbb68692bfea635e730,gx-no-cache=1546444153705,gx-no-cache=1546444617659 HTTP/1.1" 200 5198
192.168.10.96 - - [02/Jan/2019:13:01:25 -0300] "GET /cormun/servlet/solicitudotcontratos?INS,2019,0,17503462,5,2,2018,3503,NADA,201811,30,B, HTTP/1.1" 200 10003
192.168.10.96 - - [02/Jan/2019:13:01:25 -0300] "GET /cormun/servlet/solicitudotcontratos?INS,2019,0,17503462,5,2,2018,3503,NADA,201811,30,B, HTTP/1.1" 200 10014
192.168.10.96 - - [02/Jan/2019:13:01:26 -0300] "GET /cormun/servlet/solicitudotcontratos?7686990369b8cc9e8a79304e7c5dc8d352ebd442bfd939cf5296e2f66de9c0f8edbebcfe7ef71795bf94e6633825c7c9,gx-no-cache=1546444621783 HTTP/1.1" 200 30
192.168.10.96 - - [02/Jan/2019:13:01:26 -0300] "GET /cormun/servlet/solicitudotcontratos?7686990369b8cc9e8a79304e7c5dc8d3e4191eb6241132a0a6caf137f6ae56d9c2b4addc89df6e31c8eb601da3be6a99,gx-no-cache=1546444621816 HTTP/1.1" 200 30
192.168.10.96 - - [02/Jan/2019:13:01:26 -0300] "GET /cormun/servlet/solicitudotcontratos?7686990369b8cc9e8a79304e7c5dc8d35dfff9e4f59cb7a2bd270ddeebeff063477495edf5d7c557d7e028d27ad3f1b60bf6f0c0b3d00253f41b2cff99ab5cc6d21ab67969a59ae00a0eded9614df83b4a16ea12b5a94d46b6a3712aba73ca871b5f4f47350f44c392d8f652fd5f70b3d8ae796b25cab655f978a994c0d1d6c1,gx-no-cache=1546444621838 HTTP/1.1" 200 48
192.168.10.96 - - [02/Jan/2019:13:01:26 -0300] "GET /cormun/servlet/solicitudotcontratos?7686990369b8cc9e8a79304e7c5dc8d3cd1d8f62eb3b0a8c6e67372a985d08629a4686efa570781dfb424fe538ed75f7,gx-no-cache=1546444621868 HTTP/1.1" 200 30
192.168.10.96 - - [02/Jan/2019:13:01:26 -0300] "GET /cormun/servlet/solicitudotcontratos?7686990369b8cc9e8a79304e7c5dc8d37a601aec44c32aa5fa647590a5fab3f7ff567e3287f412f0faf33e9f776e59602eaa7a1c3c7b017ea3bfb2c8090bb3278be0d7f5771c648e79ecee6decaeccc7325cf464f4f018d37129109a7daeaea66c672808aba1ed94f31f3c68b97fc5b5,gx-no-cache=1546444621890 HTTP/1.1" 200 30
