192.168.10.89 - - [02/Jan/2019:12:36:39 -0300] "GET /cormun/servlet/solicitudotcontratos?c6115d19f47be5ae7a3b87767abc708ceeedb9d672b6e9fd150b772fb3999b451c081d88e0ddaa3388d4c4fb02136749694e40d5d36d4b368de58c396efbd9c03e9c8125213e021e0cfbf4715bf15513da440dbc6a8a1842a8d859fc096025a709d4bd69ac545b0d3bd5d12321ba210f,gx-no-cache=1546443134660 HTTP/1.1" 200 110
192.168.10.89 - - [02/Jan/2019:12:36:39 -0300] "POST /cormun/servlet/solicitudotcontratos?gx-no-cache=1546443134676 HTTP/1.1" 200 97
192.168.10.89 - - [02/Jan/2019:12:36:39 -0300] "GET /cormun/servlet/solicitudotcontratos?c6115d19f47be5ae7a3b87767abc708cffcc05cc3d77a7420d238582e6817511825edf22ec4a6ef6982ff195ece874b9d4a21151db12cb012b6005cbde6b107eab5cba129eadc9e88fd27390a7fb27e7e377bd363e7e6122b7da2506984d567bb0374fb4ac95c4b712fa99dfa996005c897dca4870641a3aa0c809655999b9949df5628460c118a8055a6dfc47cf32a2380a10651ac9b082412a29b49c9261b7d323a49495a4be1dd09af36d68034a686fd111fb3b570e3bcd7b0f64205dee604129521b22d68c9f773b0b05abed82bdbeee6d8707a09b59675150219ee0b0ca,gx-no-cache=1546443134691 HTTP/1.1" 200 84
190.171.142.18 - - [02/Jan/2019:12:36:39 -0300] "GET /cormun/servlet/trsolicitudot HTTP/1.1" 200 16886
192.168.10.96 - - [02/Jan/2019:12:36:39 -0300] "POST /cormun/servlet/trcontratosolicitud?3b84008aa5f22bbb68692bfea635e730,,gx-no-cache=1546443135336 HTTP/1.1" 200 5203
192.168.10.89 - - [02/Jan/2019:12:36:40 -0300] "GET /cormun/servlet/solicitudotcontratos?c6115d19f47be5ae7a3b87767abc708cdaafa97b4aa759f6f084cea07e1e502f45c5588f8cf6edf230358a2eed8afc2c825edf22ec4a6ef6982ff195ece874b9e89b6f368f00c1fa1a01c17139f5f85cf3e6dfd480172614d70d18c02f8b25bedbe1071724398ec6ec1736410ac8508dbb03e6147e58287bdd6d7c40ff5a17529d5ebd763d494c96dfb5866fbf3982d1256636c6147bc9d73220551cb4c6749c19b7ae145707096fe6dceba4a3425d3f5cda0c77541e1ecb4239b07372d018183d662fe7509f81a7e038b49b8cdf624db9719e8a8267ed3727975a7c7b45324fc7c8981b1a8a5adc7b70a6fc74a017508c038e409f3a353145ffd834275317e3785fb60e822cd50dd641bbc1cc8ed5dd1c39c8c0eabd65149ca1d905d1ea99c5,gx-no-cache=1546443136389 HTTP/1.1" 200 73
192.168.10.89 - - [02/Jan/2019:12:36:44 -0300] "POST /cormun/servlet/solicitudotcontratos?b3d190fd5bd5a334fd4305246d978deb,INS,2019,0,18379331,4,2,2018,7375,LEY+SEP,201811,2,B,,gx-no-cache=1546443139625 HTTP/1.1" 200 11035
192.168.10.96 - - [02/Jan/2019:12:36:47 -0300] "GET /cormun/servlet/solicitudotcontratos?INS,2019,0,14091742,7,2,2018,3837,NADA,201811,41,B, HTTP/1.1" 200 9969
192.168.10.96 - - [02/Jan/2019:12:36:48 -0300] "GET /cormun/servlet/solicitudotcontratos?INS,2019,0,14091742,7,2,2018,3837,NADA,201811,41,B, HTTP/1.1" 200 10002
192.168.10.96 - - [02/Jan/2019:12:36:48 -0300] "GET /cormun/servlet/solicitudotcontratos?7686990369b8cc9e8a79304e7c5dc8d34340bb63fffdb85629da85c03c643c29edbebcfe7ef71795bf94e6633825c7c9,gx-no-cache=1546443144428 HTTP/1.1" 200 30
192.168.10.96 - - [02/Jan/2019:12:36:48 -0300] "GET /cormun/servlet/solicitudotcontratos?7686990369b8cc9e8a79304e7c5dc8d3ee8f730a368c23944040f2c12e1020cfc2b4addc89df6e31c8eb601da3be6a99,gx-no-cache=1546443144458 HTTP/1.1" 200 30
192.168.10.96 - - [02/Jan/2019:12:36:48 -0300] "GET /cormun/servlet/solicitudotcontratos?7686990369b8cc9e8a79304e7c5dc8d35dfff9e4f59cb7a2bd270ddeebeff063477495edf5d7c557d7e028d27ad3f1b60bf6f0c0b3d00253f41b2cff99ab5cc6d21ab67969a59ae00a0eded9614df83b4a16ea12b5a94d46b6a3712aba73ca871b5f4f47350f44c392d8f652fd5f70b3d8ae796b25cab655f978a994c0d1d6c1,gx-no-cache=1546443144479 HTTP/1.1" 200 48
192.168.10.96 - - [02/Jan/2019:12:36:48 -0300] "GET /cormun/servlet/solicitudotcontratos?7686990369b8cc9e8a79304e7c5dc8d3c9d5a78f5ee9ab39d35f67daa50b7cddd5067c44d685bb755efa54a97204933e,gx-no-cache=1546443144508 HTTP/1.1" 200 30
192.168.10.96 - - [02/Jan/2019:12:36:48 -0300] "GET /cormun/servlet/solicitudotcontratos?7686990369b8cc9e8a79304e7c5dc8d37a601aec44c32aa5fa647590a5fab3f7ff567e3287f412f0faf33e9f776e59602eaa7a1c3c7b017ea3bfb2c8090bb3278be0d7f5771c648e79ecee6decaeccc7325cf464f4f018d37129109a7daeaea66c672808aba1ed94f31f3c68b97fc5b5,gx-no-cache=1546443144531 HTTP/1.1" 200 30
192.168.10.96 - - [02/Jan/2019:12:36:48 -0300] "GET /cormun/servlet/solicitudotcontratos?7686990369b8cc9e8a79304e7c5dc8d35734fd1ab7cbe587888993c5b5186bf597446747b999a4672f291e38f45b9a302eaa7a1c3c7b017ea3bfb2c8090bb32764239fd0b016a912838d604b4c3c9de111817ad0031bfcf3b0a1fa1c16560b670f4a4b81f4faf7e1e7be559109db5f4f,gx-no-cache=1546443144551 HTTP/1.1" 200 110
192.168.10.96 - - [02/Jan/2019:12:36:48 -0300] "POST /cormun/servlet/solicitudotcontratos?gx-no-cache=1546443144578 HTTP/1.1" 200 97
192.168.10.96 - - [02/Jan/2019:12:36:48 -0300] "GET /cormun/servlet/solicitudotcontratos?7686990369b8cc9e8a79304e7c5dc8d3cc1666b70cefca4ecde7ea294536dd831eeb2c3eadd9dfbc434e49faea30ddf413ae1158c841e497d7fb6609829175f120fceba6b7e8697cf64ec12b6df838f7c679f29e3aea1d79fe98492e4ef46f8c0be1364f7b61a379ba4cc4320831862fa0f61fefec6730eb5e7d1c167eec741349173cdef0aa08e9c1eaf205d270406a3201ded6a9b3d3c6e161fefa89185bacf2699d42055e2298abe0251955b22a9495fc00e4acda5a1e733235e1fa1c6d04d42a2e9862690b083f185fc08f39ddac,gx-no-cache=1546443144608 HTTP/1.1" 200 73
192.168.10.96 - - [02/Jan/2019:12:36:49 -0300] "POST /cormun/servlet/solicitudotcontratos?3b84008aa5f22bbb68692bfea635e730,INS,2019,0,14091742,7,2,2018,3837,NADA,201811,41,B,,gx-no-cache=1546443145466 HTTP/1.1" 200 11045
192.168.10.96 - - [02/Jan/2019:12:36:50 -0300] "GET /cormun/servlet/solicitudotcontratos?7686990369b8cc9e8a79304e7c5dc8d3793103b5f85bd4b295ba0460be5bf4339fe7bb4527c2e08f8efc547ee0bc15ef98e09819f6d7c00f23d470b78672fdfd55334913d1d7593c57776ad95ba29c592e9cf221f4b7149ab13c33f90579d60b20e9df6f45c5e3069130a74a7a55a1165b97c3abd82739a33d9b8bcb58ad842b,gx-no-cache=1546443145684 HTTP/1.1" 200 30
192.168.10.96 - - [02/Jan/2019:12:36:50 -0300] "POST /cormun/servlet/solicitudotcontratos?3b84008aa5f22bbb68692bfea635e730,INS,2019,0,14091742,7,2,2018,3837,NADA,201811,41,B,,gx-no-cache=1546443145698 HTTP/1.1" 200 93
192.168.10.96 - - [02/Jan/2019:12:36:50 -0300] "GET /cormun/servlet/hpexe_return? HTTP/1.1" 200 1045
192.168.10.96 - - [02/Jan/2019:12:36:50 -0300] "GET /cormun/servlet/trcontratosolicitud? HTTP/1.1" 200 7573
190.171.142.18 - - [02/Jan/2019:12:36:50 -0300] "GET /cormun/servlet/solicitudot?INS,0,0, HTTP/1.1" 200 15134
192.168.10.96 - - [02/Jan/2019:12:36:50 -0300] "GET /cormun/servlet/trcontratosolicitud? HTTP/1.1" 200 7569
190.171.142.18 - - [02/Jan/2019:12:36:51 -0300] "GET /cormun/servlet/solicitudot?INS,0,0, HTTP/1.1" 200 15139
192.168.10.96 - - [02/Jan/2019:12:36:52 -0300] "GET /cormun/servlet/solicitudotcontratos?INS,2019,0,14091742,7,6,2018,3838,INTEGRACION,201811,3,B, HTTP/1.1" 200 9984
192.168.10.96 - - [02/Jan/2019:12:36:52 -0300] "GET /cormun/servlet/solicitudotcontratos?INS,2019,0,14091742,7,6,2018,3838,INTEGRACION,201811,3,B, HTTP/1.1" 200 10017
192.168.10.96 - - [02/Jan/2019:12:36:52 -0300] "GET /cormun/servlet/solicitudotcontratos?7686990369b8cc9e8a79304e7c5dc8d34340bb63fffdb85629da85c03c643c29edbebcfe7ef71795bf94e6633825c7c9,gx-no-cache=1546443148502 HTTP/1.1" 200 30
192.168.10.96 - - [02/Jan/2019:12:36:52 -0300] "GET /cormun/servlet/solicitudotcontratos?7686990369b8cc9e8a79304e7c5dc8d3ee8f730a368c23944040f2c12e1020cfc2b4addc89df6e31c8eb601da3be6a99,gx-no-cache=1546443148523 HTTP/1.1" 200 30
192.168.10.96 - - [02/Jan/2019:12:36:52 -0300] "GET /cormun/servlet/solicitudotcontratos?7686990369b8cc9e8a79304e7c5dc8d35dfff9e4f59cb7a2bd270ddeebeff063477495edf5d7c557d7e028d27ad3f1b60bf6f0c0b3d00253f41b2cff99ab5cc6d21ab67969a59ae00a0eded9614df83b2f376c3d161e2e426ff9675347b24c91cfd1eaa2f04565c6260129fde43d9898c6e4cc6d18561224076df0a6302ab882,gx-no-cache=1546443148545 HTTP/1.1" 200 50
192.168.10.96 - - [02/Jan/2019:12:36:52 -0300] "GET /cormun/servlet/solicitudotcontratos?7686990369b8cc9e8a79304e7c5dc8d3c9d5a78f5ee9ab39d35f67daa50b7cddbc867119200a75630265433f66404e02,gx-no-cache=1546443148566 HTTP/1.1" 200 30
192.168.10.96 - - [02/Jan/2019:12:36:52 -0300] "GET /cormun/servlet/solicitudotcontratos?7686990369b8cc9e8a79304e7c5dc8d37a601aec44c32aa5fa647590a5fab3f7ff567e3287f412f0faf33e9f776e59602eaa7a1c3c7b017ea3bfb2c8090bb3278be0d7f5771c648e79ecee6decaeccc75035c969923e0a4a4007dafc390c66566c672808aba1ed94f31f3c68b97fc5b5,gx-no-cache=1546443148584 HTTP/1.1" 200 30
192.168.10.96 - - [02/Jan/2019:12:36:52 -0300] "GET /cormun/servlet/solicitudotcontratos?7686990369b8cc9e8a79304e7c5dc8d35734fd1ab7cbe587888993c5b5186bf597446747b999a4672f291e38f45b9a302eaa7a1c3c7b017ea3bfb2c8090bb32764239fd0b016a912838d604b4c3c9de111817ad0031bfcf3b0a1fa1c16560b670f4a4b81f4faf7e1e7be559109db5f4f,gx-no-cache=1546443148602 HTTP/1.1" 200 110
192.168.10.96 - - [02/Jan/2019:12:36:52 -0300] "POST /cormun/servlet/solicitudotcontratos?gx-no-cache=1546443148620 HTTP/1.1" 200 97
192.168.10.96 - - [02/Jan/2019:12:36:53 -0300] "GET /cormun/servlet/solicitudotcontratos?7686990369b8cc9e8a79304e7c5dc8d3cc1666b70cefca4ecde7ea294536dd831eeb2c3eadd9dfbc434e49faea30ddf45c1f5c07a3f752895f1c1d60e841e626540306fff9911f20703f6dad88a1aeac7482b227bcc8ea32051dd3454d7addca7a94f2b2eb8127881d942a080bff4ca95abd7c4581ece88a0fca1eb9911a361db9a73f1b240dcc4b0e70873063c564bc324f63e9681cea698f1b193d3d00c0cd35b88c591b6bab0b319eed2a4371e32b2aa6b27b0dd58fe10189ed77feea6bd9ced0aae4a0ba79464fa01fba6d81be3cd37d2dcd3a851c211fb3a0e44e3cc0b6,gx-no-cache=1546443148638 HTTP/1.1" 200 84
192.168.10.96 - - [02/Jan/2019:12:36:53 -0300] "POST /cormun/servlet/solicitudotcontratos?3b84008aa5f22bbb68692bfea635e730,INS,2019,0,14091742,7,6,2018,3838,INTEGRACION,201811,3,B,,gx-no-cache=1546443148809 HTTP/1.1" 200 11059
192.168.10.96 - - [02/Jan/2019:12:36:53 -0300] "GET /cormun/servlet/solicitudotcontratos?7686990369b8cc9e8a79304e7c5dc8d3793103b5f85bd4b295ba0460be5bf4339fe7bb4527c2e08f8efc547ee0bc15ef98e09819f6d7c00f23d470b78672fdfd55334913d1d7593c57776ad95ba29c592e9cf221f4b7149ab13c33f90579d60b20e9df6f45c5e3069130a74a7a55a1165b97c3abd82739a33d9b8bcb58ad842b,gx-no-cache=1546443149033 HTTP/1.1" 200 30
192.168.10.96 - - [02/Jan/2019:12:36:53 -0300] "POST /cormun/servlet/solicitudotcontratos?3b84008aa5f22bbb68692bfea635e730,INS,2019,0,14091742,7,6,2018,3838,INTEGRACION,201811,3,B,,gx-no-cache=1546443149048 HTTP/1.1" 200 93
192.168.10.96 - - [02/Jan/2019:12:36:53 -0300] "GET /cormun/servlet/hpexe_return? HTTP/1.1" 200 1049
192.168.10.96 - - [02/Jan/2019:12:36:53 -0300] "GET /cormun/servlet/trcontratosolicitud HTTP/1.1" 200 6784
192.168.10.96 - - [02/Jan/2019:12:36:54 -0300] "GET /cormun/servlet/trcontratosolicitud HTTP/1.1" 200 6781
192.168.10.89 - - [02/Jan/2019:12:36:55 -0300] "POST /cormun/servlet/solicitudotcontratos?b3d190fd5bd5a334fd4305246d978deb,INS,2019,0,18379331,4,2,2018,7375,LEY+SEP,201811,2,B,,gx-no-cache=1546443151097 HTTP/1.1" 200 11031
192.168.10.89 - - [02/Jan/2019:12:36:57 -0300] "GET /cormun/servlet/solicitudotcontratos?c6115d19f47be5ae7a3b87767abc708c096f6a0f9aa64844fe6e7f64a77ea698d646ae1c1e1d0aa6d79df5131519d3c77cc414fa2afa948ef901fb78c3971d317a2fc8ac10de89a5ba2d1a88e20547a0958b6c6cbd6a783e212f745936c3025499c9451c91d02dc9c1f97e9691a9e5fce12f31887cd0ccf082209d0c43ea7170,gx-no-cache=1546443152926 HTTP/1.1" 200 30
192.168.10.89 - - [02/Jan/2019:12:36:57 -0300] "POST /cormun/servlet/solicitudotcontratos?b3d190fd5bd5a334fd4305246d978deb,INS,2019,0,18379331,4,2,2018,7375,LEY+SEP,201811,2,B,,gx-no-cache=1546443152943 HTTP/1.1" 200 93
192.168.10.89 - - [02/Jan/2019:12:36:57 -0300] "GET /cormun/servlet/hpexe_return? HTTP/1.1" 200 1047
192.168.10.89 - - [02/Jan/2019:12:36:57 -0300] "GET /cormun/servlet/trcontratosolicitud HTTP/1.1" 200 14877
190.171.142.18 - - [02/Jan/2019:12:37:03 -0300] "POST /cormun/servlet/solicitudot?gx-no-cache=1546443424229 HTTP/1.1" 200 3417
190.171.142.18 - - [02/Jan/2019:12:37:03 -0300] "POST /cormun/servlet/solicitudot?4d4f472bb08138182858fac13de00d97,INS,0,0,,gx-no-cache=1546443424358 HTTP/1.1" 200 11741
190.171.142.18 - - [02/Jan/2019:12:37:06 -0300] "GET /cormun/servlet/solicitudot?5c19b8b57b5d78202a299224eba9cb5ac9be38c8583db77a3800951431a289b28ce1bdab0790a7e9aa8de511c71afee1,gx-no-cache=1546443427476 HTTP/1.1" 200 30
190.171.142.18 - - [02/Jan/2019:12:38:15 -0300] "GET /cormun/servlet/prbanco?,MD,,gxPopupLevel%3D0%3B HTTP/1.1" 200 6712
190.171.142.18 - - [02/Jan/2019:12:38:19 -0300] "GET /cormun/servlet/solicitudot?5c19b8b57b5d78202a299224eba9cb5a766e23c9d9b328244467dd353a954f390f07efccc5e17f7bc86bd9f67015d3bb,gx-no-cache=1546443500097 HTTP/1.1" 200 30
190.171.142.18 - - [02/Jan/2019:12:38:19 -0300] "GET /cormun/servlet/solicitudot?5c19b8b57b5d78202a299224eba9cb5a6836be3a65ae1184d69846c03dbf509b,gx-no-cache=1546443500683 HTTP/1.1" 200 53
190.171.142.18 - - [02/Jan/2019:12:38:30 -0300] "POST /cormun/servlet/solicitudot?gx-no-cache=1546443511373 HTTP/1.1" 200 255
190.171.142.18 - - [02/Jan/2019:12:38:33 -0300] "GET /cormun/servlet/solicitudot?5c19b8b57b5d78202a299224eba9cb5a0f3e95589c3ecf8873e0f1035586f116dcd663019736afd137e92daee1d5dfde29cb2122d348b848f14b66519791bda217c79cbc086d58aeb22f7fa0c6a5817e985ef6f3b61e54ba6c6af677fe32c50518ee1526126443970000b56391ebbe7238e89bcc90a37f0ba9c9a0dac4c7c7aecf096b29c2a290fad3bbaaba25523d76151aae9dee60fa66a2b6d21364a32266855d4388ff94a86c699dab1caf05c87174af626353281ad0ec8cce798e2debeecdfb36eebd73dab44d8a8b4e001c68fb4bcd23c3c18c121b693de403e99b074601091cbc4f4bfe13c9b2c082e4627101b7241a4b3595b851099769b07ae239055a050acf0fe1f268e74fd1c48b38077d4ad7748e758ec8a3bfbaf5673e407ff93bea0c52011b4a5283388fa534493d50062fe634c36a780bcbc6d13c7092fff07c981354c1958aca9e640456b1a720c47b2ccf02dd69f77da0dfd50490661e49579c35d80e54b5980ef1dd33e2111e205cbd6fd443fc31eac37b4e248d40ca54,gx-no-cache=1546443514201 HTTP/1.1" 200 30
190.171.142.18 - - [02/Jan/2019:12:38:40 -0300] "POST /cormun/servlet/solicitudot?gx-no-cache=1546443521240 HTTP/1.1" 200 30
190.171.142.18 - - [02/Jan/2019:12:38:41 -0300] "POST /cormun/servlet/solicitudot?gx-no-cache=1546443522429 HTTP/1.1" 200 1277
190.171.142.18 - - [02/Jan/2019:12:38:41 -0300] "POST /cormun/servlet/solicitudot?gx-no-cache=1546443522509 HTTP/1.1" 200 38
190.171.142.18 - - [02/Jan/2019:12:39:10 -0300] "GET /cormun/servlet/solicitudot?5c19b8b57b5d78202a299224eba9cb5a84692a62d26219ab5ab0b89743c7537a8a687b4b9e5f5cc7cb83fdaaf142e933e517640fc5a6c2b679dfdc16d06a413421e81035dd5abd0ee0c34e75841e58160e3252bf8d47e678f8255b3b7e0be54b8c15a8d5e93a3eaec955c234265d8568,gx-no-cache=1546443551266 HTTP/1.1" 200 110
190.171.142.18 - - [02/Jan/2019:12:39:13 -0300] "POST /cormun/servlet/solicitudot?gx-no-cache=1546443554490 HTTP/1.1" 200 97
192.168.10.96 - - [02/Jan/2019:12:39:26 -0300] "POST /cormun/servlet/trcontratosolicitud?3b84008aa5f22bbb68692bfea635e730,gx-no-cache=1546443302354 HTTP/1.1" 200 5528
192.168.10.96 - - [02/Jan/2019:12:39:30 -0300] "GET /cormun/servlet/solicitudotcontratos?INS,2019,0,15104431,k,2,2018,2316,NADA,201811,31,B, HTTP/1.1" 200 9972
192.168.10.96 - - [02/Jan/2019:12:39:30 -0300] "GET /cormun/servlet/solicitudotcontratos?INS,2019,0,15104431,k,2,2018,2316,NADA,201811,31,B, HTTP/1.1" 200 10004
192.168.10.96 - - [02/Jan/2019:12:39:31 -0300] "GET /cormun/servlet/solicitudotcontratos?7686990369b8cc9e8a79304e7c5dc8d3945c80a2ea634d71bfe93c25bc6c11ededbebcfe7ef71795bf94e6633825c7c9,gx-no-cache=1546443306777 HTTP/1.1" 200 30
192.168.10.96 - - [02/Jan/2019:12:39:31 -0300] "GET /cormun/servlet/solicitudotcontratos?7686990369b8cc9e8a79304e7c5dc8d365a8c4b608af988f4c14fbc94972a194c2b4addc89df6e31c8eb601da3be6a99,gx-no-cache=1546443306799 HTTP/1.1" 200 30
192.168.10.96 - - [02/Jan/2019:12:39:31 -0300] "GET /cormun/servlet/solicitudotcontratos?7686990369b8cc9e8a79304e7c5dc8d35dfff9e4f59cb7a2bd270ddeebeff063477495edf5d7c557d7e028d27ad3f1b60bf6f0c0b3d00253f41b2cff99ab5cc6d21ab67969a59ae00a0eded9614df83b4a16ea12b5a94d46b6a3712aba73ca871b5f4f47350f44c392d8f652fd5f70b3d8ae796b25cab655f978a994c0d1d6c1,gx-no-cache=1546443306816 HTTP/1.1" 200 48
192.168.10.96 - - [02/Jan/2019:12:39:31 -0300] "GET /cormun/servlet/solicitudotcontratos?7686990369b8cc9e8a79304e7c5dc8d38d47c1b3278697bab55cdaaff2067c67111cdef6483b2ddf683039a8b3a451f2,gx-no-cache=1546443306833 HTTP/1.1" 200 30
192.168.10.96 - - [02/Jan/2019:12:39:31 -0300] "GET /cormun/servlet/solicitudotcontratos?7686990369b8cc9e8a79304e7c5dc8d37a601aec44c32aa5fa647590a5fab3f7ff567e3287f412f0faf33e9f776e59602eaa7a1c3c7b017ea3bfb2c8090bb3278be0d7f5771c648e79ecee6decaeccc7325cf464f4f018d37129109a7daeaea66c672808aba1ed94f31f3c68b97fc5b5,gx-no-cache=1546443306847 HTTP/1.1" 200 30
192.168.10.96 - - [02/Jan/2019:12:39:31 -0300] "GET /cormun/servlet/solicitudotcontratos?7686990369b8cc9e8a79304e7c5dc8d35734fd1ab7cbe587888993c5b5186bf597446747b999a4672f291e38f45b9a302eaa7a1c3c7b017ea3bfb2c8090bb32764239fd0b016a912838d604b4c3c9de111817ad0031bfcf3b0a1fa1c16560b670f4a4b81f4faf7e1e7be559109db5f4f,gx-no-cache=1546443306861 HTTP/1.1" 200 110
192.168.10.96 - - [02/Jan/2019:12:39:31 -0300] "POST /cormun/servlet/solicitudotcontratos?gx-no-cache=1546443306877 HTTP/1.1" 200 97
192.168.10.96 - - [02/Jan/2019:12:39:31 -0300] "GET /cormun/servlet/solicitudotcontratos?7686990369b8cc9e8a79304e7c5dc8d3cc1666b70cefca4ecde7ea294536dd831eeb2c3eadd9dfbc434e49faea30ddf413ae1158c841e497d7fb6609829175f120fceba6b7e8697cf64ec12b6df838f7c679f29e3aea1d79fe98492e4ef46f8c0be1364f7b61a379ba4cc4320831862fa0f61fefec6730eb5e7d1c167eec741349173cdef0aa08e9c1eaf205d270406a3201ded6a9b3d3c6e161fefa89185bacf2699d42055e2298abe0251955b22a9495fc00e4acda5a1e733235e1fa1c6d04d42a2e9862690b083f185fc08f39ddac,gx-no-cache=1546443306898 HTTP/1.1" 200 73
190.171.142.18 - - [02/Jan/2019:12:39:33 -0300] "GET /cormun/servlet/solicitudot?5c19b8b57b5d78202a299224eba9cb5aa427c0d2e2b7c63d262e00218be6f188e52571822cf1725a31029a66e0fc5d1aa49f1370fc5ee85ae6fe9baee4cf8a7d379b3e0cf763cfe098027b47daabc13eb77062ff8532b113b9fa4aa00cf25f2840afe1c233405fa1f2ebb3254027df98,gx-no-cache=1546443574370 HTTP/1.1" 200 29
190.171.142.18 - - [02/Jan/2019:12:39:33 -0300] "GET /cormun/static/menuarrow.gif HTTP/1.1" 404 1015
192.168.10.96 - - [02/Jan/2019:12:39:34 -0300] "POST /cormun/servlet/solicitudotcontratos?3b84008aa5f22bbb68692bfea635e730,INS,2019,0,15104431,k,2,2018,2316,NADA,201811,31,B,,gx-no-cache=1546443309650 HTTP/1.1" 200 11040
192.168.10.96 - - [02/Jan/2019:12:39:34 -0300] "GET /cormun/servlet/solicitudotcontratos?7686990369b8cc9e8a79304e7c5dc8d3793103b5f85bd4b295ba0460be5bf4339fe7bb4527c2e08f8efc547ee0bc15ef98e09819f6d7c00f23d470b78672fdfd55334913d1d7593c57776ad95ba29c592e9cf221f4b7149ab13c33f90579d60b20e9df6f45c5e3069130a74a7a55a1165b97c3abd82739a33d9b8bcb58ad842b,gx-no-cache=1546443309902 HTTP/1.1" 200 30
192.168.10.96 - - [02/Jan/2019:12:39:34 -0300] "POST /cormun/servlet/solicitudotcontratos?3b84008aa5f22bbb68692bfea635e730,INS,2019,0,15104431,k,2,2018,2316,NADA,201811,31,B,,gx-no-cache=1546443309915 HTTP/1.1" 200 93
192.168.10.96 - - [02/Jan/2019:12:39:34 -0300] "GET /cormun/servlet/hpexe_return? HTTP/1.1" 200 1065
192.168.10.96 - - [02/Jan/2019:12:39:34 -0300] "GET /cormun/servlet/trcontratosolicitud?gx-no-cache=1546443302354 HTTP/1.1" 200 7914
192.168.10.96 - - [02/Jan/2019:12:39:35 -0300] "GET /cormun/servlet/trcontratosolicitud?gx-no-cache=1546443302354 HTTP/1.1" 200 7929
190.171.142.18 - - [02/Jan/2019:12:39:37 -0300] "GET /cormun/servlet/solicitudot?5c19b8b57b5d78202a299224eba9cb5a4ee03c9abef59738fb6ec36a69d19c7bd5e193fd3dbf5babe97bac231173583d,gx-no-cache=1546443578671 HTTP/1.1" 200 30
192.168.10.96 - - [02/Jan/2019:12:39:38 -0300] "GET /cormun/servlet/solicitudotcontratos?INS,2019,0,15104431,k,6,2018,3499,INTEGRACION,201811,3,B, HTTP/1.1" 200 10008
192.168.10.96 - - [02/Jan/2019:12:39:38 -0300] "GET /cormun/servlet/solicitudotcontratos?INS,2019,0,15104431,k,6,2018,3499,INTEGRACION,201811,3,B, HTTP/1.1" 200 10019
192.168.10.96 - - [02/Jan/2019:12:39:39 -0300] "GET /cormun/servlet/solicitudotcontratos?7686990369b8cc9e8a79304e7c5dc8d3945c80a2ea634d71bfe93c25bc6c11ededbebcfe7ef71795bf94e6633825c7c9,gx-no-cache=1546443314992 HTTP/1.1" 200 30
192.168.10.96 - - [02/Jan/2019:12:39:39 -0300] "GET /cormun/servlet/solicitudotcontratos?7686990369b8cc9e8a79304e7c5dc8d365a8c4b608af988f4c14fbc94972a194c2b4addc89df6e31c8eb601da3be6a99,gx-no-cache=1546443315013 HTTP/1.1" 200 30
192.168.10.96 - - [02/Jan/2019:12:39:39 -0300] "GET /cormun/servlet/solicitudotcontratos?7686990369b8cc9e8a79304e7c5dc8d35dfff9e4f59cb7a2bd270ddeebeff063477495edf5d7c557d7e028d27ad3f1b60bf6f0c0b3d00253f41b2cff99ab5cc6d21ab67969a59ae00a0eded9614df83b2f376c3d161e2e426ff9675347b24c91cfd1eaa2f04565c6260129fde43d9898c6e4cc6d18561224076df0a6302ab882,gx-no-cache=1546443315035 HTTP/1.1" 200 50
192.168.10.96 - - [02/Jan/2019:12:39:39 -0300] "GET /cormun/servlet/solicitudotcontratos?7686990369b8cc9e8a79304e7c5dc8d38d47c1b3278697bab55cdaaff2067c67bcbcc4de86cdc98674663eee211a494b,gx-no-cache=1546443315061 HTTP/1.1" 200 30
192.168.10.96 - - [02/Jan/2019:12:39:39 -0300] "GET /cormun/servlet/solicitudotcontratos?7686990369b8cc9e8a79304e7c5dc8d37a601aec44c32aa5fa647590a5fab3f7ff567e3287f412f0faf33e9f776e59602eaa7a1c3c7b017ea3bfb2c8090bb3278be0d7f5771c648e79ecee6decaeccc75035c969923e0a4a4007dafc390c66566c672808aba1ed94f31f3c68b97fc5b5,gx-no-cache=1546443315084 HTTP/1.1" 200 30
192.168.10.96 - - [02/Jan/2019:12:39:39 -0300] "GET /cormun/servlet/solicitudotcontratos?7686990369b8cc9e8a79304e7c5dc8d35734fd1ab7cbe587888993c5b5186bf597446747b999a4672f291e38f45b9a302eaa7a1c3c7b017ea3bfb2c8090bb32764239fd0b016a912838d604b4c3c9de111817ad0031bfcf3b0a1fa1c16560b670f4a4b81f4faf7e1e7be559109db5f4f,gx-no-cache=1546443315105 HTTP/1.1" 200 110
192.168.10.96 - - [02/Jan/2019:12:39:39 -0300] "POST /cormun/servlet/solicitudotcontratos?gx-no-cache=1546443315130 HTTP/1.1" 200 97
192.168.10.96 - - [02/Jan/2019:12:39:39 -0300] "GET /cormun/servlet/solicitudotcontratos?7686990369b8cc9e8a79304e7c5dc8d3cc1666b70cefca4ecde7ea294536dd831eeb2c3eadd9dfbc434e49faea30ddf45c1f5c07a3f752895f1c1d60e841e626540306fff9911f20703f6dad88a1aeac7482b227bcc8ea32051dd3454d7addca7a94f2b2eb8127881d942a080bff4ca95abd7c4581ece88a0fca1eb9911a361db9a73f1b240dcc4b0e70873063c564bc324f63e9681cea698f1b193d3d00c0cd35b88c591b6bab0b319eed2a4371e32b2aa6b27b0dd58fe10189ed77feea6bd9ced0aae4a0ba79464fa01fba6d81be3cd37d2dcd3a851c211fb3a0e44e3cc0b6,gx-no-cache=1546443315160 HTTP/1.1" 200 84
192.168.10.96 - - [02/Jan/2019:12:39:41 -0300] "POST /cormun/servlet/solicitudotcontratos?3b84008aa5f22bbb68692bfea635e730,INS,2019,0,15104431,k,6,2018,3499,INTEGRACION,201811,3,B,,gx-no-cache=1546443316840 HTTP/1.1" 200 11078
192.168.10.96 - - [02/Jan/2019:12:39:41 -0300] "GET /cormun/servlet/solicitudotcontratos?7686990369b8cc9e8a79304e7c5dc8d3793103b5f85bd4b295ba0460be5bf4339fe7bb4527c2e08f8efc547ee0bc15ef98e09819f6d7c00f23d470b78672fdfd55334913d1d7593c57776ad95ba29c592e9cf221f4b7149ab13c33f90579d60b20e9df6f45c5e3069130a74a7a55a1165b97c3abd82739a33d9b8bcb58ad842b,gx-no-cache=1546443317047 HTTP/1.1" 200 30
192.168.10.96 - - [02/Jan/2019:12:39:41 -0300] "POST /cormun/servlet/solicitudotcontratos?3b84008aa5f22bbb68692bfea635e730,INS,2019,0,15104431,k,6,2018,3499,INTEGRACION,201811,3,B,,gx-no-cache=1546443317060 HTTP/1.1" 200 93
192.168.10.96 - - [02/Jan/2019:12:39:41 -0300] "GET /cormun/servlet/hpexe_return? HTTP/1.1" 200 1071
192.168.10.96 - - [02/Jan/2019:12:39:41 -0300] "GET /cormun/servlet/trcontratosolicitud?gx-no-cache=1546443302354 HTTP/1.1" 200 7780
192.168.10.96 - - [02/Jan/2019:12:39:42 -0300] "GET /cormun/servlet/trcontratosolicitud?gx-no-cache=1546443302354 HTTP/1.1" 200 7799
190.171.142.18 - - [02/Jan/2019:12:39:42 -0300] "POST /cormun/servlet/solicitudot?gx-no-cache=1546443583423 HTTP/1.1" 200 30
190.171.142.18 - - [02/Jan/2019:12:39:42 -0300] "POST /cormun/servlet/solicitudot?4d4f472bb08138182858fac13de00d97,INS,0,0,,gx-no-cache=1546443583448 HTTP/1.1" 200 93
190.171.142.18 - - [02/Jan/2019:12:39:42 -0300] "GET /cormun/servlet/hpexe_return? HTTP/1.1" 200 1003
190.171.142.18 - - [02/Jan/2019:12:39:43 -0300] "GET /cormun/servlet/trsolicitudot HTTP/1.1" 200 17285
190.171.142.18 - - [02/Jan/2019:12:39:43 -0300] "GET /cormun/servlet/trsolicitudot HTTP/1.1" 200 17280
192.168.10.96 - - [02/Jan/2019:12:39:45 -0300] "GET /cormun/servlet/solicitudotcontratos?INS,2019,0,15104431,k,6,2018,5305,NADA,201811,4,B, HTTP/1.1" 200 10005
190.171.142.18 - - [02/Jan/2019:12:39:46 -0300] "GET /cormun/servlet/solicitudot?INS,0,0, HTTP/1.1" 200 15134
192.168.10.96 - - [02/Jan/2019:12:39:46 -0300] "GET /cormun/servlet/solicitudotcontratos?INS,2019,0,15104431,k,6,2018,5305,NADA,201811,4,B, HTTP/1.1" 200 10016
190.171.142.18 - - [02/Jan/2019:12:39:46 -0300] "GET /cormun/servlet/solicitudot?INS,0,0, HTTP/1.1" 200 15140
192.168.10.96 - - [02/Jan/2019:12:39:46 -0300] "GET /cormun/servlet/solicitudotcontratos?7686990369b8cc9e8a79304e7c5dc8d3945c80a2ea634d71bfe93c25bc6c11ededbebcfe7ef71795bf94e6633825c7c9,gx-no-cache=1546443322414 HTTP/1.1" 200 30
192.168.10.96 - - [02/Jan/2019:12:39:46 -0300] "GET /cormun/servlet/solicitudotcontratos?7686990369b8cc9e8a79304e7c5dc8d365a8c4b608af988f4c14fbc94972a194c2b4addc89df6e31c8eb601da3be6a99,gx-no-cache=1546443322437 HTTP/1.1" 200 30
192.168.10.96 - - [02/Jan/2019:12:39:46 -0300] "GET /cormun/servlet/solicitudotcontratos?7686990369b8cc9e8a79304e7c5dc8d35dfff9e4f59cb7a2bd270ddeebeff063477495edf5d7c557d7e028d27ad3f1b60bf6f0c0b3d00253f41b2cff99ab5cc6d21ab67969a59ae00a0eded9614df83b2f376c3d161e2e426ff9675347b24c91cfd1eaa2f04565c6260129fde43d9898c6e4cc6d18561224076df0a6302ab882,gx-no-cache=1546443322454 HTTP/1.1" 200 50
192.168.10.96 - - [02/Jan/2019:12:39:46 -0300] "GET /cormun/servlet/solicitudotcontratos?7686990369b8cc9e8a79304e7c5dc8d38d47c1b3278697bab55cdaaff2067c67bcbcc4de86cdc98674663eee211a494b,gx-no-cache=1546443322476 HTTP/1.1" 200 30
192.168.10.96 - - [02/Jan/2019:12:39:46 -0300] "GET /cormun/servlet/solicitudotcontratos?7686990369b8cc9e8a79304e7c5dc8d37a601aec44c32aa5fa647590a5fab3f7ff567e3287f412f0faf33e9f776e59602eaa7a1c3c7b017ea3bfb2c8090bb3278be0d7f5771c648e79ecee6decaeccc75035c969923e0a4a4007dafc390c66566c672808aba1ed94f31f3c68b97fc5b5,gx-no-cache=1546443322493 HTTP/1.1" 200 30
192.168.10.96 - - [02/Jan/2019:12:39:46 -0300] "GET /cormun/servlet/solicitudotcontratos?7686990369b8cc9e8a79304e7c5dc8d35734fd1ab7cbe587888993c5b5186bf597446747b999a4672f291e38f45b9a302eaa7a1c3c7b017ea3bfb2c8090bb32764239fd0b016a912838d604b4c3c9de111817ad0031bfcf3b0a1fa1c16560b670f4a4b81f4faf7e1e7be559109db5f4f,gx-no-cache=1546443322509 HTTP/1.1" 200 110
192.168.10.96 - - [02/Jan/2019:12:39:46 -0300] "POST /cormun/servlet/solicitudotcontratos?gx-no-cache=1546443322529 HTTP/1.1" 200 97
192.168.10.96 - - [02/Jan/2019:12:39:46 -0300] "GET /cormun/servlet/solicitudotcontratos?7686990369b8cc9e8a79304e7c5dc8d3cc1666b70cefca4ecde7ea294536dd831eeb2c3eadd9dfbc434e49faea30ddf413ae1158c841e497d7fb6609829175f120fceba6b7e8697cf64ec12b6df838f7c679f29e3aea1d79fe98492e4ef46f8c0be1364f7b61a379ba4cc4320831862fa0f61fefec6730eb5e7d1c167eec741349173cdef0aa08e9c1eaf205d270406a3201ded6a9b3d3c6e161fefa89185bacf2699d42055e2298abe0251955b22a9495fc00e4acda5a1e733235e1fa1c6d04d42a2e9862690b083f185fc08f39ddac,gx-no-cache=1546443322552 HTTP/1.1" 200 73
192.168.10.96 - - [02/Jan/2019:12:39:50 -0300] "POST /cormun/servlet/solicitudotcontratos?3b84008aa5f22bbb68692bfea635e730,INS,2019,0,15104431,k,6,2018,5305,NADA,201811,4,B,,gx-no-cache=1546443325605 HTTP/1.1" 200 11071
192.168.10.96 - - [02/Jan/2019:12:39:53 -0300] "GET /cormun/servlet/solicitudotcontratos?7686990369b8cc9e8a79304e7c5dc8d3793103b5f85bd4b295ba0460be5bf4339fe7bb4527c2e08f8efc547ee0bc15ef98e09819f6d7c00f23d470b78672fdfd55334913d1d7593c57776ad95ba29c592e9cf221f4b7149ab13c33f90579d60b20e9df6f45c5e3069130a74a7a55a1165b97c3abd82739a33d9b8bcb58ad842b,gx-no-cache=1546443329247 HTTP/1.1" 200 30
190.171.142.18 - - [02/Jan/2019:12:39:53 -0300] "POST /cormun/servlet/solicitudot?gx-no-cache=1546443594507 HTTP/1.1" 200 3417
192.168.10.96 - - [02/Jan/2019:12:39:53 -0300] "POST /cormun/servlet/solicitudotcontratos?3b84008aa5f22bbb68692bfea635e730,INS,2019,0,15104431,k,6,2018,5305,NADA,201811,4,B,,gx-no-cache=1546443329260 HTTP/1.1" 200 93
192.168.10.96 - - [02/Jan/2019:12:39:53 -0300] "GET /cormun/servlet/hpexe_return? HTTP/1.1" 200 1065
190.171.142.18 - - [02/Jan/2019:12:39:53 -0300] "POST /cormun/servlet/solicitudot?4d4f472bb08138182858fac13de00d97,INS,0,0,,gx-no-cache=1546443594784 HTTP/1.1" 200 11740
192.168.10.96 - - [02/Jan/2019:12:39:54 -0300] "GET /cormun/servlet/trcontratosolicitud?gx-no-cache=1546443302354 HTTP/1.1" 200 7561
190.171.142.18 - - [02/Jan/2019:12:39:54 -0300] "GET /cormun/servlet/solicitudot?5c19b8b57b5d78202a299224eba9cb5ab132b18b6383f3c2df448b7eea42dd97ab22cdfc2d14c45eff77f53e10daa2b3,gx-no-cache=1546443594997 HTTP/1.1" 200 111
190.171.142.18 - - [02/Jan/2019:12:39:54 -0300] "GET /cormun/static/Shared/jqueryui/images/ui-bg_highlight-soft_100_c6c2c8_1x100.png HTTP/1.1" 404 1117
190.171.142.18 - - [02/Jan/2019:12:39:54 -0300] "GET /cormun/static/Shared/jqueryui/images/ui-icons_82798d_256x240.png HTTP/1.1" 404 1089
190.171.142.18 - - [02/Jan/2019:12:39:54 -0300] "GET /cormun/static/Shared/jqueryui/images/ui-bg_flat_55_994d53_40x100.png HTTP/1.1" 404 1097
190.171.142.18 - - [02/Jan/2019:12:39:54 -0300] "GET /cormun/static/Shared/jqueryui/images/ui-icons_ebccce_256x240.png HTTP/1.1" 404 1089
192.168.10.96 - - [02/Jan/2019:12:39:54 -0300] "GET /cormun/servlet/trcontratosolicitud?gx-no-cache=1546443302354 HTTP/1.1" 200 7579
190.171.142.18 - - [02/Jan/2019:12:39:58 -0300] "GET /cormun/servlet/solicitudot?5c19b8b57b5d78202a299224eba9cb5ac9be38c8583db77a3800951431a289b28ce1bdab0790a7e9aa8de511c71afee1,gx-no-cache=1546443599909 HTTP/1.1" 200 30
192.168.10.96 - - [02/Jan/2019:12:40:51 -0300] "POST /cormun/servlet/trcontratosolicitud?3b84008aa5f22bbb68692bfea635e730,gx-no-cache=1546443302354,gx-no-cache=1546443386944 HTTP/1.1" 200 4991
192.168.10.96 - - [02/Jan/2019:12:40:58 -0300] "GET /cormun/servlet/trsolicitudot? HTTP/1.1" 200 7472
192.168.10.96 - - [02/Jan/2019:12:40:59 -0300] "GET /cormun/servlet/trsolicitudot? HTTP/1.1" 200 7449
192.168.10.96 - - [02/Jan/2019:12:41:01 -0300] "GET /cormun/servlet/solicitudot?INS,0,0, HTTP/1.1" 200 15034
192.168.10.96 - - [02/Jan/2019:12:41:01 -0300] "GET /cormun/servlet/solicitudot?INS,0,0, HTTP/1.1" 200 15039
190.171.142.18 - - [02/Jan/2019:12:41:02 -0300] "GET /cormun/servlet/prbanco?,MD,,gxPopupLevel%3D0%3B HTTP/1.1" 200 6712
192.168.10.96 - - [02/Jan/2019:12:41:03 -0300] "GET /cormun/servlet/prfichaempleado?,MD,,gxPopupLevel%3D0%3B HTTP/1.1" 200 9309
190.171.142.18 - - [02/Jan/2019:12:41:04 -0300] "GET /cormun/servlet/solicitudot?5c19b8b57b5d78202a299224eba9cb5a766e23c9d9b328244467dd353a954f390f07efccc5e17f7bc86bd9f67015d3bb,gx-no-cache=1546443665851 HTTP/1.1" 200 30
190.171.142.18 - - [02/Jan/2019:12:41:05 -0300] "GET /cormun/servlet/solicitudot?5c19b8b57b5d78202a299224eba9cb5a6836be3a65ae1184d69846c03dbf509b,gx-no-cache=1546443666309 HTTP/1.1" 200 53
192.168.10.96 - - [02/Jan/2019:12:41:08 -0300] "POST /cormun/servlet/prfichaempleado?3b84008aa5f22bbb68692bfea635e730,,MD,,gxPopupLevel%3D0%3B,gx-no-cache=1546443404402 HTTP/1.1" 200 3741
192.168.10.96 - - [02/Jan/2019:12:41:13 -0300] "POST /cormun/servlet/solicitudot?gx-no-cache=1546443408839 HTTP/1.1" 200 3499
192.168.10.96 - - [02/Jan/2019:12:41:13 -0300] "POST /cormun/servlet/solicitudot?3b84008aa5f22bbb68692bfea635e730,INS,0,0,,gx-no-cache=1546443408994 HTTP/1.1" 200 11820
192.168.10.96 - - [02/Jan/2019:12:41:15 -0300] "GET /cormun/servlet/solicitudot?7686990369b8cc9e8a79304e7c5dc8d3a67e0e6f5afe6e90cf6d6d0869a166e0edbebcfe7ef71795bf94e6633825c7c9,gx-no-cache=1546443411616 HTTP/1.1" 200 30
192.168.10.96 - - [02/Jan/2019:12:41:16 -0300] "GET /cormun/servlet/solicitudot?7686990369b8cc9e8a79304e7c5dc8d3bbc1e953d6640a22958c0edfdbaa3d49,gx-no-cache=1546443411653 HTTP/1.1" 200 94
192.168.10.96 - - [02/Jan/2019:12:41:16 -0300] "GET /cormun/static/Shared/jqueryui/images/ui-bg_highlight-soft_100_c6c2c8_1x100.png HTTP/1.1" 404 1117
192.168.10.96 - - [02/Jan/2019:12:41:16 -0300] "GET /cormun/static/Shared/jqueryui/images/ui-icons_82798d_256x240.png HTTP/1.1" 404 1089
192.168.10.96 - - [02/Jan/2019:12:41:16 -0300] "GET /cormun/static/Shared/jqueryui/images/ui-bg_flat_55_994d53_40x100.png HTTP/1.1" 404 1097
192.168.10.96 - - [02/Jan/2019:12:41:16 -0300] "GET /cormun/static/Shared/jqueryui/images/ui-icons_ebccce_256x240.png HTTP/1.1" 404 1089
192.168.10.96 - - [02/Jan/2019:12:41:16 -0300] "GET /cormun/servlet/solicitudot?7686990369b8cc9e8a79304e7c5dc8d352fa6f1cc559ae9bcfa4c60e8e18939e,gx-no-cache=1546443411704 HTTP/1.1" 200 51
192.168.10.96 - - [02/Jan/2019:12:41:16 -0300] "POST /cormun/servlet/solicitudot?gx-no-cache=1546443411724 HTTP/1.1" 200 255
192.168.10.96 - - [02/Jan/2019:12:41:16 -0300] "GET /cormun/servlet/solicitudot?7686990369b8cc9e8a79304e7c5dc8d3b6f14fc2af32ab5d0aa42d41a50b4d4142a0db9e304487ad8d2f306c362c401b55fea06976d048298ef6316d7b8abb529d19e4210d35c8e4f9d6908772e74045f4ed8c3231ef2aeb55a3bff42f5ad54d0082097f5576441a1425f2b78ce4b0d724fed880bd82d66cd53ce51ff011ab0679d6bfc1ef2bd6749ccf2425cd9fb2a0f3d97c1e0b9418d6ff2bebbe10e6cae6e21e880196e673a9b747652c43528c80e391ef112ef7ba38f139fcb6c9afa457d18e3e2880b96eaaa00e354c9e0b7a0ef8d1691fe836d0ff77f8d78f4f81f44d78426e223581c1ea627a96850d5f02bc2f817de7e900144b400e9b33d7c3960921387a0757b891541ca983842476ac567fc1d74dded670b45869027c5b9f230979b12e8339a61beb1e92cedbc51a030bcd9116456a4d5d8cfd2e044f8862340cacefe6ebe3dc33e9c926dd2dcbb22f8412594a1f803285d0567c1caad1e8dd931000fcb9e4a226d57590e59407cc1cf8067c7e11fc005c25763455fbe0672f4e,gx-no-cache=1546443411747 HTTP/1.1" 200 30
190.171.142.18 - - [02/Jan/2019:12:41:16 -0300] "POST /cormun/servlet/solicitudot?gx-no-cache=1546443677198 HTTP/1.1" 200 255
190.171.142.18 - - [02/Jan/2019:12:41:18 -0300] "GET /cormun/servlet/solicitudot?5c19b8b57b5d78202a299224eba9cb5a0f3e95589c3ecf8873e0f1035586f116dcd663019736afd137e92daee1d5dfde29cb2122d348b848f14b66519791bda217c79cbc086d58aeb22f7fa0c6a5817e985ef6f3b61e54ba6c6af677fe32c50518ee1526126443970000b56391ebbe7238e89bcc90a37f0ba9c9a0dac4c7c7aecf096b29c2a290fad3bbaaba25523d76151aae9dee60fa66a2b6d21364a32266855d4388ff94a86c699dab1caf05c87174af626353281ad0ec8cce798e2debeecdfb36eebd73dab44d8a8b4e001c68fb4bcd23c3c18c121b693de403e99b074601091cbc4f4bfe13c9b2c082e4627101b7241a4b3595b851099769b07ae239055a050acf0fe1f268e74fd1c48b38077d4ad7748e758ec8a3bfbaf5673e407ff93bea0c52011b4a5283388fa534493d50062fe634c36a780bcbc6d13c7092fff07c981354c1958aca9e640456b1a720c47b2ccf02dd69f77da0dfd50490661e49579c35d80e54b5980ef1dd33e2111e205cbd6fd443fc31eac37b4e248d40ca54,gx-no-cache=1546443679130 HTTP/1.1" 200 30
192.168.10.96 - - [02/Jan/2019:12:41:20 -0300] "POST /cormun/servlet/solicitudot?gx-no-cache=1546443415871 HTTP/1.1" 200 30
190.171.142.18 - - [02/Jan/2019:12:41:20 -0300] "POST /cormun/servlet/solicitudot?gx-no-cache=1546443681653 HTTP/1.1" 200 30
190.171.142.18 - - [02/Jan/2019:12:41:21 -0300] "GET /cormun/servlet/prsolicitudot?16492925,,,,,MD,,gxPopupLevel%3D0%3B HTTP/1.1" 200 6060
190.171.142.18 - - [02/Jan/2019:12:41:23 -0300] "POST /cormun/servlet/solicitudot?gx-no-cache=1546443684441 HTTP/1.1" 200 1277
190.171.142.18 - - [02/Jan/2019:12:41:23 -0300] "POST /cormun/servlet/solicitudot?gx-no-cache=1546443684571 HTTP/1.1" 200 38
190.171.142.18 - - [02/Jan/2019:12:41:23 -0300] "GET /cormun/servlet/solicitudot?5c19b8b57b5d78202a299224eba9cb5a84692a62d26219ab5ab0b89743c7537a8a687b4b9e5f5cc7cb83fdaaf142e933e517640fc5a6c2b679dfdc16d06a413421e81035dd5abd0ee0c34e75841e58160e3252bf8d47e678f8255b3b7e0be54b8c15a8d5e93a3eaec955c234265d8568,gx-no-cache=1546443684696 HTTP/1.1" 200 110
190.171.142.18 - - [02/Jan/2019:12:41:23 -0300] "POST /cormun/servlet/solicitudot?gx-no-cache=1546443684808 HTTP/1.1" 200 64
190.171.142.18 - - [02/Jan/2019:12:41:24 -0300] "GET /cormun/servlet/solicitudot?5c19b8b57b5d78202a299224eba9cb5aa427c0d2e2b7c63d262e00218be6f188e52571822cf1725a31029a66e0fc5d1aa49f1370fc5ee85ae6fe9baee4cf8a7d379b3e0cf763cfe098027b47daabc13eb77062ff8532b113b9fa4aa00cf25f2840afe1c233405fa1f2ebb3254027df98,gx-no-cache=1546443684897 HTTP/1.1" 200 29
190.171.142.18 - - [02/Jan/2019:12:41:24 -0300] "GET /cormun/servlet/solicitudot?5c19b8b57b5d78202a299224eba9cb5a4ee03c9abef59738fb6ec36a69d19c7bd5e193fd3dbf5babe97bac231173583d,gx-no-cache=1546443685012 HTTP/1.1" 200 30
190.171.142.18 - - [02/Jan/2019:12:41:31 -0300] "GET /cormun/servlet/solicitudot?5c19b8b57b5d78202a299224eba9cb5a84692a62d26219ab5ab0b89743c7537a8a687b4b9e5f5cc7cb83fdaaf142e933e517640fc5a6c2b679dfdc16d06a413421e81035dd5abd0ee0c34e75841e58160e3252bf8d47e678f8255b3b7e0be54b8c15a8d5e93a3eaec955c234265d8568,gx-no-cache=1546443692361 HTTP/1.1" 200 110
190.171.142.18 - - [02/Jan/2019:12:41:36 -0300] "POST /cormun/servlet/solicitudot?gx-no-cache=1546443697591 HTTP/1.1" 200 97
190.171.142.18 - - [02/Jan/2019:12:41:49 -0300] "POST /cormun/servlet/solicitudot?gx-no-cache=1546443710573 HTTP/1.1" 200 256
190.171.142.18 - - [02/Jan/2019:12:41:54 -0300] "GET /cormun/servlet/solicitudot?5c19b8b57b5d78202a299224eba9cb5a0f3e95589c3ecf8873e0f1035586f1168bd25602a9e1694a955caec9ea16e65a29cb2122d348b848f14b66519791bda217c79cbc086d58aeb22f7fa0c6a5817e985ef6f3b61e54ba6c6af677fe32c50518ee1526126443970000b56391ebbe7238e89bcc90a37f0ba9c9a0dac4c7c7aecf096b29c2a290fad3bbaaba25523d76151aae9dee60fa66a2b6d21364a32266855d4388ff94a86c699dab1caf05c87174af626353281ad0ec8cce798e2debeecdfb36eebd73dab44d8a8b4e001c68fb4bcd23c3c18c121b693de403e99b074601091cbc4f4bfe13c9b2c082e4627101b7241a4b3595b851099769b07ae239055a050acf0fe1f268e74fd1c48b38077d6b2cdd86f37ee7ec330a45249567acfe5a78c7cc1d3dd889cc19620b5b379f0efd06f57e1e264bf3bc59811ede0c40bd60cd0e7a0077603fb6c7dfba1a72cf7045a702ad0fcfd965a04ff30b87f8093c8683785e793302fc1b53e3016013b73152fe1c05c3947c21e73914bd126e5b33,gx-no-cache=1546443715073 HTTP/1.1" 200 30
190.171.142.18 - - [02/Jan/2019:12:41:54 -0300] "POST /cormun/servlet/solicitudot?gx-no-cache=1546443715105 HTTP/1.1" 200 30
190.171.142.18 - - [02/Jan/2019:12:41:54 -0300] "POST /cormun/servlet/solicitudot?gx-no-cache=1546443715160 HTTP/1.1" 200 1280
190.171.142.18 - - [02/Jan/2019:12:41:54 -0300] "POST /cormun/servlet/solicitudot?gx-no-cache=1546443715198 HTTP/1.1" 200 40
190.171.142.18 - - [02/Jan/2019:12:41:54 -0300] "GET /cormun/servlet/solicitudot?5c19b8b57b5d78202a299224eba9cb5a84692a62d26219ab5ab0b89743c7537a8a687b4b9e5f5cc7cb83fdaaf142e933e517640fc5a6c2b679dfdc16d06a413421e81035dd5abd0ee0c34e75841e58160e3252bf8d47e678f8255b3b7e0be54b8c15a8d5e93a3eaec955c234265d8568,gx-no-cache=1546443715223 HTTP/1.1" 200 110
190.171.142.18 - - [02/Jan/2019:12:41:54 -0300] "POST /cormun/servlet/solicitudot?gx-no-cache=1546443715245 HTTP/1.1" 200 97
190.171.142.18 - - [02/Jan/2019:12:41:56 -0300] "GET /cormun/servlet/prsolicitudot?16492925,,,,,MD,,gxPopupLevel%3D0%3B HTTP/1.1" 200 6060
190.171.142.18 - - [02/Jan/2019:12:41:57 -0300] "POST /cormun/servlet/solicitudot?gx-no-cache=1546443718733 HTTP/1.1" 200 1280
190.171.142.18 - - [02/Jan/2019:12:41:57 -0300] "POST /cormun/servlet/solicitudot?gx-no-cache=1546443718870 HTTP/1.1" 200 40
190.171.142.18 - - [02/Jan/2019:12:41:58 -0300] "GET /cormun/servlet/solicitudot?5c19b8b57b5d78202a299224eba9cb5a84692a62d26219ab5ab0b89743c7537a8a687b4b9e5f5cc7cb83fdaaf142e933e517640fc5a6c2b679dfdc16d06a413421e81035dd5abd0ee0c34e75841e58160e3252bf8d47e678f8255b3b7e0be54b8c15a8d5e93a3eaec955c234265d8568,gx-no-cache=1546443718935 HTTP/1.1" 200 110
190.171.142.18 - - [02/Jan/2019:12:41:58 -0300] "POST /cormun/servlet/solicitudot?gx-no-cache=1546443718974 HTTP/1.1" 200 97
190.171.142.18 - - [02/Jan/2019:12:41:58 -0300] "GET /cormun/servlet/solicitudot?5c19b8b57b5d78202a299224eba9cb5a4ee03c9abef59738fb6ec36a69d19c7bd5e193fd3dbf5babe97bac231173583d,gx-no-cache=1546443719007 HTTP/1.1" 200 30
190.171.142.18 - - [02/Jan/2019:12:42:13 -0300] "POST /cormun/servlet/solicitudot?gx-no-cache=1546443734400 HTTP/1.1" 200 72
190.171.142.18 - - [02/Jan/2019:12:42:17 -0300] "POST /cormun/servlet/solicitudot?gx-no-cache=1546443738358 HTTP/1.1" 200 256
190.171.142.18 - - [02/Jan/2019:12:42:19 -0300] "GET /cormun/servlet/solicitudot?5c19b8b57b5d78202a299224eba9cb5a0f3e95589c3ecf8873e0f1035586f116dcd663019736afd137e92daee1d5dfde29cb2122d348b848f14b66519791bda217c79cbc086d58aeb22f7fa0c6a5817e985ef6f3b61e54ba6c6af677fe32c50518ee1526126443970000b56391ebbe7238e89bcc90a37f0ba9c9a0dac4c7c7aecf096b29c2a290fad3bbaaba25523d76151aae9dee60fa66a2b6d21364a32266855d4388ff94a86c699dab1caf05c87174af626353281ad0ec8cce798e2debeecdfb36eebd73dab44d8a8b4e001c68fb4bcd23c3c18c121b693de403e99b074601091cbc4f4bfe13c9b2c082e4627101b7241a4b3595b851099769b07ae239055a050acf0fe1f268e74fd1c48b38077d4ad7748e758ec8a3bfbaf5673e407ff93bea0c52011b4a5283388fa534493d50062fe634c36a780bcbc6d13c7092fff07c981354c1958aca9e640456b1a720c47b2ccf02dd69f77da0dfd50490661e49579c35d80e54b5980ef1dd33e2111e202b64c7c9455b4e6c0e567e23a75c1cbe,gx-no-cache=1546443740846 HTTP/1.1" 200 30
190.171.142.18 - - [02/Jan/2019:12:42:19 -0300] "POST /cormun/servlet/solicitudot?gx-no-cache=1546443740900 HTTP/1.1" 200 30
190.171.142.18 - - [02/Jan/2019:12:42:20 -0300] "POST /cormun/servlet/solicitudot?gx-no-cache=1546443740972 HTTP/1.1" 200 1280
190.171.142.18 - - [02/Jan/2019:12:42:20 -0300] "POST /cormun/servlet/solicitudot?gx-no-cache=1546443741019 HTTP/1.1" 200 40
190.171.142.18 - - [02/Jan/2019:12:42:20 -0300] "GET /cormun/servlet/solicitudot?5c19b8b57b5d78202a299224eba9cb5a84692a62d26219ab5ab0b89743c7537a8a687b4b9e5f5cc7cb83fdaaf142e933e517640fc5a6c2b679dfdc16d06a413421e81035dd5abd0ee0c34e75841e58160e3252bf8d47e678f8255b3b7e0be54b8c15a8d5e93a3eaec955c234265d8568,gx-no-cache=1546443741041 HTTP/1.1" 200 110
190.171.142.18 - - [02/Jan/2019:12:42:20 -0300] "POST /cormun/servlet/solicitudot?gx-no-cache=1546443741116 HTTP/1.1" 200 67
192.168.10.96 - - [02/Jan/2019:12:42:24 -0300] "GET /cormun/servlet/solicitudot?7686990369b8cc9e8a79304e7c5dc8d3c8904fcb160de1c4a1ff4e8af5de6d4398171a2f63904c21e41df80ad60e5051,gx-no-cache=1546443479651 HTTP/1.1" 200 30
190.171.142.18 - - [02/Jan/2019:12:42:31 -0300] "POST /cormun/servlet/solicitudot?gx-no-cache=1546443751985 HTTP/1.1" 200 33
192.168.10.96 - - [02/Jan/2019:12:42:33 -0300] "GET /cormun/servlet/prcontratosol?8266136,,,,,MD,,gxPopupLevel%3D0%3B HTTP/1.1" 200 8376
192.168.10.96 - - [02/Jan/2019:12:42:33 -0300] "GET /cormun/static/gxcfg.js?201761413223964 HTTP/1.1" 200 953
192.168.10.96 - - [02/Jan/2019:12:42:33 -0300] "GET /cormun/static/prcontratosol.js?201761413224174 HTTP/1.1" 200 15806
190.171.142.18 - - [02/Jan/2019:12:42:34 -0300] "POST /cormun/servlet/solicitudot?4d4f472bb08138182858fac13de00d97,INS,0,0,,gx-no-cache=1546443755369 HTTP/1.1" 200 93
190.171.142.18 - - [02/Jan/2019:12:42:34 -0300] "GET /cormun/servlet/hpexe_return? HTTP/1.1" 200 1003
190.171.142.18 - - [02/Jan/2019:12:42:35 -0300] "GET /cormun/servlet/trsolicitudot HTTP/1.1" 200 17558
190.171.142.18 - - [02/Jan/2019:12:42:35 -0300] "GET /cormun/servlet/trsolicitudot HTTP/1.1" 200 17554
192.168.10.96 - - [02/Jan/2019:12:42:37 -0300] "POST /cormun/servlet/solicitudot?gx-no-cache=1546443492835 HTTP/1.1" 200 256
192.168.10.96 - - [02/Jan/2019:12:42:37 -0300] "GET /cormun/servlet/solicitudot?7686990369b8cc9e8a79304e7c5dc8d3b6f14fc2af32ab5d0aa42d41a50b4d4142a0db9e304487ad8d2f306c362c401b55fea06976d048298ef6316d7b8abb529d19e4210d35c8e4f9d6908772e74045f4ed8c3231ef2aeb55a3bff42f5ad54d0082097f5576441a1425f2b78ce4b0d724fed880bd82d66cd53ce51ff011ab0679d6bfc1ef2bd6749ccf2425cd9fb2a0f3d97c1e0b9418d6ff2bebbe10e6cae6e21e880196e673a9b747652c43528c80e391ef112ef7ba38f139fcb6c9afa457d18e3e2880b96eaaa00e354c9e0b7a0ef8d1691fe836d0ff77f8d78f4f81f44d78426e223581c1ea627a96850d5f02bc2f817de7e900144b400e9b33d7c3960921387a0757b891541ca983842476ac567fc1d74dded670b45869027c5b9f230979b12e8339a61beb1e92cedbc51a030bcd9116456a4d5d8cfd2e044f8862340cacefe6ebe3dc33e9c926dd2dcbb22f8412594a1f803285d0567c1caad1e8dd931000fcb9e4a226d57590e59407cc1cf89727d5a39da7473d565e65f5123c8974,gx-no-cache=1546443492858 HTTP/1.1" 200 30
192.168.10.96 - - [02/Jan/2019:12:42:37 -0300] "POST /cormun/servlet/solicitudot?gx-no-cache=1546443492872 HTTP/1.1" 200 30
192.168.10.96 - - [02/Jan/2019:12:42:37 -0300] "POST /cormun/servlet/solicitudot?gx-no-cache=1546443492892 HTTP/1.1" 200 1282
192.168.10.96 - - [02/Jan/2019:12:42:37 -0300] "POST /cormun/servlet/solicitudot?gx-no-cache=1546443492918 HTTP/1.1" 200 38
192.168.10.96 - - [02/Jan/2019:12:42:37 -0300] "GET /cormun/servlet/solicitudot?7686990369b8cc9e8a79304e7c5dc8d35734fd1ab7cbe587888993c5b5186bf597446747b999a4672f291e38f45b9a302eaa7a1c3c7b017ea3bfb2c8090bb32764239fd0b016a912838d604b4c3c9de111817ad0031bfcf3b0a1fa1c16560b670f4a4b81f4faf7e1e7be559109db5f4f,gx-no-cache=1546443492933 HTTP/1.1" 200 110
192.168.10.96 - - [02/Jan/2019:12:42:37 -0300] "POST /cormun/servlet/solicitudot?gx-no-cache=1546443492948 HTTP/1.1" 200 97
192.168.10.96 - - [02/Jan/2019:12:42:37 -0300] "GET /cormun/servlet/solicitudot?7686990369b8cc9e8a79304e7c5dc8d389e6ac23fb63286190d6a96cc15787cab0728c7b3a00f0003bc331dcd4bd0c3c5b7028092801b0ffbae585a0b90ab4de96873074db0f1b4cd3324777e2ca6fa87eb8edc4505ee8e99a68abd380a79b680b7cb0613bcd47f9c24a8e371d320c8d59b24288f0b63735d4cc22ac25161a13e32a38fd210e039255417f1ff9531e78b13290ad3e3b760f4348ad42ec5784e0,gx-no-cache=1546443492967 HTTP/1.1" 200 29
192.168.10.96 - - [02/Jan/2019:12:42:37 -0300] "GET /cormun/servlet/solicitudot?7686990369b8cc9e8a79304e7c5dc8d371929501640e1c9394a9c340795244b05766881bfc16353ee5b4c6600f4aa10b,gx-no-cache=1546443492981 HTTP/1.1" 200 134
192.168.10.89 - - [02/Jan/2019:12:42:45 -0300] "GET /cormun/servlet/solicitudotcontratos?INS,2019,0,15125785,2,2,2018,4960,LEY+SEP,201811,26,B, HTTP/1.1" 200 10053
190.171.142.18 - - [02/Jan/2019:12:42:46 -0300] "GET /cormun/servlet/solicitudot?INS,0,0, HTTP/1.1" 200 15134
190.171.142.18 - - [02/Jan/2019:12:42:46 -0300] "GET /cormun/servlet/solicitudot?INS,0,0, HTTP/1.1" 200 15139
192.168.10.89 - - [02/Jan/2019:12:42:46 -0300] "GET /cormun/servlet/solicitudotcontratos?c6115d19f47be5ae7a3b87767abc708c9c58948e7f1d6951461079cf21b0f758eb72164bfcb4f9f405c65d8aa757a494,gx-no-cache=1546443502117 HTTP/1.1" 200 30
192.168.10.89 - - [02/Jan/2019:12:42:46 -0300] "GET /cormun/servlet/solicitudotcontratos?c6115d19f47be5ae7a3b87767abc708c2ab1c8a6b5cda5bb76ac4127a0b8b2ec4c3f7bf8248005d99c53fe672d849c58,gx-no-cache=1546443502133 HTTP/1.1" 200 30
192.168.10.89 - - [02/Jan/2019:12:42:46 -0300] "GET /cormun/servlet/solicitudotcontratos?c6115d19f47be5ae7a3b87767abc708c23743aa9a0dfed282c8a0242fc708b019ef9cf7d5ec9913e37b8c4c03e6b14745e4a367eaa4aed481030930628a3e0c353462f5bd6b48b7f7507d6afcf959606041f548aec649737ffc864893c41716f138eb32145dc33e0dc40f62856a2ef58820ef4f2afaa9f02e11520d3f24d1059,gx-no-cache=1546443502144 HTTP/1.1" 200 48
192.168.10.89 - - [02/Jan/2019:12:42:46 -0300] "GET /cormun/servlet/solicitudotcontratos?c6115d19f47be5ae7a3b87767abc708cbbb20efc390d2c3f002ba166b3ba7dc285051b70fb4c65c9585a2a28b14255ed,gx-no-cache=1546443502165 HTTP/1.1" 200 30
192.168.10.89 - - [02/Jan/2019:12:42:46 -0300] "GET /cormun/servlet/solicitudotcontratos?c6115d19f47be5ae7a3b87767abc708ca7da156d3adde6b2ef5548ab02f77436229f72b8883bbca578993a033d5b0c3c694e40d5d36d4b368de58c396efbd9c074044387610c6363420059720add7bcf318267274e4f276a4a312860b19f564b5ba66850896d7c175f43c1ea4a91022d,gx-no-cache=1546443502194 HTTP/1.1" 200 30
192.168.10.89 - - [02/Jan/2019:12:42:46 -0300] "GET /cormun/servlet/solicitudotcontratos?c6115d19f47be5ae7a3b87767abc708ceeedb9d672b6e9fd150b772fb3999b451c081d88e0ddaa3388d4c4fb02136749694e40d5d36d4b368de58c396efbd9c03e9c8125213e021e0cfbf4715bf15513da440dbc6a8a1842a8d859fc096025a709d4bd69ac545b0d3bd5d12321ba210f,gx-no-cache=1546443502224 HTTP/1.1" 200 110
192.168.10.89 - - [02/Jan/2019:12:42:46 -0300] "POST /cormun/servlet/solicitudotcontratos?gx-no-cache=1546443502248 HTTP/1.1" 200 109
192.168.10.89 - - [02/Jan/2019:12:42:46 -0300] "GET /cormun/servlet/solicitudotcontratos?c6115d19f47be5ae7a3b87767abc708cffcc05cc3d77a7420d238582e6817511825edf22ec4a6ef6982ff195ece874b92d34a8aebec90bd40238593b578bcf3e694e40d5d36d4b368de58c396efbd9c0671d5053ddb5b4ced8a70d737cb1b85e34941765fb39d2762d604fd5958dc2c1882836cf91ca27068cf8378f11a3f8372d34a8aebec90bd40238593b578bcf3ee5236e0f7859a93630b13f07957fe2e2f30f263a5d956b549622cadf8ec1f6dc2e525eba94e95afda413abcf41a2b289dd1327b3796f439ef7ec90db5759c70484dec6168c778232b8db791c86825fc3fdcb722dc2d6877adcc76c7dffc11c4619c52a87601d9a8a1bef817ce749d451,gx-no-cache=1546443502265 HTTP/1.1" 200 80
192.168.10.89 - - [02/Jan/2019:12:42:48 -0300] "POST /cormun/servlet/solicitudotcontratos?b3d190fd5bd5a334fd4305246d978deb,INS,2019,0,15125785,2,2,2018,4960,LEY+SEP,201811,26,B,,gx-no-cache=1546443503376 HTTP/1.1" 200 11065
192.168.10.89 - - [02/Jan/2019:12:42:48 -0300] "GET /cormun/servlet/solicitudotcontratos?c6115d19f47be5ae7a3b87767abc708c096f6a0f9aa64844fe6e7f64a77ea698d646ae1c1e1d0aa6d79df5131519d3c77cc414fa2afa948ef901fb78c3971d317a2fc8ac10de89a5ba2d1a88e20547a0958b6c6cbd6a783e212f745936c3025499c9451c91d02dc9c1f97e9691a9e5fce12f31887cd0ccf082209d0c43ea7170,gx-no-cache=1546443503809 HTTP/1.1" 200 30
192.168.10.89 - - [02/Jan/2019:12:42:48 -0300] "POST /cormun/servlet/solicitudotcontratos?b3d190fd5bd5a334fd4305246d978deb,INS,2019,0,15125785,2,2,2018,4960,LEY+SEP,201811,26,B,,gx-no-cache=1546443503824 HTTP/1.1" 200 93
192.168.10.89 - - [02/Jan/2019:12:42:48 -0300] "GET /cormun/servlet/hpexe_return? HTTP/1.1" 200 1048
192.168.10.89 - - [02/Jan/2019:12:42:49 -0300] "GET /cormun/servlet/trcontratosolicitud HTTP/1.1" 200 14883
192.168.10.89 - - [02/Jan/2019:12:42:53 -0300] "GET /cormun/servlet/solicitudotcontratos?INS,2019,0,15125785,2,6,2018,5078,INTEGRACION,201811,7,B, HTTP/1.1" 200 10059
192.168.10.89 - - [02/Jan/2019:12:42:54 -0300] "GET /cormun/servlet/solicitudotcontratos?c6115d19f47be5ae7a3b87767abc708c9c58948e7f1d6951461079cf21b0f758eb72164bfcb4f9f405c65d8aa757a494,gx-no-cache=1546443510132 HTTP/1.1" 200 30
192.168.10.89 - - [02/Jan/2019:12:42:54 -0300] "GET /cormun/servlet/solicitudotcontratos?c6115d19f47be5ae7a3b87767abc708c2ab1c8a6b5cda5bb76ac4127a0b8b2ec4c3f7bf8248005d99c53fe672d849c58,gx-no-cache=1546443510150 HTTP/1.1" 200 30
