192.168.10.96 - - [02/Jan/2019:13:01:26 -0300] "GET /cormun/servlet/solicitudotcontratos?7686990369b8cc9e8a79304e7c5dc8d35734fd1ab7cbe587888993c5b5186bf597446747b999a4672f291e38f45b9a302eaa7a1c3c7b017ea3bfb2c8090bb32764239fd0b016a912838d604b4c3c9de111817ad0031bfcf3b0a1fa1c16560b670f4a4b81f4faf7e1e7be559109db5f4f,gx-no-cache=1546444621906 HTTP/1.1" 200 110
192.168.10.96 - - [02/Jan/2019:13:01:26 -0300] "POST /cormun/servlet/solicitudotcontratos?gx-no-cache=1546444621922 HTTP/1.1" 200 97
192.168.10.96 - - [02/Jan/2019:13:01:26 -0300] "GET /cormun/servlet/solicitudotcontratos?7686990369b8cc9e8a79304e7c5dc8d3cc1666b70cefca4ecde7ea294536dd831eeb2c3eadd9dfbc434e49faea30ddf413ae1158c841e497d7fb6609829175f120fceba6b7e8697cf64ec12b6df838f7c679f29e3aea1d79fe98492e4ef46f8c0be1364f7b61a379ba4cc4320831862fa0f61fefec6730eb5e7d1c167eec741349173cdef0aa08e9c1eaf205d270406a3201ded6a9b3d3c6e161fefa89185bacf2699d42055e2298abe0251955b22a9495fc00e4acda5a1e733235e1fa1c6d04d42a2e9862690b083f185fc08f39ddac,gx-no-cache=1546444621941 HTTP/1.1" 200 73
192.168.10.96 - - [02/Jan/2019:13:01:30 -0300] "POST /cormun/servlet/solicitudotcontratos?3b84008aa5f22bbb68692bfea635e730,INS,2019,0,17503462,5,2,2018,3503,NADA,201811,30,B,,gx-no-cache=1546444625979 HTTP/1.1" 200 11071
192.168.10.96 - - [02/Jan/2019:13:01:30 -0300] "GET /cormun/servlet/solicitudotcontratos?7686990369b8cc9e8a79304e7c5dc8d3793103b5f85bd4b295ba0460be5bf4339fe7bb4527c2e08f8efc547ee0bc15ef98e09819f6d7c00f23d470b78672fdfd55334913d1d7593c57776ad95ba29c592e9cf221f4b7149ab13c33f90579d60b20e9df6f45c5e3069130a74a7a55a1165b97c3abd82739a33d9b8bcb58ad842b,gx-no-cache=1546444626216 HTTP/1.1" 200 30
192.168.10.96 - - [02/Jan/2019:13:01:30 -0300] "POST /cormun/servlet/solicitudotcontratos?3b84008aa5f22bbb68692bfea635e730,INS,2019,0,17503462,5,2,2018,3503,NADA,201811,30,B,,gx-no-cache=1546444626250 HTTP/1.1" 200 93
192.168.10.96 - - [02/Jan/2019:13:01:30 -0300] "GET /cormun/servlet/hpexe_return? HTTP/1.1" 200 1064
192.168.10.96 - - [02/Jan/2019:13:01:31 -0300] "GET /cormun/servlet/trcontratosolicitud?gx-no-cache=1546444153705 HTTP/1.1" 200 7575
192.168.10.96 - - [02/Jan/2019:13:01:31 -0300] "GET /cormun/servlet/trcontratosolicitud?gx-no-cache=1546444153705 HTTP/1.1" 200 7592
192.168.10.96 - - [02/Jan/2019:13:01:34 -0300] "GET /cormun/servlet/solicitudotcontratos?INS,2019,0,17503462,5,6,2018,3504,INTEGRACION,201811,3,B, HTTP/1.1" 200 10022
192.168.10.96 - - [02/Jan/2019:13:01:34 -0300] "GET /cormun/servlet/solicitudotcontratos?INS,2019,0,17503462,5,6,2018,3504,INTEGRACION,201811,3,B, HTTP/1.1" 200 10032
192.168.10.96 - - [02/Jan/2019:13:01:34 -0300] "GET /cormun/servlet/solicitudotcontratos?7686990369b8cc9e8a79304e7c5dc8d352ebd442bfd939cf5296e2f66de9c0f8edbebcfe7ef71795bf94e6633825c7c9,gx-no-cache=1546444630593 HTTP/1.1" 200 30
192.168.10.96 - - [02/Jan/2019:13:01:35 -0300] "GET /cormun/servlet/solicitudotcontratos?7686990369b8cc9e8a79304e7c5dc8d3e4191eb6241132a0a6caf137f6ae56d9c2b4addc89df6e31c8eb601da3be6a99,gx-no-cache=1546444630617 HTTP/1.1" 200 30
192.168.10.96 - - [02/Jan/2019:13:01:35 -0300] "GET /cormun/servlet/solicitudotcontratos?7686990369b8cc9e8a79304e7c5dc8d35dfff9e4f59cb7a2bd270ddeebeff063477495edf5d7c557d7e028d27ad3f1b60bf6f0c0b3d00253f41b2cff99ab5cc6d21ab67969a59ae00a0eded9614df83b2f376c3d161e2e426ff9675347b24c91cfd1eaa2f04565c6260129fde43d9898c6e4cc6d18561224076df0a6302ab882,gx-no-cache=1546444630638 HTTP/1.1" 200 50
192.168.10.96 - - [02/Jan/2019:13:01:35 -0300] "GET /cormun/servlet/solicitudotcontratos?7686990369b8cc9e8a79304e7c5dc8d3cd1d8f62eb3b0a8c6e67372a985d086257b98926a4bc9699428a2a36b77f341b,gx-no-cache=1546444630664 HTTP/1.1" 200 30
192.168.10.96 - - [02/Jan/2019:13:01:35 -0300] "GET /cormun/servlet/solicitudotcontratos?7686990369b8cc9e8a79304e7c5dc8d37a601aec44c32aa5fa647590a5fab3f7ff567e3287f412f0faf33e9f776e59602eaa7a1c3c7b017ea3bfb2c8090bb3278be0d7f5771c648e79ecee6decaeccc75035c969923e0a4a4007dafc390c66566c672808aba1ed94f31f3c68b97fc5b5,gx-no-cache=1546444630686 HTTP/1.1" 200 30
192.168.10.96 - - [02/Jan/2019:13:01:35 -0300] "GET /cormun/servlet/solicitudotcontratos?7686990369b8cc9e8a79304e7c5dc8d35734fd1ab7cbe587888993c5b5186bf597446747b999a4672f291e38f45b9a302eaa7a1c3c7b017ea3bfb2c8090bb32764239fd0b016a912838d604b4c3c9de111817ad0031bfcf3b0a1fa1c16560b670f4a4b81f4faf7e1e7be559109db5f4f,gx-no-cache=1546444630706 HTTP/1.1" 200 110
192.168.10.96 - - [02/Jan/2019:13:01:35 -0300] "POST /cormun/servlet/solicitudotcontratos?gx-no-cache=1546444630731 HTTP/1.1" 200 97
192.168.10.96 - - [02/Jan/2019:13:01:35 -0300] "GET /cormun/servlet/solicitudotcontratos?7686990369b8cc9e8a79304e7c5dc8d3cc1666b70cefca4ecde7ea294536dd831eeb2c3eadd9dfbc434e49faea30ddf45c1f5c07a3f752895f1c1d60e841e626540306fff9911f20703f6dad88a1aeac7482b227bcc8ea32051dd3454d7addca7a94f2b2eb8127881d942a080bff4ca95abd7c4581ece88a0fca1eb9911a361db9a73f1b240dcc4b0e70873063c564bc324f63e9681cea698f1b193d3d00c0cd35b88c591b6bab0b319eed2a4371e32b2aa6b27b0dd58fe10189ed77feea6bd9ced0aae4a0ba79464fa01fba6d81be3cd37d2dcd3a851c211fb3a0e44e3cc0b6,gx-no-cache=1546444630761 HTTP/1.1" 200 84
190.171.142.18 - - [02/Jan/2019:13:01:35 -0300] "POST /cormun/servlet/trsolicitudot?4d4f472bb08138182858fac13de00d97,gx-no-cache=1546444896337 HTTP/1.1" 200 106
190.171.142.18 - - [02/Jan/2019:13:01:35 -0300] "GET /cormun/servlet/solicitudot?UPD,2019,12607, HTTP/1.1" 200 15708
190.171.142.18 - - [02/Jan/2019:13:01:36 -0300] "GET /cormun/servlet/solicitudot?UPD,2019,12607, HTTP/1.1" 200 15717
192.168.10.96 - - [02/Jan/2019:13:01:36 -0300] "POST /cormun/servlet/solicitudotcontratos?3b84008aa5f22bbb68692bfea635e730,INS,2019,0,17503462,5,6,2018,3504,INTEGRACION,201811,3,B,,gx-no-cache=1546444632011 HTTP/1.1" 200 11086
192.168.10.96 - - [02/Jan/2019:13:01:36 -0300] "GET /cormun/servlet/solicitudotcontratos?7686990369b8cc9e8a79304e7c5dc8d3793103b5f85bd4b295ba0460be5bf4339fe7bb4527c2e08f8efc547ee0bc15ef98e09819f6d7c00f23d470b78672fdfd55334913d1d7593c57776ad95ba29c592e9cf221f4b7149ab13c33f90579d60b20e9df6f45c5e3069130a74a7a55a1165b97c3abd82739a33d9b8bcb58ad842b,gx-no-cache=1546444632220 HTTP/1.1" 200 30
190.171.142.18 - - [02/Jan/2019:13:01:36 -0300] "POST /cormun/servlet/solicitudot?gx-no-cache=1546444897488 HTTP/1.1" 200 3560
190.171.142.18 - - [02/Jan/2019:13:01:36 -0300] "POST /cormun/servlet/solicitudot?4d4f472bb08138182858fac13de00d97,UPD,2019,12607,,gx-no-cache=1546444897652 HTTP/1.1" 200 11974
192.168.10.96 - - [02/Jan/2019:13:01:36 -0300] "POST /cormun/servlet/solicitudotcontratos?3b84008aa5f22bbb68692bfea635e730,INS,2019,0,17503462,5,6,2018,3504,INTEGRACION,201811,3,B,,gx-no-cache=1546444632244 HTTP/1.1" 200 93
192.168.10.96 - - [02/Jan/2019:13:01:36 -0300] "GET /cormun/servlet/hpexe_return? HTTP/1.1" 200 1070
190.171.142.18 - - [02/Jan/2019:13:01:36 -0300] "GET /cormun/servlet/solicitudot?5c19b8b57b5d78202a299224eba9cb5aa6e6749b2ab1228f775b1c26c49f424960a104716b3c355086d03792b3cff406,gx-no-cache=1546444897903 HTTP/1.1" 200 30
190.171.142.18 - - [02/Jan/2019:13:01:37 -0300] "GET /cormun/servlet/solicitudot?5c19b8b57b5d78202a299224eba9cb5a995dc17acd9aaaa32177b88665392589f4993e76b7c0bbf7beaba88bbdb4f6f018f09761c07272620d7d13058584c196,gx-no-cache=1546444897931 HTTP/1.1" 200 30
190.171.142.18 - - [02/Jan/2019:13:01:37 -0300] "GET /cormun/servlet/solicitudot?5c19b8b57b5d78202a299224eba9cb5a18c70631321b300b9e267753f642367c22fee8e109c6927303c1858464fa7deb79f68860e134dd8cf4ceee051c4b813d,gx-no-cache=1546444897955 HTTP/1.1" 200 48
192.168.10.96 - - [02/Jan/2019:13:01:37 -0300] "GET /cormun/servlet/trcontratosolicitud?gx-no-cache=1546444153705 HTTP/1.1" 200 6786
190.171.142.18 - - [02/Jan/2019:13:01:37 -0300] "POST /cormun/servlet/solicitudot?gx-no-cache=1546444897989 HTTP/1.1" 200 256
190.171.142.18 - - [02/Jan/2019:13:01:37 -0300] "GET /cormun/servlet/solicitudot?5c19b8b57b5d78202a299224eba9cb5a0f3e95589c3ecf8873e0f1035586f116dcd663019736afd137e92daee1d5dfde29cb2122d348b848f14b66519791bda217c79cbc086d58aeb22f7fa0c6a5817e985ef6f3b61e54ba6c6af677fe32c50518ee1526126443970000b56391ebbe7238e89bcc90a37f0ba9c9a0dac4c7c7aecf096b29c2a290fad3bbaaba25523d76151aae9dee60fa66a2b6d21364a32266855d4388ff94a86c699dab1caf05c87174af626353281ad0ec8cce798e2debeecdfb36eebd73dab44d8a8b4e001c68fb4bcd23c3c18c121b693de403e99b074601091cbc4f4bfe13c9b2c082e4627101b7241a4b3595b851099769b07ae239055a050acf0fe1f268e74fd1c48b38077d4ad7748e758ec8a3bfbaf5673e407ff93bea0c52011b4a5283388fa534493d50062fe634c36a780bcbc6d13c7092fff07c981354c1958aca9e640456b1a720c47b2ccf02dd69f77da0dfd50490661e49579c35d80e54b5980ef1dd33e2111e202b64c7c9455b4e6c0e567e23a75c1cbe,gx-no-cache=1546444898039 HTTP/1.1" 200 30
190.171.142.18 - - [02/Jan/2019:13:01:37 -0300] "POST /cormun/servlet/solicitudot?gx-no-cache=1546444898073 HTTP/1.1" 200 30
190.171.142.18 - - [02/Jan/2019:13:01:37 -0300] "POST /cormun/servlet/solicitudot?gx-no-cache=1546444898123 HTTP/1.1" 200 1281
190.171.142.18 - - [02/Jan/2019:13:01:37 -0300] "POST /cormun/servlet/solicitudot?gx-no-cache=1546444898171 HTTP/1.1" 200 40
192.168.10.96 - - [02/Jan/2019:13:01:37 -0300] "GET /cormun/servlet/trcontratosolicitud?gx-no-cache=1546444153705 HTTP/1.1" 200 6802
190.171.142.18 - - [02/Jan/2019:13:01:39 -0300] "GET /cormun/servlet/solicitudot?5c19b8b57b5d78202a299224eba9cb5a84692a62d26219ab5ab0b89743c7537a8a687b4b9e5f5cc7cb83fdaaf142e933e517640fc5a6c2b679dfdc16d06a413421e81035dd5abd0ee0c34e75841e58160e3252bf8d47e678f8255b3b7e0be54b8c15a8d5e93a3eaec955c234265d8568,gx-no-cache=1546444900763 HTTP/1.1" 200 110
190.171.142.18 - - [02/Jan/2019:13:01:41 -0300] "POST /cormun/servlet/solicitudot?gx-no-cache=1546444902116 HTTP/1.1" 200 79
190.171.142.18 - - [02/Jan/2019:13:01:44 -0300] "GET /cormun/servlet/solicitudot?5c19b8b57b5d78202a299224eba9cb5ad880945fceef03891080b26785b2a4a7e293f25c45f27fd798278b8f1fa231944ac2871a010e98ebee97f253a4fb21e2b67f2d051b44625cd4bea81bb61725b6a2aeee86bd4be847ec7eb3c7b1b4a31b89277196c347450456ec4689ef323879c258a547cbfe5b1e2c700292a10b1a54b5703445a9bbc3932fefe42a2a1a557bcd206c7ed6df292dd7f803b528df41aa,gx-no-cache=1546444905822 HTTP/1.1" 200 29
190.171.142.18 - - [02/Jan/2019:13:01:44 -0300] "GET /cormun/servlet/solicitudot?5c19b8b57b5d78202a299224eba9cb5a4ee03c9abef59738fb6ec36a69d19c7bd5e193fd3dbf5babe97bac231173583d,gx-no-cache=1546444905841 HTTP/1.1" 200 30
190.171.142.18 - - [02/Jan/2019:13:01:44 -0300] "POST /cormun/servlet/solicitudot?gx-no-cache=1546444905864 HTTP/1.1" 200 33
190.171.142.18 - - [02/Jan/2019:13:01:45 -0300] "POST /cormun/servlet/solicitudot?4d4f472bb08138182858fac13de00d97,UPD,2019,12607,,gx-no-cache=1546444905933 HTTP/1.1" 200 93
190.171.142.18 - - [02/Jan/2019:13:01:45 -0300] "GET /cormun/servlet/hpexe_return? HTTP/1.1" 200 1009
190.171.142.18 - - [02/Jan/2019:13:01:45 -0300] "GET /cormun/servlet/trsolicitudot HTTP/1.1" 200 20536
190.171.142.18 - - [02/Jan/2019:13:01:46 -0300] "GET /cormun/servlet/trsolicitudot HTTP/1.1" 200 20531
192.168.10.89 - - [02/Jan/2019:13:02:00 -0300] "GET /cormun/servlet/trautorizarsolicitud? HTTP/1.1" 200 7411
190.171.142.18 - - [02/Jan/2019:13:02:04 -0300] "GET /cormun/servlet/solicitudot?INS,0,0, HTTP/1.1" 200 15134
190.171.142.18 - - [02/Jan/2019:13:02:04 -0300] "GET /cormun/servlet/solicitudot?INS,0,0, HTTP/1.1" 200 15139
192.168.10.96 - - [02/Jan/2019:13:02:14 -0300] "POST /cormun/servlet/trcontratosolicitud?3b84008aa5f22bbb68692bfea635e730,gx-no-cache=1546444153705,gx-no-cache=1546444669611 HTTP/1.1" 200 5249
192.168.10.96 - - [02/Jan/2019:13:02:15 -0300] "GET /cormun/servlet/solicitudotcontratos?INS,2019,0,11672460,k,2,2018,2325,NADA,201811,9,B, HTTP/1.1" 200 10012
192.168.10.96 - - [02/Jan/2019:13:02:16 -0300] "GET /cormun/servlet/solicitudotcontratos?INS,2019,0,11672460,k,2,2018,2325,NADA,201811,9,B, HTTP/1.1" 200 10022
192.168.10.96 - - [02/Jan/2019:13:02:16 -0300] "GET /cormun/servlet/solicitudotcontratos?7686990369b8cc9e8a79304e7c5dc8d3e9a42389d08a38a4db3e66eacf0e8ab4edbebcfe7ef71795bf94e6633825c7c9,gx-no-cache=1546444672149 HTTP/1.1" 200 30
192.168.10.96 - - [02/Jan/2019:13:02:16 -0300] "GET /cormun/servlet/solicitudotcontratos?7686990369b8cc9e8a79304e7c5dc8d3e9056ac6e73baa1d26a188479a8abe4bc2b4addc89df6e31c8eb601da3be6a99,gx-no-cache=1546444672173 HTTP/1.1" 200 30
192.168.10.96 - - [02/Jan/2019:13:02:16 -0300] "GET /cormun/servlet/solicitudotcontratos?7686990369b8cc9e8a79304e7c5dc8d35dfff9e4f59cb7a2bd270ddeebeff063477495edf5d7c557d7e028d27ad3f1b60bf6f0c0b3d00253f41b2cff99ab5cc6d21ab67969a59ae00a0eded9614df83b4a16ea12b5a94d46b6a3712aba73ca871b5f4f47350f44c392d8f652fd5f70b3d8ae796b25cab655f978a994c0d1d6c1,gx-no-cache=1546444672196 HTTP/1.1" 200 48
192.168.10.96 - - [02/Jan/2019:13:02:16 -0300] "GET /cormun/servlet/solicitudotcontratos?7686990369b8cc9e8a79304e7c5dc8d39eba359aad69605f35076ce5cc8c9c8e9b2c0f635625f935959508362fcd9c1c,gx-no-cache=1546444672221 HTTP/1.1" 200 30
192.168.10.96 - - [02/Jan/2019:13:02:16 -0300] "GET /cormun/servlet/solicitudotcontratos?7686990369b8cc9e8a79304e7c5dc8d37a601aec44c32aa5fa647590a5fab3f7ff567e3287f412f0faf33e9f776e59602eaa7a1c3c7b017ea3bfb2c8090bb3278be0d7f5771c648e79ecee6decaeccc7325cf464f4f018d37129109a7daeaea66c672808aba1ed94f31f3c68b97fc5b5,gx-no-cache=1546444672243 HTTP/1.1" 200 30
192.168.10.96 - - [02/Jan/2019:13:02:16 -0300] "GET /cormun/servlet/solicitudotcontratos?7686990369b8cc9e8a79304e7c5dc8d35734fd1ab7cbe587888993c5b5186bf597446747b999a4672f291e38f45b9a302eaa7a1c3c7b017ea3bfb2c8090bb32764239fd0b016a912838d604b4c3c9de111817ad0031bfcf3b0a1fa1c16560b670f4a4b81f4faf7e1e7be559109db5f4f,gx-no-cache=1546444672265 HTTP/1.1" 200 110
192.168.10.96 - - [02/Jan/2019:13:02:16 -0300] "POST /cormun/servlet/solicitudotcontratos?gx-no-cache=1546444672290 HTTP/1.1" 200 97
192.168.10.96 - - [02/Jan/2019:13:02:16 -0300] "GET /cormun/servlet/solicitudotcontratos?7686990369b8cc9e8a79304e7c5dc8d3cc1666b70cefca4ecde7ea294536dd831eeb2c3eadd9dfbc434e49faea30ddf413ae1158c841e497d7fb6609829175f120fceba6b7e8697cf64ec12b6df838f7c679f29e3aea1d79fe98492e4ef46f8c0be1364f7b61a379ba4cc4320831862fa0f61fefec6730eb5e7d1c167eec741349173cdef0aa08e9c1eaf205d270406a3201ded6a9b3d3c6e161fefa89185bacf2699d42055e2298abe0251955b22a9495fc00e4acda5a1e733235e1fa1c6d04d42a2e9862690b083f185fc08f39ddac,gx-no-cache=1546444672317 HTTP/1.1" 200 73
190.171.142.18 - - [02/Jan/2019:13:02:18 -0300] "POST /cormun/servlet/solicitudot?gx-no-cache=1546444939531 HTTP/1.1" 200 3522
190.171.142.18 - - [02/Jan/2019:13:02:18 -0300] "POST /cormun/servlet/solicitudot?4d4f472bb08138182858fac13de00d97,INS,0,0,,gx-no-cache=1546444939668 HTTP/1.1" 200 11856
192.168.10.96 - - [02/Jan/2019:13:02:19 -0300] "POST /cormun/servlet/solicitudotcontratos?3b84008aa5f22bbb68692bfea635e730,INS,2019,0,11672460,k,2,2018,2325,NADA,201811,9,B,,gx-no-cache=1546444674950 HTTP/1.1" 200 11070
190.171.142.18 - - [02/Jan/2019:13:02:20 -0300] "GET /cormun/servlet/solicitudot?5c19b8b57b5d78202a299224eba9cb5aec0d1a1cca2774dc86f34d42cedbb9248ce1bdab0790a7e9aa8de511c71afee1,gx-no-cache=1546444941090 HTTP/1.1" 200 30
192.168.10.96 - - [02/Jan/2019:13:02:21 -0300] "GET /cormun/servlet/solicitudotcontratos?7686990369b8cc9e8a79304e7c5dc8d3793103b5f85bd4b295ba0460be5bf4339fe7bb4527c2e08f8efc547ee0bc15ef98e09819f6d7c00f23d470b78672fdfd55334913d1d7593c57776ad95ba29c592e9cf221f4b7149ab13c33f90579d60b20e9df6f45c5e3069130a74a7a55a1165b97c3abd82739a33d9b8bcb58ad842b,gx-no-cache=1546444677266 HTTP/1.1" 200 30
192.168.10.96 - - [02/Jan/2019:13:02:21 -0300] "POST /cormun/servlet/solicitudotcontratos?3b84008aa5f22bbb68692bfea635e730,INS,2019,0,11672460,k,2,2018,2325,NADA,201811,9,B,,gx-no-cache=1546444677279 HTTP/1.1" 200 93
192.168.10.96 - - [02/Jan/2019:13:02:21 -0300] "GET /cormun/servlet/hpexe_return? HTTP/1.1" 200 1065
192.168.10.96 - - [02/Jan/2019:13:02:22 -0300] "GET /cormun/servlet/trcontratosolicitud?gx-no-cache=1546444153705 HTTP/1.1" 200 7505
192.168.10.96 - - [02/Jan/2019:13:02:22 -0300] "GET /cormun/servlet/trcontratosolicitud?gx-no-cache=1546444153705 HTTP/1.1" 200 7522
190.171.142.18 - - [02/Jan/2019:13:02:23 -0300] "GET /cormun/servlet/solicitudot?5c19b8b57b5d78202a299224eba9cb5a97c7ff5c1201a44329d4918f0e08f1b10f07efccc5e17f7bc86bd9f67015d3bb,gx-no-cache=1546444944120 HTTP/1.1" 200 30
190.171.142.18 - - [02/Jan/2019:13:02:23 -0300] "GET /cormun/servlet/solicitudot?5c19b8b57b5d78202a299224eba9cb5a007c23357a2cb92e9f47f30f70e9a0b1,gx-no-cache=1546444944157 HTTP/1.1" 200 51
190.171.142.18 - - [02/Jan/2019:13:02:23 -0300] "POST /cormun/servlet/solicitudot?gx-no-cache=1546444944196 HTTP/1.1" 200 255
190.171.142.18 - - [02/Jan/2019:13:02:23 -0300] "GET /cormun/servlet/solicitudot?5c19b8b57b5d78202a299224eba9cb5a0f3e95589c3ecf8873e0f1035586f116dcd663019736afd137e92daee1d5dfde29cb2122d348b848f14b66519791bda217c79cbc086d58aeb22f7fa0c6a5817e985ef6f3b61e54ba6c6af677fe32c50518ee1526126443970000b56391ebbe7238e89bcc90a37f0ba9c9a0dac4c7c7aecf096b29c2a290fad3bbaaba25523d76151aae9dee60fa66a2b6d21364a32266855d4388ff94a86c699dab1caf05c87174af626353281ad0ec8cce798e2debeecdfb36eebd73dab44d8a8b4e001c68fb4bcd23c3c18c121b693de403e99b074601091cbc4f4bfe13c9b2c082e4627101b7241a4b3595b851099769b07ae239055a050acf0fe1f268e74fd1c48b38077d4ad7748e758ec8a3bfbaf5673e407ff93bea0c52011b4a5283388fa534493d50062fe634c36a780bcbc6d13c7092fff07c981354c1958aca9e640456b1a720c47b2ccf02dd69f77da0dfd50490661e49579c35d80e54b5980ef1dd33e2111e205cbd6fd443fc31eac37b4e248d40ca54,gx-no-cache=1546444944238 HTTP/1.1" 200 30
190.171.142.18 - - [02/Jan/2019:13:02:26 -0300] "POST /cormun/servlet/solicitudot?gx-no-cache=1546444947225 HTTP/1.1" 200 30
190.171.142.18 - - [02/Jan/2019:13:02:28 -0300] "POST /cormun/servlet/solicitudot?gx-no-cache=1546444949875 HTTP/1.1" 200 1282
190.171.142.18 - - [02/Jan/2019:13:02:28 -0300] "POST /cormun/servlet/solicitudot?gx-no-cache=1546444949919 HTTP/1.1" 200 38
190.171.142.18 - - [02/Jan/2019:13:02:29 -0300] "GET /cormun/servlet/solicitudot?5c19b8b57b5d78202a299224eba9cb5a84692a62d26219ab5ab0b89743c7537a8a687b4b9e5f5cc7cb83fdaaf142e933e517640fc5a6c2b679dfdc16d06a413421e81035dd5abd0ee0c34e75841e58160e3252bf8d47e678f8255b3b7e0be54b8c15a8d5e93a3eaec955c234265d8568,gx-no-cache=1546444949944 HTTP/1.1" 200 110
190.171.142.18 - - [02/Jan/2019:13:02:32 -0300] "POST /cormun/servlet/solicitudot?gx-no-cache=1546444953380 HTTP/1.1" 200 97
190.171.142.18 - - [02/Jan/2019:13:02:36 -0300] "GET /cormun/servlet/solicitudot?5c19b8b57b5d78202a299224eba9cb5aa427c0d2e2b7c63d262e00218be6f188e52571822cf1725a31029a66e0fc5d1af1d74a1fdc85d360c1d7a3b97e95f67bc977cac1630489ec284ac10a400233ad06717fb3815267bdd308a4a28598e62582bf9135e08e1359705305882f0d7796711cbed27f23bf59d1ad27238661e6ccf162b4622e3c7d95d1f64a5ef29dd0c97b03c7db71439af025a05eedb7164d0f,gx-no-cache=1546444957442 HTTP/1.1" 200 29
190.171.142.18 - - [02/Jan/2019:13:02:36 -0300] "GET /cormun/static/menuarrow.gif HTTP/1.1" 404 1015
190.171.142.18 - - [02/Jan/2019:13:02:39 -0300] "GET /cormun/servlet/solicitudot?5c19b8b57b5d78202a299224eba9cb5a4ee03c9abef59738fb6ec36a69d19c7bd5e193fd3dbf5babe97bac231173583d,gx-no-cache=1546444960769 HTTP/1.1" 200 30
190.171.142.18 - - [02/Jan/2019:13:02:43 -0300] "POST /cormun/servlet/solicitudot?gx-no-cache=1546444964569 HTTP/1.1" 200 30
190.171.142.18 - - [02/Jan/2019:13:03:03 -0300] "POST /cormun/servlet/solicitudot?4d4f472bb08138182858fac13de00d97,INS,0,0,,gx-no-cache=1546444984357 HTTP/1.1" 200 93
190.171.142.18 - - [02/Jan/2019:13:03:03 -0300] "GET /cormun/servlet/hpexe_return? HTTP/1.1" 200 1003
190.171.142.18 - - [02/Jan/2019:13:03:04 -0300] "GET /cormun/servlet/trsolicitudot HTTP/1.1" 200 20850
190.171.142.18 - - [02/Jan/2019:13:03:04 -0300] "GET /cormun/servlet/trsolicitudot HTTP/1.1" 200 20846
190.171.142.18 - - [02/Jan/2019:13:03:11 -0300] "GET /cormun/servlet/solicitudot?INS,0,0, HTTP/1.1" 200 15133
190.171.142.18 - - [02/Jan/2019:13:03:11 -0300] "GET /cormun/servlet/solicitudot?INS,0,0, HTTP/1.1" 200 15139
190.171.142.18 - - [02/Jan/2019:13:03:18 -0300] "POST /cormun/servlet/solicitudot?gx-no-cache=1546444999187 HTTP/1.1" 200 3522
190.171.142.18 - - [02/Jan/2019:13:03:18 -0300] "POST /cormun/servlet/solicitudot?4d4f472bb08138182858fac13de00d97,INS,0,0,,gx-no-cache=1546444999461 HTTP/1.1" 200 11854
190.171.142.18 - - [02/Jan/2019:13:03:19 -0300] "GET /cormun/servlet/solicitudot?5c19b8b57b5d78202a299224eba9cb5aec0d1a1cca2774dc86f34d42cedbb9248ce1bdab0790a7e9aa8de511c71afee1,gx-no-cache=1546445000575 HTTP/1.1" 200 30
190.171.142.18 - - [02/Jan/2019:13:03:20 -0300] "GET /cormun/servlet/solicitudot?5c19b8b57b5d78202a299224eba9cb5a97c7ff5c1201a44329d4918f0e08f1b10f07efccc5e17f7bc86bd9f67015d3bb,gx-no-cache=1546445001528 HTTP/1.1" 200 30
190.171.142.18 - - [02/Jan/2019:13:03:20 -0300] "GET /cormun/servlet/solicitudot?5c19b8b57b5d78202a299224eba9cb5a007c23357a2cb92e9f47f30f70e9a0b1,gx-no-cache=1546445001559 HTTP/1.1" 200 51
190.171.142.18 - - [02/Jan/2019:13:03:20 -0300] "POST /cormun/servlet/solicitudot?gx-no-cache=1546445001591 HTTP/1.1" 200 255
190.171.142.18 - - [02/Jan/2019:13:03:20 -0300] "GET /cormun/servlet/solicitudot?5c19b8b57b5d78202a299224eba9cb5a0f3e95589c3ecf8873e0f1035586f116dcd663019736afd137e92daee1d5dfde29cb2122d348b848f14b66519791bda217c79cbc086d58aeb22f7fa0c6a5817e985ef6f3b61e54ba6c6af677fe32c50518ee1526126443970000b56391ebbe7238e89bcc90a37f0ba9c9a0dac4c7c7aecf096b29c2a290fad3bbaaba25523d76151aae9dee60fa66a2b6d21364a32266855d4388ff94a86c699dab1caf05c87174af626353281ad0ec8cce798e2debeecdfb36eebd73dab44d8a8b4e001c68fb4bcd23c3c18c121b693de403e99b074601091cbc4f4bfe13c9b2c082e4627101b7241a4b3595b851099769b07ae239055a050acf0fe1f268e74fd1c48b38077d4ad7748e758ec8a3bfbaf5673e407ff93bea0c52011b4a5283388fa534493d50062fe634c36a780bcbc6d13c7092fff07c981354c1958aca9e640456b1a720c47b2ccf02dd69f77da0dfd50490661e49579c35d80e54b5980ef1dd33e2111e205cbd6fd443fc31eac37b4e248d40ca54,gx-no-cache=1546445001641 HTTP/1.1" 200 30
190.171.142.18 - - [02/Jan/2019:13:03:23 -0300] "POST /cormun/servlet/solicitudot?gx-no-cache=1546445004186 HTTP/1.1" 200 30
190.171.142.18 - - [02/Jan/2019:13:03:24 -0300] "GET /cormun/servlet/prsolicitudot?15994688,,,,,MD,,gxPopupLevel%3D0%3B HTTP/1.1" 200 6700
190.171.142.18 - - [02/Jan/2019:13:03:28 -0300] "POST /cormun/servlet/solicitudot?gx-no-cache=1546445009006 HTTP/1.1" 200 1282
190.171.142.18 - - [02/Jan/2019:13:03:28 -0300] "POST /cormun/servlet/solicitudot?gx-no-cache=1546445009040 HTTP/1.1" 200 38
190.171.142.18 - - [02/Jan/2019:13:03:28 -0300] "GET /cormun/servlet/solicitudot?5c19b8b57b5d78202a299224eba9cb5a84692a62d26219ab5ab0b89743c7537a8a687b4b9e5f5cc7cb83fdaaf142e933e517640fc5a6c2b679dfdc16d06a413421e81035dd5abd0ee0c34e75841e58160e3252bf8d47e678f8255b3b7e0be54b8c15a8d5e93a3eaec955c234265d8568,gx-no-cache=1546445009062 HTTP/1.1" 200 110
190.171.142.18 - - [02/Jan/2019:13:03:28 -0300] "POST /cormun/servlet/solicitudot?gx-no-cache=1546445009086 HTTP/1.1" 200 97
190.171.142.18 - - [02/Jan/2019:13:03:28 -0300] "GET /cormun/servlet/solicitudot?5c19b8b57b5d78202a299224eba9cb5aa427c0d2e2b7c63d262e00218be6f188e52571822cf1725a31029a66e0fc5d1af1d74a1fdc85d360c1d7a3b97e95f67bc977cac1630489ec284ac10a400233ad06717fb3815267bdd308a4a28598e62582bf9135e08e1359705305882f0d7796711cbed27f23bf59d1ad27238661e6ccf162b4622e3c7d95d1f64a5ef29dd0c97b03c7db71439af025a05eedb7164d0f,gx-no-cache=1546445009122 HTTP/1.1" 200 29
190.171.142.18 - - [02/Jan/2019:13:03:28 -0300] "GET /cormun/servlet/solicitudot?5c19b8b57b5d78202a299224eba9cb5a4ee03c9abef59738fb6ec36a69d19c7bd5e193fd3dbf5babe97bac231173583d,gx-no-cache=1546445009146 HTTP/1.1" 200 30
190.171.142.18 - - [02/Jan/2019:13:03:39 -0300] "POST /cormun/servlet/solicitudot?gx-no-cache=1546445019934 HTTP/1.1" 200 33
190.171.142.18 - - [02/Jan/2019:13:03:42 -0300] "POST /cormun/servlet/solicitudot?4d4f472bb08138182858fac13de00d97,INS,0,0,,gx-no-cache=1546445023197 HTTP/1.1" 200 93
190.171.142.18 - - [02/Jan/2019:13:03:42 -0300] "GET /cormun/servlet/hpexe_return? HTTP/1.1" 200 1003
190.171.142.18 - - [02/Jan/2019:13:03:42 -0300] "GET /cormun/servlet/trsolicitudot HTTP/1.1" 200 21110
190.171.142.18 - - [02/Jan/2019:13:03:43 -0300] "GET /cormun/servlet/trsolicitudot HTTP/1.1" 200 21105
190.171.142.18 - - [02/Jan/2019:13:03:46 -0300] "GET /cormun/servlet/solicitudot?INS,0,0, HTTP/1.1" 200 15132
190.171.142.18 - - [02/Jan/2019:13:03:47 -0300] "GET /cormun/servlet/solicitudot?INS,0,0, HTTP/1.1" 200 15139
190.171.142.18 - - [02/Jan/2019:13:03:54 -0300] "POST /cormun/servlet/solicitudot?gx-no-cache=1546445034923 HTTP/1.1" 200 3522
190.171.142.18 - - [02/Jan/2019:13:03:54 -0300] "POST /cormun/servlet/solicitudot?4d4f472bb08138182858fac13de00d97,INS,0,0,,gx-no-cache=1546445035354 HTTP/1.1" 200 11854
190.171.142.18 - - [02/Jan/2019:13:03:54 -0300] "GET /cormun/servlet/solicitudot?5c19b8b57b5d78202a299224eba9cb5aec0d1a1cca2774dc86f34d42cedbb9248ce1bdab0790a7e9aa8de511c71afee1,gx-no-cache=1546445035642 HTTP/1.1" 200 30
190.171.142.18 - - [02/Jan/2019:13:03:56 -0300] "GET /cormun/servlet/solicitudot?5c19b8b57b5d78202a299224eba9cb5a97c7ff5c1201a44329d4918f0e08f1b10f07efccc5e17f7bc86bd9f67015d3bb,gx-no-cache=1546445037465 HTTP/1.1" 200 30
190.171.142.18 - - [02/Jan/2019:13:03:56 -0300] "GET /cormun/servlet/solicitudot?5c19b8b57b5d78202a299224eba9cb5a007c23357a2cb92e9f47f30f70e9a0b1,gx-no-cache=1546445037496 HTTP/1.1" 200 51
190.171.142.18 - - [02/Jan/2019:13:03:56 -0300] "POST /cormun/servlet/solicitudot?gx-no-cache=1546445037535 HTTP/1.1" 200 255
190.171.142.18 - - [02/Jan/2019:13:03:56 -0300] "GET /cormun/servlet/solicitudot?5c19b8b57b5d78202a299224eba9cb5a0f3e95589c3ecf8873e0f1035586f116dcd663019736afd137e92daee1d5dfde29cb2122d348b848f14b66519791bda217c79cbc086d58aeb22f7fa0c6a5817e985ef6f3b61e54ba6c6af677fe32c50518ee1526126443970000b56391ebbe7238e89bcc90a37f0ba9c9a0dac4c7c7aecf096b29c2a290fad3bbaaba25523d76151aae9dee60fa66a2b6d21364a32266855d4388ff94a86c699dab1caf05c87174af626353281ad0ec8cce798e2debeecdfb36eebd73dab44d8a8b4e001c68fb4bcd23c3c18c121b693de403e99b074601091cbc4f4bfe13c9b2c082e4627101b7241a4b3595b851099769b07ae239055a050acf0fe1f268e74fd1c48b38077d4ad7748e758ec8a3bfbaf5673e407ff93bea0c52011b4a5283388fa534493d50062fe634c36a780bcbc6d13c7092fff07c981354c1958aca9e640456b1a720c47b2ccf02dd69f77da0dfd50490661e49579c35d80e54b5980ef1dd33e2111e205cbd6fd443fc31eac37b4e248d40ca54,gx-no-cache=1546445037568 HTTP/1.1" 200 30
190.171.142.18 - - [02/Jan/2019:13:03:59 -0300] "POST /cormun/servlet/solicitudot?gx-no-cache=1546445040251 HTTP/1.1" 200 30
190.171.142.18 - - [02/Jan/2019:13:04:00 -0300] "GET /cormun/servlet/prsolicitudot?15994688,,,,,MD,,gxPopupLevel%3D0%3B HTTP/1.1" 200 6747
192.168.10.96 - - [02/Jan/2019:13:04:01 -0300] "POST /cormun/servlet/trcontratosolicitud?3b84008aa5f22bbb68692bfea635e730,gx-no-cache=1546444153705,gx-no-cache=1546444777419 HTTP/1.1" 200 5215
192.168.10.96 - - [02/Jan/2019:13:04:03 -0300] "GET /cormun/servlet/solicitudotcontratos?INS,2019,0,6829535,1,6,2018,2794,INTEGRACION,201811,10,B, HTTP/1.1" 200 10012
192.168.10.96 - - [02/Jan/2019:13:04:04 -0300] "GET /cormun/servlet/solicitudotcontratos?INS,2019,0,6829535,1,6,2018,2794,INTEGRACION,201811,10,B, HTTP/1.1" 200 10023
190.171.142.18 - - [02/Jan/2019:13:04:04 -0300] "POST /cormun/servlet/solicitudot?gx-no-cache=1546445045421 HTTP/1.1" 200 1282
190.171.142.18 - - [02/Jan/2019:13:04:04 -0300] "POST /cormun/servlet/solicitudot?gx-no-cache=1546445045518 HTTP/1.1" 200 38
190.171.142.18 - - [02/Jan/2019:13:04:04 -0300] "GET /cormun/servlet/solicitudot?5c19b8b57b5d78202a299224eba9cb5a84692a62d26219ab5ab0b89743c7537a8a687b4b9e5f5cc7cb83fdaaf142e933e517640fc5a6c2b679dfdc16d06a413421e81035dd5abd0ee0c34e75841e58160e3252bf8d47e678f8255b3b7e0be54b8c15a8d5e93a3eaec955c234265d8568,gx-no-cache=1546445045594 HTTP/1.1" 200 110
192.168.10.96 - - [02/Jan/2019:13:04:04 -0300] "GET /cormun/servlet/solicitudotcontratos?7686990369b8cc9e8a79304e7c5dc8d357b922554c148ef22c0e8b69762ae8f1b0f8640945f5d91a1286209c9fdf084d,gx-no-cache=1546444780426 HTTP/1.1" 200 30
192.168.10.96 - - [02/Jan/2019:13:04:04 -0300] "GET /cormun/servlet/solicitudotcontratos?7686990369b8cc9e8a79304e7c5dc8d322fb8274682487504281e76155d5817399aafa1c8b6c2334e58e99a2ead84031,gx-no-cache=1546444780456 HTTP/1.1" 200 30
190.171.142.18 - - [02/Jan/2019:13:04:04 -0300] "POST /cormun/servlet/solicitudot?gx-no-cache=1546445045687 HTTP/1.1" 200 97
192.168.10.96 - - [02/Jan/2019:13:04:04 -0300] "GET /cormun/servlet/solicitudotcontratos?7686990369b8cc9e8a79304e7c5dc8d35dfff9e4f59cb7a2bd270ddeebeff063477495edf5d7c557d7e028d27ad3f1b60bf6f0c0b3d00253f41b2cff99ab5cc6d21ab67969a59ae00a0eded9614df83b2f376c3d161e2e426ff9675347b24c91cfd1eaa2f04565c6260129fde43d9898c6e4cc6d18561224076df0a6302ab882,gx-no-cache=1546444780477 HTTP/1.1" 200 50
192.168.10.96 - - [02/Jan/2019:13:04:04 -0300] "GET /cormun/servlet/solicitudotcontratos?7686990369b8cc9e8a79304e7c5dc8d31c5e9e2c62f2ac700ce8c1eef2a9cb4da3f549ddc9b0941b2da28dbb4cc0c914,gx-no-cache=1546444780508 HTTP/1.1" 200 30
192.168.10.96 - - [02/Jan/2019:13:04:04 -0300] "GET /cormun/servlet/solicitudotcontratos?7686990369b8cc9e8a79304e7c5dc8d37a601aec44c32aa5fa647590a5fab3f7ff567e3287f412f0faf33e9f776e59602eaa7a1c3c7b017ea3bfb2c8090bb3278be0d7f5771c648e79ecee6decaeccc75035c969923e0a4a4007dafc390c66566c672808aba1ed94f31f3c68b97fc5b5,gx-no-cache=1546444780526 HTTP/1.1" 200 30
192.168.10.96 - - [02/Jan/2019:13:04:04 -0300] "GET /cormun/servlet/solicitudotcontratos?7686990369b8cc9e8a79304e7c5dc8d35734fd1ab7cbe587888993c5b5186bf597446747b999a4672f291e38f45b9a302eaa7a1c3c7b017ea3bfb2c8090bb32764239fd0b016a912838d604b4c3c9de111817ad0031bfcf3b0a1fa1c16560b670f4a4b81f4faf7e1e7be559109db5f4f,gx-no-cache=1546444780543 HTTP/1.1" 200 110
192.168.10.96 - - [02/Jan/2019:13:04:04 -0300] "POST /cormun/servlet/solicitudotcontratos?gx-no-cache=1546444780563 HTTP/1.1" 200 109
192.168.10.96 - - [02/Jan/2019:13:04:04 -0300] "GET /cormun/servlet/solicitudotcontratos?7686990369b8cc9e8a79304e7c5dc8d3cc1666b70cefca4ecde7ea294536dd831eeb2c3eadd9dfbc434e49faea30ddf45c1f5c07a3f752895f1c1d60e841e626540306fff9911f20703f6dad88a1aeac7482b227bcc8ea32051dd3454d7addca7a94f2b2eb8127881d942a080bff4ca95abd7c4581ece88a0fca1eb9911a361d850bf58d691ed5b27211d66fb8aa0d4f7787500756cc5bd389f3e0c2cdb492316441085be50d5430a2945ef0cf7cd0ef26b16ca2040f9a32a4087c36815ffc91dfdb059eff306140ca2955d43a14ca019c3236a3e6b0a05877aecd3f662ca935977e795f70fbbf42540409b91a79a04aed96a89e71eae30db2c1c7099d597090,gx-no-cache=1546444780585 HTTP/1.1" 200 84
190.171.142.18 - - [02/Jan/2019:13:04:04 -0300] "GET /cormun/servlet/solicitudot?5c19b8b57b5d78202a299224eba9cb5aa427c0d2e2b7c63d262e00218be6f188e52571822cf1725a31029a66e0fc5d1af1d74a1fdc85d360c1d7a3b97e95f67bc977cac1630489ec284ac10a400233ad06717fb3815267bdd308a4a28598e62582bf9135e08e1359705305882f0d7796711cbed27f23bf59d1ad27238661e6ccf162b4622e3c7d95d1f64a5ef29dd0c97b03c7db71439af025a05eedb7164d0f,gx-no-cache=1546445045816 HTTP/1.1" 200 29
190.171.142.18 - - [02/Jan/2019:13:04:05 -0300] "GET /cormun/servlet/solicitudot?5c19b8b57b5d78202a299224eba9cb5a4ee03c9abef59738fb6ec36a69d19c7bd5e193fd3dbf5babe97bac231173583d,gx-no-cache=1546445045923 HTTP/1.1" 200 30
192.168.10.96 - - [02/Jan/2019:13:04:06 -0300] "POST /cormun/servlet/solicitudotcontratos?3b84008aa5f22bbb68692bfea635e730,INS,2019,0,6829535,1,6,2018,2794,INTEGRACION,201811,10,B,,gx-no-cache=1546444781692 HTTP/1.1" 200 11081
192.168.10.96 - - [02/Jan/2019:13:04:06 -0300] "GET /cormun/servlet/solicitudotcontratos?7686990369b8cc9e8a79304e7c5dc8d3793103b5f85bd4b295ba0460be5bf4339fe7bb4527c2e08f8efc547ee0bc15ef98e09819f6d7c00f23d470b78672fdfd55334913d1d7593c57776ad95ba29c592e9cf221f4b7149ab13c33f90579d60b20e9df6f45c5e3069130a74a7a55a1165b97c3abd82739a33d9b8bcb58ad842b,gx-no-cache=1546444781904 HTTP/1.1" 200 30
192.168.10.96 - - [02/Jan/2019:13:04:06 -0300] "POST /cormun/servlet/solicitudotcontratos?3b84008aa5f22bbb68692bfea635e730,INS,2019,0,6829535,1,6,2018,2794,INTEGRACION,201811,10,B,,gx-no-cache=1546444781918 HTTP/1.1" 200 93
192.168.10.96 - - [02/Jan/2019:13:04:06 -0300] "GET /cormun/servlet/hpexe_return? HTTP/1.1" 200 1071
192.168.10.96 - - [02/Jan/2019:13:04:06 -0300] "GET /cormun/servlet/trcontratosolicitud?gx-no-cache=1546444153705 HTTP/1.1" 200 7525
192.168.10.96 - - [02/Jan/2019:13:04:07 -0300] "GET /cormun/servlet/trcontratosolicitud?gx-no-cache=1546444153705 HTTP/1.1" 200 7542
190.171.142.18 - - [02/Jan/2019:13:04:10 -0300] "POST /cormun/servlet/solicitudot?gx-no-cache=1546445051804 HTTP/1.1" 200 72
190.171.142.18 - - [02/Jan/2019:13:04:14 -0300] "POST /cormun/servlet/solicitudot?gx-no-cache=1546445055486 HTTP/1.1" 200 33
190.171.142.18 - - [02/Jan/2019:13:04:19 -0300] "POST /cormun/servlet/solicitudot?4d4f472bb08138182858fac13de00d97,INS,0,0,,gx-no-cache=1546445059895 HTTP/1.1" 200 93
190.171.142.18 - - [02/Jan/2019:13:04:19 -0300] "GET /cormun/servlet/hpexe_return? HTTP/1.1" 200 1003
190.171.142.18 - - [02/Jan/2019:13:04:21 -0300] "GET /cormun/servlet/trsolicitudot HTTP/1.1" 200 21339
190.171.142.18 - - [02/Jan/2019:13:04:21 -0300] "GET /cormun/servlet/trsolicitudot HTTP/1.1" 200 21334
192.168.10.96 - - [02/Jan/2019:13:04:29 -0300] "POST /cormun/servlet/trcontratosolicitud?3b84008aa5f22bbb68692bfea635e730,gx-no-cache=1546444153705,gx-no-cache=1546444804610 HTTP/1.1" 200 5043
192.168.10.89 - - [02/Jan/2019:13:04:31 -0300] "GET /cormun/servlet/trsolicitudot? HTTP/1.1" 200 7505
192.168.10.89 - - [02/Jan/2019:13:04:34 -0300] "GET /cormun/servlet/solicitudot?INS,0,0, HTTP/1.1" 200 15089
190.171.142.18 - - [02/Jan/2019:13:04:34 -0300] "GET /cormun/servlet/solicitudot?INS,0,0, HTTP/1.1" 200 15132
190.171.142.18 - - [02/Jan/2019:13:04:35 -0300] "GET /cormun/servlet/solicitudot?INS,0,0, HTTP/1.1" 200 15137
192.168.10.96 - - [02/Jan/2019:13:04:49 -0300] "GET /cormun/servlet/solicitudotcontratos?INS,2019,0,16883276,1,2,2018,5948,INTEGRACION,201811,10,B, HTTP/1.1" 200 10000
192.168.10.96 - - [02/Jan/2019:13:04:50 -0300] "GET /cormun/servlet/solicitudotcontratos?INS,2019,0,16883276,1,2,2018,5948,INTEGRACION,201811,10,B, HTTP/1.1" 200 10009
192.168.10.96 - - [02/Jan/2019:13:04:50 -0300] "GET /cormun/servlet/solicitudotcontratos?7686990369b8cc9e8a79304e7c5dc8d362822c29a3633e8cc15c16810da2ce5dedbebcfe7ef71795bf94e6633825c7c9,gx-no-cache=1546444826147 HTTP/1.1" 200 30
192.168.10.96 - - [02/Jan/2019:13:04:50 -0300] "GET /cormun/servlet/solicitudotcontratos?7686990369b8cc9e8a79304e7c5dc8d3f696e44086cfaba46681ad893f0c5675c2b4addc89df6e31c8eb601da3be6a99,gx-no-cache=1546444826171 HTTP/1.1" 200 30
192.168.10.96 - - [02/Jan/2019:13:04:50 -0300] "GET /cormun/servlet/solicitudotcontratos?7686990369b8cc9e8a79304e7c5dc8d35dfff9e4f59cb7a2bd270ddeebeff063477495edf5d7c557d7e028d27ad3f1b60bf6f0c0b3d00253f41b2cff99ab5cc6d21ab67969a59ae00a0eded9614df83b4a16ea12b5a94d46b6a3712aba73ca871b5f4f47350f44c392d8f652fd5f70b3d8ae796b25cab655f978a994c0d1d6c1,gx-no-cache=1546444826187 HTTP/1.1" 200 48
192.168.10.96 - - [02/Jan/2019:13:04:50 -0300] "GET /cormun/servlet/solicitudotcontratos?7686990369b8cc9e8a79304e7c5dc8d31616f35728149404d872653addd32bebdd243492c58d8118dc0a17c069ff27f2,gx-no-cache=1546444826211 HTTP/1.1" 200 30
192.168.10.96 - - [02/Jan/2019:13:04:50 -0300] "GET /cormun/servlet/solicitudotcontratos?7686990369b8cc9e8a79304e7c5dc8d37a601aec44c32aa5fa647590a5fab3f7ff567e3287f412f0faf33e9f776e59602eaa7a1c3c7b017ea3bfb2c8090bb3278be0d7f5771c648e79ecee6decaeccc7325cf464f4f018d37129109a7daeaea66c672808aba1ed94f31f3c68b97fc5b5,gx-no-cache=1546444826229 HTTP/1.1" 200 30
192.168.10.96 - - [02/Jan/2019:13:04:50 -0300] "GET /cormun/servlet/solicitudotcontratos?7686990369b8cc9e8a79304e7c5dc8d35734fd1ab7cbe587888993c5b5186bf597446747b999a4672f291e38f45b9a302eaa7a1c3c7b017ea3bfb2c8090bb32764239fd0b016a912838d604b4c3c9de111817ad0031bfcf3b0a1fa1c16560b670f4a4b81f4faf7e1e7be559109db5f4f,gx-no-cache=1546444826247 HTTP/1.1" 200 110
192.168.10.96 - - [02/Jan/2019:13:04:50 -0300] "POST /cormun/servlet/solicitudotcontratos?gx-no-cache=1546444826268 HTTP/1.1" 200 109
192.168.10.96 - - [02/Jan/2019:13:04:50 -0300] "GET /cormun/servlet/solicitudotcontratos?7686990369b8cc9e8a79304e7c5dc8d3cc1666b70cefca4ecde7ea294536dd831eeb2c3eadd9dfbc434e49faea30ddf45c1f5c07a3f752895f1c1d60e841e626540306fff9911f20703f6dad88a1aeac7482b227bcc8ea32051dd3454d7addca7a94f2b2eb8127881d942a080bff4ca95abd7c4581ece88a0fca1eb9911a361d850bf58d691ed5b27211d66fb8aa0d4f7787500756cc5bd389f3e0c2cdb492316441085be50d5430a2945ef0cf7cd0ef26b16ca2040f9a32a4087c36815ffc91dfdb059eff306140ca2955d43a14ca019c3236a3e6b0a05877aecd3f662ca935977e795f70fbbf42540409b91a79a04aed96a89e71eae30db2c1c7099d597090,gx-no-cache=1546444826291 HTTP/1.1" 200 84
192.168.10.89 - - [02/Jan/2019:13:04:52 -0300] "POST /cormun/servlet/solicitudot?gx-no-cache=1546444828071 HTTP/1.1" 200 3518
192.168.10.89 - - [02/Jan/2019:13:04:52 -0300] "POST /cormun/servlet/solicitudot?b3d190fd5bd5a334fd4305246d978deb,INS,0,0,,gx-no-cache=1546444828270 HTTP/1.1" 200 11845
190.171.142.18 - - [02/Jan/2019:13:04:53 -0300] "POST /cormun/servlet/solicitudot?gx-no-cache=1546445093644 HTTP/1.1" 200 3535
192.168.10.96 - - [02/Jan/2019:13:04:53 -0300] "POST /cormun/servlet/solicitudotcontratos?3b84008aa5f22bbb68692bfea635e730,INS,2019,0,16883276,1,2,2018,5948,INTEGRACION,201811,10,B,,gx-no-cache=1546444828595 HTTP/1.1" 200 11066
192.168.10.96 - - [02/Jan/2019:13:04:53 -0300] "GET /cormun/servlet/solicitudotcontratos?7686990369b8cc9e8a79304e7c5dc8d3793103b5f85bd4b295ba0460be5bf4339fe7bb4527c2e08f8efc547ee0bc15ef98e09819f6d7c00f23d470b78672fdfd55334913d1d7593c57776ad95ba29c592e9cf221f4b7149ab13c33f90579d60b20e9df6f45c5e3069130a74a7a55a1165b97c3abd82739a33d9b8bcb58ad842b,gx-no-cache=1546444828815 HTTP/1.1" 200 30
190.171.142.18 - - [02/Jan/2019:13:04:53 -0300] "POST /cormun/servlet/solicitudot?4d4f472bb08138182858fac13de00d97,INS,0,0,,gx-no-cache=1546445094093 HTTP/1.1" 200 11872
192.168.10.96 - - [02/Jan/2019:13:04:53 -0300] "POST /cormun/servlet/solicitudotcontratos?3b84008aa5f22bbb68692bfea635e730,INS,2019,0,16883276,1,2,2018,5948,INTEGRACION,201811,10,B,,gx-no-cache=1546444828829 HTTP/1.1" 200 93
192.168.10.96 - - [02/Jan/2019:13:04:53 -0300] "GET /cormun/servlet/hpexe_return? HTTP/1.1" 200 1072
192.168.10.96 - - [02/Jan/2019:13:04:53 -0300] "GET /cormun/servlet/trcontratosolicitud?gx-no-cache=1546444153705 HTTP/1.1" 200 6785
192.168.10.96 - - [02/Jan/2019:13:04:54 -0300] "GET /cormun/servlet/trcontratosolicitud?gx-no-cache=1546444153705 HTTP/1.1" 200 6802
190.171.142.18 - - [02/Jan/2019:13:04:54 -0300] "GET /cormun/servlet/solicitudot?5c19b8b57b5d78202a299224eba9cb5ab7ad973e93ba324910208f7c4bba42468ce1bdab0790a7e9aa8de511c71afee1,gx-no-cache=1546445095356 HTTP/1.1" 200 30
192.168.10.89 - - [02/Jan/2019:13:04:54 -0300] "GET /cormun/servlet/solicitudot?c6115d19f47be5ae7a3b87767abc708ccf74f4a62a221814a65a6f26cb77102d5ba66850896d7c175f43c1ea4a91022d,gx-no-cache=1546444830579 HTTP/1.1" 200 30
192.168.10.89 - - [02/Jan/2019:13:04:54 -0300] "GET /cormun/servlet/solicitudot?c6115d19f47be5ae7a3b87767abc708c16451f5c78bc84a8da003f5c69b14715b29385b758388ea4b4fe8d24b1a0664c,gx-no-cache=1546444830602 HTTP/1.1" 200 30
192.168.10.89 - - [02/Jan/2019:13:04:55 -0300] "GET /cormun/servlet/solicitudot?c6115d19f47be5ae7a3b87767abc708c2c020302288d7ec435b7fafa121511ef,gx-no-cache=1546444830616 HTTP/1.1" 200 53
192.168.10.89 - - [02/Jan/2019:13:04:55 -0300] "POST /cormun/servlet/solicitudot?gx-no-cache=1546444830632 HTTP/1.1" 200 255
192.168.10.89 - - [02/Jan/2019:13:04:55 -0300] "GET /cormun/servlet/solicitudot?c6115d19f47be5ae7a3b87767abc708ce016e6f8e2b0ad82e587327bbb7ca2eba5466f517110493af3757962d041cabe8374be835fcaec0df9ee0bfc8febf6abc9c89cb40d46fed9aaf50819a75c527765bcca8eace1126809c6c52164c07eade05b9953e4f59e0f469bb761e7b65074e38f75c49237277315115e850e869159dc495a236f3d7af954d939746eb124373370e2f7936fa8628370e6d8df98561e4281fd709aa1ea5e96351cc3a12382ca4ab5f01b484e685ab68db8c6eb4ae64f68295ecb61a62d9cc9ad91a6e2daf4b1d1ec0888bdcd785ffb9d63a01942f20cde802be2b4e942c531b76e57281b1545f8507dd6d915a68ec58a597a19734c1b0b94dd20f123712bf79cf63974d25d7f3b37df88638afc1190fbbb409818633f22a354c9b8c81e321f9e1ab1baa57f4e84d8b470a191b5d668afab70630aa1685ee2928fe62747e052bb295f9a8849f13be622af98294cccbedf31b629557d20e2c2d5b94dd91fcc8c06d555892c281427bd1f5cb05c130fc167cee2d0ab0ee8,gx-no-cache=1546444830652 HTTP/1.1" 200 30
192.168.10.89 - - [02/Jan/2019:13:04:57 -0300] "POST /cormun/servlet/solicitudot?gx-no-cache=1546444833126 HTTP/1.1" 200 30
192.168.10.89 - - [02/Jan/2019:13:04:58 -0300] "POST /cormun/servlet/solicitudot?gx-no-cache=1546444833907 HTTP/1.1" 200 1278
192.168.10.89 - - [02/Jan/2019:13:04:58 -0300] "POST /cormun/servlet/solicitudot?gx-no-cache=1546444833933 HTTP/1.1" 200 38
192.168.10.89 - - [02/Jan/2019:13:04:58 -0300] "GET /cormun/servlet/solicitudot?c6115d19f47be5ae7a3b87767abc708ceeedb9d672b6e9fd150b772fb3999b451c081d88e0ddaa3388d4c4fb02136749694e40d5d36d4b368de58c396efbd9c03e9c8125213e021e0cfbf4715bf15513da440dbc6a8a1842a8d859fc096025a709d4bd69ac545b0d3bd5d12321ba210f,gx-no-cache=1546444834506 HTTP/1.1" 200 110
190.171.142.18 - - [02/Jan/2019:13:05:00 -0300] "GET /cormun/servlet/solicitudot?5c19b8b57b5d78202a299224eba9cb5ab582d0a132afc70aa114bea36854b47105a2e59c308b77a95d56809e6a2702e78ce1bdab0790a7e9aa8de511c71afee1,gx-no-cache=1546445100977 HTTP/1.1" 200 30
190.171.142.18 - - [02/Jan/2019:13:05:00 -0300] "GET /cormun/servlet/solicitudot?5c19b8b57b5d78202a299224eba9cb5a007c23357a2cb92e9f47f30f70e9a0b1,gx-no-cache=1546445101066 HTTP/1.1" 200 51
190.171.142.18 - - [02/Jan/2019:13:05:00 -0300] "POST /cormun/servlet/solicitudot?gx-no-cache=1546445101182 HTTP/1.1" 200 255
190.171.142.18 - - [02/Jan/2019:13:05:00 -0300] "GET /cormun/servlet/solicitudot?5c19b8b57b5d78202a299224eba9cb5a0f3e95589c3ecf8873e0f1035586f116dcd663019736afd137e92daee1d5dfde29cb2122d348b848f14b66519791bda217c79cbc086d58aeb22f7fa0c6a5817e985ef6f3b61e54ba6c6af677fe32c50518ee1526126443970000b56391ebbe7238e89bcc90a37f0ba9c9a0dac4c7c7aecf096b29c2a290fad3bbaaba25523d76151aae9dee60fa66a2b6d21364a32266855d4388ff94a86c699dab1caf05c87174af626353281ad0ec8cce798e2debeecdfb36eebd73dab44d8a8b4e001c68fb4bcd23c3c18c121b693de403e99b074601091cbc4f4bfe13c9b2c082e4627101b7241a4b3595b851099769b07ae239055a050acf0fe1f268e74fd1c48b38077d4ad7748e758ec8a3bfbaf5673e407ff93bea0c52011b4a5283388fa534493d50062fe634c36a780bcbc6d13c7092fff07c981354c1958aca9e640456b1a720c47b2ccf02dd69f77da0dfd50490661e49579c35d80e54b5980ef1dd33e2111e205cbd6fd443fc31eac37b4e248d40ca54,gx-no-cache=1546445101310 HTTP/1.1" 200 30
192.168.10.96 - - [02/Jan/2019:13:05:00 -0300] "GET /cormun/servlet/trsolicitudot? HTTP/1.1" 200 7472
192.168.10.96 - - [02/Jan/2019:13:05:01 -0300] "GET /cormun/servlet/trsolicitudot? HTTP/1.1" 200 7449
190.171.142.18 - - [02/Jan/2019:13:05:02 -0300] "POST /cormun/servlet/solicitudot?gx-no-cache=1546445103113 HTTP/1.1" 200 30
192.168.10.89 - - [02/Jan/2019:13:05:02 -0300] "POST /cormun/servlet/solicitudot?gx-no-cache=1546444838118 HTTP/1.1" 200 97
192.168.10.96 - - [02/Jan/2019:13:05:02 -0300] "GET /cormun/servlet/solicitudot?INS,0,0, HTTP/1.1" 200 15032
192.168.10.89 - - [02/Jan/2019:13:05:03 -0300] "GET /cormun/servlet/solicitudot?c6115d19f47be5ae7a3b87767abc708cccb5af2e74e465230568ab6a09e873144b049b48451916eae8386395aabc5809efa4a6bcdd453c12100b798c51d69df32f0b9e988dd8c52112c1d4b9df785a25aee41e39e21005153b7e2bc228ae1c2833e4c8a9de34ca97692d6e9985f7bbbde1c7a6f407dd3002e6a10727fa5615cdbf97cddf1ed76e7382da1818046e308902f350a276ffc371465e0e27ba06eedc,gx-no-cache=1546444838931 HTTP/1.1" 200 29
192.168.10.89 - - [02/Jan/2019:13:05:03 -0300] "GET /cormun/servlet/solicitudot?c6115d19f47be5ae7a3b87767abc708cab551eda549e9c073864cec09521283e,gx-no-cache=1546444838947 HTTP/1.1" 200 30
192.168.10.89 - - [02/Jan/2019:13:05:03 -0300] "POST /cormun/servlet/solicitudot?gx-no-cache=1546444838964 HTTP/1.1" 200 30
192.168.10.96 - - [02/Jan/2019:13:05:03 -0300] "GET /cormun/servlet/solicitudot?INS,0,0, HTTP/1.1" 200 15037
192.168.10.96 - - [02/Jan/2019:13:05:05 -0300] "GET /cormun/servlet/prfichaempleado?,MD,,gxPopupLevel%3D0%3B HTTP/1.1" 200 9309
190.171.142.18 - - [02/Jan/2019:13:05:09 -0300] "POST /cormun/servlet/solicitudot?gx-no-cache=1546445109756 HTTP/1.1" 200 1282
190.171.142.18 - - [02/Jan/2019:13:05:09 -0300] "POST /cormun/servlet/solicitudot?gx-no-cache=1546445110014 HTTP/1.1" 200 38
190.171.142.18 - - [02/Jan/2019:13:05:09 -0300] "GET /cormun/servlet/solicitudot?5c19b8b57b5d78202a299224eba9cb5a84692a62d26219ab5ab0b89743c7537a8a687b4b9e5f5cc7cb83fdaaf142e933e517640fc5a6c2b679dfdc16d06a413421e81035dd5abd0ee0c34e75841e58160e3252bf8d47e678f8255b3b7e0be54b8c15a8d5e93a3eaec955c234265d8568,gx-no-cache=1546445110120 HTTP/1.1" 200 110
192.168.10.96 - - [02/Jan/2019:13:05:10 -0300] "POST /cormun/servlet/prfichaempleado?3b84008aa5f22bbb68692bfea635e730,,MD,,gxPopupLevel%3D0%3B,gx-no-cache=1546444845707 HTTP/1.1" 200 5254
192.168.10.89 - - [02/Jan/2019:13:05:12 -0300] "GET /cormun/servlet/solicitudot?c6115d19f47be5ae7a3b87767abc708cccb5af2e74e465230568ab6a09e873144b049b48451916eae8386395aabc5809efa4a6bcdd453c12100b798c51d69df32f0b9e988dd8c52112c1d4b9df785a25aee41e39e21005153b7e2bc228ae1c2833e4c8a9de34ca97692d6e9985f7bbbde1c7a6f407dd3002e6a10727fa5615cdbf97cddf1ed76e7382da1818046e308902f350a276ffc371465e0e27ba06eedc,gx-no-cache=1546444847903 HTTP/1.1" 200 29
190.171.142.18 - - [02/Jan/2019:13:05:13 -0300] "POST /cormun/servlet/solicitudot?gx-no-cache=1546445114405 HTTP/1.1" 200 97
192.168.10.89 - - [02/Jan/2019:13:05:14 -0300] "GET /cormun/servlet/solicitudot?c6115d19f47be5ae7a3b87767abc708cc9a9de6998eee5525060d987ff97e861bb49a62e1d898dc1669c4e031f82484f,gx-no-cache=1546444850534 HTTP/1.1" 200 30
192.168.10.89 - - [02/Jan/2019:13:05:17 -0300] "POST /cormun/servlet/solicitudot?gx-no-cache=1546444852665 HTTP/1.1" 200 30
190.171.142.18 - - [02/Jan/2019:13:05:17 -0300] "GET /cormun/servlet/solicitudot?5c19b8b57b5d78202a299224eba9cb5aa427c0d2e2b7c63d262e00218be6f188e52571822cf1725a31029a66e0fc5d1af1d74a1fdc85d360c1d7a3b97e95f67bc977cac1630489ec284ac10a400233ad06717fb3815267bdd308a4a28598e62582bf9135e08e1359705305882f0d7796711cbed27f23bf59d1ad27238661e6ccf162b4622e3c7d95d1f64a5ef29dd0c97b03c7db71439af025a05eedb7164d0f,gx-no-cache=1546445117970 HTTP/1.1" 200 29
190.171.142.18 - - [02/Jan/2019:13:05:17 -0300] "GET /cormun/static/menuarrow.gif HTTP/1.1" 404 1015
190.171.142.18 - - [02/Jan/2019:13:05:20 -0300] "GET /cormun/servlet/solicitudot?5c19b8b57b5d78202a299224eba9cb5a4ee03c9abef59738fb6ec36a69d19c7bd5e193fd3dbf5babe97bac231173583d,gx-no-cache=1546445121472 HTTP/1.1" 200 30
190.171.142.18 - - [02/Jan/2019:13:05:24 -0300] "POST /cormun/servlet/solicitudot?gx-no-cache=1546445125179 HTTP/1.1" 200 30
192.168.10.89 - - [02/Jan/2019:13:05:24 -0300] "POST /cormun/servlet/solicitudot?b3d190fd5bd5a334fd4305246d978deb,INS,0,0,,gx-no-cache=1546444860161 HTTP/1.1" 200 93
192.168.10.89 - - [02/Jan/2019:13:05:24 -0300] "GET /cormun/servlet/hpexe_return? HTTP/1.1" 200 1004
192.168.10.89 - - [02/Jan/2019:13:05:25 -0300] "GET /cormun/servlet/trsolicitudot HTTP/1.1" 200 8857
192.168.10.89 - - [02/Jan/2019:13:05:27 -0300] "GET /cormun/servlet/solicitudot?INS,0,0, HTTP/1.1" 200 15091
192.168.10.89 - - [02/Jan/2019:13:05:32 -0300] "POST /cormun/servlet/solicitudot?gx-no-cache=1546444868213 HTTP/1.1" 200 3518
192.168.10.89 - - [02/Jan/2019:13:05:32 -0300] "POST /cormun/servlet/solicitudot?b3d190fd5bd5a334fd4305246d978deb,INS,0,0,,gx-no-cache=1546444868421 HTTP/1.1" 200 11846
192.168.10.89 - - [02/Jan/2019:13:05:34 -0300] "GET /cormun/servlet/solicitudot?c6115d19f47be5ae7a3b87767abc708ccf74f4a62a221814a65a6f26cb77102d5ba66850896d7c175f43c1ea4a91022d,gx-no-cache=1546444870288 HTTP/1.1" 200 30
192.168.10.89 - - [02/Jan/2019:13:05:34 -0300] "GET /cormun/servlet/solicitudot?c6115d19f47be5ae7a3b87767abc708c16451f5c78bc84a8da003f5c69b14715b29385b758388ea4b4fe8d24b1a0664c,gx-no-cache=1546444870321 HTTP/1.1" 200 30
192.168.10.89 - - [02/Jan/2019:13:05:34 -0300] "GET /cormun/servlet/solicitudot?c6115d19f47be5ae7a3b87767abc708c2c020302288d7ec435b7fafa121511ef,gx-no-cache=1546444870334 HTTP/1.1" 200 53
192.168.10.89 - - [02/Jan/2019:13:05:34 -0300] "POST /cormun/servlet/solicitudot?gx-no-cache=1546444870352 HTTP/1.1" 200 255
192.168.10.89 - - [02/Jan/2019:13:05:34 -0300] "GET /cormun/servlet/solicitudot?c6115d19f47be5ae7a3b87767abc708ce016e6f8e2b0ad82e587327bbb7ca2eba5466f517110493af3757962d041cabe8374be835fcaec0df9ee0bfc8febf6abc9c89cb40d46fed9aaf50819a75c527765bcca8eace1126809c6c52164c07eade05b9953e4f59e0f469bb761e7b65074e38f75c49237277315115e850e869159dc495a236f3d7af954d939746eb124373370e2f7936fa8628370e6d8df98561e4281fd709aa1ea5e96351cc3a12382ca4ab5f01b484e685ab68db8c6eb4ae64f68295ecb61a62d9cc9ad91a6e2daf4b1d1ec0888bdcd785ffb9d63a01942f20cde802be2b4e942c531b76e57281b1545f8507dd6d915a68ec58a597a19734c1b0b94dd20f123712bf79cf63974d25d7f3b37df88638afc1190fbbb409818633f22a354c9b8c81e321f9e1ab1baa57f4e84d8b470a191b5d668afab70630aa1685ee2928fe62747e052bb295f9a8849f13be622af98294cccbedf31b629557d20e2c2d5b94dd91fcc8c06d555892c281427bd1f5cb05c130fc167cee2d0ab0ee8,gx-no-cache=1546444870372 HTTP/1.1" 200 30
192.168.10.89 - - [02/Jan/2019:13:05:36 -0300] "POST /cormun/servlet/solicitudot?gx-no-cache=1546444872282 HTTP/1.1" 200 30
192.168.10.89 - - [02/Jan/2019:13:05:37 -0300] "GET /cormun/servlet/prsolicitudot?12516812,,,,,MD,,gxPopupLevel%3D0%3B HTTP/1.1" 200 6455
190.171.142.18 - - [02/Jan/2019:13:05:40 -0300] "POST /cormun/servlet/solicitudot?4d4f472bb08138182858fac13de00d97,INS,0,0,,gx-no-cache=1546445140810 HTTP/1.1" 200 93
190.171.142.18 - - [02/Jan/2019:13:05:40 -0300] "GET /cormun/servlet/hpexe_return? HTTP/1.1" 200 1003
192.168.10.89 - - [02/Jan/2019:13:05:40 -0300] "POST /cormun/servlet/solicitudot?gx-no-cache=1546444876100 HTTP/1.1" 200 1278
192.168.10.89 - - [02/Jan/2019:13:05:40 -0300] "POST /cormun/servlet/solicitudot?gx-no-cache=1546444876143 HTTP/1.1" 200 38
192.168.10.89 - - [02/Jan/2019:13:05:40 -0300] "GET /cormun/servlet/solicitudot?c6115d19f47be5ae7a3b87767abc708ceeedb9d672b6e9fd150b772fb3999b451c081d88e0ddaa3388d4c4fb02136749694e40d5d36d4b368de58c396efbd9c03e9c8125213e021e0cfbf4715bf15513da440dbc6a8a1842a8d859fc096025a709d4bd69ac545b0d3bd5d12321ba210f,gx-no-cache=1546444876170 HTTP/1.1" 200 110
