192.168.10.96 - - [02/Jan/2019:12:46:23 -0300] "GET /cormun/servlet/solicitudot?7686990369b8cc9e8a79304e7c5dc8d3065930a99081d0f9718c8c998726cc515766881bfc16353ee5b4c6600f4aa10b,gx-no-cache=1546443719319 HTTP/1.1" 200 30
192.168.10.96 - - [02/Jan/2019:12:46:23 -0300] "POST /cormun/servlet/solicitudot?gx-no-cache=1546443719338 HTTP/1.1" 200 33
192.168.10.96 - - [02/Jan/2019:12:46:23 -0300] "POST /cormun/servlet/solicitudot?3b84008aa5f22bbb68692bfea635e730,INS,0,0,,gx-no-cache=1546443719395 HTTP/1.1" 200 93
192.168.10.96 - - [02/Jan/2019:12:46:24 -0300] "GET /cormun/servlet/hpexe_return? HTTP/1.1" 200 1003
192.168.10.89 - - [02/Jan/2019:12:46:24 -0300] "GET /cormun/servlet/solicitudotcontratos?c6115d19f47be5ae7a3b87767abc708c096f6a0f9aa64844fe6e7f64a77ea698d646ae1c1e1d0aa6d79df5131519d3c77cc414fa2afa948ef901fb78c3971d317a2fc8ac10de89a5ba2d1a88e20547a0958b6c6cbd6a783e212f745936c3025499c9451c91d02dc9c1f97e9691a9e5fce12f31887cd0ccf082209d0c43ea7170,gx-no-cache=1546443719648 HTTP/1.1" 200 30
192.168.10.96 - - [02/Jan/2019:12:46:24 -0300] "GET /cormun/servlet/trsolicitudot HTTP/1.1" 200 8836
192.168.10.89 - - [02/Jan/2019:12:46:24 -0300] "POST /cormun/servlet/solicitudotcontratos?b3d190fd5bd5a334fd4305246d978deb,INS,2019,0,16783329,2,6,2018,3917,LEY+SEP,201811,5,B,,gx-no-cache=1546443719663 HTTP/1.1" 200 93
192.168.10.89 - - [02/Jan/2019:12:46:24 -0300] "GET /cormun/servlet/hpexe_return? HTTP/1.1" 200 1047
192.168.10.96 - - [02/Jan/2019:12:46:24 -0300] "GET /cormun/servlet/trsolicitudot HTTP/1.1" 200 8832
192.168.10.89 - - [02/Jan/2019:12:46:24 -0300] "GET /cormun/servlet/trcontratosolicitud HTTP/1.1" 200 14361
192.168.10.96 - - [02/Jan/2019:12:46:26 -0300] "POST /cormun/servlet/trsolicitudot?3b84008aa5f22bbb68692bfea635e730,gx-no-cache=1546443722044 HTTP/1.1" 200 4751
192.168.10.96 - - [02/Jan/2019:12:46:26 -0300] "GET /cormun/static/Shared/jqueryui/images/ui-bg_highlight-soft_100_c6c2c8_1x100.png HTTP/1.1" 404 1117
192.168.10.96 - - [02/Jan/2019:12:46:26 -0300] "GET /cormun/static/Shared/jqueryui/images/ui-icons_82798d_256x240.png HTTP/1.1" 404 1089
192.168.10.96 - - [02/Jan/2019:12:46:26 -0300] "GET /cormun/static/Shared/jqueryui/images/ui-bg_flat_55_fafafa_40x100.png HTTP/1.1" 404 1097
192.168.10.96 - - [02/Jan/2019:12:46:26 -0300] "GET /cormun/static/Shared/jqueryui/images/ui-icons_8d78a5_256x240.png HTTP/1.1" 404 1089
192.168.10.96 - - [02/Jan/2019:12:46:26 -0300] "POST /cormun/servlet/trsolicitudot?3b84008aa5f22bbb68692bfea635e730,gx-no-cache=1546443722227 HTTP/1.1" 200 4524
190.171.142.18 - - [02/Jan/2019:12:46:27 -0300] "GET /cormun/servlet/solicitudot?5c19b8b57b5d78202a299224eba9cb5a6baca03c56a6f82a0367b77a3bbf8665a508abab429088d9802001b8bcb7237eab22cdfc2d14c45eff77f53e10daa2b3,gx-no-cache=1546443988604 HTTP/1.1" 200 30
190.171.142.18 - - [02/Jan/2019:12:46:27 -0300] "GET /cormun/servlet/solicitudot?5c19b8b57b5d78202a299224eba9cb5a6836be3a65ae1184d69846c03dbf509b,gx-no-cache=1546443988630 HTTP/1.1" 200 53
190.171.142.18 - - [02/Jan/2019:12:46:27 -0300] "POST /cormun/servlet/solicitudot?gx-no-cache=1546443988662 HTTP/1.1" 200 255
190.171.142.18 - - [02/Jan/2019:12:46:27 -0300] "GET /cormun/servlet/solicitudot?5c19b8b57b5d78202a299224eba9cb5a0f3e95589c3ecf8873e0f1035586f116dcd663019736afd137e92daee1d5dfde29cb2122d348b848f14b66519791bda217c79cbc086d58aeb22f7fa0c6a5817e985ef6f3b61e54ba6c6af677fe32c50518ee1526126443970000b56391ebbe7238e89bcc90a37f0ba9c9a0dac4c7c7aecf096b29c2a290fad3bbaaba25523d76151aae9dee60fa66a2b6d21364a32266855d4388ff94a86c699dab1caf05c87174af626353281ad0ec8cce798e2debeecdfb36eebd73dab44d8a8b4e001c68fb4bcd23c3c18c121b693de403e99b074601091cbc4f4bfe13c9b2c082e4627101b7241a4b3595b851099769b07ae239055a050acf0fe1f268e74fd1c48b38077d4ad7748e758ec8a3bfbaf5673e407ff93bea0c52011b4a5283388fa534493d50062fe634c36a780bcbc6d13c7092fff07c981354c1958aca9e640456b1a720c47b2ccf02dd69f77da0dfd50490661e49579c35d80e54b5980ef1dd33e2111e205cbd6fd443fc31eac37b4e248d40ca54,gx-no-cache=1546443988703 HTTP/1.1" 200 30
192.168.10.96 - - [02/Jan/2019:12:46:28 -0300] "GET /cormun/servlet/trautorizarsolicitud? HTTP/1.1" 200 8730
192.168.10.96 - - [02/Jan/2019:12:46:28 -0300] "GET /cormun/servlet/trautorizarsolicitud? HTTP/1.1" 200 8730
190.171.142.18 - - [02/Jan/2019:12:46:29 -0300] "POST /cormun/servlet/solicitudot?gx-no-cache=1546443990581 HTTP/1.1" 200 30
192.168.10.96 - - [02/Jan/2019:12:46:29 -0300] "POST /cormun/servlet/trautorizarsolicitud?3b84008aa5f22bbb68692bfea635e730,,gx-no-cache=1546443725431 HTTP/1.1" 200 4686
192.168.10.96 - - [02/Jan/2019:12:46:29 -0300] "GET /cormun/static/Shared/jqueryui/images/ui-icons_82798d_256x240.png HTTP/1.1" 404 1089
192.168.10.96 - - [02/Jan/2019:12:46:29 -0300] "GET /cormun/static/Shared/jqueryui/images/ui-bg_highlight-soft_100_c6c2c8_1x100.png HTTP/1.1" 404 1117
192.168.10.96 - - [02/Jan/2019:12:46:29 -0300] "GET /cormun/static/Shared/jqueryui/images/ui-bg_flat_55_fafafa_40x100.png HTTP/1.1" 404 1097
192.168.10.96 - - [02/Jan/2019:12:46:29 -0300] "GET /cormun/static/Shared/jqueryui/images/ui-icons_8d78a5_256x240.png HTTP/1.1" 404 1089
192.168.10.96 - - [02/Jan/2019:12:46:30 -0300] "POST /cormun/servlet/trautorizarsolicitud?3b84008aa5f22bbb68692bfea635e730,,gx-no-cache=1546443725593 HTTP/1.1" 200 4462
192.168.10.96 - - [02/Jan/2019:12:46:35 -0300] "GET /cormun/servlet/trcontratosolicitud? HTTP/1.1" 200 7521
192.168.10.96 - - [02/Jan/2019:12:46:35 -0300] "GET /cormun/servlet/trcontratosolicitud? HTTP/1.1" 200 7521
192.168.10.89 - - [02/Jan/2019:12:46:36 -0300] "GET /cormun/servlet/solicitudotcontratos?INS,2019,0,15691727,3,2,2018,1844,NADA,201811,27,B, HTTP/1.1" 200 10013
192.168.10.89 - - [02/Jan/2019:12:46:37 -0300] "GET /cormun/servlet/solicitudotcontratos?c6115d19f47be5ae7a3b87767abc708c24e7a87081281436e83b761143a890e1eb72164bfcb4f9f405c65d8aa757a494,gx-no-cache=1546443732840 HTTP/1.1" 200 30
192.168.10.89 - - [02/Jan/2019:12:46:37 -0300] "GET /cormun/servlet/solicitudotcontratos?c6115d19f47be5ae7a3b87767abc708c8062dae1dd45e35c49d96909c76041ab4c3f7bf8248005d99c53fe672d849c58,gx-no-cache=1546443732860 HTTP/1.1" 200 30
192.168.10.89 - - [02/Jan/2019:12:46:37 -0300] "GET /cormun/servlet/solicitudotcontratos?c6115d19f47be5ae7a3b87767abc708c23743aa9a0dfed282c8a0242fc708b019ef9cf7d5ec9913e37b8c4c03e6b14745e4a367eaa4aed481030930628a3e0c353462f5bd6b48b7f7507d6afcf959606041f548aec649737ffc864893c41716f138eb32145dc33e0dc40f62856a2ef58820ef4f2afaa9f02e11520d3f24d1059,gx-no-cache=1546443732871 HTTP/1.1" 200 48
192.168.10.89 - - [02/Jan/2019:12:46:37 -0300] "GET /cormun/servlet/solicitudotcontratos?c6115d19f47be5ae7a3b87767abc708c3b7f09b8059cc188bc19b39036534dc05a32c0149204e060e62d4ac301557f02,gx-no-cache=1546443732889 HTTP/1.1" 200 30
192.168.10.89 - - [02/Jan/2019:12:46:37 -0300] "GET /cormun/servlet/solicitudotcontratos?c6115d19f47be5ae7a3b87767abc708ca7da156d3adde6b2ef5548ab02f77436229f72b8883bbca578993a033d5b0c3c694e40d5d36d4b368de58c396efbd9c074044387610c6363420059720add7bcf318267274e4f276a4a312860b19f564b5ba66850896d7c175f43c1ea4a91022d,gx-no-cache=1546443732901 HTTP/1.1" 200 30
192.168.10.89 - - [02/Jan/2019:12:46:37 -0300] "GET /cormun/servlet/solicitudotcontratos?c6115d19f47be5ae7a3b87767abc708ceeedb9d672b6e9fd150b772fb3999b451c081d88e0ddaa3388d4c4fb02136749694e40d5d36d4b368de58c396efbd9c03e9c8125213e021e0cfbf4715bf15513da440dbc6a8a1842a8d859fc096025a709d4bd69ac545b0d3bd5d12321ba210f,gx-no-cache=1546443732913 HTTP/1.1" 200 110
192.168.10.89 - - [02/Jan/2019:12:46:37 -0300] "POST /cormun/servlet/solicitudotcontratos?gx-no-cache=1546443732932 HTTP/1.1" 200 67
192.168.10.89 - - [02/Jan/2019:12:46:37 -0300] "GET /cormun/servlet/solicitudotcontratos?c6115d19f47be5ae7a3b87767abc708cffcc05cc3d77a7420d238582e6817511825edf22ec4a6ef6982ff195ece874b92d34a8aebec90bd40238593b578bcf3e694e40d5d36d4b368de58c396efbd9c0f003cbb27c6f0385c2ac4fbf5257f7db2fe19d16a1f79e5fcd8109168fa5639c896bedfba67fe11e491cc9c0fbd766e9,gx-no-cache=1546443732947 HTTP/1.1" 200 80
192.168.10.89 - - [02/Jan/2019:12:46:49 -0300] "POST /cormun/servlet/solicitudotcontratos?gx-no-cache=1546443745406 HTTP/1.1" 200 105
192.168.10.89 - - [02/Jan/2019:12:46:53 -0300] "GET /cormun/servlet/solicitudotcontratos?c6115d19f47be5ae7a3b87767abc708cdaafa97b4aa759f6f084cea07e1e502f45c5588f8cf6edf230358a2eed8afc2c825edf22ec4a6ef6982ff195ece874b9e89b6f368f00c1fa1a01c17139f5f85cf3e6dfd480172614d70d18c02f8b25bedbe1071724398ec6ec1736410ac8508dbb03e6147e58287bdd6d7c40ff5a17529d5ebd763d494c96dfb5866fbf3982d1256636c6147bc9d73220551cb4c6749c19b7ae145707096fe6dceba4a3425d3f5cda0c77541e1ecb4239b07372d018183d662fe7509f81a7e038b49b8cdf624d0c0c9ce3c37f34233f7b808b8f86842554158e7978fa19e06c0656fe5b103e48699ba8138c81bdfa2f3de603faf4830fc4530695f90862f7a590e5d9c17bd9ae6e774f4f19beb7be6abc34abb9fb5132,gx-no-cache=1546443748798 HTTP/1.1" 200 73
190.171.142.18 - - [02/Jan/2019:12:46:55 -0300] "POST /cormun/servlet/solicitudot?gx-no-cache=1546444016336 HTTP/1.1" 200 1280
190.171.142.18 - - [02/Jan/2019:12:46:55 -0300] "POST /cormun/servlet/solicitudot?gx-no-cache=1546444016416 HTTP/1.1" 200 38
190.171.142.18 - - [02/Jan/2019:12:46:55 -0300] "GET /cormun/servlet/solicitudot?5c19b8b57b5d78202a299224eba9cb5a84692a62d26219ab5ab0b89743c7537a8a687b4b9e5f5cc7cb83fdaaf142e933e517640fc5a6c2b679dfdc16d06a413421e81035dd5abd0ee0c34e75841e58160e3252bf8d47e678f8255b3b7e0be54b8c15a8d5e93a3eaec955c234265d8568,gx-no-cache=1546444016441 HTTP/1.1" 200 110
192.168.10.89 - - [02/Jan/2019:12:46:57 -0300] "POST /cormun/servlet/solicitudotcontratos?b3d190fd5bd5a334fd4305246d978deb,INS,2019,0,15691727,3,2,2018,1844,NADA,201811,27,B,,gx-no-cache=1546443752495 HTTP/1.1" 200 11036
190.171.142.18 - - [02/Jan/2019:12:46:58 -0300] "POST /cormun/servlet/solicitudot?gx-no-cache=1546444018937 HTTP/1.1" 200 97
192.168.10.96 - - [02/Jan/2019:12:46:58 -0300] "POST /cormun/servlet/trcontratosolicitud?3b84008aa5f22bbb68692bfea635e730,,gx-no-cache=1546443753626 HTTP/1.1" 200 5225
192.168.10.89 - - [02/Jan/2019:12:47:03 -0300] "GET /cormun/servlet/solicitudotcontratos?c6115d19f47be5ae7a3b87767abc708c096f6a0f9aa64844fe6e7f64a77ea698d646ae1c1e1d0aa6d79df5131519d3c77cc414fa2afa948ef901fb78c3971d317a2fc8ac10de89a5ba2d1a88e20547a0958b6c6cbd6a783e212f745936c3025499c9451c91d02dc9c1f97e9691a9e5fce12f31887cd0ccf082209d0c43ea7170,gx-no-cache=1546443759213 HTTP/1.1" 200 30
192.168.10.89 - - [02/Jan/2019:12:47:03 -0300] "POST /cormun/servlet/solicitudotcontratos?b3d190fd5bd5a334fd4305246d978deb,INS,2019,0,15691727,3,2,2018,1844,NADA,201811,27,B,,gx-no-cache=1546443759228 HTTP/1.1" 200 93
192.168.10.89 - - [02/Jan/2019:12:47:03 -0300] "GET /cormun/servlet/hpexe_return? HTTP/1.1" 200 1044
192.168.10.89 - - [02/Jan/2019:12:47:04 -0300] "GET /cormun/servlet/trcontratosolicitud HTTP/1.1" 200 14259
190.171.142.18 - - [02/Jan/2019:12:47:04 -0300] "GET /cormun/servlet/solicitudot?5c19b8b57b5d78202a299224eba9cb5aa427c0d2e2b7c63d262e00218be6f188e52571822cf1725a31029a66e0fc5d1af1d74a1fdc85d360c1d7a3b97e95f67bc977cac1630489ec284ac10a400233ad06717fb3815267bdd308a4a28598e62582bf9135e08e1359705305882f0d7796711cbed27f23bf59d1ad27238661e6ccf162b4622e3c7d95d1f64a5ef29dd0c97b03c7db71439af025a05eedb7164d0f,gx-no-cache=1546444025878 HTTP/1.1" 200 29
190.171.142.18 - - [02/Jan/2019:12:47:05 -0300] "GET /cormun/static/menuarrow.gif HTTP/1.1" 404 1015
190.171.142.18 - - [02/Jan/2019:12:47:10 -0300] "GET /cormun/servlet/solicitudot?5c19b8b57b5d78202a299224eba9cb5a4ee03c9abef59738fb6ec36a69d19c7bd5e193fd3dbf5babe97bac231173583d,gx-no-cache=1546444031139 HTTP/1.1" 200 30
190.171.142.18 - - [02/Jan/2019:12:47:15 -0300] "POST /cormun/servlet/solicitudot?gx-no-cache=1546444036022 HTTP/1.1" 200 30
192.168.10.89 - - [02/Jan/2019:12:47:29 -0300] "GET /cormun/servlet/solicitudotcontratos?INS,2019,0,15691727,3,6,2018,2771,INTEGRACION,201811,3,B, HTTP/1.1" 200 10028
192.168.10.89 - - [02/Jan/2019:12:47:30 -0300] "GET /cormun/servlet/solicitudotcontratos?c6115d19f47be5ae7a3b87767abc708c24e7a87081281436e83b761143a890e1eb72164bfcb4f9f405c65d8aa757a494,gx-no-cache=1546443786187 HTTP/1.1" 200 30
192.168.10.89 - - [02/Jan/2019:12:47:30 -0300] "GET /cormun/servlet/solicitudotcontratos?c6115d19f47be5ae7a3b87767abc708c8062dae1dd45e35c49d96909c76041ab4c3f7bf8248005d99c53fe672d849c58,gx-no-cache=1546443786202 HTTP/1.1" 200 30
192.168.10.89 - - [02/Jan/2019:12:47:30 -0300] "GET /cormun/servlet/solicitudotcontratos?c6115d19f47be5ae7a3b87767abc708c23743aa9a0dfed282c8a0242fc708b019ef9cf7d5ec9913e37b8c4c03e6b14745e4a367eaa4aed481030930628a3e0c353462f5bd6b48b7f7507d6afcf95960685ca83d337d15e8dc987f7be7ebf28d6a2cc30e13f9d5887d3e949fca0fd03761f2261b85627dd3b0ad9e72bebf1ad7f,gx-no-cache=1546443786212 HTTP/1.1" 200 50
192.168.10.89 - - [02/Jan/2019:12:47:30 -0300] "GET /cormun/servlet/solicitudotcontratos?c6115d19f47be5ae7a3b87767abc708c3b7f09b8059cc188bc19b39036534dc0f54f09fb607bb87fd3020cf0bc6b1dcd,gx-no-cache=1546443786226 HTTP/1.1" 200 30
192.168.10.89 - - [02/Jan/2019:12:47:30 -0300] "GET /cormun/servlet/solicitudotcontratos?c6115d19f47be5ae7a3b87767abc708ca7da156d3adde6b2ef5548ab02f77436229f72b8883bbca578993a033d5b0c3c694e40d5d36d4b368de58c396efbd9c074044387610c6363420059720add7bcfe5a73152eb6aa7a1347b9d4ee7510c305ba66850896d7c175f43c1ea4a91022d,gx-no-cache=1546443786238 HTTP/1.1" 200 30
192.168.10.89 - - [02/Jan/2019:12:47:30 -0300] "GET /cormun/servlet/solicitudotcontratos?c6115d19f47be5ae7a3b87767abc708ceeedb9d672b6e9fd150b772fb3999b451c081d88e0ddaa3388d4c4fb02136749694e40d5d36d4b368de58c396efbd9c03e9c8125213e021e0cfbf4715bf15513da440dbc6a8a1842a8d859fc096025a709d4bd69ac545b0d3bd5d12321ba210f,gx-no-cache=1546443786251 HTTP/1.1" 200 110
192.168.10.89 - - [02/Jan/2019:12:47:30 -0300] "POST /cormun/servlet/solicitudotcontratos?gx-no-cache=1546443786267 HTTP/1.1" 200 67
192.168.10.89 - - [02/Jan/2019:12:47:30 -0300] "GET /cormun/servlet/solicitudotcontratos?c6115d19f47be5ae7a3b87767abc708cffcc05cc3d77a7420d238582e6817511825edf22ec4a6ef6982ff195ece874b92d34a8aebec90bd40238593b578bcf3e694e40d5d36d4b368de58c396efbd9c0f003cbb27c6f0385c2ac4fbf5257f7db2fe19d16a1f79e5fcd8109168fa5639c896bedfba67fe11e491cc9c0fbd766e9,gx-no-cache=1546443786282 HTTP/1.1" 200 80
190.171.142.18 - - [02/Jan/2019:12:47:37 -0300] "POST /cormun/servlet/solicitudot?4d4f472bb08138182858fac13de00d97,INS,0,0,,gx-no-cache=1546444058360 HTTP/1.1" 200 93
190.171.142.18 - - [02/Jan/2019:12:47:37 -0300] "GET /cormun/servlet/hpexe_return? HTTP/1.1" 200 1003
192.168.10.89 - - [02/Jan/2019:12:47:38 -0300] "POST /cormun/servlet/solicitudotcontratos?gx-no-cache=1546443793620 HTTP/1.1" 200 105
190.171.142.18 - - [02/Jan/2019:12:47:38 -0300] "GET /cormun/servlet/trsolicitudot HTTP/1.1" 200 17919
190.171.142.18 - - [02/Jan/2019:12:47:38 -0300] "GET /cormun/servlet/trsolicitudot HTTP/1.1" 200 17914
192.168.10.89 - - [02/Jan/2019:12:47:39 -0300] "GET /cormun/servlet/solicitudotcontratos?c6115d19f47be5ae7a3b87767abc708cdaafa97b4aa759f6f084cea07e1e502f45c5588f8cf6edf230358a2eed8afc2c825edf22ec4a6ef6982ff195ece874b9d4a21151db12cb012b6005cbde6b107eab5cba129eadc9e88fd27390a7fb27e7e377bd363e7e6122b7da2506984d567bb0374fb4ac95c4b712fa99dfa996005c897dca4870641a3aa0c809655999b9949df5628460c118a8055a6dfc47cf32a2380a10651ac9b082412a29b49c9261b7d323a49495a4be1dd09af36d68034a686fd111fb3b570e3bcd7b0f64205dee604129521b22d68c9f773b0b05abed82bd556a8fdb1f65be192b587f7d388bec6bf472fc5d0b9e299f04b3aacc81c7aae1c1522fda930f26d4fc5ad8fde12eede9d7ded58c050f0df540acb1e69acc6e69,gx-no-cache=1546443795195 HTTP/1.1" 200 84
192.168.10.89 - - [02/Jan/2019:12:47:41 -0300] "POST /cormun/servlet/solicitudotcontratos?b3d190fd5bd5a334fd4305246d978deb,INS,2019,0,15691727,3,6,2018,2771,INTEGRACION,201811,3,B,,gx-no-cache=1546443796076 HTTP/1.1" 200 11051
192.168.10.89 - - [02/Jan/2019:12:47:41 -0300] "GET /cormun/servlet/solicitudotcontratos?c6115d19f47be5ae7a3b87767abc708c096f6a0f9aa64844fe6e7f64a77ea698d646ae1c1e1d0aa6d79df5131519d3c77cc414fa2afa948ef901fb78c3971d317a2fc8ac10de89a5ba2d1a88e20547a0958b6c6cbd6a783e212f745936c3025499c9451c91d02dc9c1f97e9691a9e5fce12f31887cd0ccf082209d0c43ea7170,gx-no-cache=1546443797082 HTTP/1.1" 200 30
192.168.10.89 - - [02/Jan/2019:12:47:42 -0300] "POST /cormun/servlet/solicitudotcontratos?b3d190fd5bd5a334fd4305246d978deb,INS,2019,0,15691727,3,6,2018,2771,INTEGRACION,201811,3,B,,gx-no-cache=1546443797096 HTTP/1.1" 200 93
192.168.10.89 - - [02/Jan/2019:12:47:42 -0300] "GET /cormun/servlet/hpexe_return? HTTP/1.1" 200 1049
192.168.10.89 - - [02/Jan/2019:12:47:42 -0300] "GET /cormun/servlet/trcontratosolicitud HTTP/1.1" 200 14151
190.171.142.18 - - [02/Jan/2019:12:47:48 -0300] "POST /cormun/servlet/trsolicitudot?4d4f472bb08138182858fac13de00d97,gx-no-cache=1546444069710 HTTP/1.1" 200 106
190.171.142.18 - - [02/Jan/2019:12:47:49 -0300] "GET /cormun/servlet/solicitudot?UPD,2019,12571, HTTP/1.1" 200 15677
190.171.142.18 - - [02/Jan/2019:12:47:49 -0300] "GET /cormun/servlet/solicitudot?UPD,2019,12571, HTTP/1.1" 200 15687
190.171.142.18 - - [02/Jan/2019:12:47:50 -0300] "POST /cormun/servlet/solicitudot?gx-no-cache=1546444070915 HTTP/1.1" 200 3490
190.171.142.18 - - [02/Jan/2019:12:47:50 -0300] "POST /cormun/servlet/solicitudot?4d4f472bb08138182858fac13de00d97,UPD,2019,12571,,gx-no-cache=1546444071178 HTTP/1.1" 200 11902
190.171.142.18 - - [02/Jan/2019:12:47:50 -0300] "GET /cormun/servlet/solicitudot?5c19b8b57b5d78202a299224eba9cb5ac9be38c8583db77a3800951431a289b260a104716b3c355086d03792b3cff406,gx-no-cache=1546444071560 HTTP/1.1" 200 30
190.171.142.18 - - [02/Jan/2019:12:47:50 -0300] "GET /cormun/servlet/solicitudot?5c19b8b57b5d78202a299224eba9cb5a766e23c9d9b328244467dd353a954f392843f571c6ffb731c55ce887dc7a47f6,gx-no-cache=1546444071589 HTTP/1.1" 200 30
190.171.142.18 - - [02/Jan/2019:12:47:50 -0300] "GET /cormun/servlet/solicitudot?5c19b8b57b5d78202a299224eba9cb5aa0119e31ab749b72673d3904908b6c5a037ca5405befebac5bac8828e020762a372a11fee35cf336b7def0312ebc369c,gx-no-cache=1546444071609 HTTP/1.1" 200 53
190.171.142.18 - - [02/Jan/2019:12:47:50 -0300] "POST /cormun/servlet/solicitudot?gx-no-cache=1546444071642 HTTP/1.1" 200 254
190.171.142.18 - - [02/Jan/2019:12:47:50 -0300] "GET /cormun/servlet/solicitudot?5c19b8b57b5d78202a299224eba9cb5a0f3e95589c3ecf8873e0f1035586f116dcd663019736afd137e92daee1d5dfde29cb2122d348b848f14b66519791bda217c79cbc086d58aeb22f7fa0c6a5817e985ef6f3b61e54ba6c6af677fe32c50518ee1526126443970000b56391ebbe7238e89bcc90a37f0ba9c9a0dac4c7c7aecf096b29c2a290fad3bbaaba25523d76151aae9dee60fa66a2b6d21364a32266855d4388ff94a86c699dab1caf05c87174af626353281ad0ec8cce798e2debeecdfb36eebd73dab44d8a8b4e001c68fb4bcd23c3c18c121b693de403e99b074601091cbc4f4bfe13c9b2c082e4627101b7241a4b3595b851099769b07ae239055a050acf0fe1f268e74fd1c48b38077d4ad7748e758ec8a3bfbaf5673e407ff93bea0c52011b4a5283388fa534493d50062fe634c36a780bcbc6d13c7092fff07c981354c1958aca9e640456b1a720c47b2ccf02dd69f77da0dfd50490661e49579c35d80e54b5980ef1dd33e2111e202b64c7c9455b4e6c0e567e23a75c1cbe,gx-no-cache=1546444071699 HTTP/1.1" 200 30
190.171.142.18 - - [02/Jan/2019:12:47:50 -0300] "POST /cormun/servlet/solicitudot?gx-no-cache=1546444071731 HTTP/1.1" 200 30
190.171.142.18 - - [02/Jan/2019:12:47:50 -0300] "POST /cormun/servlet/solicitudot?gx-no-cache=1546444071786 HTTP/1.1" 200 1280
190.171.142.18 - - [02/Jan/2019:12:47:50 -0300] "POST /cormun/servlet/solicitudot?gx-no-cache=1546444071849 HTTP/1.1" 200 40
190.171.142.18 - - [02/Jan/2019:12:47:53 -0300] "GET /cormun/servlet/solicitudot?5c19b8b57b5d78202a299224eba9cb5a84692a62d26219ab5ab0b89743c7537a8a687b4b9e5f5cc7cb83fdaaf142e933e517640fc5a6c2b679dfdc16d06a413421e81035dd5abd0ee0c34e75841e58160e3252bf8d47e678f8255b3b7e0be54b8c15a8d5e93a3eaec955c234265d8568,gx-no-cache=1546444074669 HTTP/1.1" 200 110
190.171.142.18 - - [02/Jan/2019:12:47:53 -0300] "POST /cormun/servlet/solicitudot?gx-no-cache=1546444074692 HTTP/1.1" 200 97
190.171.142.18 - - [02/Jan/2019:12:47:53 -0300] "GET /cormun/servlet/solicitudot?5c19b8b57b5d78202a299224eba9cb5a6f383976960d8670fd296db1dec350c6e293f25c45f27fd798278b8f1fa23194c4ff8c1b37fe94aba3f7572a1e1ffa43b67f2d051b44625cd4bea81bb61725b6a2aeee86bd4be847ec7eb3c7b1b4a31b89277196c347450456ec4689ef323879c258a547cbfe5b1e2c700292a10b1a54b5703445a9bbc3932fefe42a2a1a557bcd206c7ed6df292dd7f803b528df41aa,gx-no-cache=1546444074717 HTTP/1.1" 200 29
190.171.142.18 - - [02/Jan/2019:12:47:53 -0300] "GET /cormun/servlet/solicitudot?5c19b8b57b5d78202a299224eba9cb5a4ee03c9abef59738fb6ec36a69d19c7bd5e193fd3dbf5babe97bac231173583d,gx-no-cache=1546444074741 HTTP/1.1" 200 30
190.171.142.18 - - [02/Jan/2019:12:47:53 -0300] "GET /cormun/static/menuarrow.gif HTTP/1.1" 404 1015
190.171.142.18 - - [02/Jan/2019:12:47:55 -0300] "GET /cormun/servlet/solicitudot?5c19b8b57b5d78202a299224eba9cb5a84692a62d26219ab5ab0b89743c7537a8a687b4b9e5f5cc7cb83fdaaf142e933e517640fc5a6c2b679dfdc16d06a413421e81035dd5abd0ee0c34e75841e58160e3252bf8d47e678f8255b3b7e0be54b8c15a8d5e93a3eaec955c234265d8568,gx-no-cache=1546444075993 HTTP/1.1" 200 110
190.171.142.18 - - [02/Jan/2019:12:48:04 -0300] "POST /cormun/servlet/solicitudot?gx-no-cache=1546444085875 HTTP/1.1" 200 30
190.171.142.18 - - [02/Jan/2019:12:48:05 -0300] "POST /cormun/servlet/solicitudot?4d4f472bb08138182858fac13de00d97,UPD,2019,12571,,gx-no-cache=1546444085901 HTTP/1.1" 200 93
190.171.142.18 - - [02/Jan/2019:12:48:05 -0300] "GET /cormun/servlet/hpexe_return? HTTP/1.1" 200 1009
190.171.142.18 - - [02/Jan/2019:12:48:05 -0300] "GET /cormun/servlet/trsolicitudot HTTP/1.1" 200 17928
190.171.142.18 - - [02/Jan/2019:12:48:06 -0300] "GET /cormun/servlet/trsolicitudot HTTP/1.1" 200 17924
190.171.142.18 - - [02/Jan/2019:12:48:09 -0300] "POST /cormun/servlet/trsolicitudot?4d4f472bb08138182858fac13de00d97,gx-no-cache=1546444090579 HTTP/1.1" 200 106
190.171.142.18 - - [02/Jan/2019:12:48:09 -0300] "GET /cormun/servlet/solicitudot?UPD,2019,12573, HTTP/1.1" 200 15669
190.171.142.18 - - [02/Jan/2019:12:48:10 -0300] "GET /cormun/servlet/solicitudot?UPD,2019,12573, HTTP/1.1" 200 15679
190.171.142.18 - - [02/Jan/2019:12:48:10 -0300] "POST /cormun/servlet/solicitudot?gx-no-cache=1546444091703 HTTP/1.1" 200 3490
190.171.142.18 - - [02/Jan/2019:12:48:11 -0300] "POST /cormun/servlet/solicitudot?4d4f472bb08138182858fac13de00d97,UPD,2019,12573,,gx-no-cache=1546444091860 HTTP/1.1" 200 11885
190.171.142.18 - - [02/Jan/2019:12:48:11 -0300] "GET /cormun/servlet/solicitudot?5c19b8b57b5d78202a299224eba9cb5ac9be38c8583db77a3800951431a289b260a104716b3c355086d03792b3cff406,gx-no-cache=1546444092079 HTTP/1.1" 200 30
190.171.142.18 - - [02/Jan/2019:12:48:11 -0300] "GET /cormun/servlet/solicitudot?5c19b8b57b5d78202a299224eba9cb5a766e23c9d9b328244467dd353a954f392843f571c6ffb731c55ce887dc7a47f6,gx-no-cache=1546444092107 HTTP/1.1" 200 30
190.171.142.18 - - [02/Jan/2019:12:48:11 -0300] "GET /cormun/servlet/solicitudot?5c19b8b57b5d78202a299224eba9cb5aa0119e31ab749b72673d3904908b6c5a037ca5405befebac5bac8828e020762a372a11fee35cf336b7def0312ebc369c,gx-no-cache=1546444092128 HTTP/1.1" 200 53
190.171.142.18 - - [02/Jan/2019:12:48:11 -0300] "POST /cormun/servlet/solicitudot?gx-no-cache=1546444092150 HTTP/1.1" 200 256
190.171.142.18 - - [02/Jan/2019:12:48:11 -0300] "GET /cormun/servlet/solicitudot?5c19b8b57b5d78202a299224eba9cb5a0f3e95589c3ecf8873e0f1035586f116dcd663019736afd137e92daee1d5dfde29cb2122d348b848f14b66519791bda217c79cbc086d58aeb22f7fa0c6a5817e985ef6f3b61e54ba6c6af677fe32c50518ee1526126443970000b56391ebbe7238e89bcc90a37f0ba9c9a0dac4c7c7aecf096b29c2a290fad3bbaaba25523d76151aae9dee60fa66a2b6d21364a32266855d4388ff94a86c699dab1caf05c87174af626353281ad0ec8cce798e2debeecdfb36eebd73dab44d8a8b4e001c68fb4bcd23c3c18c121b693de403e99b074601091cbc4f4bfe13c9b2c082e4627101b7241a4b3595b851099769b07ae239055a050acf0fe1f268e74fd1c48b38077d4ad7748e758ec8a3bfbaf5673e407ff93bea0c52011b4a5283388fa534493d50062fe634c36a780bcbc6d13c7092fff07c981354c1958aca9e640456b1a720c47b2ccf02dd69f77da0dfd50490661e49579c35d80e54b5980ef1dd33e2111e202b64c7c9455b4e6c0e567e23a75c1cbe,gx-no-cache=1546444092196 HTTP/1.1" 200 30
190.171.142.18 - - [02/Jan/2019:12:48:11 -0300] "POST /cormun/servlet/solicitudot?gx-no-cache=1546444092221 HTTP/1.1" 200 30
190.171.142.18 - - [02/Jan/2019:12:48:11 -0300] "POST /cormun/servlet/solicitudot?gx-no-cache=1546444092272 HTTP/1.1" 200 1280
190.171.142.18 - - [02/Jan/2019:12:48:11 -0300] "POST /cormun/servlet/solicitudot?gx-no-cache=1546444092341 HTTP/1.1" 200 40
190.171.142.18 - - [02/Jan/2019:12:48:12 -0300] "GET /cormun/servlet/solicitudot?5c19b8b57b5d78202a299224eba9cb5a84692a62d26219ab5ab0b89743c7537a8a687b4b9e5f5cc7cb83fdaaf142e933e517640fc5a6c2b679dfdc16d06a413421e81035dd5abd0ee0c34e75841e58160e3252bf8d47e678f8255b3b7e0be54b8c15a8d5e93a3eaec955c234265d8568,gx-no-cache=1546444093482 HTTP/1.1" 200 110
190.171.142.18 - - [02/Jan/2019:12:48:12 -0300] "POST /cormun/servlet/solicitudot?gx-no-cache=1546444093540 HTTP/1.1" 200 67
190.171.142.18 - - [02/Jan/2019:12:48:12 -0300] "GET /cormun/servlet/solicitudot?5c19b8b57b5d78202a299224eba9cb5a6f383976960d8670fd296db1dec350c6e293f25c45f27fd798278b8f1fa23194c4ff8c1b37fe94aba3f7572a1e1ffa43b67f2d051b44625cd4bea81bb61725b6a2aeee86bd4be847ec7eb3c7b1b4a31b89277196c347450456ec4689ef323879c258a547cbfe5b1e2c700292a10b1a54b5703445a9bbc3932fefe42a2a1a557bcd206c7ed6df292dd7f803b528df41aa,gx-no-cache=1546444093629 HTTP/1.1" 200 29
190.171.142.18 - - [02/Jan/2019:12:48:12 -0300] "GET /cormun/servlet/solicitudot?5c19b8b57b5d78202a299224eba9cb5a4ee03c9abef59738fb6ec36a69d19c7bd5e193fd3dbf5babe97bac231173583d,gx-no-cache=1546444093700 HTTP/1.1" 200 30
190.171.142.18 - - [02/Jan/2019:12:48:12 -0300] "GET /cormun/static/menuarrow.gif HTTP/1.1" 404 1015
190.171.142.18 - - [02/Jan/2019:12:48:14 -0300] "GET /cormun/servlet/solicitudot?5c19b8b57b5d78202a299224eba9cb5a84692a62d26219ab5ab0b89743c7537a8a687b4b9e5f5cc7cb83fdaaf142e933e517640fc5a6c2b679dfdc16d06a413421e81035dd5abd0ee0c34e75841e58160e3252bf8d47e678f8255b3b7e0be54b8c15a8d5e93a3eaec955c234265d8568,gx-no-cache=1546444095159 HTTP/1.1" 200 110
190.171.142.18 - - [02/Jan/2019:12:48:21 -0300] "POST /cormun/servlet/solicitudot?gx-no-cache=1546444102426 HTTP/1.1" 200 33
190.171.142.18 - - [02/Jan/2019:12:48:21 -0300] "POST /cormun/servlet/solicitudot?4d4f472bb08138182858fac13de00d97,UPD,2019,12573,,gx-no-cache=1546444102500 HTTP/1.1" 200 93
190.171.142.18 - - [02/Jan/2019:12:48:21 -0300] "GET /cormun/servlet/hpexe_return? HTTP/1.1" 200 1009
190.171.142.18 - - [02/Jan/2019:12:48:22 -0300] "GET /cormun/servlet/trsolicitudot HTTP/1.1" 200 17936
190.171.142.18 - - [02/Jan/2019:12:48:22 -0300] "GET /cormun/servlet/trsolicitudot HTTP/1.1" 200 17931
192.168.10.89 - - [02/Jan/2019:12:48:26 -0300] "GET /cormun/servlet/solicitudotcontratos?INS,2019,0,15691727,3,6,2018,3423,LEY+SEP,201811,10,B, HTTP/1.1" 200 10053
192.168.10.89 - - [02/Jan/2019:12:48:27 -0300] "GET /cormun/servlet/solicitudotcontratos?c6115d19f47be5ae7a3b87767abc708c24e7a87081281436e83b761143a890e1eb72164bfcb4f9f405c65d8aa757a494,gx-no-cache=1546443843216 HTTP/1.1" 200 30
192.168.10.89 - - [02/Jan/2019:12:48:27 -0300] "GET /cormun/servlet/solicitudotcontratos?c6115d19f47be5ae7a3b87767abc708c8062dae1dd45e35c49d96909c76041ab4c3f7bf8248005d99c53fe672d849c58,gx-no-cache=1546443843235 HTTP/1.1" 200 30
192.168.10.89 - - [02/Jan/2019:12:48:27 -0300] "GET /cormun/servlet/solicitudotcontratos?c6115d19f47be5ae7a3b87767abc708c23743aa9a0dfed282c8a0242fc708b019ef9cf7d5ec9913e37b8c4c03e6b14745e4a367eaa4aed481030930628a3e0c353462f5bd6b48b7f7507d6afcf95960685ca83d337d15e8dc987f7be7ebf28d6a2cc30e13f9d5887d3e949fca0fd03761f2261b85627dd3b0ad9e72bebf1ad7f,gx-no-cache=1546443843249 HTTP/1.1" 200 50
192.168.10.89 - - [02/Jan/2019:12:48:27 -0300] "GET /cormun/servlet/solicitudotcontratos?c6115d19f47be5ae7a3b87767abc708c3b7f09b8059cc188bc19b39036534dc0f54f09fb607bb87fd3020cf0bc6b1dcd,gx-no-cache=1546443843268 HTTP/1.1" 200 30
192.168.10.89 - - [02/Jan/2019:12:48:27 -0300] "GET /cormun/servlet/solicitudotcontratos?c6115d19f47be5ae7a3b87767abc708ca7da156d3adde6b2ef5548ab02f77436229f72b8883bbca578993a033d5b0c3c694e40d5d36d4b368de58c396efbd9c074044387610c6363420059720add7bcfe5a73152eb6aa7a1347b9d4ee7510c305ba66850896d7c175f43c1ea4a91022d,gx-no-cache=1546443843287 HTTP/1.1" 200 30
192.168.10.89 - - [02/Jan/2019:12:48:27 -0300] "GET /cormun/servlet/solicitudotcontratos?c6115d19f47be5ae7a3b87767abc708ceeedb9d672b6e9fd150b772fb3999b451c081d88e0ddaa3388d4c4fb02136749694e40d5d36d4b368de58c396efbd9c03e9c8125213e021e0cfbf4715bf15513da440dbc6a8a1842a8d859fc096025a709d4bd69ac545b0d3bd5d12321ba210f,gx-no-cache=1546443843303 HTTP/1.1" 200 110
192.168.10.89 - - [02/Jan/2019:12:48:27 -0300] "POST /cormun/servlet/solicitudotcontratos?gx-no-cache=1546443843321 HTTP/1.1" 200 97
192.168.10.89 - - [02/Jan/2019:12:48:27 -0300] "GET /cormun/servlet/solicitudotcontratos?c6115d19f47be5ae7a3b87767abc708cffcc05cc3d77a7420d238582e6817511825edf22ec4a6ef6982ff195ece874b9d4a21151db12cb012b6005cbde6b107eab5cba129eadc9e88fd27390a7fb27e7e377bd363e7e6122b7da2506984d567bb0374fb4ac95c4b712fa99dfa996005c897dca4870641a3aa0c809655999b9949df5628460c118a8055a6dfc47cf32a2380a10651ac9b082412a29b49c9261b7d323a49495a4be1dd09af36d68034a686fd111fb3b570e3bcd7b0f64205dee604129521b22d68c9f773b0b05abed82bdbeee6d8707a09b59675150219ee0b0ca,gx-no-cache=1546443843337 HTTP/1.1" 200 84
192.168.10.89 - - [02/Jan/2019:12:48:29 -0300] "POST /cormun/servlet/solicitudotcontratos?b3d190fd5bd5a334fd4305246d978deb,INS,2019,0,15691727,3,6,2018,3423,LEY+SEP,201811,10,B,,gx-no-cache=1546443844720 HTTP/1.1" 200 11053
192.168.10.89 - - [02/Jan/2019:12:48:30 -0300] "GET /cormun/servlet/solicitudotcontratos?c6115d19f47be5ae7a3b87767abc708c096f6a0f9aa64844fe6e7f64a77ea698d646ae1c1e1d0aa6d79df5131519d3c77cc414fa2afa948ef901fb78c3971d317a2fc8ac10de89a5ba2d1a88e20547a0958b6c6cbd6a783e212f745936c3025499c9451c91d02dc9c1f97e9691a9e5fce12f31887cd0ccf082209d0c43ea7170,gx-no-cache=1546443846463 HTTP/1.1" 200 30
192.168.10.89 - - [02/Jan/2019:12:48:31 -0300] "POST /cormun/servlet/solicitudotcontratos?b3d190fd5bd5a334fd4305246d978deb,INS,2019,0,15691727,3,6,2018,3423,LEY+SEP,201811,10,B,,gx-no-cache=1546443846479 HTTP/1.1" 200 93
192.168.10.89 - - [02/Jan/2019:12:48:31 -0300] "GET /cormun/servlet/hpexe_return? HTTP/1.1" 200 1048
192.168.10.89 - - [02/Jan/2019:12:48:31 -0300] "GET /cormun/servlet/trcontratosolicitud HTTP/1.1" 200 13997
190.171.142.18 - - [02/Jan/2019:12:48:46 -0300] "GET /cormun/servlet/solicitudot?INS,0,0, HTTP/1.1" 200 15134
190.171.142.18 - - [02/Jan/2019:12:48:47 -0300] "GET /cormun/servlet/solicitudot?INS,0,0, HTTP/1.1" 200 15139
190.171.142.18 - - [02/Jan/2019:12:48:57 -0300] "POST /cormun/servlet/solicitudot?gx-no-cache=1546444138780 HTTP/1.1" 200 3518
190.171.142.18 - - [02/Jan/2019:12:48:58 -0300] "POST /cormun/servlet/solicitudot?4d4f472bb08138182858fac13de00d97,INS,0,0,,gx-no-cache=1546444138922 HTTP/1.1" 200 11834
190.171.142.18 - - [02/Jan/2019:12:48:58 -0300] "GET /cormun/servlet/solicitudot?5c19b8b57b5d78202a299224eba9cb5ab6657089b510a6cd6380106ed879cd218ce1bdab0790a7e9aa8de511c71afee1,gx-no-cache=1546444139153 HTTP/1.1" 200 30
190.171.142.18 - - [02/Jan/2019:12:49:05 -0300] "GET /cormun/servlet/solicitudot?5c19b8b57b5d78202a299224eba9cb5a6baca03c56a6f82a0367b77a3bbf8665a508abab429088d9802001b8bcb7237eab22cdfc2d14c45eff77f53e10daa2b3,gx-no-cache=1546444146551 HTTP/1.1" 200 30
190.171.142.18 - - [02/Jan/2019:12:49:05 -0300] "GET /cormun/servlet/solicitudot?5c19b8b57b5d78202a299224eba9cb5a6836be3a65ae1184d69846c03dbf509b,gx-no-cache=1546444146580 HTTP/1.1" 200 53
190.171.142.18 - - [02/Jan/2019:12:49:05 -0300] "POST /cormun/servlet/solicitudot?gx-no-cache=1546444146610 HTTP/1.1" 200 255
190.171.142.18 - - [02/Jan/2019:12:49:05 -0300] "GET /cormun/servlet/solicitudot?5c19b8b57b5d78202a299224eba9cb5a0f3e95589c3ecf8873e0f1035586f116dcd663019736afd137e92daee1d5dfde29cb2122d348b848f14b66519791bda217c79cbc086d58aeb22f7fa0c6a5817e985ef6f3b61e54ba6c6af677fe32c50518ee1526126443970000b56391ebbe7238e89bcc90a37f0ba9c9a0dac4c7c7aecf096b29c2a290fad3bbaaba25523d76151aae9dee60fa66a2b6d21364a32266855d4388ff94a86c699dab1caf05c87174af626353281ad0ec8cce798e2debeecdfb36eebd73dab44d8a8b4e001c68fb4bcd23c3c18c121b693de403e99b074601091cbc4f4bfe13c9b2c082e4627101b7241a4b3595b851099769b07ae239055a050acf0fe1f268e74fd1c48b38077d4ad7748e758ec8a3bfbaf5673e407ff93bea0c52011b4a5283388fa534493d50062fe634c36a780bcbc6d13c7092fff07c981354c1958aca9e640456b1a720c47b2ccf02dd69f77da0dfd50490661e49579c35d80e54b5980ef1dd33e2111e205cbd6fd443fc31eac37b4e248d40ca54,gx-no-cache=1546444146662 HTTP/1.1" 200 30
190.171.142.18 - - [02/Jan/2019:12:49:10 -0300] "POST /cormun/servlet/solicitudot?gx-no-cache=1546444151546 HTTP/1.1" 200 30
190.171.142.18 - - [02/Jan/2019:12:49:11 -0300] "GET /cormun/servlet/prsolicitudot?16493920,,,,,MD,,gxPopupLevel%3D0%3B HTTP/1.1" 200 6275
190.171.142.18 - - [02/Jan/2019:12:49:14 -0300] "POST /cormun/servlet/solicitudot?gx-no-cache=1546444155134 HTTP/1.1" 200 1280
190.171.142.18 - - [02/Jan/2019:12:49:14 -0300] "POST /cormun/servlet/solicitudot?gx-no-cache=1546444155167 HTTP/1.1" 200 38
190.171.142.18 - - [02/Jan/2019:12:49:14 -0300] "GET /cormun/servlet/solicitudot?5c19b8b57b5d78202a299224eba9cb5a84692a62d26219ab5ab0b89743c7537a8a687b4b9e5f5cc7cb83fdaaf142e933e517640fc5a6c2b679dfdc16d06a413421e81035dd5abd0ee0c34e75841e58160e3252bf8d47e678f8255b3b7e0be54b8c15a8d5e93a3eaec955c234265d8568,gx-no-cache=1546444155189 HTTP/1.1" 200 110
190.171.142.18 - - [02/Jan/2019:12:49:14 -0300] "POST /cormun/servlet/solicitudot?gx-no-cache=1546444155220 HTTP/1.1" 200 97
190.171.142.18 - - [02/Jan/2019:12:49:14 -0300] "GET /cormun/servlet/solicitudot?5c19b8b57b5d78202a299224eba9cb5aa427c0d2e2b7c63d262e00218be6f188e52571822cf1725a31029a66e0fc5d1af1d74a1fdc85d360c1d7a3b97e95f67bc977cac1630489ec284ac10a400233ad06717fb3815267bdd308a4a28598e62582bf9135e08e1359705305882f0d7796711cbed27f23bf59d1ad27238661e6ccf162b4622e3c7d95d1f64a5ef29dd0c97b03c7db71439af025a05eedb7164d0f,gx-no-cache=1546444155258 HTTP/1.1" 200 29
190.171.142.18 - - [02/Jan/2019:12:49:14 -0300] "GET /cormun/servlet/solicitudot?5c19b8b57b5d78202a299224eba9cb5a4ee03c9abef59738fb6ec36a69d19c7bd5e193fd3dbf5babe97bac231173583d,gx-no-cache=1546444155288 HTTP/1.1" 200 30
190.171.142.18 - - [02/Jan/2019:12:49:29 -0300] "POST /cormun/servlet/solicitudot?gx-no-cache=1546444170318 HTTP/1.1" 200 72
190.171.142.18 - - [02/Jan/2019:12:49:38 -0300] "POST /cormun/servlet/solicitudot?gx-no-cache=1546444179167 HTTP/1.1" 200 33
190.171.142.18 - - [02/Jan/2019:12:49:43 -0300] "POST /cormun/servlet/solicitudot?4d4f472bb08138182858fac13de00d97,INS,0,0,,gx-no-cache=1546444184631 HTTP/1.1" 200 93
190.171.142.18 - - [02/Jan/2019:12:49:43 -0300] "GET /cormun/servlet/hpexe_return? HTTP/1.1" 200 1003
190.171.142.18 - - [02/Jan/2019:12:49:44 -0300] "GET /cormun/servlet/trsolicitudot HTTP/1.1" 200 18187
190.171.142.18 - - [02/Jan/2019:12:49:44 -0300] "GET /cormun/servlet/trsolicitudot HTTP/1.1" 200 18182
190.171.142.18 - - [02/Jan/2019:12:49:54 -0300] "GET /cormun/servlet/solicitudot?INS,0,0, HTTP/1.1" 200 15134
190.171.142.18 - - [02/Jan/2019:12:49:54 -0300] "GET /cormun/servlet/solicitudot?INS,0,0, HTTP/1.1" 200 15140
190.171.142.18 - - [02/Jan/2019:12:50:07 -0300] "POST /cormun/servlet/solicitudot?gx-no-cache=1546444208197 HTTP/1.1" 200 3544
190.171.142.18 - - [02/Jan/2019:12:50:07 -0300] "POST /cormun/servlet/solicitudot?4d4f472bb08138182858fac13de00d97,INS,0,0,,gx-no-cache=1546444208331 HTTP/1.1" 200 11878
190.171.142.18 - - [02/Jan/2019:12:50:07 -0300] "GET /cormun/servlet/solicitudot?5c19b8b57b5d78202a299224eba9cb5a46476c2bbbece92835565f329461ad1c8ce1bdab0790a7e9aa8de511c71afee1,gx-no-cache=1546444208539 HTTP/1.1" 200 30
190.171.142.18 - - [02/Jan/2019:12:50:10 -0300] "GET /cormun/servlet/solicitudot?5c19b8b57b5d78202a299224eba9cb5a416e3620fc66f00ada6fbe245416584ce13b703eb8cdd2547ff42901679cf4df063666504e0089112ddc597f23ddeecd,gx-no-cache=1546444211236 HTTP/1.1" 200 30
190.171.142.18 - - [02/Jan/2019:12:50:10 -0300] "GET /cormun/servlet/solicitudot?5c19b8b57b5d78202a299224eba9cb5a6836be3a65ae1184d69846c03dbf509b,gx-no-cache=1546444211261 HTTP/1.1" 200 53
190.171.142.18 - - [02/Jan/2019:12:50:10 -0300] "POST /cormun/servlet/solicitudot?gx-no-cache=1546444211287 HTTP/1.1" 200 255
190.171.142.18 - - [02/Jan/2019:12:50:10 -0300] "GET /cormun/servlet/solicitudot?5c19b8b57b5d78202a299224eba9cb5a0f3e95589c3ecf8873e0f1035586f116dcd663019736afd137e92daee1d5dfde29cb2122d348b848f14b66519791bda217c79cbc086d58aeb22f7fa0c6a5817e985ef6f3b61e54ba6c6af677fe32c50518ee1526126443970000b56391ebbe7238e89bcc90a37f0ba9c9a0dac4c7c7aecf096b29c2a290fad3bbaaba25523d76151aae9dee60fa66a2b6d21364a32266855d4388ff94a86c699dab1caf05c87174af626353281ad0ec8cce798e2debeecdfb36eebd73dab44d8a8b4e001c68fb4bcd23c3c18c121b693de403e99b074601091cbc4f4bfe13c9b2c082e4627101b7241a4b3595b851099769b07ae239055a050acf0fe1f268e74fd1c48b38077d4ad7748e758ec8a3bfbaf5673e407ff93bea0c52011b4a5283388fa534493d50062fe634c36a780bcbc6d13c7092fff07c981354c1958aca9e640456b1a720c47b2ccf02dd69f77da0dfd50490661e49579c35d80e54b5980ef1dd33e2111e205cbd6fd443fc31eac37b4e248d40ca54,gx-no-cache=1546444211328 HTTP/1.1" 200 30
190.171.142.18 - - [02/Jan/2019:12:50:12 -0300] "POST /cormun/servlet/solicitudot?gx-no-cache=1546444213438 HTTP/1.1" 200 30
190.171.142.18 - - [02/Jan/2019:12:50:13 -0300] "GET /cormun/servlet/prsolicitudot?14605820,,,,,MD,,gxPopupLevel%3D0%3B HTTP/1.1" 200 6553
190.171.142.18 - - [02/Jan/2019:12:50:23 -0300] "POST /cormun/servlet/solicitudot?gx-no-cache=1546444224313 HTTP/1.1" 200 1282
190.171.142.18 - - [02/Jan/2019:12:50:23 -0300] "POST /cormun/servlet/solicitudot?gx-no-cache=1546444224364 HTTP/1.1" 200 38
190.171.142.18 - - [02/Jan/2019:12:50:23 -0300] "GET /cormun/servlet/solicitudot?5c19b8b57b5d78202a299224eba9cb5a84692a62d26219ab5ab0b89743c7537a8a687b4b9e5f5cc7cb83fdaaf142e933e517640fc5a6c2b679dfdc16d06a413421e81035dd5abd0ee0c34e75841e58160e3252bf8d47e678f8255b3b7e0be54b8c15a8d5e93a3eaec955c234265d8568,gx-no-cache=1546444224416 HTTP/1.1" 200 110
190.171.142.18 - - [02/Jan/2019:12:50:23 -0300] "POST /cormun/servlet/solicitudot?gx-no-cache=1546444224450 HTTP/1.1" 200 97
190.171.142.18 - - [02/Jan/2019:12:50:23 -0300] "GET /cormun/servlet/solicitudot?5c19b8b57b5d78202a299224eba9cb5aa427c0d2e2b7c63d262e00218be6f188e52571822cf1725a31029a66e0fc5d1af1d74a1fdc85d360c1d7a3b97e95f67bc977cac1630489ec284ac10a400233ad06717fb3815267bdd308a4a28598e62582bf9135e08e1359705305882f0d7796711cbed27f23bf59d1ad27238661e6ccf162b4622e3c7d95d1f64a5ef29dd0c97b03c7db71439af025a05eedb7164d0f,gx-no-cache=1546444224483 HTTP/1.1" 200 29
190.171.142.18 - - [02/Jan/2019:12:50:23 -0300] "GET /cormun/servlet/solicitudot?5c19b8b57b5d78202a299224eba9cb5a32ccaf2558dc9f39e37570bb1282032d7ded8d39624c1193d166c72da3afa67a,gx-no-cache=1546444224506 HTTP/1.1" 200 134
190.171.142.18 - - [02/Jan/2019:12:50:23 -0300] "GET /cormun/static/Shared/jqueryui/images/ui-bg_highlight-soft_100_c6c2c8_1x100.png HTTP/1.1" 404 1117
190.171.142.18 - - [02/Jan/2019:12:50:23 -0300] "GET /cormun/static/Shared/jqueryui/images/ui-icons_82798d_256x240.png HTTP/1.1" 404 1089
190.171.142.18 - - [02/Jan/2019:12:50:23 -0300] "GET /cormun/static/Shared/jqueryui/images/ui-bg_flat_55_994d53_40x100.png HTTP/1.1" 404 1097
190.171.142.18 - - [02/Jan/2019:12:50:23 -0300] "GET /cormun/static/Shared/jqueryui/images/ui-icons_ebccce_256x240.png HTTP/1.1" 404 1089
190.171.142.18 - - [02/Jan/2019:12:50:27 -0300] "GET /cormun/servlet/prsolicitudot?14605820,,,,,MD,,gxPopupLevel%3D0%3B HTTP/1.1" 200 6553
190.171.142.18 - - [02/Jan/2019:12:50:30 -0300] "GET /cormun/servlet/prcontratosol?14605820,,,,,MD,,gxPopupLevel%3D0%3B HTTP/1.1" 200 7993
190.171.142.18 - - [02/Jan/2019:12:50:36 -0300] "POST /cormun/servlet/solicitudot?gx-no-cache=1546444237271 HTTP/1.1" 200 1282
190.171.142.18 - - [02/Jan/2019:12:50:36 -0300] "POST /cormun/servlet/solicitudot?gx-no-cache=1546444237303 HTTP/1.1" 200 41
190.171.142.18 - - [02/Jan/2019:12:50:36 -0300] "GET /cormun/servlet/solicitudot?5c19b8b57b5d78202a299224eba9cb5a84692a62d26219ab5ab0b89743c7537a8a687b4b9e5f5cc7cb83fdaaf142e933e517640fc5a6c2b679dfdc16d06a413421e81035dd5abd0ee0c34e75841e58160e3252bf8d47e678f8255b3b7e0be54b8c15a8d5e93a3eaec955c234265d8568,gx-no-cache=1546444237332 HTTP/1.1" 200 110
190.171.142.18 - - [02/Jan/2019:12:50:36 -0300] "POST /cormun/servlet/solicitudot?gx-no-cache=1546444237369 HTTP/1.1" 200 97
190.171.142.18 - - [02/Jan/2019:12:50:36 -0300] "GET /cormun/servlet/solicitudot?5c19b8b57b5d78202a299224eba9cb5abc4b47e386f42287a62a631487b1afaede65aeab71cb958cef2b74fcec9551a2,gx-no-cache=1546444237414 HTTP/1.1" 200 134
192.168.10.96 - - [02/Jan/2019:12:50:47 -0300] "GET /cormun/servlet/solicitudotcontratos?INS,2019,0,9543879,2,6,2018,5522,INTEGRACION,201811,3,B, HTTP/1.1" 200 9973
192.168.10.96 - - [02/Jan/2019:12:50:47 -0300] "GET /cormun/servlet/solicitudotcontratos?INS,2019,0,9543879,2,6,2018,5522,INTEGRACION,201811,3,B, HTTP/1.1" 200 10006
192.168.10.96 - - [02/Jan/2019:12:50:47 -0300] "GET /cormun/servlet/solicitudotcontratos?7686990369b8cc9e8a79304e7c5dc8d36d3ed6f261c8f262daa92dd4ff0a504fb0f8640945f5d91a1286209c9fdf084d,gx-no-cache=1546443983442 HTTP/1.1" 200 30
192.168.10.96 - - [02/Jan/2019:12:50:47 -0300] "GET /cormun/servlet/solicitudotcontratos?7686990369b8cc9e8a79304e7c5dc8d388cc14a61bdfdf43a160cf5466516c3799aafa1c8b6c2334e58e99a2ead84031,gx-no-cache=1546443983475 HTTP/1.1" 200 30
192.168.10.96 - - [02/Jan/2019:12:50:47 -0300] "GET /cormun/servlet/solicitudotcontratos?7686990369b8cc9e8a79304e7c5dc8d35dfff9e4f59cb7a2bd270ddeebeff063477495edf5d7c557d7e028d27ad3f1b60bf6f0c0b3d00253f41b2cff99ab5cc6d21ab67969a59ae00a0eded9614df83b2f376c3d161e2e426ff9675347b24c91cfd1eaa2f04565c6260129fde43d9898c6e4cc6d18561224076df0a6302ab882,gx-no-cache=1546443983491 HTTP/1.1" 200 50
192.168.10.96 - - [02/Jan/2019:12:50:47 -0300] "GET /cormun/servlet/solicitudotcontratos?7686990369b8cc9e8a79304e7c5dc8d39f1ab9f55f6c4adc25e4c7cf706e326a5d5b9a8f32dfb54821b541fc41f66d3e,gx-no-cache=1546443983513 HTTP/1.1" 200 30
192.168.10.96 - - [02/Jan/2019:12:50:47 -0300] "GET /cormun/servlet/solicitudotcontratos?7686990369b8cc9e8a79304e7c5dc8d37a601aec44c32aa5fa647590a5fab3f7ff567e3287f412f0faf33e9f776e59602eaa7a1c3c7b017ea3bfb2c8090bb3278be0d7f5771c648e79ecee6decaeccc75035c969923e0a4a4007dafc390c66566c672808aba1ed94f31f3c68b97fc5b5,gx-no-cache=1546443983533 HTTP/1.1" 200 30
192.168.10.96 - - [02/Jan/2019:12:50:47 -0300] "GET /cormun/servlet/solicitudotcontratos?7686990369b8cc9e8a79304e7c5dc8d35734fd1ab7cbe587888993c5b5186bf597446747b999a4672f291e38f45b9a302eaa7a1c3c7b017ea3bfb2c8090bb32764239fd0b016a912838d604b4c3c9de111817ad0031bfcf3b0a1fa1c16560b670f4a4b81f4faf7e1e7be559109db5f4f,gx-no-cache=1546443983550 HTTP/1.1" 200 110
192.168.10.96 - - [02/Jan/2019:12:50:47 -0300] "POST /cormun/servlet/solicitudotcontratos?gx-no-cache=1546443983575 HTTP/1.1" 200 97
192.168.10.96 - - [02/Jan/2019:12:50:47 -0300] "GET /cormun/servlet/solicitudotcontratos?7686990369b8cc9e8a79304e7c5dc8d3cc1666b70cefca4ecde7ea294536dd831eeb2c3eadd9dfbc434e49faea30ddf45c1f5c07a3f752895f1c1d60e841e626540306fff9911f20703f6dad88a1aeac7482b227bcc8ea32051dd3454d7addca7a94f2b2eb8127881d942a080bff4ca95abd7c4581ece88a0fca1eb9911a361db9a73f1b240dcc4b0e70873063c564bc324f63e9681cea698f1b193d3d00c0cd35b88c591b6bab0b319eed2a4371e32b2aa6b27b0dd58fe10189ed77feea6bd9ced0aae4a0ba79464fa01fba6d81be3cd37d2dcd3a851c211fb3a0e44e3cc0b6,gx-no-cache=1546443983599 HTTP/1.1" 200 84
190.171.142.18 - - [02/Jan/2019:12:50:48 -0300] "GET /cormun/static/menuarrow.gif HTTP/1.1" 404 1015
192.168.10.96 - - [02/Jan/2019:12:50:49 -0300] "POST /cormun/servlet/solicitudotcontratos?3b84008aa5f22bbb68692bfea635e730,INS,2019,0,9543879,2,6,2018,5522,INTEGRACION,201811,3,B,,gx-no-cache=1546443985296 HTTP/1.1" 200 11042
192.168.10.96 - - [02/Jan/2019:12:50:51 -0300] "GET /cormun/servlet/solicitudotcontratos?7686990369b8cc9e8a79304e7c5dc8d3793103b5f85bd4b295ba0460be5bf4339fe7bb4527c2e08f8efc547ee0bc15ef98e09819f6d7c00f23d470b78672fdfd55334913d1d7593c57776ad95ba29c592e9cf221f4b7149ab13c33f90579d60b20e9df6f45c5e3069130a74a7a55a1165b97c3abd82739a33d9b8bcb58ad842b,gx-no-cache=1546443986712 HTTP/1.1" 200 30
192.168.10.96 - - [02/Jan/2019:12:50:51 -0300] "POST /cormun/servlet/solicitudotcontratos?3b84008aa5f22bbb68692bfea635e730,INS,2019,0,9543879,2,6,2018,5522,INTEGRACION,201811,3,B,,gx-no-cache=1546443986725 HTTP/1.1" 200 93
192.168.10.96 - - [02/Jan/2019:12:50:51 -0300] "GET /cormun/servlet/hpexe_return? HTTP/1.1" 200 1050
192.168.10.96 - - [02/Jan/2019:12:50:51 -0300] "GET /cormun/servlet/trcontratosolicitud? HTTP/1.1" 200 7525
192.168.10.96 - - [02/Jan/2019:12:50:52 -0300] "GET /cormun/servlet/trcontratosolicitud? HTTP/1.1" 200 7521
190.171.142.18 - - [02/Jan/2019:12:50:56 -0300] "GET /cormun/servlet/solicitudot?5c19b8b57b5d78202a299224eba9cb5a4ee03c9abef59738fb6ec36a69d19c7bd5e193fd3dbf5babe97bac231173583d,gx-no-cache=1546444257292 HTTP/1.1" 200 30
190.171.142.18 - - [02/Jan/2019:12:51:07 -0300] "POST /cormun/servlet/solicitudot?gx-no-cache=1546444268360 HTTP/1.1" 200 33
190.171.142.18 - - [02/Jan/2019:12:51:09 -0300] "POST /cormun/servlet/solicitudot?4d4f472bb08138182858fac13de00d97,INS,0,0,,gx-no-cache=1546444270033 HTTP/1.1" 200 93
190.171.142.18 - - [02/Jan/2019:12:51:09 -0300] "GET /cormun/servlet/hpexe_return? HTTP/1.1" 200 1003
190.171.142.18 - - [02/Jan/2019:12:51:09 -0300] "GET /cormun/servlet/trsolicitudot HTTP/1.1" 200 18552
190.171.142.18 - - [02/Jan/2019:12:51:10 -0300] "GET /cormun/servlet/trsolicitudot HTTP/1.1" 200 18547
190.171.142.18 - - [02/Jan/2019:12:51:16 -0300] "GET /cormun/servlet/solicitudot?INS,0,0, HTTP/1.1" 200 15134
190.171.142.18 - - [02/Jan/2019:12:51:16 -0300] "GET /cormun/servlet/solicitudot?INS,0,0, HTTP/1.1" 200 15139
192.168.10.96 - - [02/Jan/2019:12:51:21 -0300] "POST /cormun/servlet/trcontratosolicitud?3b84008aa5f22bbb68692bfea635e730,,gx-no-cache=1546444016687 HTTP/1.1" 200 5048
192.168.10.96 - - [02/Jan/2019:12:51:22 -0300] "GET /cormun/servlet/solicitudotcontratos?INS,2019,0,15993933,2,2,2018,5386,INTEGRACION,201811,42,B, HTTP/1.1" 200 9984
192.168.10.96 - - [02/Jan/2019:12:51:23 -0300] "GET /cormun/servlet/solicitudotcontratos?INS,2019,0,15993933,2,2,2018,5386,INTEGRACION,201811,42,B, HTTP/1.1" 200 10016
192.168.10.96 - - [02/Jan/2019:12:51:23 -0300] "GET /cormun/servlet/solicitudotcontratos?7686990369b8cc9e8a79304e7c5dc8d31822dbd367dceb7353fa64f8f5cd7e9eedbebcfe7ef71795bf94e6633825c7c9,gx-no-cache=1546444019248 HTTP/1.1" 200 30
192.168.10.96 - - [02/Jan/2019:12:51:23 -0300] "GET /cormun/servlet/solicitudotcontratos?7686990369b8cc9e8a79304e7c5dc8d36fcc185f4b4c0642b86116c6e8103969c2b4addc89df6e31c8eb601da3be6a99,gx-no-cache=1546444019271 HTTP/1.1" 200 30
192.168.10.96 - - [02/Jan/2019:12:51:23 -0300] "GET /cormun/servlet/solicitudotcontratos?7686990369b8cc9e8a79304e7c5dc8d35dfff9e4f59cb7a2bd270ddeebeff063477495edf5d7c557d7e028d27ad3f1b60bf6f0c0b3d00253f41b2cff99ab5cc6d21ab67969a59ae00a0eded9614df83b4a16ea12b5a94d46b6a3712aba73ca871b5f4f47350f44c392d8f652fd5f70b3d8ae796b25cab655f978a994c0d1d6c1,gx-no-cache=1546444019294 HTTP/1.1" 200 48
192.168.10.96 - - [02/Jan/2019:12:51:23 -0300] "GET /cormun/servlet/solicitudotcontratos?7686990369b8cc9e8a79304e7c5dc8d3346cec8aa12847fe5ceaf9bb9b5e8dccd7f83a6acc279971b261702ba8e44a29,gx-no-cache=1546444019320 HTTP/1.1" 200 30
192.168.10.96 - - [02/Jan/2019:12:51:23 -0300] "GET /cormun/servlet/solicitudotcontratos?7686990369b8cc9e8a79304e7c5dc8d37a601aec44c32aa5fa647590a5fab3f7ff567e3287f412f0faf33e9f776e59602eaa7a1c3c7b017ea3bfb2c8090bb3278be0d7f5771c648e79ecee6decaeccc7325cf464f4f018d37129109a7daeaea66c672808aba1ed94f31f3c68b97fc5b5,gx-no-cache=1546444019342 HTTP/1.1" 200 30
192.168.10.96 - - [02/Jan/2019:12:51:23 -0300] "GET /cormun/servlet/solicitudotcontratos?7686990369b8cc9e8a79304e7c5dc8d35734fd1ab7cbe587888993c5b5186bf597446747b999a4672f291e38f45b9a302eaa7a1c3c7b017ea3bfb2c8090bb32764239fd0b016a912838d604b4c3c9de111817ad0031bfcf3b0a1fa1c16560b670f4a4b81f4faf7e1e7be559109db5f4f,gx-no-cache=1546444019364 HTTP/1.1" 200 110
192.168.10.96 - - [02/Jan/2019:12:51:23 -0300] "POST /cormun/servlet/solicitudotcontratos?gx-no-cache=1546444019388 HTTP/1.1" 200 109
192.168.10.96 - - [02/Jan/2019:12:51:23 -0300] "GET /cormun/servlet/solicitudotcontratos?7686990369b8cc9e8a79304e7c5dc8d3cc1666b70cefca4ecde7ea294536dd831eeb2c3eadd9dfbc434e49faea30ddf45c1f5c07a3f752895f1c1d60e841e626540306fff9911f20703f6dad88a1aeac7482b227bcc8ea32051dd3454d7addca7a94f2b2eb8127881d942a080bff4ca95abd7c4581ece88a0fca1eb9911a361d850bf58d691ed5b27211d66fb8aa0d4f7787500756cc5bd389f3e0c2cdb492316441085be50d5430a2945ef0cf7cd0ef26b16ca2040f9a32a4087c36815ffc91dfdb059eff306140ca2955d43a14ca019c3236a3e6b0a05877aecd3f662ca935977e795f70fbbf42540409b91a79a04aed96a89e71eae30db2c1c7099d597090,gx-no-cache=1546444019410 HTTP/1.1" 200 84
190.171.142.18 - - [02/Jan/2019:12:51:23 -0300] "POST /cormun/servlet/solicitudot?gx-no-cache=1546444284801 HTTP/1.1" 200 3544
190.171.142.18 - - [02/Jan/2019:12:51:24 -0300] "POST /cormun/servlet/solicitudot?4d4f472bb08138182858fac13de00d97,INS,0,0,,gx-no-cache=1546444284936 HTTP/1.1" 200 11878
192.168.10.96 - - [02/Jan/2019:12:51:24 -0300] "POST /cormun/servlet/solicitudotcontratos?3b84008aa5f22bbb68692bfea635e730,INS,2019,0,15993933,2,2,2018,5386,INTEGRACION,201811,42,B,,gx-no-cache=1546444020298 HTTP/1.1" 200 11057
192.168.10.96 - - [02/Jan/2019:12:51:24 -0300] "GET /cormun/servlet/solicitudotcontratos?7686990369b8cc9e8a79304e7c5dc8d3793103b5f85bd4b295ba0460be5bf4339fe7bb4527c2e08f8efc547ee0bc15ef98e09819f6d7c00f23d470b78672fdfd55334913d1d7593c57776ad95ba29c592e9cf221f4b7149ab13c33f90579d60b20e9df6f45c5e3069130a74a7a55a1165b97c3abd82739a33d9b8bcb58ad842b,gx-no-cache=1546444020509 HTTP/1.1" 200 30
192.168.10.96 - - [02/Jan/2019:12:51:25 -0300] "POST /cormun/servlet/solicitudotcontratos?3b84008aa5f22bbb68692bfea635e730,INS,2019,0,15993933,2,2,2018,5386,INTEGRACION,201811,42,B,,gx-no-cache=1546444020522 HTTP/1.1" 200 93
192.168.10.96 - - [02/Jan/2019:12:51:25 -0300] "GET /cormun/servlet/hpexe_return? HTTP/1.1" 200 1050
192.168.10.96 - - [02/Jan/2019:12:51:25 -0300] "GET /cormun/servlet/trcontratosolicitud? HTTP/1.1" 200 6787
