192.168.10.96 - - [02/Jan/2019:12:51:25 -0300] "GET /cormun/servlet/trcontratosolicitud? HTTP/1.1" 200 6783
190.171.142.18 - - [02/Jan/2019:12:51:26 -0300] "GET /cormun/servlet/solicitudot?5c19b8b57b5d78202a299224eba9cb5a46476c2bbbece92835565f329461ad1c8ce1bdab0790a7e9aa8de511c71afee1,gx-no-cache=1546444287683 HTTP/1.1" 200 30
190.171.142.18 - - [02/Jan/2019:12:51:26 -0300] "GET /cormun/servlet/solicitudot?5c19b8b57b5d78202a299224eba9cb5a416e3620fc66f00ada6fbe245416584ce13b703eb8cdd2547ff42901679cf4df063666504e0089112ddc597f23ddeecd,gx-no-cache=1546444287752 HTTP/1.1" 200 30
190.171.142.18 - - [02/Jan/2019:12:51:26 -0300] "GET /cormun/servlet/solicitudot?5c19b8b57b5d78202a299224eba9cb5a6836be3a65ae1184d69846c03dbf509b,gx-no-cache=1546444287775 HTTP/1.1" 200 53
190.171.142.18 - - [02/Jan/2019:12:51:26 -0300] "POST /cormun/servlet/solicitudot?gx-no-cache=1546444287797 HTTP/1.1" 200 255
190.171.142.18 - - [02/Jan/2019:12:51:26 -0300] "GET /cormun/servlet/solicitudot?5c19b8b57b5d78202a299224eba9cb5a0f3e95589c3ecf8873e0f1035586f116dcd663019736afd137e92daee1d5dfde29cb2122d348b848f14b66519791bda217c79cbc086d58aeb22f7fa0c6a5817e985ef6f3b61e54ba6c6af677fe32c50518ee1526126443970000b56391ebbe7238e89bcc90a37f0ba9c9a0dac4c7c7aecf096b29c2a290fad3bbaaba25523d76151aae9dee60fa66a2b6d21364a32266855d4388ff94a86c699dab1caf05c87174af626353281ad0ec8cce798e2debeecdfb36eebd73dab44d8a8b4e001c68fb4bcd23c3c18c121b693de403e99b074601091cbc4f4bfe13c9b2c082e4627101b7241a4b3595b851099769b07ae239055a050acf0fe1f268e74fd1c48b38077d4ad7748e758ec8a3bfbaf5673e407ff93bea0c52011b4a5283388fa534493d50062fe634c36a780bcbc6d13c7092fff07c981354c1958aca9e640456b1a720c47b2ccf02dd69f77da0dfd50490661e49579c35d80e54b5980ef1dd33e2111e205cbd6fd443fc31eac37b4e248d40ca54,gx-no-cache=1546444287827 HTTP/1.1" 200 30
190.171.142.18 - - [02/Jan/2019:12:51:30 -0300] "POST /cormun/servlet/solicitudot?gx-no-cache=1546444291005 HTTP/1.1" 200 30
190.171.142.18 - - [02/Jan/2019:12:51:33 -0300] "GET /cormun/servlet/prcontratosol?14605820,,,,,MD,,gxPopupLevel%3D0%3B HTTP/1.1" 200 7993
190.171.142.18 - - [02/Jan/2019:12:51:36 -0300] "POST /cormun/servlet/solicitudot?gx-no-cache=1546444296943 HTTP/1.1" 200 1282
190.171.142.18 - - [02/Jan/2019:12:51:36 -0300] "POST /cormun/servlet/solicitudot?gx-no-cache=1546444296977 HTTP/1.1" 200 38
190.171.142.18 - - [02/Jan/2019:12:51:36 -0300] "GET /cormun/servlet/solicitudot?5c19b8b57b5d78202a299224eba9cb5a84692a62d26219ab5ab0b89743c7537a8a687b4b9e5f5cc7cb83fdaaf142e933e517640fc5a6c2b679dfdc16d06a413421e81035dd5abd0ee0c34e75841e58160e3252bf8d47e678f8255b3b7e0be54b8c15a8d5e93a3eaec955c234265d8568,gx-no-cache=1546444296998 HTTP/1.1" 200 110
190.171.142.18 - - [02/Jan/2019:12:51:36 -0300] "POST /cormun/servlet/solicitudot?gx-no-cache=1546444297019 HTTP/1.1" 200 97
190.171.142.18 - - [02/Jan/2019:12:51:36 -0300] "GET /cormun/servlet/solicitudot?5c19b8b57b5d78202a299224eba9cb5aa427c0d2e2b7c63d262e00218be6f188e52571822cf1725a31029a66e0fc5d1af1d74a1fdc85d360c1d7a3b97e95f67bc977cac1630489ec284ac10a400233ad06717fb3815267bdd308a4a28598e62582bf9135e08e1359705305882f0d7796711cbed27f23bf59d1ad27238661e6ccf162b4622e3c7d95d1f64a5ef29dd0c97b03c7db71439af025a05eedb7164d0f,gx-no-cache=1546444297044 HTTP/1.1" 200 29
190.171.142.18 - - [02/Jan/2019:12:51:36 -0300] "GET /cormun/servlet/solicitudot?5c19b8b57b5d78202a299224eba9cb5abc4b47e386f42287a62a631487b1afaede65aeab71cb958cef2b74fcec9551a2,gx-no-cache=1546444297062 HTTP/1.1" 200 134
190.171.142.18 - - [02/Jan/2019:12:51:36 -0300] "GET /cormun/static/Shared/jqueryui/images/ui-bg_highlight-soft_100_c6c2c8_1x100.png HTTP/1.1" 404 1117
190.171.142.18 - - [02/Jan/2019:12:51:36 -0300] "GET /cormun/static/Shared/jqueryui/images/ui-icons_82798d_256x240.png HTTP/1.1" 404 1089
190.171.142.18 - - [02/Jan/2019:12:51:36 -0300] "GET /cormun/static/Shared/jqueryui/images/ui-bg_flat_55_994d53_40x100.png HTTP/1.1" 404 1097
190.171.142.18 - - [02/Jan/2019:12:51:36 -0300] "GET /cormun/static/Shared/jqueryui/images/ui-icons_ebccce_256x240.png HTTP/1.1" 404 1089
190.171.142.18 - - [02/Jan/2019:12:51:47 -0300] "GET /cormun/static/menuarrow.gif HTTP/1.1" 404 1015
190.171.142.18 - - [02/Jan/2019:12:51:54 -0300] "GET /cormun/servlet/solicitudot?5c19b8b57b5d78202a299224eba9cb5a4ee03c9abef59738fb6ec36a69d19c7bd5e193fd3dbf5babe97bac231173583d,gx-no-cache=1546444315251 HTTP/1.1" 200 30
190.171.142.18 - - [02/Jan/2019:12:52:02 -0300] "POST /cormun/servlet/solicitudot?gx-no-cache=1546444323532 HTTP/1.1" 200 33
190.171.142.18 - - [02/Jan/2019:12:52:07 -0300] "POST /cormun/servlet/solicitudot?4d4f472bb08138182858fac13de00d97,INS,0,0,,gx-no-cache=1546444328400 HTTP/1.1" 200 93
190.171.142.18 - - [02/Jan/2019:12:52:07 -0300] "GET /cormun/servlet/hpexe_return? HTTP/1.1" 200 1003
190.171.142.18 - - [02/Jan/2019:12:52:08 -0300] "GET /cormun/servlet/trsolicitudot HTTP/1.1" 200 18854
190.171.142.18 - - [02/Jan/2019:12:52:08 -0300] "GET /cormun/servlet/trsolicitudot HTTP/1.1" 200 18849
192.168.10.96 - - [02/Jan/2019:12:52:54 -0300] "POST /cormun/servlet/trcontratosolicitud?3b84008aa5f22bbb68692bfea635e730,,gx-no-cache=1546444109907 HTTP/1.1" 200 5309
192.168.10.96 - - [02/Jan/2019:12:52:57 -0300] "GET /cormun/servlet/solicitudotcontratos?INS,2019,0,6743471,4,6,2018,2318,NADA,201811,8,B, HTTP/1.1" 200 9939
192.168.10.96 - - [02/Jan/2019:12:52:58 -0300] "GET /cormun/servlet/solicitudotcontratos?INS,2019,0,6743471,4,6,2018,2318,NADA,201811,8,B, HTTP/1.1" 200 9971
192.168.10.96 - - [02/Jan/2019:12:52:58 -0300] "GET /cormun/servlet/solicitudotcontratos?7686990369b8cc9e8a79304e7c5dc8d3e03df8cc7312e14aff461477fe26344db0f8640945f5d91a1286209c9fdf084d,gx-no-cache=1546444114138 HTTP/1.1" 200 30
192.168.10.96 - - [02/Jan/2019:12:52:58 -0300] "GET /cormun/servlet/solicitudotcontratos?7686990369b8cc9e8a79304e7c5dc8d38e78fcc828595d41f05e902a1627686a99aafa1c8b6c2334e58e99a2ead84031,gx-no-cache=1546444114172 HTTP/1.1" 200 30
192.168.10.96 - - [02/Jan/2019:12:52:58 -0300] "GET /cormun/servlet/solicitudotcontratos?7686990369b8cc9e8a79304e7c5dc8d35dfff9e4f59cb7a2bd270ddeebeff063477495edf5d7c557d7e028d27ad3f1b60bf6f0c0b3d00253f41b2cff99ab5cc6d21ab67969a59ae00a0eded9614df83b2f376c3d161e2e426ff9675347b24c91cfd1eaa2f04565c6260129fde43d9898c6e4cc6d18561224076df0a6302ab882,gx-no-cache=1546444114190 HTTP/1.1" 200 50
192.168.10.96 - - [02/Jan/2019:12:52:58 -0300] "GET /cormun/servlet/solicitudotcontratos?7686990369b8cc9e8a79304e7c5dc8d3732f252ea5aa20dfb8d88259125178e293d9bad9f6bf869acb484f97691f825e,gx-no-cache=1546444114213 HTTP/1.1" 200 30
192.168.10.96 - - [02/Jan/2019:12:52:58 -0300] "GET /cormun/servlet/solicitudotcontratos?7686990369b8cc9e8a79304e7c5dc8d37a601aec44c32aa5fa647590a5fab3f7ff567e3287f412f0faf33e9f776e59602eaa7a1c3c7b017ea3bfb2c8090bb3278be0d7f5771c648e79ecee6decaeccc75035c969923e0a4a4007dafc390c66566c672808aba1ed94f31f3c68b97fc5b5,gx-no-cache=1546444114231 HTTP/1.1" 200 30
192.168.10.96 - - [02/Jan/2019:12:52:58 -0300] "GET /cormun/servlet/solicitudotcontratos?7686990369b8cc9e8a79304e7c5dc8d35734fd1ab7cbe587888993c5b5186bf597446747b999a4672f291e38f45b9a302eaa7a1c3c7b017ea3bfb2c8090bb32764239fd0b016a912838d604b4c3c9de111817ad0031bfcf3b0a1fa1c16560b670f4a4b81f4faf7e1e7be559109db5f4f,gx-no-cache=1546444114248 HTTP/1.1" 200 110
192.168.10.96 - - [02/Jan/2019:12:52:58 -0300] "POST /cormun/servlet/solicitudotcontratos?gx-no-cache=1546444114266 HTTP/1.1" 200 97
192.168.10.96 - - [02/Jan/2019:12:52:58 -0300] "GET /cormun/servlet/solicitudotcontratos?7686990369b8cc9e8a79304e7c5dc8d3cc1666b70cefca4ecde7ea294536dd831eeb2c3eadd9dfbc434e49faea30ddf413ae1158c841e497d7fb6609829175f120fceba6b7e8697cf64ec12b6df838f7c679f29e3aea1d79fe98492e4ef46f8c0be1364f7b61a379ba4cc4320831862fa0f61fefec6730eb5e7d1c167eec741349173cdef0aa08e9c1eaf205d270406a3201ded6a9b3d3c6e161fefa89185bacf2699d42055e2298abe0251955b22a9495fc00e4acda5a1e733235e1fa1c6d04d42a2e9862690b083f185fc08f39ddac,gx-no-cache=1546444114289 HTTP/1.1" 200 73
192.168.10.96 - - [02/Jan/2019:12:53:02 -0300] "POST /cormun/servlet/solicitudotcontratos?3b84008aa5f22bbb68692bfea635e730,INS,2019,0,6743471,4,6,2018,2318,NADA,201811,8,B,,gx-no-cache=1546444117699 HTTP/1.1" 200 11009
192.168.10.96 - - [02/Jan/2019:12:53:02 -0300] "GET /cormun/servlet/solicitudotcontratos?7686990369b8cc9e8a79304e7c5dc8d3793103b5f85bd4b295ba0460be5bf4339fe7bb4527c2e08f8efc547ee0bc15ef98e09819f6d7c00f23d470b78672fdfd55334913d1d7593c57776ad95ba29c592e9cf221f4b7149ab13c33f90579d60b20e9df6f45c5e3069130a74a7a55a1165b97c3abd82739a33d9b8bcb58ad842b,gx-no-cache=1546444117921 HTTP/1.1" 200 30
192.168.10.96 - - [02/Jan/2019:12:53:02 -0300] "POST /cormun/servlet/solicitudotcontratos?3b84008aa5f22bbb68692bfea635e730,INS,2019,0,6743471,4,6,2018,2318,NADA,201811,8,B,,gx-no-cache=1546444117935 HTTP/1.1" 200 93
192.168.10.96 - - [02/Jan/2019:12:53:02 -0300] "GET /cormun/servlet/hpexe_return? HTTP/1.1" 200 1043
192.168.10.96 - - [02/Jan/2019:12:53:02 -0300] "GET /cormun/servlet/trcontratosolicitud? HTTP/1.1" 200 7718
192.168.10.96 - - [02/Jan/2019:12:53:03 -0300] "GET /cormun/servlet/trcontratosolicitud? HTTP/1.1" 200 7714
192.168.10.96 - - [02/Jan/2019:12:53:05 -0300] "GET /cormun/servlet/solicitudotcontratos?INS,2019,0,6743471,4,6,2018,2319,NADA,201811,3,B, HTTP/1.1" 200 9938
192.168.10.96 - - [02/Jan/2019:12:53:06 -0300] "GET /cormun/servlet/solicitudotcontratos?INS,2019,0,6743471,4,6,2018,2319,NADA,201811,3,B, HTTP/1.1" 200 9970
192.168.10.96 - - [02/Jan/2019:12:53:06 -0300] "GET /cormun/servlet/solicitudotcontratos?7686990369b8cc9e8a79304e7c5dc8d3e03df8cc7312e14aff461477fe26344db0f8640945f5d91a1286209c9fdf084d,gx-no-cache=1546444122053 HTTP/1.1" 200 30
192.168.10.96 - - [02/Jan/2019:12:53:06 -0300] "GET /cormun/servlet/solicitudotcontratos?7686990369b8cc9e8a79304e7c5dc8d38e78fcc828595d41f05e902a1627686a99aafa1c8b6c2334e58e99a2ead84031,gx-no-cache=1546444122081 HTTP/1.1" 200 30
192.168.10.96 - - [02/Jan/2019:12:53:06 -0300] "GET /cormun/servlet/solicitudotcontratos?7686990369b8cc9e8a79304e7c5dc8d35dfff9e4f59cb7a2bd270ddeebeff063477495edf5d7c557d7e028d27ad3f1b60bf6f0c0b3d00253f41b2cff99ab5cc6d21ab67969a59ae00a0eded9614df83b2f376c3d161e2e426ff9675347b24c91cfd1eaa2f04565c6260129fde43d9898c6e4cc6d18561224076df0a6302ab882,gx-no-cache=1546444122103 HTTP/1.1" 200 50
192.168.10.96 - - [02/Jan/2019:12:53:06 -0300] "GET /cormun/servlet/solicitudotcontratos?7686990369b8cc9e8a79304e7c5dc8d3732f252ea5aa20dfb8d88259125178e293d9bad9f6bf869acb484f97691f825e,gx-no-cache=1546444122130 HTTP/1.1" 200 30
192.168.10.96 - - [02/Jan/2019:12:53:06 -0300] "GET /cormun/servlet/solicitudotcontratos?7686990369b8cc9e8a79304e7c5dc8d37a601aec44c32aa5fa647590a5fab3f7ff567e3287f412f0faf33e9f776e59602eaa7a1c3c7b017ea3bfb2c8090bb3278be0d7f5771c648e79ecee6decaeccc75035c969923e0a4a4007dafc390c66566c672808aba1ed94f31f3c68b97fc5b5,gx-no-cache=1546444122152 HTTP/1.1" 200 30
192.168.10.96 - - [02/Jan/2019:12:53:06 -0300] "GET /cormun/servlet/solicitudotcontratos?7686990369b8cc9e8a79304e7c5dc8d35734fd1ab7cbe587888993c5b5186bf597446747b999a4672f291e38f45b9a302eaa7a1c3c7b017ea3bfb2c8090bb32764239fd0b016a912838d604b4c3c9de111817ad0031bfcf3b0a1fa1c16560b670f4a4b81f4faf7e1e7be559109db5f4f,gx-no-cache=1546444122172 HTTP/1.1" 200 110
192.168.10.96 - - [02/Jan/2019:12:53:06 -0300] "POST /cormun/servlet/solicitudotcontratos?gx-no-cache=1546444122197 HTTP/1.1" 200 97
192.168.10.96 - - [02/Jan/2019:12:53:06 -0300] "GET /cormun/servlet/solicitudotcontratos?7686990369b8cc9e8a79304e7c5dc8d3cc1666b70cefca4ecde7ea294536dd831eeb2c3eadd9dfbc434e49faea30ddf413ae1158c841e497d7fb6609829175f120fceba6b7e8697cf64ec12b6df838f7c679f29e3aea1d79fe98492e4ef46f8c0be1364f7b61a379ba4cc4320831862fa0f61fefec6730eb5e7d1c167eec741349173cdef0aa08e9c1eaf205d270406a3201ded6a9b3d3c6e161fefa89185bacf2699d42055e2298abe0251955b22a9495fc00e4acda5a1e733235e1fa1c6d04d42a2e9862690b083f185fc08f39ddac,gx-no-cache=1546444122225 HTTP/1.1" 200 73
192.168.10.96 - - [02/Jan/2019:12:53:14 -0300] "GET /cormun/servlet/solicitudotcontratos?7686990369b8cc9e8a79304e7c5dc8d369900ee1bd575c68434cce183c452e26997e740e51a9a664e2fdb9810b8a7da81eeb2c3eadd9dfbc434e49faea30ddf45c1f5c07a3f752895f1c1d60e841e626540306fff9911f20703f6dad88a1aeac7482b227bcc8ea32051dd3454d7addca7a94f2b2eb8127881d942a080bff4ca95abd7c4581ece88a0fca1eb9911a361db9a73f1b240dcc4b0e70873063c564bc324f63e9681cea698f1b193d3d00c0cd35b88c591b6bab0b319eed2a4371e32b2aa6b27b0dd58fe10189ed77feea6bd9ced0aae4a0ba79464fa01fba6d81be3c8993ed597cf6d173d12a2a4091945a906b644557b1ba80835b6d4d211f22948ad016779b8842f57e7e1cbeae7533def4,gx-no-cache=1546444129890 HTTP/1.1" 200 84
192.168.10.96 - - [02/Jan/2019:12:53:15 -0300] "POST /cormun/servlet/solicitudotcontratos?3b84008aa5f22bbb68692bfea635e730,INS,2019,0,6743471,4,6,2018,2319,NADA,201811,3,B,,gx-no-cache=1546444131073 HTTP/1.1" 200 11018
192.168.10.96 - - [02/Jan/2019:12:53:15 -0300] "GET /cormun/servlet/solicitudotcontratos?7686990369b8cc9e8a79304e7c5dc8d3793103b5f85bd4b295ba0460be5bf4339fe7bb4527c2e08f8efc547ee0bc15ef98e09819f6d7c00f23d470b78672fdfd55334913d1d7593c57776ad95ba29c592e9cf221f4b7149ab13c33f90579d60b20e9df6f45c5e3069130a74a7a55a1165b97c3abd82739a33d9b8bcb58ad842b,gx-no-cache=1546444131327 HTTP/1.1" 200 30
192.168.10.96 - - [02/Jan/2019:12:53:15 -0300] "POST /cormun/servlet/solicitudotcontratos?3b84008aa5f22bbb68692bfea635e730,INS,2019,0,6743471,4,6,2018,2319,NADA,201811,3,B,,gx-no-cache=1546444131340 HTTP/1.1" 200 93
192.168.10.96 - - [02/Jan/2019:12:53:15 -0300] "GET /cormun/servlet/hpexe_return? HTTP/1.1" 200 1042
192.168.10.96 - - [02/Jan/2019:12:53:16 -0300] "GET /cormun/servlet/trcontratosolicitud HTTP/1.1" 200 7519
192.168.10.96 - - [02/Jan/2019:12:53:16 -0300] "GET /cormun/servlet/trcontratosolicitud HTTP/1.1" 200 7515
192.168.10.96 - - [02/Jan/2019:12:53:38 -0300] "POST /cormun/servlet/trcontratosolicitud?3b84008aa5f22bbb68692bfea635e730,gx-no-cache=1546444153705 HTTP/1.1" 200 5182
192.168.10.96 - - [02/Jan/2019:12:53:42 -0300] "GET /cormun/servlet/solicitudotcontratos?INS,2019,0,11889900,8,2,2018,2320,LEY+SEP,201811,38,B, HTTP/1.1" 200 9937
192.168.10.96 - - [02/Jan/2019:12:53:42 -0300] "GET /cormun/servlet/solicitudotcontratos?INS,2019,0,11889900,8,2,2018,2320,LEY+SEP,201811,38,B, HTTP/1.1" 200 9973
192.168.10.96 - - [02/Jan/2019:12:53:43 -0300] "GET /cormun/servlet/solicitudotcontratos?7686990369b8cc9e8a79304e7c5dc8d3bf98677dbb77030072020477f7fe0d6eedbebcfe7ef71795bf94e6633825c7c9,gx-no-cache=1546444158777 HTTP/1.1" 200 30
192.168.10.96 - - [02/Jan/2019:12:53:43 -0300] "GET /cormun/servlet/solicitudotcontratos?7686990369b8cc9e8a79304e7c5dc8d38315c1cd7bfbf01e89476d1dffff4ca5c2b4addc89df6e31c8eb601da3be6a99,gx-no-cache=1546444158799 HTTP/1.1" 200 30
192.168.10.96 - - [02/Jan/2019:12:53:43 -0300] "GET /cormun/servlet/solicitudotcontratos?7686990369b8cc9e8a79304e7c5dc8d35dfff9e4f59cb7a2bd270ddeebeff063477495edf5d7c557d7e028d27ad3f1b60bf6f0c0b3d00253f41b2cff99ab5cc6d21ab67969a59ae00a0eded9614df83b4a16ea12b5a94d46b6a3712aba73ca871b5f4f47350f44c392d8f652fd5f70b3d8ae796b25cab655f978a994c0d1d6c1,gx-no-cache=1546444158817 HTTP/1.1" 200 48
192.168.10.96 - - [02/Jan/2019:12:53:43 -0300] "GET /cormun/servlet/solicitudotcontratos?7686990369b8cc9e8a79304e7c5dc8d3b83ef2abbe40bc2709c28c8fb9d40b08ae3c6abf5dac737bcc2ce881016ed289,gx-no-cache=1546444158839 HTTP/1.1" 200 30
192.168.10.96 - - [02/Jan/2019:12:53:43 -0300] "GET /cormun/servlet/solicitudotcontratos?7686990369b8cc9e8a79304e7c5dc8d37a601aec44c32aa5fa647590a5fab3f7ff567e3287f412f0faf33e9f776e59602eaa7a1c3c7b017ea3bfb2c8090bb3278be0d7f5771c648e79ecee6decaeccc7325cf464f4f018d37129109a7daeaea66c672808aba1ed94f31f3c68b97fc5b5,gx-no-cache=1546444158857 HTTP/1.1" 200 30
192.168.10.96 - - [02/Jan/2019:12:53:43 -0300] "GET /cormun/servlet/solicitudotcontratos?7686990369b8cc9e8a79304e7c5dc8d35734fd1ab7cbe587888993c5b5186bf597446747b999a4672f291e38f45b9a302eaa7a1c3c7b017ea3bfb2c8090bb32764239fd0b016a912838d604b4c3c9de111817ad0031bfcf3b0a1fa1c16560b670f4a4b81f4faf7e1e7be559109db5f4f,gx-no-cache=1546444158875 HTTP/1.1" 200 110
192.168.10.96 - - [02/Jan/2019:12:53:43 -0300] "POST /cormun/servlet/solicitudotcontratos?gx-no-cache=1546444158895 HTTP/1.1" 200 67
192.168.10.96 - - [02/Jan/2019:12:53:43 -0300] "GET /cormun/servlet/solicitudotcontratos?7686990369b8cc9e8a79304e7c5dc8d3cc1666b70cefca4ecde7ea294536dd831eeb2c3eadd9dfbc434e49faea30ddf4d94b58865aa8c553c31b7f08840b3ddb2eaa7a1c3c7b017ea3bfb2c8090bb327850bf58d691ed5b27211d66fb8aa0d4f7787500756cc5bd389f3e0c2cdb49231ed96a89e71eae30db2c1c7099d597090,gx-no-cache=1546444158917 HTTP/1.1" 200 80
192.168.10.96 - - [02/Jan/2019:12:53:46 -0300] "POST /cormun/servlet/solicitudotcontratos?3b84008aa5f22bbb68692bfea635e730,INS,2019,0,11889900,8,2,2018,2320,LEY+SEP,201811,38,B,,gx-no-cache=1546444162506 HTTP/1.1" 200 11010
192.168.10.96 - - [02/Jan/2019:12:53:47 -0300] "GET /cormun/servlet/solicitudotcontratos?7686990369b8cc9e8a79304e7c5dc8d3793103b5f85bd4b295ba0460be5bf4339fe7bb4527c2e08f8efc547ee0bc15ef98e09819f6d7c00f23d470b78672fdfd55334913d1d7593c57776ad95ba29c592e9cf221f4b7149ab13c33f90579d60b20e9df6f45c5e3069130a74a7a55a1165b97c3abd82739a33d9b8bcb58ad842b,gx-no-cache=1546444162728 HTTP/1.1" 200 30
192.168.10.96 - - [02/Jan/2019:12:53:47 -0300] "POST /cormun/servlet/solicitudotcontratos?3b84008aa5f22bbb68692bfea635e730,INS,2019,0,11889900,8,2,2018,2320,LEY+SEP,201811,38,B,,gx-no-cache=1546444162742 HTTP/1.1" 200 93
192.168.10.96 - - [02/Jan/2019:12:53:47 -0300] "GET /cormun/servlet/hpexe_return? HTTP/1.1" 200 1069
192.168.10.96 - - [02/Jan/2019:12:53:47 -0300] "GET /cormun/servlet/trcontratosolicitud?gx-no-cache=1546444153705 HTTP/1.1" 200 7565
192.168.10.96 - - [02/Jan/2019:12:53:47 -0300] "GET /cormun/servlet/trcontratosolicitud?gx-no-cache=1546444153705 HTTP/1.1" 200 7582
190.171.149.90 - - [02/Jan/2019:12:53:48 -0300] "GET /cormun/servlet/trfichaempleado? HTTP/1.1" 200 5428
190.171.149.90 - - [02/Jan/2019:12:53:49 -0300] "GET /cormun/static/gxui/gxui-all.css?110300 HTTP/1.1" 200 2179
190.171.149.90 - - [02/Jan/2019:12:53:49 -0300] "GET /cormun/static/SmoothNavMenu/resources/ddsmoothmenu-v.css?1012540 HTTP/1.1" 200 1188
190.171.149.90 - - [02/Jan/2019:12:53:49 -0300] "GET /cormun/static/SmoothNavMenu/resources/ddsmoothmenu.css?1012540 HTTP/1.1" 200 2223
190.171.149.90 - - [02/Jan/2019:12:53:49 -0300] "GET /cormun/static/scaMessage/css/jquery.pnotify.default.css?1716380 HTTP/1.1" 200 1707
190.171.149.90 - - [02/Jan/2019:12:53:49 -0300] "GET /cormun/static/Shared/jqueryui/jquery-ui.min.css?1245370 HTTP/1.1" 200 30288
190.171.149.90 - - [02/Jan/2019:12:53:49 -0300] "GET /cormun/static/Resources/Spanish/PXTools.css?1155365 HTTP/1.1" 200 89042
190.171.149.90 - - [02/Jan/2019:12:53:49 -0300] "GET /cormun/static/gxcfg.js?20177616262612 HTTP/1.1" 200 953
190.171.149.90 - - [02/Jan/2019:12:53:49 -0300] "GET /cormun/static/PXToolsJavascripts/pexe_menudivfix.js HTTP/1.1" 200 333
190.171.149.90 - - [02/Jan/2019:12:53:49 -0300] "GET /cormun/static/PXToolsJavascripts/pexe_cookies.js HTTP/1.1" 200 792
190.171.149.90 - - [02/Jan/2019:12:53:49 -0300] "GET /cormun/static/PXToolsJavascripts/pexe_oav.js HTTP/1.1" 200 645
190.171.149.90 - - [02/Jan/2019:12:53:49 -0300] "GET /cormun/static/RunJS/RunJS.js HTTP/1.1" 200 288
190.171.149.90 - - [02/Jan/2019:12:53:49 -0300] "GET /cormun/static/PXToolsJavascripts/pexe_oavdivfix.js HTTP/1.1" 200 639
190.171.149.90 - - [02/Jan/2019:12:53:49 -0300] "GET /cormun/static/PXToolsJavascripts/pexe_picture.js HTTP/1.1" 200 689
190.171.149.90 - - [02/Jan/2019:12:53:49 -0300] "GET /cormun/static/PXToolsJavascripts/pexe_tabdivfix.js HTTP/1.1" 200 876
190.171.149.90 - - [02/Jan/2019:12:53:49 -0300] "GET /cormun/static/PXToolsJavascripts/PXToolsJavascriptsRender.js HTTP/1.1" 200 367
190.171.149.90 - - [02/Jan/2019:12:53:49 -0300] "GET /cormun/static/trfichaempleado.js?20177616262887 HTTP/1.1" 200 22815
190.171.149.90 - - [02/Jan/2019:12:53:49 -0300] "GET /cormun/static/hpexe_messagecontroller.js?20177611595012 HTTP/1.1" 200 870
190.171.149.90 - - [02/Jan/2019:12:53:49 -0300] "GET /cormun/static/hpexe_messagepopupcomponent.js?20161017169425 HTTP/1.1" 200 605
190.171.149.90 - - [02/Jan/2019:12:53:49 -0300] "GET /cormun/static/hpexe_messagegenexuscomponent.js?201752511465344 HTTP/1.1" 200 587
190.171.149.90 - - [02/Jan/2019:12:53:51 -0300] "GET /cormun/static/Resources/logo4.png HTTP/1.1" 200 6582
190.171.149.90 - - [02/Jan/2019:12:53:51 -0300] "GET /cormun/static/Resources/PXToolsHeaderActionsLeft.png HTTP/1.1" 200 1118
190.171.149.90 - - [02/Jan/2019:12:53:51 -0300] "GET /cormun/static/Resources/PXToolsHeaderLogin.png HTTP/1.1" 200 4279
190.171.149.90 - - [02/Jan/2019:12:53:51 -0300] "GET /cormun/static/Resources/PXToolsHeaderSecurity.png HTTP/1.1" 200 4166
190.171.149.90 - - [02/Jan/2019:12:53:51 -0300] "GET /cormun/static/Resources/PXToolsHeaderHome.png HTTP/1.1" 200 4147
190.171.149.90 - - [02/Jan/2019:12:53:51 -0300] "GET /cormun/static/Resources/PXToolsHeaderPreferences.png HTTP/1.1" 200 4189
190.171.149.90 - - [02/Jan/2019:12:53:51 -0300] "GET /cormun/static/Resources/PXToolsHeaderActionsRight.png HTTP/1.1" 200 1201
190.171.149.90 - - [02/Jan/2019:12:53:51 -0300] "GET /cormun/static/Resources/PXToolsDataSearch.png HTTP/1.1" 200 419
190.171.149.90 - - [02/Jan/2019:12:53:51 -0300] "GET /cormun/static/Resources/PXToolsGridFirstDisabled.gif HTTP/1.1" 200 100
190.171.149.90 - - [02/Jan/2019:12:53:51 -0300] "GET /cormun/static/Resources/PXToolsGridPreviousDisabled.gif HTTP/1.1" 200 90
190.171.149.90 - - [02/Jan/2019:12:53:51 -0300] "GET /cormun/static/Resources/PXToolsGridNextDisabled.gif HTTP/1.1" 200 90
190.171.149.90 - - [02/Jan/2019:12:53:51 -0300] "GET /cormun/static/Resources/PXToolsGridLastDisabled.gif HTTP/1.1" 200 98
190.171.149.90 - - [02/Jan/2019:12:53:51 -0300] "GET /cormun/static/Resources/PXToolsGridPage.gif HTTP/1.1" 200 725
190.171.149.90 - - [02/Jan/2019:12:53:51 -0300] "GET /cormun/static/Resources/PXToolsFooterBackground2.png HTTP/1.1" 200 1172
190.171.149.90 - - [02/Jan/2019:12:53:51 -0300] "GET /cormun/static/Resources/PXToolsHeaderBackground2.png HTTP/1.1" 200 1174
190.171.149.90 - - [02/Jan/2019:12:53:51 -0300] "GET /cormun/static/Resources/PXToolsHeaderActionsBackground.png HTTP/1.1" 200 484
190.171.149.90 - - [02/Jan/2019:12:53:51 -0300] "GET /cormun/static/Resources/PXToolsDataTitle.png HTTP/1.1" 200 1173
190.171.149.90 - - [02/Jan/2019:12:53:52 -0300] "GET /favicon.ico HTTP/1.1" 200 21630
190.171.149.90 - - [02/Jan/2019:12:53:52 -0300] "GET /cormun/servlet/hlogin HTTP/1.1" 200 1746
190.171.149.90 - - [02/Jan/2019:12:53:52 -0300] "GET /cormun/servlet/trfichaempleado? HTTP/1.1" 200 5425
190.171.149.90 - - [02/Jan/2019:12:53:52 -0300] "GET /cormun/servlet/trfichaempleado? HTTP/1.1" 200 5425
190.171.149.90 - - [02/Jan/2019:12:53:53 -0300] "GET /cormun/static/gxcfg.js?20177612122725 HTTP/1.1" 200 953
190.171.149.90 - - [02/Jan/2019:12:53:53 -0300] "GET /cormun/static/Resources/ComunLogin.png HTTP/1.1" 200 17326
190.171.149.90 - - [02/Jan/2019:12:53:53 -0300] "GET /cormun/static/Resources/PXToolsLoginBackground.png HTTP/1.1" 200 1164
190.171.149.90 - - [02/Jan/2019:12:53:53 -0300] "GET /cormun/static/Resources/PXToolsButtonLeft21.png HTTP/1.1" 200 1287
190.171.149.90 - - [02/Jan/2019:12:53:53 -0300] "GET /cormun/static/Resources/PXToolsLoginTop.png HTTP/1.1" 200 1337
190.171.149.90 - - [02/Jan/2019:12:53:53 -0300] "GET /cormun/static/Resources/PXToolsButtonRight21.png HTTP/1.1" 200 1283
190.171.149.90 - - [02/Jan/2019:12:53:53 -0300] "GET /cormun/static/Resources/PXToolsButtonBackground2.png HTTP/1.1" 200 1181
190.171.149.90 - - [02/Jan/2019:12:53:53 -0300] "GET /cormun/static/Resources/PXToolsLoginBottom.png HTTP/1.1" 200 1389
192.168.10.89 - - [02/Jan/2019:12:54:29 -0300] "GET /cormun/servlet/trsolicitudot? HTTP/1.1" 200 7505
192.168.10.89 - - [02/Jan/2019:12:54:31 -0300] "GET /cormun/servlet/solicitudot?INS,0,0, HTTP/1.1" 200 15089
192.168.15.13 - - [02/Jan/2019:12:54:36 -0300] "POST /digitalizacion/servlet/trdocumentos?16ffaf8f98db8e04a481a64743319019,,gx-no-cache=1546444272853 HTTP/1.1" 200 3388
192.168.15.13 - - [02/Jan/2019:12:54:36 -0300] "GET /digitalizacion/servlet/hlogin HTTP/1.1" 302 -
192.168.15.13 - - [02/Jan/2019:12:54:36 -0300] "GET /digitalizacion/servlet/wblogin? HTTP/1.1" 200 2330
192.168.10.89 - - [02/Jan/2019:12:54:38 -0300] "POST /cormun/servlet/solicitudot?gx-no-cache=1546444214038 HTTP/1.1" 200 3540
192.168.10.89 - - [02/Jan/2019:12:54:38 -0300] "POST /cormun/servlet/solicitudot?b3d190fd5bd5a334fd4305246d978deb,INS,0,0,,gx-no-cache=1546444214247 HTTP/1.1" 200 11838
192.168.15.13 - - [02/Jan/2019:12:54:39 -0300] "POST /digitalizacion/servlet/wblogin?16ffaf8f98db8e04a481a64743319019,,gx-no-cache=1546444276438 HTTP/1.1" 200 832
190.171.142.18 - - [02/Jan/2019:12:54:40 -0300] "GET /cormun/servlet/solicitudot?INS,0,0, HTTP/1.1" 200 15132
192.168.10.89 - - [02/Jan/2019:12:54:40 -0300] "GET /cormun/servlet/solicitudot?c6115d19f47be5ae7a3b87767abc708c88ed122aaeb9a94845f3037e26f7cc705ba66850896d7c175f43c1ea4a91022d,gx-no-cache=1546444216171 HTTP/1.1" 200 30
192.168.10.89 - - [02/Jan/2019:12:54:40 -0300] "GET /cormun/servlet/solicitudot?c6115d19f47be5ae7a3b87767abc708cce64160f88175085a6a5f50b369adedca3e45345d298b172bde90ab452aedc2ce383d63308019c63c41a72af4a32bfff,gx-no-cache=1546444216198 HTTP/1.1" 200 30
192.168.10.89 - - [02/Jan/2019:12:54:40 -0300] "GET /cormun/servlet/solicitudot?c6115d19f47be5ae7a3b87767abc708c2c020302288d7ec435b7fafa121511ef,gx-no-cache=1546444216212 HTTP/1.1" 200 53
192.168.10.89 - - [02/Jan/2019:12:54:40 -0300] "POST /cormun/servlet/solicitudot?gx-no-cache=1546444216230 HTTP/1.1" 200 240
192.168.10.89 - - [02/Jan/2019:12:54:40 -0300] "GET /cormun/servlet/solicitudot?c6115d19f47be5ae7a3b87767abc708ce016e6f8e2b0ad82e587327bbb7ca2eb81e7d3651a50da5aafd644bee1dac07f8374be835fcaec0df9ee0bfc8febf6abc9c89cb40d46fed9aaf50819a75c527765bcca8eace1126809c6c52164c07eade05b9953e4f59e0f469bb761e7b65074e38f75c49237277315115e850e869159dc495a236f3d7af954d939746eb124373370e2f7936fa8628370e6d8df98561e4281fd709aa1ea5e96351cc3a12382ca4ab5f01b484e685ab68db8c6eb4ae64f68295ecb61a62d9cc9ad91a6e2daf4b1d1ec0888bdcd785ffb9d63a01942f20cde802be2b4e942c531b76e57281b15456fdb96c7afec8f7341fed7896aa979f20b94dd20f123712bf79cf63974d25d7f76c4254be44c42d4ccc4652ade296474a699c3d484080996e31164841f7c7e7181637f3d8949050e441797f12ebe922c11b1466c24188227e06596a87b14edbe884e64a1caf6f8c3c5cb89ba5a2d2f4bff9935b6ce279c2e5b125e533de2c268fad15781f92149f62ae104e1c4e718f2,gx-no-cache=1546444216252 HTTP/1.1" 200 30
190.171.142.18 - - [02/Jan/2019:12:54:40 -0300] "GET /cormun/servlet/solicitudot?INS,0,0, HTTP/1.1" 200 15138
192.168.15.13 - - [02/Jan/2019:12:54:42 -0300] "POST /digitalizacion/servlet/wblogin?16ffaf8f98db8e04a481a64743319019,,gx-no-cache=1546444279372 HTTP/1.1" 200 65
192.168.15.13 - - [02/Jan/2019:12:54:42 -0300] "GET /digitalizacion/servlet/hhome HTTP/1.1" 200 2814
192.168.10.89 - - [02/Jan/2019:12:54:42 -0300] "POST /cormun/servlet/solicitudot?gx-no-cache=1546444218159 HTTP/1.1" 200 30
192.168.15.13 - - [02/Jan/2019:12:54:42 -0300] "GET /digitalizacion/servlet/hhome HTTP/1.1" 200 2813
192.168.10.89 - - [02/Jan/2019:12:54:43 -0300] "POST /cormun/servlet/solicitudot?gx-no-cache=1546444219023 HTTP/1.1" 200 1281
192.168.10.89 - - [02/Jan/2019:12:54:43 -0300] "POST /cormun/servlet/solicitudot?gx-no-cache=1546444219054 HTTP/1.1" 200 38
192.168.10.89 - - [02/Jan/2019:12:54:44 -0300] "GET /cormun/servlet/solicitudot?c6115d19f47be5ae7a3b87767abc708ceeedb9d672b6e9fd150b772fb3999b451c081d88e0ddaa3388d4c4fb02136749694e40d5d36d4b368de58c396efbd9c03e9c8125213e021e0cfbf4715bf15513da440dbc6a8a1842a8d859fc096025a709d4bd69ac545b0d3bd5d12321ba210f,gx-no-cache=1546444219778 HTTP/1.1" 200 110
192.168.10.89 - - [02/Jan/2019:12:54:45 -0300] "POST /cormun/servlet/solicitudot?gx-no-cache=1546444220986 HTTP/1.1" 200 64
192.168.15.13 - - [02/Jan/2019:12:54:46 -0300] "GET /digitalizacion/servlet/trdocumentos? HTTP/1.1" 200 5966
192.168.15.13 - - [02/Jan/2019:12:54:46 -0300] "GET /digitalizacion/servlet/trdocumentos? HTTP/1.1" 200 5966
192.168.15.13 - - [02/Jan/2019:12:54:46 -0300] "POST /digitalizacion/servlet/trdocumentos?gx-no-cache=1546444284010 HTTP/1.1" 200 487
192.168.15.13 - - [02/Jan/2019:12:54:46 -0300] "POST /digitalizacion/servlet/trdocumentos?gx-no-cache=1546444284041 HTTP/1.1" 200 180
190.171.142.18 - - [02/Jan/2019:12:54:47 -0300] "POST /cormun/servlet/solicitudot?gx-no-cache=1546444488798 HTTP/1.1" 200 3546
190.171.142.18 - - [02/Jan/2019:12:54:48 -0300] "POST /cormun/servlet/solicitudot?4d4f472bb08138182858fac13de00d97,INS,0,0,,gx-no-cache=1546444488930 HTTP/1.1" 200 11876
192.168.10.89 - - [02/Jan/2019:12:54:48 -0300] "GET /cormun/servlet/solicitudot?c6115d19f47be5ae7a3b87767abc708cccb5af2e74e465230568ab6a09e873144b049b48451916eae8386395aabc5809ee590ce351291c27bc92d51040948079be7bc83c21b1d59a8db0bb27b43537b5b23cfdb2bdac90974a750827a269e8ad57230df0d49f7f754379c7b5fe7009d4,gx-no-cache=1546444223715 HTTP/1.1" 200 29
192.168.10.89 - - [02/Jan/2019:12:54:50 -0300] "GET /cormun/servlet/solicitudot?c6115d19f47be5ae7a3b87767abc708cc9a9de6998eee5525060d987ff97e861bb49a62e1d898dc1669c4e031f82484f,gx-no-cache=1546444226074 HTTP/1.1" 200 30
190.171.142.18 - - [02/Jan/2019:12:54:52 -0300] "GET /cormun/servlet/solicitudot?5c19b8b57b5d78202a299224eba9cb5a992f432dfa9e4f240cb28c90ad4165e2ab22cdfc2d14c45eff77f53e10daa2b3,gx-no-cache=1546444493154 HTTP/1.1" 200 30
190.171.142.18 - - [02/Jan/2019:12:54:52 -0300] "GET /cormun/servlet/solicitudot?5c19b8b57b5d78202a299224eba9cb5abe13df41d62fcb841940b051a44b678f6bca852cbf66b9482178bad249fa35c2063666504e0089112ddc597f23ddeecd,gx-no-cache=1546444493208 HTTP/1.1" 200 30
190.171.142.18 - - [02/Jan/2019:12:54:52 -0300] "GET /cormun/servlet/solicitudot?5c19b8b57b5d78202a299224eba9cb5a6836be3a65ae1184d69846c03dbf509b,gx-no-cache=1546444493230 HTTP/1.1" 200 53
190.171.142.18 - - [02/Jan/2019:12:54:52 -0300] "POST /cormun/servlet/solicitudot?gx-no-cache=1546444493252 HTTP/1.1" 200 255
190.171.142.18 - - [02/Jan/2019:12:54:52 -0300] "GET /cormun/servlet/solicitudot?5c19b8b57b5d78202a299224eba9cb5a0f3e95589c3ecf8873e0f1035586f116dcd663019736afd137e92daee1d5dfde29cb2122d348b848f14b66519791bda217c79cbc086d58aeb22f7fa0c6a5817e985ef6f3b61e54ba6c6af677fe32c50518ee1526126443970000b56391ebbe7238e89bcc90a37f0ba9c9a0dac4c7c7aecf096b29c2a290fad3bbaaba25523d76151aae9dee60fa66a2b6d21364a32266855d4388ff94a86c699dab1caf05c87174af626353281ad0ec8cce798e2debeecdfb36eebd73dab44d8a8b4e001c68fb4bcd23c3c18c121b693de403e99b074601091cbc4f4bfe13c9b2c082e4627101b7241a4b3595b851099769b07ae239055a050acf0fe1f268e74fd1c48b38077d4ad7748e758ec8a3bfbaf5673e407ff93bea0c52011b4a5283388fa534493d50062fe634c36a780bcbc6d13c7092fff07c981354c1958aca9e640456b1a720c47b2ccf02dd69f77da0dfd50490661e49579c35d80e54b5980ef1dd33e2111e205cbd6fd443fc31eac37b4e248d40ca54,gx-no-cache=1546444493282 HTTP/1.1" 200 30
190.171.142.18 - - [02/Jan/2019:12:54:53 -0300] "POST /cormun/servlet/solicitudot?gx-no-cache=1546444494579 HTTP/1.1" 200 30
192.168.15.13 - - [02/Jan/2019:12:54:53 -0300] "POST /digitalizacion/servlet/trdocumentos?16ffaf8f98db8e04a481a64743319019,,gx-no-cache=1546444290698 HTTP/1.1" 200 3406
192.168.10.89 - - [02/Jan/2019:12:54:54 -0300] "POST /cormun/servlet/solicitudot?gx-no-cache=1546444229677 HTTP/1.1" 200 30
190.171.142.18 - - [02/Jan/2019:12:54:56 -0300] "POST /cormun/servlet/solicitudot?gx-no-cache=1546444497453 HTTP/1.1" 200 1282
190.171.142.18 - - [02/Jan/2019:12:54:56 -0300] "POST /cormun/servlet/solicitudot?gx-no-cache=1546444497510 HTTP/1.1" 200 38
190.171.142.18 - - [02/Jan/2019:12:54:56 -0300] "GET /cormun/servlet/solicitudot?5c19b8b57b5d78202a299224eba9cb5a84692a62d26219ab5ab0b89743c7537a8a687b4b9e5f5cc7cb83fdaaf142e933e517640fc5a6c2b679dfdc16d06a413421e81035dd5abd0ee0c34e75841e58160e3252bf8d47e678f8255b3b7e0be54b8c15a8d5e93a3eaec955c234265d8568,gx-no-cache=1546444497538 HTTP/1.1" 200 110
190.171.142.18 - - [02/Jan/2019:12:54:57 -0300] "POST /cormun/servlet/solicitudot?gx-no-cache=1546444498581 HTTP/1.1" 200 97
192.168.15.13 - - [02/Jan/2019:12:54:57 -0300] "GET /digitalizacion/servlet/wbadjunto?74644,PU HTTP/1.1" 302 -
192.168.15.13 - - [02/Jan/2019:12:54:58 -0300] "GET /digitalizacion/PublicTempStorage/2620759.tmp HTTP/1.1" 200 1301737
190.171.142.18 - - [02/Jan/2019:12:55:01 -0300] "POST /cormun/servlet/solicitudot?gx-no-cache=1546444502685 HTTP/1.1" 200 97
192.168.10.89 - - [02/Jan/2019:12:55:02 -0300] "POST /cormun/servlet/solicitudot?b3d190fd5bd5a334fd4305246d978deb,INS,0,0,,gx-no-cache=1546444237318 HTTP/1.1" 200 93
192.168.10.89 - - [02/Jan/2019:12:55:02 -0300] "GET /cormun/servlet/hpexe_return? HTTP/1.1" 200 1004
192.168.10.89 - - [02/Jan/2019:12:55:02 -0300] "GET /cormun/servlet/trsolicitudot HTTP/1.1" 200 8884
192.168.10.89 - - [02/Jan/2019:12:55:05 -0300] "GET /cormun/servlet/solicitudot?INS,0,0, HTTP/1.1" 200 15089
192.168.10.89 - - [02/Jan/2019:12:55:11 -0300] "POST /cormun/servlet/solicitudot?gx-no-cache=1546444246573 HTTP/1.1" 200 3540
192.168.10.89 - - [02/Jan/2019:12:55:11 -0300] "POST /cormun/servlet/solicitudot?b3d190fd5bd5a334fd4305246d978deb,INS,0,0,,gx-no-cache=1546444246779 HTTP/1.1" 200 11836
190.171.142.18 - - [02/Jan/2019:12:55:11 -0300] "GET /cormun/servlet/solicitudot?5c19b8b57b5d78202a299224eba9cb5aa427c0d2e2b7c63d262e00218be6f188e52571822cf1725a31029a66e0fc5d1af1d74a1fdc85d360c1d7a3b97e95f67bc977cac1630489ec284ac10a400233ad06717fb3815267bdd308a4a28598e62582bf9135e08e1359705305882f0d7796711cbed27f23bf59d1ad27238661e6ccf162b4622e3c7d95d1f64a5ef29dd0c97b03c7db71439af025a05eedb7164d0f,gx-no-cache=1546444512252 HTTP/1.1" 200 29
190.171.142.18 - - [02/Jan/2019:12:55:11 -0300] "GET /cormun/static/menuarrow.gif HTTP/1.1" 404 1015
192.168.10.89 - - [02/Jan/2019:12:55:12 -0300] "GET /cormun/servlet/solicitudot?c6115d19f47be5ae7a3b87767abc708c88ed122aaeb9a94845f3037e26f7cc705ba66850896d7c175f43c1ea4a91022d,gx-no-cache=1546444248248 HTTP/1.1" 200 30
192.168.10.89 - - [02/Jan/2019:12:55:12 -0300] "GET /cormun/servlet/solicitudot?c6115d19f47be5ae7a3b87767abc708cce64160f88175085a6a5f50b369adedca3e45345d298b172bde90ab452aedc2ce383d63308019c63c41a72af4a32bfff,gx-no-cache=1546444248280 HTTP/1.1" 200 30
192.168.10.89 - - [02/Jan/2019:12:55:12 -0300] "GET /cormun/servlet/solicitudot?c6115d19f47be5ae7a3b87767abc708c2c020302288d7ec435b7fafa121511ef,gx-no-cache=1546444248295 HTTP/1.1" 200 53
192.168.10.89 - - [02/Jan/2019:12:55:12 -0300] "POST /cormun/servlet/solicitudot?gx-no-cache=1546444248312 HTTP/1.1" 200 240
192.168.10.89 - - [02/Jan/2019:12:55:12 -0300] "GET /cormun/servlet/solicitudot?c6115d19f47be5ae7a3b87767abc708ce016e6f8e2b0ad82e587327bbb7ca2eb81e7d3651a50da5aafd644bee1dac07f8374be835fcaec0df9ee0bfc8febf6abc9c89cb40d46fed9aaf50819a75c527765bcca8eace1126809c6c52164c07eade05b9953e4f59e0f469bb761e7b65074e38f75c49237277315115e850e869159dc495a236f3d7af954d939746eb124373370e2f7936fa8628370e6d8df98561e4281fd709aa1ea5e96351cc3a12382ca4ab5f01b484e685ab68db8c6eb4ae64f68295ecb61a62d9cc9ad91a6e2daf4b1d1ec0888bdcd785ffb9d63a01942f20cde802be2b4e942c531b76e57281b15456fdb96c7afec8f7341fed7896aa979f20b94dd20f123712bf79cf63974d25d7f76c4254be44c42d4ccc4652ade296474a699c3d484080996e31164841f7c7e7181637f3d8949050e441797f12ebe922c11b1466c24188227e06596a87b14edbe884e64a1caf6f8c3c5cb89ba5a2d2f4bff9935b6ce279c2e5b125e533de2c268fad15781f92149f62ae104e1c4e718f2,gx-no-cache=1546444248331 HTTP/1.1" 200 30
192.168.10.89 - - [02/Jan/2019:12:55:14 -0300] "POST /cormun/servlet/solicitudot?gx-no-cache=1546444249613 HTTP/1.1" 200 30
190.171.142.18 - - [02/Jan/2019:12:55:17 -0300] "GET /cormun/servlet/solicitudot?5c19b8b57b5d78202a299224eba9cb5a4ee03c9abef59738fb6ec36a69d19c7bd5e193fd3dbf5babe97bac231173583d,gx-no-cache=1546444517938 HTTP/1.1" 200 30
190.171.142.18 - - [02/Jan/2019:12:55:22 -0300] "POST /cormun/servlet/solicitudot?gx-no-cache=1546444523222 HTTP/1.1" 200 30
192.168.10.96 - - [02/Jan/2019:12:55:23 -0300] "POST /cormun/servlet/trcontratosolicitud?3b84008aa5f22bbb68692bfea635e730,gx-no-cache=1546444153705,gx-no-cache=1546444258914 HTTP/1.1" 200 5419
192.168.10.89 - - [02/Jan/2019:12:55:24 -0300] "POST /cormun/servlet/solicitudot?gx-no-cache=1546444259763 HTTP/1.1" 200 30
192.168.10.89 - - [02/Jan/2019:12:55:26 -0300] "POST /cormun/servlet/solicitudot?gx-no-cache=1546444261816 HTTP/1.1" 200 1281
192.168.10.89 - - [02/Jan/2019:12:55:26 -0300] "POST /cormun/servlet/solicitudot?gx-no-cache=1546444261844 HTTP/1.1" 200 38
192.168.10.89 - - [02/Jan/2019:12:55:26 -0300] "GET /cormun/servlet/solicitudot?c6115d19f47be5ae7a3b87767abc708ceeedb9d672b6e9fd150b772fb3999b451c081d88e0ddaa3388d4c4fb02136749694e40d5d36d4b368de58c396efbd9c03e9c8125213e021e0cfbf4715bf15513da440dbc6a8a1842a8d859fc096025a709d4bd69ac545b0d3bd5d12321ba210f,gx-no-cache=1546444261865 HTTP/1.1" 200 110
190.171.142.18 - - [02/Jan/2019:12:55:29 -0300] "POST /cormun/servlet/solicitudot?4d4f472bb08138182858fac13de00d97,INS,0,0,,gx-no-cache=1546444530327 HTTP/1.1" 200 93
190.171.142.18 - - [02/Jan/2019:12:55:29 -0300] "GET /cormun/servlet/hpexe_return? HTTP/1.1" 200 1003
190.171.142.18 - - [02/Jan/2019:12:55:30 -0300] "GET /cormun/servlet/trsolicitudot HTTP/1.1" 200 19177
192.168.10.89 - - [02/Jan/2019:12:55:30 -0300] "POST /cormun/servlet/solicitudot?gx-no-cache=1546444266105 HTTP/1.1" 200 72
190.171.142.18 - - [02/Jan/2019:12:55:30 -0300] "GET /cormun/servlet/trsolicitudot HTTP/1.1" 200 19172
192.168.15.13 - - [02/Jan/2019:12:55:31 -0300] "POST /digitalizacion/servlet/trdocumentos?gx-no-cache=1546444328681 HTTP/1.1" 200 239
190.171.142.18 - - [02/Jan/2019:12:55:33 -0300] "GET /cormun/servlet/solicitudot?INS,0,0, HTTP/1.1" 200 15134
192.168.15.13 - - [02/Jan/2019:12:55:33 -0300] "POST /digitalizacion/servlet/trdocumentos?16ffaf8f98db8e04a481a64743319019,,gx-no-cache=1546444330529 HTTP/1.1" 200 3461
192.168.10.89 - - [02/Jan/2019:12:55:33 -0300] "GET /cormun/servlet/solicitudot?c6115d19f47be5ae7a3b87767abc708cccb5af2e74e465230568ab6a09e873144b049b48451916eae8386395aabc5809ee590ce351291c27bc92d51040948079be7bc83c21b1d59a8db0bb27b43537b5b23cfdb2bdac90974a750827a269e8ad57230df0d49f7f754379c7b5fe7009d4,gx-no-cache=1546444269503 HTTP/1.1" 200 29
190.171.142.18 - - [02/Jan/2019:12:55:34 -0300] "GET /cormun/servlet/solicitudot?INS,0,0, HTTP/1.1" 200 15140
192.168.10.89 - - [02/Jan/2019:12:55:35 -0300] "GET /cormun/servlet/solicitudot?c6115d19f47be5ae7a3b87767abc708cc9a9de6998eee5525060d987ff97e861bb49a62e1d898dc1669c4e031f82484f,gx-no-cache=1546444271001 HTTP/1.1" 200 30
192.168.10.89 - - [02/Jan/2019:12:55:38 -0300] "POST /cormun/servlet/solicitudot?gx-no-cache=1546444273949 HTTP/1.1" 200 30
192.168.15.13 - - [02/Jan/2019:12:55:38 -0300] "GET /digitalizacion/servlet/wbadjunto?71506,PU HTTP/1.1" 302 -
192.168.15.13 - - [02/Jan/2019:12:55:39 -0300] "GET /digitalizacion/PublicTempStorage/1851414.tmp HTTP/1.1" 200 2159955
190.171.142.18 - - [02/Jan/2019:12:55:40 -0300] "POST /cormun/servlet/solicitudot?gx-no-cache=1546444541510 HTTP/1.1" 200 3546
190.171.142.18 - - [02/Jan/2019:12:55:40 -0300] "POST /cormun/servlet/solicitudot?4d4f472bb08138182858fac13de00d97,INS,0,0,,gx-no-cache=1546444541639 HTTP/1.1" 200 11878
190.171.142.18 - - [02/Jan/2019:12:55:40 -0300] "GET /cormun/servlet/solicitudot?5c19b8b57b5d78202a299224eba9cb5a992f432dfa9e4f240cb28c90ad4165e2ab22cdfc2d14c45eff77f53e10daa2b3,gx-no-cache=1546444541877 HTTP/1.1" 200 30
190.171.142.18 - - [02/Jan/2019:12:55:42 -0300] "GET /cormun/servlet/solicitudot?5c19b8b57b5d78202a299224eba9cb5abe13df41d62fcb841940b051a44b678f6bca852cbf66b9482178bad249fa35c2063666504e0089112ddc597f23ddeecd,gx-no-cache=1546444543500 HTTP/1.1" 200 30
190.171.142.18 - - [02/Jan/2019:12:55:42 -0300] "GET /cormun/servlet/solicitudot?5c19b8b57b5d78202a299224eba9cb5a6836be3a65ae1184d69846c03dbf509b,gx-no-cache=1546444543537 HTTP/1.1" 200 53
190.171.142.18 - - [02/Jan/2019:12:55:42 -0300] "POST /cormun/servlet/solicitudot?gx-no-cache=1546444543576 HTTP/1.1" 200 255
190.171.142.18 - - [02/Jan/2019:12:55:42 -0300] "GET /cormun/servlet/solicitudot?5c19b8b57b5d78202a299224eba9cb5a0f3e95589c3ecf8873e0f1035586f116dcd663019736afd137e92daee1d5dfde29cb2122d348b848f14b66519791bda217c79cbc086d58aeb22f7fa0c6a5817e985ef6f3b61e54ba6c6af677fe32c50518ee1526126443970000b56391ebbe7238e89bcc90a37f0ba9c9a0dac4c7c7aecf096b29c2a290fad3bbaaba25523d76151aae9dee60fa66a2b6d21364a32266855d4388ff94a86c699dab1caf05c87174af626353281ad0ec8cce798e2debeecdfb36eebd73dab44d8a8b4e001c68fb4bcd23c3c18c121b693de403e99b074601091cbc4f4bfe13c9b2c082e4627101b7241a4b3595b851099769b07ae239055a050acf0fe1f268e74fd1c48b38077d4ad7748e758ec8a3bfbaf5673e407ff93bea0c52011b4a5283388fa534493d50062fe634c36a780bcbc6d13c7092fff07c981354c1958aca9e640456b1a720c47b2ccf02dd69f77da0dfd50490661e49579c35d80e54b5980ef1dd33e2111e205cbd6fd443fc31eac37b4e248d40ca54,gx-no-cache=1546444543609 HTTP/1.1" 200 30
192.168.10.89 - - [02/Jan/2019:12:55:44 -0300] "POST /cormun/servlet/solicitudot?b3d190fd5bd5a334fd4305246d978deb,INS,0,0,,gx-no-cache=1546444279902 HTTP/1.1" 200 93
192.168.10.89 - - [02/Jan/2019:12:55:44 -0300] "GET /cormun/servlet/hpexe_return? HTTP/1.1" 200 1004
192.168.10.89 - - [02/Jan/2019:12:55:44 -0300] "GET /cormun/servlet/trsolicitudot HTTP/1.1" 200 9177
190.171.142.18 - - [02/Jan/2019:12:55:45 -0300] "POST /cormun/servlet/solicitudot?gx-no-cache=1546444545972 HTTP/1.1" 200 30
190.171.142.18 - - [02/Jan/2019:12:55:46 -0300] "GET /cormun/servlet/prsolicitudot?7992920,,,,,MD,,gxPopupLevel%3D0%3B HTTP/1.1" 200 6565
192.168.10.89 - - [02/Jan/2019:12:55:47 -0300] "POST /cormun/servlet/trsolicitudot?b3d190fd5bd5a334fd4305246d978deb,gx-no-cache=1546444282643 HTTP/1.1" 200 5954
192.168.10.89 - - [02/Jan/2019:12:55:47 -0300] "POST /cormun/servlet/trsolicitudot?b3d190fd5bd5a334fd4305246d978deb,gx-no-cache=1546444282909 HTTP/1.1" 200 5896
192.168.10.89 - - [02/Jan/2019:12:55:47 -0300] "GET /cormun/static/Shared/jqueryui/images/ui-bg_highlight-soft_100_c6c2c8_1x100.png HTTP/1.1" 404 1117
192.168.10.89 - - [02/Jan/2019:12:55:47 -0300] "GET /cormun/static/Shared/jqueryui/images/ui-bg_flat_55_fafafa_40x100.png HTTP/1.1" 404 1097
192.168.10.89 - - [02/Jan/2019:12:55:47 -0300] "GET /cormun/static/Shared/jqueryui/images/ui-icons_8d78a5_256x240.png HTTP/1.1" 404 1089
192.168.10.89 - - [02/Jan/2019:12:55:47 -0300] "GET /cormun/static/Shared/jqueryui/images/ui-icons_82798d_256x240.png HTTP/1.1" 404 1089
192.168.10.89 - - [02/Jan/2019:12:55:48 -0300] "POST /cormun/servlet/trsolicitudot?b3d190fd5bd5a334fd4305246d978deb,gx-no-cache=1546444283930 HTTP/1.1" 200 4772
192.168.10.89 - - [02/Jan/2019:12:55:48 -0300] "POST /cormun/servlet/trsolicitudot?b3d190fd5bd5a334fd4305246d978deb,gx-no-cache=1546444284197 HTTP/1.1" 200 4528
190.171.142.18 - - [02/Jan/2019:12:55:48 -0300] "POST /cormun/servlet/solicitudot?gx-no-cache=1546444549822 HTTP/1.1" 200 1282
190.171.142.18 - - [02/Jan/2019:12:55:48 -0300] "POST /cormun/servlet/solicitudot?gx-no-cache=1546444549857 HTTP/1.1" 200 38
190.171.142.18 - - [02/Jan/2019:12:55:48 -0300] "GET /cormun/servlet/solicitudot?5c19b8b57b5d78202a299224eba9cb5a84692a62d26219ab5ab0b89743c7537a8a687b4b9e5f5cc7cb83fdaaf142e933e517640fc5a6c2b679dfdc16d06a413421e81035dd5abd0ee0c34e75841e58160e3252bf8d47e678f8255b3b7e0be54b8c15a8d5e93a3eaec955c234265d8568,gx-no-cache=1546444549877 HTTP/1.1" 200 110
190.171.142.18 - - [02/Jan/2019:12:55:48 -0300] "POST /cormun/servlet/solicitudot?gx-no-cache=1546444549900 HTTP/1.1" 200 97
190.171.142.18 - - [02/Jan/2019:12:55:48 -0300] "GET /cormun/servlet/solicitudot?5c19b8b57b5d78202a299224eba9cb5aa427c0d2e2b7c63d262e00218be6f188e52571822cf1725a31029a66e0fc5d1af1d74a1fdc85d360c1d7a3b97e95f67bc977cac1630489ec284ac10a400233ad06717fb3815267bdd308a4a28598e62582bf9135e08e1359705305882f0d7796711cbed27f23bf59d1ad27238661e6ccf162b4622e3c7d95d1f64a5ef29dd0c97b03c7db71439af025a05eedb7164d0f,gx-no-cache=1546444549926 HTTP/1.1" 200 29
190.171.142.18 - - [02/Jan/2019:12:55:49 -0300] "GET /cormun/servlet/solicitudot?5c19b8b57b5d78202a299224eba9cb5a4ee03c9abef59738fb6ec36a69d19c7bd5e193fd3dbf5babe97bac231173583d,gx-no-cache=1546444549945 HTTP/1.1" 200 30
192.168.10.89 - - [02/Jan/2019:12:55:51 -0300] "GET /cormun/servlet/trautorizarsolicitud? HTTP/1.1" 200 9073
192.168.10.89 - - [02/Jan/2019:12:55:53 -0300] "POST /cormun/servlet/trautorizarsolicitud?b3d190fd5bd5a334fd4305246d978deb,,gx-no-cache=1546444289344 HTTP/1.1" 200 5881
192.168.10.89 - - [02/Jan/2019:12:55:54 -0300] "POST /cormun/servlet/trautorizarsolicitud?b3d190fd5bd5a334fd4305246d978deb,,gx-no-cache=1546444289605 HTTP/1.1" 200 5824
192.168.10.89 - - [02/Jan/2019:12:55:54 -0300] "GET /cormun/static/Shared/jqueryui/images/ui-bg_highlight-soft_100_c6c2c8_1x100.png HTTP/1.1" 404 1117
192.168.10.89 - - [02/Jan/2019:12:55:54 -0300] "GET /cormun/static/Shared/jqueryui/images/ui-bg_flat_55_fafafa_40x100.png HTTP/1.1" 404 1097
192.168.10.89 - - [02/Jan/2019:12:55:54 -0300] "GET /cormun/static/Shared/jqueryui/images/ui-icons_82798d_256x240.png HTTP/1.1" 404 1089
192.168.10.89 - - [02/Jan/2019:12:55:54 -0300] "GET /cormun/static/Shared/jqueryui/images/ui-icons_8d78a5_256x240.png HTTP/1.1" 404 1089
192.168.10.89 - - [02/Jan/2019:12:55:55 -0300] "POST /cormun/servlet/trautorizarsolicitud?b3d190fd5bd5a334fd4305246d978deb,,gx-no-cache=1546444291116 HTTP/1.1" 200 4706
192.168.10.89 - - [02/Jan/2019:12:55:55 -0300] "POST /cormun/servlet/trautorizarsolicitud?b3d190fd5bd5a334fd4305246d978deb,,gx-no-cache=1546444291370 HTTP/1.1" 200 4465
190.171.142.18 - - [02/Jan/2019:12:55:58 -0300] "POST /cormun/servlet/solicitudot?gx-no-cache=1546444559408 HTTP/1.1" 200 33
190.171.142.18 - - [02/Jan/2019:12:56:02 -0300] "POST /cormun/servlet/solicitudot?4d4f472bb08138182858fac13de00d97,INS,0,0,,gx-no-cache=1546444563511 HTTP/1.1" 200 93
190.171.142.18 - - [02/Jan/2019:12:56:02 -0300] "GET /cormun/servlet/hpexe_return? HTTP/1.1" 200 1003
190.171.142.18 - - [02/Jan/2019:12:56:03 -0300] "GET /cormun/servlet/trsolicitudot HTTP/1.1" 200 19519
190.171.142.18 - - [02/Jan/2019:12:56:03 -0300] "GET /cormun/servlet/trsolicitudot HTTP/1.1" 200 19515
190.171.142.18 - - [02/Jan/2019:12:56:05 -0300] "GET /cormun/servlet/solicitudot?INS,0,0, HTTP/1.1" 200 15134
190.171.142.18 - - [02/Jan/2019:12:56:06 -0300] "GET /cormun/servlet/solicitudot?INS,0,0, HTTP/1.1" 200 15140
190.171.142.18 - - [02/Jan/2019:12:56:13 -0300] "POST /cormun/servlet/solicitudot?gx-no-cache=1546444574118 HTTP/1.1" 200 3546
190.171.142.18 - - [02/Jan/2019:12:56:13 -0300] "POST /cormun/servlet/solicitudot?4d4f472bb08138182858fac13de00d97,INS,0,0,,gx-no-cache=1546444574594 HTTP/1.1" 200 11878
190.171.142.18 - - [02/Jan/2019:12:56:13 -0300] "GET /cormun/servlet/solicitudot?5c19b8b57b5d78202a299224eba9cb5a992f432dfa9e4f240cb28c90ad4165e2ab22cdfc2d14c45eff77f53e10daa2b3,gx-no-cache=1546444574836 HTTP/1.1" 200 30
190.171.142.18 - - [02/Jan/2019:12:56:15 -0300] "GET /cormun/servlet/solicitudot?5c19b8b57b5d78202a299224eba9cb5abe13df41d62fcb841940b051a44b678f6bca852cbf66b9482178bad249fa35c2063666504e0089112ddc597f23ddeecd,gx-no-cache=1546444576620 HTTP/1.1" 200 30
190.171.142.18 - - [02/Jan/2019:12:56:15 -0300] "GET /cormun/servlet/solicitudot?5c19b8b57b5d78202a299224eba9cb5a6836be3a65ae1184d69846c03dbf509b,gx-no-cache=1546444576656 HTTP/1.1" 200 53
190.171.142.18 - - [02/Jan/2019:12:56:15 -0300] "POST /cormun/servlet/solicitudot?gx-no-cache=1546444576691 HTTP/1.1" 200 255
190.171.142.18 - - [02/Jan/2019:12:56:15 -0300] "GET /cormun/servlet/solicitudot?5c19b8b57b5d78202a299224eba9cb5a0f3e95589c3ecf8873e0f1035586f116dcd663019736afd137e92daee1d5dfde29cb2122d348b848f14b66519791bda217c79cbc086d58aeb22f7fa0c6a5817e985ef6f3b61e54ba6c6af677fe32c50518ee1526126443970000b56391ebbe7238e89bcc90a37f0ba9c9a0dac4c7c7aecf096b29c2a290fad3bbaaba25523d76151aae9dee60fa66a2b6d21364a32266855d4388ff94a86c699dab1caf05c87174af626353281ad0ec8cce798e2debeecdfb36eebd73dab44d8a8b4e001c68fb4bcd23c3c18c121b693de403e99b074601091cbc4f4bfe13c9b2c082e4627101b7241a4b3595b851099769b07ae239055a050acf0fe1f268e74fd1c48b38077d4ad7748e758ec8a3bfbaf5673e407ff93bea0c52011b4a5283388fa534493d50062fe634c36a780bcbc6d13c7092fff07c981354c1958aca9e640456b1a720c47b2ccf02dd69f77da0dfd50490661e49579c35d80e54b5980ef1dd33e2111e205cbd6fd443fc31eac37b4e248d40ca54,gx-no-cache=1546444576720 HTTP/1.1" 200 30
190.171.142.18 - - [02/Jan/2019:12:56:17 -0300] "POST /cormun/servlet/solicitudot?gx-no-cache=1546444578243 HTTP/1.1" 200 30
190.171.142.18 - - [02/Jan/2019:12:56:19 -0300] "GET /cormun/servlet/prsolicitudot?7992920,,,,,MD,,gxPopupLevel%3D0%3B HTTP/1.1" 200 6610
190.171.142.18 - - [02/Jan/2019:12:56:22 -0300] "POST /cormun/servlet/solicitudot?gx-no-cache=1546444583788 HTTP/1.1" 200 1282
190.171.142.18 - - [02/Jan/2019:12:56:22 -0300] "POST /cormun/servlet/solicitudot?gx-no-cache=1546444583823 HTTP/1.1" 200 38
190.171.142.18 - - [02/Jan/2019:12:56:22 -0300] "GET /cormun/servlet/solicitudot?5c19b8b57b5d78202a299224eba9cb5a84692a62d26219ab5ab0b89743c7537a8a687b4b9e5f5cc7cb83fdaaf142e933e517640fc5a6c2b679dfdc16d06a413421e81035dd5abd0ee0c34e75841e58160e3252bf8d47e678f8255b3b7e0be54b8c15a8d5e93a3eaec955c234265d8568,gx-no-cache=1546444583844 HTTP/1.1" 200 110
190.171.142.18 - - [02/Jan/2019:12:56:22 -0300] "POST /cormun/servlet/solicitudot?gx-no-cache=1546444583867 HTTP/1.1" 200 97
190.171.142.18 - - [02/Jan/2019:12:56:22 -0300] "GET /cormun/servlet/solicitudot?5c19b8b57b5d78202a299224eba9cb5aa427c0d2e2b7c63d262e00218be6f188e52571822cf1725a31029a66e0fc5d1af1d74a1fdc85d360c1d7a3b97e95f67bc977cac1630489ec284ac10a400233ad06717fb3815267bdd308a4a28598e62582bf9135e08e1359705305882f0d7796711cbed27f23bf59d1ad27238661e6ccf162b4622e3c7d95d1f64a5ef29dd0c97b03c7db71439af025a05eedb7164d0f,gx-no-cache=1546444583893 HTTP/1.1" 200 29
190.171.142.18 - - [02/Jan/2019:12:56:22 -0300] "GET /cormun/servlet/solicitudot?5c19b8b57b5d78202a299224eba9cb5a4ee03c9abef59738fb6ec36a69d19c7bd5e193fd3dbf5babe97bac231173583d,gx-no-cache=1546444583913 HTTP/1.1" 200 30
192.168.15.13 - - [02/Jan/2019:12:56:29 -0300] "POST /digitalizacion/servlet/trdocumentos?gx-no-cache=1546444386823 HTTP/1.1" 200 137
192.168.15.13 - - [02/Jan/2019:12:56:30 -0300] "POST /digitalizacion/servlet/trdocumentos?16ffaf8f98db8e04a481a64743319019,,gx-no-cache=1546444387847 HTTP/1.1" 200 2950
