200.111.191.210 - - [19/Dec/2018:10:19:04 -0300] "GET /cormun/servlet/hlogin HTTP/1.1" 200 1738
200.111.191.210 - - [19/Dec/2018:10:19:05 -0300] "GET /cormun/servlet/trpermisosgoce? HTTP/1.1" 200 6110
200.111.191.210 - - [19/Dec/2018:10:19:09 -0300] "POST /cormun/servlet/hlogin?f68dd93ac00ed1ef34d482c6ed07b956,gx-no-cache=1545225542161 HTTP/1.1" 200 448
200.111.191.210 - - [19/Dec/2018:10:19:11 -0300] "POST /cormun/servlet/hlogin?f68dd93ac00ed1ef34d482c6ed07b956,gx-no-cache=1545225544086 HTTP/1.1" 200 90
200.111.191.210 - - [19/Dec/2018:10:19:11 -0300] "GET /cormun/servlet/hpexe_link HTTP/1.1" 200 954
200.111.191.210 - - [19/Dec/2018:10:19:12 -0300] "GET /cormun/servlet/trpermisosgoce HTTP/1.1" 200 19602
200.111.191.210 - - [19/Dec/2018:10:19:13 -0300] "GET /cormun/servlet/trpermisosgoce HTTP/1.1" 200 19564
200.111.191.210 - - [19/Dec/2018:10:19:14 -0300] "GET /cormun/servlet/permisogoce?INS,0,,, HTTP/1.1" 200 6866
200.111.191.210 - - [19/Dec/2018:10:19:15 -0300] "GET /cormun/servlet/permisogoce?INS,0,,, HTTP/1.1" 200 6864
200.111.191.210 - - [19/Dec/2018:10:19:20 -0300] "GET /cormun/servlet/permisogoce?b0be9e97962de796ecde135e68700cc846ee96a3cdecbeedd1d9724df0d6f2221e6bae84eb69f1463a8ae6e11f816309099ff30fbc342d69223dcdf27134818c,gx-no-cache=1545225553696 HTTP/1.1" 200 87
200.111.191.210 - - [19/Dec/2018:10:19:24 -0300] "GET /cormun/servlet/permisogoce?b0be9e97962de796ecde135e68700cc88ad9b48b0029c17f1e3a35bd2ef5dcace8fffa719419296026a38b2d59cba4d3ab929496f4e46838a3e6e805393ffd68,gx-no-cache=1545225557852 HTTP/1.1" 200 48
200.111.191.210 - - [19/Dec/2018:10:20:03 -0300] "POST /cormun/servlet/permisogoce?f68dd93ac00ed1ef34d482c6ed07b956,INS,0,,,,gx-no-cache=1545225595346 HTTP/1.1" 200 93
200.111.191.210 - - [19/Dec/2018:10:20:03 -0300] "GET /cormun/servlet/hpexe_return? HTTP/1.1" 200 1007
200.111.191.210 - - [19/Dec/2018:10:20:04 -0300] "GET /cormun/servlet/trpermisosgoce HTTP/1.1" 200 19693
200.111.191.210 - - [19/Dec/2018:10:20:06 -0300] "GET /cormun/servlet/trpermisosgoce HTTP/1.1" 200 19712
200.111.191.210 - - [19/Dec/2018:10:20:08 -0300] "GET /cormun/servlet/apermisogoceprn?18798648,P,20181219101455,PU HTTP/1.1" 200 1675
190.171.143.82 - - [19/Dec/2018:10:21:50 -0300] "GET /cormun/servlet/trpermisosgoce? HTTP/1.1" 200 6116
190.171.143.82 - - [19/Dec/2018:10:21:51 -0300] "GET /cormun/servlet/hlogin HTTP/1.1" 200 1737
190.171.143.82 - - [19/Dec/2018:10:21:51 -0300] "GET /cormun/servlet/trpermisosgoce? HTTP/1.1" 200 6112
190.171.143.82 - - [19/Dec/2018:10:22:05 -0300] "POST /cormun/servlet/hlogin?943bedf14859b1c1e19651d24523f07c,gx-no-cache=1545229629666 HTTP/1.1" 200 90
190.171.143.82 - - [19/Dec/2018:10:22:05 -0300] "GET /cormun/servlet/hpexe_link HTTP/1.1" 200 954
190.171.143.82 - - [19/Dec/2018:10:22:05 -0300] "GET /cormun/servlet/trpermisosgoce HTTP/1.1" 200 12979
190.171.143.82 - - [19/Dec/2018:10:22:06 -0300] "GET /cormun/servlet/trpermisosgoce HTTP/1.1" 200 12990
190.171.143.82 - - [19/Dec/2018:10:23:30 -0300] "GET /cormun/servlet/hlogin HTTP/1.1" 200 1737
200.54.103.162 - - [19/Dec/2018:10:24:01 -0300] "GET /cormun/servlet/hlogin HTTP/1.1" 200 1716
200.54.103.162 - - [19/Dec/2018:10:24:02 -0300] "GET /cormun/servlet/hlogin HTTP/1.1" 200 1726
200.54.103.162 - - [19/Dec/2018:10:24:09 -0300] "POST /cormun/servlet/hlogin?b06b0677a63926a75d6f296613f9bf94,gx-no-cache=1545225751163 HTTP/1.1" 200 90
200.54.103.162 - - [19/Dec/2018:10:24:09 -0300] "GET /cormun/servlet/hpexe_link HTTP/1.1" 200 946
200.54.103.162 - - [19/Dec/2018:10:24:09 -0300] "GET /cormun/servlet/hhome HTTP/1.1" 200 4320
200.54.103.162 - - [19/Dec/2018:10:24:11 -0300] "GET /cormun/servlet/hhome HTTP/1.1" 200 4317
200.54.103.162 - - [19/Dec/2018:10:24:15 -0300] "GET /cormun/servlet/trlicencias? HTTP/1.1" 200 11890
200.54.103.162 - - [19/Dec/2018:10:24:16 -0300] "GET /cormun/servlet/trlicencias? HTTP/1.1" 200 11887
200.54.103.162 - - [19/Dec/2018:10:24:26 -0300] "GET /cormun/servlet/licenciaspermisos?INS,0,,, HTTP/1.1" 200 7857
200.54.103.162 - - [19/Dec/2018:10:24:27 -0300] "GET /cormun/servlet/licenciaspermisos?INS,0,,, HTTP/1.1" 200 7865
200.54.103.162 - - [19/Dec/2018:10:24:37 -0300] "GET /cormun/servlet/licenciaspermisos?337e357d329fb6573c8a556d82567e30838dd07246fc0be801c5afccbff494fea7d0255ea715ad44d7681a3d213101f7,gx-no-cache=1545225779415 HTTP/1.1" 200 76
200.54.103.162 - - [19/Dec/2018:10:24:37 -0300] "POST /cormun/servlet/licenciaspermisos?b06b0677a63926a75d6f296613f9bf94,INS,0,,,,gx-no-cache=1545225779495 HTTP/1.1" 200 4950
186.103.159.189 - - [19/Dec/2018:10:24:53 -0300] "GET /cormun/servlet/hlogin HTTP/1.1" 200 1721
200.54.103.162 - - [19/Dec/2018:10:25:01 -0300] "GET /cormun/static/menuarrow.gif HTTP/1.1" 404 1015
192.168.10.96 - - [19/Dec/2018:10:25:47 -0300] "GET /digitalizacion/servlet/hhome HTTP/1.1" 200 2611
192.168.10.96 - - [19/Dec/2018:10:25:50 -0300] "GET /digitalizacion/servlet/hhome HTTP/1.1" 200 2625
192.168.10.96 - - [19/Dec/2018:10:25:50 -0300] "GET /digitalizacion/servlet/hlogin HTTP/1.1" 302 -
192.168.10.96 - - [19/Dec/2018:10:25:50 -0300] "GET /digitalizacion/servlet/wblogin? HTTP/1.1" 200 2335
200.54.103.162 - - [19/Dec/2018:10:26:16 -0300] "GET /cormun/servlet/licenciaspermisos?337e357d329fb6573c8a556d82567e30556727ed67141ca8fbb150a63188320c6ca1e5b84dd26c210e04f3ca188a6bd5cf61c18e056e20135fe672c2f9940bc8fb271d60f1261d495c9686c0781a2a8bea0c595b0f62d0a4633470b17047199b5301872b9d5555c11ddde8925281eae4e2f7edccfe0c54b5b1f2592a1fb281fc3432ec79d46725bcc76df257c02f6c49a4ad9665df9b1ff9d1ee770e57c2dc388520658cf0001f5ae198d2c9dcae4d95f03d7de91d051a0d1eeb3b930cab6b67364ff56bcb8f9dfa04ecb63be111b6b2e611421bd8b51a0244d9944f3d5658f9,gx-no-cache=1545225878639 HTTP/1.1" 200 30
200.54.103.162 - - [19/Dec/2018:10:26:16 -0300] "GET /cormun/servlet/licenciaspermisos?337e357d329fb6573c8a556d82567e308b67817cd387f4e29269a10a050aaa72f88d77bccaf40c739424ba1bcc23416428503dd15a1002bb0f237b35a6988d15124b109378adb7508715b9fee02bcee2fbd61ee602b39ab43c6866a98b23450e95f92f94813710b67b942a8a31a3a7cb03505b723efdc2e54b9f84f1a76e96207f1c1d919af54c52f5271605db4f8c775affe7dd2faff0c8f890cfd734101b58df1a15e68001033396e69eb0d7602a97114fa54d3f2da86acba62dfaad4ecb822649e2a1b49be5a6617216989e6d42b3aca9b150e2b1e963e4a064e50da9001c,gx-no-cache=1545225878694 HTTP/1.1" 200 29
200.54.103.162 - - [19/Dec/2018:10:26:17 -0300] "POST /cormun/servlet/licenciaspermisos?b06b0677a63926a75d6f296613f9bf94,INS,0,,,,gx-no-cache=1545225878752 HTTP/1.1" 200 93
200.54.103.162 - - [19/Dec/2018:10:26:17 -0300] "GET /cormun/servlet/hpexe_return? HTTP/1.1" 200 1006
200.54.103.162 - - [19/Dec/2018:10:26:17 -0300] "GET /cormun/servlet/trlicencias HTTP/1.1" 200 12347
200.54.103.162 - - [19/Dec/2018:10:26:19 -0300] "GET /cormun/servlet/trlicencias HTTP/1.1" 200 12342
200.54.103.162 - - [19/Dec/2018:10:26:23 -0300] "GET /cormun/servlet/trlicenciaspermisosadjuntos?16792393,20181219000000,L, HTTP/1.1" 200 6669
200.54.103.162 - - [19/Dec/2018:10:26:24 -0300] "GET /cormun/servlet/trlicenciaspermisosadjuntos?16792393,20181219000000,L, HTTP/1.1" 200 6670
192.168.10.96 - - [19/Dec/2018:10:26:25 -0300] "POST /digitalizacion/servlet/wblogin?897281d698f3d279411f0a2350b15303,,gx-no-cache=1545225725777 HTTP/1.1" 200 836
200.54.103.162 - - [19/Dec/2018:10:26:26 -0300] "GET /cormun/servlet/licenciaspermisosadjuntos?INS,16792393,L,20181219000000,, HTTP/1.1" 200 5973
200.54.103.162 - - [19/Dec/2018:10:26:27 -0300] "GET /cormun/static/about:blank HTTP/1.1" 404 1011
200.54.103.162 - - [19/Dec/2018:10:26:27 -0300] "GET /cormun/servlet/licenciaspermisosadjuntos?INS,16792393,L,20181219000000,, HTTP/1.1" 200 5962
192.168.10.96 - - [19/Dec/2018:10:26:29 -0300] "POST /digitalizacion/servlet/wblogin?897281d698f3d279411f0a2350b15303,,gx-no-cache=1545225730070 HTTP/1.1" 200 836
192.168.10.96 - - [19/Dec/2018:10:26:36 -0300] "POST /digitalizacion/servlet/wblogin?897281d698f3d279411f0a2350b15303,,gx-no-cache=1545225736822 HTTP/1.1" 200 65
192.168.10.96 - - [19/Dec/2018:10:26:36 -0300] "GET /digitalizacion/servlet/hhome HTTP/1.1" 200 2825
192.168.10.96 - - [19/Dec/2018:10:26:37 -0300] "GET /digitalizacion/servlet/hhome HTTP/1.1" 200 2824
200.54.103.162 - - [19/Dec/2018:10:26:37 -0300] "POST /cormun/servlet/licenciaspermisosadjuntos?b06b0677a63926a75d6f296613f9bf94,INS,16792393,L,20181219000000,, HTTP/1.1" 200 116
200.54.103.162 - - [19/Dec/2018:10:26:37 -0300] "GET /cormun/servlet/hpexe_return? HTTP/1.1" 200 1036
200.54.103.162 - - [19/Dec/2018:10:26:37 -0300] "GET /cormun/servlet/trlicenciaspermisosadjuntos?16792393,20181219000000,L, HTTP/1.1" 200 7188
200.54.103.162 - - [19/Dec/2018:10:26:39 -0300] "GET /cormun/servlet/trlicenciaspermisosadjuntos?16792393,20181219000000,L, HTTP/1.1" 200 7184
192.168.10.96 - - [19/Dec/2018:10:26:41 -0300] "GET /digitalizacion/servlet/trdocumentos? HTTP/1.1" 200 9885
192.168.10.96 - - [19/Dec/2018:10:26:42 -0300] "GET /digitalizacion/servlet/trdocumentos? HTTP/1.1" 200 9882
192.168.10.96 - - [19/Dec/2018:10:26:42 -0300] "POST /digitalizacion/servlet/trdocumentos?gx-no-cache=1545225742793 HTTP/1.1" 200 449
192.168.10.96 - - [19/Dec/2018:10:26:42 -0300] "POST /digitalizacion/servlet/trdocumentos?gx-no-cache=1545225742914 HTTP/1.1" 200 78
200.54.103.162 - - [19/Dec/2018:10:26:43 -0300] "POST /cormun/servlet/trlicenciaspermisosadjuntos?b06b0677a63926a75d6f296613f9bf94,16792393,20181219000000,L,,gx-no-cache=1545225904704 HTTP/1.1" 200 90
200.54.103.162 - - [19/Dec/2018:10:26:43 -0300] "GET /cormun/servlet/hpexe_link HTTP/1.1" 200 979
200.54.103.162 - - [19/Dec/2018:10:26:43 -0300] "GET /cormun/servlet/trlicencias HTTP/1.1" 200 12344
200.54.103.162 - - [19/Dec/2018:10:26:44 -0300] "GET /cormun/servlet/trlicencias HTTP/1.1" 200 12340
192.168.10.96 - - [19/Dec/2018:10:26:46 -0300] "POST /digitalizacion/servlet/trdocumentos?gx-no-cache=1545225746839 HTTP/1.1" 200 237
200.54.103.162 - - [19/Dec/2018:10:26:47 -0300] "GET /cormun/servlet/alicenciaprn?16792393,L,20181219000000,PU HTTP/1.1" 200 1573
192.168.10.96 - - [19/Dec/2018:10:26:55 -0300] "POST /digitalizacion/servlet/trdocumentos?897281d698f3d279411f0a2350b15303,,gx-no-cache=1545225754778 HTTP/1.1" 200 3748
192.168.10.96 - - [19/Dec/2018:10:27:01 -0300] "GET /digitalizacion/servlet/wbadjunto?10877,PU HTTP/1.1" 302 -
192.168.10.96 - - [19/Dec/2018:10:27:01 -0300] "GET /digitalizacion/PublicTempStorage/4950918.tmp HTTP/1.1" 200 1137894
200.54.103.162 - - [19/Dec/2018:10:27:14 -0300] "POST /cormun/servlet/trlicencias?b06b0677a63926a75d6f296613f9bf94,gx-no-cache=1545225935672 HTTP/1.1" 200 9567
200.54.103.162 - - [19/Dec/2018:10:27:14 -0300] "GET /cormun/static/Shared/jqueryui/images/ui-bg_highlight-soft_100_c6c2c8_1x100.png HTTP/1.1" 404 1117
200.54.103.162 - - [19/Dec/2018:10:27:14 -0300] "GET /cormun/static/Shared/jqueryui/images/ui-icons_82798d_256x240.png HTTP/1.1" 404 1089
200.54.103.162 - - [19/Dec/2018:10:27:15 -0300] "GET /cormun/static/Shared/jqueryui/images/ui-bg_flat_55_fafafa_40x100.png HTTP/1.1" 404 1097
200.54.103.162 - - [19/Dec/2018:10:27:15 -0300] "GET /cormun/static/Shared/jqueryui/images/ui-icons_8d78a5_256x240.png HTTP/1.1" 404 1089
200.54.103.162 - - [19/Dec/2018:10:27:34 -0300] "GET /cormun/servlet/hlogin HTTP/1.1" 200 1731
192.168.10.96 - - [19/Dec/2018:10:27:40 -0300] "POST /digitalizacion/servlet/trdocumentos?897281d698f3d279411f0a2350b15303,,gx-no-cache=1545225799088 HTTP/1.1" 200 3676
192.168.10.96 - - [19/Dec/2018:10:27:46 -0300] "GET /digitalizacion/servlet/wbadjunto?11549,PU HTTP/1.1" 302 -
192.168.10.96 - - [19/Dec/2018:10:27:46 -0300] "GET /digitalizacion/PublicTempStorage/573161.tmp HTTP/1.1" 200 895260
186.103.159.189 - - [19/Dec/2018:10:28:31 -0300] "POST /cormun/servlet/hlogin?6262cd8800fd18bd7644235bcf67fad9,gx-no-cache=1545226010211 HTTP/1.1" 200 90
186.103.159.189 - - [19/Dec/2018:10:28:31 -0300] "GET /cormun/servlet/hpexe_link HTTP/1.1" 200 950
186.103.159.189 - - [19/Dec/2018:10:28:32 -0300] "GET /cormun/servlet/hhome HTTP/1.1" 200 4050
186.103.159.189 - - [19/Dec/2018:10:28:35 -0300] "GET /cormun/servlet/hhome HTTP/1.1" 200 4048
186.103.159.189 - - [19/Dec/2018:10:28:39 -0300] "GET /cormun/servlet/trpermisosgoce? HTTP/1.1" 200 13259
186.103.159.189 - - [19/Dec/2018:10:28:42 -0300] "GET /cormun/servlet/trpermisosgoce? HTTP/1.1" 200 13266
186.103.159.189 - - [19/Dec/2018:10:29:01 -0300] "GET /cormun/servlet/trpermisosadjuntos?16884573,20181218172203,P, HTTP/1.1" 200 6362
186.103.159.189 - - [19/Dec/2018:10:29:02 -0300] "GET /cormun/servlet/trpermisosadjuntos?16884573,20181218172203,P, HTTP/1.1" 200 6360
192.168.10.96 - - [19/Dec/2018:10:29:10 -0300] "POST /digitalizacion/servlet/trdocumentos?897281d698f3d279411f0a2350b15303,,gx-no-cache=1545225890112 HTTP/1.1" 200 3796
192.168.10.96 - - [19/Dec/2018:10:29:35 -0300] "POST /digitalizacion/servlet/trdocumentos?897281d698f3d279411f0a2350b15303,,gx-no-cache=1545225915480 HTTP/1.1" 200 3776
192.168.10.96 - - [19/Dec/2018:10:29:41 -0300] "POST /digitalizacion/servlet/trdocumentos?gx-no-cache=1545225921325 HTTP/1.1" 200 635
186.103.159.189 - - [19/Dec/2018:10:30:08 -0300] "GET /cormun/servlet/permisosadjuntos?INS,16884573,P,20181218172203,, HTTP/1.1" 200 5688
186.103.159.189 - - [19/Dec/2018:10:30:08 -0300] "GET /cormun/static/about:blank HTTP/1.1" 404 1011
186.103.159.189 - - [19/Dec/2018:10:30:10 -0300] "GET /cormun/servlet/permisosadjuntos?INS,16884573,P,20181218172203,, HTTP/1.1" 200 5678
187.57.189.100 - - [19/Dec/2018:10:30:16 -0300] "GET / HTTP/1.1" 200 11217
186.103.159.189 - - [19/Dec/2018:10:30:53 -0300] "POST /cormun/servlet/permisosadjuntos?6262cd8800fd18bd7644235bcf67fad9,INS,16884573,P,20181218172203,, HTTP/1.1" 200 116
186.103.159.189 - - [19/Dec/2018:10:30:53 -0300] "GET /cormun/servlet/hpexe_return? HTTP/1.1" 200 1035
186.103.159.189 - - [19/Dec/2018:10:30:54 -0300] "GET /cormun/servlet/trpermisosadjuntos?16884573,20181218172203,P, HTTP/1.1" 200 6855
186.103.159.189 - - [19/Dec/2018:10:30:56 -0300] "GET /cormun/servlet/trpermisosadjuntos?16884573,20181218172203,P, HTTP/1.1" 200 6851
192.168.10.96 - - [19/Dec/2018:10:31:25 -0300] "POST /digitalizacion/servlet/trdocumentos?gx-no-cache=1545226025342 HTTP/1.1" 200 237
192.168.10.96 - - [19/Dec/2018:10:31:31 -0300] "POST /digitalizacion/servlet/trdocumentos?897281d698f3d279411f0a2350b15303,,gx-no-cache=1545226030681 HTTP/1.1" 200 3818
192.168.10.96 - - [19/Dec/2018:10:31:33 -0300] "GET /digitalizacion/servlet/wbadjunto?10681,PU HTTP/1.1" 302 -
192.168.10.96 - - [19/Dec/2018:10:31:34 -0300] "GET /digitalizacion/PublicTempStorage/9463945.tmp HTTP/1.1" 200 791323
186.103.159.189 - - [19/Dec/2018:10:31:55 -0300] "POST /cormun/servlet/trpermisosadjuntos?6262cd8800fd18bd7644235bcf67fad9,16884573,20181218172203,P,,gx-no-cache=1545226213844 HTTP/1.1" 200 90
186.103.159.189 - - [19/Dec/2018:10:31:55 -0300] "GET /cormun/servlet/hpexe_link HTTP/1.1" 200 981
186.103.159.189 - - [19/Dec/2018:10:31:55 -0300] "GET /cormun/servlet/trpermisosgoce HTTP/1.1" 200 13262
186.103.159.189 - - [19/Dec/2018:10:31:58 -0300] "GET /cormun/servlet/trpermisosgoce HTTP/1.1" 200 13262
192.168.10.96 - - [19/Dec/2018:10:32:00 -0300] "POST /digitalizacion/servlet/trdocumentos?897281d698f3d279411f0a2350b15303,,gx-no-cache=1545226060121 HTTP/1.1" 200 7178
192.168.10.96 - - [19/Dec/2018:10:32:00 -0300] "GET /digitalizacion/static/Resources/PXToolsGridNext.gif HTTP/1.1" 200 369
192.168.10.96 - - [19/Dec/2018:10:32:00 -0300] "GET /digitalizacion/static/Resources/PXToolsGridLast.gif HTTP/1.1" 200 370
186.103.159.189 - - [19/Dec/2018:10:32:05 -0300] "POST /cormun/servlet/trpermisosgoce?6262cd8800fd18bd7644235bcf67fad9,gx-no-cache=1545226223534 HTTP/1.1" 200 10324
192.168.10.96 - - [19/Dec/2018:10:32:05 -0300] "POST /digitalizacion/servlet/trdocumentos?897281d698f3d279411f0a2350b15303,,gx-no-cache=1545226065250 HTTP/1.1" 200 3761
186.103.159.189 - - [19/Dec/2018:10:32:05 -0300] "GET /cormun/static/Shared/jqueryui/images/ui-icons_82798d_256x240.png HTTP/1.1" 404 1089
186.103.159.189 - - [19/Dec/2018:10:32:05 -0300] "GET /cormun/static/Shared/jqueryui/images/ui-bg_highlight-soft_100_c6c2c8_1x100.png HTTP/1.1" 404 1117
186.103.159.189 - - [19/Dec/2018:10:32:05 -0300] "GET /cormun/static/Shared/jqueryui/images/ui-icons_8d78a5_256x240.png HTTP/1.1" 404 1089
186.103.159.189 - - [19/Dec/2018:10:32:06 -0300] "GET /cormun/static/Shared/jqueryui/images/ui-bg_flat_55_fafafa_40x100.png HTTP/1.1" 404 1097
186.103.159.189 - - [19/Dec/2018:10:32:10 -0300] "GET /cormun/servlet/trpermisosadjuntos?15994671,20181218134112,P, HTTP/1.1" 200 6361
192.168.10.96 - - [19/Dec/2018:10:32:11 -0300] "GET /digitalizacion/servlet/wbadjunto?13428,PU HTTP/1.1" 302 -
192.168.10.96 - - [19/Dec/2018:10:32:11 -0300] "GET /digitalizacion/PublicTempStorage/8810305.tmp HTTP/1.1" 200 1117328
186.103.159.189 - - [19/Dec/2018:10:32:12 -0300] "GET /cormun/servlet/trpermisosadjuntos?15994671,20181218134112,P, HTTP/1.1" 200 6361
186.103.159.189 - - [19/Dec/2018:10:32:14 -0300] "GET /cormun/servlet/permisosadjuntos?INS,15994671,P,20181218134112,, HTTP/1.1" 200 5689
186.103.159.189 - - [19/Dec/2018:10:32:15 -0300] "GET /cormun/static/about:blank HTTP/1.1" 404 1011
186.103.159.189 - - [19/Dec/2018:10:32:16 -0300] "GET /cormun/servlet/permisosadjuntos?INS,15994671,P,20181218134112,, HTTP/1.1" 200 5678
200.111.191.210 - - [19/Dec/2018:10:32:37 -0300] "GET /cormun/servlet/trlicencias? HTTP/1.1" 200 13243
200.111.191.210 - - [19/Dec/2018:10:32:38 -0300] "GET /cormun/servlet/trlicencias? HTTP/1.1" 200 13242
192.168.10.96 - - [19/Dec/2018:10:32:38 -0300] "GET /digitalizacion/servlet/wbadjunto?12476,PU HTTP/1.1" 302 -
192.168.10.96 - - [19/Dec/2018:10:32:38 -0300] "GET /digitalizacion/PublicTempStorage/7782547.tmp HTTP/1.1" 200 1004679
200.111.191.210 - - [19/Dec/2018:10:32:43 -0300] "GET /cormun/servlet/licenciaspermisos?INS,0,,, HTTP/1.1" 200 7559
200.111.191.210 - - [19/Dec/2018:10:32:43 -0300] "GET /cormun/static/gxcfg.js?201762917281167 HTTP/1.1" 304 -
200.111.191.210 - - [19/Dec/2018:10:32:44 -0300] "GET /cormun/servlet/licenciaspermisos?INS,0,,, HTTP/1.1" 200 7566
200.111.191.210 - - [19/Dec/2018:10:32:48 -0300] "GET /cormun/servlet/licenciaspermisos?b0be9e97962de796ecde135e68700cc890323e926354cff25e9c77bff12200bfc49315fb56c6274edcad6947271fa85b,gx-no-cache=1545226361504 HTTP/1.1" 200 98
200.111.191.210 - - [19/Dec/2018:10:32:48 -0300] "POST /cormun/servlet/licenciaspermisos?f68dd93ac00ed1ef34d482c6ed07b956,INS,0,,,,gx-no-cache=1545226361529 HTTP/1.1" 200 4735
186.103.159.189 - - [19/Dec/2018:10:32:53 -0300] "POST /cormun/servlet/permisosadjuntos?6262cd8800fd18bd7644235bcf67fad9,INS,15994671,P,20181218134112,, HTTP/1.1" 200 116
186.103.159.189 - - [19/Dec/2018:10:32:53 -0300] "GET /cormun/servlet/hpexe_return? HTTP/1.1" 200 1036
186.103.159.189 - - [19/Dec/2018:10:32:53 -0300] "GET /cormun/servlet/trpermisosadjuntos?15994671,20181218134112,P, HTTP/1.1" 200 6855
186.103.159.189 - - [19/Dec/2018:10:32:55 -0300] "GET /cormun/servlet/trpermisosadjuntos?15994671,20181218134112,P, HTTP/1.1" 200 6851
186.103.159.189 - - [19/Dec/2018:10:32:58 -0300] "POST /cormun/servlet/trpermisosadjuntos?6262cd8800fd18bd7644235bcf67fad9,15994671,20181218134112,P,,gx-no-cache=1545226277518 HTTP/1.1" 200 90
186.103.159.189 - - [19/Dec/2018:10:32:58 -0300] "GET /cormun/servlet/hpexe_link HTTP/1.1" 200 1003
186.103.159.189 - - [19/Dec/2018:10:32:59 -0300] "GET /cormun/servlet/trpermisosgoce?gx-no-cache=1545226223534 HTTP/1.1" 200 13266
186.103.159.189 - - [19/Dec/2018:10:33:01 -0300] "GET /cormun/servlet/trpermisosgoce?gx-no-cache=1545226223534 HTTP/1.1" 200 13277
186.103.159.189 - - [19/Dec/2018:10:33:09 -0300] "POST /cormun/servlet/trpermisosgoce?6262cd8800fd18bd7644235bcf67fad9,gx-no-cache=1545226223534,gx-no-cache=1545226287950 HTTP/1.1" 200 10315
186.103.159.189 - - [19/Dec/2018:10:33:10 -0300] "GET /cormun/static/Shared/jqueryui/images/ui-bg_highlight-soft_100_c6c2c8_1x100.png HTTP/1.1" 404 1117
186.103.159.189 - - [19/Dec/2018:10:33:10 -0300] "GET /cormun/static/Shared/jqueryui/images/ui-icons_82798d_256x240.png HTTP/1.1" 404 1089
186.103.159.189 - - [19/Dec/2018:10:33:10 -0300] "GET /cormun/static/Shared/jqueryui/images/ui-bg_flat_55_fafafa_40x100.png HTTP/1.1" 404 1097
186.103.159.189 - - [19/Dec/2018:10:33:10 -0300] "GET /cormun/static/Shared/jqueryui/images/ui-icons_8d78a5_256x240.png HTTP/1.1" 404 1089
192.168.10.96 - - [19/Dec/2018:10:33:29 -0300] "POST /digitalizacion/servlet/trdocumentos?897281d698f3d279411f0a2350b15303,,gx-no-cache=1545226149372 HTTP/1.1" 200 4809
192.168.10.96 - - [19/Dec/2018:10:33:45 -0300] "GET /digitalizacion/servlet/wbadjunto?16085,PU HTTP/1.1" 302 -
192.168.10.96 - - [19/Dec/2018:10:33:45 -0300] "GET /digitalizacion/PublicTempStorage/7386363.tmp HTTP/1.1" 200 1059308
200.111.191.210 - - [19/Dec/2018:10:33:53 -0300] "GET /cormun/servlet/licenciaspermisos?b0be9e97962de796ecde135e68700cc88846c27c94cb73fc324edc30a7200d8e7a8ad8f0f45636bdfd25c73db5076bb3640cb84bd834598cc8d1f553c808c370371366999e492f64b8f20eb493e30942b85c177319c5c38ea6bf5310af5b83ecaf6c89d715041026f15e748607f3e3ac95253e484ab628685b4072203baf44ea5a8cd5bd65a3957d1b72ab842f8296e322fb068a3bc2724aa35b4b7d84f0fbfb099ff30fbc342d69223dcdf27134818c,gx-no-cache=1545226426684 HTTP/1.1" 200 30
200.111.191.210 - - [19/Dec/2018:10:33:53 -0300] "GET /cormun/servlet/licenciaspermisos?b0be9e97962de796ecde135e68700cc869e9d28cd86165fcb15bc1b9cfc04f562caccd616d8fbde829bb9662ef291d2c25650013fe8248dcf4d2ab22d4ffcdba19331f5ee6d93b9285e839f8aea6f79455b19619a524a423d2002bb1b9b708ecd8f0707f8f067ab786fe310d6f60304591dc0507966c54505faf57e91332e32cf9273c5859ac308a20a08696f872d87f1a9c2f1e914f3b05dc9fba221d1fd63ba5e6d0d914551a31e8bd33f1d0604ccf,gx-no-cache=1545226426873 HTTP/1.1" 200 29
200.111.191.210 - - [19/Dec/2018:10:33:54 -0300] "POST /cormun/servlet/licenciaspermisos?f68dd93ac00ed1ef34d482c6ed07b956,INS,0,,,,gx-no-cache=1545226426948 HTTP/1.1" 200 93
200.111.191.210 - - [19/Dec/2018:10:33:54 -0300] "GET /cormun/servlet/hpexe_return? HTTP/1.1" 200 1009
200.111.191.210 - - [19/Dec/2018:10:33:54 -0300] "GET /cormun/servlet/trlicencias HTTP/1.1" 200 13745
200.111.191.210 - - [19/Dec/2018:10:33:54 -0300] "GET /cormun/servlet/trlicencias HTTP/1.1" 200 13716
200.111.191.210 - - [19/Dec/2018:10:33:56 -0300] "GET /cormun/servlet/alicenciaprn?16882235,L,20181219000000,PU HTTP/1.1" 200 1543
192.168.10.96 - - [19/Dec/2018:10:34:07 -0300] "POST /digitalizacion/servlet/trdocumentos?897281d698f3d279411f0a2350b15303,,gx-no-cache=1545226186643 HTTP/1.1" 200 4426
192.168.10.96 - - [19/Dec/2018:10:34:15 -0300] "GET /digitalizacion/servlet/wbadjunto?13572,PU HTTP/1.1" 302 -
192.168.10.96 - - [19/Dec/2018:10:34:15 -0300] "GET /digitalizacion/PublicTempStorage/5394003.tmp HTTP/1.1" 200 853465
192.168.10.96 - - [19/Dec/2018:10:34:51 -0300] "POST /digitalizacion/servlet/trdocumentos?897281d698f3d279411f0a2350b15303,,gx-no-cache=1545226231229 HTTP/1.1" 200 4081
192.168.10.96 - - [19/Dec/2018:10:35:06 -0300] "GET /digitalizacion/servlet/wbadjunto?9293,PU HTTP/1.1" 302 -
192.168.10.96 - - [19/Dec/2018:10:35:07 -0300] "GET /digitalizacion/PublicTempStorage/8341108.tmp HTTP/1.1" 200 966579
192.168.10.96 - - [19/Dec/2018:10:35:57 -0300] "GET /digitalizacion/servlet/wbadjunto?9292,PU HTTP/1.1" 302 -
192.168.10.96 - - [19/Dec/2018:10:35:58 -0300] "GET /digitalizacion/PublicTempStorage/4030945.tmp HTTP/1.1" 200 1074893
192.168.10.96 - - [19/Dec/2018:10:36:41 -0300] "POST /digitalizacion/servlet/trdocumentos?897281d698f3d279411f0a2350b15303,,gx-no-cache=1545226341606 HTTP/1.1" 200 3217
192.168.10.96 - - [19/Dec/2018:10:36:49 -0300] "POST /digitalizacion/servlet/trdocumentos?897281d698f3d279411f0a2350b15303,,gx-no-cache=1545226349270 HTTP/1.1" 200 7353
192.168.10.96 - - [19/Dec/2018:10:37:02 -0300] "GET /digitalizacion/servlet/wbadjunto?6634,PU HTTP/1.1" 302 -
192.168.10.96 - - [19/Dec/2018:10:37:02 -0300] "GET /digitalizacion/PublicTempStorage/714687.tmp HTTP/1.1" 200 988448
192.168.10.96 - - [19/Dec/2018:10:37:43 -0300] "POST /digitalizacion/servlet/trdocumentos?897281d698f3d279411f0a2350b15303,,gx-no-cache=1545226403414 HTTP/1.1" 200 3597
192.168.10.96 - - [19/Dec/2018:10:37:45 -0300] "GET /digitalizacion/servlet/wbadjunto?11271,PU HTTP/1.1" 302 -
192.168.10.96 - - [19/Dec/2018:10:37:45 -0300] "GET /digitalizacion/PublicTempStorage/8340159.tmp HTTP/1.1" 200 924538
192.168.10.96 - - [19/Dec/2018:10:40:44 -0300] "POST /digitalizacion/servlet/trdocumentos?897281d698f3d279411f0a2350b15303,,gx-no-cache=1545226584527 HTTP/1.1" 200 3746
192.168.10.96 - - [19/Dec/2018:10:40:51 -0300] "GET /digitalizacion/servlet/wbadjunto?7064,PU HTTP/1.1" 302 -
192.168.10.96 - - [19/Dec/2018:10:40:51 -0300] "GET /digitalizacion/PublicTempStorage/8523390.tmp HTTP/1.1" 200 989995
192.168.10.96 - - [19/Dec/2018:10:41:26 -0300] "POST /digitalizacion/servlet/trdocumentos?897281d698f3d279411f0a2350b15303,,gx-no-cache=1545226626111 HTTP/1.1" 200 3203
192.168.10.96 - - [19/Dec/2018:10:41:32 -0300] "POST /digitalizacion/servlet/trdocumentos?897281d698f3d279411f0a2350b15303,,gx-no-cache=1545226632544 HTTP/1.1" 200 4422
192.168.10.96 - - [19/Dec/2018:10:41:36 -0300] "GET /digitalizacion/servlet/wbadjunto?13299,PU HTTP/1.1" 302 -
192.168.10.96 - - [19/Dec/2018:10:41:36 -0300] "GET /digitalizacion/PublicTempStorage/9886792.tmp HTTP/1.1" 200 1218767
186.67.164.138 - - [19/Dec/2018:10:48:10 -0300] "GET /cormun/servlet/hlogin HTTP/1.1" 200 1711
186.67.164.138 - - [19/Dec/2018:10:48:11 -0300] "GET /cormun/servlet/hlogin HTTP/1.1" 200 1722
186.67.164.138 - - [19/Dec/2018:10:48:21 -0300] "POST /cormun/servlet/hlogin?6585c39062e906ec7c5d893fc1d1e477,gx-no-cache=1545227202188 HTTP/1.1" 200 90
186.67.164.138 - - [19/Dec/2018:10:48:21 -0300] "GET /cormun/servlet/hpexe_link HTTP/1.1" 200 942
186.67.164.138 - - [19/Dec/2018:10:48:21 -0300] "GET /cormun/servlet/hhome HTTP/1.1" 200 4039
186.67.164.138 - - [19/Dec/2018:10:48:21 -0300] "GET /cormun/static/gxcfg.js?20175251212442 HTTP/1.1" 200 953
186.67.164.138 - - [19/Dec/2018:10:48:21 -0300] "GET /cormun/static/hhome.js?20175251212450 HTTP/1.1" 200 777
186.67.164.138 - - [19/Dec/2018:10:48:22 -0300] "GET /cormun/servlet/hhome HTTP/1.1" 200 4035
186.67.164.138 - - [19/Dec/2018:10:48:25 -0300] "GET /cormun/servlet/trlicencias? HTTP/1.1" 200 11357
186.67.164.138 - - [19/Dec/2018:10:48:26 -0300] "GET /cormun/servlet/trlicencias? HTTP/1.1" 200 11354
190.171.141.114 - - [19/Dec/2018:10:49:31 -0300] "GET /cormun/servlet/hlogin HTTP/1.1" 200 1722
190.171.141.114 - - [19/Dec/2018:10:49:31 -0300] "GET /cormun/servlet/hlogin HTTP/1.1" 200 1733
201.239.74.83 - - [19/Dec/2018:10:56:17 -0300] "GET /cormun/servlet/hlogin HTTP/1.1" 200 1726
201.239.74.83 - - [19/Dec/2018:10:56:17 -0300] "GET /cormun/static/gxtimezone.js?85251 HTTP/1.1" 200 5781
201.239.74.83 - - [19/Dec/2018:10:56:17 -0300] "GET /cormun/static/gxcfg.js?20177612122725 HTTP/1.1" 200 953
201.239.74.83 - - [19/Dec/2018:10:56:17 -0300] "GET /cormun/static/messages.spa.js?85251 HTTP/1.1" 200 30736
201.239.74.83 - - [19/Dec/2018:10:56:17 -0300] "GET /cormun/static/Resources/ComunLogin.png HTTP/1.1" 200 17326
201.239.74.83 - - [19/Dec/2018:10:56:17 -0300] "GET /cormun/static/hlogin.js?20177612122738 HTTP/1.1" 200 2136
201.239.74.83 - - [19/Dec/2018:10:56:17 -0300] "GET /cormun/static/Resources/Spanish/PXTools.css?1155365 HTTP/1.1" 200 89042
201.239.74.83 - - [19/Dec/2018:10:56:20 -0300] "GET /cormun/static/gxgral.js?85251 HTTP/1.1" 200 384558
201.239.74.83 - - [19/Dec/2018:10:56:20 -0300] "GET /cormun/static/Resources/PXToolsLoginTop.png HTTP/1.1" 200 1337
201.239.74.83 - - [19/Dec/2018:10:56:20 -0300] "GET /cormun/static/Resources/PXToolsLoginBackground.png HTTP/1.1" 200 1164
201.239.74.83 - - [19/Dec/2018:10:56:20 -0300] "GET /cormun/static/Resources/PXToolsButtonRight21.png HTTP/1.1" 200 1283
201.239.74.83 - - [19/Dec/2018:10:56:20 -0300] "GET /cormun/static/Resources/PXToolsButtonBackground2.png HTTP/1.1" 200 1181
201.239.74.83 - - [19/Dec/2018:10:56:20 -0300] "GET /cormun/static/Resources/PXToolsLoginBottom.png HTTP/1.1" 200 1389
201.239.74.83 - - [19/Dec/2018:10:56:20 -0300] "GET /cormun/static/Resources/PXToolsButtonLeft21.png HTTP/1.1" 200 1287
201.239.74.83 - - [19/Dec/2018:10:56:20 -0300] "GET /cormun/static/Resources/indicator.gif HTTP/1.1" 200 1553
201.239.74.83 - - [19/Dec/2018:10:56:20 -0300] "GET /cormun/servlet/hlogin HTTP/1.1" 200 1731
201.239.74.83 - - [19/Dec/2018:10:56:20 -0300] "GET /favicon.ico HTTP/1.1" 200 21630
192.168.10.96 - - [19/Dec/2018:10:59:45 -0300] "POST /digitalizacion/servlet/trdocumentos?897281d698f3d279411f0a2350b15303,,gx-no-cache=1545227724625 HTTP/1.1" 200 3205
192.168.10.96 - - [19/Dec/2018:10:59:54 -0300] "POST /digitalizacion/servlet/trdocumentos?897281d698f3d279411f0a2350b15303,,gx-no-cache=1545227734208 HTTP/1.1" 200 3184
186.103.159.189 - - [19/Dec/2018:11:02:19 -0300] "GET /cormun/servlet/trpermisosadjuntos?13500887,20181218083025,P, HTTP/1.1" 200 6386
186.103.159.189 - - [19/Dec/2018:11:02:22 -0300] "GET /cormun/servlet/trpermisosadjuntos?13500887,20181218083025,P, HTTP/1.1" 200 6365
186.103.159.189 - - [19/Dec/2018:11:02:24 -0300] "GET /cormun/servlet/permisosadjuntos?INS,13500887,P,20181218083025,, HTTP/1.1" 200 5694
186.103.159.189 - - [19/Dec/2018:11:02:25 -0300] "GET /cormun/static/about:blank HTTP/1.1" 404 1011
186.103.159.189 - - [19/Dec/2018:11:02:26 -0300] "GET /cormun/servlet/permisosadjuntos?INS,13500887,P,20181218083025,, HTTP/1.1" 200 5684
192.168.10.96 - - [19/Dec/2018:11:02:55 -0300] "POST /digitalizacion/servlet/trdocumentos?897281d698f3d279411f0a2350b15303,,gx-no-cache=1545227914986 HTTP/1.1" 200 5426
186.103.159.189 - - [19/Dec/2018:11:03:16 -0300] "POST /cormun/servlet/permisosadjuntos?6262cd8800fd18bd7644235bcf67fad9,INS,13500887,P,20181218083025,, HTTP/1.1" 200 116
186.103.159.189 - - [19/Dec/2018:11:03:16 -0300] "GET /cormun/servlet/hpexe_return? HTTP/1.1" 200 1036
186.103.159.189 - - [19/Dec/2018:11:03:17 -0300] "GET /cormun/servlet/trpermisosadjuntos?13500887,20181218083025,P, HTTP/1.1" 200 6858
186.103.159.189 - - [19/Dec/2018:11:03:19 -0300] "GET /cormun/servlet/trpermisosadjuntos?13500887,20181218083025,P, HTTP/1.1" 200 6855
192.168.10.96 - - [19/Dec/2018:11:03:22 -0300] "GET /digitalizacion/servlet/wbadjunto?15783,PU HTTP/1.1" 302 -
192.168.10.96 - - [19/Dec/2018:11:03:22 -0300] "GET /digitalizacion/PublicTempStorage/2254747.tmp HTTP/1.1" 200 1381886
186.103.159.189 - - [19/Dec/2018:11:03:28 -0300] "POST /cormun/servlet/trpermisosadjuntos?6262cd8800fd18bd7644235bcf67fad9,13500887,20181218083025,P,,gx-no-cache=1545228106568 HTTP/1.1" 200 90
186.103.159.189 - - [19/Dec/2018:11:03:28 -0300] "GET /cormun/servlet/hpexe_link HTTP/1.1" 200 1003
186.103.159.189 - - [19/Dec/2018:11:03:29 -0300] "GET /cormun/servlet/trpermisosgoce?gx-no-cache=1545226223534 HTTP/1.1" 200 13227
186.103.159.189 - - [19/Dec/2018:11:03:31 -0300] "GET /cormun/servlet/trpermisosgoce?gx-no-cache=1545226223534 HTTP/1.1" 200 13253
186.103.159.189 - - [19/Dec/2018:11:03:38 -0300] "POST /cormun/servlet/trpermisosgoce?6262cd8800fd18bd7644235bcf67fad9,gx-no-cache=1545226223534,gx-no-cache=1545228115382 HTTP/1.1" 200 10250
186.103.159.189 - - [19/Dec/2018:11:03:39 -0300] "GET /cormun/static/Shared/jqueryui/images/ui-bg_highlight-soft_100_c6c2c8_1x100.png HTTP/1.1" 404 1117
186.103.159.189 - - [19/Dec/2018:11:03:39 -0300] "GET /cormun/static/Shared/jqueryui/images/ui-icons_82798d_256x240.png HTTP/1.1" 404 1089
186.103.159.189 - - [19/Dec/2018:11:03:39 -0300] "GET /cormun/static/Shared/jqueryui/images/ui-bg_flat_55_fafafa_40x100.png HTTP/1.1" 404 1097
186.103.159.189 - - [19/Dec/2018:11:03:39 -0300] "GET /cormun/static/Shared/jqueryui/images/ui-icons_8d78a5_256x240.png HTTP/1.1" 404 1089
192.168.10.96 - - [19/Dec/2018:11:06:09 -0300] "POST /digitalizacion/servlet/trdocumentos?897281d698f3d279411f0a2350b15303,,gx-no-cache=1545228108626 HTTP/1.1" 200 7205
207.46.13.202 - - [19/Dec/2018:11:07:05 -0300] "GET /cormun/servlet/licenciaspermisos?INS,0,,, HTTP/1.1" 200 6821
207.46.13.123 - - [19/Dec/2018:11:07:21 -0300] "GET /cormun/static/calendar-system.css?75620 HTTP/1.1" 200 5572
207.46.13.123 - - [19/Dec/2018:11:07:25 -0300] "GET /cormun/static/licenciaspermisos.js?201762917281260 HTTP/1.1" 200 37491
40.77.167.171 - - [19/Dec/2018:11:07:25 -0300] "GET /cormun/static/Resources/PXTools/calendar.png HTTP/1.1" 200 1306
40.77.167.171 - - [19/Dec/2018:11:07:29 -0300] "GET /cormun/static/Resources/Spanish/PXTools.css?17315867 HTTP/1.1" 200 89042
207.46.13.114 - - [19/Dec/2018:11:07:30 -0300] "GET /cormun/static/Resources/prompt.gif HTTP/1.1" 200 902
192.168.10.96 - - [19/Dec/2018:11:08:08 -0300] "POST /digitalizacion/servlet/trdocumentos?897281d698f3d279411f0a2350b15303,,gx-no-cache=1545228227562 HTTP/1.1" 200 7084
192.168.10.96 - - [19/Dec/2018:11:08:24 -0300] "POST /digitalizacion/servlet/trdocumentos?897281d698f3d279411f0a2350b15303,,gx-no-cache=1545228243441 HTTP/1.1" 200 7260
192.168.10.96 - - [19/Dec/2018:11:08:24 -0300] "GET /digitalizacion/static/Resources/PXToolsGridFirst.gif HTTP/1.1" 200 379
192.168.10.96 - - [19/Dec/2018:11:08:24 -0300] "GET /digitalizacion/static/Resources/PXToolsGridPrevious.gif HTTP/1.1" 200 369
40.77.167.171 - - [19/Dec/2018:11:08:28 -0300] "GET /cormun/static/Shared/ext/ext-all.js HTTP/1.1" 200 1289687
192.168.10.96 - - [19/Dec/2018:11:09:12 -0300] "POST /digitalizacion/servlet/trdocumentos?897281d698f3d279411f0a2350b15303,,gx-no-cache=1545228292514 HTTP/1.1" 200 7253
192.168.10.96 - - [19/Dec/2018:11:09:31 -0300] "POST /digitalizacion/servlet/trdocumentos?897281d698f3d279411f0a2350b15303,,gx-no-cache=1545228310675 HTTP/1.1" 200 3695
186.79.195.31 - - [19/Dec/2018:11:09:46 -0300] "GET /cormun/servlet/hlogin HTTP/1.1" 200 1712
186.79.195.31 - - [19/Dec/2018:11:09:56 -0300] "POST /cormun/servlet/hlogin?4a498ef19d39896be88bd4bf8e68d9b0,gx-no-cache=1545228493664 HTTP/1.1" 200 90
186.79.195.31 - - [19/Dec/2018:11:09:56 -0300] "GET /cormun/servlet/hpexe_link HTTP/1.1" 200 942
186.79.195.31 - - [19/Dec/2018:11:09:56 -0300] "GET /cormun/servlet/hhome HTTP/1.1" 200 4320
186.79.195.31 - - [19/Dec/2018:11:09:57 -0300] "GET /cormun/servlet/hhome HTTP/1.1" 200 4316
186.79.195.31 - - [19/Dec/2018:11:10:10 -0300] "GET /cormun/servlet/trpermisosgoce? HTTP/1.1" 200 11510
186.79.195.31 - - [19/Dec/2018:11:10:11 -0300] "GET /cormun/servlet/trpermisosgoce? HTTP/1.1" 200 11508
207.46.13.114 - - [19/Dec/2018:11:10:28 -0300] "GET /cormun/servlet/solicitudot?INS,0,0,&_escaped_fragment_= HTTP/1.1" 200 13872
186.103.159.189 - - [19/Dec/2018:11:11:23 -0300] "GET /cormun/servlet/permisogoce?INS,0,,, HTTP/1.1" 200 6917
186.103.159.189 - - [19/Dec/2018:11:11:27 -0300] "GET /cormun/servlet/permisogoce?INS,0,,, HTTP/1.1" 200 6894
186.103.159.189 - - [19/Dec/2018:11:11:31 -0300] "GET /cormun/servlet/prfichaempleado?,MD,,gxPopupLevel%3D0%3B HTTP/1.1" 200 9352
186.103.159.189 - - [19/Dec/2018:11:11:45 -0300] "POST /cormun/servlet/prfichaempleado?6262cd8800fd18bd7644235bcf67fad9,,MD,,gxPopupLevel%3D0%3B,gx-no-cache=1545228604102 HTTP/1.1" 200 3180
186.103.159.189 - - [19/Dec/2018:11:11:51 -0300] "POST /cormun/servlet/prfichaempleado?6262cd8800fd18bd7644235bcf67fad9,,MD,,gxPopupLevel%3D0%3B,gx-no-cache=1545228609846 HTTP/1.1" 200 3473
186.103.159.189 - - [19/Dec/2018:11:11:57 -0300] "GET /cormun/servlet/permisogoce?a2ee06159044c2f6811c66802560c6c109f9be87a693b3acfe05d0b3c34b9ca980eb8d9bc0d02e2b667a6d1a55d3f18a4ba975cf23c3b2e56ad846213ea33866,gx-no-cache=1545228616148 HTTP/1.1" 200 77
186.103.159.189 - - [19/Dec/2018:11:11:57 -0300] "GET /cormun/static/menuarrow.gif HTTP/1.1" 404 1015
186.103.159.189 - - [19/Dec/2018:11:12:05 -0300] "POST /cormun/servlet/permisogoce?6262cd8800fd18bd7644235bcf67fad9,INS,0,,,,gx-no-cache=1545228624458 HTTP/1.1" 200 93
186.103.159.189 - - [19/Dec/2018:11:12:05 -0300] "GET /cormun/servlet/hpexe_return? HTTP/1.1" 200 1030
186.103.159.189 - - [19/Dec/2018:11:12:06 -0300] "GET /cormun/servlet/trpermisosgoce?gx-no-cache=1545226223534 HTTP/1.1" 200 13185
186.103.159.189 - - [19/Dec/2018:11:12:08 -0300] "GET /cormun/servlet/trpermisosgoce?gx-no-cache=1545226223534 HTTP/1.1" 200 13198
186.79.195.31 - - [19/Dec/2018:11:12:48 -0300] "GET /cormun/servlet/trpermisosadjuntos?17680042,20181218083545,P, HTTP/1.1" 200 6632
186.79.195.31 - - [19/Dec/2018:11:12:49 -0300] "GET /cormun/servlet/trpermisosadjuntos?17680042,20181218083545,P, HTTP/1.1" 200 6632
186.79.195.31 - - [19/Dec/2018:11:12:51 -0300] "GET /cormun/servlet/permisosadjuntos?INS,17680042,P,20181218083545,, HTTP/1.1" 200 5961
186.79.195.31 - - [19/Dec/2018:11:12:52 -0300] "GET /cormun/static/about:blank HTTP/1.1" 404 1011
186.79.195.31 - - [19/Dec/2018:11:12:53 -0300] "GET /cormun/servlet/permisosadjuntos?INS,17680042,P,20181218083545,, HTTP/1.1" 200 5950
207.46.13.202 - - [19/Dec/2018:11:13:16 -0300] "GET /cormun/servlet/licenciaspermisos?INS,0,,, HTTP/1.1" 200 6769
186.79.195.31 - - [19/Dec/2018:11:13:29 -0300] "POST /cormun/servlet/permisosadjuntos?4a498ef19d39896be88bd4bf8e68d9b0,INS,17680042,P,20181218083545,, HTTP/1.1" 200 116
186.79.195.31 - - [19/Dec/2018:11:13:30 -0300] "GET /cormun/servlet/hpexe_return? HTTP/1.1" 200 1028
186.79.195.31 - - [19/Dec/2018:11:13:30 -0300] "GET /cormun/servlet/trpermisosadjuntos?17680042,20181218083545,P, HTTP/1.1" 200 7135
186.79.195.31 - - [19/Dec/2018:11:13:31 -0300] "GET /cormun/servlet/trpermisosadjuntos?17680042,20181218083545,P, HTTP/1.1" 200 7132
186.79.195.31 - - [19/Dec/2018:11:13:34 -0300] "GET /cormun/servlet/trpermisosgoce? HTTP/1.1" 200 11508
186.79.195.31 - - [19/Dec/2018:11:13:35 -0300] "GET /cormun/servlet/trpermisosgoce? HTTP/1.1" 200 11509
186.79.195.31 - - [19/Dec/2018:11:13:42 -0300] "POST /cormun/servlet/trpermisosgoce?4a498ef19d39896be88bd4bf8e68d9b0,,gx-no-cache=1545228718801 HTTP/1.1" 200 8588
186.79.195.31 - - [19/Dec/2018:11:13:42 -0300] "GET /cormun/static/Shared/jqueryui/images/ui-bg_highlight-soft_100_c6c2c8_1x100.png HTTP/1.1" 404 1117
186.79.195.31 - - [19/Dec/2018:11:13:42 -0300] "GET /cormun/static/Shared/jqueryui/images/ui-icons_8d78a5_256x240.png HTTP/1.1" 404 1089
186.79.195.31 - - [19/Dec/2018:11:13:42 -0300] "GET /cormun/static/Shared/jqueryui/images/ui-bg_flat_55_fafafa_40x100.png HTTP/1.1" 404 1097
186.79.195.31 - - [19/Dec/2018:11:13:42 -0300] "GET /cormun/static/Shared/jqueryui/images/ui-icons_82798d_256x240.png HTTP/1.1" 404 1089
186.79.195.31 - - [19/Dec/2018:11:13:46 -0300] "GET /cormun/servlet/trautorizarpermisogoce? HTTP/1.1" 200 7999
186.79.195.31 - - [19/Dec/2018:11:13:48 -0300] "GET /cormun/servlet/trautorizarpermisogoce? HTTP/1.1" 200 7999
186.79.195.31 - - [19/Dec/2018:11:13:52 -0300] "POST /cormun/servlet/trautorizarpermisogoce?4a498ef19d39896be88bd4bf8e68d9b0,,gx-no-cache=1545228729746 HTTP/1.1" 200 4421
186.79.195.31 - - [19/Dec/2018:11:13:52 -0300] "GET /cormun/static/Shared/jqueryui/images/ui-bg_highlight-soft_100_c6c2c8_1x100.png HTTP/1.1" 404 1117
186.79.195.31 - - [19/Dec/2018:11:13:52 -0300] "GET /cormun/static/Shared/jqueryui/images/ui-icons_82798d_256x240.png HTTP/1.1" 404 1089
186.79.195.31 - - [19/Dec/2018:11:13:52 -0300] "GET /cormun/static/Shared/jqueryui/images/ui-bg_flat_55_fafafa_40x100.png HTTP/1.1" 404 1097
186.79.195.31 - - [19/Dec/2018:11:13:52 -0300] "GET /cormun/static/Shared/jqueryui/images/ui-icons_8d78a5_256x240.png HTTP/1.1" 404 1089
186.79.195.31 - - [19/Dec/2018:11:14:06 -0300] "GET /cormun/servlet/trpermisosgoce? HTTP/1.1" 200 11403
186.79.195.31 - - [19/Dec/2018:11:14:07 -0300] "GET /cormun/servlet/trpermisosgoce? HTTP/1.1" 200 11402
190.171.141.114 - - [19/Dec/2018:11:14:56 -0300] "POST /cormun/servlet/hlogin?2af01e51a9b3818de60fd26a9673dabf,gx-no-cache=1545228796798 HTTP/1.1" 200 90
190.171.141.114 - - [19/Dec/2018:11:14:56 -0300] "GET /cormun/servlet/hpexe_link HTTP/1.1" 200 951
190.171.141.114 - - [19/Dec/2018:11:14:56 -0300] "GET /cormun/servlet/hhome HTTP/1.1" 200 4051
190.171.141.114 - - [19/Dec/2018:11:14:58 -0300] "GET /cormun/servlet/hhome HTTP/1.1" 200 4047
190.171.141.114 - - [19/Dec/2018:11:15:01 -0300] "GET /cormun/servlet/trlicencias? HTTP/1.1" 200 10264
190.171.141.114 - - [19/Dec/2018:11:15:03 -0300] "GET /cormun/servlet/trlicencias? HTTP/1.1" 200 10261
40.77.253.168 - - [19/Dec/2018:11:15:11 -0300] "GET /cormun/static/gxapiSD.js?85251 HTTP/1.1" 200 78773
40.77.192.123 - - [19/Dec/2018:11:15:17 -0300] "GET /cormun/static/JavaScripTableSD.js?85251 HTTP/1.1" 200 25100
190.171.142.18 - - [19/Dec/2018:11:19:37 -0300] "GET /cormun/servlet/hlogin HTTP/1.1" 200 1736
190.171.142.18 - - [19/Dec/2018:11:19:37 -0300] "GET /cormun/static/gxcfg.js?20177612122725 HTTP/1.1" 304 -
190.171.142.18 - - [19/Dec/2018:11:19:39 -0300] "GET /cormun/servlet/hlogin HTTP/1.1" 200 1742
190.171.142.18 - - [19/Dec/2018:11:19:51 -0300] "POST /cormun/servlet/hlogin?93ddfbbd3831e6efdc3881f2292813a0,gx-no-cache=1545229191274 HTTP/1.1" 200 90
190.171.142.18 - - [19/Dec/2018:11:19:51 -0300] "GET /cormun/servlet/hpexe_link HTTP/1.1" 200 958
190.171.142.18 - - [19/Dec/2018:11:19:51 -0300] "GET /cormun/static/gxcfg.js?20177612121792 HTTP/1.1" 304 -
190.171.142.18 - - [19/Dec/2018:11:19:52 -0300] "GET /cormun/servlet/hhome HTTP/1.1" 200 4343
190.171.142.18 - - [19/Dec/2018:11:19:54 -0300] "GET /cormun/servlet/hhome HTTP/1.1" 200 4339
190.171.142.18 - - [19/Dec/2018:11:20:13 -0300] "GET /cormun/servlet/trlicencias? HTTP/1.1" 200 12347
190.171.142.18 - - [19/Dec/2018:11:20:14 -0300] "GET /cormun/servlet/trlicencias? HTTP/1.1" 200 12329
186.103.159.204 - - [19/Dec/2018:11:26:43 -0300] "GET /cormun/servlet/hlogin HTTP/1.1" 200 1730
186.103.159.204 - - [19/Dec/2018:11:26:44 -0300] "POST /cormun/servlet/hlogin?a30edefade32ee754d84b6c8c31f9e01,gx-no-cache=1545229502373 HTTP/1.1" 200 90
186.103.159.204 - - [19/Dec/2018:11:26:44 -0300] "GET /cormun/servlet/hpexe_link HTTP/1.1" 200 952
186.103.159.204 - - [19/Dec/2018:11:26:44 -0300] "GET /cormun/servlet/hhome HTTP/1.1" 200 3998
186.103.159.204 - - [19/Dec/2018:11:26:45 -0300] "GET /cormun/servlet/hhome HTTP/1.1" 200 3995
186.103.159.204 - - [19/Dec/2018:11:26:48 -0300] "GET /cormun/servlet/trpermisosgoce? HTTP/1.1" 200 10810
186.103.159.204 - - [19/Dec/2018:11:26:49 -0300] "GET /cormun/servlet/trpermisosgoce? HTTP/1.1" 200 10805
186.103.159.186 - - [19/Dec/2018:11:27:56 -0300] "GET /cormun/servlet/trpermisosgoce? HTTP/1.0" 200 6113
186.103.159.186 - - [19/Dec/2018:11:27:56 -0300] "GET /cormun/static/gxcfg.js?20177612163875 HTTP/1.0" 304 -
186.103.159.186 - - [19/Dec/2018:11:27:58 -0300] "GET /cormun/servlet/trpermisosgoce? HTTP/1.0" 200 6110
186.103.159.186 - - [19/Dec/2018:11:27:58 -0300] "GET /cormun/servlet/hlogin HTTP/1.0" 200 1739
186.103.159.186 - - [19/Dec/2018:11:27:59 -0300] "GET /cormun/static/gxcfg.js?20177612122725 HTTP/1.0" 304 -
186.103.159.204 - - [19/Dec/2018:11:28:20 -0300] "GET /cormun/servlet/permisogoce?INS,0,,, HTTP/1.1" 200 6838
186.103.159.204 - - [19/Dec/2018:11:28:20 -0300] "GET /cormun/servlet/permisogoce?INS,0,,, HTTP/1.1" 200 6837
186.103.159.186 - - [19/Dec/2018:11:28:35 -0300] "POST /cormun/servlet/hlogin?cee1e5a69e7c7a4833faf3320ac70fcb,gx-no-cache=1545229616307 HTTP/1.0" 200 90
186.103.159.186 - - [19/Dec/2018:11:28:35 -0300] "GET /cormun/servlet/hpexe_link HTTP/1.0" 200 954
186.103.159.186 - - [19/Dec/2018:11:28:35 -0300] "GET /cormun/static/gxcfg.js?20177612121792 HTTP/1.0" 304 -
186.103.159.186 - - [19/Dec/2018:11:28:35 -0300] "GET /cormun/servlet/trpermisosgoce HTTP/1.0" 200 12178
186.103.159.204 - - [19/Dec/2018:11:28:36 -0300] "GET /cormun/servlet/permisogoce?3af9149dc9509639bc75a12acd275096933ef7dc0ac8a246b8346ef5e5e6222203c2163c9da30df0855e43e3cffe942745df9f7f712cef264dd5f4bd80d9ce35,gx-no-cache=1545229614177 HTTP/1.1" 200 76
186.103.159.204 - - [19/Dec/2018:11:28:36 -0300] "GET /cormun/static/menuarrow.gif HTTP/1.1" 404 1015
186.103.159.186 - - [19/Dec/2018:11:28:37 -0300] "GET /cormun/servlet/trpermisosgoce HTTP/1.0" 200 12172
186.103.159.186 - - [19/Dec/2018:11:28:49 -0300] "GET /cormun/servlet/permisogoce?INS,0,,, HTTP/1.0" 200 6862
186.103.159.186 - - [19/Dec/2018:11:28:50 -0300] "GET /cormun/servlet/permisogoce?INS,0,,, HTTP/1.0" 200 6862
186.103.159.204 - - [19/Dec/2018:11:28:52 -0300] "GET /cormun/servlet/permisogoce?3af9149dc9509639bc75a12acd27509684df6a0ab346a57de0f1a412c4c7a0bbb88e8bdd4cc6d03258423ac6d5234a44a525bf2410b51571fefb8600604a9760,gx-no-cache=1545229629949 HTTP/1.1" 200 47
186.103.159.204 - - [19/Dec/2018:11:29:15 -0300] "POST /cormun/servlet/permisogoce?a30edefade32ee754d84b6c8c31f9e01,INS,0,,,,gx-no-cache=1545229646872 HTTP/1.1" 200 93
186.103.159.204 - - [19/Dec/2018:11:29:15 -0300] "GET /cormun/servlet/hpexe_return? HTTP/1.1" 200 1012
186.103.159.204 - - [19/Dec/2018:11:29:15 -0300] "GET /cormun/servlet/trpermisosgoce HTTP/1.1" 200 11116
186.103.159.204 - - [19/Dec/2018:11:29:15 -0300] "GET /cormun/servlet/trpermisosgoce HTTP/1.1" 200 11108
192.168.10.96 - - [19/Dec/2018:11:29:32 -0300] "POST /digitalizacion/servlet/trdocumentos?gx-no-cache=1545229512866 HTTP/1.1" 200 133
186.103.159.186 - - [19/Dec/2018:11:29:33 -0300] "GET /cormun/servlet/permisogoce?7ebc85e1c080071a0b2887f97951fc8a9308e628a31ce5df236a9f7130baff0bde2550db29324be4371e59dc40adc576949b51a96fd1c48ce31ad0caa6c0c0ef,gx-no-cache=1545229674218 HTTP/1.0" 200 79
186.103.159.186 - - [19/Dec/2018:11:29:33 -0300] "GET /cormun/static/menuarrow.gif HTTP/1.0" 404 1015
192.168.10.96 - - [19/Dec/2018:11:29:34 -0300] "POST /digitalizacion/servlet/trdocumentos?gx-no-cache=1545229514876 HTTP/1.1" 200 147
186.103.159.186 - - [19/Dec/2018:11:29:43 -0300] "GET /cormun/servlet/permisogoce?7ebc85e1c080071a0b2887f97951fc8ad68593d8e81cc5669ac57f13d45c51188801fc1b1fa4c85955ad92c2f3f23a1593e16242b375f8f7b6741902d4883224,gx-no-cache=1545229684628 HTTP/1.0" 200 48
192.168.10.96 - - [19/Dec/2018:11:29:53 -0300] "POST /digitalizacion/servlet/trdocumentos?897281d698f3d279411f0a2350b15303,,gx-no-cache=1545229521017 HTTP/1.1" 200 3038
186.103.159.204 - - [19/Dec/2018:11:29:58 -0300] "GET /cormun/servlet/apermisogoceprn?16621476,P,20181219112400,PU HTTP/1.1" 200 1654
186.103.159.186 - - [19/Dec/2018:11:30:05 -0300] "POST /cormun/servlet/permisogoce?cee1e5a69e7c7a4833faf3320ac70fcb,INS,0,,,,gx-no-cache=1545229694383 HTTP/1.0" 200 93
186.103.159.186 - - [19/Dec/2018:11:30:05 -0300] "GET /cormun/servlet/hpexe_return? HTTP/1.0" 200 1008
186.103.159.186 - - [19/Dec/2018:11:30:06 -0300] "GET /cormun/static/gxcfg.js?2016101716175148 HTTP/1.0" 304 -
186.103.159.186 - - [19/Dec/2018:11:30:06 -0300] "GET /cormun/servlet/trpermisosgoce HTTP/1.0" 200 12440
186.103.159.186 - - [19/Dec/2018:11:30:07 -0300] "GET /cormun/servlet/trpermisosgoce HTTP/1.0" 200 12443
192.168.10.96 - - [19/Dec/2018:11:30:09 -0300] "POST /digitalizacion/servlet/trdocumentos?gx-no-cache=1545229550130 HTTP/1.1" 200 234
190.171.143.90 - - [19/Dec/2018:11:30:18 -0300] "GET /cormun/servlet/hlogin HTTP/1.1" 200 1719
190.171.143.90 - - [19/Dec/2018:11:30:18 -0300] "GET /cormun/static/gxtimezone.js?85251 HTTP/1.1" 200 5781
190.171.143.90 - - [19/Dec/2018:11:30:18 -0300] "GET /cormun/static/Resources/Spanish/PXTools.css?1155365 HTTP/1.1" 200 89042
190.171.143.90 - - [19/Dec/2018:11:30:21 -0300] "GET /cormun/servlet/hlogin HTTP/1.1" 200 1719
190.171.143.90 - - [19/Dec/2018:11:30:21 -0300] "GET /cormun/static/gxcfg.js?20177612122725 HTTP/1.1" 200 953
190.171.143.90 - - [19/Dec/2018:11:30:21 -0300] "GET /cormun/static/messages.spa.js?85251 HTTP/1.1" 200 30736
190.171.143.90 - - [19/Dec/2018:11:30:21 -0300] "GET /cormun/static/Resources/ComunLogin.png HTTP/1.1" 200 17326
190.171.143.90 - - [19/Dec/2018:11:30:21 -0300] "GET /cormun/static/hlogin.js?20177612122738 HTTP/1.1" 200 2136
190.171.143.90 - - [19/Dec/2018:11:30:21 -0300] "GET /cormun/static/gxgral.js?85251 HTTP/1.1" 200 384558
190.171.143.90 - - [19/Dec/2018:11:30:21 -0300] "GET /cormun/static/Resources/PXToolsLoginBackground.png HTTP/1.1" 200 1164
190.171.143.90 - - [19/Dec/2018:11:30:21 -0300] "GET /cormun/static/Resources/PXToolsLoginTop.png HTTP/1.1" 200 1337
190.171.143.90 - - [19/Dec/2018:11:30:21 -0300] "GET /cormun/static/Resources/PXToolsButtonRight21.png HTTP/1.1" 200 1283
190.171.143.90 - - [19/Dec/2018:11:30:21 -0300] "GET /cormun/static/Resources/PXToolsButtonBackground2.png HTTP/1.1" 200 1181
190.171.143.90 - - [19/Dec/2018:11:30:21 -0300] "GET /cormun/static/Resources/PXToolsButtonLeft21.png HTTP/1.1" 200 1287
190.171.143.90 - - [19/Dec/2018:11:30:21 -0300] "GET /cormun/static/Resources/PXToolsLoginBottom.png HTTP/1.1" 200 1389
190.171.143.90 - - [19/Dec/2018:11:30:21 -0300] "GET /cormun/static/Resources/indicator.gif HTTP/1.1" 200 1553
190.171.143.90 - - [19/Dec/2018:11:30:21 -0300] "GET /cormun/servlet/hlogin HTTP/1.1" 200 1730
190.171.143.90 - - [19/Dec/2018:11:30:22 -0300] "GET /favicon.ico HTTP/1.1" 200 21630
192.168.10.96 - - [19/Dec/2018:11:30:40 -0300] "GET /digitalizacion/servlet/hhome HTTP/1.1" 200 2813
192.168.10.96 - - [19/Dec/2018:11:30:40 -0300] "GET /digitalizacion/servlet/hhome HTTP/1.1" 200 2824
190.171.142.18 - - [19/Dec/2018:11:30:47 -0300] "GET /cormun/servlet/licenciaspermisos?INS,0,,, HTTP/1.1" 200 7872
192.168.10.96 - - [19/Dec/2018:11:30:48 -0300] "POST /digitalizacion/servlet/trdocumentos?897281d698f3d279411f0a2350b15303,,gx-no-cache=1545229551177 HTTP/1.1" 200 6286
192.168.10.96 - - [19/Dec/2018:11:30:48 -0300] "GET /digitalizacion/servlet/trdocumentos? HTTP/1.1" 200 8996
190.171.142.18 - - [19/Dec/2018:11:30:48 -0300] "GET /cormun/servlet/licenciaspermisos?INS,0,,, HTTP/1.1" 200 7880
192.168.10.96 - - [19/Dec/2018:11:30:49 -0300] "GET /digitalizacion/servlet/trdocumentos? HTTP/1.1" 200 8996
192.168.10.96 - - [19/Dec/2018:11:30:50 -0300] "POST /digitalizacion/servlet/trdocumentos?gx-no-cache=1545229590939 HTTP/1.1" 200 628
192.168.10.96 - - [19/Dec/2018:11:30:50 -0300] "POST /digitalizacion/servlet/trdocumentos?gx-no-cache=1545229590979 HTTP/1.1" 200 234
192.168.10.96 - - [19/Dec/2018:11:30:51 -0300] "GET /digitalizacion/servlet/trdocumentos? HTTP/1.1" 200 8993
190.171.143.90 - - [19/Dec/2018:11:30:54 -0300] "POST /cormun/servlet/hlogin?8ef64d5aef8e10ca4f4f2517f16b1999,gx-no-cache=1545229755012 HTTP/1.1" 200 90
190.171.143.90 - - [19/Dec/2018:11:30:54 -0300] "GET /cormun/servlet/hpexe_link HTTP/1.1" 200 950
