200.54.103.162 - - [03/Dec/2018:08:53:11 -0300] "POST /cormun/servlet/permisogoce?a4b09f1e39e73c513ca656cad478413b,INS,0,,,,gx-no-cache=1543837904613 HTTP/1.1" 200 93
200.54.103.162 - - [03/Dec/2018:08:53:11 -0300] "GET /cormun/servlet/hpexe_return? HTTP/1.1" 200 1012
200.54.103.162 - - [03/Dec/2018:08:53:12 -0300] "GET /cormun/servlet/trpermisosgoce HTTP/1.1" 200 10407
200.54.103.162 - - [03/Dec/2018:08:53:13 -0300] "GET /cormun/servlet/trpermisosgoce HTTP/1.1" 200 10419
200.54.103.162 - - [03/Dec/2018:08:53:18 -0300] "GET /cormun/servlet/permisogoce?INS,0,,, HTTP/1.1" 200 7195
200.54.103.162 - - [03/Dec/2018:08:53:19 -0300] "GET /cormun/servlet/permisogoce?INS,0,,, HTTP/1.1" 200 7194
200.54.103.162 - - [03/Dec/2018:08:53:27 -0300] "GET /cormun/servlet/permisogoce?1de8ae925cb376f705304951fd596b5be3a53302e12683147aa8ebc6e35a2ede58452dfe2b61454c72cf5e24f84d0d36,gx-no-cache=1543837920644 HTTP/1.1" 200 81
200.54.103.162 - - [03/Dec/2018:08:53:27 -0300] "GET /cormun/static/menuarrow.gif HTTP/1.1" 404 1015
200.54.103.162 - - [03/Dec/2018:08:54:03 -0300] "GET /cormun/servlet/permisogoce?1de8ae925cb376f705304951fd596b5bfcff8c007ac39d16141e666506bfa30effffb9b4aad0ae59f61cb3d1a2de8371b95ce57046f48e975be1e8d479e231cf,gx-no-cache=1543837956920 HTTP/1.1" 200 48
200.54.103.162 - - [03/Dec/2018:08:54:06 -0300] "POST /cormun/servlet/permisogoce?a4b09f1e39e73c513ca656cad478413b,INS,0,,,,gx-no-cache=1543837959442 HTTP/1.1" 200 93
200.54.103.162 - - [03/Dec/2018:08:54:06 -0300] "GET /cormun/servlet/hpexe_return? HTTP/1.1" 200 1012
200.54.103.162 - - [03/Dec/2018:08:54:07 -0300] "GET /cormun/servlet/trpermisosgoce HTTP/1.1" 200 10646
200.54.103.162 - - [03/Dec/2018:08:54:08 -0300] "GET /cormun/servlet/trpermisosgoce HTTP/1.1" 200 10653
200.54.103.162 - - [03/Dec/2018:08:54:11 -0300] "GET /cormun/servlet/permisogoce?INS,0,,, HTTP/1.1" 200 7195
200.54.103.162 - - [03/Dec/2018:08:54:12 -0300] "GET /cormun/servlet/permisogoce?INS,0,,, HTTP/1.1" 200 7194
200.54.103.162 - - [03/Dec/2018:08:54:26 -0300] "GET /cormun/servlet/permisogoce?1de8ae925cb376f705304951fd596b5b5d2b6ad55fa5e66aa5464f7ab34a2b3c7838ef8119b7e905f1aa5ac34bbaded5856a14fb8463ff57c0b9da9c4cf4d2d7,gx-no-cache=1543837979163 HTTP/1.1" 200 82
200.54.103.162 - - [03/Dec/2018:08:54:26 -0300] "GET /cormun/static/menuarrow.gif HTTP/1.1" 404 1015
200.54.103.162 - - [03/Dec/2018:08:54:34 -0300] "GET /cormun/servlet/permisogoce?1de8ae925cb376f705304951fd596b5b145f4b22cc6ebd47557919b753e7fa00c51fd4ff83bdb2cadb91f4c2031d17247dd672876a4a5a736e1f44e697ae355f,gx-no-cache=1543837987862 HTTP/1.1" 200 47
200.54.103.162 - - [03/Dec/2018:08:54:37 -0300] "POST /cormun/servlet/permisogoce?a4b09f1e39e73c513ca656cad478413b,INS,0,,,,gx-no-cache=1543837990667 HTTP/1.1" 200 93
200.54.103.162 - - [03/Dec/2018:08:54:38 -0300] "GET /cormun/servlet/hpexe_return? HTTP/1.1" 200 1012
200.54.103.162 - - [03/Dec/2018:08:54:38 -0300] "GET /cormun/servlet/trpermisosgoce HTTP/1.1" 200 10902
200.54.103.162 - - [03/Dec/2018:08:54:39 -0300] "GET /cormun/servlet/trpermisosgoce HTTP/1.1" 200 10885
200.54.103.162 - - [03/Dec/2018:08:54:42 -0300] "GET /cormun/servlet/permisogoce?INS,0,,, HTTP/1.1" 200 7194
200.54.103.162 - - [03/Dec/2018:08:54:43 -0300] "GET /cormun/servlet/permisogoce?INS,0,,, HTTP/1.1" 200 7194
200.54.103.162 - - [03/Dec/2018:08:54:50 -0300] "GET /cormun/servlet/permisogoce?1de8ae925cb376f705304951fd596b5bb3e44e2490684199965ce29f19be0b707838ef8119b7e905f1aa5ac34bbaded5856a14fb8463ff57c0b9da9c4cf4d2d7,gx-no-cache=1543838003605 HTTP/1.1" 200 79
200.54.103.162 - - [03/Dec/2018:08:54:50 -0300] "GET /cormun/static/menuarrow.gif HTTP/1.1" 404 1015
200.54.103.162 - - [03/Dec/2018:08:54:58 -0300] "GET /cormun/servlet/permisogoce?1de8ae925cb376f705304951fd596b5b05c56e77ebff27a907b831b80c06d7175d5d6fe74b5abc408ba9a35bd05f57f57dd672876a4a5a736e1f44e697ae355f,gx-no-cache=1543838011645 HTTP/1.1" 200 48
200.54.103.162 - - [03/Dec/2018:08:55:01 -0300] "POST /cormun/servlet/permisogoce?a4b09f1e39e73c513ca656cad478413b,INS,0,,,,gx-no-cache=1543838013816 HTTP/1.1" 200 93
200.54.103.162 - - [03/Dec/2018:08:55:01 -0300] "GET /cormun/servlet/hpexe_return? HTTP/1.1" 200 1012
200.54.103.162 - - [03/Dec/2018:08:55:01 -0300] "GET /cormun/servlet/trpermisosgoce HTTP/1.1" 200 11100
200.54.103.162 - - [03/Dec/2018:08:55:03 -0300] "GET /cormun/servlet/trpermisosgoce HTTP/1.1" 200 11105
200.54.103.162 - - [03/Dec/2018:08:55:06 -0300] "GET /cormun/servlet/permisogoce?INS,0,,, HTTP/1.1" 200 7194
200.54.103.162 - - [03/Dec/2018:08:55:07 -0300] "GET /cormun/servlet/permisogoce?INS,0,,, HTTP/1.1" 200 7194
200.54.103.162 - - [03/Dec/2018:08:55:17 -0300] "GET /cormun/servlet/permisogoce?1de8ae925cb376f705304951fd596b5bfef8d418ba2a27bce4a887fa4e9c549b7838ef8119b7e905f1aa5ac34bbaded5856a14fb8463ff57c0b9da9c4cf4d2d7,gx-no-cache=1543838030811 HTTP/1.1" 200 75
200.54.103.162 - - [03/Dec/2018:08:55:17 -0300] "GET /cormun/static/menuarrow.gif HTTP/1.1" 404 1015
200.54.103.162 - - [03/Dec/2018:08:55:26 -0300] "GET /cormun/servlet/permisogoce?1de8ae925cb376f705304951fd596b5b8373936d194cae06ac3e4ff0782714b5623ba59eb4ca5f9e2809296ef3a25b0f7dd672876a4a5a736e1f44e697ae355f,gx-no-cache=1543838040042 HTTP/1.1" 200 48
200.54.103.162 - - [03/Dec/2018:08:55:29 -0300] "POST /cormun/servlet/permisogoce?a4b09f1e39e73c513ca656cad478413b,INS,0,,,,gx-no-cache=1543838042273 HTTP/1.1" 200 93
200.54.103.162 - - [03/Dec/2018:08:55:29 -0300] "GET /cormun/servlet/hpexe_return? HTTP/1.1" 200 1012
200.54.103.162 - - [03/Dec/2018:08:55:29 -0300] "GET /cormun/servlet/trpermisosgoce HTTP/1.1" 200 11304
200.54.103.162 - - [03/Dec/2018:08:55:31 -0300] "GET /cormun/servlet/trpermisosgoce HTTP/1.1" 200 11310
200.54.103.162 - - [03/Dec/2018:08:55:37 -0300] "GET /cormun/servlet/permisogoce?INS,0,,, HTTP/1.1" 200 7194
200.54.103.162 - - [03/Dec/2018:08:55:38 -0300] "GET /cormun/servlet/permisogoce?INS,0,,, HTTP/1.1" 200 7194
200.54.103.162 - - [03/Dec/2018:08:55:46 -0300] "GET /cormun/servlet/permisogoce?1de8ae925cb376f705304951fd596b5b38bac16833efefe38f19e6e7677ceee97838ef8119b7e905f1aa5ac34bbaded5856a14fb8463ff57c0b9da9c4cf4d2d7,gx-no-cache=1543838059205 HTTP/1.1" 200 77
200.54.103.162 - - [03/Dec/2018:08:55:46 -0300] "GET /cormun/static/menuarrow.gif HTTP/1.1" 404 1015
200.54.103.162 - - [03/Dec/2018:08:55:55 -0300] "GET /cormun/servlet/permisogoce?1de8ae925cb376f705304951fd596b5bbc7ddd3989ed06f56693bd79c052d708dc334b286223fee8594b2b3ae39770ae7dd672876a4a5a736e1f44e697ae355f,gx-no-cache=1543838067801 HTTP/1.1" 200 47
200.54.103.162 - - [03/Dec/2018:08:55:57 -0300] "POST /cormun/servlet/permisogoce?a4b09f1e39e73c513ca656cad478413b,INS,0,,,,gx-no-cache=1543838069926 HTTP/1.1" 200 93
200.54.103.162 - - [03/Dec/2018:08:55:57 -0300] "GET /cormun/servlet/hpexe_return? HTTP/1.1" 200 1012
200.54.103.162 - - [03/Dec/2018:08:55:57 -0300] "GET /cormun/servlet/trpermisosgoce HTTP/1.1" 200 11575
200.54.103.162 - - [03/Dec/2018:08:55:59 -0300] "GET /cormun/servlet/trpermisosgoce HTTP/1.1" 200 11576
190.171.142.50 - - [03/Dec/2018:08:56:13 -0300] "GET /cormun/servlet/hlogin HTTP/1.0" 200 1712
190.171.142.50 - - [03/Dec/2018:08:56:14 -0300] "GET /cormun/servlet/hlogin HTTP/1.0" 200 1722
190.171.142.50 - - [03/Dec/2018:08:56:22 -0300] "POST /cormun/servlet/hlogin?e60c74e146f227d4fc6b60b9abdfd533,gx-no-cache=1543838086576 HTTP/1.0" 200 90
190.171.142.50 - - [03/Dec/2018:08:56:22 -0300] "GET /cormun/servlet/hpexe_link HTTP/1.0" 200 942
190.171.142.50 - - [03/Dec/2018:08:56:22 -0300] "GET /cormun/servlet/hhome HTTP/1.0" 200 4020
190.171.142.50 - - [03/Dec/2018:08:56:23 -0300] "GET /cormun/servlet/hhome HTTP/1.0" 200 4020
190.171.142.50 - - [03/Dec/2018:08:56:27 -0300] "GET /cormun/servlet/trlicencias? HTTP/1.0" 200 10070
190.171.142.50 - - [03/Dec/2018:08:56:27 -0300] "GET /cormun/static/gxcfg.js?20176272054169 HTTP/1.0" 304 -
190.171.142.50 - - [03/Dec/2018:08:56:29 -0300] "GET /cormun/servlet/trlicencias? HTTP/1.0" 200 10067
190.171.142.50 - - [03/Dec/2018:08:56:45 -0300] "GET /cormun/servlet/licenciaspermisos?INS,0,,, HTTP/1.0" 200 7554
190.171.142.50 - - [03/Dec/2018:08:56:45 -0300] "GET /cormun/static/gxcfg.js?201762917281167 HTTP/1.0" 200 953
190.171.142.50 - - [03/Dec/2018:08:56:45 -0300] "GET /cormun/static/licenciaspermisos.js?201762917281260 HTTP/1.0" 200 37491
190.171.142.50 - - [03/Dec/2018:08:56:46 -0300] "GET /cormun/servlet/licenciaspermisos?INS,0,,, HTTP/1.0" 200 7562
190.171.142.50 - - [03/Dec/2018:08:56:55 -0300] "GET /cormun/servlet/licenciaspermisos?f52412fe8bc0c3d4a04880a0c578d9a34375d4dc0408a59eff133a45edf4478821ed5a69187a6dacb18b83bcdd4415cf,gx-no-cache=1543838119837 HTTP/1.0" 200 86
190.171.142.50 - - [03/Dec/2018:08:56:55 -0300] "POST /cormun/servlet/licenciaspermisos?e60c74e146f227d4fc6b60b9abdfd533,INS,0,,,,gx-no-cache=1543838119987 HTTP/1.0" 200 4727
190.171.142.50 - - [03/Dec/2018:08:57:58 -0300] "GET /cormun/static/menuarrow.gif HTTP/1.0" 404 1015
200.54.103.162 - - [03/Dec/2018:08:57:58 -0300] "GET /cormun/servlet/permisogoce?INS,0,,, HTTP/1.1" 200 7194
200.54.103.162 - - [03/Dec/2018:08:58:00 -0300] "GET /cormun/servlet/permisogoce?INS,0,,, HTTP/1.1" 200 7194
192.168.10.96 - - [03/Dec/2018:08:59:43 -0300] "GET /cormun/servlet/hlogin HTTP/1.1" 200 1729
192.168.10.96 - - [03/Dec/2018:08:59:44 -0300] "GET /cormun/servlet/hlogin HTTP/1.1" 200 1729
192.168.10.96 - - [03/Dec/2018:08:59:44 -0300] "GET /cormun/servlet/hlogin HTTP/1.1" 200 1739
192.168.10.96 - - [03/Dec/2018:08:59:52 -0300] "POST /cormun/servlet/hlogin?f2c314bab1460572c5e9d295ff87e8c5,gx-no-cache=1543838138361 HTTP/1.1" 200 90
192.168.10.96 - - [03/Dec/2018:08:59:52 -0300] "GET /cormun/servlet/hpexe_link HTTP/1.1" 200 957
192.168.10.96 - - [03/Dec/2018:08:59:53 -0300] "GET /cormun/servlet/hhome HTTP/1.1" 200 4783
192.168.10.96 - - [03/Dec/2018:08:59:53 -0300] "GET /cormun/static/Shared/jqueryui/jquery-ui.min.css?1245370 HTTP/1.1" 200 30288
192.168.10.96 - - [03/Dec/2018:08:59:53 -0300] "GET /cormun/servlet/hhome HTTP/1.1" 200 4779
192.168.10.96 - - [03/Dec/2018:08:59:55 -0300] "GET /cormun/servlet/trsolicitudgral? HTTP/1.1" 200 11922
192.168.10.96 - - [03/Dec/2018:08:59:56 -0300] "GET /cormun/servlet/trsolicitudgral? HTTP/1.1" 200 11920
200.54.103.162 - - [03/Dec/2018:08:59:56 -0300] "GET /cormun/servlet/permisogoce?1de8ae925cb376f705304951fd596b5b38bac16833efefe38f19e6e7677ceee97838ef8119b7e905f1aa5ac34bbaded5856a14fb8463ff57c0b9da9c4cf4d2d7,gx-no-cache=1543838309373 HTTP/1.1" 200 79
200.54.103.162 - - [03/Dec/2018:08:59:56 -0300] "GET /cormun/static/menuarrow.gif HTTP/1.1" 404 1015
200.54.103.162 - - [03/Dec/2018:09:00:11 -0300] "GET /cormun/servlet/permisogoce?1de8ae925cb376f705304951fd596b5bbc7ddd3989ed06f56693bd79c052d708dc334b286223fee8594b2b3ae39770ae7dd672876a4a5a736e1f44e697ae355f,gx-no-cache=1543838323217 HTTP/1.1" 200 47
200.54.103.162 - - [03/Dec/2018:09:00:13 -0300] "POST /cormun/servlet/permisogoce?a4b09f1e39e73c513ca656cad478413b,INS,0,,,,gx-no-cache=1543838326596 HTTP/1.1" 200 93
200.54.103.162 - - [03/Dec/2018:09:00:13 -0300] "GET /cormun/servlet/hpexe_return? HTTP/1.1" 200 1012
200.54.103.162 - - [03/Dec/2018:09:00:14 -0300] "GET /cormun/servlet/trpermisosgoce HTTP/1.1" 200 11746
200.54.103.162 - - [03/Dec/2018:09:00:16 -0300] "GET /cormun/servlet/trpermisosgoce HTTP/1.1" 200 11737
200.54.103.162 - - [03/Dec/2018:09:00:19 -0300] "GET /cormun/servlet/permisogoce?INS,0,,, HTTP/1.1" 200 7195
200.54.103.162 - - [03/Dec/2018:09:00:20 -0300] "GET /cormun/servlet/permisogoce?INS,0,,, HTTP/1.1" 200 7194
190.171.142.18 - - [03/Dec/2018:09:00:22 -0300] "GET /cormun/servlet/trlicencias? HTTP/1.1" 200 13243
190.171.142.18 - - [03/Dec/2018:09:00:23 -0300] "GET /cormun/servlet/trlicencias? HTTP/1.1" 200 13243
190.171.142.18 - - [03/Dec/2018:09:00:25 -0300] "GET /cormun/servlet/licenciaspermisos?INS,0,,, HTTP/1.1" 200 7863
190.171.142.18 - - [03/Dec/2018:09:00:25 -0300] "GET /cormun/static/gxcfg.js?201762917281167 HTTP/1.1" 200 953
190.171.142.18 - - [03/Dec/2018:09:00:25 -0300] "GET /cormun/static/licenciaspermisos.js?201762917281260 HTTP/1.1" 200 37491
190.171.142.18 - - [03/Dec/2018:09:00:26 -0300] "GET /cormun/servlet/licenciaspermisos?INS,0,,, HTTP/1.1" 200 7871
200.54.103.162 - - [03/Dec/2018:09:00:27 -0300] "GET /cormun/servlet/permisogoce?1de8ae925cb376f705304951fd596b5b5980d502c7fd850488cbf6c60036330d7838ef8119b7e905f1aa5ac34bbaded5856a14fb8463ff57c0b9da9c4cf4d2d7,gx-no-cache=1543838340316 HTTP/1.1" 200 83
200.54.103.162 - - [03/Dec/2018:09:00:27 -0300] "GET /cormun/static/menuarrow.gif HTTP/1.1" 404 1015
200.54.103.162 - - [03/Dec/2018:09:00:34 -0300] "GET /cormun/servlet/permisogoce?1de8ae925cb376f705304951fd596b5b56419c8a3d221d2ce291398483c5a70556bed6dfee4fb499734d1f0c6063ff147dd672876a4a5a736e1f44e697ae355f,gx-no-cache=1543838347239 HTTP/1.1" 200 48
190.171.142.18 - - [03/Dec/2018:09:00:36 -0300] "GET /cormun/servlet/licenciaspermisos?61867890958621f7d8dc16ad7a02dda98b52eac98b6e471658ea45b3374608bcda5873852d1c32a3c3683fb29b41bafa,gx-no-cache=1543838434959 HTTP/1.1" 200 75
190.171.142.18 - - [03/Dec/2018:09:00:37 -0300] "POST /cormun/servlet/licenciaspermisos?53cd02e3624753ba5dfb69b1e2e41aee,INS,0,,,,gx-no-cache=1543838435012 HTTP/1.1" 200 4937
200.54.103.162 - - [03/Dec/2018:09:00:38 -0300] "POST /cormun/servlet/permisogoce?a4b09f1e39e73c513ca656cad478413b,INS,0,,,,gx-no-cache=1543838350964 HTTP/1.1" 200 93
200.54.103.162 - - [03/Dec/2018:09:00:38 -0300] "GET /cormun/servlet/hpexe_return? HTTP/1.1" 200 1012
200.54.103.162 - - [03/Dec/2018:09:00:38 -0300] "GET /cormun/servlet/trpermisosgoce HTTP/1.1" 200 11981
200.54.103.162 - - [03/Dec/2018:09:00:40 -0300] "GET /cormun/servlet/trpermisosgoce HTTP/1.1" 200 11992
200.54.103.162 - - [03/Dec/2018:09:00:44 -0300] "GET /cormun/servlet/permisogoce?INS,0,,, HTTP/1.1" 200 7194
200.54.103.162 - - [03/Dec/2018:09:00:45 -0300] "GET /cormun/servlet/permisogoce?INS,0,,, HTTP/1.1" 200 7194
190.171.142.18 - - [03/Dec/2018:09:00:48 -0300] "GET /cormun/static/menuarrow.gif HTTP/1.1" 404 1015
200.54.103.162 - - [03/Dec/2018:09:00:52 -0300] "GET /cormun/servlet/permisogoce?1de8ae925cb376f705304951fd596b5bd97b08ba24e4b2183d6a7ee59725373e7838ef8119b7e905f1aa5ac34bbaded5856a14fb8463ff57c0b9da9c4cf4d2d7,gx-no-cache=1543838365820 HTTP/1.1" 200 91
200.54.103.162 - - [03/Dec/2018:09:00:52 -0300] "GET /cormun/static/menuarrow.gif HTTP/1.1" 404 1015
200.54.103.162 - - [03/Dec/2018:09:00:59 -0300] "GET /cormun/servlet/permisogoce?1de8ae925cb376f705304951fd596b5bdb8bd56ec83b9cc0fa0cc0bfa4973af49b504f4636d2660c46f6ffd90cbd772a7dd672876a4a5a736e1f44e697ae355f,gx-no-cache=1543838372947 HTTP/1.1" 200 47
200.54.103.162 - - [03/Dec/2018:09:01:02 -0300] "POST /cormun/servlet/permisogoce?a4b09f1e39e73c513ca656cad478413b,INS,0,,,,gx-no-cache=1543838375160 HTTP/1.1" 200 93
200.54.103.162 - - [03/Dec/2018:09:01:02 -0300] "GET /cormun/servlet/hpexe_return? HTTP/1.1" 200 1012
200.54.103.162 - - [03/Dec/2018:09:01:02 -0300] "GET /cormun/servlet/trpermisosgoce HTTP/1.1" 200 12224
200.54.103.162 - - [03/Dec/2018:09:01:04 -0300] "GET /cormun/servlet/trpermisosgoce HTTP/1.1" 200 12230
200.54.103.162 - - [03/Dec/2018:09:01:07 -0300] "GET /cormun/servlet/permisogoce?INS,0,,, HTTP/1.1" 200 7195
200.54.103.162 - - [03/Dec/2018:09:01:08 -0300] "GET /cormun/servlet/permisogoce?INS,0,,, HTTP/1.1" 200 7194
186.103.159.204 - - [03/Dec/2018:09:01:10 -0300] "GET /cormun/servlet/trdiat? HTTP/1.1" 200 6822
186.103.159.204 - - [03/Dec/2018:09:01:10 -0300] "GET /cormun/servlet/trdiat? HTTP/1.1" 200 6822
200.54.103.162 - - [03/Dec/2018:09:01:15 -0300] "GET /cormun/servlet/permisogoce?1de8ae925cb376f705304951fd596b5b1c8468d4ce8d5c3bbaced18d9cb7be6a7838ef8119b7e905f1aa5ac34bbaded5856a14fb8463ff57c0b9da9c4cf4d2d7,gx-no-cache=1543838388733 HTTP/1.1" 200 73
200.54.103.162 - - [03/Dec/2018:09:01:15 -0300] "GET /cormun/static/menuarrow.gif HTTP/1.1" 404 1015
200.54.103.162 - - [03/Dec/2018:09:01:23 -0300] "GET /cormun/servlet/permisogoce?1de8ae925cb376f705304951fd596b5b2189fa8fd34765dc065797b6f6ae49fe55ff2d9813bbb1eece03ef0d30ba4fd87dd672876a4a5a736e1f44e697ae355f,gx-no-cache=1543838396354 HTTP/1.1" 200 47
200.54.103.162 - - [03/Dec/2018:09:01:25 -0300] "POST /cormun/servlet/permisogoce?a4b09f1e39e73c513ca656cad478413b,INS,0,,,,gx-no-cache=1543838398542 HTTP/1.1" 200 93
200.54.103.162 - - [03/Dec/2018:09:01:25 -0300] "GET /cormun/servlet/hpexe_return? HTTP/1.1" 200 1012
200.54.103.162 - - [03/Dec/2018:09:01:26 -0300] "GET /cormun/servlet/trpermisosgoce HTTP/1.1" 200 12500
200.54.103.162 - - [03/Dec/2018:09:01:27 -0300] "GET /cormun/servlet/trpermisosgoce HTTP/1.1" 200 12488
200.54.103.162 - - [03/Dec/2018:09:01:31 -0300] "GET /cormun/servlet/permisogoce?INS,0,,, HTTP/1.1" 200 7194
200.54.103.162 - - [03/Dec/2018:09:01:32 -0300] "GET /cormun/servlet/permisogoce?INS,0,,, HTTP/1.1" 200 7194
200.54.103.162 - - [03/Dec/2018:09:01:40 -0300] "GET /cormun/servlet/permisogoce?1de8ae925cb376f705304951fd596b5b5980d502c7fd850488cbf6c60036330d7838ef8119b7e905f1aa5ac34bbaded5856a14fb8463ff57c0b9da9c4cf4d2d7,gx-no-cache=1543838413466 HTTP/1.1" 200 82
200.54.103.162 - - [03/Dec/2018:09:01:40 -0300] "GET /cormun/static/menuarrow.gif HTTP/1.1" 404 1015
200.54.103.162 - - [03/Dec/2018:09:01:47 -0300] "GET /cormun/servlet/permisogoce?1de8ae925cb376f705304951fd596b5b56419c8a3d221d2ce291398483c5a7059a657cce6ea02c9271017ac30b496a9e7dd672876a4a5a736e1f44e697ae355f,gx-no-cache=1543838420986 HTTP/1.1" 200 48
200.54.103.162 - - [03/Dec/2018:09:01:50 -0300] "POST /cormun/servlet/permisogoce?a4b09f1e39e73c513ca656cad478413b,INS,0,,,,gx-no-cache=1543838422918 HTTP/1.1" 200 93
200.54.103.162 - - [03/Dec/2018:09:01:50 -0300] "GET /cormun/servlet/hpexe_return? HTTP/1.1" 200 1012
200.54.103.162 - - [03/Dec/2018:09:01:50 -0300] "GET /cormun/servlet/trpermisosgoce HTTP/1.1" 200 12704
200.54.103.162 - - [03/Dec/2018:09:01:52 -0300] "GET /cormun/servlet/trpermisosgoce HTTP/1.1" 200 12672
190.171.142.18 - - [03/Dec/2018:09:01:53 -0300] "GET /cormun/servlet/licenciaspermisos?61867890958621f7d8dc16ad7a02dda9749a2b8e985375f68cc71f5e984cde936a5e6f04b20b58830930cd49ecf44c9001891a751d26fe43936f2529e09e179f979aea5bf816e7af033c768483be730a02e72e79961b0480bdfe99d08546815b38b77d241dedf8ed29571384232a372c02b6c758110fefb53bd1486cd7b465feb42ade644167bf409e5e0ab3b25c62a8c27727a3fb36afc38cbac80051e9d14c807254f905a4f5b78f723f000d686062,gx-no-cache=1543838511540 HTTP/1.1" 200 30
190.171.142.18 - - [03/Dec/2018:09:01:53 -0300] "POST /cormun/servlet/licenciaspermisos?53cd02e3624753ba5dfb69b1e2e41aee,INS,0,,,,gx-no-cache=1543838511620 HTTP/1.1" 200 4999
190.171.142.18 - - [03/Dec/2018:09:01:54 -0300] "GET /cormun/static/Resources/resize.gif HTTP/1.1" 200 77
200.54.103.162 - - [03/Dec/2018:09:01:55 -0300] "GET /cormun/servlet/permisogoce?INS,0,,, HTTP/1.1" 200 7194
190.171.142.18 - - [03/Dec/2018:09:01:55 -0300] "GET /cormun/servlet/prfichaempleado?,MD,,gxPopupLevel%3D0%3B HTTP/1.1" 200 9420
190.171.142.18 - - [03/Dec/2018:09:01:55 -0300] "GET /cormun/static/gxcfg.js?20177612134814 HTTP/1.1" 200 953
190.171.142.18 - - [03/Dec/2018:09:01:55 -0300] "GET /cormun/static/Resources/PXToolsMenuSearch.png HTTP/1.1" 200 2914
190.171.142.18 - - [03/Dec/2018:09:01:55 -0300] "GET /cormun/static/Resources/PXToolsMenuSearchCancel.png HTTP/1.1" 200 2972
190.171.142.18 - - [03/Dec/2018:09:01:55 -0300] "GET /cormun/static/menusearch.js?201610171694467 HTTP/1.1" 200 1424
190.171.142.18 - - [03/Dec/2018:09:01:55 -0300] "GET /cormun/static/prfichaempleado.js?20177612134999 HTTP/1.1" 200 16006
190.171.142.18 - - [03/Dec/2018:09:01:56 -0300] "GET /cormun/static/hmpwkw011.js?20177612121862 HTTP/1.1" 200 1968
200.54.103.162 - - [03/Dec/2018:09:01:56 -0300] "GET /cormun/servlet/permisogoce?INS,0,,, HTTP/1.1" 200 7194
190.171.142.18 - - [03/Dec/2018:09:02:07 -0300] "POST /cormun/servlet/prfichaempleado?53cd02e3624753ba5dfb69b1e2e41aee,,MD,,gxPopupLevel%3D0%3B,gx-no-cache=1543838524894 HTTP/1.1" 200 3433
200.54.103.162 - - [03/Dec/2018:09:02:07 -0300] "GET /cormun/servlet/permisogoce?1de8ae925cb376f705304951fd596b5bee98e60e4d13076dddd5b571cc18e6cf7838ef8119b7e905f1aa5ac34bbaded5856a14fb8463ff57c0b9da9c4cf4d2d7,gx-no-cache=1543838440715 HTTP/1.1" 200 79
200.54.103.162 - - [03/Dec/2018:09:02:07 -0300] "GET /cormun/static/menuarrow.gif HTTP/1.1" 404 1015
200.54.103.162 - - [03/Dec/2018:09:02:14 -0300] "GET /cormun/servlet/permisogoce?1de8ae925cb376f705304951fd596b5b61904ff82ec1ecf66198cee83d3a3182c7b793065d332d37eb0b9132d90fe8387dd672876a4a5a736e1f44e697ae355f,gx-no-cache=1543838447113 HTTP/1.1" 200 48
200.54.103.162 - - [03/Dec/2018:09:02:17 -0300] "POST /cormun/servlet/permisogoce?a4b09f1e39e73c513ca656cad478413b,INS,0,,,,gx-no-cache=1543838450149 HTTP/1.1" 200 93
200.54.103.162 - - [03/Dec/2018:09:02:17 -0300] "GET /cormun/servlet/hpexe_return? HTTP/1.1" 200 1012
200.54.103.162 - - [03/Dec/2018:09:02:17 -0300] "GET /cormun/servlet/trpermisosgoce HTTP/1.1" 200 12948
200.54.103.162 - - [03/Dec/2018:09:02:19 -0300] "GET /cormun/servlet/trpermisosgoce HTTP/1.1" 200 12929
200.54.103.162 - - [03/Dec/2018:09:02:22 -0300] "GET /cormun/servlet/permisogoce?INS,0,,, HTTP/1.1" 200 7194
200.54.103.162 - - [03/Dec/2018:09:02:23 -0300] "GET /cormun/servlet/permisogoce?INS,0,,, HTTP/1.1" 200 7194
200.54.103.162 - - [03/Dec/2018:09:02:30 -0300] "GET /cormun/servlet/permisogoce?1de8ae925cb376f705304951fd596b5bea0c2958b3f53215d3619e5e9fdfa73b7838ef8119b7e905f1aa5ac34bbaded5856a14fb8463ff57c0b9da9c4cf4d2d7,gx-no-cache=1543838463284 HTTP/1.1" 200 75
200.54.103.162 - - [03/Dec/2018:09:02:30 -0300] "GET /cormun/static/menuarrow.gif HTTP/1.1" 404 1015
190.171.142.18 - - [03/Dec/2018:09:02:35 -0300] "GET /cormun/servlet/licenciaspermisos?61867890958621f7d8dc16ad7a02dda9f2558bf17007e76eafe603fa90a347d4de77ae770655ace74224ab25787f456529a212c775e83363047b24010297498994ce3c003264aeec7e3c3ab33b0dc797d932307d550b6bca97a52c9904e253cb65d55a792e7ee29ad2b78cd6aeb3a8939caaca52ca579d63a748d806b505001da69b46a3f79c693b1ab5bb003f5b30940d0a386983ce724e9c9ea1fe4cdef277ded654a192c0fc5581ca3cb3f471387f789ef3fc1fa77931654ba1b2fee3ed47bf7a1ae339e4dea4888ab6dd5335655ece51e1b6b84701898b2d52d1ba304bfbc29f63c99190d4cfc1d37cbdcdd0dfd1,gx-no-cache=1543838553540 HTTP/1.1" 200 66
190.171.142.18 - - [03/Dec/2018:09:02:35 -0300] "POST /cormun/servlet/licenciaspermisos?53cd02e3624753ba5dfb69b1e2e41aee,INS,0,,,,gx-no-cache=1543838553613 HTTP/1.1" 200 93
190.171.142.18 - - [03/Dec/2018:09:02:35 -0300] "GET /cormun/servlet/hpexe_return? HTTP/1.1" 200 1008
190.171.142.18 - - [03/Dec/2018:09:02:36 -0300] "GET /cormun/servlet/trlicencias HTTP/1.1" 200 13730
190.171.142.18 - - [03/Dec/2018:09:02:36 -0300] "GET /cormun/servlet/trlicencias HTTP/1.1" 200 13724
200.54.103.162 - - [03/Dec/2018:09:02:37 -0300] "GET /cormun/servlet/permisogoce?1de8ae925cb376f705304951fd596b5b67302b6df821b04f391bb1f325d3219e357a9738a60795e7daf797806a0d90777dd672876a4a5a736e1f44e697ae355f,gx-no-cache=1543838470577 HTTP/1.1" 200 48
200.54.103.162 - - [03/Dec/2018:09:02:39 -0300] "POST /cormun/servlet/permisogoce?a4b09f1e39e73c513ca656cad478413b,INS,0,,,,gx-no-cache=1543838472502 HTTP/1.1" 200 93
200.54.103.162 - - [03/Dec/2018:09:02:39 -0300] "GET /cormun/servlet/hpexe_return? HTTP/1.1" 200 1012
200.54.103.162 - - [03/Dec/2018:09:02:40 -0300] "GET /cormun/servlet/trpermisosgoce HTTP/1.1" 200 13149
200.54.103.162 - - [03/Dec/2018:09:02:41 -0300] "GET /cormun/servlet/trpermisosgoce HTTP/1.1" 200 13185
200.54.103.162 - - [03/Dec/2018:09:02:44 -0300] "GET /cormun/servlet/permisogoce?INS,0,,, HTTP/1.1" 200 7193
200.54.103.162 - - [03/Dec/2018:09:02:45 -0300] "GET /cormun/servlet/permisogoce?INS,0,,, HTTP/1.1" 200 7193
200.54.103.162 - - [03/Dec/2018:09:02:52 -0300] "GET /cormun/servlet/permisogoce?1de8ae925cb376f705304951fd596b5b6bac9c9fabc49c50d50a67c5844137d058452dfe2b61454c72cf5e24f84d0d36,gx-no-cache=1543838485192 HTTP/1.1" 200 75
200.54.103.162 - - [03/Dec/2018:09:02:52 -0300] "GET /cormun/static/menuarrow.gif HTTP/1.1" 404 1015
200.54.103.162 - - [03/Dec/2018:09:03:00 -0300] "GET /cormun/servlet/permisogoce?1de8ae925cb376f705304951fd596b5b88f57dacaafa1afd441f559942de96c18b9b004b8b6cceb0f1590e40721f4a9ab95ce57046f48e975be1e8d479e231cf,gx-no-cache=1543838493208 HTTP/1.1" 200 48
200.54.103.162 - - [03/Dec/2018:09:03:02 -0300] "POST /cormun/servlet/permisogoce?a4b09f1e39e73c513ca656cad478413b,INS,0,,,,gx-no-cache=1543838495292 HTTP/1.1" 200 93
200.54.103.162 - - [03/Dec/2018:09:03:02 -0300] "GET /cormun/servlet/hpexe_return? HTTP/1.1" 200 1012
200.54.103.162 - - [03/Dec/2018:09:03:03 -0300] "GET /cormun/servlet/trpermisosgoce HTTP/1.1" 200 13390
200.54.103.162 - - [03/Dec/2018:09:03:04 -0300] "GET /cormun/servlet/trpermisosgoce HTTP/1.1" 200 13368
190.171.142.18 - - [03/Dec/2018:09:03:06 -0300] "GET /cormun/servlet/trlicenciaspermisosadjuntos?9178795,20181203000000,L, HTTP/1.1" 200 6676
190.171.142.18 - - [03/Dec/2018:09:03:07 -0300] "GET /cormun/static/gxcfg.js?20177612163414 HTTP/1.1" 200 953
190.171.142.18 - - [03/Dec/2018:09:03:07 -0300] "GET /cormun/static/trlicenciaspermisosadjuntos.js?20177612163719 HTTP/1.1" 200 21036
190.171.142.50 - - [03/Dec/2018:09:03:07 -0300] "GET /cormun/servlet/licenciaspermisos?f52412fe8bc0c3d4a04880a0c578d9a33933883df92262b6676a1c8afa06c03e1ac8b41a7f4949d6a06186841a90c573b1c021c27d9c852e4674288fb827d2ef4e25f51c8f05c1f6bccf0f4c88c788183de8ebabc2a0accfc003d7796ee23f8856540b034c6cf0eb0117e58c4ba87c11055b327d1d1bf06c5e51244d51e7d893916a6829acb2d8a2576ce1fc8129e234b0a3d97ead3a4ab33d6c4ea4aeb0c943c2cd7c1fe7fc20492576db9a64b867e3,gx-no-cache=1543838491728 HTTP/1.0" 200 30
190.171.142.50 - - [03/Dec/2018:09:03:07 -0300] "GET /cormun/servlet/licenciaspermisos?f52412fe8bc0c3d4a04880a0c578d9a362e31d1ad6086cbda8eb5eafafa8bae7e012b8a1203a0070533b756c8cdce4fac1e5be5b1864832541707982eb94305b3c83f4d1397bd40e9d9feb519c2e1bf1af2d8d70d90beca3961928487ba5e78dff98325ea6431af514aa1e9637eb788d55ee9ee50143a257abbda3f4b15db87682ffc04ee2ee2e446919b2e659d06919691ce99558b0854e7623f84f73cf0e079763724714a09d532f85299699749a1f,gx-no-cache=1543838491800 HTTP/1.0" 200 29
190.171.142.50 - - [03/Dec/2018:09:03:07 -0300] "POST /cormun/servlet/licenciaspermisos?e60c74e146f227d4fc6b60b9abdfd533,INS,0,,,,gx-no-cache=1543838491844 HTTP/1.0" 200 93
190.171.142.50 - - [03/Dec/2018:09:03:07 -0300] "GET /cormun/servlet/hpexe_return? HTTP/1.0" 200 1003
190.171.142.18 - - [03/Dec/2018:09:03:07 -0300] "GET /cormun/servlet/trlicenciaspermisosadjuntos?9178795,20181203000000,L, HTTP/1.1" 200 6677
200.54.103.162 - - [03/Dec/2018:09:03:08 -0300] "GET /cormun/servlet/permisogoce?INS,0,,, HTTP/1.1" 200 7194
190.171.142.50 - - [03/Dec/2018:09:03:08 -0300] "GET /cormun/servlet/trlicencias HTTP/1.0" 200 10513
200.54.103.162 - - [03/Dec/2018:09:03:09 -0300] "GET /cormun/servlet/permisogoce?INS,0,,, HTTP/1.1" 200 7194
190.171.142.50 - - [03/Dec/2018:09:03:10 -0300] "GET /cormun/servlet/trlicencias HTTP/1.0" 200 10508
190.171.142.18 - - [03/Dec/2018:09:03:11 -0300] "GET /cormun/servlet/licenciaspermisosadjuntos?INS,9178795,L,20181203000000,, HTTP/1.1" 200 5973
190.171.142.18 - - [03/Dec/2018:09:03:11 -0300] "GET /cormun/static/gxcfg.js?2017761263592 HTTP/1.1" 200 953
190.171.142.18 - - [03/Dec/2018:09:03:11 -0300] "GET /cormun/static/licenciaspermisosadjuntos.js?201776126362 HTTP/1.1" 200 8760
190.171.142.18 - - [03/Dec/2018:09:03:11 -0300] "GET /cormun/static/about:blank HTTP/1.1" 404 1011
190.171.142.18 - - [03/Dec/2018:09:03:12 -0300] "GET /cormun/servlet/licenciaspermisosadjuntos?INS,9178795,L,20181203000000,, HTTP/1.1" 200 5962
190.171.142.50 - - [03/Dec/2018:09:03:13 -0300] "GET /cormun/servlet/trlicenciaspermisosadjuntos?17135508,20181203000000,L, HTTP/1.0" 200 6363
190.171.142.50 - - [03/Dec/2018:09:03:13 -0300] "GET /cormun/static/gxcfg.js?20177612163414 HTTP/1.0" 200 953
190.171.142.50 - - [03/Dec/2018:09:03:13 -0300] "GET /cormun/static/trlicenciaspermisosadjuntos.js?20177612163719 HTTP/1.0" 200 21036
190.171.142.50 - - [03/Dec/2018:09:03:15 -0300] "GET /cormun/servlet/trlicenciaspermisosadjuntos?17135508,20181203000000,L, HTTP/1.0" 200 6363
200.54.103.162 - - [03/Dec/2018:09:03:15 -0300] "GET /cormun/servlet/permisogoce?1de8ae925cb376f705304951fd596b5bfa0eed0057b22336f311bfad82a211b17838ef8119b7e905f1aa5ac34bbaded5856a14fb8463ff57c0b9da9c4cf4d2d7,gx-no-cache=1543838508784 HTTP/1.1" 200 84
200.54.103.162 - - [03/Dec/2018:09:03:15 -0300] "GET /cormun/static/menuarrow.gif HTTP/1.1" 404 1015
190.171.142.50 - - [03/Dec/2018:09:03:16 -0300] "GET /cormun/servlet/licenciaspermisosadjuntos?INS,17135508,L,20181203000000,, HTTP/1.0" 200 5661
190.171.142.50 - - [03/Dec/2018:09:03:16 -0300] "GET /cormun/static/gxcfg.js?2017761263592 HTTP/1.0" 200 953
190.171.142.50 - - [03/Dec/2018:09:03:16 -0300] "GET /cormun/static/licenciaspermisosadjuntos.js?201776126362 HTTP/1.0" 200 8760
190.171.142.50 - - [03/Dec/2018:09:03:17 -0300] "GET /cormun/static/about:blank HTTP/1.0" 404 1011
190.171.142.50 - - [03/Dec/2018:09:03:17 -0300] "GET /cormun/servlet/licenciaspermisosadjuntos?INS,17135508,L,20181203000000,, HTTP/1.0" 200 5650
200.54.103.162 - - [03/Dec/2018:09:03:22 -0300] "GET /cormun/servlet/permisogoce?1de8ae925cb376f705304951fd596b5bced76549b8db87f8d9c694cfc9b3efe9347d2c31c9522e90de3ca31630432b1f7dd672876a4a5a736e1f44e697ae355f,gx-no-cache=1543838515872 HTTP/1.1" 200 48
200.54.103.162 - - [03/Dec/2018:09:03:25 -0300] "POST /cormun/servlet/permisogoce?a4b09f1e39e73c513ca656cad478413b,INS,0,,,,gx-no-cache=1543838517636 HTTP/1.1" 200 93
200.54.103.162 - - [03/Dec/2018:09:03:25 -0300] "GET /cormun/servlet/hpexe_return? HTTP/1.1" 200 1012
200.54.103.162 - - [03/Dec/2018:09:03:25 -0300] "GET /cormun/servlet/trpermisosgoce HTTP/1.1" 200 13612
200.54.103.162 - - [03/Dec/2018:09:03:27 -0300] "GET /cormun/servlet/trpermisosgoce HTTP/1.1" 200 13610
200.54.103.162 - - [03/Dec/2018:09:03:30 -0300] "GET /cormun/servlet/permisogoce?INS,0,,, HTTP/1.1" 200 7195
200.54.103.162 - - [03/Dec/2018:09:03:31 -0300] "GET /cormun/servlet/permisogoce?INS,0,,, HTTP/1.1" 200 7194
200.54.103.162 - - [03/Dec/2018:09:03:38 -0300] "GET /cormun/servlet/permisogoce?1de8ae925cb376f705304951fd596b5bc91b9424e328c206107d4935718de2b958452dfe2b61454c72cf5e24f84d0d36,gx-no-cache=1543838531502 HTTP/1.1" 200 77
200.54.103.162 - - [03/Dec/2018:09:03:38 -0300] "GET /cormun/static/menuarrow.gif HTTP/1.1" 404 1015
200.54.103.162 - - [03/Dec/2018:09:03:45 -0300] "GET /cormun/servlet/permisogoce?1de8ae925cb376f705304951fd596b5b61f928592ed9ef3e0cb12440edeca591184c883bb61279735281f9812fea6c67b95ce57046f48e975be1e8d479e231cf,gx-no-cache=1543838538956 HTTP/1.1" 200 48
200.54.103.162 - - [03/Dec/2018:09:03:48 -0300] "POST /cormun/servlet/permisogoce?a4b09f1e39e73c513ca656cad478413b,INS,0,,,,gx-no-cache=1543838541059 HTTP/1.1" 200 93
200.54.103.162 - - [03/Dec/2018:09:03:48 -0300] "GET /cormun/servlet/hpexe_return? HTTP/1.1" 200 1012
200.54.103.162 - - [03/Dec/2018:09:03:49 -0300] "GET /cormun/servlet/trpermisosgoce HTTP/1.1" 200 13819
200.54.103.162 - - [03/Dec/2018:09:03:50 -0300] "GET /cormun/servlet/trpermisosgoce HTTP/1.1" 200 13833
200.54.103.162 - - [03/Dec/2018:09:03:53 -0300] "GET /cormun/servlet/permisogoce?INS,0,,, HTTP/1.1" 200 7195
200.54.103.162 - - [03/Dec/2018:09:03:54 -0300] "GET /cormun/servlet/permisogoce?INS,0,,, HTTP/1.1" 200 7194
200.111.191.210 - - [03/Dec/2018:09:03:56 -0300] "GET /cormun/servlet/trpermisosgoce? HTTP/1.1" 200 6117
200.111.191.210 - - [03/Dec/2018:09:03:56 -0300] "GET /cormun/servlet/hlogin HTTP/1.1" 200 1742
200.111.191.210 - - [03/Dec/2018:09:03:56 -0300] "GET /cormun/servlet/trpermisosgoce? HTTP/1.1" 200 6117
200.111.191.210 - - [03/Dec/2018:09:04:00 -0300] "POST /cormun/servlet/hlogin?459ca487171e1016c5d6e595dd95d115,gx-no-cache=1543838614363 HTTP/1.1" 200 90
190.171.142.18 - - [03/Dec/2018:09:04:00 -0300] "POST /cormun/servlet/licenciaspermisosadjuntos?53cd02e3624753ba5dfb69b1e2e41aee,INS,9178795,L,20181203000000,, HTTP/1.1" 200 116
200.111.191.210 - - [03/Dec/2018:09:04:00 -0300] "GET /cormun/servlet/hpexe_link HTTP/1.1" 200 959
200.111.191.210 - - [03/Dec/2018:09:04:00 -0300] "GET /cormun/servlet/trpermisosgoce HTTP/1.1" 200 17273
190.171.142.18 - - [03/Dec/2018:09:04:01 -0300] "GET /cormun/servlet/hpexe_return? HTTP/1.1" 200 1038
200.111.191.210 - - [03/Dec/2018:09:04:01 -0300] "GET /cormun/servlet/trpermisosgoce HTTP/1.1" 200 17252
190.171.142.18 - - [03/Dec/2018:09:04:01 -0300] "GET /cormun/servlet/trlicenciaspermisosadjuntos?9178795,20181203000000,L, HTTP/1.1" 200 7188
200.54.103.162 - - [03/Dec/2018:09:04:01 -0300] "GET /cormun/servlet/permisogoce?1de8ae925cb376f705304951fd596b5b2ce805bec8fdfd46a0a6df50eb1058da7838ef8119b7e905f1aa5ac34bbaded5856a14fb8463ff57c0b9da9c4cf4d2d7,gx-no-cache=1543838554870 HTTP/1.1" 200 85
200.54.103.162 - - [03/Dec/2018:09:04:01 -0300] "GET /cormun/static/menuarrow.gif HTTP/1.1" 404 1015
190.171.142.18 - - [03/Dec/2018:09:04:02 -0300] "GET /cormun/servlet/trlicenciaspermisosadjuntos?9178795,20181203000000,L, HTTP/1.1" 200 7185
190.171.142.18 - - [03/Dec/2018:09:04:04 -0300] "POST /cormun/servlet/trlicenciaspermisosadjuntos?53cd02e3624753ba5dfb69b1e2e41aee,9178795,20181203000000,L,,gx-no-cache=1543838642318 HTTP/1.1" 200 90
190.171.142.18 - - [03/Dec/2018:09:04:04 -0300] "GET /cormun/servlet/hpexe_link HTTP/1.1" 200 981
190.171.142.18 - - [03/Dec/2018:09:04:04 -0300] "GET /cormun/servlet/trlicencias HTTP/1.1" 200 13727
200.111.191.210 - - [03/Dec/2018:09:04:05 -0300] "GET /cormun/servlet/trpermisosgoce? HTTP/1.1" 200 17248
190.171.142.18 - - [03/Dec/2018:09:04:05 -0300] "GET /cormun/servlet/trlicencias HTTP/1.1" 200 13724
200.111.191.210 - - [03/Dec/2018:09:04:05 -0300] "GET /cormun/servlet/trpermisosgoce? HTTP/1.1" 200 17286
200.111.191.210 - - [03/Dec/2018:09:04:06 -0300] "GET /cormun/servlet/permisogoce?INS,0,,, HTTP/1.1" 200 6871
200.111.191.210 - - [03/Dec/2018:09:04:06 -0300] "GET /cormun/servlet/permisogoce?INS,0,,, HTTP/1.1" 200 6871
200.54.103.162 - - [03/Dec/2018:09:04:08 -0300] "GET /cormun/servlet/permisogoce?1de8ae925cb376f705304951fd596b5bc74646d6cfddab1ce12bee7c382c9ff71585b7e8553fb9fea9ff95e7276c77c07dd672876a4a5a736e1f44e697ae355f,gx-no-cache=1543838561406 HTTP/1.1" 200 48
200.54.103.162 - - [03/Dec/2018:09:04:10 -0300] "POST /cormun/servlet/permisogoce?a4b09f1e39e73c513ca656cad478413b,INS,0,,,,gx-no-cache=1543838563315 HTTP/1.1" 200 93
200.54.103.162 - - [03/Dec/2018:09:04:11 -0300] "GET /cormun/servlet/hpexe_return? HTTP/1.1" 200 1012
190.171.142.18 - - [03/Dec/2018:09:04:11 -0300] "POST /cormun/servlet/trlicencias?53cd02e3624753ba5dfb69b1e2e41aee,gx-no-cache=1543838648343 HTTP/1.1" 200 11222
190.171.142.18 - - [03/Dec/2018:09:04:11 -0300] "GET /cormun/static/Shared/jqueryui/images/ui-bg_highlight-soft_100_c6c2c8_1x100.png HTTP/1.1" 404 1117
190.171.142.18 - - [03/Dec/2018:09:04:11 -0300] "GET /cormun/static/Shared/jqueryui/images/ui-icons_82798d_256x240.png HTTP/1.1" 404 1089
200.54.103.162 - - [03/Dec/2018:09:04:11 -0300] "GET /cormun/servlet/trpermisosgoce HTTP/1.1" 200 14045
190.171.142.18 - - [03/Dec/2018:09:04:12 -0300] "GET /cormun/static/Shared/jqueryui/images/ui-bg_flat_55_fafafa_40x100.png HTTP/1.1" 404 1097
190.171.142.18 - - [03/Dec/2018:09:04:12 -0300] "GET /cormun/static/Shared/jqueryui/images/ui-icons_8d78a5_256x240.png HTTP/1.1" 404 1089
200.54.103.162 - - [03/Dec/2018:09:04:13 -0300] "GET /cormun/servlet/trpermisosgoce HTTP/1.1" 200 14009
200.111.191.210 - - [03/Dec/2018:09:04:13 -0300] "GET /cormun/servlet/permisogoce?3b1ed0b85d78c4fc7f6b30069f5ffd6ecc2902ad07754af79701cf10030746d55254f401518b794e942238ce722fe26b0c5f3ddac7539fe4d579cf4781e47a49,gx-no-cache=1543838627107 HTTP/1.1" 200 76
190.171.141.138 - - [03/Dec/2018:09:04:13 -0300] "GET /cormun/servlet/hlogin HTTP/1.1" 200 1721
190.171.141.138 - - [03/Dec/2018:09:04:13 -0300] "GET /cormun/static/hlogin.js?20177612122738 HTTP/1.1" 304 -
190.171.141.138 - - [03/Dec/2018:09:04:14 -0300] "GET /cormun/servlet/hlogin HTTP/1.1" 200 1732
190.171.142.18 - - [03/Dec/2018:09:04:15 -0300] "GET /cormun/servlet/alicenciaprn?9178795,L,20181203000000,PU HTTP/1.1" 200 1587
200.54.103.162 - - [03/Dec/2018:09:04:15 -0300] "GET /cormun/servlet/permisogoce?INS,0,,, HTTP/1.1" 200 7194
200.54.103.162 - - [03/Dec/2018:09:04:16 -0300] "GET /cormun/servlet/permisogoce?INS,0,,, HTTP/1.1" 200 7194
190.171.141.138 - - [03/Dec/2018:09:04:22 -0300] "POST /cormun/servlet/hlogin?76b737551ca59f56dd19d7cc08c1c9d9,gx-no-cache=1543838566932 HTTP/1.1" 200 90
190.171.141.138 - - [03/Dec/2018:09:04:22 -0300] "GET /cormun/servlet/hpexe_link HTTP/1.1" 200 952
190.171.141.138 - - [03/Dec/2018:09:04:22 -0300] "GET /cormun/servlet/hhome HTTP/1.1" 200 4455
200.54.103.162 - - [03/Dec/2018:09:04:23 -0300] "GET /cormun/servlet/permisogoce?1de8ae925cb376f705304951fd596b5b6e05b74bc21b621d36996c91e5355f2c58452dfe2b61454c72cf5e24f84d0d36,gx-no-cache=1543838576469 HTTP/1.1" 200 83
200.54.103.162 - - [03/Dec/2018:09:04:23 -0300] "GET /cormun/static/menuarrow.gif HTTP/1.1" 404 1015
190.171.141.138 - - [03/Dec/2018:09:04:23 -0300] "GET /cormun/servlet/hhome HTTP/1.1" 200 4451
200.111.191.210 - - [03/Dec/2018:09:04:26 -0300] "GET /cormun/servlet/permisogoce?3b1ed0b85d78c4fc7f6b30069f5ffd6e0167c43b2ae9cdd41721545eb650ce0401cdd04eb3b9bae6c6121bae6f825aa036e84694bcb980da8b715e4b8dd024cb,gx-no-cache=1543838640375 HTTP/1.1" 200 47
200.54.103.162 - - [03/Dec/2018:09:04:31 -0300] "GET /cormun/servlet/permisogoce?1de8ae925cb376f705304951fd596b5bc9b2ace49ac65dbac16b9dc1d3c106b2dc24ae8820ea02105793e94b04ba9232b95ce57046f48e975be1e8d479e231cf,gx-no-cache=1543838583903 HTTP/1.1" 200 47
200.54.103.162 - - [03/Dec/2018:09:04:33 -0300] "POST /cormun/servlet/permisogoce?a4b09f1e39e73c513ca656cad478413b,INS,0,,,,gx-no-cache=1543838586522 HTTP/1.1" 200 93
200.54.103.162 - - [03/Dec/2018:09:04:33 -0300] "GET /cormun/servlet/hpexe_return? HTTP/1.1" 200 1012
200.54.103.162 - - [03/Dec/2018:09:04:34 -0300] "GET /cormun/servlet/trpermisosgoce HTTP/1.1" 200 14239
200.111.191.210 - - [03/Dec/2018:09:04:35 -0300] "POST /cormun/servlet/permisogoce?459ca487171e1016c5d6e595dd95d115,INS,0,,,,gx-no-cache=1543838649028 HTTP/1.1" 200 93
200.111.191.210 - - [03/Dec/2018:09:04:35 -0300] "GET /cormun/servlet/hpexe_return? HTTP/1.1" 200 1013
200.111.191.210 - - [03/Dec/2018:09:04:35 -0300] "GET /cormun/servlet/trpermisosgoce HTTP/1.1" 200 17552
200.54.103.162 - - [03/Dec/2018:09:04:35 -0300] "GET /cormun/servlet/trpermisosgoce HTTP/1.1" 200 14231
200.111.191.210 - - [03/Dec/2018:09:04:36 -0300] "GET /cormun/servlet/trpermisosgoce HTTP/1.1" 200 17543
200.111.191.210 - - [03/Dec/2018:09:04:38 -0300] "GET /cormun/servlet/apermisogoceprn?14049430,P,20181203085952,PU HTTP/1.1" 200 1654
200.54.103.162 - - [03/Dec/2018:09:04:38 -0300] "GET /cormun/servlet/permisogoce?INS,0,,, HTTP/1.1" 200 7194
200.54.103.162 - - [03/Dec/2018:09:04:40 -0300] "GET /cormun/servlet/permisogoce?INS,0,,, HTTP/1.1" 200 7194
190.171.141.138 - - [03/Dec/2018:09:04:41 -0300] "GET /cormun/servlet/trlicencias? HTTP/1.1" 200 11623
190.171.141.138 - - [03/Dec/2018:09:04:42 -0300] "GET /cormun/servlet/trlicencias? HTTP/1.1" 200 11620
200.54.103.162 - - [03/Dec/2018:09:04:45 -0300] "GET /cormun/servlet/permisogoce?1de8ae925cb376f705304951fd596b5b1a0f292d2449c9481e0feba1c85094a37838ef8119b7e905f1aa5ac34bbaded5856a14fb8463ff57c0b9da9c4cf4d2d7,gx-no-cache=1543838598542 HTTP/1.1" 200 77
200.54.103.162 - - [03/Dec/2018:09:04:45 -0300] "GET /cormun/static/menuarrow.gif HTTP/1.1" 404 1015
190.171.142.50 - - [03/Dec/2018:09:04:46 -0300] "POST /cormun/servlet/licenciaspermisosadjuntos?e60c74e146f227d4fc6b60b9abdfd533,INS,17135508,L,20181203000000,, HTTP/1.0" 200 116
190.171.142.50 - - [03/Dec/2018:09:04:47 -0300] "GET /cormun/servlet/hpexe_return? HTTP/1.0" 200 1033
190.171.142.50 - - [03/Dec/2018:09:04:47 -0300] "GET /cormun/servlet/trlicenciaspermisosadjuntos?17135508,20181203000000,L, HTTP/1.0" 200 6843
190.171.142.50 - - [03/Dec/2018:09:04:49 -0300] "GET /cormun/servlet/trlicenciaspermisosadjuntos?17135508,20181203000000,L, HTTP/1.0" 200 6840
190.171.141.138 - - [03/Dec/2018:09:04:50 -0300] "GET /cormun/servlet/trlicencias? HTTP/1.1" 200 11623
190.171.142.18 - - [03/Dec/2018:09:04:50 -0300] "GET /cormun/servlet/trpermisosgoce? HTTP/1.1" 200 9131
190.171.141.138 - - [03/Dec/2018:09:04:51 -0300] "GET /cormun/servlet/trlicencias? HTTP/1.1" 200 11620
190.171.141.138 - - [03/Dec/2018:09:04:51 -0300] "GET /favicon.ico HTTP/1.1" 200 21630
190.171.142.18 - - [03/Dec/2018:09:04:51 -0300] "GET /cormun/servlet/trpermisosgoce? HTTP/1.1" 200 9133
200.54.103.162 - - [03/Dec/2018:09:04:53 -0300] "GET /cormun/servlet/permisogoce?1de8ae925cb376f705304951fd596b5b47e5389b5096efaa3bb10708918aac8c521a53f49a5d974a1a1e44bb2f4025707dd672876a4a5a736e1f44e697ae355f,gx-no-cache=1543838606814 HTTP/1.1" 200 48
190.171.142.50 - - [03/Dec/2018:09:04:54 -0300] "POST /cormun/servlet/trlicenciaspermisosadjuntos?e60c74e146f227d4fc6b60b9abdfd533,17135508,20181203000000,L,,gx-no-cache=1543838598472 HTTP/1.0" 200 90
190.171.142.50 - - [03/Dec/2018:09:04:54 -0300] "GET /cormun/servlet/hpexe_link HTTP/1.0" 200 976
190.171.142.50 - - [03/Dec/2018:09:04:54 -0300] "GET /cormun/servlet/trlicencias HTTP/1.0" 200 10510
190.171.142.50 - - [03/Dec/2018:09:04:55 -0300] "GET /cormun/servlet/trlicencias HTTP/1.0" 200 10508
200.54.103.162 - - [03/Dec/2018:09:04:56 -0300] "POST /cormun/servlet/permisogoce?a4b09f1e39e73c513ca656cad478413b,INS,0,,,,gx-no-cache=1543838609203 HTTP/1.1" 200 93
200.54.103.162 - - [03/Dec/2018:09:04:56 -0300] "GET /cormun/servlet/hpexe_return? HTTP/1.1" 200 1012
200.54.103.162 - - [03/Dec/2018:09:04:56 -0300] "GET /cormun/servlet/trpermisosgoce HTTP/1.1" 200 14492
200.54.103.162 - - [03/Dec/2018:09:04:58 -0300] "GET /cormun/servlet/trpermisosgoce HTTP/1.1" 200 14463
190.171.142.50 - - [03/Dec/2018:09:04:59 -0300] "GET /cormun/servlet/alicenciaprn?17135508,L,20181203000000,PU HTTP/1.0" 200 1530
200.54.103.162 - - [03/Dec/2018:09:05:00 -0300] "GET /cormun/servlet/permisogoce?INS,0,,, HTTP/1.1" 200 7194
200.54.103.162 - - [03/Dec/2018:09:05:02 -0300] "GET /cormun/servlet/permisogoce?INS,0,,, HTTP/1.1" 200 7194
200.54.103.162 - - [03/Dec/2018:09:05:07 -0300] "GET /cormun/servlet/permisogoce?1de8ae925cb376f705304951fd596b5b86cf97f4625c19a96857514a402f6fd47838ef8119b7e905f1aa5ac34bbaded5856a14fb8463ff57c0b9da9c4cf4d2d7,gx-no-cache=1543838620686 HTTP/1.1" 200 79
200.54.103.162 - - [03/Dec/2018:09:05:08 -0300] "GET /cormun/static/menuarrow.gif HTTP/1.1" 404 1015
200.54.103.162 - - [03/Dec/2018:09:05:14 -0300] "GET /cormun/servlet/permisogoce?1de8ae925cb376f705304951fd596b5b60d8396d5e41c6c2f05b0dffd186cd45819ef8611b7e39ef71390323c89663fe7dd672876a4a5a736e1f44e697ae355f,gx-no-cache=1543838627742 HTTP/1.1" 200 48
200.54.103.162 - - [03/Dec/2018:09:05:17 -0300] "POST /cormun/servlet/permisogoce?a4b09f1e39e73c513ca656cad478413b,INS,0,,,,gx-no-cache=1543838629668 HTTP/1.1" 200 93
200.54.103.162 - - [03/Dec/2018:09:05:17 -0300] "GET /cormun/servlet/hpexe_return? HTTP/1.1" 200 1012
200.54.103.162 - - [03/Dec/2018:09:05:17 -0300] "GET /cormun/servlet/trpermisosgoce HTTP/1.1" 200 14665
200.54.103.162 - - [03/Dec/2018:09:05:19 -0300] "GET /cormun/servlet/trpermisosgoce HTTP/1.1" 200 14689
200.54.103.162 - - [03/Dec/2018:09:05:31 -0300] "GET /cormun/servlet/trpermisosadjuntos?17525987,20181203084806,P, HTTP/1.1" 200 6638
200.54.103.162 - - [03/Dec/2018:09:05:31 -0300] "GET /cormun/static/gxcfg.js?201762817193957 HTTP/1.1" 200 953
200.54.103.162 - - [03/Dec/2018:09:05:31 -0300] "GET /cormun/static/Resources/Spanish/PXTools.css?17315867 HTTP/1.1" 200 89042
200.54.103.162 - - [03/Dec/2018:09:05:31 -0300] "GET /cormun/static/trpermisosadjuntos.js?201762817194366 HTTP/1.1" 200 20158
200.54.103.162 - - [03/Dec/2018:09:05:32 -0300] "GET /cormun/servlet/trpermisosadjuntos?17525987,20181203084806,P, HTTP/1.1" 200 6636
200.54.103.162 - - [03/Dec/2018:09:05:34 -0300] "GET /cormun/servlet/permisosadjuntos?INS,17525987,P,20181203084806,, HTTP/1.1" 200 5969
200.54.103.162 - - [03/Dec/2018:09:05:34 -0300] "GET /cormun/static/gxcfg.js?201762717441171 HTTP/1.1" 200 953
200.54.103.162 - - [03/Dec/2018:09:05:34 -0300] "GET /cormun/static/permisosadjuntos.js?201762717441184 HTTP/1.1" 200 8724
200.54.103.162 - - [03/Dec/2018:09:05:35 -0300] "GET /cormun/static/about:blank HTTP/1.1" 404 1011
200.54.103.162 - - [03/Dec/2018:09:05:35 -0300] "GET /cormun/servlet/permisosadjuntos?INS,17525987,P,20181203084806,, HTTP/1.1" 200 5960
190.171.142.18 - - [03/Dec/2018:09:05:57 -0300] "GET /cormun/servlet/apermisogoceprn?13805594,P,20181203084337,PU HTTP/1.1" 200 1659
200.54.103.162 - - [03/Dec/2018:09:05:58 -0300] "POST /cormun/servlet/permisosadjuntos?a4b09f1e39e73c513ca656cad478413b,INS,17525987,P,20181203084806,, HTTP/1.1" 200 116
200.54.103.162 - - [03/Dec/2018:09:05:59 -0300] "GET /cormun/servlet/hpexe_return? HTTP/1.1" 200 1040
200.54.103.162 - - [03/Dec/2018:09:05:59 -0300] "GET /cormun/servlet/trpermisosadjuntos?17525987,20181203084806,P, HTTP/1.1" 200 7140
200.54.103.162 - - [03/Dec/2018:09:06:00 -0300] "GET /cormun/servlet/trpermisosadjuntos?17525987,20181203084806,P, HTTP/1.1" 200 7137
200.54.103.162 - - [03/Dec/2018:09:06:04 -0300] "POST /cormun/servlet/trpermisosadjuntos?a4b09f1e39e73c513ca656cad478413b,17525987,20181203084806,P,,gx-no-cache=1543838677515 HTTP/1.1" 200 90
200.54.103.162 - - [03/Dec/2018:09:06:04 -0300] "GET /cormun/servlet/hpexe_link HTTP/1.1" 200 986
200.54.103.162 - - [03/Dec/2018:09:06:05 -0300] "GET /cormun/servlet/trpermisosgoce HTTP/1.1" 200 14652
200.54.103.162 - - [03/Dec/2018:09:06:06 -0300] "GET /cormun/servlet/trpermisosgoce HTTP/1.1" 200 14649
200.54.103.162 - - [03/Dec/2018:09:06:10 -0300] "GET /cormun/servlet/trpermisosadjuntos?17138656,20181203084837,P, HTTP/1.1" 200 6644
200.54.103.162 - - [03/Dec/2018:09:06:11 -0300] "GET /cormun/servlet/trpermisosadjuntos?17138656,20181203084837,P, HTTP/1.1" 200 6643
200.54.103.162 - - [03/Dec/2018:09:06:12 -0300] "GET /cormun/servlet/permisosadjuntos?INS,17138656,P,20181203084837,, HTTP/1.1" 200 5978
200.54.103.162 - - [03/Dec/2018:09:06:12 -0300] "GET /cormun/static/about:blank HTTP/1.1" 404 1011
200.54.103.162 - - [03/Dec/2018:09:06:13 -0300] "GET /cormun/servlet/permisosadjuntos?INS,17138656,P,20181203084837,, HTTP/1.1" 200 5967
200.54.103.162 - - [03/Dec/2018:09:06:24 -0300] "POST /cormun/servlet/permisosadjuntos?a4b09f1e39e73c513ca656cad478413b,INS,17138656,P,20181203084837,, HTTP/1.1" 200 116
200.54.103.162 - - [03/Dec/2018:09:06:24 -0300] "GET /cormun/servlet/hpexe_return? HTTP/1.1" 200 1040
200.54.103.162 - - [03/Dec/2018:09:06:24 -0300] "GET /cormun/servlet/trpermisosadjuntos?17138656,20181203084837,P, HTTP/1.1" 200 7151
200.54.103.162 - - [03/Dec/2018:09:06:25 -0300] "GET /cormun/servlet/trpermisosadjuntos?17138656,20181203084837,P, HTTP/1.1" 200 7144
200.54.103.162 - - [03/Dec/2018:09:06:28 -0300] "POST /cormun/servlet/trpermisosadjuntos?a4b09f1e39e73c513ca656cad478413b,17138656,20181203084837,P,,gx-no-cache=1543838701568 HTTP/1.1" 200 90
200.54.103.162 - - [03/Dec/2018:09:06:28 -0300] "GET /cormun/servlet/hpexe_link HTTP/1.1" 200 986
190.171.142.18 - - [03/Dec/2018:09:06:28 -0300] "GET /cormun/servlet/permisogoce?INS,0,,, HTTP/1.1" 200 7191
200.54.103.162 - - [03/Dec/2018:09:06:28 -0300] "GET /cormun/servlet/trpermisosgoce HTTP/1.1" 200 14670
190.171.142.18 - - [03/Dec/2018:09:06:29 -0300] "GET /cormun/servlet/permisogoce?INS,0,,, HTTP/1.1" 200 7191
200.54.103.162 - - [03/Dec/2018:09:06:30 -0300] "GET /cormun/servlet/trpermisosgoce HTTP/1.1" 200 14646
200.54.103.162 - - [03/Dec/2018:09:06:34 -0300] "GET /cormun/servlet/trpermisosadjuntos?8916109,20181203084904,P, HTTP/1.1" 200 6642
200.54.103.162 - - [03/Dec/2018:09:06:35 -0300] "GET /cormun/servlet/trpermisosadjuntos?8916109,20181203084904,P, HTTP/1.1" 200 6642
200.54.103.162 - - [03/Dec/2018:09:06:37 -0300] "GET /cormun/servlet/permisosadjuntos?INS,8916109,P,20181203084904,, HTTP/1.1" 200 5974
190.171.142.18 - - [03/Dec/2018:09:06:37 -0300] "GET /cormun/servlet/permisogoce?61867890958621f7d8dc16ad7a02dda92ec87372070e369070398fa12d7eb683d9d7b36ae4f83b133674b0b8f27525ba807254f905a4f5b78f723f000d686062,gx-no-cache=1543838795919 HTTP/1.1" 200 82
200.54.103.162 - - [03/Dec/2018:09:06:38 -0300] "GET /cormun/static/about:blank HTTP/1.1" 404 1011
190.171.142.18 - - [03/Dec/2018:09:06:38 -0300] "GET /cormun/static/menuarrow.gif HTTP/1.1" 404 1015
200.54.103.162 - - [03/Dec/2018:09:06:38 -0300] "GET /cormun/servlet/permisosadjuntos?INS,8916109,P,20181203084904,, HTTP/1.1" 200 5964
190.171.142.18 - - [03/Dec/2018:09:06:45 -0300] "GET /cormun/servlet/permisogoce?61867890958621f7d8dc16ad7a02dda9637a92a0ed86bf6baf35c2b7a744c3d3f4838160322bca12783bbaf2ade956304fad4817556857f7b923432ef0599b74,gx-no-cache=1543838803652 HTTP/1.1" 200 47
200.54.103.162 - - [03/Dec/2018:09:06:48 -0300] "POST /cormun/servlet/permisosadjuntos?a4b09f1e39e73c513ca656cad478413b,INS,8916109,P,20181203084904,, HTTP/1.1" 200 116
200.54.103.162 - - [03/Dec/2018:09:06:48 -0300] "GET /cormun/servlet/hpexe_return? HTTP/1.1" 200 1038
200.54.103.162 - - [03/Dec/2018:09:06:49 -0300] "GET /cormun/servlet/trpermisosadjuntos?8916109,20181203084904,P, HTTP/1.1" 200 7146
190.171.142.18 - - [03/Dec/2018:09:06:49 -0300] "POST /cormun/servlet/permisogoce?53cd02e3624753ba5dfb69b1e2e41aee,INS,0,,,,gx-no-cache=1543838806810 HTTP/1.1" 200 93
190.171.142.18 - - [03/Dec/2018:09:06:49 -0300] "GET /cormun/servlet/hpexe_return? HTTP/1.1" 200 1006
190.171.142.18 - - [03/Dec/2018:09:06:49 -0300] "GET /cormun/servlet/trpermisosgoce HTTP/1.1" 200 9305
190.171.142.18 - - [03/Dec/2018:09:06:50 -0300] "GET /cormun/servlet/trpermisosgoce HTTP/1.1" 200 9302
200.54.103.162 - - [03/Dec/2018:09:06:50 -0300] "GET /cormun/servlet/trpermisosadjuntos?8916109,20181203084904,P, HTTP/1.1" 200 7142
190.171.142.18 - - [03/Dec/2018:09:06:52 -0300] "GET /cormun/servlet/apermisogoceprn?13805594,P,20181203084337,PU HTTP/1.1" 200 1656
200.54.103.162 - - [03/Dec/2018:09:06:52 -0300] "POST /cormun/servlet/trpermisosadjuntos?a4b09f1e39e73c513ca656cad478413b,8916109,20181203084904,P,,gx-no-cache=1543838725999 HTTP/1.1" 200 90
200.54.103.162 - - [03/Dec/2018:09:06:53 -0300] "GET /cormun/servlet/hpexe_link HTTP/1.1" 200 984
