207.46.13.162 - - [22/Nov/2018:00:03:08 -0300] "GET /cormun/servlet/trvisualizadoreventos HTTP/1.1" 200 5968
157.55.39.96 - - [22/Nov/2018:00:09:07 -0300] "GET /cormun/servlet/trsolicitudadjuntos?2016,2923, HTTP/1.1" 200 8854
40.77.167.165 - - [22/Nov/2018:00:28:44 -0300] "GET /cormun/servlet/trlicenciaspermisoslog?18647240,L,20180419000000,_escaped_fragment_%3D HTTP/1.1" 200 5339
157.55.39.96 - - [22/Nov/2018:00:28:59 -0300] "GET /cormun/static/trlicenciaspermisoslog.js?201762717555393 HTTP/1.1" 200 20074
40.77.167.165 - - [22/Nov/2018:00:29:09 -0300] "GET /cormun/servlet/trlicenciaspermisoslog?18647240,L,20180419000000,_escaped_fragment_%3D HTTP/1.1" 200 5341
40.77.167.165 - - [22/Nov/2018:00:29:09 -0300] "GET /cormun/static/gxcfg.js?20176271755511 HTTP/1.1" 200 953
93.158.161.6 - - [22/Nov/2018:01:16:09 -0300] "GET /robots.txt HTTP/1.1" 404 981
93.158.161.6 - - [22/Nov/2018:01:16:13 -0300] "GET /docs/web-socket-howto.html HTTP/1.1" 200 18543
141.8.143.176 - - [22/Nov/2018:01:24:08 -0300] "GET /examples/jsp/jsp2/misc/EchoAttributesTag.java.html HTTP/1.1" 200 1945
93.158.161.6 - - [22/Nov/2018:01:28:57 -0300] "GET /docs/funcspecs/fs-jdbc-realm.html HTTP/1.1" 200 19192
190.189.52.168 - - [22/Nov/2018:01:46:14 -0300] "GET / HTTP/1.0" 200 11197
187.37.213.54 - - [22/Nov/2018:02:04:38 -0300] "GET / HTTP/1.0" 200 11197
40.77.167.48 - - [22/Nov/2018:02:22:50 -0300] "GET /cormun/servlet/permisosingoceadjunto?DLT,32,20170321122600, HTTP/1.1" 200 4659
40.77.167.48 - - [22/Nov/2018:02:22:51 -0300] "GET /cormun/servlet/solicitudot?UPD,2016,2672, HTTP/1.1" 200 14585
40.77.167.165 - - [22/Nov/2018:02:22:59 -0300] "GET /cormun/servlet/solicitudot?INS,0,0, HTTP/1.1" 200 13999
40.77.167.165 - - [22/Nov/2018:02:23:00 -0300] "GET /cormun/servlet/trcontratouno?_escaped_fragment_= HTTP/1.1" 200 5901
207.46.13.162 - - [22/Nov/2018:02:23:00 -0300] "GET /cormun/servlet/solicitudot?INS,0,0,&_escaped_fragment_= HTTP/1.1" 200 13857
40.77.167.165 - - [22/Nov/2018:02:23:00 -0300] "GET /cormun/servlet/solicitudot?INS,0,0,_escaped_fragment_%3D HTTP/1.1" 200 13848
46.174.191.29 - - [22/Nov/2018:03:12:44 -0300] "GET / HTTP/1.0" 200 11197
78.108.177.53 - - [22/Nov/2018:03:15:27 -0300] "GET / HTTP/1.0" 200 11197
49.156.41.6 - - [22/Nov/2018:03:20:06 -0300] "GET / HTTP/1.1" 200 11217
157.55.39.96 - - [22/Nov/2018:03:29:38 -0300] "GET /cormun/servlet/hhome HTTP/1.1" 200 3400
74.59.239.19 - - [22/Nov/2018:04:06:41 -0300] "GET / HTTP/1.0" 200 11197
93.158.161.6 - - [22/Nov/2018:04:13:42 -0300] "GET /examples/servlets/ HTTP/1.1" 200 6959
2.181.23.169 - - [22/Nov/2018:05:16:12 -0300] "GET / HTTP/1.1" 200 11217
179.110.126.175 - - [22/Nov/2018:05:32:11 -0300] "GET / HTTP/1.1" 200 11217
138.97.147.29 - - [22/Nov/2018:05:55:29 -0300] "GET / HTTP/1.1" 200 11217
177.64.211.56 - - [22/Nov/2018:05:57:35 -0300] "GET / HTTP/1.0" 200 11197
221.214.55.100 - - [22/Nov/2018:06:10:01 -0300] "GET /struts2-rest-showcase/orders.xhtml HTTP/1.1" 404 1029
221.214.55.100 - - [22/Nov/2018:06:10:02 -0300] "GET /index.do HTTP/1.1" 404 977
93.158.161.6 - - [22/Nov/2018:06:39:01 -0300] "GET /robots.txt HTTP/1.1" 404 981
93.158.161.6 - - [22/Nov/2018:06:39:05 -0300] "GET /docs/proxy-howto.html HTTP/1.1" 200 15896
141.8.143.176 - - [22/Nov/2018:06:39:09 -0300] "GET /docs/windows-auth-howto.html HTTP/1.1" 200 27523
157.55.39.96 - - [22/Nov/2018:06:44:19 -0300] "GET /cormun/servlet/hpexe_return HTTP/1.1" 200 975
46.174.191.31 - - [22/Nov/2018:06:44:21 -0300] "GET / HTTP/1.0" 200 11197
194.44.36.51 - - [22/Nov/2018:07:05:25 -0300] "GET / HTTP/1.1" 200 11217
190.171.149.74 - - [22/Nov/2018:07:32:11 -0300] "GET /cormun/servlet/hlogin HTTP/1.1" 200 1722
190.171.149.74 - - [22/Nov/2018:07:32:20 -0300] "POST /cormun/servlet/hlogin?c6df70832d0804ec2bb4479ec2dc9a2f,gx-no-cache=1542882646585 HTTP/1.1" 200 90
190.171.149.74 - - [22/Nov/2018:07:32:20 -0300] "GET /cormun/servlet/hpexe_link HTTP/1.1" 200 949
190.171.149.74 - - [22/Nov/2018:07:32:20 -0300] "GET /cormun/servlet/hhome HTTP/1.1" 200 4051
190.171.149.74 - - [22/Nov/2018:07:32:23 -0300] "GET /cormun/servlet/hhome HTTP/1.1" 200 4046
190.171.149.74 - - [22/Nov/2018:07:32:56 -0300] "GET /cormun/servlet/trlicencias? HTTP/1.1" 200 10157
190.171.149.74 - - [22/Nov/2018:07:32:59 -0300] "GET /cormun/servlet/trlicencias? HTTP/1.1" 200 10155
190.171.149.74 - - [22/Nov/2018:07:33:04 -0300] "GET /cormun/servlet/trpermisosgoce? HTTP/1.1" 200 12791
190.171.149.74 - - [22/Nov/2018:07:33:06 -0300] "GET /cormun/servlet/trpermisosgoce? HTTP/1.1" 200 12791
190.171.149.74 - - [22/Nov/2018:07:59:19 -0300] "POST /cormun/servlet/trpermisosgoce?c6df70832d0804ec2bb4479ec2dc9a2f,,gx-no-cache=1542884266347 HTTP/1.1" 200 4194
190.171.149.74 - - [22/Nov/2018:07:59:30 -0300] "GET /cormun/static/menuarrow.gif HTTP/1.1" 404 1015
190.171.149.74 - - [22/Nov/2018:07:59:40 -0300] "POST /cormun/servlet/trpermisosgoce?c6df70832d0804ec2bb4479ec2dc9a2f,,gx-no-cache=1542884287081 HTTP/1.1" 200 5271
190.171.149.74 - - [22/Nov/2018:08:00:42 -0300] "POST /cormun/servlet/trpermisosgoce?c6df70832d0804ec2bb4479ec2dc9a2f,,gx-no-cache=1542884348896 HTTP/1.1" 200 4193
190.171.149.74 - - [22/Nov/2018:08:00:48 -0300] "POST /cormun/servlet/trpermisosgoce?c6df70832d0804ec2bb4479ec2dc9a2f,,gx-no-cache=1542884355341 HTTP/1.1" 200 4193
190.171.149.74 - - [22/Nov/2018:08:01:04 -0300] "POST /cormun/servlet/trpermisosgoce?c6df70832d0804ec2bb4479ec2dc9a2f,,gx-no-cache=1542884371247 HTTP/1.1" 200 4193
190.171.149.74 - - [22/Nov/2018:08:01:59 -0300] "POST /cormun/servlet/trpermisosgoce?c6df70832d0804ec2bb4479ec2dc9a2f,,gx-no-cache=1542884426096 HTTP/1.1" 200 4194
190.171.149.74 - - [22/Nov/2018:08:03:21 -0300] "POST /cormun/servlet/trpermisosgoce?c6df70832d0804ec2bb4479ec2dc9a2f,,gx-no-cache=1542884507968 HTTP/1.1" 200 4188
190.171.149.74 - - [22/Nov/2018:08:04:46 -0300] "POST /cormun/servlet/trpermisosgoce?c6df70832d0804ec2bb4479ec2dc9a2f,,gx-no-cache=1542884592210 HTTP/1.1" 200 5709
190.171.149.74 - - [22/Nov/2018:08:05:36 -0300] "POST /cormun/servlet/trpermisosgoce?c6df70832d0804ec2bb4479ec2dc9a2f,,gx-no-cache=1542884642497 HTTP/1.1" 200 4194
190.171.149.74 - - [22/Nov/2018:08:06:20 -0300] "POST /cormun/servlet/trpermisosgoce?c6df70832d0804ec2bb4479ec2dc9a2f,,gx-no-cache=1542884687120 HTTP/1.1" 200 4188
200.111.191.210 - - [22/Nov/2018:08:06:31 -0300] "GET /cormun/servlet/trlicencias? HTTP/1.1" 200 7267
200.111.191.210 - - [22/Nov/2018:08:06:31 -0300] "GET /cormun/servlet/hlogin HTTP/1.1" 200 1740
200.111.191.210 - - [22/Nov/2018:08:06:31 -0300] "GET /cormun/servlet/trlicencias? HTTP/1.1" 200 7262
200.111.191.210 - - [22/Nov/2018:08:06:38 -0300] "POST /cormun/servlet/hlogin?09d350f4121b5abce2a9a2386bf1a593,gx-no-cache=1542884759374 HTTP/1.1" 200 90
200.111.191.210 - - [22/Nov/2018:08:06:38 -0300] "GET /cormun/servlet/hpexe_link HTTP/1.1" 200 958
200.111.191.210 - - [22/Nov/2018:08:06:38 -0300] "GET /cormun/servlet/trlicencias HTTP/1.1" 200 14839
200.111.191.210 - - [22/Nov/2018:08:06:39 -0300] "GET /cormun/servlet/trlicencias HTTP/1.1" 200 14848
200.111.191.210 - - [22/Nov/2018:08:06:41 -0300] "GET /cormun/servlet/licenciaspermisos?INS,0,,, HTTP/1.1" 200 7560
200.111.191.210 - - [22/Nov/2018:08:06:41 -0300] "GET /cormun/static/gxcfg.js?201762917281167 HTTP/1.1" 304 -
200.111.191.210 - - [22/Nov/2018:08:06:42 -0300] "GET /cormun/servlet/licenciaspermisos?INS,0,,, HTTP/1.1" 200 7568
190.171.149.74 - - [22/Nov/2018:08:07:10 -0300] "POST /cormun/servlet/trpermisosgoce?c6df70832d0804ec2bb4479ec2dc9a2f,,gx-no-cache=1542884736981 HTTP/1.1" 200 5022
200.111.191.210 - - [22/Nov/2018:08:07:24 -0300] "GET /cormun/servlet/licenciaspermisos?39e5327b5579f62a3927e14fde236e5c543898cdc4861040e8ab8d35e9e1ae7752a1a2bf49480886ddb9c562bc660b05,gx-no-cache=1542884806054 HTTP/1.1" 200 185
200.111.191.210 - - [22/Nov/2018:08:07:24 -0300] "GET /cormun/static/Shared/jqueryui/images/ui-icons_82798d_256x240.png HTTP/1.1" 404 1089
200.111.191.210 - - [22/Nov/2018:08:07:24 -0300] "GET /cormun/static/Shared/jqueryui/images/ui-bg_flat_55_994d53_40x100.png HTTP/1.1" 404 1097
200.111.191.210 - - [22/Nov/2018:08:07:24 -0300] "GET /cormun/static/Shared/jqueryui/images/ui-bg_highlight-soft_100_c6c2c8_1x100.png HTTP/1.1" 404 1117
200.111.191.210 - - [22/Nov/2018:08:07:24 -0300] "GET /cormun/static/Shared/jqueryui/images/ui-icons_ebccce_256x240.png HTTP/1.1" 404 1089
200.111.191.210 - - [22/Nov/2018:08:07:35 -0300] "GET /cormun/servlet/trpermisosgoce? HTTP/1.1" 200 17416
200.111.191.210 - - [22/Nov/2018:08:07:35 -0300] "GET /cormun/servlet/trpermisosgoce? HTTP/1.1" 200 17394
200.111.191.210 - - [22/Nov/2018:08:07:37 -0300] "GET /cormun/servlet/permisogoce?INS,0,,, HTTP/1.1" 200 6868
200.111.191.210 - - [22/Nov/2018:08:07:37 -0300] "GET /cormun/servlet/permisogoce?INS,0,,, HTTP/1.1" 200 6868
200.111.191.210 - - [22/Nov/2018:08:07:43 -0300] "GET /cormun/servlet/permisogoce?39e5327b5579f62a3927e14fde236e5c3ee6a0993e63c4b047573061c630f86e4a7eb6324e14a7ef76e95c525cd59b1635c1a7c078b75bb99d2adce2d1cd3c8b,gx-no-cache=1542884824120 HTTP/1.1" 200 81
200.111.191.210 - - [22/Nov/2018:08:07:46 -0300] "GET /cormun/servlet/permisogoce?39e5327b5579f62a3927e14fde236e5ccd5adaf9bf25bff563efbbbf324234c53b52bea2ab94c3c0ea5634267ae851ede4d3db749071440f653ad92382ecadfb,gx-no-cache=1542884827994 HTTP/1.1" 200 48
200.111.191.210 - - [22/Nov/2018:08:08:03 -0300] "POST /cormun/servlet/permisogoce?09d350f4121b5abce2a9a2386bf1a593,INS,0,,,,gx-no-cache=1542884844398 HTTP/1.1" 200 93
200.111.191.210 - - [22/Nov/2018:08:08:04 -0300] "GET /cormun/servlet/hpexe_return? HTTP/1.1" 200 1013
200.111.191.210 - - [22/Nov/2018:08:08:04 -0300] "GET /cormun/servlet/trpermisosgoce HTTP/1.1" 200 17690
200.111.191.210 - - [22/Nov/2018:08:08:04 -0300] "GET /cormun/servlet/trpermisosgoce HTTP/1.1" 200 17706
200.111.191.210 - - [22/Nov/2018:08:08:09 -0300] "GET /cormun/servlet/apermisogoceprn?11364484,P,20181122080326,PU HTTP/1.1" 200 1692
200.111.191.210 - - [22/Nov/2018:08:08:15 -0300] "GET /cormun/servlet/permisogoce?UPD,11364484,P,20181122080326, HTTP/1.1" 200 6976
200.111.191.210 - - [22/Nov/2018:08:08:15 -0300] "GET /cormun/servlet/permisogoce?UPD,11364484,P,20181122080326, HTTP/1.1" 200 6976
200.111.191.210 - - [22/Nov/2018:08:08:16 -0300] "GET /cormun/servlet/permisogoce?39e5327b5579f62a3927e14fde236e5c3ee6a0993e63c4b047573061c630f86e1095a570852453fc55f405c302f33298cb3252f8b05d2a4816d086d369f1f100,gx-no-cache=1542884857447 HTTP/1.1" 200 80
200.111.191.210 - - [22/Nov/2018:08:08:17 -0300] "GET /cormun/servlet/permisogoce?39e5327b5579f62a3927e14fde236e5ccd5adaf9bf25bff563efbbbf324234c5f6821336ec22ffc9528b62aef43cbc837f55c0cbc08ab191d16ffbb96d93c8cd,gx-no-cache=1542884858207 HTTP/1.1" 200 48
200.111.191.210 - - [22/Nov/2018:08:08:24 -0300] "POST /cormun/servlet/permisogoce?09d350f4121b5abce2a9a2386bf1a593,UPD,11364484,P,20181122080326,,gx-no-cache=1542884864987 HTTP/1.1" 200 93
200.111.191.210 - - [22/Nov/2018:08:08:24 -0300] "GET /cormun/servlet/hpexe_return? HTTP/1.1" 200 1031
200.111.191.210 - - [22/Nov/2018:08:08:24 -0300] "GET /cormun/servlet/trpermisosgoce HTTP/1.1" 200 17698
200.111.191.210 - - [22/Nov/2018:08:08:24 -0300] "GET /cormun/servlet/trpermisosgoce HTTP/1.1" 200 17706
200.111.191.210 - - [22/Nov/2018:08:08:30 -0300] "GET /cormun/servlet/apermisogoceprn?11364484,P,20181122080326,PU HTTP/1.1" 200 1682
190.171.149.74 - - [22/Nov/2018:08:08:39 -0300] "POST /cormun/servlet/trpermisosgoce?c6df70832d0804ec2bb4479ec2dc9a2f,,gx-no-cache=1542884825705 HTTP/1.1" 200 4196
200.111.191.210 - - [22/Nov/2018:08:08:39 -0300] "GET /cormun/servlet/trlicencias? HTTP/1.1" 200 14855
200.111.191.210 - - [22/Nov/2018:08:08:39 -0300] "GET /cormun/servlet/trlicencias? HTTP/1.1" 200 14854
186.103.159.204 - - [22/Nov/2018:08:08:51 -0300] "GET /cormun/servlet/hlogin HTTP/1.1" 200 1729
200.111.191.210 - - [22/Nov/2018:08:08:57 -0300] "GET /cormun/servlet/trlicencias? HTTP/1.1" 200 14876
200.111.191.210 - - [22/Nov/2018:08:08:57 -0300] "GET /cormun/servlet/trlicencias? HTTP/1.1" 200 14855
200.111.191.210 - - [22/Nov/2018:08:08:58 -0300] "GET /cormun/servlet/licenciaspermisos?INS,0,,, HTTP/1.1" 200 7560
200.111.191.210 - - [22/Nov/2018:08:08:59 -0300] "GET /cormun/servlet/licenciaspermisos?INS,0,,, HTTP/1.1" 200 7568
200.111.191.210 - - [22/Nov/2018:08:09:01 -0300] "GET /cormun/servlet/prfichaempleado?,MD,,gxPopupLevel%3D0%3B HTTP/1.1" 200 9327
200.111.191.210 - - [22/Nov/2018:08:09:01 -0300] "GET /cormun/static/gxcfg.js?20177612134814 HTTP/1.1" 200 953
200.111.191.210 - - [22/Nov/2018:08:09:01 -0300] "GET /cormun/static/prfichaempleado.js?20177612134999 HTTP/1.1" 200 16006
186.103.159.204 - - [22/Nov/2018:08:09:07 -0300] "GET /cormun/servlet/hlogin HTTP/1.1" 200 1729
200.111.191.210 - - [22/Nov/2018:08:09:08 -0300] "POST /cormun/servlet/prfichaempleado?09d350f4121b5abce2a9a2386bf1a593,,MD,,gxPopupLevel%3D0%3B,gx-no-cache=1542884909664 HTTP/1.1" 200 3181
186.103.159.204 - - [22/Nov/2018:08:09:10 -0300] "POST /cormun/servlet/hlogin?c2a3ab84e1f140fdba5c97506d8fe292,gx-no-cache=1542884853984 HTTP/1.1" 200 90
186.103.159.204 - - [22/Nov/2018:08:09:10 -0300] "GET /cormun/servlet/hpexe_link HTTP/1.1" 200 952
186.103.159.204 - - [22/Nov/2018:08:09:10 -0300] "GET /cormun/servlet/hhome HTTP/1.1" 200 3992
186.103.159.204 - - [22/Nov/2018:08:09:11 -0300] "GET /cormun/servlet/hhome HTTP/1.1" 200 3989
200.111.191.210 - - [22/Nov/2018:08:09:12 -0300] "POST /cormun/servlet/prfichaempleado?09d350f4121b5abce2a9a2386bf1a593,,MD,,gxPopupLevel%3D0%3B,gx-no-cache=1542884913118 HTTP/1.1" 200 5170
186.103.159.204 - - [22/Nov/2018:08:09:16 -0300] "GET /cormun/servlet/trlicencias? HTTP/1.1" 200 10180
186.103.159.204 - - [22/Nov/2018:08:09:17 -0300] "GET /cormun/servlet/trlicencias? HTTP/1.1" 200 10177
190.171.149.74 - - [22/Nov/2018:08:09:46 -0300] "POST /cormun/servlet/trpermisosgoce?c6df70832d0804ec2bb4479ec2dc9a2f,,gx-no-cache=1542884893091 HTTP/1.1" 200 4193
190.171.149.74 - - [22/Nov/2018:08:10:30 -0300] "POST /cormun/servlet/trpermisosgoce?c6df70832d0804ec2bb4479ec2dc9a2f,,gx-no-cache=1542884937187 HTTP/1.1" 200 4199
190.171.149.74 - - [22/Nov/2018:08:10:33 -0300] "POST /cormun/servlet/trpermisosgoce?c6df70832d0804ec2bb4479ec2dc9a2f,,gx-no-cache=1542884940042 HTTP/1.1" 200 4198
190.171.149.74 - - [22/Nov/2018:08:11:19 -0300] "POST /cormun/servlet/trpermisosgoce?c6df70832d0804ec2bb4479ec2dc9a2f,,gx-no-cache=1542884985957 HTTP/1.1" 200 4196
200.111.191.210 - - [22/Nov/2018:08:11:35 -0300] "GET /cormun/servlet/trsolicitudot? HTTP/1.1" 200 7249
200.111.191.210 - - [22/Nov/2018:08:11:35 -0300] "GET /cormun/static/gxcfg.js?2017111422585916 HTTP/1.1" 304 -
200.111.191.210 - - [22/Nov/2018:08:11:35 -0300] "GET /cormun/servlet/trsolicitudot? HTTP/1.1" 200 7241
200.111.191.210 - - [22/Nov/2018:08:11:40 -0300] "GET /cormun/static/menuarrow.gif HTTP/1.1" 404 1015
200.111.191.210 - - [22/Nov/2018:08:11:48 -0300] "POST /cormun/servlet/trsolicitudot?09d350f4121b5abce2a9a2386bf1a593,,gx-no-cache=1542885069792 HTTP/1.1" 200 6522
200.111.191.210 - - [22/Nov/2018:08:11:51 -0300] "GET /cormun/servlet/vesolicitudot?2018,11993,, HTTP/1.1" 200 8399
200.111.191.210 - - [22/Nov/2018:08:11:51 -0300] "GET /cormun/pexe_scrolldiv.js HTTP/1.1" 404 1009
200.111.191.210 - - [22/Nov/2018:08:11:51 -0300] "GET /cormun/pexe_scrolldiv.js HTTP/1.1" 404 1009
200.111.191.210 - - [22/Nov/2018:08:11:52 -0300] "GET /cormun/servlet/vesolicitudot?2018,11993,, HTTP/1.1" 200 8399
200.111.191.210 - - [22/Nov/2018:08:12:03 -0300] "GET /cormun/servlet/vesolicitudot?2018,11993,,SolicitudOTAdjuntos HTTP/1.1" 200 7422
200.111.191.210 - - [22/Nov/2018:08:12:03 -0300] "GET /cormun/pexe_scrolldiv.js HTTP/1.1" 404 1009
200.111.191.210 - - [22/Nov/2018:08:12:03 -0300] "GET /cormun/pexe_scrolldiv.js HTTP/1.1" 404 1009
200.111.191.210 - - [22/Nov/2018:08:12:03 -0300] "GET /cormun/static/tbsolicitudot02.js?201711142258496 HTTP/1.1" 200 15626
200.111.191.210 - - [22/Nov/2018:08:12:03 -0300] "GET /cormun/static/gxui/gxui-all.css HTTP/1.1" 200 2179
200.111.191.210 - - [22/Nov/2018:08:12:03 -0300] "GET /cormun/static/Resources/PXToolsTabFirstUnselected.png HTTP/1.1" 200 1264
200.111.191.210 - - [22/Nov/2018:08:12:03 -0300] "GET /cormun/static/Resources/PXToolsTabUnselectedSelected.png HTTP/1.1" 200 1444
200.111.191.210 - - [22/Nov/2018:08:12:03 -0300] "GET /cormun/servlet/vesolicitudot?2018,11993,,SolicitudOTAdjuntos HTTP/1.1" 200 7422
200.111.191.210 - - [22/Nov/2018:08:12:03 -0300] "GET /cormun/static/Shared/ext/resources/css/ext-all.css HTTP/1.1" 200 416045
200.111.191.210 - - [22/Nov/2018:08:12:04 -0300] "POST /cormun/servlet/acontrolpreferencessavestate?None,CA-7,true HTTP/1.1" 200 35
200.111.191.210 - - [22/Nov/2018:08:12:05 -0300] "GET /cormun/servlet/vesolicitudot?2018,11993,,General HTTP/1.1" 200 8406
200.111.191.210 - - [22/Nov/2018:08:12:05 -0300] "GET /cormun/pexe_scrolldiv.js HTTP/1.1" 404 1009
200.111.191.210 - - [22/Nov/2018:08:12:05 -0300] "GET /cormun/pexe_scrolldiv.js HTTP/1.1" 404 1009
200.111.191.210 - - [22/Nov/2018:08:12:05 -0300] "GET /cormun/servlet/vesolicitudot?2018,11993,,General HTTP/1.1" 200 8406
200.111.191.210 - - [22/Nov/2018:08:12:27 -0300] "GET /cormun/servlet/trlicencias? HTTP/1.1" 200 14871
200.111.191.210 - - [22/Nov/2018:08:12:27 -0300] "GET /cormun/servlet/trlicencias? HTTP/1.1" 200 14837
200.111.191.210 - - [22/Nov/2018:08:12:29 -0300] "GET /cormun/servlet/licenciaspermisos?INS,0,,, HTTP/1.1" 200 7560
200.111.191.210 - - [22/Nov/2018:08:12:30 -0300] "GET /cormun/servlet/licenciaspermisos?INS,0,,, HTTP/1.1" 200 7568
200.111.191.210 - - [22/Nov/2018:08:12:33 -0300] "GET /cormun/servlet/licenciaspermisos?39e5327b5579f62a3927e14fde236e5c7e35d7950c0c8a50faa8c50b7c9f836152a1a2bf49480886ddb9c562bc660b05,gx-no-cache=1542885114205 HTTP/1.1" 200 94
200.111.191.210 - - [22/Nov/2018:08:12:33 -0300] "POST /cormun/servlet/licenciaspermisos?09d350f4121b5abce2a9a2386bf1a593,INS,0,,,,gx-no-cache=1542885114231 HTTP/1.1" 200 4753
190.171.149.74 - - [22/Nov/2018:08:12:36 -0300] "POST /cormun/servlet/trpermisosgoce?c6df70832d0804ec2bb4479ec2dc9a2f,,gx-no-cache=1542885062211 HTTP/1.1" 200 5033
200.111.191.210 - - [22/Nov/2018:08:13:47 -0300] "GET /cormun/servlet/licenciaspermisos?39e5327b5579f62a3927e14fde236e5cc5cc1ee6b0f2238662dbfe6b1b7dcd779563b4e6020ef4d0d35b944f154f3e6bd8a1d48f0175203eb2cd5c1857b851bb442d77445e1995ced66c3f011a5acdf34a79948ba8a03c637ca75e1ae98ed7a7187ab08a02a81195a0978d1ee865f7178cb6dd327aae5eb9465cabcf36fe653873105e4177bd73e62d7022420d0c4da40a4a910b0d6d0d604355d64bc7fd6adfb3e782e08fb899f5e575a22d8cccb9b2d2711df50e45cfe7358998e3a4446925f44a3314946da223efd77c54fa6bd47eca3af78ae661a7d13a1334f623440fad,gx-no-cache=1542885188719 HTTP/1.1" 200 30
200.111.191.210 - - [22/Nov/2018:08:13:47 -0300] "GET /cormun/servlet/licenciaspermisos?39e5327b5579f62a3927e14fde236e5c07595c33d331b0bbc0ba50ee36ab8fea17a26cd5aa653fd24e131906011dc97f98442ebcc0df110d0d99efd98413c1b7542399f21fed1f3a4c62128a34c22266a0ab63f574ae3d825906d044628c7aada349b2ab3d5f07da2067a59b6d291821db6376fdc146e77eb69da41446d709e724662074463b491ad3ef29f1fdd8848d13a83315efc1b9856633c9ad15d2e33031407129175797bc5ef543cb074646c39fb27622efd97f8a36800fd0092475924faad9635d22a5f0af9652fbf7b82919e264d68f9771be60c301337e2039f1cc,gx-no-cache=1542885188739 HTTP/1.1" 200 29
200.111.191.210 - - [22/Nov/2018:08:13:47 -0300] "POST /cormun/servlet/licenciaspermisos?09d350f4121b5abce2a9a2386bf1a593,INS,0,,,,gx-no-cache=1542885188754 HTTP/1.1" 200 93
200.111.191.210 - - [22/Nov/2018:08:13:47 -0300] "GET /cormun/servlet/hpexe_return? HTTP/1.1" 200 1015
200.111.191.210 - - [22/Nov/2018:08:13:48 -0300] "GET /cormun/servlet/trlicencias HTTP/1.1" 200 15158
200.111.191.210 - - [22/Nov/2018:08:13:48 -0300] "GET /cormun/servlet/trlicencias HTTP/1.1" 200 15160
200.111.191.210 - - [22/Nov/2018:08:13:53 -0300] "GET /cormun/servlet/alicenciaprn?19593404,L,20181122000000,PU HTTP/1.1" 200 1561
190.171.149.74 - - [22/Nov/2018:08:14:08 -0300] "POST /cormun/servlet/trpermisosgoce?c6df70832d0804ec2bb4479ec2dc9a2f,,gx-no-cache=1542885154813 HTTP/1.1" 200 5503
200.111.191.210 - - [22/Nov/2018:08:14:33 -0300] "GET /cormun/static/menuarrow.gif HTTP/1.1" 404 1015
200.111.191.210 - - [22/Nov/2018:08:14:41 -0300] "POST /cormun/servlet/trlicencias?09d350f4121b5abce2a9a2386bf1a593,gx-no-cache=1542885242186 HTTP/1.1" 200 6722
200.111.191.210 - - [22/Nov/2018:08:14:48 -0300] "GET /cormun/servlet/trsolicitudot? HTTP/1.1" 200 9421
200.111.191.210 - - [22/Nov/2018:08:14:48 -0300] "GET /cormun/servlet/trsolicitudot? HTTP/1.1" 200 9422
200.111.191.210 - - [22/Nov/2018:08:14:53 -0300] "GET /cormun/static/menuarrow.gif HTTP/1.1" 404 1015
200.111.191.210 - - [22/Nov/2018:08:15:00 -0300] "POST /cormun/servlet/trsolicitudot?09d350f4121b5abce2a9a2386bf1a593,,gx-no-cache=1542885261248 HTTP/1.1" 200 5727
200.111.191.210 - - [22/Nov/2018:08:15:02 -0300] "GET /cormun/servlet/vesolicitudot?2018,8328,, HTTP/1.1" 200 8425
200.111.191.210 - - [22/Nov/2018:08:15:02 -0300] "GET /cormun/pexe_scrolldiv.js HTTP/1.1" 404 1009
200.111.191.210 - - [22/Nov/2018:08:15:02 -0300] "GET /cormun/servlet/vesolicitudot?2018,8328,, HTTP/1.1" 200 8425
190.171.149.74 - - [22/Nov/2018:08:16:18 -0300] "POST /cormun/servlet/trpermisosgoce?c6df70832d0804ec2bb4479ec2dc9a2f,,gx-no-cache=1542885285529 HTTP/1.1" 200 4199
190.171.149.74 - - [22/Nov/2018:08:17:07 -0300] "POST /cormun/servlet/trpermisosgoce?c6df70832d0804ec2bb4479ec2dc9a2f,,gx-no-cache=1542885333425 HTTP/1.1" 200 5908
190.171.149.74 - - [22/Nov/2018:08:18:16 -0300] "POST /cormun/servlet/trpermisosgoce?c6df70832d0804ec2bb4479ec2dc9a2f,,gx-no-cache=1542885402742 HTTP/1.1" 200 4197
190.171.149.74 - - [22/Nov/2018:08:19:08 -0300] "POST /cormun/servlet/trpermisosgoce?c6df70832d0804ec2bb4479ec2dc9a2f,,gx-no-cache=1542885455052 HTTP/1.1" 200 5698
190.171.149.74 - - [22/Nov/2018:08:20:13 -0300] "POST /cormun/servlet/trpermisosgoce?c6df70832d0804ec2bb4479ec2dc9a2f,,gx-no-cache=1542885519286 HTTP/1.1" 200 4192
200.111.191.210 - - [22/Nov/2018:08:20:19 -0300] "POST /cormun/servlet/vesolicitudot?09d350f4121b5abce2a9a2386bf1a593,2018,8328,,,gx-no-cache=1542885580567 HTTP/1.1" 200 93
200.111.191.210 - - [22/Nov/2018:08:20:19 -0300] "GET /cormun/servlet/hpexe_return? HTTP/1.1" 200 1013
200.111.191.210 - - [22/Nov/2018:08:20:19 -0300] "GET /cormun/servlet/trsolicitudot? HTTP/1.1" 200 8647
200.111.191.210 - - [22/Nov/2018:08:20:20 -0300] "GET /cormun/servlet/trsolicitudot? HTTP/1.1" 200 8643
200.54.107.2 - - [22/Nov/2018:08:20:57 -0300] "GET /cormun/servlet/hlogin HTTP/1.1" 200 1726
200.54.107.2 - - [22/Nov/2018:08:20:59 -0300] "POST /cormun/servlet/hlogin?c4ab207358d8f7fa66195b82f312d8e2,gx-no-cache=1542885566468 HTTP/1.1" 200 90
200.54.107.2 - - [22/Nov/2018:08:20:59 -0300] "GET /cormun/servlet/hpexe_link HTTP/1.1" 200 950
200.54.107.2 - - [22/Nov/2018:08:20:59 -0300] "GET /cormun/servlet/hhome HTTP/1.1" 200 4244
200.54.107.2 - - [22/Nov/2018:08:21:00 -0300] "GET /cormun/servlet/hhome HTTP/1.1" 200 4240
200.54.107.2 - - [22/Nov/2018:08:21:06 -0300] "GET /cormun/servlet/trlicencias? HTTP/1.1" 200 9422
200.54.107.2 - - [22/Nov/2018:08:21:07 -0300] "GET /cormun/servlet/trlicencias? HTTP/1.1" 200 9420
190.171.149.74 - - [22/Nov/2018:08:21:22 -0300] "POST /cormun/servlet/trpermisosgoce?c6df70832d0804ec2bb4479ec2dc9a2f,,gx-no-cache=1542885588844 HTTP/1.1" 200 4195
190.171.149.74 - - [22/Nov/2018:08:22:04 -0300] "POST /cormun/servlet/trpermisosgoce?c6df70832d0804ec2bb4479ec2dc9a2f,,gx-no-cache=1542885631279 HTTP/1.1" 200 5725
200.111.191.210 - - [22/Nov/2018:08:22:06 -0300] "GET /cormun/servlet/trlicencias? HTTP/1.1" 200 9413
200.111.191.210 - - [22/Nov/2018:08:22:07 -0300] "GET /cormun/servlet/trlicencias? HTTP/1.1" 200 9412
200.111.191.210 - - [22/Nov/2018:08:22:10 -0300] "GET /cormun/servlet/trlicencias? HTTP/1.1" 200 9412
200.111.191.210 - - [22/Nov/2018:08:22:11 -0300] "GET /cormun/servlet/trlicencias? HTTP/1.1" 200 9412
200.111.191.210 - - [22/Nov/2018:08:22:31 -0300] "POST /cormun/servlet/trlicencias?09d350f4121b5abce2a9a2386bf1a593,,gx-no-cache=1542885712304 HTTP/1.1" 200 19412
200.111.191.210 - - [22/Nov/2018:08:22:31 -0300] "GET /cormun/static/Resources/PXToolsGridNext.gif HTTP/1.1" 200 369
200.111.191.210 - - [22/Nov/2018:08:22:31 -0300] "GET /cormun/static/Resources/PXToolsGridLast.gif HTTP/1.1" 200 370
190.171.149.74 - - [22/Nov/2018:08:23:14 -0300] "POST /cormun/servlet/trpermisosgoce?c6df70832d0804ec2bb4479ec2dc9a2f,,gx-no-cache=1542885701067 HTTP/1.1" 200 4197
190.171.149.74 - - [22/Nov/2018:08:24:03 -0300] "POST /cormun/servlet/trpermisosgoce?c6df70832d0804ec2bb4479ec2dc9a2f,,gx-no-cache=1542885750239 HTTP/1.1" 200 4199
190.46.192.47 - - [22/Nov/2018:08:24:20 -0300] "GET /cormun/servlet/hlogin HTTP/1.1" 200 1726
190.46.192.47 - - [22/Nov/2018:08:24:22 -0300] "POST /cormun/servlet/hlogin?54d7078f2c77aa9f801389099d42782a,gx-no-cache=1542885770228 HTTP/1.1" 200 90
190.46.192.47 - - [22/Nov/2018:08:24:22 -0300] "GET /cormun/servlet/hpexe_link HTTP/1.1" 200 956
190.46.192.47 - - [22/Nov/2018:08:24:23 -0300] "GET /cormun/servlet/hhome HTTP/1.1" 200 4461
190.46.192.47 - - [22/Nov/2018:08:24:23 -0300] "GET /cormun/servlet/hhome HTTP/1.1" 200 4457
190.46.192.47 - - [22/Nov/2018:08:24:29 -0300] "GET /cormun/servlet/trpermisosgoce? HTTP/1.1" 200 12305
190.46.192.47 - - [22/Nov/2018:08:24:30 -0300] "GET /cormun/servlet/trpermisosgoce? HTTP/1.1" 200 12309
190.46.192.47 - - [22/Nov/2018:08:24:31 -0300] "GET /cormun/servlet/permisogoce?INS,0,,, HTTP/1.1" 200 7337
190.46.192.47 - - [22/Nov/2018:08:24:32 -0300] "GET /cormun/servlet/permisogoce?INS,0,,, HTTP/1.1" 200 7338
190.46.192.47 - - [22/Nov/2018:08:24:35 -0300] "GET /cormun/servlet/prfichaempleado?,MD,,gxPopupLevel%3D0%3B HTTP/1.1" 200 9559
190.46.192.47 - - [22/Nov/2018:08:24:35 -0300] "GET /cormun/static/gxcfg.js?20177612134814 HTTP/1.1" 304 -
190.171.149.74 - - [22/Nov/2018:08:24:46 -0300] "POST /cormun/servlet/trpermisosgoce?c6df70832d0804ec2bb4479ec2dc9a2f,,gx-no-cache=1542885793313 HTTP/1.1" 200 4198
78.108.177.53 - - [22/Nov/2018:08:24:52 -0300] "GET / HTTP/1.0" 200 11197
190.46.192.47 - - [22/Nov/2018:08:25:05 -0300] "POST /cormun/servlet/prfichaempleado?54d7078f2c77aa9f801389099d42782a,,MD,,gxPopupLevel%3D0%3B,gx-no-cache=1542885812665 HTTP/1.1" 200 5733
190.46.192.47 - - [22/Nov/2018:08:25:20 -0300] "GET /cormun/servlet/permisogoce?2d96089a20d92346380469c3de71dd8d07c201c8fd4cb217917e07a17becf32c648352f7486d85f1cbe23989d9d2fdea14a9a876191081b0dfaa58a0148f3ec5,gx-no-cache=1542885827494 HTTP/1.1" 200 80
190.46.192.47 - - [22/Nov/2018:08:25:20 -0300] "GET /cormun/static/menuarrow.gif HTTP/1.1" 404 1015
190.46.192.47 - - [22/Nov/2018:08:25:25 -0300] "GET /cormun/servlet/permisogoce?2d96089a20d92346380469c3de71dd8de0264037863daafc018f6575822b46fcd309e8dff3c56563f9f1b83e9168291591f1b994c995701efaa291b5bd387d96,gx-no-cache=1542885832925 HTTP/1.1" 200 47
190.171.149.74 - - [22/Nov/2018:08:25:39 -0300] "POST /cormun/servlet/trpermisosgoce?c6df70832d0804ec2bb4479ec2dc9a2f,,gx-no-cache=1542885845481 HTTP/1.1" 200 4193
190.171.153.34 - - [22/Nov/2018:08:26:12 -0300] "GET /cormun/servlet/hlogin HTTP/1.1" 200 1716
190.171.149.74 - - [22/Nov/2018:08:26:18 -0300] "POST /cormun/servlet/trpermisosgoce?c6df70832d0804ec2bb4479ec2dc9a2f,,gx-no-cache=1542885884597 HTTP/1.1" 200 4193
190.171.153.34 - - [22/Nov/2018:08:26:23 -0300] "POST /cormun/servlet/hlogin?7e8716f34ead72d2e9dd2a20b97540be,gx-no-cache=1542885892555 HTTP/1.1" 200 90
190.171.153.34 - - [22/Nov/2018:08:26:23 -0300] "GET /cormun/servlet/hpexe_link HTTP/1.1" 200 947
190.171.153.34 - - [22/Nov/2018:08:26:24 -0300] "GET /cormun/servlet/hhome HTTP/1.1" 200 4311
190.171.153.34 - - [22/Nov/2018:08:26:24 -0300] "GET /cormun/servlet/hhome HTTP/1.1" 200 4308
190.171.153.34 - - [22/Nov/2018:08:26:27 -0300] "GET /cormun/servlet/trlicencias? HTTP/1.1" 200 12533
190.171.153.34 - - [22/Nov/2018:08:26:28 -0300] "GET /cormun/servlet/trlicencias? HTTP/1.1" 200 12505
190.46.192.47 - - [22/Nov/2018:08:26:36 -0300] "POST /cormun/servlet/permisogoce?54d7078f2c77aa9f801389099d42782a,INS,0,,,,gx-no-cache=1542885902690 HTTP/1.1" 200 93
190.46.192.47 - - [22/Nov/2018:08:26:36 -0300] "GET /cormun/servlet/hpexe_return? HTTP/1.1" 200 1014
190.46.192.47 - - [22/Nov/2018:08:26:36 -0300] "GET /cormun/servlet/trpermisosgoce HTTP/1.1" 200 12603
190.46.192.47 - - [22/Nov/2018:08:26:37 -0300] "GET /cormun/servlet/trpermisosgoce HTTP/1.1" 200 12582
190.46.192.47 - - [22/Nov/2018:08:26:40 -0300] "GET /cormun/servlet/apermisogoceprn?12693082,P,20181122082020,PU HTTP/1.1" 200 1670
192.168.10.96 - - [22/Nov/2018:08:26:50 -0300] "GET /cormun/servlet/hlogin HTTP/1.1" 200 1722
192.168.10.96 - - [22/Nov/2018:08:26:51 -0300] "GET /cormun/servlet/hlogin HTTP/1.1" 200 1732
192.168.10.96 - - [22/Nov/2018:08:26:58 -0300] "POST /cormun/servlet/hlogin?69921e0c17908565b162ceb0c852d8ef,gx-no-cache=1542885767824 HTTP/1.1" 200 90
192.168.10.96 - - [22/Nov/2018:08:26:58 -0300] "GET /cormun/servlet/hpexe_link HTTP/1.1" 200 953
192.168.10.96 - - [22/Nov/2018:08:26:58 -0300] "GET /cormun/servlet/hhome HTTP/1.1" 200 4777
192.168.10.96 - - [22/Nov/2018:08:26:59 -0300] "GET /cormun/servlet/hhome HTTP/1.1" 200 4773
192.168.10.96 - - [22/Nov/2018:08:27:01 -0300] "GET /cormun/servlet/trsolicitudgral? HTTP/1.1" 200 12471
192.168.10.96 - - [22/Nov/2018:08:27:02 -0300] "GET /cormun/servlet/trsolicitudgral? HTTP/1.1" 200 12469
192.168.10.96 - - [22/Nov/2018:08:27:10 -0300] "POST /cormun/servlet/trsolicitudgral?69921e0c17908565b162ceb0c852d8ef,,gx-no-cache=1542885779233 HTTP/1.1" 200 11400
190.171.149.74 - - [22/Nov/2018:08:27:25 -0300] "POST /cormun/servlet/trpermisosgoce?c6df70832d0804ec2bb4479ec2dc9a2f,,gx-no-cache=1542885952175 HTTP/1.1" 200 4198
190.171.149.74 - - [22/Nov/2018:08:28:02 -0300] "POST /cormun/servlet/trpermisosgoce?c6df70832d0804ec2bb4479ec2dc9a2f,,gx-no-cache=1542885989366 HTTP/1.1" 200 4188
190.171.149.74 - - [22/Nov/2018:08:28:41 -0300] "POST /cormun/servlet/trpermisosgoce?c6df70832d0804ec2bb4479ec2dc9a2f,,gx-no-cache=1542886028024 HTTP/1.1" 200 5680
190.171.149.74 - - [22/Nov/2018:08:29:37 -0300] "POST /cormun/servlet/trpermisosgoce?c6df70832d0804ec2bb4479ec2dc9a2f,,gx-no-cache=1542886083895 HTTP/1.1" 200 6866
200.111.191.210 - - [22/Nov/2018:08:30:14 -0300] "GET /cormun/servlet/trfichaempleado? HTTP/1.1" 200 14729
200.111.191.210 - - [22/Nov/2018:08:30:19 -0300] "GET /cormun/servlet/trfichaempleado? HTTP/1.1" 200 14729
200.111.191.210 - - [22/Nov/2018:08:30:26 -0300] "GET /cormun/servlet/trfichaempleado? HTTP/1.1" 200 14729
192.168.10.96 - - [22/Nov/2018:08:31:17 -0300] "GET /cormun/servlet/vesolicitudgral?2018,12317,, HTTP/1.1" 200 9339
192.168.10.96 - - [22/Nov/2018:08:31:17 -0300] "GET /cormun/pexe_scrolldiv.js HTTP/1.1" 404 1009
192.168.10.96 - - [22/Nov/2018:08:31:17 -0300] "GET /cormun/pexe_scrolldiv.js HTTP/1.1" 404 1009
192.168.10.96 - - [22/Nov/2018:08:31:18 -0300] "GET /cormun/servlet/vesolicitudgral?2018,12317,, HTTP/1.1" 200 9339
192.168.10.96 - - [22/Nov/2018:08:31:19 -0300] "GET /cormun/servlet/vesolicitudgral?2018,12317,,SolicitudOTAdjuntos HTTP/1.1" 200 8041
192.168.10.96 - - [22/Nov/2018:08:31:19 -0300] "GET /cormun/pexe_scrolldiv.js HTTP/1.1" 404 1009
192.168.10.96 - - [22/Nov/2018:08:31:19 -0300] "GET /cormun/pexe_scrolldiv.js HTTP/1.1" 404 1009
192.168.10.96 - - [22/Nov/2018:08:31:19 -0300] "GET /cormun/servlet/vesolicitudgral?2018,12317,,SolicitudOTAdjuntos HTTP/1.1" 200 8042
192.168.10.96 - - [22/Nov/2018:08:31:20 -0300] "POST /cormun/servlet/acontrolpreferencessavestate?None,DZAMUDIO,true HTTP/1.1" 200 35
192.168.10.96 - - [22/Nov/2018:08:31:21 -0300] "GET /cormun/servlet/vesolicitudgral?2018,12317,,SolicitudOTLog HTTP/1.1" 200 10192
192.168.10.96 - - [22/Nov/2018:08:31:21 -0300] "GET /cormun/pexe_scrolldiv.js HTTP/1.1" 404 1009
192.168.10.96 - - [22/Nov/2018:08:31:21 -0300] "GET /cormun/pexe_scrolldiv.js HTTP/1.1" 404 1009
192.168.10.96 - - [22/Nov/2018:08:31:21 -0300] "GET /cormun/servlet/vesolicitudgral?2018,12317,,SolicitudOTLog HTTP/1.1" 200 10192
192.168.10.96 - - [22/Nov/2018:08:31:22 -0300] "POST /cormun/servlet/acontrolpreferencessavestate?None,DZAMUDIO,true HTTP/1.1" 200 35
192.168.10.96 - - [22/Nov/2018:08:31:25 -0300] "POST /cormun/servlet/vesolicitudgral?69921e0c17908565b162ceb0c852d8ef,2018,12317,,SolicitudOTLog,gx-no-cache=1542886034302 HTTP/1.1" 200 90
192.168.10.96 - - [22/Nov/2018:08:31:25 -0300] "GET /cormun/servlet/hpexe_link HTTP/1.1" 200 978
192.168.10.96 - - [22/Nov/2018:08:31:25 -0300] "GET /cormun/servlet/trsolicitudgral? HTTP/1.1" 200 14692
192.168.10.96 - - [22/Nov/2018:08:31:26 -0300] "GET /cormun/servlet/trsolicitudgral? HTTP/1.1" 200 14691
190.171.149.74 - - [22/Nov/2018:08:32:00 -0300] "POST /cormun/servlet/trpermisosgoce?c6df70832d0804ec2bb4479ec2dc9a2f,,gx-no-cache=1542886226962 HTTP/1.1" 200 5034
200.111.191.210 - - [22/Nov/2018:08:32:24 -0300] "GET /cormun/servlet/trfichaempleado? HTTP/1.1" 200 14729
200.111.191.210 - - [22/Nov/2018:08:32:26 -0300] "GET /cormun/servlet/trfichaempleado? HTTP/1.1" 200 14729
190.171.149.74 - - [22/Nov/2018:08:32:59 -0300] "POST /cormun/servlet/trpermisosgoce?c6df70832d0804ec2bb4479ec2dc9a2f,,gx-no-cache=1542886285851 HTTP/1.1" 200 5331
190.171.149.74 - - [22/Nov/2018:08:34:52 -0300] "POST /cormun/servlet/trpermisosgoce?c6df70832d0804ec2bb4479ec2dc9a2f,,gx-no-cache=1542886398618 HTTP/1.1" 200 5706
200.111.191.210 - - [22/Nov/2018:08:35:07 -0300] "GET /cormun/servlet/trfichaempleado? HTTP/1.1" 200 14729
200.111.191.210 - - [22/Nov/2018:08:35:08 -0300] "GET /cormun/servlet/trfichaempleado? HTTP/1.1" 200 14729
200.111.191.210 - - [22/Nov/2018:08:35:08 -0300] "GET /cormun/static/gxcfg.js?20177616262612 HTTP/1.1" 200 953
190.171.149.74 - - [22/Nov/2018:08:35:56 -0300] "POST /cormun/servlet/trpermisosgoce?c6df70832d0804ec2bb4479ec2dc9a2f,,gx-no-cache=1542886462619 HTTP/1.1" 200 4194
190.171.152.138 - - [22/Nov/2018:08:36:16 -0300] "GET /cormun/servlet/hhome HTTP/1.1" 200 3416
190.171.152.138 - - [22/Nov/2018:08:36:17 -0300] "GET /cormun/servlet/hhome HTTP/1.1" 200 3425
190.171.152.138 - - [22/Nov/2018:08:36:17 -0300] "GET /cormun/servlet/hlogin HTTP/1.1" 200 1732
190.171.152.138 - - [22/Nov/2018:08:36:31 -0300] "POST /cormun/servlet/hlogin?73f4ebe5b20dd842bb8e7d4c5424cc20,gx-no-cache=1542890090829 HTTP/1.1" 200 90
190.171.152.138 - - [22/Nov/2018:08:36:31 -0300] "GET /cormun/servlet/hpexe_link HTTP/1.1" 200 947
190.171.152.138 - - [22/Nov/2018:08:36:31 -0300] "GET /cormun/servlet/hhome HTTP/1.1" 200 3948
190.171.152.138 - - [22/Nov/2018:08:36:32 -0300] "GET /cormun/servlet/hhome HTTP/1.1" 200 3945
190.171.152.138 - - [22/Nov/2018:08:36:37 -0300] "GET /cormun/servlet/trlicencias? HTTP/1.1" 200 9230
190.171.152.138 - - [22/Nov/2018:08:36:37 -0300] "GET /cormun/servlet/trlicencias? HTTP/1.1" 200 9227
190.171.149.74 - - [22/Nov/2018:08:36:45 -0300] "POST /cormun/servlet/trpermisosgoce?c6df70832d0804ec2bb4479ec2dc9a2f,,gx-no-cache=1542886512266 HTTP/1.1" 200 4196
190.171.152.138 - - [22/Nov/2018:08:37:23 -0300] "GET /cormun/servlet/hlogin HTTP/1.1" 200 1734
190.171.149.74 - - [22/Nov/2018:08:38:15 -0300] "POST /cormun/servlet/trpermisosgoce?c6df70832d0804ec2bb4479ec2dc9a2f,,gx-no-cache=1542886601917 HTTP/1.1" 200 5914
190.171.142.50 - - [22/Nov/2018:08:39:02 -0300] "GET /cormun/servlet/hlogin HTTP/1.1" 200 1727
190.171.142.50 - - [22/Nov/2018:08:39:02 -0300] "GET /cormun/servlet/hlogin HTTP/1.1" 200 1738
190.171.142.50 - - [22/Nov/2018:08:39:11 -0300] "POST /cormun/servlet/hlogin?65c7007721bf8d1a72149bdacedc1415,gx-no-cache=1542886659212 HTTP/1.1" 200 90
190.171.142.50 - - [22/Nov/2018:08:39:11 -0300] "GET /cormun/servlet/hpexe_link HTTP/1.1" 200 959
190.171.142.50 - - [22/Nov/2018:08:39:11 -0300] "GET /cormun/servlet/hhome HTTP/1.1" 200 4035
190.171.142.50 - - [22/Nov/2018:08:39:12 -0300] "GET /cormun/servlet/hhome HTTP/1.1" 200 4035
190.171.142.50 - - [22/Nov/2018:08:39:15 -0300] "GET /cormun/servlet/trpermisosgoce? HTTP/1.1" 200 11677
190.171.142.50 - - [22/Nov/2018:08:39:16 -0300] "GET /cormun/servlet/trpermisosgoce? HTTP/1.1" 200 11673
190.171.149.74 - - [22/Nov/2018:08:39:16 -0300] "POST /cormun/servlet/trpermisosgoce?c6df70832d0804ec2bb4479ec2dc9a2f,,gx-no-cache=1542886663205 HTTP/1.1" 200 4194
190.171.142.50 - - [22/Nov/2018:08:39:20 -0300] "GET /cormun/servlet/permisogoce?INS,0,,, HTTP/1.1" 200 6871
190.171.142.50 - - [22/Nov/2018:08:39:21 -0300] "GET /cormun/servlet/permisogoce?INS,0,,, HTTP/1.1" 200 6870
200.111.191.210 - - [22/Nov/2018:08:39:24 -0300] "GET /cormun/servlet/trfichaempleado? HTTP/1.1" 200 14729
190.171.142.50 - - [22/Nov/2018:08:39:30 -0300] "GET /cormun/servlet/permisogoce?af96983460a64c55269c9146468d26ae4fcfa4b5222be8bf601aad4908f8ad885638d6ab1a1dbdc932287360d6421116,gx-no-cache=1542886678878 HTTP/1.1" 200 81
190.171.142.50 - - [22/Nov/2018:08:39:30 -0300] "GET /cormun/static/menuarrow.gif HTTP/1.1" 404 1015
190.171.142.50 - - [22/Nov/2018:08:39:38 -0300] "GET /cormun/servlet/permisogoce?af96983460a64c55269c9146468d26aef44fd08f4c302a3e814d7d398dce8475e46af7500fd07771a048b8c1dfba80a1a9e29854f5052837728de1810a2227bd,gx-no-cache=1542886686724 HTTP/1.1" 200 48
190.171.142.50 - - [22/Nov/2018:08:39:43 -0300] "POST /cormun/servlet/permisogoce?65c7007721bf8d1a72149bdacedc1415,INS,0,,,,gx-no-cache=1542886690769 HTTP/1.1" 200 93
190.171.142.50 - - [22/Nov/2018:08:39:43 -0300] "GET /cormun/servlet/hpexe_return? HTTP/1.1" 200 1017
190.171.142.50 - - [22/Nov/2018:08:39:43 -0300] "GET /cormun/servlet/trpermisosgoce HTTP/1.1" 200 11976
190.171.142.50 - - [22/Nov/2018:08:39:44 -0300] "GET /cormun/servlet/trpermisosgoce HTTP/1.1" 200 11971
190.171.142.50 - - [22/Nov/2018:08:39:49 -0300] "GET /cormun/servlet/apermisogoceprn?8485131,P,20181122083509,PU HTTP/1.1" 200 1665
190.171.149.74 - - [22/Nov/2018:08:40:07 -0300] "POST /cormun/servlet/trpermisosgoce?c6df70832d0804ec2bb4479ec2dc9a2f,,gx-no-cache=1542886713908 HTTP/1.1" 200 6246
190.171.149.74 - - [22/Nov/2018:08:42:23 -0300] "POST /cormun/servlet/trpermisosgoce?c6df70832d0804ec2bb4479ec2dc9a2f,,gx-no-cache=1542886849126 HTTP/1.1" 200 5843
192.168.10.96 - - [22/Nov/2018:08:42:44 -0300] "GET /cormun/servlet/trsolicitudgral? HTTP/1.1" 200 14691
192.168.10.96 - - [22/Nov/2018:08:42:45 -0300] "GET /cormun/servlet/trsolicitudgral? HTTP/1.1" 200 14691
192.168.10.96 - - [22/Nov/2018:08:42:52 -0300] "POST /cormun/servlet/trsolicitudgral?69921e0c17908565b162ceb0c852d8ef,,gx-no-cache=1542886721532 HTTP/1.1" 200 9192
192.168.10.96 - - [22/Nov/2018:08:43:20 -0300] "GET /cormun/servlet/hlogin HTTP/1.1" 200 1741
192.168.10.96 - - [22/Nov/2018:08:43:28 -0300] "POST /cormun/servlet/hlogin?69921e0c17908565b162ceb0c852d8ef,gx-no-cache=1542886757378 HTTP/1.1" 200 90
192.168.10.96 - - [22/Nov/2018:08:43:28 -0300] "GET /cormun/servlet/hpexe_link HTTP/1.1" 200 953
192.168.10.96 - - [22/Nov/2018:08:43:28 -0300] "GET /cormun/servlet/hhome HTTP/1.1" 200 3870
192.168.10.96 - - [22/Nov/2018:08:43:28 -0300] "GET /cormun/servlet/hhome HTTP/1.1" 200 3866
190.171.149.74 - - [22/Nov/2018:08:43:30 -0300] "POST /cormun/servlet/trpermisosgoce?c6df70832d0804ec2bb4479ec2dc9a2f,,gx-no-cache=1542886916669 HTTP/1.1" 200 4201
192.168.10.96 - - [22/Nov/2018:08:43:31 -0300] "GET /cormun/servlet/trsolicitudgral? HTTP/1.1" 200 11488
192.168.10.96 - - [22/Nov/2018:08:43:31 -0300] "GET /cormun/servlet/trsolicitudgral? HTTP/1.1" 200 11486
192.168.10.96 - - [22/Nov/2018:08:43:43 -0300] "POST /cormun/servlet/trsolicitudgral?69921e0c17908565b162ceb0c852d8ef,,gx-no-cache=1542886772208 HTTP/1.1" 200 8433
192.168.10.96 - - [22/Nov/2018:08:43:43 -0300] "POST /cormun/servlet/trsolicitudgral?69921e0c17908565b162ceb0c852d8ef,,gx-no-cache=1542886772434 HTTP/1.1" 200 8433
192.168.10.96 - - [22/Nov/2018:08:43:43 -0300] "POST /cormun/servlet/trsolicitudgral?69921e0c17908565b162ceb0c852d8ef,,gx-no-cache=1542886772652 HTTP/1.1" 200 8433
192.168.10.96 - - [22/Nov/2018:08:43:47 -0300] "POST /cormun/servlet/trsolicitudgral?69921e0c17908565b162ceb0c852d8ef,,gx-no-cache=1542886776300 HTTP/1.1" 200 7993
192.168.10.96 - - [22/Nov/2018:08:43:47 -0300] "GET /cormun/static/Shared/jqueryui/images/ui-icons_82798d_256x240.png HTTP/1.1" 404 1089
192.168.10.96 - - [22/Nov/2018:08:43:47 -0300] "GET /cormun/static/Shared/jqueryui/images/ui-bg_highlight-soft_100_c6c2c8_1x100.png HTTP/1.1" 404 1117
192.168.10.96 - - [22/Nov/2018:08:43:47 -0300] "GET /cormun/static/Shared/jqueryui/images/ui-icons_8d78a5_256x240.png HTTP/1.1" 404 1089
192.168.10.96 - - [22/Nov/2018:08:43:47 -0300] "GET /cormun/static/Shared/jqueryui/images/ui-bg_flat_55_fafafa_40x100.png HTTP/1.1" 404 1097
190.171.149.74 - - [22/Nov/2018:08:44:12 -0300] "POST /cormun/servlet/trpermisosgoce?c6df70832d0804ec2bb4479ec2dc9a2f,,gx-no-cache=1542886958888 HTTP/1.1" 200 4194
200.54.247.70 - - [22/Nov/2018:08:44:41 -0300] "GET /cormun/servlet/hlogin HTTP/1.1" 200 1726
190.171.149.74 - - [22/Nov/2018:08:44:50 -0300] "POST /cormun/servlet/trpermisosgoce?c6df70832d0804ec2bb4479ec2dc9a2f,,gx-no-cache=1542886997089 HTTP/1.1" 200 4189
200.54.247.70 - - [22/Nov/2018:08:44:57 -0300] "POST /cormun/servlet/hlogin?0385cdb4ae331fa2abf6deceee9e0a22,gx-no-cache=1542887012359 HTTP/1.1" 200 90
200.54.247.70 - - [22/Nov/2018:08:44:57 -0300] "GET /cormun/servlet/hpexe_link HTTP/1.1" 200 951
200.54.247.70 - - [22/Nov/2018:08:44:57 -0300] "GET /cormun/servlet/hhome HTTP/1.1" 200 4007
200.54.247.70 - - [22/Nov/2018:08:44:58 -0300] "GET /cormun/servlet/hhome HTTP/1.1" 200 4004
200.54.247.70 - - [22/Nov/2018:08:45:01 -0300] "GET /cormun/servlet/trlicencias? HTTP/1.1" 200 11947
200.54.247.70 - - [22/Nov/2018:08:45:01 -0300] "GET /cormun/servlet/trlicencias? HTTP/1.1" 200 11944
200.54.247.70 - - [22/Nov/2018:08:45:11 -0300] "POST /cormun/servlet/trlicencias?0385cdb4ae331fa2abf6deceee9e0a22,,gx-no-cache=1542887025765 HTTP/1.1" 200 9369
200.54.247.70 - - [22/Nov/2018:08:45:12 -0300] "POST /cormun/servlet/trlicencias?0385cdb4ae331fa2abf6deceee9e0a22,,gx-no-cache=1542887026947 HTTP/1.1" 200 9372
200.54.247.70 - - [22/Nov/2018:08:45:13 -0300] "POST /cormun/servlet/trlicencias?0385cdb4ae331fa2abf6deceee9e0a22,,gx-no-cache=1542887028726 HTTP/1.1" 200 9372
200.54.247.70 - - [22/Nov/2018:08:45:15 -0300] "POST /cormun/servlet/trlicencias?0385cdb4ae331fa2abf6deceee9e0a22,,gx-no-cache=1542887029801 HTTP/1.1" 200 9377
190.171.149.74 - - [22/Nov/2018:08:45:26 -0300] "POST /cormun/servlet/trpermisosgoce?c6df70832d0804ec2bb4479ec2dc9a2f,,gx-no-cache=1542887032947 HTTP/1.1" 200 6399
190.171.149.74 - - [22/Nov/2018:08:46:43 -0300] "POST /cormun/servlet/trpermisosgoce?c6df70832d0804ec2bb4479ec2dc9a2f,,gx-no-cache=1542887110311 HTTP/1.1" 200 5030
190.171.149.74 - - [22/Nov/2018:08:47:24 -0300] "POST /cormun/servlet/trpermisosgoce?c6df70832d0804ec2bb4479ec2dc9a2f,,gx-no-cache=1542887151402 HTTP/1.1" 200 4187
190.171.149.74 - - [22/Nov/2018:08:47:32 -0300] "POST /cormun/servlet/trpermisosgoce?c6df70832d0804ec2bb4479ec2dc9a2f,,gx-no-cache=1542887159380 HTTP/1.1" 200 4188
190.171.149.74 - - [22/Nov/2018:08:48:06 -0300] "POST /cormun/servlet/trpermisosgoce?c6df70832d0804ec2bb4479ec2dc9a2f,,gx-no-cache=1542887192715 HTTP/1.1" 200 4188
190.171.149.74 - - [22/Nov/2018:08:49:02 -0300] "POST /cormun/servlet/trpermisosgoce?c6df70832d0804ec2bb4479ec2dc9a2f,,gx-no-cache=1542887248204 HTTP/1.1" 200 5294
190.171.149.74 - - [22/Nov/2018:08:49:40 -0300] "POST /cormun/servlet/trpermisosgoce?c6df70832d0804ec2bb4479ec2dc9a2f,,gx-no-cache=1542887287217 HTTP/1.1" 200 5268
190.171.149.74 - - [22/Nov/2018:08:50:20 -0300] "POST /cormun/servlet/trpermisosgoce?c6df70832d0804ec2bb4479ec2dc9a2f,,gx-no-cache=1542887327229 HTTP/1.1" 200 5314
190.171.149.74 - - [22/Nov/2018:08:50:59 -0300] "POST /cormun/servlet/trpermisosgoce?c6df70832d0804ec2bb4479ec2dc9a2f,,gx-no-cache=1542887366375 HTTP/1.1" 200 5297
190.171.149.74 - - [22/Nov/2018:08:51:41 -0300] "POST /cormun/servlet/trpermisosgoce?c6df70832d0804ec2bb4479ec2dc9a2f,,gx-no-cache=1542887407922 HTTP/1.1" 200 5513
190.171.149.74 - - [22/Nov/2018:08:52:24 -0300] "POST /cormun/servlet/trpermisosgoce?c6df70832d0804ec2bb4479ec2dc9a2f,,gx-no-cache=1542887450415 HTTP/1.1" 200 5308
190.171.149.74 - - [22/Nov/2018:08:52:59 -0300] "POST /cormun/servlet/trpermisosgoce?c6df70832d0804ec2bb4479ec2dc9a2f,,gx-no-cache=1542887485829 HTTP/1.1" 200 5513
190.171.149.74 - - [22/Nov/2018:08:53:37 -0300] "POST /cormun/servlet/trpermisosgoce?c6df70832d0804ec2bb4479ec2dc9a2f,,gx-no-cache=1542887523409 HTTP/1.1" 200 5308
190.171.149.74 - - [22/Nov/2018:08:54:13 -0300] "POST /cormun/servlet/trpermisosgoce?c6df70832d0804ec2bb4479ec2dc9a2f,,gx-no-cache=1542887560213 HTTP/1.1" 200 5511
190.171.149.74 - - [22/Nov/2018:08:55:07 -0300] "GET /cormun/servlet/trpermisosingoce? HTTP/1.1" 200 6967
190.171.149.74 - - [22/Nov/2018:08:55:07 -0300] "GET /cormun/static/gxcfg.js?201742714253516 HTTP/1.1" 200 953
190.171.149.74 - - [22/Nov/2018:08:55:07 -0300] "GET /cormun/static/calendar.js?85251 HTTP/1.1" 304 -
190.171.149.74 - - [22/Nov/2018:08:55:07 -0300] "GET /cormun/static/calendar-setup.js?85251 HTTP/1.1" 304 -
190.171.149.74 - - [22/Nov/2018:08:55:07 -0300] "GET /cormun/static/calendar-es.js?85251 HTTP/1.1" 304 -
190.171.149.74 - - [22/Nov/2018:08:55:07 -0300] "GET /cormun/static/Resources/Spanish/PXTools.css?11294912 HTTP/1.1" 200 89042
190.171.149.74 - - [22/Nov/2018:08:55:07 -0300] "GET /cormun/static/messages.spa.js?85251 HTTP/1.1" 304 -
190.171.149.74 - - [22/Nov/2018:08:55:07 -0300] "GET /cormun/static/gxdec.js?85251 HTTP/1.1" 304 -
190.171.149.74 - - [22/Nov/2018:08:55:07 -0300] "GET /cormun/static/trpermisosingoce.js?201742714253970 HTTP/1.1" 200 34472
190.171.149.74 - - [22/Nov/2018:08:55:10 -0300] "GET /cormun/servlet/trpermisosingoce? HTTP/1.1" 200 6966
190.171.149.74 - - [22/Nov/2018:08:55:14 -0300] "GET /cormun/static/menuarrow.gif HTTP/1.1" 404 1015
190.171.149.74 - - [22/Nov/2018:08:55:38 -0300] "POST /cormun/servlet/trpermisosingoce?c6df70832d0804ec2bb4479ec2dc9a2f,,gx-no-cache=1542887645096 HTTP/1.1" 200 5043
190.171.149.74 - - [22/Nov/2018:08:56:46 -0300] "GET /cormun/servlet/trpermisosgoce? HTTP/1.1" 200 8339
190.171.149.74 - - [22/Nov/2018:08:56:49 -0300] "GET /cormun/servlet/trpermisosgoce? HTTP/1.1" 200 8338
190.46.192.47 - - [22/Nov/2018:08:57:11 -0300] "GET /cormun/servlet/trpermisosadjuntos?18445965,20181114125520,P, HTTP/1.1" 200 5546
190.46.192.47 - - [22/Nov/2018:08:57:11 -0300] "GET /cormun/static/gxcfg.js?201762817193957 HTTP/1.1" 304 -
190.46.192.47 - - [22/Nov/2018:08:57:12 -0300] "GET /cormun/servlet/hlogin HTTP/1.1" 200 1770
190.46.192.47 - - [22/Nov/2018:08:57:12 -0300] "GET /cormun/servlet/trpermisosadjuntos?18445965,20181114125520,P, HTTP/1.1" 200 5543
190.46.192.47 - - [22/Nov/2018:08:57:13 -0300] "POST /cormun/servlet/hlogin?fad30b1168f0e997dc3318e55fd0e7bc,gx-no-cache=1542887741432 HTTP/1.1" 200 90
190.46.192.47 - - [22/Nov/2018:08:57:14 -0300] "GET /cormun/servlet/hpexe_link HTTP/1.1" 200 986
190.46.192.47 - - [22/Nov/2018:08:57:14 -0300] "GET /cormun/servlet/trpermisosadjuntos?18445965,20181114125520,P, HTTP/1.1" 200 6591
190.46.192.47 - - [22/Nov/2018:08:57:15 -0300] "GET /cormun/servlet/trpermisosadjuntos?18445965,20181114125520,P, HTTP/1.1" 200 6590
190.46.192.47 - - [22/Nov/2018:08:57:16 -0300] "GET /cormun/servlet/permisosadjuntos?INS,18445965,P,20181114125520,, HTTP/1.1" 200 6104
190.46.192.47 - - [22/Nov/2018:08:57:16 -0300] "GET /cormun/static/gxcfg.js?201762717441171 HTTP/1.1" 304 -
190.46.192.47 - - [22/Nov/2018:08:57:16 -0300] "GET /cormun/static/about:blank HTTP/1.1" 404 1011
190.46.192.47 - - [22/Nov/2018:08:57:17 -0300] "GET /cormun/servlet/permisosadjuntos?INS,18445965,P,20181114125520,, HTTP/1.1" 200 6094
190.171.149.74 - - [22/Nov/2018:08:57:17 -0300] "POST /cormun/servlet/trpermisosgoce?c6df70832d0804ec2bb4479ec2dc9a2f,,gx-no-cache=1542887743789 HTTP/1.1" 200 5485
190.46.192.47 - - [22/Nov/2018:08:57:22 -0300] "POST /cormun/servlet/permisosadjuntos?fad30b1168f0e997dc3318e55fd0e7bc,INS,18445965,P,20181114125520,, HTTP/1.1" 200 116
190.46.192.47 - - [22/Nov/2018:08:57:22 -0300] "GET /cormun/servlet/hpexe_return? HTTP/1.1" 200 1042
190.46.192.47 - - [22/Nov/2018:08:57:22 -0300] "GET /cormun/servlet/trpermisosadjuntos?18445965,20181114125520,P, HTTP/1.1" 200 7191
190.46.192.47 - - [22/Nov/2018:08:57:23 -0300] "GET /cormun/servlet/trpermisosadjuntos?18445965,20181114125520,P, HTTP/1.1" 200 7186
190.46.192.47 - - [22/Nov/2018:08:57:28 -0300] "GET /cormun/servlet/trpermisosgoce? HTTP/1.1" 200 12579
190.46.192.47 - - [22/Nov/2018:08:57:29 -0300] "GET /cormun/servlet/trpermisosgoce? HTTP/1.1" 200 12578
190.46.192.47 - - [22/Nov/2018:08:57:33 -0300] "POST /cormun/servlet/trpermisosgoce?fad30b1168f0e997dc3318e55fd0e7bc,,gx-no-cache=1542887760373 HTTP/1.1" 200 9618
190.46.192.47 - - [22/Nov/2018:08:57:33 -0300] "GET /cormun/static/Shared/jqueryui/images/ui-bg_highlight-soft_100_c6c2c8_1x100.png HTTP/1.1" 404 1117
190.46.192.47 - - [22/Nov/2018:08:57:33 -0300] "GET /cormun/static/Shared/jqueryui/images/ui-icons_82798d_256x240.png HTTP/1.1" 404 1089
190.46.192.47 - - [22/Nov/2018:08:57:33 -0300] "GET /cormun/static/Shared/jqueryui/images/ui-bg_flat_55_fafafa_40x100.png HTTP/1.1" 404 1097
190.46.192.47 - - [22/Nov/2018:08:57:33 -0300] "GET /cormun/static/Shared/jqueryui/images/ui-icons_8d78a5_256x240.png HTTP/1.1" 404 1089
190.46.192.47 - - [22/Nov/2018:08:57:35 -0300] "GET /cormun/servlet/trpermisosadjuntos?9892080,20181113174241,P, HTTP/1.1" 200 6592
190.46.192.47 - - [22/Nov/2018:08:57:36 -0300] "GET /cormun/servlet/trpermisosadjuntos?9892080,20181113174241,P, HTTP/1.1" 200 6592
190.46.192.47 - - [22/Nov/2018:08:57:37 -0300] "GET /cormun/servlet/permisosadjuntos?INS,9892080,P,20181113174241,, HTTP/1.1" 200 6105
190.46.192.47 - - [22/Nov/2018:08:57:37 -0300] "GET /cormun/static/about:blank HTTP/1.1" 404 1011
190.46.192.47 - - [22/Nov/2018:08:57:38 -0300] "GET /cormun/servlet/permisosadjuntos?INS,9892080,P,20181113174241,, HTTP/1.1" 200 6094
190.46.192.47 - - [22/Nov/2018:08:57:42 -0300] "POST /cormun/servlet/permisosadjuntos?fad30b1168f0e997dc3318e55fd0e7bc,INS,9892080,P,20181113174241,, HTTP/1.1" 200 116
190.46.192.47 - - [22/Nov/2018:08:57:42 -0300] "GET /cormun/servlet/hpexe_return? HTTP/1.1" 200 1040
