186.79.30.191 - - [19/Nov/2018:16:07:22 -0300] "POST /cormun/servlet/solicitudot?gx-no-cache=1542654349430 HTTP/1.1" 200 38
186.79.30.191 - - [19/Nov/2018:16:07:22 -0300] "GET /cormun/servlet/solicitudot?00b0a372fcc9144524747615faa7c6715088ce4070f9332071de2bd3e635f7c416bd650d55e4e78e26a82c032b2c3ea6b4b2aaa592dd5186eb763a8cb446fd8de65aa83c6b5e28e9730b5c873b7c9ffa82e164a04577775f8c68a78dfec8bda9d3554bd20931d02ddd4843880bdf6000,gx-no-cache=1542654349679 HTTP/1.1" 200 110
186.79.30.191 - - [19/Nov/2018:16:07:22 -0300] "POST /cormun/servlet/solicitudot?gx-no-cache=1542654349831 HTTP/1.1" 200 64
186.79.30.191 - - [19/Nov/2018:16:07:22 -0300] "GET /cormun/servlet/solicitudot?00b0a372fcc9144524747615faa7c671662e072f97231a417adf375a2a74066e31cd13e84b7295ff4af9d1525b21d340115f8c45917db00f3eaa6283fc2b404b4d20091bb6470ea66f6886d38f9c1fc6911b6f9d1a2bbbc9a2fb2a199389a654ddcbb0969083364e0d02f667c142d77e,gx-no-cache=1542654350041 HTTP/1.1" 200 29
186.79.30.191 - - [19/Nov/2018:16:07:22 -0300] "GET /cormun/servlet/solicitudot?00b0a372fcc9144524747615faa7c671e7bf82bebdd0822d9ce45c5961c99092,gx-no-cache=1542654350178 HTTP/1.1" 200 30
186.79.30.191 - - [19/Nov/2018:16:07:22 -0300] "POST /cormun/servlet/solicitudot?gx-no-cache=1542654350314 HTTP/1.1" 200 30
186.79.30.191 - - [19/Nov/2018:16:07:23 -0300] "POST /cormun/servlet/solicitudot?f7cb230d73a5d3293b6709334532c0d9,INS,0,0,,gx-no-cache=1542654350443 HTTP/1.1" 200 12186
186.79.30.191 - - [19/Nov/2018:16:07:35 -0300] "GET /cormun/servlet/solicitudot?00b0a372fcc9144524747615faa7c671e7bf82bebdd0822d9ce45c5961c99092,gx-no-cache=1542654362676 HTTP/1.1" 200 30
186.79.30.191 - - [19/Nov/2018:16:07:35 -0300] "POST /cormun/servlet/solicitudot?gx-no-cache=1542654362743 HTTP/1.1" 200 30
186.79.30.191 - - [19/Nov/2018:16:07:36 -0300] "POST /cormun/servlet/solicitudot?f7cb230d73a5d3293b6709334532c0d9,INS,0,0,,gx-no-cache=1542654362837 HTTP/1.1" 200 12220
192.168.10.96 - - [19/Nov/2018:16:08:04 -0300] "GET /cormun/servlet/trsolicitudgral? HTTP/1.1" 200 11012
192.168.10.96 - - [19/Nov/2018:16:08:05 -0300] "GET /cormun/servlet/trsolicitudgral? HTTP/1.1" 200 11012
192.168.10.96 - - [19/Nov/2018:16:08:22 -0300] "POST /cormun/servlet/trsolicitudgral?11ae13a6db9470947b064fbda97e54cd,,gx-no-cache=1542654252284 HTTP/1.1" 200 9150
192.168.10.96 - - [19/Nov/2018:16:08:34 -0300] "GET /cormun/servlet/vesolicitudgral?2018,12294,, HTTP/1.1" 200 9346
192.168.10.96 - - [19/Nov/2018:16:08:34 -0300] "GET /cormun/pexe_scrolldiv.js HTTP/1.1" 404 1009
192.168.10.96 - - [19/Nov/2018:16:08:34 -0300] "GET /cormun/pexe_scrolldiv.js HTTP/1.1" 404 1009
192.168.10.96 - - [19/Nov/2018:16:08:35 -0300] "GET /cormun/servlet/vesolicitudgral?2018,12294,, HTTP/1.1" 200 9344
186.79.30.191 - - [19/Nov/2018:16:08:40 -0300] "GET /cormun/servlet/trcontratosolicitud? HTTP/1.1" 200 14716
186.79.30.191 - - [19/Nov/2018:16:08:41 -0300] "GET /cormun/static/trcontratosolicitud.js?20177612214349 HTTP/1.1" 200 28237
186.79.30.191 - - [19/Nov/2018:16:08:41 -0300] "GET /cormun/static/gxcfg.js?20177612214014 HTTP/1.1" 200 953
186.79.30.191 - - [19/Nov/2018:16:08:42 -0300] "GET /cormun/static/Resources/PXToolsGridFirstDisabled.gif HTTP/1.1" 200 100
186.79.30.191 - - [19/Nov/2018:16:08:42 -0300] "GET /cormun/static/Resources/PXToolsGridPreviousDisabled.gif HTTP/1.1" 200 90
186.79.30.191 - - [19/Nov/2018:16:08:42 -0300] "GET /cormun/static/Resources/PXToolsDataSearch.png HTTP/1.1" 200 419
186.79.30.191 - - [19/Nov/2018:16:08:42 -0300] "GET /cormun//static/Resources/PXToolsGridNew.png HTTP/1.1" 200 2949
186.79.30.191 - - [19/Nov/2018:16:08:42 -0300] "GET /cormun//static/Resources/PXToolsActionDisabled.gif HTTP/1.1" 200 53
186.79.30.191 - - [19/Nov/2018:16:08:42 -0300] "GET /cormun/servlet/trcontratosolicitud? HTTP/1.1" 200 14723
186.79.30.191 - - [19/Nov/2018:16:09:00 -0300] "POST /cormun/servlet/trcontratosolicitud?f7cb230d73a5d3293b6709334532c0d9,,gx-no-cache=1542654446676 HTTP/1.1" 200 12316
192.168.10.96 - - [19/Nov/2018:16:09:07 -0300] "GET /cormun/servlet/vesolicitudgral?2018,12294,,SolicitudOTLog HTTP/1.1" 200 10556
192.168.10.96 - - [19/Nov/2018:16:09:07 -0300] "GET /cormun/pexe_scrolldiv.js HTTP/1.1" 404 1009
192.168.10.96 - - [19/Nov/2018:16:09:07 -0300] "GET /cormun/pexe_scrolldiv.js HTTP/1.1" 404 1009
192.168.10.96 - - [19/Nov/2018:16:09:07 -0300] "GET /cormun/servlet/vesolicitudgral?2018,12294,,SolicitudOTLog HTTP/1.1" 200 10557
192.168.10.96 - - [19/Nov/2018:16:09:08 -0300] "POST /cormun/servlet/acontrolpreferencessavestate?None,DZAMUDIO,true HTTP/1.1" 200 35
186.79.30.191 - - [19/Nov/2018:16:09:10 -0300] "POST /cormun/servlet/trcontratosolicitud?f7cb230d73a5d3293b6709334532c0d9,,gx-no-cache=1542654457335 HTTP/1.1" 200 9861
186.79.30.191 - - [19/Nov/2018:16:09:52 -0300] "GET /cormun/servlet/trsolicitudot? HTTP/1.1" 200 7365
186.79.30.191 - - [19/Nov/2018:16:09:52 -0300] "GET /cormun/static/Resources/PXTools/calendar.png HTTP/1.1" 200 1306
186.79.30.191 - - [19/Nov/2018:16:09:54 -0300] "GET /cormun/servlet/trsolicitudot? HTTP/1.1" 200 7364
186.79.30.191 - - [19/Nov/2018:16:10:02 -0300] "GET /cormun/servlet/solicitudot?INS,0,0, HTTP/1.1" 200 15115
186.79.30.191 - - [19/Nov/2018:16:10:04 -0300] "GET /cormun/servlet/solicitudot?INS,0,0, HTTP/1.1" 200 15121
186.79.30.191 - - [19/Nov/2018:16:10:34 -0300] "GET /cormun/servlet/prfichaempleado?,MD,,gxPopupLevel%3D0%3B HTTP/1.1" 200 9412
186.79.30.191 - - [19/Nov/2018:16:11:20 -0300] "POST /cormun/servlet/solicitudot?gx-no-cache=1542654587396 HTTP/1.1" 200 3406
186.79.30.191 - - [19/Nov/2018:16:11:21 -0300] "POST /cormun/servlet/solicitudot?f7cb230d73a5d3293b6709334532c0d9,INS,0,0,,gx-no-cache=1542654588022 HTTP/1.1" 200 11731
186.79.30.191 - - [19/Nov/2018:16:11:23 -0300] "GET /cormun/servlet/solicitudot?00b0a372fcc9144524747615faa7c6714174d22c8722a30db4f2b76d9f1d7c1442d85f4942e629c9a58e959e5f3faa1d,gx-no-cache=1542654591276 HTTP/1.1" 200 30
190.171.143.82 - - [19/Nov/2018:16:11:29 -0300] "GET /cormun/servlet/hhome HTTP/1.1" 200 3418
190.171.143.82 - - [19/Nov/2018:16:11:30 -0300] "GET /cormun/servlet/hhome HTTP/1.1" 200 3427
190.171.143.82 - - [19/Nov/2018:16:11:30 -0300] "GET /cormun/servlet/hlogin HTTP/1.1" 200 1732
190.171.143.82 - - [19/Nov/2018:16:11:42 -0300] "POST /cormun/servlet/hlogin?1ba3d013911ee6caa98408ce4f7efe38,gx-no-cache=1542658566838 HTTP/1.1" 200 90
190.171.143.82 - - [19/Nov/2018:16:11:42 -0300] "GET /cormun/servlet/hpexe_link HTTP/1.1" 200 951
190.171.143.82 - - [19/Nov/2018:16:11:42 -0300] "GET /cormun/servlet/hhome HTTP/1.1" 200 4048
190.171.143.82 - - [19/Nov/2018:16:11:43 -0300] "GET /cormun/servlet/hhome HTTP/1.1" 200 4044
190.171.143.82 - - [19/Nov/2018:16:11:45 -0300] "GET /cormun/servlet/trlicencias? HTTP/1.1" 200 10127
190.171.143.82 - - [19/Nov/2018:16:11:46 -0300] "GET /cormun/servlet/trlicencias? HTTP/1.1" 200 10124
190.171.143.82 - - [19/Nov/2018:16:11:53 -0300] "GET /cormun/servlet/licenciaspermisos?INS,0,,, HTTP/1.1" 200 7580
190.171.143.82 - - [19/Nov/2018:16:11:53 -0300] "GET /cormun/servlet/licenciaspermisos?INS,0,,, HTTP/1.1" 200 7588
190.171.142.42 - - [19/Nov/2018:16:12:05 -0300] "GET /cormun/servlet/hhome HTTP/1.1" 200 3419
190.171.142.42 - - [19/Nov/2018:16:12:05 -0300] "GET /cormun/static/SmoothNavMenu/resources/ddsmoothmenu.css?1012540 HTTP/1.1" 200 2223
190.171.142.42 - - [19/Nov/2018:16:12:05 -0300] "GET /cormun/static/SmoothNavMenu/resources/ddsmoothmenu-v.css?1012540 HTTP/1.1" 200 1188
190.171.142.42 - - [19/Nov/2018:16:12:05 -0300] "GET /cormun/static/scaMessage/css/jquery.pnotify.default.css?1716380 HTTP/1.1" 200 1707
190.171.142.42 - - [19/Nov/2018:16:12:05 -0300] "GET /cormun/static/gxtimezone.js?85251 HTTP/1.1" 200 5781
190.171.142.42 - - [19/Nov/2018:16:12:05 -0300] "GET /cormun/static/Shared/jqueryui/jquery-ui.min.css?1245370 HTTP/1.1" 200 30288
190.171.142.42 - - [19/Nov/2018:16:12:05 -0300] "GET /cormun/static/gxcfg.js?20175251212442 HTTP/1.1" 200 953
190.171.142.42 - - [19/Nov/2018:16:12:05 -0300] "GET /cormun/static/PXToolsJavascripts/pexe_autoreload.js HTTP/1.1" 200 1762
190.171.142.42 - - [19/Nov/2018:16:12:05 -0300] "GET /cormun/static/PXToolsJavascripts/pexe_grid.js HTTP/1.1" 200 7559
190.171.142.42 - - [19/Nov/2018:16:12:05 -0300] "GET /cormun/static/PXToolsJavascripts/pexe_cookies.js HTTP/1.1" 200 792
190.171.142.42 - - [19/Nov/2018:16:12:05 -0300] "GET /cormun/static/PXToolsJavascripts/pexe_windows.js HTTP/1.1" 200 15207
190.171.142.42 - - [19/Nov/2018:16:12:05 -0300] "GET /cormun/static/Resources/Spanish/PXTools.css?11423723 HTTP/1.1" 200 89042
190.171.142.42 - - [19/Nov/2018:16:12:05 -0300] "GET /cormun/static/PXToolsJavascripts/pexe_griddivfix.js HTTP/1.1" 200 6644
190.171.142.42 - - [19/Nov/2018:16:12:05 -0300] "GET /cormun/static/PXToolsJavascripts/pexe_link.js HTTP/1.1" 200 5671
190.171.142.42 - - [19/Nov/2018:16:12:05 -0300] "GET /cormun/static/PXToolsJavascripts/pexe_menudivfix.js HTTP/1.1" 200 333
190.171.142.42 - - [19/Nov/2018:16:12:05 -0300] "GET /cormun/static/PXToolsJavascripts/pexe_layers.js HTTP/1.1" 200 4114
190.171.142.42 - - [19/Nov/2018:16:12:05 -0300] "GET /cormun/static/PXToolsJavascripts/pexe_menus.js HTTP/1.1" 200 1286
190.171.142.42 - - [19/Nov/2018:16:12:05 -0300] "GET /cormun/static/PXToolsJavascripts/pexe_oav.js HTTP/1.1" 200 645
190.171.142.42 - - [19/Nov/2018:16:12:05 -0300] "GET /cormun/static/PXToolsJavascripts/pexe_oavdivfix.js HTTP/1.1" 200 639
190.171.142.42 - - [19/Nov/2018:16:12:05 -0300] "GET /cormun/static/PXToolsJavascripts/pexe_picture.js HTTP/1.1" 200 689
190.171.142.42 - - [19/Nov/2018:16:12:05 -0300] "GET /cormun/static/PXToolsJavascripts/pexe_scrolldiv.js HTTP/1.1" 200 4138
190.171.142.42 - - [19/Nov/2018:16:12:05 -0300] "GET /cormun/static/PXToolsJavascripts/pexe_tabs.js HTTP/1.1" 200 3748
190.171.142.42 - - [19/Nov/2018:16:12:05 -0300] "GET /cormun/static/PXToolsJavascripts/pexe_tabdivfix.js HTTP/1.1" 200 876
190.171.142.42 - - [19/Nov/2018:16:12:05 -0300] "GET /cormun/static/PXToolsJavascripts/pexe_upload.js HTTP/1.1" 200 1423
190.171.142.42 - - [19/Nov/2018:16:12:05 -0300] "GET /cormun/static/PXToolsJavascripts/pexe_popup.js HTTP/1.1" 200 13458
190.171.142.42 - - [19/Nov/2018:16:12:05 -0300] "GET /cormun/static/PXToolsJavascripts/PXToolsJavascriptsRender.js HTTP/1.1" 200 367
190.171.142.42 - - [19/Nov/2018:16:12:05 -0300] "GET /cormun/static/Resources/logo4.png HTTP/1.1" 200 6582
190.171.142.42 - - [19/Nov/2018:16:12:05 -0300] "GET /cormun/static/Resources/PXToolsHeaderActionsLeft.png HTTP/1.1" 200 1118
190.171.142.42 - - [19/Nov/2018:16:12:05 -0300] "GET /cormun/static/RunJS/RunJS.js HTTP/1.1" 200 288
190.171.142.42 - - [19/Nov/2018:16:12:05 -0300] "GET /cormun/static/gxgral.js?85251 HTTP/1.1" 200 384558
190.171.142.42 - - [19/Nov/2018:16:12:05 -0300] "GET /cormun/static/gxui/gxui-all.js HTTP/1.1" 200 107772
190.171.142.42 - - [19/Nov/2018:16:12:05 -0300] "GET /cormun/static/messages.spa.js?85251 HTTP/1.1" 200 30736
190.171.142.42 - - [19/Nov/2018:16:12:05 -0300] "GET /cormun/static/hhome.js?20175251212450 HTTP/1.1" 200 777
190.171.142.42 - - [19/Nov/2018:16:12:05 -0300] "GET /cormun/static/hwchdr01.js?201752511465785 HTTP/1.1" 200 1183
190.171.142.42 - - [19/Nov/2018:16:12:05 -0300] "GET /cormun/static/hpexe_recentlink.js?20177611595044 HTTP/1.1" 200 2144
190.171.142.42 - - [19/Nov/2018:16:12:05 -0300] "GET /cormun/static/Shared/ext/locale/ext-lang-en.js HTTP/1.1" 200 10940
190.171.142.42 - - [19/Nov/2018:16:12:05 -0300] "GET /cormun/static/Resources/PXToolsFooterBackground2.png HTTP/1.1" 200 1172
190.171.142.42 - - [19/Nov/2018:16:12:05 -0300] "GET /cormun/static/Resources/PXToolsHeaderBackground2.png HTTP/1.1" 200 1174
190.171.142.42 - - [19/Nov/2018:16:12:05 -0300] "GET /cormun/static/Resources/PXToolsDataTitle.png HTTP/1.1" 200 1173
190.171.142.42 - - [19/Nov/2018:16:12:05 -0300] "GET /cormun/static/Resources/PXToolsHeaderActionsRight.png HTTP/1.1" 200 1201
190.171.142.42 - - [19/Nov/2018:16:12:05 -0300] "GET /cormun/static/Resources/PXToolsHeaderActionsBackground.png HTTP/1.1" 200 484
190.171.142.42 - - [19/Nov/2018:16:12:05 -0300] "GET /cormun/static/Resources/PXToolsHeaderPreferences.png HTTP/1.1" 200 4189
190.171.142.42 - - [19/Nov/2018:16:12:05 -0300] "GET /cormun/static/Resources/PXToolsHeaderSecurity.png HTTP/1.1" 200 4166
190.171.142.42 - - [19/Nov/2018:16:12:05 -0300] "GET /cormun/static/Resources/PXToolsHeaderHome.png HTTP/1.1" 200 4147
190.171.142.42 - - [19/Nov/2018:16:12:05 -0300] "GET /cormun/static/Resources/PXToolsHeaderLogin.png HTTP/1.1" 200 4279
190.171.142.42 - - [19/Nov/2018:16:12:05 -0300] "GET /cormun/static/hpexe_scripts.js?201752511465715 HTTP/1.1" 200 1544
190.171.142.42 - - [19/Nov/2018:16:12:05 -0300] "GET /cormun/static/hpexe_messagecontroller.js?20177611595012 HTTP/1.1" 200 870
190.171.142.42 - - [19/Nov/2018:16:12:05 -0300] "GET /cormun/static/hpexe_messagepopupcomponent.js?20161017169425 HTTP/1.1" 200 605
190.171.142.42 - - [19/Nov/2018:16:12:05 -0300] "GET /cormun/static/hpexe_messagegenexuscomponent.js?201752511465344 HTTP/1.1" 200 587
190.171.142.42 - - [19/Nov/2018:16:12:05 -0300] "GET /cormun/static/cmcontrolpreferences.js?201752511465670 HTTP/1.1" 200 1375
190.171.142.42 - - [19/Nov/2018:16:12:05 -0300] "GET /cormun/static/SmoothNavMenu/resources/ddsmoothmenu.js HTTP/1.1" 200 12712
190.171.142.42 - - [19/Nov/2018:16:12:05 -0300] "GET /cormun/static/SmoothNavMenu/resources/SmoothNavMenuRender.js HTTP/1.1" 200 5951
190.171.142.42 - - [19/Nov/2018:16:12:05 -0300] "GET /cormun/static/Shared/jquery/jquery-1.4.2.min.js HTTP/1.1" 200 72174
190.171.142.42 - - [19/Nov/2018:16:12:05 -0300] "GET /cormun/static/scaMessage/js/jquery.pnotify.min.js HTTP/1.1" 200 13038
190.171.142.42 - - [19/Nov/2018:16:12:05 -0300] "GET /cormun/static/Shared/jquery/jquery-1.10.2.min.js HTTP/1.1" 200 273199
190.171.142.42 - - [19/Nov/2018:16:12:05 -0300] "GET /cormun/static/scaMessage/scaMessageRender.js HTTP/1.1" 200 11977
190.171.142.42 - - [19/Nov/2018:16:12:05 -0300] "GET /cormun/static/hmpwkw03.js?20189613443875 HTTP/1.1" 200 3965
190.171.142.42 - - [19/Nov/2018:16:12:05 -0300] "GET /cormun/static/Shared/jqueryui/jquery-ui.min.js HTTP/1.1" 200 240427
190.171.142.42 - - [19/Nov/2018:16:12:07 -0300] "GET /cormun/static/Shared/ext/ext-all.js HTTP/1.1" 200 1289687
190.171.142.42 - - [19/Nov/2018:16:12:08 -0300] "GET /cormun/static/Resources/indicator.gif HTTP/1.1" 200 1553
190.171.142.42 - - [19/Nov/2018:16:12:08 -0300] "GET /cormun/servlet/hhome HTTP/1.1" 200 3429
190.171.142.42 - - [19/Nov/2018:16:12:08 -0300] "GET /cormun/servlet/hlogin HTTP/1.1" 200 1735
190.171.142.42 - - [19/Nov/2018:16:12:08 -0300] "GET /cormun/static/hlogin.js?20177612122738 HTTP/1.1" 200 2136
190.171.142.42 - - [19/Nov/2018:16:12:08 -0300] "GET /cormun/static/gxcfg.js?20177612122725 HTTP/1.1" 200 953
190.171.142.42 - - [19/Nov/2018:16:12:08 -0300] "GET /cormun/static/Resources/ComunLogin.png HTTP/1.1" 200 17326
190.171.142.42 - - [19/Nov/2018:16:12:08 -0300] "GET /cormun/static/Resources/Spanish/PXTools.css?1155365 HTTP/1.1" 200 89042
190.171.142.42 - - [19/Nov/2018:16:12:09 -0300] "GET /cormun/static/Resources/PXToolsLoginBottom.png HTTP/1.1" 200 1389
190.171.142.42 - - [19/Nov/2018:16:12:09 -0300] "GET /cormun/static/Resources/PXToolsButtonLeft21.png HTTP/1.1" 200 1287
190.171.142.42 - - [19/Nov/2018:16:12:09 -0300] "GET /cormun/static/Resources/PXToolsButtonRight21.png HTTP/1.1" 200 1283
190.171.142.42 - - [19/Nov/2018:16:12:09 -0300] "GET /cormun/static/Resources/PXToolsLoginBackground.png HTTP/1.1" 200 1164
190.171.142.42 - - [19/Nov/2018:16:12:09 -0300] "GET /cormun/static/Resources/PXToolsButtonBackground2.png HTTP/1.1" 200 1181
190.171.142.42 - - [19/Nov/2018:16:12:09 -0300] "GET /cormun/static/Resources/PXToolsLoginTop.png HTTP/1.1" 200 1337
190.171.142.42 - - [19/Nov/2018:16:12:09 -0300] "GET /favicon.ico HTTP/1.1" 200 21630
186.79.30.191 - - [19/Nov/2018:16:12:27 -0300] "GET /cormun/servlet/prbanco?,MD,,gxPopupLevel%3D0%3B HTTP/1.1" 200 6690
190.171.142.42 - - [19/Nov/2018:16:12:27 -0300] "POST /cormun/servlet/hlogin?12854dbc373471ff5e1a88b8928cefa3,gx-no-cache=1542654656449 HTTP/1.1" 200 90
190.171.142.42 - - [19/Nov/2018:16:12:27 -0300] "GET /cormun/servlet/hpexe_link HTTP/1.1" 200 951
190.171.142.42 - - [19/Nov/2018:16:12:27 -0300] "GET /cormun/static/hpexe_link.js?20177612121795 HTTP/1.1" 200 625
190.171.142.42 - - [19/Nov/2018:16:12:27 -0300] "GET /cormun/static/gxcfg.js?20177612121792 HTTP/1.1" 200 953
190.171.142.42 - - [19/Nov/2018:16:12:27 -0300] "GET /cormun/servlet/hhome HTTP/1.1" 200 4278
190.171.142.42 - - [19/Nov/2018:16:12:28 -0300] "GET /cormun/servlet/hhome HTTP/1.1" 200 4274
190.171.142.42 - - [19/Nov/2018:16:12:28 -0300] "GET /cormun/static/SmoothNavMenu/resources/images/right.gif HTTP/1.1" 200 860
190.171.142.42 - - [19/Nov/2018:16:12:28 -0300] "GET /cormun/static/SmoothNavMenu/resources/images/down.gif HTTP/1.1" 200 854
190.171.142.42 - - [19/Nov/2018:16:12:32 -0300] "GET /cormun/servlet/trsolicitudot? HTTP/1.1" 200 7493
190.171.142.42 - - [19/Nov/2018:16:12:32 -0300] "GET /cormun/static/calendar-system.css?85620 HTTP/1.1" 200 5572
190.171.142.42 - - [19/Nov/2018:16:12:32 -0300] "GET /cormun/static/gxui/gxui-all.css?120300 HTTP/1.1" 200 2179
190.171.142.42 - - [19/Nov/2018:16:12:32 -0300] "GET /cormun/static/gxcfg.js?2017111422585916 HTTP/1.1" 200 953
190.171.142.42 - - [19/Nov/2018:16:12:32 -0300] "GET /cormun/static/calendar-es.js?85251 HTTP/1.1" 200 1901
190.171.142.42 - - [19/Nov/2018:16:12:32 -0300] "GET /cormun/static/calendar-setup.js?85251 HTTP/1.1" 200 2588
190.171.142.42 - - [19/Nov/2018:16:12:32 -0300] "GET /cormun/static/calendar.js?85251 HTTP/1.1" 200 26246
190.171.142.42 - - [19/Nov/2018:16:12:32 -0300] "GET /cormun/static/Resources/PXTools/calendar.png HTTP/1.1" 200 1306
190.171.142.42 - - [19/Nov/2018:16:12:32 -0300] "GET /cormun/static/Resources/PXToolsDataSearch.png HTTP/1.1" 200 419
190.171.142.42 - - [19/Nov/2018:16:12:32 -0300] "GET /cormun/static/trsolicitudot.js?201711142259839 HTTP/1.1" 200 54041
190.171.142.42 - - [19/Nov/2018:16:12:32 -0300] "GET /cormun/static/gxdec.js?85251 HTTP/1.1" 200 19579
190.171.142.42 - - [19/Nov/2018:16:12:33 -0300] "GET /cormun/static/Resources/Spanish/PXTools.css?1255365 HTTP/1.1" 200 89042
190.171.142.42 - - [19/Nov/2018:16:12:33 -0300] "GET /cormun/static/Resources/PXToolsGridFirstDisabled.gif HTTP/1.1" 200 100
190.171.142.42 - - [19/Nov/2018:16:12:33 -0300] "GET /cormun/static/Resources/PXToolsGridPreviousDisabled.gif HTTP/1.1" 200 90
190.171.142.42 - - [19/Nov/2018:16:12:33 -0300] "GET /cormun/static/Resources/PXToolsGridNextDisabled.gif HTTP/1.1" 200 90
190.171.142.42 - - [19/Nov/2018:16:12:33 -0300] "GET /cormun/static/Resources/PXToolsGridLastDisabled.gif HTTP/1.1" 200 98
190.171.142.42 - - [19/Nov/2018:16:12:33 -0300] "GET /cormun/static/Resources/PXToolsGridPage.gif HTTP/1.1" 200 725
190.171.142.42 - - [19/Nov/2018:16:12:33 -0300] "GET /cormun/static/Resources/PXToolsActionExcel.png HTTP/1.1" 200 3187
190.171.142.42 - - [19/Nov/2018:16:12:33 -0300] "GET /cormun/static/Resources/PXToolsGridNew.png HTTP/1.1" 200 2949
186.79.30.191 - - [19/Nov/2018:16:12:33 -0300] "GET /cormun/servlet/solicitudot?00b0a372fcc9144524747615faa7c6710a640c319acda451d7d40a22fc0b7e1648ad3c5c4fb8c939dd5a5281173b56aeae7970e41963c31dd7d1e90446623924,gx-no-cache=1542654660915 HTTP/1.1" 200 30
190.171.142.42 - - [19/Nov/2018:16:12:33 -0300] "GET /cormun/static/Shared/ext/resources/css/ext-all.css?215870 HTTP/1.1" 200 416045
190.171.142.42 - - [19/Nov/2018:16:12:34 -0300] "GET /cormun/static/Resources/desc.gif HTTP/1.1" 200 65
190.171.142.42 - - [19/Nov/2018:16:12:34 -0300] "GET /cormun/static/Resources/asc.gif HTTP/1.1" 200 67
190.171.142.42 - - [19/Nov/2018:16:12:34 -0300] "GET /cormun/servlet/trsolicitudot? HTTP/1.1" 200 7493
190.171.142.42 - - [19/Nov/2018:16:12:34 -0300] "GET /cormun/static/Shared/ext/resources/themes/images/default/panel/bg-headersPanel.png HTTP/1.1" 200 255
190.171.142.42 - - [19/Nov/2018:16:12:34 -0300] "GET /cormun/static/Shared/ext/resources/themes/images/default/tools/tool-sprites.gif HTTP/1.1" 200 5434
186.79.30.191 - - [19/Nov/2018:16:12:34 -0300] "GET /cormun/servlet/solicitudot?00b0a372fcc9144524747615faa7c6711593b439c28b5e27a2ae38e77610b302,gx-no-cache=1542654662051 HTTP/1.1" 200 53
190.171.142.42 - - [19/Nov/2018:16:12:41 -0300] "GET /cormun/servlet/trvisualizadoreventos? HTTP/1.1" 200 7045
190.171.142.42 - - [19/Nov/2018:16:12:41 -0300] "GET /cormun/static/gxui/gxui-all.css?110300 HTTP/1.1" 200 2179
190.171.142.42 - - [19/Nov/2018:16:12:41 -0300] "GET /cormun/static/gxcfg.js?20175251251426 HTTP/1.1" 200 953
190.171.142.42 - - [19/Nov/2018:16:12:41 -0300] "GET /cormun/static/calendar-system.css?75620 HTTP/1.1" 200 5572
190.171.142.42 - - [19/Nov/2018:16:12:41 -0300] "GET /cormun/static/Resources/PXToolsActionPrint.png HTTP/1.1" 200 3317
190.171.142.42 - - [19/Nov/2018:16:12:41 -0300] "GET /cormun/static/trvisualizadoreventos.js?20175251251768 HTTP/1.1" 200 19318
190.171.142.42 - - [19/Nov/2018:16:12:42 -0300] "GET /cormun/static/Shared/ext/resources/css/ext-all.css?205870 HTTP/1.1" 200 416045
190.171.142.42 - - [19/Nov/2018:16:12:43 -0300] "GET /cormun/servlet/trvisualizadoreventos? HTTP/1.1" 200 7045
200.112.233.47 - - [19/Nov/2018:16:12:44 -0300] "GET /cormun/servlet/hlogin HTTP/1.1" 200 1720
186.79.30.191 - - [19/Nov/2018:16:12:46 -0300] "POST /cormun/servlet/solicitudot?gx-no-cache=1542654673580 HTTP/1.1" 200 297
186.79.30.191 - - [19/Nov/2018:16:12:46 -0300] "GET /cormun/servlet/solicitudot?00b0a372fcc9144524747615faa7c671e040f2b57adef5cc15d92fcfb63fda5ca9f094ad99a96c6b1172a29beedd03f9acd5af02d8200ae37340799f70adad9c7767ffb8939e2305dd23fc32d9baada2b9efd7a858a9187c559d48da291646ee05116ad98ab90f81a97f2fd2f2ae76a8e366f909efe51187075c5208381aee2013a172c4832d02927692037a78527cc245fae39bd0b722d19e24512ca4fb1983655ac7b118c35957e14b831ca08ee2f8a3093086b6fce893cd299754c8c37d162e7edbce2f0547cd03364a3eecef947da7df421dc327dd3fd806de53cb302f7610a7c2dd37c0159e2a4572ae9d87e8a379698563fc52518d230b9242770dc5ceb7eb7fd617cb3bb12023f49d0da8d5e9428b172909c42f1fd04fc7a99d4e1ed85eb81c55db781890457993cbf7a4d8174ee29c50f440dee8cc5e261ecc842b45699ac050b2655ed576ec162acfb273c500d3c4ac9b41fc00e085dda53b5e65984a6f03f5b23b573484e6f3c4d51b121a32b8e6d76b549d75ef5ccf81cbb0eb0da37a560e62e4874b9ad2688bba7897c3,gx-no-cache=1542654673827 HTTP/1.1" 200 30
186.79.30.191 - - [19/Nov/2018:16:12:51 -0300] "POST /cormun/servlet/solicitudot?gx-no-cache=1542654678656 HTTP/1.1" 200 30
190.171.142.42 - - [19/Nov/2018:16:12:54 -0300] "GET /cormun/servlet/trsolicitudot? HTTP/1.1" 200 7493
190.171.142.42 - - [19/Nov/2018:16:12:55 -0300] "GET /cormun/servlet/trsolicitudot? HTTP/1.1" 200 7493
200.112.233.47 - - [19/Nov/2018:16:12:55 -0300] "POST /cormun/servlet/hlogin?a3deac85cd074f44d17f4758d8b9eb69,gx-no-cache=1542654682178 HTTP/1.1" 200 90
200.112.233.47 - - [19/Nov/2018:16:12:55 -0300] "GET /cormun/servlet/hpexe_link HTTP/1.1" 200 953
200.112.233.47 - - [19/Nov/2018:16:12:55 -0300] "GET /cormun/servlet/prbanco?,MD, HTTP/1.1" 200 6693
190.171.142.42 - - [19/Nov/2018:16:13:00 -0300] "GET /cormun/servlet/solicitudot?INS,0,0, HTTP/1.1" 200 15055
190.171.142.42 - - [19/Nov/2018:16:13:00 -0300] "GET /cormun/static/gxcfg.js?20189101114418 HTTP/1.1" 200 953
190.171.142.42 - - [19/Nov/2018:16:13:00 -0300] "GET /cormun/static/Resources/prompt.gif HTTP/1.1" 200 902
190.171.142.42 - - [19/Nov/2018:16:13:00 -0300] "GET /cormun/static/solicitudot.js?20189101114718 HTTP/1.1" 200 71883
190.171.142.42 - - [19/Nov/2018:16:13:00 -0300] "GET /cormun/servlet/solicitudot?INS,0,0, HTTP/1.1" 200 15062
186.79.30.191 - - [19/Nov/2018:16:13:01 -0300] "POST /cormun/servlet/solicitudot?gx-no-cache=1542654688384 HTTP/1.1" 200 30
186.79.30.191 - - [19/Nov/2018:16:13:13 -0300] "POST /cormun/servlet/solicitudot?gx-no-cache=1542654700815 HTTP/1.1" 200 1277
186.79.30.191 - - [19/Nov/2018:16:13:13 -0300] "POST /cormun/servlet/solicitudot?gx-no-cache=1542654701178 HTTP/1.1" 200 38
200.112.233.47 - - [19/Nov/2018:16:13:18 -0300] "GET /cormun/servlet/hlogin HTTP/1.1" 200 1733
190.171.142.42 - - [19/Nov/2018:16:13:35 -0300] "GET /cormun/servlet/trsolicitudot? HTTP/1.1" 200 7493
190.171.142.42 - - [19/Nov/2018:16:13:35 -0300] "GET /cormun/servlet/trsolicitudot? HTTP/1.1" 200 7493
186.79.30.191 - - [19/Nov/2018:16:13:44 -0300] "GET /cormun/servlet/solicitudot?00b0a372fcc9144524747615faa7c6715088ce4070f9332071de2bd3e635f7c416bd650d55e4e78e26a82c032b2c3ea6b4b2aaa592dd5186eb763a8cb446fd8de65aa83c6b5e28e9730b5c873b7c9ffa82e164a04577775f8c68a78dfec8bda9d3554bd20931d02ddd4843880bdf6000,gx-no-cache=1542654731554 HTTP/1.1" 200 110
186.79.30.191 - - [19/Nov/2018:16:13:44 -0300] "POST /cormun/servlet/solicitudot?gx-no-cache=1542654731812 HTTP/1.1" 200 64
186.79.30.191 - - [19/Nov/2018:16:13:55 -0300] "GET /cormun/servlet/solicitudot?00b0a372fcc9144524747615faa7c671662e072f97231a417adf375a2a74066e31cd13e84b7295ff4af9d1525b21d340115f8c45917db00f3eaa6283fc2b404b4d20091bb6470ea66f6886d38f9c1fc6911b6f9d1a2bbbc9a2fb2a199389a654ddcbb0969083364e0d02f667c142d77e,gx-no-cache=1542654742473 HTTP/1.1" 200 29
186.79.30.191 - - [19/Nov/2018:16:13:55 -0300] "GET /cormun/static/menuarrow.gif HTTP/1.1" 404 1015
190.171.143.82 - - [19/Nov/2018:16:13:58 -0300] "GET /cormun/servlet/licenciaspermisos?ea1797dd48daab2372bf2cc516ad7b8928afc5957677141ba5fe683060be82f40f036149b7159f8559e487103f36ad00,gx-no-cache=1542658702753 HTTP/1.1" 200 98
190.171.143.82 - - [19/Nov/2018:16:13:58 -0300] "POST /cormun/servlet/licenciaspermisos?1ba3d013911ee6caa98408ce4f7efe38,INS,0,,,,gx-no-cache=1542658702939 HTTP/1.1" 200 4754
186.79.30.191 - - [19/Nov/2018:16:13:59 -0300] "GET /cormun/servlet/solicitudot?00b0a372fcc9144524747615faa7c6716ed7ac6a0d15d2d25ba0d6c8353f6676e92610bef18c52b722a6b00f91b14f03,gx-no-cache=1542654746506 HTTP/1.1" 200 30
186.79.30.191 - - [19/Nov/2018:16:14:42 -0300] "POST /cormun/servlet/solicitudot?gx-no-cache=1542654790071 HTTP/1.1" 200 30
186.79.30.191 - - [19/Nov/2018:16:14:43 -0300] "POST /cormun/servlet/solicitudot?gx-no-cache=1542654790275 HTTP/1.1" 200 1277
186.79.30.191 - - [19/Nov/2018:16:14:43 -0300] "POST /cormun/servlet/solicitudot?gx-no-cache=1542654790578 HTTP/1.1" 200 41
186.79.30.191 - - [19/Nov/2018:16:14:43 -0300] "GET /cormun/servlet/solicitudot?00b0a372fcc9144524747615faa7c6715088ce4070f9332071de2bd3e635f7c416bd650d55e4e78e26a82c032b2c3ea6b4b2aaa592dd5186eb763a8cb446fd8de65aa83c6b5e28e9730b5c873b7c9ffa82e164a04577775f8c68a78dfec8bda9d3554bd20931d02ddd4843880bdf6000,gx-no-cache=1542654790775 HTTP/1.1" 200 110
186.79.30.191 - - [19/Nov/2018:16:14:43 -0300] "POST /cormun/servlet/solicitudot?gx-no-cache=1542654790923 HTTP/1.1" 200 64
186.79.30.191 - - [19/Nov/2018:16:14:44 -0300] "POST /cormun/servlet/solicitudot?gx-no-cache=1542654791342 HTTP/1.1" 200 30
186.79.30.191 - - [19/Nov/2018:16:15:15 -0300] "POST /cormun/servlet/solicitudot?f7cb230d73a5d3293b6709334532c0d9,INS,0,0,,gx-no-cache=1542654821830 HTTP/1.1" 200 93
186.79.30.191 - - [19/Nov/2018:16:15:15 -0300] "GET /cormun/servlet/hpexe_return? HTTP/1.1" 200 999
186.79.30.191 - - [19/Nov/2018:16:15:15 -0300] "GET /cormun/static/gxcfg.js?2016101716175148 HTTP/1.1" 200 953
186.79.30.191 - - [19/Nov/2018:16:15:15 -0300] "GET /cormun/static/hpexe_return.js?2016101716175153 HTTP/1.1" 200 1633
186.79.30.191 - - [19/Nov/2018:16:15:15 -0300] "GET /cormun/static/Resources/Spanish/PXTools.css?167811 HTTP/1.1" 200 89042
186.79.30.191 - - [19/Nov/2018:16:15:16 -0300] "GET /cormun/servlet/trsolicitudot HTTP/1.1" 200 8783
186.79.30.191 - - [19/Nov/2018:16:15:16 -0300] "GET /cormun/static/gxui/gxui-all.css?120300 HTTP/1.1" 200 2179
186.79.30.191 - - [19/Nov/2018:16:15:16 -0300] "GET /cormun/static/calendar-system.css?85620 HTTP/1.1" 200 5572
186.79.30.191 - - [19/Nov/2018:16:15:16 -0300] "GET /cormun/static/Resources/Spanish/PXTools.css?1255365 HTTP/1.1" 200 16384
186.79.30.191 - - [19/Nov/2018:16:15:18 -0300] "GET /cormun/servlet/trsolicitudot HTTP/1.1" 200 8779
200.112.233.47 - - [19/Nov/2018:16:19:02 -0300] "GET /cormun/servlet/hlogin HTTP/1.1" 200 1724
200.112.233.47 - - [19/Nov/2018:16:19:19 -0300] "POST /cormun/servlet/hlogin?692d8307d1c81d9f8770ba3bf9dbb5fe,gx-no-cache=1542655066712 HTTP/1.1" 200 90
200.112.233.47 - - [19/Nov/2018:16:19:19 -0300] "GET /cormun/servlet/hpexe_link HTTP/1.1" 200 945
200.112.233.47 - - [19/Nov/2018:16:19:19 -0300] "GET /cormun/servlet/hhome HTTP/1.1" 200 4330
200.112.233.47 - - [19/Nov/2018:16:19:20 -0300] "GET /cormun/servlet/hhome HTTP/1.1" 200 4326
200.112.233.47 - - [19/Nov/2018:16:20:14 -0300] "GET /cormun/servlet/trsolicitudot? HTTP/1.1" 200 8915
192.168.10.96 - - [19/Nov/2018:16:20:14 -0300] "POST /cormun/servlet/vesolicitudgral?11ae13a6db9470947b064fbda97e54cd,2018,12294,,SolicitudOTLog,gx-no-cache=1542654964865 HTTP/1.1" 200 90
192.168.10.96 - - [19/Nov/2018:16:20:14 -0300] "GET /cormun/servlet/hpexe_link HTTP/1.1" 200 977
192.168.10.96 - - [19/Nov/2018:16:20:15 -0300] "GET /cormun/servlet/trsolicitudgral? HTTP/1.1" 200 12417
200.112.233.47 - - [19/Nov/2018:16:20:15 -0300] "GET /cormun/servlet/trsolicitudot? HTTP/1.1" 200 8913
192.168.10.96 - - [19/Nov/2018:16:20:15 -0300] "GET /cormun/servlet/trsolicitudgral? HTTP/1.1" 200 12415
200.112.233.47 - - [19/Nov/2018:16:20:19 -0300] "POST /cormun/servlet/trsolicitudot?692d8307d1c81d9f8770ba3bf9dbb5fe,,gx-no-cache=1542655126632 HTTP/1.1" 200 5940
200.112.233.47 - - [19/Nov/2018:16:20:19 -0300] "GET /cormun/static/Shared/jqueryui/images/ui-bg_highlight-soft_100_c6c2c8_1x100.png HTTP/1.1" 404 1117
200.112.233.47 - - [19/Nov/2018:16:20:19 -0300] "GET /cormun/static/Shared/jqueryui/images/ui-icons_82798d_256x240.png HTTP/1.1" 404 1089
200.112.233.47 - - [19/Nov/2018:16:20:19 -0300] "GET /cormun/static/Shared/jqueryui/images/ui-bg_flat_55_fafafa_40x100.png HTTP/1.1" 404 1097
200.112.233.47 - - [19/Nov/2018:16:20:19 -0300] "GET /cormun/static/Shared/jqueryui/images/ui-icons_8d78a5_256x240.png HTTP/1.1" 404 1089
190.171.143.82 - - [19/Nov/2018:16:20:20 -0300] "GET /cormun/servlet/licenciaspermisos?ea1797dd48daab2372bf2cc516ad7b891a1befb921a6c29dbcd189b1789579b57b0bcaa73ed7d629f3c9a2005b4f63432f281aa839d5d89be3e9502029c25234f12d261775d60c551436707122762a3e09a2d3fe5b123dcd11d8d87b4deeb922cb723d73a74656bddc7e408df1de82bb43bd4c74bd079df3f01a4abf25beca768c5ee7ab330477071c6325fa58872483e7644ac3706cf73820ac2a23b5baee4b6d9f09c4e74d31641b5f94ef68307dd9b25b077693beccbc9aaed5d0682b0e04090a6404e1ebf8a9edc208c2103bb88e4efe65d26b4a99c006e6f38f157fc008,gx-no-cache=1542659084515 HTTP/1.1" 200 30
190.171.143.82 - - [19/Nov/2018:16:20:20 -0300] "GET /cormun/servlet/licenciaspermisos?ea1797dd48daab2372bf2cc516ad7b8959366c3e50f4e1e16ff80d6a0441a1a79f5d5852d4f963648bbc7c039c9ba1c36466aa7e5eea4ee5999545906243cba1604fe65c21125e17e0744c26a00f4eab1c6fd64a5cba98d406dce8c1ad96cdf9e54bc746dd56d53d35a64ee92f718b6f3ecfe0a30b4dd1251a46b287b7c4f99cbbc77410bdd2984df4124e99e8b1bf7338adc8c7e268caa6c12989c46e08921fef11ba77a626171a4368fe317e41db7c77dca4acc7b2d0bba78aa6a85680cd65bebe67465739c4c11797f44c3b642d3cc8c6d4a8aabd73e11e4920eee665d30a,gx-no-cache=1542659085091 HTTP/1.1" 200 29
190.171.143.82 - - [19/Nov/2018:16:20:22 -0300] "POST /cormun/servlet/licenciaspermisos?1ba3d013911ee6caa98408ce4f7efe38,INS,0,,,,gx-no-cache=1542659086839 HTTP/1.1" 200 93
190.171.143.82 - - [19/Nov/2018:16:20:22 -0300] "GET /cormun/servlet/hpexe_return? HTTP/1.1" 200 1011
190.171.143.82 - - [19/Nov/2018:16:20:23 -0300] "GET /cormun/servlet/trlicencias HTTP/1.1" 200 10584
200.112.233.47 - - [19/Nov/2018:16:20:23 -0300] "POST /cormun/servlet/trsolicitudot?692d8307d1c81d9f8770ba3bf9dbb5fe,,gx-no-cache=1542655130632 HTTP/1.1" 200 5940
192.168.10.96 - - [19/Nov/2018:16:20:23 -0300] "POST /cormun/servlet/trsolicitudgral?11ae13a6db9470947b064fbda97e54cd,,gx-no-cache=1542654973614 HTTP/1.1" 200 5962
190.171.143.82 - - [19/Nov/2018:16:20:24 -0300] "GET /cormun/servlet/trlicencias HTTP/1.1" 200 10579
192.168.10.96 - - [19/Nov/2018:16:20:26 -0300] "POST /cormun/servlet/trsolicitudgral?11ae13a6db9470947b064fbda97e54cd,,gx-no-cache=1542654976411 HTTP/1.1" 200 11633
190.171.143.82 - - [19/Nov/2018:16:20:27 -0300] "GET /cormun/servlet/alicenciaprn?18646235,L,20181119000000,PU HTTP/1.1" 200 1551
200.112.233.47 - - [19/Nov/2018:16:20:28 -0300] "POST /cormun/servlet/trsolicitudot?692d8307d1c81d9f8770ba3bf9dbb5fe,,gx-no-cache=1542655135427 HTTP/1.1" 200 5939
192.168.10.96 - - [19/Nov/2018:16:20:30 -0300] "GET /cormun/servlet/vesolicitudgral?2018,12326,, HTTP/1.1" 200 9341
192.168.10.96 - - [19/Nov/2018:16:20:30 -0300] "GET /cormun/pexe_scrolldiv.js HTTP/1.1" 404 1009
192.168.10.96 - - [19/Nov/2018:16:20:30 -0300] "GET /cormun/pexe_scrolldiv.js HTTP/1.1" 404 1009
192.168.10.96 - - [19/Nov/2018:16:20:31 -0300] "GET /cormun/servlet/vesolicitudgral?2018,12326,, HTTP/1.1" 200 9340
200.112.233.47 - - [19/Nov/2018:16:20:46 -0300] "POST /cormun/servlet/trsolicitudot?692d8307d1c81d9f8770ba3bf9dbb5fe,,gx-no-cache=1542655153513 HTTP/1.1" 200 5939
192.168.10.89 - - [19/Nov/2018:16:21:16 -0300] "GET /cormun/servlet/hlogin HTTP/1.1" 200 1758
190.171.142.42 - - [19/Nov/2018:16:21:46 -0300] "GET /cormun/servlet/trvisualizadoreventos? HTTP/1.1" 200 7045
190.171.142.42 - - [19/Nov/2018:16:21:46 -0300] "GET /cormun/servlet/trvisualizadoreventos? HTTP/1.1" 200 7045
190.171.142.42 - - [19/Nov/2018:16:21:55 -0300] "GET /cormun/static/menuarrow.gif HTTP/1.1" 404 1015
190.171.142.42 - - [19/Nov/2018:16:22:11 -0300] "POST /cormun/servlet/trvisualizadoreventos?12854dbc373471ff5e1a88b8928cefa3,,gx-no-cache=1542655240581 HTTP/1.1" 200 4222
200.112.233.47 - - [19/Nov/2018:16:22:16 -0300] "POST /cormun/servlet/trsolicitudot?692d8307d1c81d9f8770ba3bf9dbb5fe,,gx-no-cache=1542655243921 HTTP/1.1" 200 5940
200.112.233.47 - - [19/Nov/2018:16:22:22 -0300] "POST /cormun/servlet/trsolicitudot?692d8307d1c81d9f8770ba3bf9dbb5fe,,gx-no-cache=1542655249183 HTTP/1.1" 200 5940
200.112.233.47 - - [19/Nov/2018:16:22:32 -0300] "POST /cormun/servlet/trsolicitudot?692d8307d1c81d9f8770ba3bf9dbb5fe,,gx-no-cache=1542655259808 HTTP/1.1" 200 5939
200.112.233.47 - - [19/Nov/2018:16:22:39 -0300] "POST /cormun/servlet/trsolicitudot?692d8307d1c81d9f8770ba3bf9dbb5fe,,gx-no-cache=1542655266334 HTTP/1.1" 200 5939
200.112.233.47 - - [19/Nov/2018:16:22:39 -0300] "POST /cormun/servlet/trsolicitudot?692d8307d1c81d9f8770ba3bf9dbb5fe,,gx-no-cache=1542655266574 HTTP/1.1" 200 5940
200.112.233.47 - - [19/Nov/2018:16:22:40 -0300] "POST /cormun/servlet/trsolicitudot?692d8307d1c81d9f8770ba3bf9dbb5fe,,gx-no-cache=1542655266990 HTTP/1.1" 200 5940
200.112.233.47 - - [19/Nov/2018:16:22:40 -0300] "POST /cormun/servlet/trsolicitudot?692d8307d1c81d9f8770ba3bf9dbb5fe,,gx-no-cache=1542655267383 HTTP/1.1" 200 5940
200.112.233.47 - - [19/Nov/2018:16:22:40 -0300] "POST /cormun/servlet/trsolicitudot?692d8307d1c81d9f8770ba3bf9dbb5fe,,gx-no-cache=1542655267774 HTTP/1.1" 200 5940
200.112.233.47 - - [19/Nov/2018:16:22:41 -0300] "POST /cormun/servlet/trsolicitudot?692d8307d1c81d9f8770ba3bf9dbb5fe,,gx-no-cache=1542655268158 HTTP/1.1" 200 5940
200.112.233.47 - - [19/Nov/2018:16:22:41 -0300] "POST /cormun/servlet/trsolicitudot?692d8307d1c81d9f8770ba3bf9dbb5fe,,gx-no-cache=1542655268551 HTTP/1.1" 200 5940
200.112.233.47 - - [19/Nov/2018:16:22:41 -0300] "POST /cormun/servlet/trsolicitudot?692d8307d1c81d9f8770ba3bf9dbb5fe,,gx-no-cache=1542655268778 HTTP/1.1" 200 5940
200.112.233.47 - - [19/Nov/2018:16:23:03 -0300] "POST /cormun/servlet/trsolicitudot?692d8307d1c81d9f8770ba3bf9dbb5fe,,gx-no-cache=1542655290335 HTTP/1.1" 200 5940
200.112.233.47 - - [19/Nov/2018:16:23:08 -0300] "POST /cormun/servlet/trsolicitudot?692d8307d1c81d9f8770ba3bf9dbb5fe,,gx-no-cache=1542655295774 HTTP/1.1" 200 5940
200.112.233.47 - - [19/Nov/2018:16:23:13 -0300] "POST /cormun/servlet/trsolicitudot?692d8307d1c81d9f8770ba3bf9dbb5fe,,gx-no-cache=1542655300008 HTTP/1.1" 200 5939
200.112.233.47 - - [19/Nov/2018:16:23:14 -0300] "POST /cormun/servlet/trsolicitudot?692d8307d1c81d9f8770ba3bf9dbb5fe,,gx-no-cache=1542655300983 HTTP/1.1" 200 5940
190.171.142.42 - - [19/Nov/2018:16:23:16 -0300] "POST /cormun/servlet/trvisualizadoreventos?12854dbc373471ff5e1a88b8928cefa3,,gx-no-cache=1542655305084 HTTP/1.1" 200 4219
190.171.142.42 - - [19/Nov/2018:16:23:17 -0300] "POST /cormun/servlet/trvisualizadoreventos?12854dbc373471ff5e1a88b8928cefa3,,gx-no-cache=1542655306291 HTTP/1.1" 200 4219
200.112.233.47 - - [19/Nov/2018:16:23:18 -0300] "POST /cormun/servlet/trsolicitudot?692d8307d1c81d9f8770ba3bf9dbb5fe,,gx-no-cache=1542655304792 HTTP/1.1" 200 5939
200.112.233.47 - - [19/Nov/2018:16:23:19 -0300] "POST /cormun/servlet/trsolicitudot?692d8307d1c81d9f8770ba3bf9dbb5fe,,gx-no-cache=1542655306255 HTTP/1.1" 200 5940
200.112.233.47 - - [19/Nov/2018:16:23:39 -0300] "POST /cormun/servlet/trsolicitudot?692d8307d1c81d9f8770ba3bf9dbb5fe,,gx-no-cache=1542655326430 HTTP/1.1" 200 5940
200.112.233.47 - - [19/Nov/2018:16:23:53 -0300] "POST /cormun/servlet/trsolicitudot?692d8307d1c81d9f8770ba3bf9dbb5fe,,gx-no-cache=1542655340654 HTTP/1.1" 200 5939
200.112.233.47 - - [19/Nov/2018:16:24:23 -0300] "POST /cormun/servlet/trsolicitudot?692d8307d1c81d9f8770ba3bf9dbb5fe,,gx-no-cache=1542655370839 HTTP/1.1" 200 5940
200.112.233.47 - - [19/Nov/2018:16:24:25 -0300] "POST /cormun/servlet/trsolicitudot?692d8307d1c81d9f8770ba3bf9dbb5fe,,gx-no-cache=1542655371869 HTTP/1.1" 200 5939
200.112.233.47 - - [19/Nov/2018:16:24:25 -0300] "POST /cormun/servlet/trsolicitudot?692d8307d1c81d9f8770ba3bf9dbb5fe,,gx-no-cache=1542655372439 HTTP/1.1" 200 5940
200.112.233.47 - - [19/Nov/2018:16:24:30 -0300] "GET /cormun/servlet/hlogin HTTP/1.1" 200 1724
192.168.10.96 - - [19/Nov/2018:16:24:51 -0300] "GET /cormun/servlet/trsolicitudgral? HTTP/1.1" 200 14357
192.168.10.96 - - [19/Nov/2018:16:24:52 -0300] "GET /cormun/servlet/trsolicitudgral? HTTP/1.1" 200 14354
192.168.10.96 - - [19/Nov/2018:16:24:57 -0300] "GET /cormun/servlet/vesolicitudgral?2018,12327,, HTTP/1.1" 200 9332
192.168.10.96 - - [19/Nov/2018:16:24:57 -0300] "GET /cormun/pexe_scrolldiv.js HTTP/1.1" 404 1009
192.168.10.96 - - [19/Nov/2018:16:24:58 -0300] "GET /cormun/pexe_scrolldiv.js HTTP/1.1" 404 1009
192.168.10.96 - - [19/Nov/2018:16:24:58 -0300] "GET /cormun/servlet/vesolicitudgral?2018,12327,, HTTP/1.1" 200 9332
45.237.157.12 - - [19/Nov/2018:16:24:59 -0300] "GET / HTTP/1.1" 200 11217
192.168.10.96 - - [19/Nov/2018:16:24:59 -0300] "GET /cormun/servlet/vesolicitudgral?2018,12327,,SolicitudOTAdjuntos HTTP/1.1" 200 11573
192.168.10.96 - - [19/Nov/2018:16:24:59 -0300] "GET /cormun/pexe_scrolldiv.js HTTP/1.1" 404 1009
192.168.10.96 - - [19/Nov/2018:16:24:59 -0300] "GET /cormun/pexe_scrolldiv.js HTTP/1.1" 404 1009
192.168.10.96 - - [19/Nov/2018:16:25:00 -0300] "GET /cormun/servlet/vesolicitudgral?2018,12327,,SolicitudOTAdjuntos HTTP/1.1" 200 11573
192.168.10.96 - - [19/Nov/2018:16:25:01 -0300] "POST /cormun/servlet/acontrolpreferencessavestate?None,DZAMUDIO,true HTTP/1.1" 200 35
192.168.10.89 - - [19/Nov/2018:16:27:24 -0300] "GET /cormun/servlet/hlogin HTTP/1.1" 200 1717
192.168.10.89 - - [19/Nov/2018:16:27:30 -0300] "POST /cormun/servlet/hlogin?93d7fb4ff5e95fc7f571ce1f2af506bb,gx-no-cache=1542655400297 HTTP/1.1" 200 90
192.168.10.89 - - [19/Nov/2018:16:27:30 -0300] "GET /cormun/servlet/hpexe_link HTTP/1.1" 200 947
192.168.10.89 - - [19/Nov/2018:16:27:30 -0300] "GET /cormun/servlet/hhome HTTP/1.1" 200 4969
200.111.191.210 - - [19/Nov/2018:16:27:30 -0300] "GET /cormun/servlet/trpermisosgoce? HTTP/1.1" 200 16614
200.111.191.210 - - [19/Nov/2018:16:27:31 -0300] "GET /cormun/servlet/trpermisosgoce? HTTP/1.1" 200 16614
190.171.142.42 - - [19/Nov/2018:16:27:37 -0300] "GET /cormun/servlet/trsolicitudot? HTTP/1.1" 200 7493
192.168.10.89 - - [19/Nov/2018:16:27:38 -0300] "GET /cormun/servlet/trsolicitudot? HTTP/1.1" 200 8233
192.168.10.89 - - [19/Nov/2018:16:27:38 -0300] "GET /cormun/static/gxcfg.js?2017111422585916 HTTP/1.1" 200 953
190.171.142.42 - - [19/Nov/2018:16:27:38 -0300] "GET /cormun/servlet/trsolicitudot? HTTP/1.1" 200 7493
192.168.10.89 - - [19/Nov/2018:16:27:38 -0300] "GET /cormun/static/trsolicitudot.js?201711142259839 HTTP/1.1" 200 54041
192.168.10.89 - - [19/Nov/2018:16:27:55 -0300] "GET /cormun/static/menuarrow.gif HTTP/1.1" 404 1015
190.171.142.42 - - [19/Nov/2018:16:27:56 -0300] "GET /cormun/static/menuarrow.gif HTTP/1.1" 404 1015
200.111.191.210 - - [19/Nov/2018:16:28:03 -0300] "GET /cormun/servlet/trpermisosadjuntos?5607307,20181119121444,P, HTTP/1.1" 200 6350
200.111.191.210 - - [19/Nov/2018:16:28:04 -0300] "GET /cormun/servlet/trpermisosadjuntos?5607307,20181119121444,P, HTTP/1.1" 200 6350
200.111.191.210 - - [19/Nov/2018:16:28:05 -0300] "GET /cormun/servlet/permisosadjuntos?INS,5607307,P,20181119121444,, HTTP/1.1" 200 5678
200.111.191.210 - - [19/Nov/2018:16:28:05 -0300] "GET /cormun/static/about:blank HTTP/1.1" 404 1011
200.111.191.210 - - [19/Nov/2018:16:28:05 -0300] "GET /cormun/servlet/permisosadjuntos?INS,5607307,P,20181119121444,, HTTP/1.1" 200 5668
192.168.10.96 - - [19/Nov/2018:16:28:14 -0300] "GET /cormun/servlet/trsolicitudgral? HTTP/1.1" 200 14360
192.168.10.96 - - [19/Nov/2018:16:28:14 -0300] "GET /cormun/servlet/trsolicitudgral? HTTP/1.1" 200 14354
190.171.142.42 - - [19/Nov/2018:16:28:16 -0300] "POST /cormun/servlet/trsolicitudot?12854dbc373471ff5e1a88b8928cefa3,,gx-no-cache=1542655605472 HTTP/1.1" 200 5907
190.171.142.42 - - [19/Nov/2018:16:28:17 -0300] "GET /cormun//static/Resources/PXToolsActionView.png HTTP/1.1" 200 2995
190.171.142.42 - - [19/Nov/2018:16:28:17 -0300] "GET /cormun//static/Resources/PXTools/ActionInsert.png HTTP/1.1" 200 1482
190.171.142.42 - - [19/Nov/2018:16:28:17 -0300] "GET /cormun//static/Resources/PXToolsRemoveAllAction.png HTTP/1.1" 200 3558
190.171.142.42 - - [19/Nov/2018:16:28:17 -0300] "GET /cormun//static/Resources/PXToolsGridDelete.png HTTP/1.1" 200 357
190.171.142.42 - - [19/Nov/2018:16:28:17 -0300] "GET /cormun//static/Resources/PXToolsGridUpdate.png HTTP/1.1" 200 2984
192.168.10.96 - - [19/Nov/2018:16:28:19 -0300] "POST /cormun/servlet/trsolicitudgral?11ae13a6db9470947b064fbda97e54cd,,gx-no-cache=1542655449063 HTTP/1.1" 200 11408
200.111.191.210 - - [19/Nov/2018:16:28:20 -0300] "POST /cormun/servlet/permisosadjuntos?3b3209c792534b3b135ee9826fa177e5,INS,5607307,P,20181119121444,, HTTP/1.1" 200 116
200.111.191.210 - - [19/Nov/2018:16:28:20 -0300] "GET /cormun/servlet/hpexe_return? HTTP/1.1" 200 1035
200.111.191.210 - - [19/Nov/2018:16:28:20 -0300] "GET /cormun/servlet/trpermisosadjuntos?5607307,20181119121444,P, HTTP/1.1" 200 6814
200.111.191.210 - - [19/Nov/2018:16:28:21 -0300] "GET /cormun/servlet/trpermisosadjuntos?5607307,20181119121444,P, HTTP/1.1" 200 6811
200.111.191.210 - - [19/Nov/2018:16:28:24 -0300] "GET /cormun/servlet/trpermisosgoce? HTTP/1.1" 200 16587
200.111.191.210 - - [19/Nov/2018:16:28:25 -0300] "GET /cormun/servlet/trpermisosgoce? HTTP/1.1" 200 16600
200.111.191.210 - - [19/Nov/2018:16:28:27 -0300] "POST /cormun/servlet/trpermisosgoce?3b3209c792534b3b135ee9826fa177e5,,gx-no-cache=1542655664663 HTTP/1.1" 200 13626
200.111.191.210 - - [19/Nov/2018:16:28:28 -0300] "GET /cormun/static/Shared/jqueryui/images/ui-bg_highlight-soft_100_c6c2c8_1x100.png HTTP/1.1" 404 1117
200.111.191.210 - - [19/Nov/2018:16:28:28 -0300] "GET /cormun/static/Shared/jqueryui/images/ui-icons_82798d_256x240.png HTTP/1.1" 404 1089
200.111.191.210 - - [19/Nov/2018:16:28:28 -0300] "GET /cormun/static/Shared/jqueryui/images/ui-bg_flat_55_fafafa_40x100.png HTTP/1.1" 404 1097
200.111.191.210 - - [19/Nov/2018:16:28:28 -0300] "GET /cormun/static/Shared/jqueryui/images/ui-icons_8d78a5_256x240.png HTTP/1.1" 404 1089
200.111.191.210 - - [19/Nov/2018:16:28:29 -0300] "GET /cormun/servlet/trpermisosadjuntos?15995742,20181119151157,P, HTTP/1.1" 200 6337
200.111.191.210 - - [19/Nov/2018:16:28:29 -0300] "GET /cormun/servlet/trpermisosadjuntos?15995742,20181119151157,P, HTTP/1.1" 200 6337
200.111.191.210 - - [19/Nov/2018:16:28:30 -0300] "GET /cormun/servlet/permisosadjuntos?INS,15995742,P,20181119151157,, HTTP/1.1" 200 5664
200.111.191.210 - - [19/Nov/2018:16:28:30 -0300] "GET /cormun/static/about:blank HTTP/1.1" 404 1011
200.111.191.210 - - [19/Nov/2018:16:28:31 -0300] "GET /cormun/servlet/permisosadjuntos?INS,15995742,P,20181119151157,, HTTP/1.1" 200 5655
190.171.142.42 - - [19/Nov/2018:16:28:32 -0300] "POST /cormun/servlet/trsolicitudot?12854dbc373471ff5e1a88b8928cefa3,,gx-no-cache=1542655620822 HTTP/1.1" 200 4757
190.171.142.42 - - [19/Nov/2018:16:28:32 -0300] "GET /cormun/static/Shared/jqueryui/images/ui-bg_highlight-soft_100_c6c2c8_1x100.png HTTP/1.1" 404 1117
190.171.142.42 - - [19/Nov/2018:16:28:32 -0300] "GET /cormun/static/Shared/jqueryui/images/ui-icons_82798d_256x240.png HTTP/1.1" 404 1089
190.171.142.42 - - [19/Nov/2018:16:28:32 -0300] "GET /cormun/static/Shared/jqueryui/images/ui-icons_8d78a5_256x240.png HTTP/1.1" 404 1089
190.171.142.42 - - [19/Nov/2018:16:28:32 -0300] "GET /cormun/static/Shared/jqueryui/images/ui-bg_flat_55_fafafa_40x100.png HTTP/1.1" 404 1097
190.171.142.42 - - [19/Nov/2018:16:28:32 -0300] "POST /cormun/servlet/trsolicitudot?12854dbc373471ff5e1a88b8928cefa3,,gx-no-cache=1542655621329 HTTP/1.1" 200 4537
200.111.191.210 - - [19/Nov/2018:16:28:35 -0300] "POST /cormun/servlet/permisosadjuntos?3b3209c792534b3b135ee9826fa177e5,INS,15995742,P,20181119151157,, HTTP/1.1" 200 116
200.111.191.210 - - [19/Nov/2018:16:28:35 -0300] "GET /cormun/servlet/hpexe_return? HTTP/1.1" 200 1036
200.111.191.210 - - [19/Nov/2018:16:28:36 -0300] "GET /cormun/servlet/trpermisosadjuntos?15995742,20181119151157,P, HTTP/1.1" 200 6799
200.111.191.210 - - [19/Nov/2018:16:28:36 -0300] "GET /cormun/servlet/trpermisosadjuntos?15995742,20181119151157,P, HTTP/1.1" 200 6795
200.111.191.210 - - [19/Nov/2018:16:28:38 -0300] "GET /cormun/servlet/trpermisosgoce? HTTP/1.1" 200 16595
200.111.191.210 - - [19/Nov/2018:16:28:39 -0300] "GET /cormun/servlet/trpermisosgoce? HTTP/1.1" 200 16585
190.171.142.42 - - [19/Nov/2018:16:28:42 -0300] "GET /cormun/servlet/trautorizarsolicitud? HTTP/1.1" 200 7396
190.171.142.42 - - [19/Nov/2018:16:28:42 -0300] "GET /cormun/static/gxcfg.js?2017111423403364 HTTP/1.1" 200 953
190.171.142.42 - - [19/Nov/2018:16:28:42 -0300] "GET /cormun/static/trautorizarsolicitud.js?201711142340425 HTTP/1.1" 200 53910
200.111.191.210 - - [19/Nov/2018:16:28:43 -0300] "POST /cormun/servlet/trpermisosgoce?3b3209c792534b3b135ee9826fa177e5,,gx-no-cache=1542655680397 HTTP/1.1" 200 13601
200.111.191.210 - - [19/Nov/2018:16:28:43 -0300] "GET /cormun/static/Shared/jqueryui/images/ui-icons_82798d_256x240.png HTTP/1.1" 404 1089
200.111.191.210 - - [19/Nov/2018:16:28:43 -0300] "GET /cormun/static/Shared/jqueryui/images/ui-bg_highlight-soft_100_c6c2c8_1x100.png HTTP/1.1" 404 1117
200.111.191.210 - - [19/Nov/2018:16:28:43 -0300] "GET /cormun/static/Shared/jqueryui/images/ui-bg_flat_55_fafafa_40x100.png HTTP/1.1" 404 1097
200.111.191.210 - - [19/Nov/2018:16:28:43 -0300] "GET /cormun/static/Shared/jqueryui/images/ui-icons_8d78a5_256x240.png HTTP/1.1" 404 1089
190.171.142.42 - - [19/Nov/2018:16:28:43 -0300] "GET /cormun/servlet/trautorizarsolicitud? HTTP/1.1" 200 7395
200.111.191.210 - - [19/Nov/2018:16:28:44 -0300] "GET /cormun/servlet/trpermisosadjuntos?16254888,20181119151247,P, HTTP/1.1" 200 6348
200.111.191.210 - - [19/Nov/2018:16:28:45 -0300] "GET /cormun/servlet/trpermisosadjuntos?16254888,20181119151247,P, HTTP/1.1" 200 6349
200.111.191.210 - - [19/Nov/2018:16:28:46 -0300] "GET /cormun/servlet/permisosadjuntos?INS,16254888,P,20181119151247,, HTTP/1.1" 200 5676
200.111.191.210 - - [19/Nov/2018:16:28:46 -0300] "GET /cormun/static/about:blank HTTP/1.1" 404 1011
200.111.191.210 - - [19/Nov/2018:16:28:46 -0300] "GET /cormun/servlet/permisosadjuntos?INS,16254888,P,20181119151247,, HTTP/1.1" 200 5666
200.111.191.210 - - [19/Nov/2018:16:28:51 -0300] "POST /cormun/servlet/permisosadjuntos?3b3209c792534b3b135ee9826fa177e5,INS,16254888,P,20181119151247,, HTTP/1.1" 200 116
200.111.191.210 - - [19/Nov/2018:16:28:51 -0300] "GET /cormun/servlet/hpexe_return? HTTP/1.1" 200 1035
200.111.191.210 - - [19/Nov/2018:16:28:51 -0300] "GET /cormun/servlet/trpermisosadjuntos?16254888,20181119151247,P, HTTP/1.1" 200 6810
200.111.191.210 - - [19/Nov/2018:16:28:52 -0300] "GET /cormun/servlet/trpermisosadjuntos?16254888,20181119151247,P, HTTP/1.1" 200 6807
190.171.142.42 - - [19/Nov/2018:16:28:53 -0300] "GET /cormun/servlet/trautorizarsolicitud? HTTP/1.1" 200 7395
190.171.142.42 - - [19/Nov/2018:16:28:53 -0300] "GET /cormun/servlet/trautorizarsolicitud? HTTP/1.1" 200 7395
192.168.10.96 - - [19/Nov/2018:16:28:59 -0300] "POST /cormun/servlet/trsolicitudgral?11ae13a6db9470947b064fbda97e54cd,,gx-no-cache=1542655489414 HTTP/1.1" 200 7389
200.111.191.210 - - [19/Nov/2018:16:29:00 -0300] "GET /cormun/servlet/trpermisosgoce? HTTP/1.1" 200 16567
200.111.191.210 - - [19/Nov/2018:16:29:01 -0300] "GET /cormun/servlet/trpermisosgoce? HTTP/1.1" 200 16532
200.111.191.210 - - [19/Nov/2018:16:29:02 -0300] "POST /cormun/servlet/trpermisosgoce?3b3209c792534b3b135ee9826fa177e5,,gx-no-cache=1542655700581 HTTP/1.1" 200 13557
200.111.191.210 - - [19/Nov/2018:16:29:03 -0300] "GET /cormun/static/Shared/jqueryui/images/ui-bg_highlight-soft_100_c6c2c8_1x100.png HTTP/1.1" 404 1117
200.111.191.210 - - [19/Nov/2018:16:29:03 -0300] "GET /cormun/static/Shared/jqueryui/images/ui-bg_flat_55_fafafa_40x100.png HTTP/1.1" 404 1097
200.111.191.210 - - [19/Nov/2018:16:29:03 -0300] "GET /cormun/static/Shared/jqueryui/images/ui-icons_8d78a5_256x240.png HTTP/1.1" 404 1089
200.111.191.210 - - [19/Nov/2018:16:29:03 -0300] "GET /cormun/static/Shared/jqueryui/images/ui-icons_82798d_256x240.png HTTP/1.1" 404 1089
192.168.10.89 - - [19/Nov/2018:16:29:06 -0300] "GET /cormun/servlet/trautorizarsolicitud? HTTP/1.1" 200 8116
192.168.10.89 - - [19/Nov/2018:16:29:06 -0300] "GET /cormun/static/gxcfg.js?2017111423403364 HTTP/1.1" 200 953
192.168.10.89 - - [19/Nov/2018:16:29:06 -0300] "GET /cormun/static/trautorizarsolicitud.js?201711142340425 HTTP/1.1" 200 53910
200.111.191.210 - - [19/Nov/2018:16:29:07 -0300] "GET /cormun/servlet/trlicencias? HTTP/1.1" 200 14619
