186.103.159.187 - - [19/Nov/2018:15:42:24 -0300] "GET /cormun/servlet/solicitudot?98fc50e33aea376875827076d27bee841dcbc17cff4eb941c2c6b72c5385f17cb637891ed31f8da7c58bbde7564853c0,gx-no-cache=1542652855086 HTTP/1.1" 200 134
200.112.233.47 - - [19/Nov/2018:15:42:39 -0300] "GET /cormun/PublicTempStorage/cv_isaac_araya4615139.pdf HTTP/1.1" 200 1045019
186.103.159.187 - - [19/Nov/2018:15:42:57 -0300] "GET /cormun/servlet/prfichaempleado?,MD,,gxPopupLevel%3D0%3B HTTP/1.1" 200 9282
186.103.159.187 - - [19/Nov/2018:15:42:57 -0300] "GET /cormun/static/gxcfg.js?20177612134814 HTTP/1.1" 200 953
186.103.159.187 - - [19/Nov/2018:15:42:57 -0300] "GET /cormun/static/prfichaempleado.js?20177612134999 HTTP/1.1" 200 16006
186.103.159.187 - - [19/Nov/2018:15:43:07 -0300] "POST /cormun/servlet/prfichaempleado?fededc384673432db460c147b1dbb4cd,,MD,,gxPopupLevel%3D0%3B,gx-no-cache=1542652898015 HTTP/1.1" 200 3418
186.103.159.187 - - [19/Nov/2018:15:43:12 -0300] "POST /cormun/servlet/solicitudot?gx-no-cache=1542652903875 HTTP/1.1" 200 1280
186.103.159.187 - - [19/Nov/2018:15:43:12 -0300] "GET /cormun/static/menuarrow.gif HTTP/1.1" 404 1015
192.168.10.97 - - [19/Nov/2018:15:43:17 -0300] "GET /cormun/servlet/hlogin HTTP/1.1" 200 1728
192.168.10.97 - - [19/Nov/2018:15:43:19 -0300] "POST /cormun/servlet/hlogin?d04b6b1c529c11ab87b53a956935ab1d,gx-no-cache=1542652749065 HTTP/1.1" 200 90
192.168.10.97 - - [19/Nov/2018:15:43:19 -0300] "GET /cormun/servlet/hpexe_link HTTP/1.1" 200 954
192.168.10.97 - - [19/Nov/2018:15:43:19 -0300] "GET /cormun/servlet/hhome HTTP/1.1" 200 3806
192.168.10.97 - - [19/Nov/2018:15:43:19 -0300] "GET /cormun/servlet/hhome HTTP/1.1" 200 3802
186.103.159.187 - - [19/Nov/2018:15:43:23 -0300] "POST /cormun/servlet/solicitudot?gx-no-cache=1542652914742 HTTP/1.1" 200 122
186.103.159.187 - - [19/Nov/2018:15:43:23 -0300] "GET /cormun/servlet/solicitudot?98fc50e33aea376875827076d27bee84faadaa83ae2924f91377296c5c7154b861271d5c17e25675e63a94742548d52027c8b54b18b1887454ceb45951a0a0d853b5c8af134f769dd0aa22afb721f69ff344c7417fdba97cd310ca6dc34988dd27b7dccd36d1f1242c64c8dd8f6950ee,gx-no-cache=1542652914802 HTTP/1.1" 200 110
186.103.159.187 - - [19/Nov/2018:15:43:23 -0300] "POST /cormun/servlet/solicitudot?gx-no-cache=1542652914841 HTTP/1.1" 200 72
192.168.10.97 - - [19/Nov/2018:15:43:26 -0300] "GET /cormun/servlet/trsolicitudgral? HTTP/1.1" 200 14053
192.168.10.97 - - [19/Nov/2018:15:43:27 -0300] "GET /cormun/servlet/trsolicitudgral? HTTP/1.1" 200 14050
192.168.10.97 - - [19/Nov/2018:15:43:31 -0300] "GET /cormun/servlet/vesolicitudgral?2018,12348,, HTTP/1.1" 200 8419
192.168.10.97 - - [19/Nov/2018:15:43:31 -0300] "GET /cormun/pexe_scrolldiv.js HTTP/1.1" 404 1009
192.168.10.97 - - [19/Nov/2018:15:43:31 -0300] "GET /cormun/pexe_scrolldiv.js HTTP/1.1" 404 1009
192.168.10.97 - - [19/Nov/2018:15:43:32 -0300] "GET /cormun/servlet/vesolicitudgral?2018,12348,, HTTP/1.1" 200 8419
156.67.97.101 - - [19/Nov/2018:15:43:33 -0300] "GET / HTTP/1.1" 200 11217
192.168.10.97 - - [19/Nov/2018:15:43:34 -0300] "POST /cormun/servlet/vesolicitudgral?d04b6b1c529c11ab87b53a956935ab1d,2018,12348,,,gx-no-cache=1542652763908 HTTP/1.1" 200 11485
192.168.10.97 - - [19/Nov/2018:15:43:34 -0300] "GET /cormun/static/Shared/jqueryui/images/ui-bg_highlight-soft_100_c6c2c8_1x100.png HTTP/1.1" 404 1117
192.168.10.97 - - [19/Nov/2018:15:43:34 -0300] "GET /cormun/static/Shared/jqueryui/images/ui-icons_82798d_256x240.png HTTP/1.1" 404 1089
192.168.10.97 - - [19/Nov/2018:15:43:34 -0300] "GET /cormun/static/Shared/jqueryui/images/ui-bg_flat_55_fafafa_40x100.png HTTP/1.1" 404 1097
192.168.10.97 - - [19/Nov/2018:15:43:34 -0300] "GET /cormun/static/Shared/jqueryui/images/ui-icons_8d78a5_256x240.png HTTP/1.1" 404 1089
192.168.10.97 - - [19/Nov/2018:15:43:34 -0300] "POST /cormun/servlet/vesolicitudgral?d04b6b1c529c11ab87b53a956935ab1d,2018,12348,,,gx-no-cache=1542652764212 HTTP/1.1" 200 11419
186.103.159.187 - - [19/Nov/2018:15:43:35 -0300] "GET /cormun/servlet/solicitudot?98fc50e33aea376875827076d27bee841dcbc17cff4eb941c2c6b72c5385f17ccabf11bd83340ebd10ec282b58eb0e0c,gx-no-cache=1542652926521 HTTP/1.1" 200 134
186.103.159.187 - - [19/Nov/2018:15:43:35 -0300] "POST /cormun/servlet/solicitudot?gx-no-cache=1542652926570 HTTP/1.1" 200 122
192.168.10.97 - - [19/Nov/2018:15:43:39 -0300] "GET /cormun/servlet/trsolicitudgral? HTTP/1.1" 200 13617
192.168.10.97 - - [19/Nov/2018:15:43:40 -0300] "GET /cormun/servlet/trsolicitudgral? HTTP/1.1" 200 13614
192.168.10.97 - - [19/Nov/2018:15:43:46 -0300] "GET /cormun/servlet/vesolicitudgral?2018,12295,, HTTP/1.1" 200 8436
192.168.10.97 - - [19/Nov/2018:15:43:46 -0300] "GET /cormun/pexe_scrolldiv.js HTTP/1.1" 404 1009
192.168.10.97 - - [19/Nov/2018:15:43:46 -0300] "GET /cormun/pexe_scrolldiv.js HTTP/1.1" 404 1009
192.168.10.97 - - [19/Nov/2018:15:43:46 -0300] "GET /cormun/servlet/vesolicitudgral?2018,12295,, HTTP/1.1" 200 8436
192.168.10.97 - - [19/Nov/2018:15:43:49 -0300] "POST /cormun/servlet/vesolicitudgral?d04b6b1c529c11ab87b53a956935ab1d,2018,12295,,,gx-no-cache=1542652779507 HTTP/1.1" 200 11515
192.168.10.97 - - [19/Nov/2018:15:43:49 -0300] "GET /cormun/static/Shared/jqueryui/images/ui-icons_82798d_256x240.png HTTP/1.1" 404 1089
192.168.10.97 - - [19/Nov/2018:15:43:49 -0300] "GET /cormun/static/Shared/jqueryui/images/ui-bg_highlight-soft_100_c6c2c8_1x100.png HTTP/1.1" 404 1117
192.168.10.97 - - [19/Nov/2018:15:43:49 -0300] "GET /cormun/static/Shared/jqueryui/images/ui-bg_flat_55_fafafa_40x100.png HTTP/1.1" 404 1097
192.168.10.97 - - [19/Nov/2018:15:43:49 -0300] "GET /cormun/static/Shared/jqueryui/images/ui-icons_8d78a5_256x240.png HTTP/1.1" 404 1089
192.168.10.97 - - [19/Nov/2018:15:43:49 -0300] "POST /cormun/servlet/vesolicitudgral?d04b6b1c529c11ab87b53a956935ab1d,2018,12295,,,gx-no-cache=1542652779729 HTTP/1.1" 200 11449
186.79.30.191 - - [19/Nov/2018:15:44:38 -0300] "GET /cormun/servlet/trsolicitudot? HTTP/1.1" 200 6426
186.79.30.191 - - [19/Nov/2018:15:44:39 -0300] "GET /cormun/static/gxui/gxui-all.css?120300 HTTP/1.1" 200 2179
186.79.30.191 - - [19/Nov/2018:15:44:39 -0300] "GET /cormun/static/calendar-system.css?85620 HTTP/1.1" 200 5572
186.79.30.191 - - [19/Nov/2018:15:44:39 -0300] "GET /cormun/static/Resources/Spanish/PXTools.css?1255365 HTTP/1.1" 200 89042
186.79.30.191 - - [19/Nov/2018:15:44:39 -0300] "GET /cormun/static/Shared/jqueryui/jquery-ui.min.css?1245370 HTTP/1.1" 200 30288
186.79.30.191 - - [19/Nov/2018:15:44:39 -0300] "GET /cormun/static/SmoothNavMenu/resources/ddsmoothmenu.css?1012540 HTTP/1.1" 200 2223
186.79.30.191 - - [19/Nov/2018:15:44:39 -0300] "GET /cormun/static/SmoothNavMenu/resources/ddsmoothmenu-v.css?1012540 HTTP/1.1" 200 1188
186.79.30.191 - - [19/Nov/2018:15:44:39 -0300] "GET /cormun/static/gxcfg.js?2017111422585916 HTTP/1.1" 200 953
186.79.30.191 - - [19/Nov/2018:15:44:40 -0300] "GET /cormun/static/scaMessage/css/jquery.pnotify.default.css?1716380 HTTP/1.1" 200 1707
186.79.30.191 - - [19/Nov/2018:15:44:40 -0300] "GET /cormun/static/RunJS/RunJS.js HTTP/1.1" 200 288
186.79.30.191 - - [19/Nov/2018:15:44:40 -0300] "GET /cormun/static/PXToolsJavascripts/pexe_cookies.js HTTP/1.1" 200 792
186.79.30.191 - - [19/Nov/2018:15:44:40 -0300] "GET /cormun/static/PXToolsJavascripts/pexe_menudivfix.js HTTP/1.1" 200 333
186.79.30.191 - - [19/Nov/2018:15:44:40 -0300] "GET /cormun/static/PXToolsJavascripts/pexe_oav.js HTTP/1.1" 200 645
186.79.30.191 - - [19/Nov/2018:15:44:40 -0300] "GET /cormun/static/PXToolsJavascripts/pexe_oavdivfix.js HTTP/1.1" 200 639
186.79.30.191 - - [19/Nov/2018:15:44:40 -0300] "GET /cormun/static/PXToolsJavascripts/pexe_picture.js HTTP/1.1" 200 689
186.79.30.191 - - [19/Nov/2018:15:44:40 -0300] "GET /cormun/static/PXToolsJavascripts/pexe_tabdivfix.js HTTP/1.1" 200 876
186.79.30.191 - - [19/Nov/2018:15:44:40 -0300] "GET /cormun/static/PXToolsJavascripts/PXToolsJavascriptsRender.js HTTP/1.1" 200 367
186.79.30.191 - - [19/Nov/2018:15:44:40 -0300] "GET /cormun/static/Resources/PXToolsGridNew.png HTTP/1.1" 200 2949
186.79.30.191 - - [19/Nov/2018:15:44:40 -0300] "GET /cormun/static/trsolicitudot.js?201711142259839 HTTP/1.1" 200 54041
186.79.30.191 - - [19/Nov/2018:15:44:40 -0300] "GET /cormun/static/hpexe_messagecontroller.js?20177611595012 HTTP/1.1" 200 870
186.79.30.191 - - [19/Nov/2018:15:44:40 -0300] "GET /cormun/static/hpexe_messagepopupcomponent.js?20161017169425 HTTP/1.1" 200 605
186.79.30.191 - - [19/Nov/2018:15:44:40 -0300] "GET /cormun/static/hpexe_messagegenexuscomponent.js?201752511465344 HTTP/1.1" 200 587
186.79.30.191 - - [19/Nov/2018:15:44:49 -0300] "GET /cormun/static/Resources/PXToolsDataSearch.png HTTP/1.1" 200 419
186.79.30.191 - - [19/Nov/2018:15:44:49 -0300] "GET /cormun/static/Resources/PXToolsGridFirstDisabled.gif HTTP/1.1" 200 100
186.79.30.191 - - [19/Nov/2018:15:44:49 -0300] "GET /cormun/static/Resources/PXToolsGridPreviousDisabled.gif HTTP/1.1" 200 90
186.79.30.191 - - [19/Nov/2018:15:44:49 -0300] "GET /cormun/static/Resources/PXToolsGridNextDisabled.gif HTTP/1.1" 200 90
186.79.30.191 - - [19/Nov/2018:15:44:49 -0300] "GET /cormun/static/Resources/PXToolsGridLastDisabled.gif HTTP/1.1" 200 98
186.79.30.191 - - [19/Nov/2018:15:44:49 -0300] "GET /cormun/static/Resources/PXToolsGridPage.gif HTTP/1.1" 200 725
186.79.30.191 - - [19/Nov/2018:15:44:49 -0300] "GET /cormun/static/Resources/PXToolsActionExcel.png HTTP/1.1" 200 3187
186.79.30.191 - - [19/Nov/2018:15:44:51 -0300] "GET /cormun/servlet/trsolicitudot? HTTP/1.1" 200 6408
186.79.30.191 - - [19/Nov/2018:15:44:52 -0300] "GET /cormun/servlet/hlogin HTTP/1.1" 200 1730
186.79.30.191 - - [19/Nov/2018:15:44:52 -0300] "GET /cormun/static/Resources/ComunLogin.png HTTP/1.1" 200 17326
186.79.30.191 - - [19/Nov/2018:15:44:53 -0300] "GET /cormun/static/Resources/Spanish/PXTools.css?1155365 HTTP/1.1" 200 40960
186.79.30.191 - - [19/Nov/2018:15:44:53 -0300] "GET /cormun/static/gxcfg.js?20177612122725 HTTP/1.1" 200 953
186.79.30.191 - - [19/Nov/2018:15:44:53 -0300] "GET /cormun/static/Resources/PXToolsLoginTop.png HTTP/1.1" 200 1337
186.79.30.191 - - [19/Nov/2018:15:44:53 -0300] "GET /cormun/static/Resources/PXToolsLoginBackground.png HTTP/1.1" 200 1164
186.79.30.191 - - [19/Nov/2018:15:44:53 -0300] "GET /cormun/static/Resources/PXToolsLoginBottom.png HTTP/1.1" 200 1389
186.103.159.187 - - [19/Nov/2018:15:45:03 -0300] "GET /cormun/servlet/solicitudot?98fc50e33aea376875827076d27bee8499867de4c6d16895863bfbf08acf1fe3e5d2e425c82ea3e4dd43f3e9049d08d1,gx-no-cache=1542653014388 HTTP/1.1" 200 30
200.112.233.47 - - [19/Nov/2018:15:45:14 -0300] "GET /cormun/servlet/hlogin HTTP/1.1" 200 1720
192.168.10.97 - - [19/Nov/2018:15:45:15 -0300] "GET /cormun/servlet/trsolicitudgral? HTTP/1.1" 200 13042
192.168.10.97 - - [19/Nov/2018:15:45:16 -0300] "GET /cormun/servlet/trsolicitudgral? HTTP/1.1" 200 13039
186.103.159.187 - - [19/Nov/2018:15:45:20 -0300] "POST /cormun/servlet/solicitudot?gx-no-cache=1542653031153 HTTP/1.1" 200 146
186.103.159.187 - - [19/Nov/2018:15:45:20 -0300] "POST /cormun/servlet/solicitudot?fededc384673432db460c147b1dbb4cd,INS,0,0,,gx-no-cache=1542653031247 HTTP/1.1" 200 12045
200.112.233.47 - - [19/Nov/2018:15:45:24 -0300] "POST /cormun/servlet/hlogin?a3deac85cd074f44d17f4758d8b9eb69,gx-no-cache=1542653031041 HTTP/1.1" 200 433
200.112.233.47 - - [19/Nov/2018:15:45:31 -0300] "POST /cormun/servlet/hlogin?a3deac85cd074f44d17f4758d8b9eb69,gx-no-cache=1542653038063 HTTP/1.1" 200 90
200.112.233.47 - - [19/Nov/2018:15:45:31 -0300] "GET /cormun/servlet/hpexe_link HTTP/1.1" 200 966
200.112.233.47 - - [19/Nov/2018:15:45:32 -0300] "GET /cormun/servlet/trsolicitudadjuntos?2018,12350, HTTP/1.1" 200 10184
200.112.233.47 - - [19/Nov/2018:15:45:33 -0300] "GET /cormun/servlet/trsolicitudadjuntos?2018,12350, HTTP/1.1" 200 10184
186.103.159.187 - - [19/Nov/2018:15:45:35 -0300] "POST /cormun/servlet/solicitudot?gx-no-cache=1542653046733 HTTP/1.1" 200 122
186.103.159.187 - - [19/Nov/2018:15:45:35 -0300] "GET /cormun/servlet/solicitudot?98fc50e33aea376875827076d27bee84faadaa83ae2924f91377296c5c7154b861271d5c17e25675e63a94742548d52027c8b54b18b1887454ceb45951a0a0d853b5c8af134f769dd0aa22afb721f69ff344c7417fdba97cd310ca6dc34988dd27b7dccd36d1f1242c64c8dd8f6950ee,gx-no-cache=1542653046781 HTTP/1.1" 200 110
186.103.159.187 - - [19/Nov/2018:15:45:35 -0300] "POST /cormun/servlet/solicitudot?gx-no-cache=1542653046815 HTTP/1.1" 200 146
186.103.159.187 - - [19/Nov/2018:15:45:36 -0300] "POST /cormun/servlet/solicitudot?fededc384673432db460c147b1dbb4cd,INS,0,0,,gx-no-cache=1542653046885 HTTP/1.1" 200 12101
186.103.159.187 - - [19/Nov/2018:15:45:44 -0300] "POST /cormun/servlet/solicitudot?gx-no-cache=1542653055086 HTTP/1.1" 200 122
186.103.159.187 - - [19/Nov/2018:15:45:44 -0300] "GET /cormun/servlet/solicitudot?98fc50e33aea376875827076d27bee84faadaa83ae2924f91377296c5c7154b861271d5c17e25675e63a94742548d52027c8b54b18b1887454ceb45951a0a0d853b5c8af134f769dd0aa22afb721f69ff344c7417fdba97cd310ca6dc34988dd27b7dccd36d1f1242c64c8dd8f6950ee,gx-no-cache=1542653055123 HTTP/1.1" 200 110
186.103.159.187 - - [19/Nov/2018:15:45:44 -0300] "POST /cormun/servlet/solicitudot?gx-no-cache=1542653055158 HTTP/1.1" 200 146
200.112.233.47 - - [19/Nov/2018:15:45:44 -0300] "GET /cormun/servlet/trsolicitudot? HTTP/1.1" 200 8964
186.103.159.187 - - [19/Nov/2018:15:45:44 -0300] "POST /cormun/servlet/solicitudot?fededc384673432db460c147b1dbb4cd,INS,0,0,,gx-no-cache=1542653055230 HTTP/1.1" 200 12150
200.112.233.47 - - [19/Nov/2018:15:45:44 -0300] "GET /cormun/servlet/trsolicitudot? HTTP/1.1" 200 8957
192.168.10.89 - - [19/Nov/2018:15:45:49 -0300] "POST /cormun/servlet/trsolicitudgral?71a012cb398bde3ba01b8763e5b23a19,,gx-no-cache=1542652899086 HTTP/1.1" 200 5973
186.79.30.191 - - [19/Nov/2018:15:46:00 -0300] "POST /cormun/servlet/hlogin?f7cb230d73a5d3293b6709334532c0d9,gx-no-cache=1542653067361 HTTP/1.1" 200 90
186.79.30.191 - - [19/Nov/2018:15:46:00 -0300] "GET /cormun/servlet/hpexe_link HTTP/1.1" 200 949
192.168.10.97 - - [19/Nov/2018:15:46:00 -0300] "GET /cormun/servlet/vesolicitudgral?2018,12324,, HTTP/1.1" 200 8354
192.168.10.97 - - [19/Nov/2018:15:46:00 -0300] "GET /cormun/pexe_scrolldiv.js HTTP/1.1" 404 1009
186.79.30.191 - - [19/Nov/2018:15:46:00 -0300] "GET /cormun/static/gxcfg.js?20177612121792 HTTP/1.1" 200 953
186.79.30.191 - - [19/Nov/2018:15:46:00 -0300] "GET /cormun/static/hpexe_link.js?20177612121795 HTTP/1.1" 200 625
186.79.30.191 - - [19/Nov/2018:15:46:00 -0300] "GET /cormun/servlet/trsolicitudot HTTP/1.1" 200 8830
192.168.10.97 - - [19/Nov/2018:15:46:00 -0300] "GET /cormun/servlet/vesolicitudgral?2018,12324,, HTTP/1.1" 200 8355
186.79.30.191 - - [19/Nov/2018:15:46:01 -0300] "GET /cormun/static/gxui/gxui-all.css?120300 HTTP/1.1" 200 2179
186.79.30.191 - - [19/Nov/2018:15:46:01 -0300] "GET /cormun/static/calendar-system.css?85620 HTTP/1.1" 200 5572
186.79.30.191 - - [19/Nov/2018:15:46:01 -0300] "GET /cormun/static/gxcfg.js?2017111422585916 HTTP/1.1" 200 953
186.79.30.191 - - [19/Nov/2018:15:46:02 -0300] "GET /cormun//static/Resources/PXToolsGridUpdate.png HTTP/1.1" 200 2984
186.79.30.191 - - [19/Nov/2018:15:46:02 -0300] "GET /cormun//static/Resources/PXToolsGridDelete.png HTTP/1.1" 200 357
186.79.30.191 - - [19/Nov/2018:15:46:02 -0300] "GET /cormun//static/Resources/PXToolsRemoveAllAction.png HTTP/1.1" 200 3558
186.79.30.191 - - [19/Nov/2018:15:46:02 -0300] "GET /cormun//static/Resources/PXToolsActionView.png HTTP/1.1" 200 2995
186.79.30.191 - - [19/Nov/2018:15:46:02 -0300] "GET /cormun//static/Resources/PXTools/ActionInsert.png HTTP/1.1" 200 1482
186.79.30.191 - - [19/Nov/2018:15:46:02 -0300] "GET /cormun/servlet/trsolicitudot HTTP/1.1" 200 8829
186.79.30.191 - - [19/Nov/2018:15:46:03 -0300] "GET /cormun/static/Shared/ext/resources/themes/images/default/panel/bg-headersPanel.png HTTP/1.1" 200 255
186.79.30.191 - - [19/Nov/2018:15:46:03 -0300] "GET /cormun/static/Shared/ext/resources/themes/images/default/tools/tool-sprites.gif HTTP/1.1" 200 5434
192.168.10.97 - - [19/Nov/2018:15:46:03 -0300] "POST /cormun/servlet/vesolicitudgral?d04b6b1c529c11ab87b53a956935ab1d,2018,12324,,,gx-no-cache=1542652913628 HTTP/1.1" 200 11497
192.168.10.97 - - [19/Nov/2018:15:46:03 -0300] "GET /cormun/static/Shared/jqueryui/images/ui-icons_82798d_256x240.png HTTP/1.1" 404 1089
192.168.10.97 - - [19/Nov/2018:15:46:03 -0300] "GET /cormun/static/Shared/jqueryui/images/ui-bg_highlight-soft_100_c6c2c8_1x100.png HTTP/1.1" 404 1117
192.168.10.97 - - [19/Nov/2018:15:46:03 -0300] "GET /cormun/static/Shared/jqueryui/images/ui-bg_flat_55_fafafa_40x100.png HTTP/1.1" 404 1097
192.168.10.97 - - [19/Nov/2018:15:46:03 -0300] "GET /cormun/static/Shared/jqueryui/images/ui-icons_8d78a5_256x240.png HTTP/1.1" 404 1089
192.168.10.97 - - [19/Nov/2018:15:46:03 -0300] "POST /cormun/servlet/vesolicitudgral?d04b6b1c529c11ab87b53a956935ab1d,2018,12324,,,gx-no-cache=1542652913837 HTTP/1.1" 200 11432
192.168.10.97 - - [19/Nov/2018:15:46:07 -0300] "GET /cormun/servlet/trsolicitudgral? HTTP/1.1" 200 12523
192.168.10.97 - - [19/Nov/2018:15:46:07 -0300] "GET /cormun/servlet/trsolicitudgral? HTTP/1.1" 200 12520
186.103.159.187 - - [19/Nov/2018:15:46:15 -0300] "POST /cormun/servlet/solicitudot?gx-no-cache=1542653086264 HTTP/1.1" 200 30
200.112.233.47 - - [19/Nov/2018:15:46:22 -0300] "POST /cormun/servlet/trsolicitudot?a3deac85cd074f44d17f4758d8b9eb69,,gx-no-cache=1542653089129 HTTP/1.1" 200 4812
200.112.233.47 - - [19/Nov/2018:15:46:22 -0300] "GET /cormun/static/Shared/jqueryui/images/ui-bg_highlight-soft_100_c6c2c8_1x100.png HTTP/1.1" 404 1117
200.112.233.47 - - [19/Nov/2018:15:46:22 -0300] "GET /cormun/static/Shared/jqueryui/images/ui-icons_82798d_256x240.png HTTP/1.1" 404 1089
200.112.233.47 - - [19/Nov/2018:15:46:22 -0300] "GET /cormun/static/Shared/jqueryui/images/ui-bg_flat_55_fafafa_40x100.png HTTP/1.1" 404 1097
200.112.233.47 - - [19/Nov/2018:15:46:22 -0300] "GET /cormun/static/Shared/jqueryui/images/ui-icons_8d78a5_256x240.png HTTP/1.1" 404 1089
200.112.233.47 - - [19/Nov/2018:15:46:22 -0300] "POST /cormun/servlet/trsolicitudot?a3deac85cd074f44d17f4758d8b9eb69,,gx-no-cache=1542653089449 HTTP/1.1" 200 4553
192.168.10.89 - - [19/Nov/2018:15:46:23 -0300] "POST /cormun/servlet/trsolicitudgral?71a012cb398bde3ba01b8763e5b23a19,,gx-no-cache=1542652932976 HTTP/1.1" 200 7341
186.103.159.187 - - [19/Nov/2018:15:46:30 -0300] "POST /cormun/servlet/solicitudot?gx-no-cache=1542653101531 HTTP/1.1" 200 1280
186.103.159.187 - - [19/Nov/2018:15:46:30 -0300] "POST /cormun/servlet/solicitudot?gx-no-cache=1542653101643 HTTP/1.1" 200 41
186.103.159.187 - - [19/Nov/2018:15:46:30 -0300] "GET /cormun/servlet/solicitudot?98fc50e33aea376875827076d27bee84faadaa83ae2924f91377296c5c7154b861271d5c17e25675e63a94742548d52027c8b54b18b1887454ceb45951a0a0d853b5c8af134f769dd0aa22afb721f69ff344c7417fdba97cd310ca6dc34988dd27b7dccd36d1f1242c64c8dd8f6950ee,gx-no-cache=1542653101675 HTTP/1.1" 200 110
186.103.159.187 - - [19/Nov/2018:15:46:30 -0300] "POST /cormun/servlet/solicitudot?gx-no-cache=1542653101708 HTTP/1.1" 200 79
186.103.159.187 - - [19/Nov/2018:15:46:30 -0300] "POST /cormun/servlet/solicitudot?gx-no-cache=1542653101746 HTTP/1.1" 200 30
186.103.159.187 - - [19/Nov/2018:15:46:31 -0300] "POST /cormun/servlet/solicitudot?fededc384673432db460c147b1dbb4cd,INS,0,0,,gx-no-cache=1542653101781 HTTP/1.1" 200 93
186.103.159.187 - - [19/Nov/2018:15:46:31 -0300] "GET /cormun/servlet/hpexe_return? HTTP/1.1" 200 1002
186.103.159.187 - - [19/Nov/2018:15:46:31 -0300] "GET /cormun/servlet/trsolicitudot HTTP/1.1" 200 8676
186.79.30.191 - - [19/Nov/2018:15:46:32 -0300] "GET /cormun/servlet/trautorizarsolicitud? HTTP/1.1" 200 8855
186.79.30.191 - - [19/Nov/2018:15:46:32 -0300] "GET /cormun/static/gxcfg.js?2017111423403364 HTTP/1.1" 200 953
186.103.159.187 - - [19/Nov/2018:15:46:32 -0300] "GET /cormun//static/Resources/PXToolsActionView.png HTTP/1.1" 200 2995
186.103.159.187 - - [19/Nov/2018:15:46:32 -0300] "GET /cormun//static/Resources/PXToolsGridUpdate.png HTTP/1.1" 200 2984
186.103.159.187 - - [19/Nov/2018:15:46:32 -0300] "GET /cormun//static/Resources/PXToolsGridDelete.png HTTP/1.1" 200 357
186.103.159.187 - - [19/Nov/2018:15:46:32 -0300] "GET /cormun/servlet/trsolicitudot HTTP/1.1" 200 8672
186.79.30.191 - - [19/Nov/2018:15:46:32 -0300] "GET /cormun/static/trautorizarsolicitud.js?201711142340425 HTTP/1.1" 200 53910
186.103.159.187 - - [19/Nov/2018:15:46:32 -0300] "GET /cormun//static/Resources/PXToolsRemoveAllAction.png HTTP/1.1" 200 3558
192.168.10.89 - - [19/Nov/2018:15:46:33 -0300] "GET /cormun/servlet/vesolicitudgral?2018,12168,, HTTP/1.1" 200 9542
192.168.10.89 - - [19/Nov/2018:15:46:33 -0300] "GET /cormun/pexe_scrolldiv.js HTTP/1.1" 404 1009
186.79.30.191 - - [19/Nov/2018:15:46:34 -0300] "GET /cormun/servlet/trautorizarsolicitud? HTTP/1.1" 200 8854
200.112.233.47 - - [19/Nov/2018:15:46:36 -0300] "GET /cormun/servlet/trautorizarsolicitud? HTTP/1.1" 200 8860
200.112.233.47 - - [19/Nov/2018:15:46:36 -0300] "GET /cormun/static/gxcfg.js?2017111423403364 HTTP/1.1" 200 953
200.112.233.47 - - [19/Nov/2018:15:46:37 -0300] "GET /cormun/static/trautorizarsolicitud.js?201711142340425 HTTP/1.1" 200 53910
200.112.233.47 - - [19/Nov/2018:15:46:37 -0300] "GET /cormun/servlet/trautorizarsolicitud? HTTP/1.1" 200 8860
200.112.233.47 - - [19/Nov/2018:15:46:48 -0300] "POST /cormun/servlet/trautorizarsolicitud?a3deac85cd074f44d17f4758d8b9eb69,,gx-no-cache=1542653114878 HTTP/1.1" 200 4734
186.103.159.187 - - [19/Nov/2018:15:46:48 -0300] "POST /cormun/servlet/trsolicitudot?fededc384673432db460c147b1dbb4cd,gx-no-cache=1542653119299 HTTP/1.1" 200 4566
186.103.159.187 - - [19/Nov/2018:15:46:48 -0300] "GET /cormun/static/Shared/jqueryui/images/ui-icons_82798d_256x240.png HTTP/1.1" 404 1089
186.103.159.187 - - [19/Nov/2018:15:46:48 -0300] "GET /cormun/static/Shared/jqueryui/images/ui-bg_highlight-soft_100_c6c2c8_1x100.png HTTP/1.1" 404 1117
186.103.159.187 - - [19/Nov/2018:15:46:48 -0300] "GET /cormun/static/Shared/jqueryui/images/ui-bg_flat_55_fafafa_40x100.png HTTP/1.1" 404 1097
186.103.159.187 - - [19/Nov/2018:15:46:48 -0300] "GET /cormun/static/Shared/jqueryui/images/ui-icons_8d78a5_256x240.png HTTP/1.1" 404 1089
186.103.159.187 - - [19/Nov/2018:15:46:48 -0300] "POST /cormun/servlet/trsolicitudot?fededc384673432db460c147b1dbb4cd,gx-no-cache=1542653119603 HTTP/1.1" 200 4310
200.112.233.47 - - [19/Nov/2018:15:46:48 -0300] "GET /cormun/static/Shared/jqueryui/images/ui-bg_highlight-soft_100_c6c2c8_1x100.png HTTP/1.1" 404 1117
200.112.233.47 - - [19/Nov/2018:15:46:49 -0300] "GET /cormun/static/Shared/jqueryui/images/ui-icons_8d78a5_256x240.png HTTP/1.1" 404 1089
200.112.233.47 - - [19/Nov/2018:15:46:49 -0300] "GET /cormun/static/Shared/jqueryui/images/ui-icons_82798d_256x240.png HTTP/1.1" 404 1089
200.112.233.47 - - [19/Nov/2018:15:46:49 -0300] "GET /cormun/static/Shared/jqueryui/images/ui-bg_flat_55_fafafa_40x100.png HTTP/1.1" 404 1097
200.112.233.47 - - [19/Nov/2018:15:46:49 -0300] "POST /cormun/servlet/trautorizarsolicitud?a3deac85cd074f44d17f4758d8b9eb69,,gx-no-cache=1542653115433 HTTP/1.1" 200 4471
192.168.10.89 - - [19/Nov/2018:15:46:51 -0300] "GET /cormun/servlet/vesolicitudgral?2018,12168,,SolicitudOTLog HTTP/1.1" 200 11225
192.168.10.89 - - [19/Nov/2018:15:46:51 -0300] "GET /cormun/pexe_scrolldiv.js HTTP/1.1" 404 1009
186.103.159.187 - - [19/Nov/2018:15:46:52 -0300] "POST /cormun/servlet/trsolicitudot?fededc384673432db460c147b1dbb4cd,gx-no-cache=1542653123674 HTTP/1.1" 200 90
186.103.159.187 - - [19/Nov/2018:15:46:52 -0300] "GET /cormun/servlet/hpexe_link HTTP/1.1" 200 956
192.168.10.89 - - [19/Nov/2018:15:46:52 -0300] "POST /cormun/servlet/acontrolpreferencessavestate?None,CDROGUETT,true HTTP/1.1" 200 35
186.103.159.187 - - [19/Nov/2018:15:46:53 -0300] "GET /cormun/servlet/trlicencias HTTP/1.1" 200 9159
186.103.159.187 - - [19/Nov/2018:15:46:54 -0300] "GET /cormun/servlet/trlicencias HTTP/1.1" 200 9157
186.79.30.191 - - [19/Nov/2018:15:46:55 -0300] "GET /cormun/servlet/trsolicitudot? HTTP/1.1" 200 7365
186.79.30.191 - - [19/Nov/2018:15:46:55 -0300] "GET /cormun/static/gxui/gxui-all.css?120300 HTTP/1.1" 200 2179
186.79.30.191 - - [19/Nov/2018:15:46:56 -0300] "GET /cormun/servlet/trsolicitudot? HTTP/1.1" 200 7364
200.112.233.47 - - [19/Nov/2018:15:46:57 -0300] "GET /cormun/servlet/trsolicitudot? HTTP/1.1" 200 7541
200.112.233.47 - - [19/Nov/2018:15:46:58 -0300] "GET /cormun/servlet/trsolicitudot? HTTP/1.1" 200 7540
186.103.159.187 - - [19/Nov/2018:15:47:02 -0300] "GET /cormun/servlet/hlogin HTTP/1.1" 200 1731
186.79.30.191 - - [19/Nov/2018:15:47:04 -0300] "GET /cormun/servlet/solicitudot?INS,0,0, HTTP/1.1" 200 15116
186.79.30.191 - - [19/Nov/2018:15:47:04 -0300] "GET /cormun/static/gxcfg.js?20189101114418 HTTP/1.1" 200 953
186.79.30.191 - - [19/Nov/2018:15:47:04 -0300] "GET /cormun/static/Resources/prompt.gif HTTP/1.1" 200 902
186.79.30.191 - - [19/Nov/2018:15:47:04 -0300] "GET /cormun/static/solicitudot.js?20189101114718 HTTP/1.1" 200 71883
186.79.30.191 - - [19/Nov/2018:15:47:05 -0300] "GET /cormun/static/Resources/PXToolsButtonLeft21.png HTTP/1.1" 200 1287
186.79.30.191 - - [19/Nov/2018:15:47:05 -0300] "GET /cormun/static/Resources/PXToolsButtonRight21.png HTTP/1.1" 200 1283
186.79.30.191 - - [19/Nov/2018:15:47:05 -0300] "GET /cormun/static/Resources/PXToolsButtonBackground2.png HTTP/1.1" 200 1181
186.79.30.191 - - [19/Nov/2018:15:47:06 -0300] "GET /cormun/servlet/solicitudot?INS,0,0, HTTP/1.1" 200 15121
200.112.233.47 - - [19/Nov/2018:15:47:07 -0300] "GET /cormun/servlet/solicitudot?INS,0,0, HTTP/1.1" 200 15120
200.112.233.47 - - [19/Nov/2018:15:47:08 -0300] "GET /cormun/servlet/solicitudot?INS,0,0, HTTP/1.1" 200 15126
186.103.159.187 - - [19/Nov/2018:15:47:12 -0300] "POST /cormun/servlet/hlogin?fededc384673432db460c147b1dbb4cd,gx-no-cache=1542653143187 HTTP/1.1" 200 443
200.112.233.47 - - [19/Nov/2018:15:47:12 -0300] "POST /cormun/servlet/solicitudot?gx-no-cache=1542653139298 HTTP/1.1" 200 3406
200.112.233.47 - - [19/Nov/2018:15:47:13 -0300] "POST /cormun/servlet/solicitudot?a3deac85cd074f44d17f4758d8b9eb69,INS,0,0,,gx-no-cache=1542653139521 HTTP/1.1" 200 11737
200.112.233.47 - - [19/Nov/2018:15:47:13 -0300] "GET /cormun/servlet/solicitudot?37e6491ff76bee00bf9dc2bf18ff593bf5f583ddcb16442878e22c0ac5a0302fb92d154ed894a9a26c8de48eb54fadd5,gx-no-cache=1542653139768 HTTP/1.1" 200 111
200.112.233.47 - - [19/Nov/2018:15:47:13 -0300] "GET /cormun/static/Shared/jqueryui/images/ui-bg_highlight-soft_100_c6c2c8_1x100.png HTTP/1.1" 404 1117
200.112.233.47 - - [19/Nov/2018:15:47:13 -0300] "GET /cormun/static/Shared/jqueryui/images/ui-icons_82798d_256x240.png HTTP/1.1" 404 1089
200.112.233.47 - - [19/Nov/2018:15:47:13 -0300] "GET /cormun/static/Shared/jqueryui/images/ui-bg_flat_55_994d53_40x100.png HTTP/1.1" 404 1097
200.112.233.47 - - [19/Nov/2018:15:47:13 -0300] "GET /cormun/static/Shared/jqueryui/images/ui-icons_ebccce_256x240.png HTTP/1.1" 404 1089
186.103.159.187 - - [19/Nov/2018:15:47:16 -0300] "POST /cormun/servlet/hlogin?fededc384673432db460c147b1dbb4cd,gx-no-cache=1542653147747 HTTP/1.1" 200 90
186.103.159.187 - - [19/Nov/2018:15:47:16 -0300] "GET /cormun/servlet/hpexe_link HTTP/1.1" 200 947
186.103.159.187 - - [19/Nov/2018:15:47:16 -0300] "GET /cormun/servlet/hhome HTTP/1.1" 200 4236
186.103.159.187 - - [19/Nov/2018:15:47:17 -0300] "GET /cormun/servlet/hhome HTTP/1.1" 200 4232
186.103.159.187 - - [19/Nov/2018:15:47:17 -0300] "GET /cormun/static/SmoothNavMenu/resources/images/right.gif HTTP/1.1" 200 860
200.112.233.47 - - [19/Nov/2018:15:47:20 -0300] "POST /cormun/servlet/solicitudot?a3deac85cd074f44d17f4758d8b9eb69,INS,0,0,,gx-no-cache=1542653146835 HTTP/1.1" 200 12115
200.112.233.47 - - [19/Nov/2018:15:47:21 -0300] "POST /cormun/servlet/solicitudot?a3deac85cd074f44d17f4758d8b9eb69,INS,0,0,,gx-no-cache=1542653148066 HTTP/1.1" 200 12171
200.112.233.47 - - [19/Nov/2018:15:47:25 -0300] "GET /cormun/servlet/prfichaempleado?,MD,,gxPopupLevel%3D0%3B HTTP/1.1" 200 9418
200.112.233.47 - - [19/Nov/2018:15:47:25 -0300] "GET /cormun/static/gxcfg.js?20177612134814 HTTP/1.1" 200 953
200.112.233.47 - - [19/Nov/2018:15:47:25 -0300] "GET /cormun/static/prfichaempleado.js?20177612134999 HTTP/1.1" 200 16006
186.103.159.187 - - [19/Nov/2018:15:47:26 -0300] "GET /cormun/servlet/trautorizarsolicitud? HTTP/1.1" 200 8795
186.79.30.191 - - [19/Nov/2018:15:47:26 -0300] "GET /cormun/static/Resources/resize.gif HTTP/1.1" 200 77
186.103.159.187 - - [19/Nov/2018:15:47:26 -0300] "GET /cormun/static/gxcfg.js?2017111423403364 HTTP/1.1" 200 953
186.103.159.187 - - [19/Nov/2018:15:47:26 -0300] "GET /cormun/static/trautorizarsolicitud.js?201711142340425 HTTP/1.1" 200 53910
186.79.30.191 - - [19/Nov/2018:15:47:27 -0300] "GET /cormun/servlet/prfichaempleado?,MD,,gxPopupLevel%3D0%3B HTTP/1.1" 200 9412
186.79.30.191 - - [19/Nov/2018:15:47:27 -0300] "GET /cormun/static/gxui/gxui-all.css?110300 HTTP/1.1" 200 2179
186.79.30.191 - - [19/Nov/2018:15:47:27 -0300] "GET /cormun/static/gxcfg.js?20177612134814 HTTP/1.1" 200 953
186.79.30.191 - - [19/Nov/2018:15:47:27 -0300] "GET /cormun/static/Resources/Spanish/PXTools.css?1155365 HTTP/1.1" 200 89042
186.103.159.187 - - [19/Nov/2018:15:47:27 -0300] "GET /cormun/servlet/trautorizarsolicitud? HTTP/1.1" 200 8793
186.79.30.191 - - [19/Nov/2018:15:47:27 -0300] "GET /cormun/static/prfichaempleado.js?20177612134999 HTTP/1.1" 200 16006
186.79.30.191 - - [19/Nov/2018:15:47:28 -0300] "GET /cormun/static/Resources/PXToolsMenuSearch.png HTTP/1.1" 200 2914
186.79.30.191 - - [19/Nov/2018:15:47:28 -0300] "GET /cormun/static/Resources/PXToolsMenuSearchCancel.png HTTP/1.1" 200 2972
186.79.30.191 - - [19/Nov/2018:15:47:28 -0300] "GET /cormun/static/Resources/PXToolsButtonRight21.png HTTP/1.1" 200 1283
186.103.159.187 - - [19/Nov/2018:15:47:31 -0300] "POST /cormun/servlet/trautorizarsolicitud?fededc384673432db460c147b1dbb4cd,,gx-no-cache=1542653162072 HTTP/1.1" 200 4709
186.103.159.187 - - [19/Nov/2018:15:47:31 -0300] "GET /cormun/static/Shared/jqueryui/images/ui-bg_highlight-soft_100_c6c2c8_1x100.png HTTP/1.1" 404 1117
186.103.159.187 - - [19/Nov/2018:15:47:31 -0300] "GET /cormun/static/Shared/jqueryui/images/ui-bg_flat_55_fafafa_40x100.png HTTP/1.1" 404 1097
186.103.159.187 - - [19/Nov/2018:15:47:31 -0300] "GET /cormun/static/Shared/jqueryui/images/ui-icons_82798d_256x240.png HTTP/1.1" 404 1089
186.103.159.187 - - [19/Nov/2018:15:47:31 -0300] "GET /cormun/static/Shared/jqueryui/images/ui-icons_8d78a5_256x240.png HTTP/1.1" 404 1089
186.103.159.187 - - [19/Nov/2018:15:47:31 -0300] "POST /cormun/servlet/trautorizarsolicitud?fededc384673432db460c147b1dbb4cd,,gx-no-cache=1542653162341 HTTP/1.1" 200 4449
200.112.233.47 - - [19/Nov/2018:15:47:38 -0300] "POST /cormun/servlet/prfichaempleado?a3deac85cd074f44d17f4758d8b9eb69,,MD,,gxPopupLevel%3D0%3B,gx-no-cache=1542653164076 HTTP/1.1" 200 6383
200.112.233.47 - - [19/Nov/2018:15:47:38 -0300] "GET /cormun/static/Resources/PXToolsGridFirst.gif HTTP/1.1" 200 379
200.112.233.47 - - [19/Nov/2018:15:47:38 -0300] "GET /cormun/static/Resources/PXToolsGridPrevious.gif HTTP/1.1" 200 369
200.112.233.47 - - [19/Nov/2018:15:47:45 -0300] "POST /cormun/servlet/prfichaempleado?a3deac85cd074f44d17f4758d8b9eb69,,MD,,gxPopupLevel%3D0%3B,gx-no-cache=1542653171059 HTTP/1.1" 200 6331
186.79.30.191 - - [19/Nov/2018:15:47:46 -0300] "POST /cormun/servlet/prfichaempleado?f7cb230d73a5d3293b6709334532c0d9,,MD,,gxPopupLevel%3D0%3B,gx-no-cache=1542653172549 HTTP/1.1" 200 6360
186.79.30.191 - - [19/Nov/2018:15:47:46 -0300] "GET /cormun/static/Resources/PXToolsGridNext.gif HTTP/1.1" 200 369
186.79.30.191 - - [19/Nov/2018:15:47:46 -0300] "GET /cormun/static/Resources/PXToolsGridLast.gif HTTP/1.1" 200 370
186.79.30.191 - - [19/Nov/2018:15:47:50 -0300] "POST /cormun/servlet/prfichaempleado?f7cb230d73a5d3293b6709334532c0d9,,MD,,gxPopupLevel%3D0%3B,gx-no-cache=1542653177210 HTTP/1.1" 200 6376
186.79.30.191 - - [19/Nov/2018:15:47:50 -0300] "GET /cormun/static/Resources/PXToolsGridFirst.gif HTTP/1.1" 200 379
186.79.30.191 - - [19/Nov/2018:15:47:50 -0300] "GET /cormun/static/Resources/PXToolsGridPrevious.gif HTTP/1.1" 200 369
200.112.233.47 - - [19/Nov/2018:15:47:51 -0300] "POST /cormun/servlet/prfichaempleado?a3deac85cd074f44d17f4758d8b9eb69,,MD,,gxPopupLevel%3D0%3B,gx-no-cache=1542653177330 HTTP/1.1" 200 6384
186.79.30.191 - - [19/Nov/2018:15:47:54 -0300] "POST /cormun/servlet/prfichaempleado?f7cb230d73a5d3293b6709334532c0d9,,MD,,gxPopupLevel%3D0%3B,gx-no-cache=1542653181490 HTTP/1.1" 200 6323
186.79.30.191 - - [19/Nov/2018:15:47:58 -0300] "POST /cormun/servlet/prfichaempleado?f7cb230d73a5d3293b6709334532c0d9,,MD,,gxPopupLevel%3D0%3B,gx-no-cache=1542653184779 HTTP/1.1" 200 6376
200.112.233.47 - - [19/Nov/2018:15:47:59 -0300] "POST /cormun/servlet/prfichaempleado?a3deac85cd074f44d17f4758d8b9eb69,,MD,,gxPopupLevel%3D0%3B,gx-no-cache=1542653184939 HTTP/1.1" 200 6439
186.79.30.191 - - [19/Nov/2018:15:48:03 -0300] "POST /cormun/servlet/prfichaempleado?f7cb230d73a5d3293b6709334532c0d9,,MD,,gxPopupLevel%3D0%3B,gx-no-cache=1542653189734 HTTP/1.1" 200 6432
200.112.233.47 - - [19/Nov/2018:15:48:04 -0300] "POST /cormun/servlet/prfichaempleado?a3deac85cd074f44d17f4758d8b9eb69,,MD,,gxPopupLevel%3D0%3B,gx-no-cache=1542653190723 HTTP/1.1" 200 6481
186.79.30.191 - - [19/Nov/2018:15:48:05 -0300] "POST /cormun/servlet/prfichaempleado?f7cb230d73a5d3293b6709334532c0d9,,MD,,gxPopupLevel%3D0%3B,gx-no-cache=1542653192112 HTTP/1.1" 200 6475
186.79.30.191 - - [19/Nov/2018:15:48:15 -0300] "POST /cormun/servlet/prfichaempleado?f7cb230d73a5d3293b6709334532c0d9,,MD,,gxPopupLevel%3D0%3B,gx-no-cache=1542653201589 HTTP/1.1" 200 6345
200.112.233.47 - - [19/Nov/2018:15:48:18 -0300] "POST /cormun/servlet/prfichaempleado?a3deac85cd074f44d17f4758d8b9eb69,,MD,,gxPopupLevel%3D0%3B,gx-no-cache=1542653204081 HTTP/1.1" 200 6354
186.79.30.191 - - [19/Nov/2018:15:48:31 -0300] "POST /cormun/servlet/prfichaempleado?f7cb230d73a5d3293b6709334532c0d9,,MD,,gxPopupLevel%3D0%3B,gx-no-cache=1542653217700 HTTP/1.1" 200 6292
200.112.233.47 - - [19/Nov/2018:15:48:32 -0300] "POST /cormun/servlet/prfichaempleado?a3deac85cd074f44d17f4758d8b9eb69,,MD,,gxPopupLevel%3D0%3B,gx-no-cache=1542653218832 HTTP/1.1" 200 6300
200.112.233.47 - - [19/Nov/2018:15:49:03 -0300] "POST /cormun/servlet/prfichaempleado?a3deac85cd074f44d17f4758d8b9eb69,,MD,,gxPopupLevel%3D0%3B,gx-no-cache=1542653249121 HTTP/1.1" 200 6354
200.112.233.47 - - [19/Nov/2018:15:49:25 -0300] "GET /cormun/servlet/solicitudot?37e6491ff76bee00bf9dc2bf18ff593b52768e662b9bf84dbfe42f3f57cfdc149e9c4b9d60c7fda1b24fdccbd0121b9e,gx-no-cache=1542653271440 HTTP/1.1" 200 30
200.112.233.47 - - [19/Nov/2018:15:50:07 -0300] "GET /cormun/servlet/solicitudot?37e6491ff76bee00bf9dc2bf18ff593ba0359e24d92f3c3fd33ba8ee77b468e11ba82a69fcde9e7d2d532cade133e19bef047377d933b7d09e10e7146a831b90,gx-no-cache=1542653313308 HTTP/1.1" 200 30
200.112.233.47 - - [19/Nov/2018:15:50:07 -0300] "GET /cormun/servlet/solicitudot?37e6491ff76bee00bf9dc2bf18ff593be92c2bc22c9f5e9f49b806d03072d54a,gx-no-cache=1542653314428 HTTP/1.1" 200 29
200.112.233.47 - - [19/Nov/2018:15:50:16 -0300] "GET /cormun/servlet/prbanco?,MD,,gxPopupLevel%3D0%3B HTTP/1.1" 200 6695
200.112.233.47 - - [19/Nov/2018:15:50:21 -0300] "POST /cormun/servlet/prbanco?a3deac85cd074f44d17f4758d8b9eb69,,MD,,gxPopupLevel%3D0%3B,gx-no-cache=1542653327696 HTTP/1.1" 200 2558
200.112.233.47 - - [19/Nov/2018:15:50:25 -0300] "POST /cormun/servlet/prbanco?a3deac85cd074f44d17f4758d8b9eb69,,MD,,gxPopupLevel%3D0%3B,gx-no-cache=1542653331916 HTTP/1.1" 200 3876
200.112.233.47 - - [19/Nov/2018:15:50:49 -0300] "GET /cormun/servlet/solicitudot?37e6491ff76bee00bf9dc2bf18ff593bc70db55d4e631c85eeadb2ea09009eaf,gx-no-cache=1542653355899 HTTP/1.1" 200 53
192.168.10.96 - - [19/Nov/2018:15:50:57 -0300] "GET /cormun/servlet/trsolicitudgral? HTTP/1.1" 200 9279
192.168.10.96 - - [19/Nov/2018:15:50:58 -0300] "GET /cormun/servlet/trsolicitudgral? HTTP/1.1" 200 9279
192.168.10.96 - - [19/Nov/2018:15:51:06 -0300] "POST /cormun/servlet/trsolicitudgral?11ae13a6db9470947b064fbda97e54cd,,gx-no-cache=1542653216481 HTTP/1.1" 200 8979
200.112.233.47 - - [19/Nov/2018:15:51:15 -0300] "POST /cormun/servlet/solicitudot?gx-no-cache=1542653382346 HTTP/1.1" 200 297
200.112.233.47 - - [19/Nov/2018:15:51:18 -0300] "GET /cormun/servlet/solicitudot?37e6491ff76bee00bf9dc2bf18ff593bd447deacba621305f6dfa17e9c76a59dbaf8339069d25f91fb1060cb5dee1985e2920db273ab9fec04c5e6c7cdd368cf3d2bca496d947920f92a3c89bccaf2cb3e169351c9ccca43537ea2faed39fc4f193b2f336abe540cd9ce95092543d0af864db6cc21b8b35022e11e4cba4b765bc650de31d854ea274306f8009dee05168dd6da86986a92c9b9cafe64e2f5eed9bc0eb71f1c98c8ef20af22c43b7cc12f0d263c4e19e043fc7e465a1a3e445547577422b5cab769321269498744b3b8010f529a6776cdac56653e2fd268c69f2270b4a5300dbaf60eae8a3413a3a56f77663a1f775a2491cd68b1fb51345f97f1e8b89d54711c227f111cd5fd42d463950271a958e652c92b791bd9faa12fe503a606f47c19efc75d47dd51093db4cae16aa31459f58b43e372c1ce5e0b93e213dd5549b83057af52cd2293a89c0d3dbc72c38d521416608bd9aaee89bbec9bdadd2dc89d057498e802e8600ddea44d18d97e665f086d28c8a94b9f0d51c5f966b15c4cc2f6e2dabef5f103a4074d894f,gx-no-cache=1542653385118 HTTP/1.1" 200 30
200.112.233.47 - - [19/Nov/2018:15:51:29 -0300] "POST /cormun/servlet/solicitudot?gx-no-cache=1542653396025 HTTP/1.1" 200 30
192.168.10.96 - - [19/Nov/2018:15:52:12 -0300] "POST /cormun/servlet/trsolicitudgral?11ae13a6db9470947b064fbda97e54cd,,gx-no-cache=1542653282786 HTTP/1.1" 200 7701
186.79.30.191 - - [19/Nov/2018:15:52:16 -0300] "POST /cormun/servlet/solicitudot?gx-no-cache=1542653443818 HTTP/1.1" 200 3406
186.79.30.191 - - [19/Nov/2018:15:52:17 -0300] "GET /cormun/servlet/solicitudot?00b0a372fcc9144524747615faa7c671e040f2b57adef5cc15d92fcfb63fda5ca9f094ad99a96c6b1172a29beedd03f9acd5af02d8200ae37340799f70adad9c7767ffb8939e2305dd23fc32d9baada2b9efd7a858a9187c559d48da291646ee05116ad98ab90f81a97f2fd2f2ae76a8e366f909efe51187075c5208381aee2013a172c4832d02927692037a78527cc245fae39bd0b722d19e24512ca4fb1983655ac7b118c35957e14b831ca08ee2f8a3093086b6fce893cd299754c8c37d162e7edbce2f0547cd03364a3eecef947da7df421dc327dd3fd806de53cb302f7610a7c2dd37c0159e2a4572ae9d87e8a379698563fc52518d230b9242770dc5ceb7eb7fd617cb3bb12023f49d0da8d5e9428b172909c42f1fd04fc7a99d4e1ed85eb81c55db781890457993cbf7a4d8174ee29c50f440dee8cc5e261ecc842b45699ac050b2655ed576ec162acfb273c500d3c4ac9b41fc00e085dda53b5e65984a6f03f5b23b573484e6f3c4d51b121a32b8e6d76b549d75ef5ccf81cbb0eb0da37a560e62e4874b9ad2688bba7897c3,gx-no-cache=1542653444532 HTTP/1.1" 200 30
186.79.30.191 - - [19/Nov/2018:15:52:17 -0300] "POST /cormun/servlet/solicitudot?f7cb230d73a5d3293b6709334532c0d9,INS,0,0,,gx-no-cache=1542653444498 HTTP/1.1" 200 11724
186.79.30.191 - - [19/Nov/2018:15:52:17 -0300] "GET /cormun/servlet/solicitudot?00b0a372fcc9144524747615faa7c671bb037198d7c8f359273276e318f102c3,gx-no-cache=1542653445300 HTTP/1.1" 200 111
186.79.30.191 - - [19/Nov/2018:15:52:17 -0300] "GET /cormun/static/Shared/jqueryui/images/ui-bg_highlight-soft_100_c6c2c8_1x100.png HTTP/1.1" 404 1117
186.79.30.191 - - [19/Nov/2018:15:52:17 -0300] "GET /cormun/static/Shared/jqueryui/images/ui-icons_82798d_256x240.png HTTP/1.1" 404 1089
186.79.30.191 - - [19/Nov/2018:15:52:18 -0300] "GET /cormun/static/Shared/jqueryui/images/ui-bg_flat_55_994d53_40x100.png HTTP/1.1" 404 1097
186.79.30.191 - - [19/Nov/2018:15:52:18 -0300] "GET /cormun/static/Shared/jqueryui/images/ui-icons_ebccce_256x240.png HTTP/1.1" 404 1089
186.79.30.191 - - [19/Nov/2018:15:52:18 -0300] "GET /cormun/servlet/solicitudot?00b0a372fcc9144524747615faa7c6711addf861dc537ee106320ca30cd34a0f,gx-no-cache=1542653445531 HTTP/1.1" 200 94
186.79.30.191 - - [19/Nov/2018:15:52:18 -0300] "GET /cormun/servlet/solicitudot?00b0a372fcc9144524747615faa7c671f9ff29017914c6f4791f0ff5331db639,gx-no-cache=1542653445612 HTTP/1.1" 200 29
186.79.30.191 - - [19/Nov/2018:15:52:18 -0300] "POST /cormun/servlet/solicitudot?gx-no-cache=1542653445701 HTTP/1.1" 200 297
192.168.10.96 - - [19/Nov/2018:15:52:27 -0300] "GET /cormun/servlet/vesolicitudgral?2018,12320,, HTTP/1.1" 200 9295
192.168.10.96 - - [19/Nov/2018:15:52:27 -0300] "GET /cormun/pexe_scrolldiv.js HTTP/1.1" 404 1009
192.168.10.96 - - [19/Nov/2018:15:52:27 -0300] "GET /cormun/pexe_scrolldiv.js HTTP/1.1" 404 1009
192.168.10.96 - - [19/Nov/2018:15:52:28 -0300] "GET /cormun/servlet/vesolicitudgral?2018,12320,, HTTP/1.1" 200 9294
192.168.10.96 - - [19/Nov/2018:15:52:32 -0300] "GET /cormun/servlet/trsolicitudgral? HTTP/1.1" 200 11012
192.168.10.96 - - [19/Nov/2018:15:52:32 -0300] "GET /cormun/servlet/trsolicitudgral? HTTP/1.1" 200 11012
192.168.10.96 - - [19/Nov/2018:15:52:34 -0300] "GET /cormun/servlet/vesolicitudgral?2018,12308,, HTTP/1.1" 200 9297
192.168.10.96 - - [19/Nov/2018:15:52:34 -0300] "GET /cormun/pexe_scrolldiv.js HTTP/1.1" 404 1009
192.168.10.96 - - [19/Nov/2018:15:52:34 -0300] "GET /cormun/pexe_scrolldiv.js HTTP/1.1" 404 1009
192.168.10.96 - - [19/Nov/2018:15:52:34 -0300] "GET /cormun/servlet/vesolicitudgral?2018,12308,, HTTP/1.1" 200 9297
192.168.10.89 - - [19/Nov/2018:15:52:44 -0300] "GET /cormun/servlet/vesolicitudgral?2018,12168,,General HTTP/1.1" 200 9548
192.168.10.89 - - [19/Nov/2018:15:52:44 -0300] "GET /cormun/pexe_scrolldiv.js HTTP/1.1" 404 1009
192.168.10.89 - - [19/Nov/2018:15:52:58 -0300] "GET /cormun/servlet/vesolicitudgral?2018,12168,,SolicitudOTLog HTTP/1.1" 200 11227
192.168.10.89 - - [19/Nov/2018:15:52:58 -0300] "GET /cormun/pexe_scrolldiv.js HTTP/1.1" 404 1009
192.168.10.89 - - [19/Nov/2018:15:53:00 -0300] "POST /cormun/servlet/acontrolpreferencessavestate?None,CDROGUETT,true HTTP/1.1" 200 35
192.168.10.96 - - [19/Nov/2018:15:57:49 -0300] "GET /cormun/servlet/trsolicitudgral? HTTP/1.1" 200 11012
192.168.10.96 - - [19/Nov/2018:15:57:50 -0300] "GET /cormun/servlet/trsolicitudgral? HTTP/1.1" 200 11012
200.111.191.210 - - [19/Nov/2018:15:59:04 -0300] "POST /cormun/servlet/vesolicitudot?3b3209c792534b3b135ee9826fa177e5,2018,8239,,,gx-no-cache=1542653901989 HTTP/1.1" 200 93
200.111.191.210 - - [19/Nov/2018:15:59:04 -0300] "GET /cormun/servlet/hpexe_return? HTTP/1.1" 200 1008
200.111.191.210 - - [19/Nov/2018:15:59:04 -0300] "GET /cormun/servlet/trsolicitudot HTTP/1.1" 200 9260
200.111.191.210 - - [19/Nov/2018:15:59:04 -0300] "GET /cormun/servlet/trsolicitudot HTTP/1.1" 200 9256
200.112.233.47 - - [19/Nov/2018:15:59:58 -0300] "GET /cormun/servlet/hlogin HTTP/1.1" 200 1720
200.112.233.47 - - [19/Nov/2018:16:00:23 -0300] "POST /cormun/servlet/hlogin?a3deac85cd074f44d17f4758d8b9eb69,gx-no-cache=1542653929586 HTTP/1.1" 200 90
200.112.233.47 - - [19/Nov/2018:16:00:23 -0300] "GET /cormun/servlet/hpexe_link HTTP/1.1" 200 953
200.112.233.47 - - [19/Nov/2018:16:00:23 -0300] "GET /cormun/servlet/prbanco?,MD, HTTP/1.1" 200 6693
200.112.233.47 - - [19/Nov/2018:16:00:37 -0300] "GET /cormun/servlet/hlogin HTTP/1.1" 200 1733
200.112.233.47 - - [19/Nov/2018:16:01:02 -0300] "POST /cormun/servlet/hlogin?a3deac85cd074f44d17f4758d8b9eb69,gx-no-cache=1542653968914 HTTP/1.1" 200 90
200.112.233.47 - - [19/Nov/2018:16:01:02 -0300] "GET /cormun/servlet/hpexe_link HTTP/1.1" 200 953
200.112.233.47 - - [19/Nov/2018:16:01:02 -0300] "GET /cormun/servlet/prbanco?,MD, HTTP/1.1" 200 6693
200.112.233.47 - - [19/Nov/2018:16:01:07 -0300] "GET /cormun/servlet/hlogin HTTP/1.1" 200 1733
200.112.233.47 - - [19/Nov/2018:16:01:39 -0300] "POST /cormun/servlet/hlogin?a3deac85cd074f44d17f4758d8b9eb69,gx-no-cache=1542654005459 HTTP/1.1" 200 90
200.112.233.47 - - [19/Nov/2018:16:01:39 -0300] "GET /cormun/servlet/hpexe_link HTTP/1.1" 200 953
200.112.233.47 - - [19/Nov/2018:16:01:39 -0300] "GET /cormun/servlet/prbanco?,MD, HTTP/1.1" 200 6693
200.112.233.47 - - [19/Nov/2018:16:01:45 -0300] "POST /cormun/servlet/acontrolpreferencessavestate?None,JPARRAGUEZ,true HTTP/1.1" 200 35
200.112.233.47 - - [19/Nov/2018:16:01:53 -0300] "GET /cormun/servlet/hlogin HTTP/1.1" 200 1733
200.112.233.47 - - [19/Nov/2018:16:02:11 -0300] "POST /cormun/servlet/hlogin?a3deac85cd074f44d17f4758d8b9eb69,gx-no-cache=1542654038483 HTTP/1.1" 200 90
200.112.233.47 - - [19/Nov/2018:16:02:11 -0300] "GET /cormun/servlet/hpexe_link HTTP/1.1" 200 953
200.112.233.47 - - [19/Nov/2018:16:02:12 -0300] "GET /cormun/servlet/prbanco?,MD, HTTP/1.1" 200 6693
200.112.233.47 - - [19/Nov/2018:16:02:16 -0300] "POST /cormun/servlet/prbanco?a3deac85cd074f44d17f4758d8b9eb69,,MD,,gx-no-cache=1542654042751 HTTP/1.1" 200 3865
200.112.233.47 - - [19/Nov/2018:16:02:17 -0300] "POST /cormun/servlet/prbanco?a3deac85cd074f44d17f4758d8b9eb69,,MD,,gx-no-cache=1542654043509 HTTP/1.1" 200 3865
200.112.233.47 - - [19/Nov/2018:16:02:17 -0300] "POST /cormun/servlet/prbanco?a3deac85cd074f44d17f4758d8b9eb69,,MD,,gx-no-cache=1542654044301 HTTP/1.1" 200 3865
200.112.233.47 - - [19/Nov/2018:16:02:18 -0300] "POST /cormun/servlet/prbanco?a3deac85cd074f44d17f4758d8b9eb69,,MD,,gx-no-cache=1542654044525 HTTP/1.1" 200 3865
186.79.30.191 - - [19/Nov/2018:16:02:43 -0300] "POST /cormun/servlet/solicitudot?gx-no-cache=1542654070759 HTTP/1.1" 200 3406
186.79.30.191 - - [19/Nov/2018:16:02:44 -0300] "POST /cormun/servlet/solicitudot?f7cb230d73a5d3293b6709334532c0d9,INS,0,0,,gx-no-cache=1542654071466 HTTP/1.1" 200 11798
186.79.30.191 - - [19/Nov/2018:16:02:46 -0300] "GET /cormun/servlet/solicitudot?00b0a372fcc9144524747615faa7c6710de23d552de0b8f5d8f15317d19cc17b8527a80c1cfc292c4a71c85d4648f58d,gx-no-cache=1542654073371 HTTP/1.1" 200 111
186.79.30.191 - - [19/Nov/2018:16:02:48 -0300] "GET /cormun/servlet/solicitudot?00b0a372fcc9144524747615faa7c6714174d22c8722a30db4f2b76d9f1d7c1442d85f4942e629c9a58e959e5f3faa1d,gx-no-cache=1542654075662 HTTP/1.1" 200 30
200.112.233.47 - - [19/Nov/2018:16:02:52 -0300] "POST /cormun/servlet/acontrolpreferencessavestate?None,JPARRAGUEZ,true HTTP/1.1" 200 35
186.79.30.191 - - [19/Nov/2018:16:04:14 -0300] "GET /cormun/servlet/prbanco?,MD,,gxPopupLevel%3D0%3B HTTP/1.1" 200 6690
186.79.30.191 - - [19/Nov/2018:16:04:14 -0300] "GET /cormun/static/gxcfg.js?20181161016094 HTTP/1.1" 200 953
186.79.30.191 - - [19/Nov/2018:16:04:14 -0300] "GET /cormun/static/prbanco.js?2018116101633 HTTP/1.1" 200 10693
186.79.30.191 - - [19/Nov/2018:16:04:18 -0300] "GET /cormun/servlet/solicitudot?00b0a372fcc9144524747615faa7c6710a640c319acda451d7d40a22fc0b7e1675a5c21305c796746ca4d8ad765c0808ae7970e41963c31dd7d1e90446623924,gx-no-cache=1542654165861 HTTP/1.1" 200 30
186.79.30.191 - - [19/Nov/2018:16:04:20 -0300] "GET /cormun/servlet/solicitudot?00b0a372fcc9144524747615faa7c6711593b439c28b5e27a2ae38e77610b302,gx-no-cache=1542654167271 HTTP/1.1" 200 53
186.79.30.191 - - [19/Nov/2018:16:04:32 -0300] "POST /cormun/servlet/solicitudot?gx-no-cache=1542654179204 HTTP/1.1" 200 297
186.79.30.191 - - [19/Nov/2018:16:04:32 -0300] "GET /cormun/servlet/solicitudot?00b0a372fcc9144524747615faa7c671e040f2b57adef5cc15d92fcfb63fda5ca9f094ad99a96c6b1172a29beedd03f9acd5af02d8200ae37340799f70adad9c7767ffb8939e2305dd23fc32d9baada2b9efd7a858a9187c559d48da291646ee05116ad98ab90f81a97f2fd2f2ae76a8e366f909efe51187075c5208381aee2013a172c4832d02927692037a78527cc245fae39bd0b722d19e24512ca4fb1983655ac7b118c35957e14b831ca08ee2f8a3093086b6fce893cd299754c8c37d162e7edbce2f0547cd03364a3eecef947da7df421dc327dd3fd806de53cb302f7610a7c2dd37c0159e2a4572ae9d87e8a379698563fc52518d230b9242770dc5ceb7eb7fd617cb3bb12023f49d0da8d5e9428b172909c42f1fd04fc7a99d4e1ed85eb81c55db781890457993cbf7a4d8174ee29c50f440dee8cc5e261ecc842b45699ac050b2655ed576ec162acfb273c500d3c4ac9b41fc00e085dda53b5e65984a6f03f5b23b573484e6f3c4d51b121af4735e6e913fcc2ec6f80475d0e2eedba37a560e62e4874b9ad2688bba7897c3,gx-no-cache=1542654179569 HTTP/1.1" 200 30
186.79.30.191 - - [19/Nov/2018:16:04:34 -0300] "POST /cormun/servlet/solicitudot?gx-no-cache=1542654181465 HTTP/1.1" 200 30
186.79.30.191 - - [19/Nov/2018:16:04:46 -0300] "POST /cormun/servlet/solicitudot?gx-no-cache=1542654193780 HTTP/1.1" 200 30
200.112.233.47 - - [19/Nov/2018:16:04:58 -0300] "GET /cormun/servlet/hlogin HTTP/1.1" 200 1733
200.112.233.47 - - [19/Nov/2018:16:05:06 -0300] "POST /cormun/servlet/hlogin?a3deac85cd074f44d17f4758d8b9eb69,gx-no-cache=1542654213029 HTTP/1.1" 200 90
200.112.233.47 - - [19/Nov/2018:16:05:06 -0300] "GET /cormun/servlet/hpexe_link HTTP/1.1" 200 953
200.112.233.47 - - [19/Nov/2018:16:05:06 -0300] "GET /cormun/servlet/prbanco?,MD, HTTP/1.1" 200 6693
186.79.30.191 - - [19/Nov/2018:16:05:07 -0300] "POST /cormun/servlet/solicitudot?gx-no-cache=1542654215102 HTTP/1.1" 200 30
200.112.233.47 - - [19/Nov/2018:16:05:08 -0300] "POST /cormun/servlet/prbanco?a3deac85cd074f44d17f4758d8b9eb69,,MD,,gx-no-cache=1542654215367 HTTP/1.1" 200 3865
200.112.233.47 - - [19/Nov/2018:16:05:12 -0300] "POST /cormun/servlet/prbanco?a3deac85cd074f44d17f4758d8b9eb69,,MD,,gx-no-cache=1542654218700 HTTP/1.1" 200 3865
200.112.233.47 - - [19/Nov/2018:16:05:13 -0300] "POST /cormun/servlet/prbanco?a3deac85cd074f44d17f4758d8b9eb69,,MD,,gx-no-cache=1542654219564 HTTP/1.1" 200 3865
200.112.233.47 - - [19/Nov/2018:16:05:13 -0300] "POST /cormun/servlet/prbanco?a3deac85cd074f44d17f4758d8b9eb69,,MD,,gx-no-cache=1542654220028 HTTP/1.1" 200 3865
186.79.30.191 - - [19/Nov/2018:16:05:19 -0300] "POST /cormun/servlet/solicitudot?gx-no-cache=1542654226534 HTTP/1.1" 200 30
200.112.233.47 - - [19/Nov/2018:16:05:22 -0300] "POST /cormun/servlet/acontrolpreferencessavestate?None,JPARRAGUEZ,true HTTP/1.1" 200 35
200.112.233.47 - - [19/Nov/2018:16:05:25 -0300] "POST /cormun/servlet/acontrolpreferencessavestate?None,JPARRAGUEZ,true HTTP/1.1" 200 35
200.112.233.47 - - [19/Nov/2018:16:05:30 -0300] "GET /cormun/servlet/hlogin HTTP/1.1" 200 1720
200.112.233.47 - - [19/Nov/2018:16:06:12 -0300] "POST /cormun/servlet/hlogin?a3deac85cd074f44d17f4758d8b9eb69,gx-no-cache=1542654278962 HTTP/1.1" 200 90
200.112.233.47 - - [19/Nov/2018:16:06:12 -0300] "GET /cormun/servlet/hpexe_link HTTP/1.1" 200 953
200.112.233.47 - - [19/Nov/2018:16:06:12 -0300] "GET /cormun/servlet/prbanco?,MD, HTTP/1.1" 200 6693
186.79.30.191 - - [19/Nov/2018:16:06:13 -0300] "POST /cormun/servlet/solicitudot?gx-no-cache=1542654280549 HTTP/1.1" 200 30
186.79.30.191 - - [19/Nov/2018:16:07:21 -0300] "POST /cormun/servlet/solicitudot?gx-no-cache=1542654348922 HTTP/1.1" 200 1277
