190.171.153.34 - - [14/Nov/2018:10:19:05 -0300] "GET /cormun/servlet/solicitudot?7e365ca2e5b9e93035bd09df21cfd8e60d5cbe07ae66970b4264706d6dce89c420ca1a5c7778570fc1037c8f1bbecf52f8e12411ac829e7b83b0afb713900226e1e41b7601fe9d829c3d96d0436b6dd19217212ae7d3f5bdd18029142756dc8c7b3e91ab933a8c526726f8901ba26e3d5230662fe08307b3c4ab5250fc5567e3c29323ce68422a32b6e6f156bca275450fd879ef6b020547263895bc1031919cf51c0accbe7044f25383c7bdf84cd92c73995701da4a947a47bdc95e47db20699c3981c24f10727a2bceedee0734388c4fa44b784d911f63f5d05d211fe8a4e3260892ce2deb76fe80c873ce15891b8742915432693f4d5219e60f71a3f7d2692d31cd25bf23c0461638999ffe7bacb39d42b402993e89fb381a35c35063c59be2b1a0a10dabaac77b150860f469aa31adbd66e6ebad72e78d96cbb293e554502998ac804ad10943255d845e1209f7090088caf876c7bd622867d7d36a3c87ec132a60755736e7abb4a4273e4e8c92c04581a0731a35ee7cdaf83c43799e1161,gx-no-cache=1542201455729 HTTP/1.1" 200 30
190.171.153.34 - - [14/Nov/2018:10:19:05 -0300] "POST /cormun/servlet/solicitudot?gx-no-cache=1542201455874 HTTP/1.1" 200 30
186.103.159.183 - - [14/Nov/2018:10:19:14 -0300] "POST /cormun/servlet/solicitudot?gx-no-cache=1542201464118 HTTP/1.1" 200 297
186.103.159.183 - - [14/Nov/2018:10:19:14 -0300] "GET /cormun/servlet/solicitudot?0aa1a460c1c2293cb522d67ff5a316f0f45e40c1468bbb99319f8d885c71ceb82b00e5bda5c201bc79b62570c43f2fc68ad21ac11c69f6034135a68e7cde5811c983e9fd778239915b05dc5d81446d669183c41ae0884de869c773181bd9517a32f89ed3447a09f98acb6b7885fc3bd5e9398be854b16b82ec06fb48b81489da88afa47ea29c3826f6dd24215c5d9ea386b56fa4f0292e4f657433146b3fb871c3d4185ac4e759f0da71e133795ed782a837a6e1d057d17233fecf1e2064406de3cbfef8c3d13415e3806ab7343e9d6fb9d34c6d3d2db2ec33f47bd7816ee2affead91357bbfc6c80337a0a46b127235cf7c3eac0532c9421dfe249315a02efe7d9403f07531c415e739a02892b49486f2cb142f9495707111b0d8ebde5706e5d756938230f0b5fcdd47853cf6635baef6da5749c2e16fb37023992b46e2203d5ced894e9f72db9fb5093653500c3fe8da71eaddb75e89be2a2416ab6903a7b9ee45f93c7968684de2caa8ee97ffd0fcce3aaf82c3d963485218cfcbcb275433956d6a11ab5c75142be6988ec6e16b88,gx-no-cache=1542201464504 HTTP/1.1" 200 30
190.171.153.34 - - [14/Nov/2018:10:19:49 -0300] "POST /cormun/servlet/solicitudot?gx-no-cache=1542201497846 HTTP/1.1" 200 240
186.103.159.183 - - [14/Nov/2018:10:19:49 -0300] "POST /cormun/servlet/solicitudot?gx-no-cache=1542201499054 HTTP/1.1" 200 30
186.103.159.183 - - [14/Nov/2018:10:19:52 -0300] "GET /cormun/servlet/prfichaempleado?,MD,,gxPopupLevel%3D0%3B HTTP/1.1" 200 9378
186.103.159.183 - - [14/Nov/2018:10:19:52 -0300] "GET /cormun/static/gxcfg.js?20177612134814 HTTP/1.1" 200 953
186.103.159.183 - - [14/Nov/2018:10:19:52 -0300] "GET /cormun/static/prfichaempleado.js?20177612134999 HTTP/1.1" 200 16006
190.171.153.34 - - [14/Nov/2018:10:19:56 -0300] "GET /cormun/servlet/solicitudot?7e365ca2e5b9e93035bd09df21cfd8e60d5cbe07ae66970b4264706d6dce89c428fe825dee85bb5f76182b25f2e33835f8e12411ac829e7b83b0afb713900226e1e41b7601fe9d829c3d96d0436b6dd19217212ae7d3f5bdd18029142756dc8c7b3e91ab933a8c526726f8901ba26e3d5230662fe08307b3c4ab5250fc5567e3c29323ce68422a32b6e6f156bca275450fd879ef6b020547263895bc1031919cf51c0accbe7044f25383c7bdf84cd92c73995701da4a947a47bdc95e47db20699c3981c24f10727a2bceedee0734388c4fa44b784d911f63f5d05d211fe8a4e3260892ce2deb76fe80c873ce15891b8742915432693f4d5219e60f71a3f7d2692d31cd25bf23c0461638999ffe7bacb38cabb1f1141aefd2af1bdc146ca28ce310d41927c2b4cb0c2bfdfb2398e993240b02f7f38076d288cdcc2d903718a28620c2c3010def968d63bde3a4c1b89041ef7f6aa2f10fadb7a94968ab2be287b79f5d68bbec58109b900ab929e38d92987e4a3e44e1bcece9357eed9cefca0170,gx-no-cache=1542201506843 HTTP/1.1" 200 30
190.171.153.34 - - [14/Nov/2018:10:19:57 -0300] "POST /cormun/servlet/solicitudot?gx-no-cache=1542201506989 HTTP/1.1" 200 30
190.171.153.34 - - [14/Nov/2018:10:19:57 -0300] "POST /cormun/servlet/solicitudot?gx-no-cache=1542201507144 HTTP/1.1" 200 1280
190.171.153.34 - - [14/Nov/2018:10:19:57 -0300] "POST /cormun/servlet/solicitudot?gx-no-cache=1542201507302 HTTP/1.1" 200 38
190.171.153.34 - - [14/Nov/2018:10:19:57 -0300] "GET /cormun/servlet/solicitudot?7e365ca2e5b9e93035bd09df21cfd8e6bb502ac02a784487738e4ed8fe809de2e331e1d26794b1a5bf533dcc6d4ee7d596c7276169b9b716b4d0fa0dde6a0d70d93c390c309cab660dac3f7373a26492d723f916a7d65bd006d3dd337111dd7fc84df11646df3e679a6312922463dda4,gx-no-cache=1542201507435 HTTP/1.1" 200 110
186.103.159.183 - - [14/Nov/2018:10:20:02 -0300] "POST /cormun/servlet/prfichaempleado?aabc619ed717ddce1c029cab12522c2a,,MD,,gxPopupLevel%3D0%3B,gx-no-cache=1542201512207 HTTP/1.1" 200 3419
186.103.159.183 - - [14/Nov/2018:10:20:11 -0300] "GET /cormun/servlet/prlicenciaspermisos?16039225,L,,MD,,gxPopupLevel%3D0%3B HTTP/1.1" 200 7022
186.103.159.183 - - [14/Nov/2018:10:20:11 -0300] "GET /cormun/static/gxcfg.js?20176272053834 HTTP/1.1" 200 953
186.103.159.183 - - [14/Nov/2018:10:20:11 -0300] "GET /cormun/static/prlicenciaspermisos.js?20176272054050 HTTP/1.1" 200 13379
186.103.159.183 - - [14/Nov/2018:10:20:14 -0300] "GET /cormun/static/Resources/Spanish/PXTools.css?17315867 HTTP/1.1" 200 89042
186.103.159.183 - - [14/Nov/2018:10:20:22 -0300] "POST /cormun/servlet/solicitudot?gx-no-cache=1542201531780 HTTP/1.1" 200 1280
186.103.159.183 - - [14/Nov/2018:10:20:24 -0300] "POST /cormun/servlet/solicitudot?gx-no-cache=1542201534088 HTTP/1.1" 200 41
190.171.153.34 - - [14/Nov/2018:10:20:27 -0300] "POST /cormun/servlet/solicitudot?gx-no-cache=1542201537575 HTTP/1.1" 200 97
190.171.153.34 - - [14/Nov/2018:10:20:27 -0300] "GET /cormun/servlet/solicitudot?7e365ca2e5b9e93035bd09df21cfd8e6de10a687ccd788cacda49ca2e4c8c3d190493b1884fc6d840975821baa1ec9f2b75493cb169911eb91d17cc39e6f0bc80370284a81cb7ef799e5353da8fdaf012a79d4f4442351670ec9ce2abd3215f1f97b546b64cc227c0b11c029a73a74ed,gx-no-cache=1542201537846 HTTP/1.1" 200 29
190.171.153.34 - - [14/Nov/2018:10:20:28 -0300] "GET /cormun/static/menuarrow.gif HTTP/1.1" 404 1015
190.171.153.34 - - [14/Nov/2018:10:20:34 -0300] "GET /cormun/servlet/solicitudot?7e365ca2e5b9e93035bd09df21cfd8e6a4c8f5aa9b81975b8c218afbd1172cb1742ef4eb98071474868420b68b3109e1,gx-no-cache=1542201544412 HTTP/1.1" 200 30
186.103.159.183 - - [14/Nov/2018:10:20:47 -0300] "GET /cormun/servlet/solicitudot?0aa1a460c1c2293cb522d67ff5a316f040ced9d8b6402b5803fe599bad6f74c6f707e06be11d97cad913c4f36555ae5d424496f5f0a4f1ffa968dea0115bc7124163f5fa4c37e14e85fd450239af3aeb86c4de3f0405db5515a2ac7790622a597d64e531521853f587ccf92e3b9b96e6,gx-no-cache=1542201556920 HTTP/1.1" 200 110
186.103.159.183 - - [14/Nov/2018:10:20:54 -0300] "POST /cormun/servlet/solicitudot?gx-no-cache=1542201564721 HTTP/1.1" 200 110
186.103.159.183 - - [14/Nov/2018:10:20:57 -0300] "GET /cormun/servlet/solicitudot?0aa1a460c1c2293cb522d67ff5a316f02031a50a351ed162be9ec10f5a3ec60f80e111d540aeb4283d0015b43c75c6084fe4ed3a394c05a1a9288dc26ac66a5940d1b11f7c4ec1070b2df2483864c2ddd6d11733857767a2a6c18429c831f68bc9cc7fefa173b420ed9c19da02c4ee60,gx-no-cache=1542201567919 HTTP/1.1" 200 29
186.103.159.183 - - [14/Nov/2018:10:21:02 -0300] "GET /cormun/static/menuarrow.gif HTTP/1.1" 404 1015
186.103.159.183 - - [14/Nov/2018:10:21:08 -0300] "GET /cormun/servlet/solicitudot?0aa1a460c1c2293cb522d67ff5a316f07320201a60d44e8b732803a1ab8c4764e9359d5b52b1f2b986eded30dde23178,gx-no-cache=1542201578245 HTTP/1.1" 200 30
186.103.159.183 - - [14/Nov/2018:10:21:08 -0300] "POST /cormun/servlet/solicitudot?gx-no-cache=1542201578399 HTTP/1.1" 200 34
186.103.156.24 - - [14/Nov/2018:10:21:09 -0300] "GET /cormun/servlet/hlogin HTTP/1.1" 200 1719
186.103.156.24 - - [14/Nov/2018:10:21:09 -0300] "GET /cormun/static/gxcfg.js?20177612122725 HTTP/1.1" 200 953
186.103.156.24 - - [14/Nov/2018:10:21:10 -0300] "GET /cormun/static/Resources/PXToolsLoginBottom.png HTTP/1.1" 200 1389
186.103.156.24 - - [14/Nov/2018:10:21:10 -0300] "GET /cormun/static/Resources/PXToolsLoginBackground.png HTTP/1.1" 200 1164
186.103.156.24 - - [14/Nov/2018:10:21:10 -0300] "GET /cormun/static/Resources/PXToolsLoginTop.png HTTP/1.1" 200 1337
186.103.156.24 - - [14/Nov/2018:10:21:10 -0300] "GET /cormun/static/Resources/ComunLogin.png HTTP/1.1" 200 17326
186.103.159.183 - - [14/Nov/2018:10:21:30 -0300] "POST /cormun/servlet/solicitudot?aabc619ed717ddce1c029cab12522c2a,INS,0,0,,gx-no-cache=1542201595377 HTTP/1.1" 200 93
186.103.159.183 - - [14/Nov/2018:10:21:30 -0300] "GET /cormun/servlet/hpexe_return? HTTP/1.1" 200 1007
186.103.159.183 - - [14/Nov/2018:10:21:30 -0300] "GET /cormun/servlet/trsolicitudot HTTP/1.1" 200 8914
186.103.159.183 - - [14/Nov/2018:10:21:31 -0300] "GET /cormun/servlet/trsolicitudot HTTP/1.1" 200 8910
186.103.159.183 - - [14/Nov/2018:10:21:40 -0300] "POST /cormun/servlet/trsolicitudot?aabc619ed717ddce1c029cab12522c2a,gx-no-cache=1542201605559 HTTP/1.1" 200 107
186.103.159.183 - - [14/Nov/2018:10:21:41 -0300] "GET /cormun/servlet/trsolicitudadjuntos?2018,12340, HTTP/1.1" 200 6396
186.103.159.183 - - [14/Nov/2018:10:21:45 -0300] "GET /cormun/servlet/solicitudotadjuntos?INS,2018,12340,,1, HTTP/1.1" 200 6340
186.103.159.183 - - [14/Nov/2018:10:21:46 -0300] "GET /cormun/static/about:blank HTTP/1.1" 404 1011
186.103.159.183 - - [14/Nov/2018:10:21:46 -0300] "GET /cormun/servlet/solicitudotadjuntos?INS,2018,12340,,1, HTTP/1.1" 200 6334
190.171.153.34 - - [14/Nov/2018:10:21:47 -0300] "POST /cormun/servlet/solicitudot?gx-no-cache=1542201617081 HTTP/1.1" 200 30
186.103.159.183 - - [14/Nov/2018:10:21:47 -0300] "GET /cormun/servlet/solicitudotadjuntos?0aa1a460c1c2293cb522d67ff5a316f0b85aeab0838232ae8f7c3987228d443041d5de46375697efd466c6baf82085e8,gx-no-cache=1542201616917 HTTP/1.1" 200 30
186.103.159.183 - - [14/Nov/2018:10:21:49 -0300] "POST /cormun/servlet/solicitudotadjuntos?aabc619ed717ddce1c029cab12522c2a,INS,2018,12340,,1,,gx-no-cache=1542201617434 HTTP/1.1" 200 4069
186.103.159.183 - - [14/Nov/2018:10:21:51 -0300] "POST /cormun/servlet/solicitudotadjuntos?gx-no-cache=1542201621539 HTTP/1.1" 200 26
200.54.247.70 - - [14/Nov/2018:10:21:51 -0300] "GET /cormun/servlet/trpermisosgoce? HTTP/1.1" 200 8636
200.54.247.70 - - [14/Nov/2018:10:21:52 -0300] "GET /cormun/servlet/trpermisosgoce? HTTP/1.1" 200 8636
190.171.153.34 - - [14/Nov/2018:10:22:02 -0300] "POST /cormun/servlet/solicitudot?12680a5f7252a0acc6fd89270ee2d52a,INS,0,0,,gx-no-cache=1542201630987 HTTP/1.1" 200 11907
186.103.159.183 - - [14/Nov/2018:10:22:04 -0300] "GET /cormun/servlet/solicitudotadjuntos?0aa1a460c1c2293cb522d67ff5a316f03c8ee02f73807a266a7fecb157c94bec,gx-no-cache=1542201633511 HTTP/1.1" 200 30
186.103.159.183 - - [14/Nov/2018:10:22:04 -0300] "GET /cormun/servlet/solicitudotadjuntos?0aa1a460c1c2293cb522d67ff5a316f03c8ee02f73807a266a7fecb157c94bec,gx-no-cache=1542201634240 HTTP/1.1" 200 30
186.103.159.183 - - [14/Nov/2018:10:22:22 -0300] "POST /cormun/servlet/solicitudotadjuntos?aabc619ed717ddce1c029cab12522c2a,INS,2018,12340,,1, HTTP/1.1" 200 116
186.103.159.183 - - [14/Nov/2018:10:22:23 -0300] "GET /cormun/servlet/hpexe_return? HTTP/1.1" 200 1027
186.103.159.183 - - [14/Nov/2018:10:22:24 -0300] "GET /cormun/servlet/trsolicitudadjuntos?2018,12340, HTTP/1.1" 200 8948
186.103.159.183 - - [14/Nov/2018:10:22:24 -0300] "GET /cormun/servlet/trsolicitudadjuntos?2018,12340, HTTP/1.1" 200 8947
186.103.159.183 - - [14/Nov/2018:10:22:32 -0300] "GET /cormun/servlet/solicitudotadjuntos?INS,2018,12340,,1, HTTP/1.1" 200 6339
186.103.159.183 - - [14/Nov/2018:10:22:33 -0300] "GET /cormun/static/about:blank HTTP/1.1" 404 1011
186.103.159.183 - - [14/Nov/2018:10:22:33 -0300] "GET /cormun/servlet/solicitudotadjuntos?INS,2018,12340,,1, HTTP/1.1" 200 6333
186.103.159.183 - - [14/Nov/2018:10:22:34 -0300] "GET /cormun/servlet/solicitudotadjuntos?0aa1a460c1c2293cb522d67ff5a316f0b85aeab0838232ae8f7c3987228d443041d5de46375697efd466c6baf82085e8,gx-no-cache=1542201664013 HTTP/1.1" 200 30
186.103.159.183 - - [14/Nov/2018:10:22:36 -0300] "POST /cormun/servlet/solicitudotadjuntos?aabc619ed717ddce1c029cab12522c2a,INS,2018,12340,,1,,gx-no-cache=1542201664263 HTTP/1.1" 200 4067
186.103.159.183 - - [14/Nov/2018:10:22:39 -0300] "POST /cormun/servlet/solicitudotadjuntos?gx-no-cache=1542201669578 HTTP/1.1" 200 26
186.103.159.183 - - [14/Nov/2018:10:22:49 -0300] "GET /cormun/servlet/solicitudotadjuntos?0aa1a460c1c2293cb522d67ff5a316f03c8ee02f73807a266a7fecb157c94bec,gx-no-cache=1542201679848 HTTP/1.1" 200 30
186.103.159.183 - - [14/Nov/2018:10:22:49 -0300] "GET /cormun/servlet/solicitudotadjuntos?0aa1a460c1c2293cb522d67ff5a316f03c8ee02f73807a266a7fecb157c94bec,gx-no-cache=1542201679980 HTTP/1.1" 200 30
200.54.247.70 - - [14/Nov/2018:10:23:09 -0300] "GET /cormun/servlet/trsolicitudot? HTTP/1.1" 200 7203
200.54.247.70 - - [14/Nov/2018:10:23:10 -0300] "GET /cormun/servlet/trsolicitudot? HTTP/1.1" 200 7203
186.103.159.183 - - [14/Nov/2018:10:23:23 -0300] "POST /cormun/servlet/solicitudotadjuntos?aabc619ed717ddce1c029cab12522c2a,INS,2018,12340,,1, HTTP/1.1" 200 116
186.103.159.183 - - [14/Nov/2018:10:23:23 -0300] "GET /cormun/servlet/hpexe_return? HTTP/1.1" 200 1027
186.103.159.183 - - [14/Nov/2018:10:23:23 -0300] "GET /cormun/servlet/trsolicitudadjuntos?2018,12340, HTTP/1.1" 200 9162
186.103.159.183 - - [14/Nov/2018:10:23:24 -0300] "GET /cormun/servlet/trsolicitudadjuntos?2018,12340, HTTP/1.1" 200 9160
186.103.159.183 - - [14/Nov/2018:10:23:26 -0300] "GET /cormun/servlet/solicitudotadjuntos?INS,2018,12340,,1, HTTP/1.1" 200 6340
186.103.159.183 - - [14/Nov/2018:10:23:27 -0300] "GET /cormun/static/about:blank HTTP/1.1" 404 1011
186.103.159.183 - - [14/Nov/2018:10:23:27 -0300] "GET /cormun/servlet/solicitudotadjuntos?INS,2018,12340,,1, HTTP/1.1" 200 6334
190.171.153.34 - - [14/Nov/2018:10:23:27 -0300] "POST /cormun/servlet/solicitudot?gx-no-cache=1542201717215 HTTP/1.1" 200 255
186.103.159.183 - - [14/Nov/2018:10:23:27 -0300] "GET /cormun/servlet/solicitudotadjuntos?0aa1a460c1c2293cb522d67ff5a316f0b85aeab0838232ae8f7c3987228d443041d5de46375697efd466c6baf82085e8,gx-no-cache=1542201717815 HTTP/1.1" 200 30
186.103.159.183 - - [14/Nov/2018:10:23:28 -0300] "POST /cormun/servlet/solicitudotadjuntos?aabc619ed717ddce1c029cab12522c2a,INS,2018,12340,,1,,gx-no-cache=1542201717946 HTTP/1.1" 200 4067
186.103.159.183 - - [14/Nov/2018:10:23:31 -0300] "POST /cormun/servlet/solicitudotadjuntos?gx-no-cache=1542201721024 HTTP/1.1" 200 26
190.171.153.34 - - [14/Nov/2018:10:23:33 -0300] "GET /cormun/servlet/solicitudot?7e365ca2e5b9e93035bd09df21cfd8e60d5cbe07ae66970b4264706d6dce89c420ca1a5c7778570fc1037c8f1bbecf52f8e12411ac829e7b83b0afb713900226e1e41b7601fe9d829c3d96d0436b6dd19217212ae7d3f5bdd18029142756dc8c7b3e91ab933a8c526726f8901ba26e3d5230662fe08307b3c4ab5250fc5567e3c29323ce68422a32b6e6f156bca275450fd879ef6b020547263895bc1031919cf51c0accbe7044f25383c7bdf84cd92c73995701da4a947a47bdc95e47db20699c3981c24f10727a2bceedee0734388c4fa44b784d911f63f5d05d211fe8a4e3260892ce2deb76fe80c873ce15891b8742915432693f4d5219e60f71a3f7d2692d31cd25bf23c0461638999ffe7bacb39d42b402993e89fb381a35c35063c59be2b1a0a10dabaac77b150860f469aa31adbd66e6ebad72e78d96cbb293e554502998ac804ad10943255d845e1209f7090088caf876c7bd622867d7d36a3c87ec132a60755736e7abb4a4273e4e8c92c04581a0731a35ee7cdaf83c43799e1161,gx-no-cache=1542201722932 HTTP/1.1" 200 30
186.103.159.183 - - [14/Nov/2018:10:23:37 -0300] "GET /cormun/servlet/solicitudotadjuntos?0aa1a460c1c2293cb522d67ff5a316f03c8ee02f73807a266a7fecb157c94bec,gx-no-cache=1542201727682 HTTP/1.1" 200 30
186.103.159.183 - - [14/Nov/2018:10:23:37 -0300] "GET /cormun/servlet/solicitudotadjuntos?0aa1a460c1c2293cb522d67ff5a316f03c8ee02f73807a266a7fecb157c94bec,gx-no-cache=1542201727811 HTTP/1.1" 200 30
190.171.153.34 - - [14/Nov/2018:10:23:39 -0300] "POST /cormun/servlet/solicitudot?gx-no-cache=1542201729718 HTTP/1.1" 200 30
190.171.153.34 - - [14/Nov/2018:10:23:52 -0300] "GET /cormun/servlet/prfichaempleado?,MD,,gxPopupLevel%3D0%3B HTTP/1.1" 200 9402
190.171.153.34 - - [14/Nov/2018:10:23:52 -0300] "GET /cormun/static/gxui/gxui-all.css?110300 HTTP/1.1" 200 2179
190.171.153.34 - - [14/Nov/2018:10:23:52 -0300] "GET /cormun/static/gxcfg.js?20177612134814 HTTP/1.1" 200 953
190.171.153.34 - - [14/Nov/2018:10:23:52 -0300] "GET /cormun/static/prfichaempleado.js?20177612134999 HTTP/1.1" 200 16006
190.171.153.34 - - [14/Nov/2018:10:23:53 -0300] "GET /cormun/static/Shared/ext/resources/css/ext-all.css?205870 HTTP/1.1" 200 416045
186.103.159.183 - - [14/Nov/2018:10:24:09 -0300] "POST /cormun/servlet/solicitudotadjuntos?aabc619ed717ddce1c029cab12522c2a,INS,2018,12340,,1, HTTP/1.1" 200 116
186.103.159.183 - - [14/Nov/2018:10:24:09 -0300] "GET /cormun/servlet/hpexe_return? HTTP/1.1" 200 1027
186.103.159.183 - - [14/Nov/2018:10:24:09 -0300] "GET /cormun/servlet/trsolicitudadjuntos?2018,12340, HTTP/1.1" 200 9334
186.103.159.183 - - [14/Nov/2018:10:24:10 -0300] "GET /cormun/servlet/trsolicitudadjuntos?2018,12340, HTTP/1.1" 200 9331
190.171.153.34 - - [14/Nov/2018:10:24:14 -0300] "POST /cormun/servlet/prfichaempleado?12680a5f7252a0acc6fd89270ee2d52a,,MD,,gxPopupLevel%3D0%3B,gx-no-cache=1542201763176 HTTP/1.1" 200 3424
190.171.153.34 - - [14/Nov/2018:10:24:23 -0300] "GET /cormun/servlet/prlicenciaspermisos?11638014,L,,MD,,gxPopupLevel%3D0%3B HTTP/1.1" 200 7095
190.171.153.34 - - [14/Nov/2018:10:24:23 -0300] "GET /cormun/static/Resources/Spanish/PXTools.css?17315867 HTTP/1.1" 200 89042
190.171.153.34 - - [14/Nov/2018:10:24:23 -0300] "GET /cormun/static/gxcfg.js?20176272053834 HTTP/1.1" 200 953
190.171.153.34 - - [14/Nov/2018:10:24:23 -0300] "GET /cormun/static/prlicenciaspermisos.js?20176272054050 HTTP/1.1" 200 13379
186.103.159.183 - - [14/Nov/2018:10:24:25 -0300] "GET /cormun/servlet/solicitudotadjuntos?INS,2018,12340,,1, HTTP/1.1" 200 6339
186.103.159.183 - - [14/Nov/2018:10:24:26 -0300] "GET /cormun/servlet/solicitudotadjuntos?INS,2018,12340,,1, HTTP/1.1" 200 6333
186.103.159.183 - - [14/Nov/2018:10:24:26 -0300] "GET /cormun/static/about:blank HTTP/1.1" 404 1011
186.103.159.183 - - [14/Nov/2018:10:24:26 -0300] "GET /cormun/servlet/solicitudotadjuntos?0aa1a460c1c2293cb522d67ff5a316f0b85aeab0838232ae8f7c3987228d443041d5de46375697efd466c6baf82085e8,gx-no-cache=1542201776720 HTTP/1.1" 200 30
190.171.153.34 - - [14/Nov/2018:10:24:27 -0300] "POST /cormun/servlet/solicitudot?gx-no-cache=1542201777467 HTTP/1.1" 200 1280
186.103.159.183 - - [14/Nov/2018:10:24:27 -0300] "POST /cormun/servlet/solicitudotadjuntos?aabc619ed717ddce1c029cab12522c2a,INS,2018,12340,,1,,gx-no-cache=1542201776860 HTTP/1.1" 200 4068
186.103.159.183 - - [14/Nov/2018:10:24:31 -0300] "POST /cormun/servlet/solicitudotadjuntos?gx-no-cache=1542201781159 HTTP/1.1" 200 26
186.103.159.183 - - [14/Nov/2018:10:24:34 -0300] "GET /cormun/servlet/solicitudotadjuntos?0aa1a460c1c2293cb522d67ff5a316f03c8ee02f73807a266a7fecb157c94bec,gx-no-cache=1542201784860 HTTP/1.1" 200 30
186.103.159.183 - - [14/Nov/2018:10:24:34 -0300] "GET /cormun/servlet/solicitudotadjuntos?0aa1a460c1c2293cb522d67ff5a316f03c8ee02f73807a266a7fecb157c94bec,gx-no-cache=1542201784979 HTTP/1.1" 200 30
190.171.153.34 - - [14/Nov/2018:10:24:35 -0300] "POST /cormun/servlet/solicitudot?gx-no-cache=1542201785268 HTTP/1.1" 200 41
190.171.153.34 - - [14/Nov/2018:10:24:35 -0300] "GET /cormun/servlet/solicitudot?7e365ca2e5b9e93035bd09df21cfd8e6bb502ac02a784487738e4ed8fe809de2e331e1d26794b1a5bf533dcc6d4ee7d596c7276169b9b716b4d0fa0dde6a0d70d93c390c309cab660dac3f7373a26492d723f916a7d65bd006d3dd337111dd7fc84df11646df3e679a6312922463dda4,gx-no-cache=1542201785805 HTTP/1.1" 200 110
190.171.153.34 - - [14/Nov/2018:10:24:35 -0300] "POST /cormun/servlet/solicitudot?gx-no-cache=1542201785916 HTTP/1.1" 200 102
186.103.159.183 - - [14/Nov/2018:10:24:40 -0300] "POST /cormun/servlet/solicitudotadjuntos?aabc619ed717ddce1c029cab12522c2a,INS,2018,12340,,1, HTTP/1.1" 200 116
186.103.159.183 - - [14/Nov/2018:10:24:40 -0300] "GET /cormun/servlet/hpexe_return? HTTP/1.1" 200 1027
186.103.159.183 - - [14/Nov/2018:10:24:41 -0300] "GET /cormun/servlet/trsolicitudadjuntos?2018,12340, HTTP/1.1" 200 9554
186.103.159.183 - - [14/Nov/2018:10:24:42 -0300] "GET /cormun/servlet/trsolicitudadjuntos?2018,12340, HTTP/1.1" 200 9550
186.9.135.169 - - [14/Nov/2018:10:24:42 -0300] "GET /cormun/servlet/hlogin HTTP/1.1" 200 1770
186.9.135.169 - - [14/Nov/2018:10:24:42 -0300] "GET /cormun/static/gxfxSD.js?85251 HTTP/1.1" 200 15384
186.9.135.169 - - [14/Nov/2018:10:24:42 -0300] "GET /cormun/static/Resources/Spanish/PXTools.css?1155365 HTTP/1.1" 200 89042
190.171.153.34 - - [14/Nov/2018:10:24:42 -0300] "GET /cormun/servlet/solicitudot?7e365ca2e5b9e93035bd09df21cfd8e6a4c8f5aa9b81975b8c218afbd1172cb1dfa87e4ce36968349e6f37c25d0ef35e,gx-no-cache=1542201792911 HTTP/1.1" 200 30
190.171.153.34 - - [14/Nov/2018:10:24:43 -0300] "POST /cormun/servlet/solicitudot?gx-no-cache=1542201793029 HTTP/1.1" 200 135
186.9.135.169 - - [14/Nov/2018:10:24:43 -0300] "GET /cormun/static/gxtypesSD.js?85251 HTTP/1.1" 200 24551
186.9.135.169 - - [14/Nov/2018:10:24:43 -0300] "GET /cormun/static/gxhtmlSD.js?85251 HTTP/1.1" 200 50424
186.9.135.169 - - [14/Nov/2018:10:24:43 -0300] "GET /cormun/static/JavaScripTableSD.js?85251 HTTP/1.1" 200 25100
186.9.135.169 - - [14/Nov/2018:10:24:43 -0300] "GET /cormun/static/gxapiSD.js?85251 HTTP/1.1" 200 78773
186.9.135.169 - - [14/Nov/2018:10:24:43 -0300] "GET /cormun/static/messages.spa.js?85251 HTTP/1.1" 200 30736
186.9.135.169 - - [14/Nov/2018:10:24:43 -0300] "GET /cormun/static/gxgralSD.js?85251 HTTP/1.1" 200 20927
186.9.135.169 - - [14/Nov/2018:10:24:43 -0300] "GET /cormun/static/gxtimezone.js?85251 HTTP/1.1" 200 5781
186.9.135.169 - - [14/Nov/2018:10:24:43 -0300] "GET /cormun/static/hlogin.js?20177612122738 HTTP/1.1" 200 2136
186.9.135.169 - - [14/Nov/2018:10:24:43 -0300] "GET /cormun/static/Resources/ComunLogin.png HTTP/1.1" 200 17326
190.171.153.34 - - [14/Nov/2018:10:24:43 -0300] "POST /cormun/servlet/solicitudot?12680a5f7252a0acc6fd89270ee2d52a,INS,0,0,,gx-no-cache=1542201793210 HTTP/1.1" 200 12037
186.9.135.169 - - [14/Nov/2018:10:24:43 -0300] "GET /cormun/static/Resources/PXToolsButtonLeft21.png HTTP/1.1" 200 1287
186.9.135.169 - - [14/Nov/2018:10:24:43 -0300] "GET /cormun/static/Resources/PXToolsButtonRight21.png HTTP/1.1" 200 1283
186.9.135.169 - - [14/Nov/2018:10:24:43 -0300] "GET /cormun/static/Resources/PXToolsLoginBackground.png HTTP/1.1" 200 1164
186.9.135.169 - - [14/Nov/2018:10:24:43 -0300] "GET /cormun/static/Resources/PXToolsLoginTop.png HTTP/1.1" 200 1337
186.9.135.169 - - [14/Nov/2018:10:24:43 -0300] "GET /cormun/servlet/hlogin HTTP/1.1" 200 1775
186.9.135.169 - - [14/Nov/2018:10:24:44 -0300] "GET /cormun/static/Resources/indicator.gif HTTP/1.1" 200 1553
186.9.135.169 - - [14/Nov/2018:10:24:44 -0300] "GET /cormun/static/Resources/PXToolsLoginTop.png HTTP/1.1" 200 1337
186.9.135.169 - - [14/Nov/2018:10:24:44 -0300] "GET /cormun/static/Resources/PXToolsButtonRight21.png HTTP/1.1" 200 1283
186.9.135.169 - - [14/Nov/2018:10:24:44 -0300] "GET /cormun/static/Resources/PXToolsLoginBottom.png HTTP/1.1" 200 1389
186.9.135.169 - - [14/Nov/2018:10:24:44 -0300] "GET /cormun/static/Resources/PXToolsButtonBackground2.png HTTP/1.1" 200 1181
186.9.135.169 - - [14/Nov/2018:10:24:45 -0300] "GET /cormun/static/Resources/PXToolsLoginBackground.png HTTP/1.1" 200 1164
186.9.135.169 - - [14/Nov/2018:10:24:45 -0300] "GET /cormun/static/Resources/PXToolsButtonLeft21.png HTTP/1.1" 200 1287
186.103.159.183 - - [14/Nov/2018:10:24:48 -0300] "GET /cormun/servlet/solicitudotadjuntos?INS,2018,12340,,1, HTTP/1.1" 200 6339
186.103.159.183 - - [14/Nov/2018:10:24:48 -0300] "GET /cormun/static/about:blank HTTP/1.1" 404 1011
186.103.159.183 - - [14/Nov/2018:10:24:48 -0300] "GET /cormun/servlet/solicitudotadjuntos?INS,2018,12340,,1, HTTP/1.1" 200 6333
186.103.159.183 - - [14/Nov/2018:10:24:49 -0300] "GET /cormun/servlet/solicitudotadjuntos?0aa1a460c1c2293cb522d67ff5a316f0b85aeab0838232ae8f7c3987228d443041d5de46375697efd466c6baf82085e8,gx-no-cache=1542201799402 HTTP/1.1" 200 30
186.103.159.183 - - [14/Nov/2018:10:24:50 -0300] "POST /cormun/servlet/solicitudotadjuntos?aabc619ed717ddce1c029cab12522c2a,INS,2018,12340,,1,,gx-no-cache=1542201799645 HTTP/1.1" 200 4068
186.103.159.183 - - [14/Nov/2018:10:24:52 -0300] "POST /cormun/servlet/solicitudotadjuntos?gx-no-cache=1542201802333 HTTP/1.1" 200 26
186.103.159.183 - - [14/Nov/2018:10:24:56 -0300] "GET /cormun/servlet/solicitudotadjuntos?0aa1a460c1c2293cb522d67ff5a316f03c8ee02f73807a266a7fecb157c94bec,gx-no-cache=1542201806952 HTTP/1.1" 200 30
186.103.159.183 - - [14/Nov/2018:10:24:57 -0300] "GET /cormun/servlet/solicitudotadjuntos?0aa1a460c1c2293cb522d67ff5a316f03c8ee02f73807a266a7fecb157c94bec,gx-no-cache=1542201807085 HTTP/1.1" 200 30
190.171.153.34 - - [14/Nov/2018:10:24:59 -0300] "GET /cormun/servlet/solicitudot?7e365ca2e5b9e93035bd09df21cfd8e6a4c8f5aa9b81975b8c218afbd1172cb18e02ddbc804940502668975973775190,gx-no-cache=1542201809262 HTTP/1.1" 200 30
190.171.153.34 - - [14/Nov/2018:10:24:59 -0300] "POST /cormun/servlet/solicitudot?gx-no-cache=1542201809393 HTTP/1.1" 200 135
190.171.153.34 - - [14/Nov/2018:10:25:01 -0300] "POST /cormun/servlet/solicitudot?12680a5f7252a0acc6fd89270ee2d52a,INS,0,0,,gx-no-cache=1542201810012 HTTP/1.1" 200 12105
186.103.159.183 - - [14/Nov/2018:10:25:10 -0300] "POST /cormun/servlet/solicitudotadjuntos?aabc619ed717ddce1c029cab12522c2a,INS,2018,12340,,1, HTTP/1.1" 200 116
186.103.159.183 - - [14/Nov/2018:10:25:10 -0300] "GET /cormun/servlet/hpexe_return? HTTP/1.1" 200 1027
192.168.10.96 - - [14/Nov/2018:10:25:11 -0300] "GET /cormun/servlet/hlogin HTTP/1.1" 200 1722
186.103.159.183 - - [14/Nov/2018:10:25:12 -0300] "GET /cormun/servlet/trsolicitudadjuntos?2018,12340, HTTP/1.1" 200 9777
192.168.10.96 - - [14/Nov/2018:10:25:12 -0300] "GET /cormun/servlet/hlogin HTTP/1.1" 200 1733
186.103.159.183 - - [14/Nov/2018:10:25:13 -0300] "GET /cormun/servlet/trsolicitudadjuntos?2018,12340, HTTP/1.1" 200 9774
186.103.159.183 - - [14/Nov/2018:10:25:15 -0300] "GET /cormun/servlet/solicitudotadjuntos?INS,2018,12340,,1, HTTP/1.1" 200 6340
186.103.159.183 - - [14/Nov/2018:10:25:16 -0300] "GET /cormun/static/about:blank HTTP/1.1" 404 1011
186.103.159.183 - - [14/Nov/2018:10:25:16 -0300] "GET /cormun/servlet/solicitudotadjuntos?INS,2018,12340,,1, HTTP/1.1" 200 6334
186.103.159.183 - - [14/Nov/2018:10:25:17 -0300] "GET /cormun/servlet/solicitudotadjuntos?0aa1a460c1c2293cb522d67ff5a316f0b85aeab0838232ae8f7c3987228d443041d5de46375697efd466c6baf82085e8,gx-no-cache=1542201826942 HTTP/1.1" 200 30
186.103.159.183 - - [14/Nov/2018:10:25:17 -0300] "POST /cormun/servlet/solicitudotadjuntos?aabc619ed717ddce1c029cab12522c2a,INS,2018,12340,,1,,gx-no-cache=1542201827223 HTTP/1.1" 200 4068
186.103.159.183 - - [14/Nov/2018:10:25:21 -0300] "POST /cormun/servlet/solicitudotadjuntos?gx-no-cache=1542201830532 HTTP/1.1" 200 26
186.9.135.169 - - [14/Nov/2018:10:25:22 -0300] "POST /cormun/servlet/hlogin?fede68f52fec292790e6fb8cb3f8c382,gx-no-cache=1542201829611 HTTP/1.1" 200 90
186.9.135.169 - - [14/Nov/2018:10:25:22 -0300] "GET /cormun/servlet/hpexe_link HTTP/1.1" 200 1000
186.9.135.169 - - [14/Nov/2018:10:25:22 -0300] "GET /cormun/static/hpexe_link.js?20177612121795 HTTP/1.1" 200 625
186.9.135.169 - - [14/Nov/2018:10:25:22 -0300] "GET /cormun/servlet/hhome HTTP/1.1" 200 4385
186.9.135.169 - - [14/Nov/2018:10:25:23 -0300] "GET /cormun/static/SmoothNavMenu/resources/ddsmoothmenu.css?1012540 HTTP/1.1" 200 2223
186.9.135.169 - - [14/Nov/2018:10:25:23 -0300] "GET /cormun/static/SmoothNavMenu/resources/ddsmoothmenu-v.css?1012540 HTTP/1.1" 200 1188
186.9.135.169 - - [14/Nov/2018:10:25:23 -0300] "GET /cormun/static/Shared/jqueryui/jquery-ui.min.css?1245370 HTTP/1.1" 200 30288
186.9.135.169 - - [14/Nov/2018:10:25:23 -0300] "GET /cormun/static/scaMessage/css/jquery.pnotify.default.css?1716380 HTTP/1.1" 200 1707
186.9.135.169 - - [14/Nov/2018:10:25:23 -0300] "GET /cormun/static/PXToolsJavascripts/pexe_autoreload.js HTTP/1.1" 200 1762
186.9.135.169 - - [14/Nov/2018:10:25:23 -0300] "GET /cormun/static/Resources/Spanish/PXTools.css?11423723 HTTP/1.1" 200 89042
186.9.135.169 - - [14/Nov/2018:10:25:23 -0300] "GET /cormun/static/PXToolsJavascripts/pexe_link.js HTTP/1.1" 200 5671
186.9.135.169 - - [14/Nov/2018:10:25:23 -0300] "GET /cormun/static/PXToolsJavascripts/pexe_griddivfix.js HTTP/1.1" 200 6644
186.9.135.169 - - [14/Nov/2018:10:25:23 -0300] "GET /cormun/static/PXToolsJavascripts/pexe_menudivfix.js HTTP/1.1" 200 333
186.9.135.169 - - [14/Nov/2018:10:25:23 -0300] "GET /cormun/static/PXToolsJavascripts/pexe_cookies.js HTTP/1.1" 200 792
186.9.135.169 - - [14/Nov/2018:10:25:23 -0300] "GET /cormun/static/PXToolsJavascripts/pexe_grid.js HTTP/1.1" 200 7559
186.9.135.169 - - [14/Nov/2018:10:25:23 -0300] "GET /cormun/static/PXToolsJavascripts/pexe_layers.js HTTP/1.1" 200 4114
186.9.135.169 - - [14/Nov/2018:10:25:23 -0300] "GET /cormun/static/PXToolsJavascripts/pexe_scrolldiv.js HTTP/1.1" 200 4138
186.9.135.169 - - [14/Nov/2018:10:25:23 -0300] "GET /cormun/static/PXToolsJavascripts/pexe_upload.js HTTP/1.1" 200 1423
186.9.135.169 - - [14/Nov/2018:10:25:23 -0300] "GET /cormun/static/RunJS/RunJS.js HTTP/1.1" 200 288
186.9.135.169 - - [14/Nov/2018:10:25:24 -0300] "GET /cormun/static/PXToolsJavascripts/pexe_oavdivfix.js HTTP/1.1" 200 639
186.9.135.169 - - [14/Nov/2018:10:25:24 -0300] "GET /cormun/static/PXToolsJavascripts/pexe_popup.js HTTP/1.1" 200 13458
186.9.135.169 - - [14/Nov/2018:10:25:24 -0300] "GET /cormun/static/hhome.js?20175251212450 HTTP/1.1" 200 777
186.9.135.169 - - [14/Nov/2018:10:25:24 -0300] "GET /cormun/static/Shared/ext/locale/ext-lang-en.js HTTP/1.1" 200 10940
186.9.135.169 - - [14/Nov/2018:10:25:24 -0300] "GET /cormun/static/hpexe_recentlink.js?20177611595044 HTTP/1.1" 200 2144
186.9.135.169 - - [14/Nov/2018:10:25:24 -0300] "GET /cormun/static/hwchdr01.js?201752511465785 HTTP/1.1" 200 1183
186.9.135.169 - - [14/Nov/2018:10:25:24 -0300] "GET /cormun/static/gxui/gxui-all.js HTTP/1.1" 200 107772
186.9.135.169 - - [14/Nov/2018:10:25:24 -0300] "GET /cormun/static/hpexe_messagepopupcomponent.js?20161017169425 HTTP/1.1" 200 605
186.9.135.169 - - [14/Nov/2018:10:25:24 -0300] "GET /cormun/static/hpexe_messagegenexuscomponent.js?201752511465344 HTTP/1.1" 200 587
186.9.135.169 - - [14/Nov/2018:10:25:24 -0300] "GET /cormun/static/cmcontrolpreferences.js?201752511465670 HTTP/1.1" 200 1375
186.9.135.169 - - [14/Nov/2018:10:25:24 -0300] "GET /cormun/static/hpexe_scripts.js?201752511465715 HTTP/1.1" 200 1544
186.103.159.183 - - [14/Nov/2018:10:25:24 -0300] "GET /cormun/servlet/solicitudotadjuntos?0aa1a460c1c2293cb522d67ff5a316f03c8ee02f73807a266a7fecb157c94bec,gx-no-cache=1542201834874 HTTP/1.1" 200 30
186.9.135.169 - - [14/Nov/2018:10:25:24 -0300] "GET /cormun/static/Shared/jquery/jquery-1.4.2.min.js HTTP/1.1" 200 72174
186.9.135.169 - - [14/Nov/2018:10:25:24 -0300] "GET /cormun/static/SmoothNavMenu/resources/ddsmoothmenu.js HTTP/1.1" 200 12712
186.103.159.183 - - [14/Nov/2018:10:25:25 -0300] "GET /cormun/servlet/solicitudotadjuntos?0aa1a460c1c2293cb522d67ff5a316f03c8ee02f73807a266a7fecb157c94bec,gx-no-cache=1542201834995 HTTP/1.1" 200 30
186.9.135.169 - - [14/Nov/2018:10:25:25 -0300] "GET /cormun/static/scaMessage/js/jquery.pnotify.min.js HTTP/1.1" 200 13038
186.9.135.169 - - [14/Nov/2018:10:25:25 -0300] "GET /cormun/static/scaMessage/scaMessageRender.js HTTP/1.1" 200 11977
186.9.135.169 - - [14/Nov/2018:10:25:25 -0300] "GET /cormun/static/hmpwkw03.js?20189613443875 HTTP/1.1" 200 3965
186.9.135.169 - - [14/Nov/2018:10:25:25 -0300] "GET /cormun/static/Resources/logo4.png HTTP/1.1" 200 6582
186.9.135.169 - - [14/Nov/2018:10:25:25 -0300] "GET /cormun/static/Resources/PXToolsHeaderActionsLeft.png HTTP/1.1" 200 1118
186.9.135.169 - - [14/Nov/2018:10:25:25 -0300] "GET /cormun/static/Shared/jqueryui/jquery-ui.min.js HTTP/1.1" 200 240427
186.9.135.169 - - [14/Nov/2018:10:25:25 -0300] "GET /cormun/static/Resources/PXToolsHeaderHome.png HTTP/1.1" 200 4147
186.9.135.169 - - [14/Nov/2018:10:25:25 -0300] "GET /cormun/static/Resources/PXToolsHeaderPreferences.png HTTP/1.1" 200 4189
186.9.135.169 - - [14/Nov/2018:10:25:25 -0300] "GET /cormun/static/Resources/PXToolsHeaderActionsRight.png HTTP/1.1" 200 1201
186.9.135.169 - - [14/Nov/2018:10:25:25 -0300] "GET /cormun/static/Resources/PXToolsFooterBackground2.png HTTP/1.1" 200 1172
186.9.135.169 - - [14/Nov/2018:10:25:25 -0300] "GET /cormun/static/Resources/PXToolsHeaderBackground2.png HTTP/1.1" 200 1174
186.9.135.169 - - [14/Nov/2018:10:25:25 -0300] "GET /cormun/static/Resources/PXToolsDataTitle.png HTTP/1.1" 200 1173
186.9.135.169 - - [14/Nov/2018:10:25:26 -0300] "GET /cormun/static/Resources/PXToolsHeaderActionsBackground.png HTTP/1.1" 200 484
200.54.247.70 - - [14/Nov/2018:10:25:26 -0300] "GET /cormun/servlet/trpermisosgoce? HTTP/1.1" 200 8636
200.54.247.70 - - [14/Nov/2018:10:25:27 -0300] "GET /cormun/servlet/trpermisosgoce? HTTP/1.1" 200 8636
186.9.135.169 - - [14/Nov/2018:10:25:27 -0300] "GET /cormun/static/Shared/ext/ext-all.js HTTP/1.1" 200 1289687
186.9.135.169 - - [14/Nov/2018:10:25:28 -0300] "GET /cormun/static/SmoothNavMenu/resources/images/down.gif HTTP/1.1" 200 854
186.9.135.169 - - [14/Nov/2018:10:25:28 -0300] "GET /cormun/servlet/hhome HTTP/1.1" 200 4382
186.9.135.169 - - [14/Nov/2018:10:25:28 -0300] "GET /cormun/static/SmoothNavMenu/resources/images/right.gif HTTP/1.1" 200 860
186.9.135.169 - - [14/Nov/2018:10:25:41 -0300] "GET /cormun/servlet/trlicencias? HTTP/1.1" 200 12420
186.9.135.169 - - [14/Nov/2018:10:25:41 -0300] "GET /cormun/static/gxui/gxui-all.css?110300 HTTP/1.1" 200 2179
186.9.135.169 - - [14/Nov/2018:10:25:41 -0300] "GET /cormun/static/calendar-system.css?75620 HTTP/1.1" 200 5572
186.9.135.169 - - [14/Nov/2018:10:25:41 -0300] "GET /cormun/static/Resources/Spanish/PXTools.css?17315867 HTTP/1.1" 200 89042
186.9.135.169 - - [14/Nov/2018:10:25:41 -0300] "GET /cormun/static/calendar.js?85251 HTTP/1.1" 200 26246
186.9.135.169 - - [14/Nov/2018:10:25:42 -0300] "GET /cormun/static/calendar-es.js?85251 HTTP/1.1" 200 1901
186.9.135.169 - - [14/Nov/2018:10:25:42 -0300] "GET /cormun/static/gxdec.js?85251 HTTP/1.1" 200 19579
186.9.135.169 - - [14/Nov/2018:10:25:42 -0300] "GET /cormun/static/Resources/PXToolsDataSearch.png HTTP/1.1" 200 419
186.9.135.169 - - [14/Nov/2018:10:25:43 -0300] "GET /cormun/static/Resources/PXToolsGridFirstDisabled.gif HTTP/1.1" 200 100
186.9.135.169 - - [14/Nov/2018:10:25:43 -0300] "GET /cormun/static/Resources/PXToolsGridPreviousDisabled.gif HTTP/1.1" 200 90
186.9.135.169 - - [14/Nov/2018:10:25:43 -0300] "GET /cormun/static/Resources/PXToolsGridLastDisabled.gif HTTP/1.1" 200 98
186.9.135.169 - - [14/Nov/2018:10:25:43 -0300] "GET /cormun/static/Resources/PXToolsActionExcel.png HTTP/1.1" 200 3187
186.9.135.169 - - [14/Nov/2018:10:25:43 -0300] "GET /cormun/static/trlicencias.js?20176272054837 HTTP/1.1" 200 41883
186.9.135.169 - - [14/Nov/2018:10:25:44 -0300] "GET /cormun/static/Resources/PXToolsGridNew.png HTTP/1.1" 200 2949
186.9.135.169 - - [14/Nov/2018:10:25:47 -0300] "GET /cormun/static/Shared/ext/resources/css/ext-all.css?205870 HTTP/1.1" 200 416045
186.9.135.169 - - [14/Nov/2018:10:25:48 -0300] "GET /cormun/static/Resources/asc.gif HTTP/1.1" 200 67
186.9.135.169 - - [14/Nov/2018:10:25:48 -0300] "GET /cormun//static/Resources/PXToolsGridDisplay.png HTTP/1.1" 200 362
186.9.135.169 - - [14/Nov/2018:10:25:48 -0300] "GET /cormun/static/Resources/desc.gif HTTP/1.1" 200 65
186.9.135.169 - - [14/Nov/2018:10:25:48 -0300] "GET /cormun//static/Resources/PXToolsActionDisabled.gif HTTP/1.1" 200 53
186.9.135.169 - - [14/Nov/2018:10:25:48 -0300] "GET /cormun//static/Resources/PXTools/ActionInsert.png HTTP/1.1" 200 1482
186.9.135.169 - - [14/Nov/2018:10:25:48 -0300] "GET /cormun//static/Resources/PXToolsActionPrint.png HTTP/1.1" 200 3317
186.9.135.169 - - [14/Nov/2018:10:25:48 -0300] "GET /cormun/servlet/trlicencias? HTTP/1.1" 200 12418
186.9.135.169 - - [14/Nov/2018:10:25:48 -0300] "GET /cormun//static/Resources/PXToolsHeaderHelp.png HTTP/1.1" 200 4055
186.9.135.169 - - [14/Nov/2018:10:25:48 -0300] "GET /cormun//static/Resources/PXToolsHeaderFavorites.png HTTP/1.1" 200 2744
186.9.135.169 - - [14/Nov/2018:10:25:49 -0300] "GET /cormun/static/Shared/ext/resources/themes/images/default/panel/bg-headersPanel.png HTTP/1.1" 200 255
186.9.135.169 - - [14/Nov/2018:10:25:49 -0300] "GET /cormun/static/Shared/ext/resources/themes/images/default/tools/tool-sprites.gif HTTP/1.1" 200 5434
186.9.135.169 - - [14/Nov/2018:10:25:58 -0300] "POST /cormun/servlet/trlicencias?fede68f52fec292790e6fb8cb3f8c382,,gx-no-cache=1542201862034 HTTP/1.1" 200 9714
186.67.164.138 - - [14/Nov/2018:10:26:00 -0300] "GET /cormun/servlet/hlogin HTTP/1.1" 200 1721
186.67.164.138 - - [14/Nov/2018:10:26:01 -0300] "GET /cormun/static/gxtimezone.js?85251 HTTP/1.1" 200 5781
186.67.164.138 - - [14/Nov/2018:10:26:01 -0300] "GET /cormun/static/Resources/ComunLogin.png HTTP/1.1" 200 17326
186.67.164.138 - - [14/Nov/2018:10:26:01 -0300] "GET /cormun/static/messages.spa.js?85251 HTTP/1.1" 200 30736
186.67.164.138 - - [14/Nov/2018:10:26:01 -0300] "GET /cormun/static/hlogin.js?20177612122738 HTTP/1.1" 200 2136
186.67.164.138 - - [14/Nov/2018:10:26:01 -0300] "GET /cormun/static/gxcfg.js?20177612122725 HTTP/1.1" 200 953
186.67.164.138 - - [14/Nov/2018:10:26:02 -0300] "GET /cormun/static/Resources/Spanish/PXTools.css?1155365 HTTP/1.1" 200 89042
186.67.164.138 - - [14/Nov/2018:10:26:02 -0300] "GET /cormun/static/gxgral.js?85251 HTTP/1.1" 200 384558
186.67.164.138 - - [14/Nov/2018:10:26:03 -0300] "GET /cormun/static/Resources/PXToolsLoginBottom.png HTTP/1.1" 200 1389
186.67.164.138 - - [14/Nov/2018:10:26:03 -0300] "GET /cormun/static/Resources/PXToolsButtonRight21.png HTTP/1.1" 200 1283
186.67.164.138 - - [14/Nov/2018:10:26:03 -0300] "GET /cormun/static/Resources/PXToolsButtonLeft21.png HTTP/1.1" 200 1287
186.67.164.138 - - [14/Nov/2018:10:26:03 -0300] "GET /cormun/static/Resources/PXToolsLoginBackground.png HTTP/1.1" 200 1164
186.103.159.183 - - [14/Nov/2018:10:26:03 -0300] "POST /cormun/servlet/solicitudotadjuntos?aabc619ed717ddce1c029cab12522c2a,INS,2018,12340,,1, HTTP/1.1" 200 116
186.103.159.183 - - [14/Nov/2018:10:26:03 -0300] "GET /cormun/servlet/hpexe_return? HTTP/1.1" 200 1027
186.67.164.138 - - [14/Nov/2018:10:26:03 -0300] "GET /cormun/static/Resources/PXToolsButtonBackground2.png HTTP/1.1" 200 1181
186.67.164.138 - - [14/Nov/2018:10:26:03 -0300] "GET /cormun/static/Resources/PXToolsLoginTop.png HTTP/1.1" 200 1337
186.67.164.138 - - [14/Nov/2018:10:26:03 -0300] "GET /cormun/static/Resources/indicator.gif HTTP/1.1" 200 1553
186.103.159.183 - - [14/Nov/2018:10:26:04 -0300] "GET /cormun/servlet/trsolicitudadjuntos?2018,12340, HTTP/1.1" 200 9997
186.67.164.138 - - [14/Nov/2018:10:26:04 -0300] "GET /favicon.ico HTTP/1.1" 200 21630
186.103.159.183 - - [14/Nov/2018:10:26:05 -0300] "GET /cormun/servlet/trsolicitudadjuntos?2018,12340, HTTP/1.1" 200 9994
186.67.164.138 - - [14/Nov/2018:10:26:08 -0300] "POST /cormun/servlet/hlogin?73cb44a7fa49c7a2d33022c23847b8c2,gx-no-cache=1542201877280 HTTP/1.1" 200 90
186.67.164.138 - - [14/Nov/2018:10:26:08 -0300] "GET /cormun/servlet/hpexe_link HTTP/1.1" 200 951
186.67.164.138 - - [14/Nov/2018:10:26:09 -0300] "GET /cormun/static/hpexe_link.js?20177612121795 HTTP/1.1" 200 625
186.67.164.138 - - [14/Nov/2018:10:26:09 -0300] "GET /cormun/static/gxcfg.js?20177612121792 HTTP/1.1" 200 953
186.67.164.138 - - [14/Nov/2018:10:26:09 -0300] "GET /cormun/servlet/hhome HTTP/1.1" 200 4049
186.67.164.138 - - [14/Nov/2018:10:26:09 -0300] "GET /cormun/static/Shared/jqueryui/jquery-ui.min.css?1245370 HTTP/1.1" 200 30288
186.67.164.138 - - [14/Nov/2018:10:26:09 -0300] "GET /cormun/static/gxcfg.js?20175251212442 HTTP/1.1" 200 953
186.67.164.138 - - [14/Nov/2018:10:26:09 -0300] "GET /cormun/static/SmoothNavMenu/resources/ddsmoothmenu.css?1012540 HTTP/1.1" 200 2223
186.67.164.138 - - [14/Nov/2018:10:26:09 -0300] "GET /cormun/static/scaMessage/css/jquery.pnotify.default.css?1716380 HTTP/1.1" 200 1707
186.67.164.138 - - [14/Nov/2018:10:26:09 -0300] "GET /cormun/static/SmoothNavMenu/resources/ddsmoothmenu-v.css?1012540 HTTP/1.1" 200 1188
186.67.164.138 - - [14/Nov/2018:10:26:09 -0300] "GET /cormun/static/PXToolsJavascripts/pexe_autoreload.js HTTP/1.1" 200 1762
186.67.164.138 - - [14/Nov/2018:10:26:09 -0300] "GET /cormun/static/PXToolsJavascripts/pexe_cookies.js HTTP/1.1" 200 792
186.67.164.138 - - [14/Nov/2018:10:26:09 -0300] "GET /cormun/static/PXToolsJavascripts/pexe_windows.js HTTP/1.1" 200 15207
186.67.164.138 - - [14/Nov/2018:10:26:09 -0300] "GET /cormun/static/PXToolsJavascripts/pexe_grid.js HTTP/1.1" 200 7559
186.67.164.138 - - [14/Nov/2018:10:26:09 -0300] "GET /cormun/static/PXToolsJavascripts/pexe_griddivfix.js HTTP/1.1" 200 6644
186.67.164.138 - - [14/Nov/2018:10:26:09 -0300] "GET /cormun/static/PXToolsJavascripts/pexe_link.js HTTP/1.1" 200 5671
186.67.164.138 - - [14/Nov/2018:10:26:09 -0300] "GET /cormun/static/PXToolsJavascripts/pexe_menudivfix.js HTTP/1.1" 200 333
186.67.164.138 - - [14/Nov/2018:10:26:09 -0300] "GET /cormun/static/PXToolsJavascripts/pexe_menus.js HTTP/1.1" 200 1286
186.67.164.138 - - [14/Nov/2018:10:26:09 -0300] "GET /cormun/static/PXToolsJavascripts/pexe_layers.js HTTP/1.1" 200 4114
186.67.164.138 - - [14/Nov/2018:10:26:09 -0300] "GET /cormun/static/PXToolsJavascripts/pexe_oav.js HTTP/1.1" 200 645
186.67.164.138 - - [14/Nov/2018:10:26:09 -0300] "GET /cormun/static/PXToolsJavascripts/pexe_oavdivfix.js HTTP/1.1" 200 639
186.67.164.138 - - [14/Nov/2018:10:26:09 -0300] "GET /cormun/static/PXToolsJavascripts/pexe_picture.js HTTP/1.1" 200 689
186.67.164.138 - - [14/Nov/2018:10:26:10 -0300] "GET /cormun/static/PXToolsJavascripts/pexe_tabs.js HTTP/1.1" 200 3748
186.67.164.138 - - [14/Nov/2018:10:26:10 -0300] "GET /cormun/static/PXToolsJavascripts/pexe_tabdivfix.js HTTP/1.1" 200 876
186.67.164.138 - - [14/Nov/2018:10:26:10 -0300] "GET /cormun/static/Resources/Spanish/PXTools.css?11423723 HTTP/1.1" 200 89042
186.67.164.138 - - [14/Nov/2018:10:26:10 -0300] "GET /cormun/static/PXToolsJavascripts/pexe_upload.js HTTP/1.1" 200 1423
186.67.164.138 - - [14/Nov/2018:10:26:10 -0300] "GET /cormun/static/PXToolsJavascripts/PXToolsJavascriptsRender.js HTTP/1.1" 200 367
186.67.164.138 - - [14/Nov/2018:10:26:10 -0300] "GET /cormun/static/Resources/logo4.png HTTP/1.1" 200 6582
186.67.164.138 - - [14/Nov/2018:10:26:10 -0300] "GET /cormun/static/Resources/PXToolsHeaderActionsLeft.png HTTP/1.1" 200 1118
186.67.164.138 - - [14/Nov/2018:10:26:10 -0300] "GET /cormun/static/PXToolsJavascripts/pexe_scrolldiv.js HTTP/1.1" 200 4138
186.67.164.138 - - [14/Nov/2018:10:26:10 -0300] "GET /cormun/static/PXToolsJavascripts/pexe_popup.js HTTP/1.1" 200 13458
186.67.164.138 - - [14/Nov/2018:10:26:10 -0300] "GET /cormun/static/RunJS/RunJS.js HTTP/1.1" 200 288
186.67.164.138 - - [14/Nov/2018:10:26:12 -0300] "GET /cormun/static/gxui/gxui-all.js HTTP/1.1" 200 107772
186.67.164.138 - - [14/Nov/2018:10:26:12 -0300] "GET /cormun/static/Shared/ext/locale/ext-lang-en.js HTTP/1.1" 200 10940
186.67.164.138 - - [14/Nov/2018:10:26:13 -0300] "GET /cormun/static/hhome.js?20175251212450 HTTP/1.1" 200 777
186.67.164.138 - - [14/Nov/2018:10:26:13 -0300] "GET /cormun/static/hwchdr01.js?201752511465785 HTTP/1.1" 200 1183
186.67.164.138 - - [14/Nov/2018:10:26:13 -0300] "GET /cormun/static/Resources/PXToolsFooterBackground2.png HTTP/1.1" 200 1172
186.67.164.138 - - [14/Nov/2018:10:26:13 -0300] "GET /cormun/static/Resources/PXToolsHeaderSecurity.png HTTP/1.1" 200 4166
186.103.159.183 - - [14/Nov/2018:10:26:13 -0300] "GET /cormun/servlet/trsolicitudot? HTTP/1.1" 200 8916
186.67.164.138 - - [14/Nov/2018:10:26:13 -0300] "GET /cormun/static/Resources/PXToolsDataTitle.png HTTP/1.1" 200 1173
186.67.164.138 - - [14/Nov/2018:10:26:13 -0300] "GET /cormun/static/Resources/PXToolsHeaderActionsRight.png HTTP/1.1" 200 1201
186.67.164.138 - - [14/Nov/2018:10:26:13 -0300] "GET /cormun/static/hpexe_recentlink.js?20177611595044 HTTP/1.1" 200 2144
186.67.164.138 - - [14/Nov/2018:10:26:13 -0300] "GET /cormun/static/Resources/PXToolsHeaderPreferences.png HTTP/1.1" 200 4189
186.67.164.138 - - [14/Nov/2018:10:26:13 -0300] "GET /cormun/static/Resources/PXToolsHeaderHome.png HTTP/1.1" 200 4147
186.67.164.138 - - [14/Nov/2018:10:26:13 -0300] "GET /cormun/static/Resources/PXToolsHeaderBackground2.png HTTP/1.1" 200 1174
186.67.164.138 - - [14/Nov/2018:10:26:13 -0300] "GET /cormun/static/Resources/PXToolsHeaderActionsBackground.png HTTP/1.1" 200 484
186.67.164.138 - - [14/Nov/2018:10:26:13 -0300] "GET /cormun/static/Resources/PXToolsHeaderLogin.png HTTP/1.1" 200 4279
186.67.164.138 - - [14/Nov/2018:10:26:13 -0300] "GET /cormun/static/hpexe_scripts.js?201752511465715 HTTP/1.1" 200 1544
186.67.164.138 - - [14/Nov/2018:10:26:13 -0300] "GET /cormun/static/hpexe_messagepopupcomponent.js?20161017169425 HTTP/1.1" 200 605
186.67.164.138 - - [14/Nov/2018:10:26:13 -0300] "GET /cormun/static/hpexe_messagegenexuscomponent.js?201752511465344 HTTP/1.1" 200 587
186.67.164.138 - - [14/Nov/2018:10:26:13 -0300] "GET /cormun/static/cmcontrolpreferences.js?201752511465670 HTTP/1.1" 200 1375
186.67.164.138 - - [14/Nov/2018:10:26:14 -0300] "GET /cormun/static/Shared/jquery/jquery-1.4.2.min.js HTTP/1.1" 200 72174
186.67.164.138 - - [14/Nov/2018:10:26:14 -0300] "GET /cormun/static/hpexe_messagecontroller.js?20177611595012 HTTP/1.1" 200 870
186.103.159.183 - - [14/Nov/2018:10:26:14 -0300] "GET /cormun/servlet/trsolicitudot? HTTP/1.1" 200 8910
192.168.10.89 - - [14/Nov/2018:10:26:15 -0300] "GET /cormun/servlet/hlogin HTTP/1.1" 200 1722
186.67.164.138 - - [14/Nov/2018:10:26:15 -0300] "GET /cormun/static/Shared/jquery/jquery-1.10.2.min.js HTTP/1.1" 200 273199
186.67.164.138 - - [14/Nov/2018:10:26:15 -0300] "GET /cormun/static/SmoothNavMenu/resources/ddsmoothmenu.js HTTP/1.1" 200 12712
186.67.164.138 - - [14/Nov/2018:10:26:15 -0300] "GET /cormun/static/SmoothNavMenu/resources/SmoothNavMenuRender.js HTTP/1.1" 200 5951
186.67.164.138 - - [14/Nov/2018:10:26:15 -0300] "GET /cormun/static/scaMessage/js/jquery.pnotify.min.js HTTP/1.1" 200 13038
186.67.164.138 - - [14/Nov/2018:10:26:15 -0300] "GET /cormun/static/scaMessage/scaMessageRender.js HTTP/1.1" 200 11977
186.67.164.138 - - [14/Nov/2018:10:26:15 -0300] "GET /cormun/static/hmpwkw03.js?20189613443875 HTTP/1.1" 200 3965
192.168.10.89 - - [14/Nov/2018:10:26:15 -0300] "GET /cormun/servlet/hlogin HTTP/1.1" 200 1733
186.67.164.138 - - [14/Nov/2018:10:26:16 -0300] "GET /cormun/static/Shared/ext/ext-all.js HTTP/1.1" 200 1289687
186.67.164.138 - - [14/Nov/2018:10:26:18 -0300] "GET /cormun/static/Shared/jqueryui/jquery-ui.min.js HTTP/1.1" 200 240427
186.67.164.138 - - [14/Nov/2018:10:26:19 -0300] "GET /cormun/static/SmoothNavMenu/resources/images/down.gif HTTP/1.1" 200 854
186.67.164.138 - - [14/Nov/2018:10:26:19 -0300] "GET /cormun/servlet/hhome HTTP/1.1" 200 4045
192.168.10.89 - - [14/Nov/2018:10:26:22 -0300] "POST /cormun/servlet/hlogin?bd30cc9d812ef6b639d2dd3ec318102b,gx-no-cache=1542201734003 HTTP/1.1" 200 90
192.168.10.89 - - [14/Nov/2018:10:26:22 -0300] "GET /cormun/servlet/hpexe_link HTTP/1.1" 200 953
192.168.10.89 - - [14/Nov/2018:10:26:22 -0300] "GET /cormun/servlet/hhome HTTP/1.1" 200 4976
192.168.10.89 - - [14/Nov/2018:10:26:26 -0300] "GET /cormun/servlet/trpermisosgeneralesgoce? HTTP/1.1" 200 18348
192.168.10.89 - - [14/Nov/2018:10:26:27 -0300] "GET /cormun/static/Shared/ext/resources/themes/images/default/tools/tool-sprites.gif HTTP/1.1" 200 5434
192.168.10.89 - - [14/Nov/2018:10:26:29 -0300] "GET /cormun/static/menuarrow.gif HTTP/1.1" 404 1015
186.103.159.183 - - [14/Nov/2018:10:26:34 -0300] "POST /cormun/servlet/trsolicitudot?aabc619ed717ddce1c029cab12522c2a,,gx-no-cache=1542201890382 HTTP/1.1" 200 4786
186.103.159.183 - - [14/Nov/2018:10:26:34 -0300] "GET /cormun/static/Shared/jqueryui/images/ui-bg_highlight-soft_100_c6c2c8_1x100.png HTTP/1.1" 404 1117
186.103.159.183 - - [14/Nov/2018:10:26:34 -0300] "GET /cormun/static/Shared/jqueryui/images/ui-icons_82798d_256x240.png HTTP/1.1" 404 1089
186.103.159.183 - - [14/Nov/2018:10:26:34 -0300] "GET /cormun/static/Shared/jqueryui/images/ui-bg_flat_55_fafafa_40x100.png HTTP/1.1" 404 1097
186.103.159.183 - - [14/Nov/2018:10:26:34 -0300] "GET /cormun/static/Shared/jqueryui/images/ui-icons_8d78a5_256x240.png HTTP/1.1" 404 1089
186.103.159.183 - - [14/Nov/2018:10:26:37 -0300] "POST /cormun/servlet/trsolicitudot?aabc619ed717ddce1c029cab12522c2a,,gx-no-cache=1542201904622 HTTP/1.1" 200 4546
186.103.159.183 - - [14/Nov/2018:10:26:40 -0300] "GET /cormun/servlet/trautorizarsolicitud? HTTP/1.1" 200 8802
186.103.159.183 - - [14/Nov/2018:10:26:40 -0300] "GET /cormun/servlet/trautorizarsolicitud? HTTP/1.1" 200 8801
200.54.247.70 - - [14/Nov/2018:10:26:45 -0300] "POST /cormun/servlet/trpermisosgoce?d798decef74cf657aeac9d6d11f9f231,,gx-no-cache=1542201917331 HTTP/1.1" 200 5761
192.168.10.89 - - [14/Nov/2018:10:26:51 -0300] "POST /cormun/servlet/trpermisosgeneralesgoce?bd30cc9d812ef6b639d2dd3ec318102b,,gx-no-cache=1542201762515 HTTP/1.1" 200 7349
200.54.247.70 - - [14/Nov/2018:10:26:52 -0300] "GET /cormun/servlet/permisogoce?DSP,11671701,P,20181113094753, HTTP/1.1" 200 6704
200.54.247.70 - - [14/Nov/2018:10:26:53 -0300] "GET /cormun/servlet/permisogoce?DSP,11671701,P,20181113094753, HTTP/1.1" 200 6705
200.54.247.70 - - [14/Nov/2018:10:26:57 -0300] "POST /cormun/servlet/permisogoce?d798decef74cf657aeac9d6d11f9f231,DSP,11671701,P,20181113094753,,gx-no-cache=1542201929312 HTTP/1.1" 200 93
200.54.247.70 - - [14/Nov/2018:10:26:57 -0300] "GET /cormun/servlet/hpexe_return? HTTP/1.1" 200 1026
200.54.247.70 - - [14/Nov/2018:10:26:58 -0300] "GET /cormun/servlet/trpermisosgoce? HTTP/1.1" 200 8640
200.54.247.70 - - [14/Nov/2018:10:26:58 -0300] "GET /cormun/servlet/trpermisosgoce? HTTP/1.1" 200 8636
190.171.153.34 - - [14/Nov/2018:10:27:15 -0300] "GET /cormun/servlet/solicitudot?7e365ca2e5b9e93035bd09df21cfd8e6bb502ac02a784487738e4ed8fe809de2e331e1d26794b1a5bf533dcc6d4ee7d596c7276169b9b716b4d0fa0dde6a0d70d93c390c309cab660dac3f7373a26492d723f916a7d65bd006d3dd337111dd7fc84df11646df3e679a6312922463dda4,gx-no-cache=1542201945655 HTTP/1.1" 200 110
190.171.153.34 - - [14/Nov/2018:10:27:16 -0300] "POST /cormun/servlet/solicitudot?gx-no-cache=1542201946523 HTTP/1.1" 200 135
