192.168.10.96 - - [14/Nov/2018:10:48:05 -0300] "GET /cormun/servlet/trsolicitudgral? HTTP/1.1" 200 21664
192.168.10.96 - - [14/Nov/2018:10:48:05 -0300] "GET /cormun/servlet/trsolicitudgral? HTTP/1.1" 200 21663
200.54.247.70 - - [14/Nov/2018:10:48:10 -0300] "GET /cormun/servlet/permisogoce?74c465a1fb8fc6489a47fbed85282a740ca5caf3b4acdda17c265bdf35671387928a7c0d06bddbdcb4f90aa9876e6cd80f4dd3082f56bde1f58c39b79f076780,gx-no-cache=1542203203124 HTTP/1.1" 200 47
200.54.247.70 - - [14/Nov/2018:10:48:16 -0300] "POST /cormun/servlet/permisogoce?d798decef74cf657aeac9d6d11f9f231,INS,0,,,,gx-no-cache=1542203207103 HTTP/1.1" 200 93
200.54.247.70 - - [14/Nov/2018:10:48:16 -0300] "GET /cormun/servlet/hpexe_return? HTTP/1.1" 200 1008
200.54.247.70 - - [14/Nov/2018:10:48:18 -0300] "GET /cormun/servlet/trpermisosgoce HTTP/1.1" 200 8085
200.54.247.70 - - [14/Nov/2018:10:48:18 -0300] "GET /cormun/servlet/trpermisosgoce HTTP/1.1" 200 8081
200.54.247.70 - - [14/Nov/2018:10:48:32 -0300] "POST /cormun/servlet/trpermisosgoce?d798decef74cf657aeac9d6d11f9f231,gx-no-cache=1542203223100 HTTP/1.1" 200 15703
190.171.153.34 - - [14/Nov/2018:10:49:09 -0300] "GET /cormun/servlet/solicitudot?f6b98b7e4c1c3d74994cd9b5feb7cbf7c5eab3c32b8fdf3c1aaf0627f1ca80ad,gx-no-cache=1542203259203 HTTP/1.1" 200 94
200.54.247.70 - - [14/Nov/2018:10:49:10 -0300] "GET /cormun/servlet/trpermisosadjuntos?16478176,20181114104219,P, HTTP/1.1" 200 6303
200.54.247.70 - - [14/Nov/2018:10:49:11 -0300] "GET /cormun/servlet/trpermisosadjuntos?16478176,20181114104219,P, HTTP/1.1" 200 6303
200.54.247.70 - - [14/Nov/2018:10:49:13 -0300] "GET /cormun/servlet/permisosadjuntos?INS,16478176,P,20181114104219,, HTTP/1.1" 200 5628
200.54.247.70 - - [14/Nov/2018:10:49:13 -0300] "GET /cormun/servlet/permisosadjuntos?INS,16478176,P,20181114104219,, HTTP/1.1" 200 5618
200.54.247.70 - - [14/Nov/2018:10:49:13 -0300] "GET /cormun/static/about:blank HTTP/1.1" 404 1011
190.171.153.34 - - [14/Nov/2018:10:49:14 -0300] "POST /cormun/servlet/solicitudot?gx-no-cache=1542203264719 HTTP/1.1" 200 30
200.54.247.70 - - [14/Nov/2018:10:49:25 -0300] "POST /cormun/servlet/permisosadjuntos?d798decef74cf657aeac9d6d11f9f231,INS,16478176,P,20181114104219,, HTTP/1.1" 200 116
200.54.247.70 - - [14/Nov/2018:10:49:26 -0300] "GET /cormun/servlet/hpexe_return? HTTP/1.1" 200 1034
200.54.247.70 - - [14/Nov/2018:10:49:26 -0300] "GET /cormun/servlet/trpermisosadjuntos?16478176,20181114104219,P, HTTP/1.1" 200 6776
200.54.247.70 - - [14/Nov/2018:10:49:28 -0300] "GET /cormun/servlet/trpermisosadjuntos?16478176,20181114104219,P, HTTP/1.1" 200 6771
200.54.247.70 - - [14/Nov/2018:10:49:31 -0300] "POST /cormun/servlet/trpermisosadjuntos?d798decef74cf657aeac9d6d11f9f231,16478176,20181114104219,P,,gx-no-cache=1542203282856 HTTP/1.1" 200 90
200.54.247.70 - - [14/Nov/2018:10:49:31 -0300] "GET /cormun/servlet/hpexe_link HTTP/1.1" 200 1003
200.54.247.70 - - [14/Nov/2018:10:49:33 -0300] "GET /cormun/servlet/trpermisosgoce?gx-no-cache=1542203223100 HTTP/1.1" 200 18757
200.54.247.70 - - [14/Nov/2018:10:49:34 -0300] "GET /cormun/servlet/trpermisosgoce?gx-no-cache=1542203223100 HTTP/1.1" 200 18775
200.54.247.70 - - [14/Nov/2018:10:49:42 -0300] "POST /cormun/servlet/trpermisosgoce?d798decef74cf657aeac9d6d11f9f231,gx-no-cache=1542203223100,gx-no-cache=1542203293160 HTTP/1.1" 200 15681
200.54.247.70 - - [14/Nov/2018:10:49:44 -0300] "GET /cormun/static/Shared/jqueryui/images/ui-bg_highlight-soft_100_c6c2c8_1x100.png HTTP/1.1" 404 1117
200.54.247.70 - - [14/Nov/2018:10:49:44 -0300] "GET /cormun/static/Shared/jqueryui/images/ui-icons_82798d_256x240.png HTTP/1.1" 404 1089
200.54.247.70 - - [14/Nov/2018:10:49:44 -0300] "GET /cormun/static/Shared/jqueryui/images/ui-icons_8d78a5_256x240.png HTTP/1.1" 404 1089
200.54.247.70 - - [14/Nov/2018:10:49:45 -0300] "GET /cormun/static/Shared/jqueryui/images/ui-bg_flat_55_fafafa_40x100.png HTTP/1.1" 404 1097
190.171.153.34 - - [14/Nov/2018:10:51:31 -0300] "GET /cormun/servlet/solicitudot?f6b98b7e4c1c3d74994cd9b5feb7cbf7c1dd374d1417751578c8fef5d56d6ffe70b226bf26ff0918e1ae888ddc36e14b24462efa02ddf77d916475731a8f9f3a,gx-no-cache=1542203401271 HTTP/1.1" 200 30
190.171.153.34 - - [14/Nov/2018:10:51:32 -0300] "POST /cormun/servlet/solicitudot?gx-no-cache=1542203401528 HTTP/1.1" 200 1280
190.171.153.34 - - [14/Nov/2018:10:51:32 -0300] "POST /cormun/servlet/solicitudot?gx-no-cache=1542203402406 HTTP/1.1" 200 41
190.171.153.34 - - [14/Nov/2018:10:51:32 -0300] "GET /cormun/servlet/solicitudot?f6b98b7e4c1c3d74994cd9b5feb7cbf7a8ecd472eb086ec95625828325b751119b496a10d66dccf2767548dfc52be6803998a97744664ee14e8255851988cc11252f4d8d61734020c76d3bde71d5657a21a2eafef78dff9f48279b3dbd705e8754b9914fbf9657f4f8e546a524bab1f2,gx-no-cache=1542203402533 HTTP/1.1" 200 110
190.171.153.34 - - [14/Nov/2018:10:51:33 -0300] "POST /cormun/servlet/solicitudot?gx-no-cache=1542203402673 HTTP/1.1" 200 97
190.171.153.34 - - [14/Nov/2018:10:51:33 -0300] "POST /cormun/servlet/solicitudot?gx-no-cache=1542203403663 HTTP/1.1" 200 34
190.171.153.34 - - [14/Nov/2018:10:51:34 -0300] "POST /cormun/servlet/solicitudot?f816ed213bdf57cc0d0a8b3b6e4e53c0,INS,0,0,,gx-no-cache=1542203403796 HTTP/1.1" 200 93
190.171.153.34 - - [14/Nov/2018:10:51:34 -0300] "GET /cormun/servlet/hpexe_return? HTTP/1.1" 200 1012
190.171.153.34 - - [14/Nov/2018:10:51:34 -0300] "GET /cormun/static/gxcfg.js?2016101716175148 HTTP/1.1" 200 953
190.171.153.34 - - [14/Nov/2018:10:51:35 -0300] "GET /cormun/static/hpexe_return.js?2016101716175153 HTTP/1.1" 200 1633
190.171.153.34 - - [14/Nov/2018:10:51:35 -0300] "GET /cormun/static/Resources/Spanish/PXTools.css?167811 HTTP/1.1" 200 89042
190.171.153.34 - - [14/Nov/2018:10:51:35 -0300] "GET /cormun/servlet/trsolicitudot HTTP/1.1" 200 8981
190.171.153.34 - - [14/Nov/2018:10:51:36 -0300] "GET /cormun//static/Resources/PXToolsActionView.png HTTP/1.1" 200 2995
190.171.153.34 - - [14/Nov/2018:10:51:36 -0300] "GET /cormun//static/Resources/PXToolsGridUpdate.png HTTP/1.1" 200 2984
190.171.153.34 - - [14/Nov/2018:10:51:36 -0300] "GET /cormun//static/Resources/PXTools/ActionInsert.png HTTP/1.1" 200 1482
190.171.153.34 - - [14/Nov/2018:10:51:36 -0300] "GET /cormun//static/Resources/PXToolsRemoveAllAction.png HTTP/1.1" 200 3558
190.171.153.34 - - [14/Nov/2018:10:51:36 -0300] "GET /cormun//static/Resources/PXToolsGridDelete.png HTTP/1.1" 200 357
190.171.153.34 - - [14/Nov/2018:10:51:36 -0300] "GET /cormun/servlet/trsolicitudot HTTP/1.1" 200 8978
190.171.153.34 - - [14/Nov/2018:10:51:41 -0300] "GET /cormun/servlet/solicitudot?INS,0,0, HTTP/1.1" 200 15107
190.171.153.34 - - [14/Nov/2018:10:51:41 -0300] "GET /cormun/servlet/solicitudot?INS,0,0, HTTP/1.1" 200 15112
200.54.247.70 - - [14/Nov/2018:10:51:49 -0300] "GET /cormun/servlet/trpermisosgoce? HTTP/1.1" 200 18703
200.54.247.70 - - [14/Nov/2018:10:51:50 -0300] "GET /cormun/servlet/trpermisosgoce? HTTP/1.1" 200 18548
200.54.247.70 - - [14/Nov/2018:10:51:56 -0300] "GET /cormun/servlet/permisogoce?INS,0,,, HTTP/1.1" 200 6824
200.54.247.70 - - [14/Nov/2018:10:51:56 -0300] "GET /cormun/servlet/permisogoce?INS,0,,, HTTP/1.1" 200 6824
200.54.247.70 - - [14/Nov/2018:10:51:57 -0300] "GET /cormun/servlet/permisogoce?INS,0,,, HTTP/1.1" 200 6823
190.171.153.34 - - [14/Nov/2018:10:51:58 -0300] "POST /cormun/servlet/solicitudot?gx-no-cache=1542203427924 HTTP/1.1" 200 3412
190.171.153.34 - - [14/Nov/2018:10:51:58 -0300] "POST /cormun/servlet/solicitudot?f816ed213bdf57cc0d0a8b3b6e4e53c0,INS,0,0,,gx-no-cache=1542203428446 HTTP/1.1" 200 11743
190.171.153.34 - - [14/Nov/2018:10:52:02 -0300] "GET /cormun/servlet/solicitudot?f6b98b7e4c1c3d74994cd9b5feb7cbf7366a67d3c0d72c0c32d3f5bcb7b2eccf24462efa02ddf77d916475731a8f9f3a,gx-no-cache=1542203431981 HTTP/1.1" 200 30
200.54.247.70 - - [14/Nov/2018:10:52:04 -0300] "GET /cormun/servlet/prfichaempleado?,MD,,gxPopupLevel%3D0%3B HTTP/1.1" 200 9270
200.54.247.70 - - [14/Nov/2018:10:52:12 -0300] "POST /cormun/servlet/prfichaempleado?d798decef74cf657aeac9d6d11f9f231,,MD,,gxPopupLevel%3D0%3B,gx-no-cache=1542203444350 HTTP/1.1" 200 3421
200.54.247.70 - - [14/Nov/2018:10:52:20 -0300] "GET /cormun/servlet/permisogoce?74c465a1fb8fc6489a47fbed85282a7423f77638458ea32960d5a8d613bf67470ec7b234d616dd7076df71c0adab3998fbf9e4ed467f1843a173b31fa7a066a6,gx-no-cache=1542203453321 HTTP/1.1" 200 91
200.54.247.70 - - [14/Nov/2018:10:52:21 -0300] "GET /cormun/static/menuarrow.gif HTTP/1.1" 404 1015
200.54.247.70 - - [14/Nov/2018:10:52:29 -0300] "GET /cormun/servlet/permisogoce?74c465a1fb8fc6489a47fbed85282a740f1b8dfa955024bbea4381651dc582a4f9535563feaab4328afaf053656bff390f4dd3082f56bde1f58c39b79f076780,gx-no-cache=1542203461809 HTTP/1.1" 200 48
200.54.247.70 - - [14/Nov/2018:10:52:34 -0300] "POST /cormun/servlet/permisogoce?d798decef74cf657aeac9d6d11f9f231,INS,0,,,,gx-no-cache=1542203466671 HTTP/1.1" 200 93
200.54.247.70 - - [14/Nov/2018:10:52:34 -0300] "GET /cormun/servlet/hpexe_return? HTTP/1.1" 200 1008
200.54.247.70 - - [14/Nov/2018:10:52:36 -0300] "GET /cormun/servlet/trpermisosgoce HTTP/1.1" 200 18704
200.54.247.70 - - [14/Nov/2018:10:52:38 -0300] "GET /cormun/servlet/trpermisosgoce HTTP/1.1" 200 18605
190.171.153.34 - - [14/Nov/2018:10:54:21 -0300] "GET /cormun/servlet/prbanco?,MD,,gxPopupLevel%3D0%3B HTTP/1.1" 200 6687
190.171.153.34 - - [14/Nov/2018:10:54:25 -0300] "GET /cormun/servlet/solicitudot?f6b98b7e4c1c3d74994cd9b5feb7cbf7c1dd374d1417751578c8fef5d56d6ffe9561bc35545b1d353e588713a885b9d824462efa02ddf77d916475731a8f9f3a,gx-no-cache=1542203575513 HTTP/1.1" 200 30
190.171.153.34 - - [14/Nov/2018:10:54:26 -0300] "GET /cormun/servlet/solicitudot?f6b98b7e4c1c3d74994cd9b5feb7cbf70c56e92fadca65b8b99de1278f66b02b,gx-no-cache=1542203576863 HTTP/1.1" 200 43
190.171.153.34 - - [14/Nov/2018:10:54:41 -0300] "POST /cormun/servlet/solicitudot?gx-no-cache=1542203591317 HTTP/1.1" 200 297
190.171.153.34 - - [14/Nov/2018:10:54:41 -0300] "GET /cormun/servlet/solicitudot?f6b98b7e4c1c3d74994cd9b5feb7cbf7a8880edf1c601249f33c6230b888960a2e38761ae937122179e9e574a90036645c51f64472fc0665025383d26d1aa75587f2cc76687431728487027abd864042132f250ad68fe42d5285b2b66fa433082957e4cfa3afedda6aa56ecb00705838520309398125b2771f937039190a1b1832b1885b9262baf2ab83f38b0dabd2785191f241d2e09f6776c6091585a8517cc1ec6b63353731cc6b22264614d2b34f5471cc1f13cc64655913de2a157d0ab5863cbaa8ec83e78152ca32a6354c461bc807a6738fb8c93872be70d6c1aa47ba43d60e821af457967574fb417eb0e77c186af9d524a8a51c8ef8f1e03f44b10d3c0d82891819fa1f8148122a1c621709f2c78b06be0025f5ca06c05ca73f656a3e0d055ef4cbbf9931f5b7d4f4e711163584705ecc6cd1fa49c6db93e719cc117c528ca205b2c906151fa8c7ca8b09102b12c8ef9604cbadcca15390554e101f0360b2927ed3eef511f864f1eabbe99565b45ef593f7185d02ed6538963ba29612f592ae621b9a5b3a4fb0ad5d1a4c3e,gx-no-cache=1542203591461 HTTP/1.1" 200 30
190.171.153.34 - - [14/Nov/2018:10:54:46 -0300] "POST /cormun/servlet/solicitudot?gx-no-cache=1542203596039 HTTP/1.1" 200 30
190.171.153.34 - - [14/Nov/2018:10:54:50 -0300] "POST /cormun/servlet/solicitudot?gx-no-cache=1542203600902 HTTP/1.1" 200 239
190.171.153.34 - - [14/Nov/2018:10:54:54 -0300] "GET /cormun/servlet/solicitudot?f6b98b7e4c1c3d74994cd9b5feb7cbf7a8880edf1c601249f33c6230b888960a6469ca8ad7794ae5d3a9d9318bd97f465c51f64472fc0665025383d26d1aa75587f2cc76687431728487027abd864042132f250ad68fe42d5285b2b66fa433082957e4cfa3afedda6aa56ecb00705838520309398125b2771f937039190a1b1832b1885b9262baf2ab83f38b0dabd2785191f241d2e09f6776c6091585a8517cc1ec6b63353731cc6b22264614d2b34f5471cc1f13cc64655913de2a157d0ab5863cbaa8ec83e78152ca32a6354c461bc807a6738fb8c93872be70d6c1aa47ba43d60e821af457967574fb417eb0e77c0039b576b71edf36b595255945e77bc83c0d82891819fa1f8148122a1c621709f2c78b06be0025f5ca06c05ca73f656a3e0d055ef4cbbf9931f5b7d4f4e711163584705ecc6cd1fa49c6db93e719cc11c4afc343e082d27e6c3e033c79d34c5e541275688e456c24a7005b9bd7660092103d281e96b6d7dfc39afb146e0a121589938f494034b3fe5ff8cfec29e9a701,gx-no-cache=1542203604155 HTTP/1.1" 200 30
190.171.153.34 - - [14/Nov/2018:10:54:58 -0300] "GET /cormun/servlet/prcontratosol?18646480,,,,,MD,,gxPopupLevel%3D0%3B HTTP/1.1" 200 7962
190.171.153.34 - - [14/Nov/2018:10:54:59 -0300] "GET /cormun/static/gxcfg.js?201761413223964 HTTP/1.1" 200 953
190.171.153.34 - - [14/Nov/2018:10:54:59 -0300] "GET /cormun/static/prcontratosol.js?201761413224174 HTTP/1.1" 200 15806
190.171.153.34 - - [14/Nov/2018:10:55:18 -0300] "POST /cormun/servlet/solicitudot?gx-no-cache=1542203628625 HTTP/1.1" 200 30
190.171.153.34 - - [14/Nov/2018:10:55:19 -0300] "POST /cormun/servlet/solicitudot?gx-no-cache=1542203628765 HTTP/1.1" 200 1361
190.171.153.34 - - [14/Nov/2018:10:55:19 -0300] "GET /cormun/static/Shared/jqueryui/images/ui-bg_highlight-soft_100_c6c2c8_1x100.png HTTP/1.1" 404 1117
190.171.153.34 - - [14/Nov/2018:10:55:19 -0300] "GET /cormun/static/Shared/jqueryui/images/ui-bg_flat_55_994d53_40x100.png HTTP/1.1" 404 1097
190.171.153.34 - - [14/Nov/2018:10:55:20 -0300] "GET /cormun/static/Shared/jqueryui/images/ui-icons_ebccce_256x240.png HTTP/1.1" 404 1089
190.171.153.34 - - [14/Nov/2018:10:55:20 -0300] "POST /cormun/servlet/solicitudot?gx-no-cache=1542203629659 HTTP/1.1" 200 117
190.171.153.34 - - [14/Nov/2018:10:55:20 -0300] "GET /cormun/static/Shared/jqueryui/images/ui-icons_82798d_256x240.png HTTP/1.1" 404 1089
190.171.153.34 - - [14/Nov/2018:10:55:20 -0300] "GET /cormun/servlet/solicitudot?f6b98b7e4c1c3d74994cd9b5feb7cbf7a8ecd472eb086ec95625828325b751119b496a10d66dccf2767548dfc52be6803998a97744664ee14e8255851988cc11252f4d8d61734020c76d3bde71d5657a21a2eafef78dff9f48279b3dbd705e8754b9914fbf9657f4f8e546a524bab1f2,gx-no-cache=1542203630389 HTTP/1.1" 200 110
190.171.153.34 - - [14/Nov/2018:10:55:21 -0300] "POST /cormun/servlet/solicitudot?gx-no-cache=1542203630814 HTTP/1.1" 200 64
190.171.153.34 - - [14/Nov/2018:10:55:21 -0300] "GET /cormun/servlet/solicitudot?f6b98b7e4c1c3d74994cd9b5feb7cbf735c9edd327cfb0204c9e593e1cc8408270a46d34f9fdb6a88e9d455a68c2e5531c6de51ba160d3a6408a777304d4c5479db10d9c64dc0b1ff193db335cb10f4d84fb65c25c5353714d4034eabcbd3eac27a4e0b9af2c9671a258dd25db3d15bc,gx-no-cache=1542203631644 HTTP/1.1" 200 29
190.171.153.34 - - [14/Nov/2018:10:55:21 -0300] "GET /cormun/servlet/solicitudot?f6b98b7e4c1c3d74994cd9b5feb7cbf70c6aab772f2eac09dd4560ea2599854c,gx-no-cache=1542203631766 HTTP/1.1" 200 30
190.171.153.34 - - [14/Nov/2018:10:55:36 -0300] "GET /cormun/servlet/prsolicitudot?18646480,,,,,MD,,gxPopupLevel%3D0%3B HTTP/1.1" 200 6298
190.171.153.34 - - [14/Nov/2018:10:55:36 -0300] "GET /cormun/static/gxcfg.js?2017111422591492 HTTP/1.1" 200 953
190.171.153.34 - - [14/Nov/2018:10:55:36 -0300] "GET /cormun/static/prsolicitudot.js?2017111422591715 HTTP/1.1" 200 13680
190.171.153.34 - - [14/Nov/2018:10:55:48 -0300] "POST /cormun/servlet/solicitudot?gx-no-cache=1542203658344 HTTP/1.1" 200 1361
190.171.153.34 - - [14/Nov/2018:10:55:48 -0300] "POST /cormun/servlet/solicitudot?gx-no-cache=1542203658575 HTTP/1.1" 200 117
190.171.153.34 - - [14/Nov/2018:10:55:48 -0300] "GET /cormun/servlet/solicitudot?f6b98b7e4c1c3d74994cd9b5feb7cbf7a8ecd472eb086ec95625828325b751119b496a10d66dccf2767548dfc52be6803998a97744664ee14e8255851988cc11252f4d8d61734020c76d3bde71d5657a21a2eafef78dff9f48279b3dbd705e8754b9914fbf9657f4f8e546a524bab1f2,gx-no-cache=1542203658776 HTTP/1.1" 200 110
190.171.153.34 - - [14/Nov/2018:10:55:49 -0300] "GET /cormun/servlet/solicitudot?f6b98b7e4c1c3d74994cd9b5feb7cbf7cb30e65bf3287d3c372b7682a4a5355b5e0b5d341bf5564f1a7ef44a02f5629a,gx-no-cache=1542203658979 HTTP/1.1" 200 30
190.171.153.34 - - [14/Nov/2018:10:55:54 -0300] "GET /cormun/servlet/prfichaempleado?,MD,,gxPopupLevel%3D0%3B HTTP/1.1" 200 9404
190.171.153.34 - - [14/Nov/2018:10:56:03 -0300] "POST /cormun/servlet/prfichaempleado?f816ed213bdf57cc0d0a8b3b6e4e53c0,,MD,,gxPopupLevel%3D0%3B,gx-no-cache=1542203672794 HTTP/1.1" 200 3425
190.171.153.34 - - [14/Nov/2018:10:56:10 -0300] "GET /cormun/servlet/prlicenciaspermisos?11638014,L,,MD,,gxPopupLevel%3D0%3B HTTP/1.1" 200 7097
190.171.153.34 - - [14/Nov/2018:10:56:14 -0300] "POST /cormun/servlet/solicitudot?gx-no-cache=1542203684374 HTTP/1.1" 200 1280
190.171.153.34 - - [14/Nov/2018:10:56:19 -0300] "POST /cormun/servlet/solicitudot?gx-no-cache=1542203689122 HTTP/1.1" 200 41
190.171.153.34 - - [14/Nov/2018:10:56:19 -0300] "GET /cormun/servlet/solicitudot?f6b98b7e4c1c3d74994cd9b5feb7cbf7a8ecd472eb086ec95625828325b751119b496a10d66dccf2767548dfc52be6803998a97744664ee14e8255851988cc11252f4d8d61734020c76d3bde71d5657a21a2eafef78dff9f48279b3dbd705e8754b9914fbf9657f4f8e546a524bab1f2,gx-no-cache=1542203689269 HTTP/1.1" 200 110
190.171.153.34 - - [14/Nov/2018:10:56:20 -0300] "POST /cormun/servlet/solicitudot?gx-no-cache=1542203689411 HTTP/1.1" 200 97
190.171.153.34 - - [14/Nov/2018:10:56:39 -0300] "GET /cormun/servlet/solicitudot?f6b98b7e4c1c3d74994cd9b5feb7cbf7a8ecd472eb086ec95625828325b751119b496a10d66dccf2767548dfc52be6803998a97744664ee14e8255851988cc11252f4d8d61734020c76d3bde71d5657a21a2eafef78dff9f48279b3dbd705e8754b9914fbf9657f4f8e546a524bab1f2,gx-no-cache=1542203709116 HTTP/1.1" 200 110
200.54.247.70 - - [14/Nov/2018:10:56:56 -0300] "GET /cormun/servlet/trpermisosadjuntos?21094082,20181114104748,P, HTTP/1.1" 200 6313
200.54.247.70 - - [14/Nov/2018:10:56:57 -0300] "GET /cormun/servlet/trpermisosadjuntos?21094082,20181114104748,P, HTTP/1.1" 200 6313
200.54.247.70 - - [14/Nov/2018:10:56:59 -0300] "GET /cormun/servlet/permisosadjuntos?INS,21094082,P,20181114104748,, HTTP/1.1" 200 5638
200.54.247.70 - - [14/Nov/2018:10:57:00 -0300] "GET /cormun/static/about:blank HTTP/1.1" 404 1011
190.171.153.34 - - [14/Nov/2018:10:57:00 -0300] "POST /cormun/servlet/solicitudot?gx-no-cache=1542203729247 HTTP/1.1" 200 257
200.54.247.70 - - [14/Nov/2018:10:57:00 -0300] "GET /cormun/servlet/permisosadjuntos?INS,21094082,P,20181114104748,, HTTP/1.1" 200 5627
190.171.153.34 - - [14/Nov/2018:10:57:03 -0300] "GET /cormun/servlet/solicitudot?f6b98b7e4c1c3d74994cd9b5feb7cbf7a8880edf1c601249f33c6230b888960a22d1e7615a396031eea40b20ea3b75435c51f64472fc0665025383d26d1aa75587f2cc76687431728487027abd864042132f250ad68fe42d5285b2b66fa433082957e4cfa3afedda6aa56ecb00705838520309398125b2771f937039190a1b1832b1885b9262baf2ab83f38b0dabd2785191f241d2e09f6776c6091585a8517cc1ec6b63353731cc6b22264614d2b34f5471cc1f13cc64655913de2a157d0ab5863cbaa8ec83e78152ca32a6354c461bc807a6738fb8c93872be70d6c1aa47ba43d60e821af457967574fb417eb0e77c0039b576b71edf36b595255945e77bc83c0d82891819fa1f8148122a1c621709f2c78b06be0025f5ca06c05ca73f656a3e0d055ef4cbbf9931f5b7d4f4e711163584705ecc6cd1fa49c6db93e719cc11c4afc343e082d27e6c3e033c79d34c5e541275688e456c24a7005b9bd7660092103d281e96b6d7dfc39afb146e0a121589938f494034b3fe5ff8cfec29e9a701,gx-no-cache=1542203733731 HTTP/1.1" 200 30
190.171.153.34 - - [14/Nov/2018:10:57:03 -0300] "POST /cormun/servlet/solicitudot?gx-no-cache=1542203733846 HTTP/1.1" 200 30
190.171.153.34 - - [14/Nov/2018:10:57:04 -0300] "POST /cormun/servlet/solicitudot?gx-no-cache=1542203733986 HTTP/1.1" 200 1280
190.171.153.34 - - [14/Nov/2018:10:57:04 -0300] "POST /cormun/servlet/solicitudot?gx-no-cache=1542203734749 HTTP/1.1" 200 41
190.171.153.34 - - [14/Nov/2018:10:57:04 -0300] "GET /cormun/servlet/solicitudot?f6b98b7e4c1c3d74994cd9b5feb7cbf7a8ecd472eb086ec95625828325b751119b496a10d66dccf2767548dfc52be6803998a97744664ee14e8255851988cc11252f4d8d61734020c76d3bde71d5657a21a2eafef78dff9f48279b3dbd705e8754b9914fbf9657f4f8e546a524bab1f2,gx-no-cache=1542203734884 HTTP/1.1" 200 110
190.171.153.34 - - [14/Nov/2018:10:57:05 -0300] "POST /cormun/servlet/solicitudot?gx-no-cache=1542203735024 HTTP/1.1" 200 97
200.54.247.70 - - [14/Nov/2018:10:57:19 -0300] "POST /cormun/servlet/permisosadjuntos?d798decef74cf657aeac9d6d11f9f231,INS,21094082,P,20181114104748,, HTTP/1.1" 200 116
190.171.153.34 - - [14/Nov/2018:10:57:28 -0300] "POST /cormun/servlet/solicitudot?gx-no-cache=1542203758111 HTTP/1.1" 200 239
200.54.247.70 - - [14/Nov/2018:10:57:29 -0300] "GET /cormun/servlet/hpexe_return? HTTP/1.1" 200 1035
200.54.247.70 - - [14/Nov/2018:10:57:29 -0300] "GET /cormun/servlet/trpermisosadjuntos?21094082,20181114104748,P, HTTP/1.1" 200 6787
200.54.247.70 - - [14/Nov/2018:10:57:29 -0300] "GET /cormun/servlet/trpermisosadjuntos?21094082,20181114104748,P, HTTP/1.1" 200 6783
190.171.153.34 - - [14/Nov/2018:10:57:34 -0300] "GET /cormun/servlet/solicitudot?f6b98b7e4c1c3d74994cd9b5feb7cbf7a8880edf1c601249f33c6230b888960a6469ca8ad7794ae5d3a9d9318bd97f465c51f64472fc0665025383d26d1aa75587f2cc76687431728487027abd864042132f250ad68fe42d5285b2b66fa433082957e4cfa3afedda6aa56ecb00705838520309398125b2771f937039190a1b1832b1885b9262baf2ab83f38b0dabd2785191f241d2e09f6776c6091585a8517cc1ec6b63353731cc6b22264614d2b34f5471cc1f13cc64655913de2a157d0ab5863cbaa8ec83e78152ca32a6354c461bc807a6738fb8c93872be70d6c1aa47ba43d60e821af457967574fb417eb0e77c0039b576b71edf36b595255945e77bc83c0d82891819fa1f8148122a1c621709f2c78b06be0025f5ca06c05ca73f656a3e0d055ef4cbbf9931f5b7d4f4e711163584705ecc6cd1fa49c6db93e719cc11c4afc343e082d27e6c3e033c79d34c5e541275688e456c24a7005b9bd7660092103d281e96b6d7dfc39afb146e0a121589938f494034b3fe5ff8cfec29e9a701,gx-no-cache=1542203764221 HTTP/1.1" 200 30
190.171.153.34 - - [14/Nov/2018:10:57:34 -0300] "POST /cormun/servlet/solicitudot?gx-no-cache=1542203764375 HTTP/1.1" 200 30
190.171.153.34 - - [14/Nov/2018:10:57:35 -0300] "POST /cormun/servlet/solicitudot?gx-no-cache=1542203764504 HTTP/1.1" 200 1280
190.171.153.34 - - [14/Nov/2018:10:57:35 -0300] "POST /cormun/servlet/solicitudot?gx-no-cache=1542203765436 HTTP/1.1" 200 41
190.171.153.34 - - [14/Nov/2018:10:57:35 -0300] "GET /cormun/servlet/solicitudot?f6b98b7e4c1c3d74994cd9b5feb7cbf7a8ecd472eb086ec95625828325b751119b496a10d66dccf2767548dfc52be6803998a97744664ee14e8255851988cc11252f4d8d61734020c76d3bde71d5657a21a2eafef78dff9f48279b3dbd705e8754b9914fbf9657f4f8e546a524bab1f2,gx-no-cache=1542203765560 HTTP/1.1" 200 110
190.171.153.34 - - [14/Nov/2018:10:57:35 -0300] "POST /cormun/servlet/solicitudot?gx-no-cache=1542203765683 HTTP/1.1" 200 97
200.54.247.70 - - [14/Nov/2018:10:57:39 -0300] "GET /cormun/PublicTempStorage/doc015843201811141056462266953.pdf HTTP/1.1" 200 148507
200.54.247.70 - - [14/Nov/2018:10:57:43 -0300] "GET /cormun/servlet/trpermisosadjuntos?21094082,20181114104748,P, HTTP/1.1" 200 6787
200.54.247.70 - - [14/Nov/2018:10:57:44 -0300] "GET /cormun/servlet/trpermisosadjuntos?21094082,20181114104748,P, HTTP/1.1" 200 6785
200.54.247.70 - - [14/Nov/2018:10:57:46 -0300] "POST /cormun/servlet/trpermisosadjuntos?d798decef74cf657aeac9d6d11f9f231,21094082,20181114104748,P,,gx-no-cache=1542203778970 HTTP/1.1" 200 90
200.54.247.70 - - [14/Nov/2018:10:57:46 -0300] "GET /cormun/servlet/hpexe_link HTTP/1.1" 200 981
186.103.156.166 - - [14/Nov/2018:10:57:47 -0300] "GET /cormun/servlet/hhome HTTP/1.1" 200 3416
200.54.247.70 - - [14/Nov/2018:10:57:47 -0300] "GET /cormun/servlet/trpermisosgoce HTTP/1.1" 200 18687
186.103.156.166 - - [14/Nov/2018:10:57:47 -0300] "GET /cormun/servlet/hhome HTTP/1.1" 200 3425
186.103.156.166 - - [14/Nov/2018:10:57:48 -0300] "GET /cormun/servlet/hlogin HTTP/1.1" 200 1732
200.54.247.70 - - [14/Nov/2018:10:57:49 -0300] "GET /cormun/servlet/trpermisosgoce HTTP/1.1" 200 18685
200.54.247.70 - - [14/Nov/2018:10:57:54 -0300] "POST /cormun/servlet/trpermisosgoce?d798decef74cf657aeac9d6d11f9f231,gx-no-cache=1542203784628 HTTP/1.1" 200 15780
190.171.153.34 - - [14/Nov/2018:10:57:54 -0300] "POST /cormun/servlet/solicitudot?gx-no-cache=1542203784712 HTTP/1.1" 200 30
200.54.247.70 - - [14/Nov/2018:10:57:55 -0300] "GET /cormun/static/Shared/jqueryui/images/ui-icons_82798d_256x240.png HTTP/1.1" 404 1089
200.54.247.70 - - [14/Nov/2018:10:57:55 -0300] "GET /cormun/static/Shared/jqueryui/images/ui-bg_flat_55_fafafa_40x100.png HTTP/1.1" 404 1097
200.54.247.70 - - [14/Nov/2018:10:57:55 -0300] "GET /cormun/static/Shared/jqueryui/images/ui-icons_8d78a5_256x240.png HTTP/1.1" 404 1089
190.171.153.34 - - [14/Nov/2018:10:57:55 -0300] "POST /cormun/servlet/solicitudot?gx-no-cache=1542203784856 HTTP/1.1" 200 1280
190.171.153.34 - - [14/Nov/2018:10:57:55 -0300] "POST /cormun/servlet/solicitudot?gx-no-cache=1542203785415 HTTP/1.1" 200 41
190.171.153.34 - - [14/Nov/2018:10:57:55 -0300] "GET /cormun/servlet/solicitudot?f6b98b7e4c1c3d74994cd9b5feb7cbf7a8ecd472eb086ec95625828325b751119b496a10d66dccf2767548dfc52be6803998a97744664ee14e8255851988cc11252f4d8d61734020c76d3bde71d5657a21a2eafef78dff9f48279b3dbd705e8754b9914fbf9657f4f8e546a524bab1f2,gx-no-cache=1542203785940 HTTP/1.1" 200 110
190.171.153.34 - - [14/Nov/2018:10:57:56 -0300] "POST /cormun/servlet/solicitudot?gx-no-cache=1542203786050 HTTP/1.1" 200 97
190.171.153.34 - - [14/Nov/2018:10:57:56 -0300] "POST /cormun/servlet/solicitudot?gx-no-cache=1542203786586 HTTP/1.1" 200 32
200.54.247.70 - - [14/Nov/2018:10:57:57 -0300] "GET /cormun/static/Shared/jqueryui/images/ui-bg_highlight-soft_100_c6c2c8_1x100.png HTTP/1.1" 404 1117
186.103.156.166 - - [14/Nov/2018:10:58:03 -0300] "POST /cormun/servlet/hlogin?3119290f8c7365294e068cccc0c9489f,gx-no-cache=1542207385112 HTTP/1.1" 200 90
186.103.156.166 - - [14/Nov/2018:10:58:03 -0300] "GET /cormun/servlet/hpexe_link HTTP/1.1" 200 949
186.103.156.166 - - [14/Nov/2018:10:58:04 -0300] "GET /cormun/servlet/hhome HTTP/1.1" 200 3947
186.103.156.166 - - [14/Nov/2018:10:58:04 -0300] "GET /cormun/servlet/hhome HTTP/1.1" 200 3944
186.103.156.166 - - [14/Nov/2018:10:58:08 -0300] "GET /cormun/servlet/trlicencias? HTTP/1.1" 200 9835
190.171.153.34 - - [14/Nov/2018:10:58:08 -0300] "GET /cormun/servlet/solicitudot?f6b98b7e4c1c3d74994cd9b5feb7cbf7a8880edf1c601249f33c6230b888960a6469ca8ad7794ae5d3a9d9318bd97f465c51f64472fc0665025383d26d1aa75587f2cc76687431728487027abd864042132f250ad68fe42d5285b2b66fa433082957e4cfa3afedda6aa56ecb00705838520309398125b2771f937039190a1b1832b1885b9262baf2ab83f38b0dabd2785191f241d2e09f6776c6091585a8517cc1ec6b63353731cc6b22264614d2b34f5471cc1f13cc64655913de2a157d0ab5863cbaa8ec83e78152ca32a6354c461bc807a6738fb8c93872be70d6c1aa47ba43d60e821af457967574fb417eb0e77c0039b576b71edf36b595255945e77bc83c0d82891819fa1f8148122a1c621709f2c78b06be0025f5ca06c05ca73f656a3e0d055ef4cbbf9931f5b7d4f4e711163584705ecc6cd1fa49c6db93e719cc11c4afc343e082d27e6c3e033c79d34c5e541275688e456c24a7005b9bd7660092103d281e96b6d7dfc39afb146e0a121589938f494034b3fe5ff8cfec29e9a701,gx-no-cache=1542203798398 HTTP/1.1" 200 30
200.54.247.70 - - [14/Nov/2018:10:58:08 -0300] "GET /cormun/servlet/permisogoce?INS,0,,, HTTP/1.1" 200 6823
186.103.156.166 - - [14/Nov/2018:10:58:08 -0300] "GET /cormun/servlet/trlicencias? HTTP/1.1" 200 9833
200.54.247.70 - - [14/Nov/2018:10:58:09 -0300] "GET /cormun/servlet/permisogoce?INS,0,,, HTTP/1.1" 200 6822
186.103.156.166 - - [14/Nov/2018:10:58:14 -0300] "GET /cormun/servlet/licenciaspermisos?INS,0,,, HTTP/1.1" 200 7479
186.103.156.166 - - [14/Nov/2018:10:58:15 -0300] "GET /cormun/static/gxcfg.js?201762917281167 HTTP/1.1" 200 953
186.103.156.166 - - [14/Nov/2018:10:58:15 -0300] "GET /cormun/static/Resources/prompt.gif HTTP/1.1" 200 902
186.103.156.166 - - [14/Nov/2018:10:58:15 -0300] "GET /cormun/static/licenciaspermisos.js?201762917281260 HTTP/1.1" 200 37491
190.171.153.34 - - [14/Nov/2018:10:58:15 -0300] "POST /cormun/servlet/solicitudot?gx-no-cache=1542203805647 HTTP/1.1" 200 30
186.103.156.166 - - [14/Nov/2018:10:58:15 -0300] "GET /cormun/servlet/licenciaspermisos?INS,0,,, HTTP/1.1" 200 7478
190.171.153.34 - - [14/Nov/2018:10:58:25 -0300] "POST /cormun/servlet/solicitudot?gx-no-cache=1542203815023 HTTP/1.1" 200 1280
190.171.153.34 - - [14/Nov/2018:10:58:25 -0300] "POST /cormun/servlet/solicitudot?gx-no-cache=1542203815310 HTTP/1.1" 200 41
190.171.153.34 - - [14/Nov/2018:10:58:25 -0300] "GET /cormun/servlet/solicitudot?f6b98b7e4c1c3d74994cd9b5feb7cbf7a8ecd472eb086ec95625828325b751119b496a10d66dccf2767548dfc52be6803998a97744664ee14e8255851988cc11252f4d8d61734020c76d3bde71d5657a21a2eafef78dff9f48279b3dbd705e8754b9914fbf9657f4f8e546a524bab1f2,gx-no-cache=1542203815442 HTTP/1.1" 200 110
190.171.153.34 - - [14/Nov/2018:10:58:25 -0300] "POST /cormun/servlet/solicitudot?gx-no-cache=1542203815571 HTTP/1.1" 200 97
200.54.247.70 - - [14/Nov/2018:10:58:35 -0300] "GET /cormun/servlet/permisogoce?74c465a1fb8fc6489a47fbed85282a74f12969a7e411df76373ab98171299fd50ec7b234d616dd7076df71c0adab3998fbf9e4ed467f1843a173b31fa7a066a6,gx-no-cache=1542203827324 HTTP/1.1" 200 78
200.54.247.70 - - [14/Nov/2018:10:58:35 -0300] "GET /cormun/static/menuarrow.gif HTTP/1.1" 404 1015
200.54.247.70 - - [14/Nov/2018:10:58:41 -0300] "GET /cormun/servlet/permisogoce?74c465a1fb8fc6489a47fbed85282a74ae55266805766da7435161d82a62f0a69241eade290954ca8b7e8aebce4b12d00f4dd3082f56bde1f58c39b79f076780,gx-no-cache=1542203833985 HTTP/1.1" 200 48
200.54.247.70 - - [14/Nov/2018:10:58:44 -0300] "POST /cormun/servlet/permisogoce?d798decef74cf657aeac9d6d11f9f231,INS,0,,,,gx-no-cache=1542203836117 HTTP/1.1" 200 93
200.54.247.70 - - [14/Nov/2018:10:58:44 -0300] "GET /cormun/servlet/hpexe_return? HTTP/1.1" 200 1030
200.54.247.70 - - [14/Nov/2018:10:58:44 -0300] "GET /cormun/servlet/trpermisosgoce?gx-no-cache=1542203784628 HTTP/1.1" 200 18714
186.103.156.166 - - [14/Nov/2018:10:58:45 -0300] "GET /cormun/servlet/licenciaspermisos?1439547117fce950d1fe86b2a1955a0622856dbee12975a23b13e46f490dd24470d83df6d60e9eb020ab80e01af768b7,gx-no-cache=1542207427216 HTTP/1.1" 200 100
186.103.156.166 - - [14/Nov/2018:10:58:45 -0300] "POST /cormun/servlet/licenciaspermisos?3119290f8c7365294e068cccc0c9489f,INS,0,,,,gx-no-cache=1542207427512 HTTP/1.1" 200 4748
200.54.247.70 - - [14/Nov/2018:10:58:46 -0300] "GET /cormun/servlet/trpermisosgoce?gx-no-cache=1542203784628 HTTP/1.1" 200 18738
190.171.153.34 - - [14/Nov/2018:10:59:03 -0300] "POST /cormun/servlet/solicitudot?gx-no-cache=1542203853775 HTTP/1.1" 200 64
200.54.247.70 - - [14/Nov/2018:10:59:06 -0300] "GET /cormun/servlet/trpermisosadjuntos?16934764,20181114105400,P, HTTP/1.1" 200 6321
200.54.247.70 - - [14/Nov/2018:10:59:07 -0300] "GET /cormun/servlet/trpermisosadjuntos?16934764,20181114105400,P, HTTP/1.1" 200 6299
200.54.247.70 - - [14/Nov/2018:10:59:09 -0300] "GET /cormun/servlet/permisosadjuntos?INS,16934764,P,20181114105400,, HTTP/1.1" 200 5622
200.54.247.70 - - [14/Nov/2018:10:59:09 -0300] "GET /cormun/static/about:blank HTTP/1.1" 404 1011
200.54.247.70 - - [14/Nov/2018:10:59:09 -0300] "GET /cormun/servlet/permisosadjuntos?INS,16934764,P,20181114105400,, HTTP/1.1" 200 5615
200.54.247.70 - - [14/Nov/2018:10:59:18 -0300] "POST /cormun/servlet/permisosadjuntos?d798decef74cf657aeac9d6d11f9f231,INS,16934764,P,20181114105400,, HTTP/1.1" 200 116
200.54.247.70 - - [14/Nov/2018:10:59:18 -0300] "GET /cormun/servlet/hpexe_return? HTTP/1.1" 200 1035
200.54.247.70 - - [14/Nov/2018:10:59:18 -0300] "GET /cormun/servlet/trpermisosadjuntos?16934764,20181114105400,P, HTTP/1.1" 200 6303
200.54.247.70 - - [14/Nov/2018:10:59:19 -0300] "GET /cormun/servlet/trpermisosadjuntos?16934764,20181114105400,P, HTTP/1.1" 200 6299
186.103.156.166 - - [14/Nov/2018:10:59:33 -0300] "GET /cormun/static/menuarrow.gif HTTP/1.1" 404 1015
200.54.247.70 - - [14/Nov/2018:10:59:46 -0300] "GET /cormun/servlet/permisosadjuntos?INS,16934764,P,20181114105400,, HTTP/1.1" 200 5624
200.54.247.70 - - [14/Nov/2018:10:59:46 -0300] "GET /cormun/static/about:blank HTTP/1.1" 404 1011
200.54.247.70 - - [14/Nov/2018:10:59:46 -0300] "GET /cormun/servlet/permisosadjuntos?INS,16934764,P,20181114105400,, HTTP/1.1" 200 5614
200.54.247.70 - - [14/Nov/2018:10:59:53 -0300] "POST /cormun/servlet/permisosadjuntos?d798decef74cf657aeac9d6d11f9f231,INS,16934764,P,20181114105400,, HTTP/1.1" 200 116
200.54.247.70 - - [14/Nov/2018:10:59:53 -0300] "GET /cormun/servlet/hpexe_return? HTTP/1.1" 200 1035
200.54.247.70 - - [14/Nov/2018:10:59:53 -0300] "GET /cormun/servlet/trpermisosadjuntos?16934764,20181114105400,P, HTTP/1.1" 200 6771
200.54.247.70 - - [14/Nov/2018:10:59:54 -0300] "GET /cormun/servlet/trpermisosadjuntos?16934764,20181114105400,P, HTTP/1.1" 200 6767
200.54.247.70 - - [14/Nov/2018:11:00:00 -0300] "GET /cormun/PublicTempStorage/doc015844201811141059574544132.pdf HTTP/1.1" 200 148004
190.171.153.34 - - [14/Nov/2018:11:00:01 -0300] "POST /cormun/servlet/solicitudot?gx-no-cache=1542203910879 HTTP/1.1" 200 69
200.54.247.70 - - [14/Nov/2018:11:00:04 -0300] "GET /cormun/servlet/trpermisosadjuntos?16934764,20181114105400,P, HTTP/1.1" 200 6771
200.54.247.70 - - [14/Nov/2018:11:00:05 -0300] "GET /cormun/servlet/trpermisosadjuntos?16934764,20181114105400,P, HTTP/1.1" 200 6768
190.171.153.34 - - [14/Nov/2018:11:00:05 -0300] "GET /cormun/servlet/solicitudot?f6b98b7e4c1c3d74994cd9b5feb7cbf7cb30e65bf3287d3c372b7682a4a5355b0e06a11c2826c3ebd90328297e853594,gx-no-cache=1542203915945 HTTP/1.1" 200 30
190.171.153.34 - - [14/Nov/2018:11:00:06 -0300] "POST /cormun/servlet/solicitudot?gx-no-cache=1542203916066 HTTP/1.1" 200 32
200.54.247.70 - - [14/Nov/2018:11:00:06 -0300] "POST /cormun/servlet/trpermisosadjuntos?d798decef74cf657aeac9d6d11f9f231,16934764,20181114105400,P,,gx-no-cache=1542203919341 HTTP/1.1" 200 90
200.54.247.70 - - [14/Nov/2018:11:00:07 -0300] "GET /cormun/servlet/hpexe_link HTTP/1.1" 200 1004
190.171.143.106 - - [14/Nov/2018:11:00:07 -0300] "GET /cormun/servlet/hlogin HTTP/1.1" 200 1723
200.54.247.70 - - [14/Nov/2018:11:00:07 -0300] "GET /cormun/servlet/trpermisosgoce?gx-no-cache=1542203784628 HTTP/1.1" 200 18547
190.171.143.106 - - [14/Nov/2018:11:00:08 -0300] "GET /cormun/static/Resources/indicator.gif HTTP/1.1" 200 1553
200.54.247.70 - - [14/Nov/2018:11:00:08 -0300] "GET /cormun/servlet/trpermisosgoce?gx-no-cache=1542203784628 HTTP/1.1" 200 18625
190.171.143.106 - - [14/Nov/2018:11:00:11 -0300] "POST /cormun/servlet/hlogin?5efeeada60c397ab7222d61e99403761,gx-no-cache=1542203921576 HTTP/1.1" 200 90
200.54.247.70 - - [14/Nov/2018:11:00:12 -0300] "POST /cormun/servlet/trpermisosgoce?d798decef74cf657aeac9d6d11f9f231,gx-no-cache=1542203784628,gx-no-cache=1542203923954 HTTP/1.1" 200 15650
190.171.143.106 - - [14/Nov/2018:11:00:12 -0300] "GET /cormun/servlet/hpexe_link HTTP/1.1" 200 952
190.171.143.106 - - [14/Nov/2018:11:00:12 -0300] "GET /cormun/servlet/hhome HTTP/1.1" 200 4068
200.54.247.70 - - [14/Nov/2018:11:00:12 -0300] "GET /cormun/static/Shared/jqueryui/images/ui-bg_highlight-soft_100_c6c2c8_1x100.png HTTP/1.1" 404 1117
190.171.143.106 - - [14/Nov/2018:11:00:12 -0300] "GET /cormun/static/PXToolsJavascripts/pexe_cookies.js HTTP/1.1" 200 792
190.171.143.106 - - [14/Nov/2018:11:00:12 -0300] "GET /cormun/static/PXToolsJavascripts/pexe_menudivfix.js HTTP/1.1" 200 333
190.171.143.106 - - [14/Nov/2018:11:00:13 -0300] "GET /cormun/static/gxcfg.js?20175251212442 HTTP/1.1" 200 953
190.171.143.106 - - [14/Nov/2018:11:00:13 -0300] "GET /cormun/static/PXToolsJavascripts/pexe_oav.js HTTP/1.1" 200 645
200.54.247.70 - - [14/Nov/2018:11:00:13 -0300] "GET /cormun/static/Shared/jqueryui/images/ui-bg_flat_55_fafafa_40x100.png HTTP/1.1" 404 1097
200.54.247.70 - - [14/Nov/2018:11:00:13 -0300] "GET /cormun/static/Shared/jqueryui/images/ui-icons_82798d_256x240.png HTTP/1.1" 404 1089
190.171.143.106 - - [14/Nov/2018:11:00:13 -0300] "GET /cormun/static/PXToolsJavascripts/pexe_tabdivfix.js HTTP/1.1" 200 876
190.171.143.106 - - [14/Nov/2018:11:00:13 -0300] "GET /cormun/static/PXToolsJavascripts/pexe_picture.js HTTP/1.1" 200 689
190.171.143.106 - - [14/Nov/2018:11:00:13 -0300] "GET /cormun/static/PXToolsJavascripts/pexe_oavdivfix.js HTTP/1.1" 200 639
190.171.143.106 - - [14/Nov/2018:11:00:13 -0300] "GET /cormun/static/PXToolsJavascripts/PXToolsJavascriptsRender.js HTTP/1.1" 200 367
200.54.247.70 - - [14/Nov/2018:11:00:13 -0300] "GET /cormun/static/Shared/jqueryui/images/ui-icons_8d78a5_256x240.png HTTP/1.1" 404 1089
190.171.143.106 - - [14/Nov/2018:11:00:13 -0300] "GET /cormun/static/Resources/logo4.png HTTP/1.1" 200 6582
190.171.143.106 - - [14/Nov/2018:11:00:13 -0300] "GET /cormun/static/Resources/PXToolsHeaderActionsLeft.png HTTP/1.1" 200 1118
190.171.143.106 - - [14/Nov/2018:11:00:13 -0300] "GET /cormun/static/RunJS/RunJS.js HTTP/1.1" 200 288
190.171.143.106 - - [14/Nov/2018:11:00:13 -0300] "GET /cormun/static/hhome.js?20175251212450 HTTP/1.1" 200 777
190.171.143.106 - - [14/Nov/2018:11:00:13 -0300] "GET /cormun/static/hpexe_messagepopupcomponent.js?20161017169425 HTTP/1.1" 200 605
190.171.143.106 - - [14/Nov/2018:11:00:13 -0300] "GET /cormun/static/hpexe_messagegenexuscomponent.js?201752511465344 HTTP/1.1" 200 587
190.171.143.106 - - [14/Nov/2018:11:00:13 -0300] "GET /cormun/static/hpexe_messagecontroller.js?20177611595012 HTTP/1.1" 200 870
190.171.143.106 - - [14/Nov/2018:11:00:13 -0300] "GET /cormun/static/Resources/PXToolsHeaderLogin.png HTTP/1.1" 200 4279
190.171.143.106 - - [14/Nov/2018:11:00:13 -0300] "GET /cormun/static/Resources/PXToolsHeaderHome.png HTTP/1.1" 200 4147
190.171.143.106 - - [14/Nov/2018:11:00:13 -0300] "GET /cormun/static/Resources/PXToolsHeaderPreferences.png HTTP/1.1" 200 4189
190.171.143.106 - - [14/Nov/2018:11:00:13 -0300] "GET /cormun/static/Resources/PXToolsHeaderSecurity.png HTTP/1.1" 200 4166
190.171.143.106 - - [14/Nov/2018:11:00:13 -0300] "GET /cormun/static/Resources/Spanish/PXTools.css?11423723 HTTP/1.1" 200 89042
190.171.143.106 - - [14/Nov/2018:11:00:14 -0300] "GET /cormun/static/Resources/PXToolsHeaderActionsRight.png HTTP/1.1" 200 1201
190.171.143.106 - - [14/Nov/2018:11:00:14 -0300] "GET /cormun/static/Resources/PXToolsFooterBackground2.png HTTP/1.1" 200 1172
190.171.143.106 - - [14/Nov/2018:11:00:14 -0300] "GET /cormun/static/Resources/PXToolsHeaderBackground2.png HTTP/1.1" 200 1174
190.171.143.106 - - [14/Nov/2018:11:00:14 -0300] "GET /cormun/static/Resources/PXToolsDataTitle.png HTTP/1.1" 200 1173
190.171.143.106 - - [14/Nov/2018:11:00:14 -0300] "GET /cormun/static/Resources/PXToolsHeaderActionsBackground.png HTTP/1.1" 200 484
190.171.143.106 - - [14/Nov/2018:11:00:14 -0300] "GET /cormun/static/SmoothNavMenu/resources/images/down.gif HTTP/1.1" 200 854
190.171.143.106 - - [14/Nov/2018:11:00:14 -0300] "GET /cormun/servlet/hhome HTTP/1.1" 200 4062
200.54.247.70 - - [14/Nov/2018:11:00:18 -0300] "GET /cormun/servlet/permisogoce?INS,0,,, HTTP/1.1" 200 6845
200.54.247.70 - - [14/Nov/2018:11:00:19 -0300] "GET /cormun/servlet/permisogoce?INS,0,,, HTTP/1.1" 200 6823
190.171.143.106 - - [14/Nov/2018:11:00:19 -0300] "GET /cormun/servlet/trpermisosgoce? HTTP/1.1" 200 9965
190.171.143.106 - - [14/Nov/2018:11:00:20 -0300] "GET /cormun/servlet/trpermisosgoce? HTTP/1.1" 200 9963
190.171.143.106 - - [14/Nov/2018:11:00:24 -0300] "GET /cormun/servlet/permisogoce?INS,0,,, HTTP/1.1" 200 6914
190.171.143.106 - - [14/Nov/2018:11:00:24 -0300] "GET /cormun/static/Resources/prompt.gif HTTP/1.1" 200 902
190.171.143.106 - - [14/Nov/2018:11:00:24 -0300] "GET /cormun/static/gxcfg.js?201776126440 HTTP/1.1" 200 953
190.171.143.106 - - [14/Nov/2018:11:00:25 -0300] "GET /cormun/servlet/permisogoce?INS,0,,, HTTP/1.1" 200 6913
190.171.143.106 - - [14/Nov/2018:11:00:26 -0300] "GET /cormun/static/Resources/resize.gif HTTP/1.1" 200 77
190.171.153.34 - - [14/Nov/2018:11:00:26 -0300] "GET /cormun/servlet/solicitudot?f6b98b7e4c1c3d74994cd9b5feb7cbf7cb30e65bf3287d3c372b7682a4a5355b5e0b5d341bf5564f1a7ef44a02f5629a,gx-no-cache=1542203936171 HTTP/1.1" 200 30
190.171.153.34 - - [14/Nov/2018:11:00:26 -0300] "POST /cormun/servlet/solicitudot?gx-no-cache=1542203936488 HTTP/1.1" 200 32
190.171.143.106 - - [14/Nov/2018:11:00:26 -0300] "GET /cormun/servlet/prfichaempleado?,MD,,gxPopupLevel%3D0%3B HTTP/1.1" 200 9366
190.171.143.106 - - [14/Nov/2018:11:00:26 -0300] "GET /cormun/static/gxcfg.js?20177612134814 HTTP/1.1" 200 953
190.171.143.106 - - [14/Nov/2018:11:00:26 -0300] "GET /cormun/static/Resources/PXToolsMenuSearch.png HTTP/1.1" 200 2914
190.171.143.106 - - [14/Nov/2018:11:00:26 -0300] "GET /cormun/static/Resources/PXToolsMenuSearchCancel.png HTTP/1.1" 200 2972
190.171.143.106 - - [14/Nov/2018:11:00:36 -0300] "POST /cormun/servlet/prfichaempleado?5efeeada60c397ab7222d61e99403761,,MD,,gxPopupLevel%3D0%3B,gx-no-cache=1542203945615 HTTP/1.1" 200 3427
190.171.153.34 - - [14/Nov/2018:11:00:38 -0300] "POST /cormun/servlet/solicitudot?f816ed213bdf57cc0d0a8b3b6e4e53c0,INS,0,0,,gx-no-cache=1542203947691 HTTP/1.1" 200 93
190.171.153.34 - - [14/Nov/2018:11:00:38 -0300] "GET /cormun/servlet/hpexe_return? HTTP/1.1" 200 1012
200.54.247.70 - - [14/Nov/2018:11:00:38 -0300] "GET /cormun/servlet/permisogoce?74c465a1fb8fc6489a47fbed85282a74902afcf7f9c212d5acb449c649b34ff10ec7b234d616dd7076df71c0adab3998fbf9e4ed467f1843a173b31fa7a066a6,gx-no-cache=1542203950595 HTTP/1.1" 200 75
200.54.247.70 - - [14/Nov/2018:11:00:38 -0300] "GET /cormun/static/menuarrow.gif HTTP/1.1" 404 1015
190.171.153.34 - - [14/Nov/2018:11:00:38 -0300] "GET /cormun/servlet/trsolicitudot HTTP/1.1" 200 9284
190.171.153.34 - - [14/Nov/2018:11:00:39 -0300] "GET /cormun/servlet/trsolicitudot HTTP/1.1" 200 9280
190.171.143.106 - - [14/Nov/2018:11:00:39 -0300] "GET /cormun/servlet/permisogoce?ad8119c9d3941ebc86291e6c899028f73ffb1ef976b9870f9135c8e45c655d74611b6efa829571f61f343ec15c2328ff,gx-no-cache=1542203949246 HTTP/1.1" 200 88
190.171.143.106 - - [14/Nov/2018:11:00:39 -0300] "GET /cormun/static/menuarrow.gif HTTP/1.1" 404 1015
200.54.247.70 - - [14/Nov/2018:11:00:43 -0300] "GET /cormun/servlet/permisogoce?74c465a1fb8fc6489a47fbed85282a74217b8b264fc48c4ebbb6af72dad631c7fb92184917579d72f50ae7ba8610fd120f4dd3082f56bde1f58c39b79f076780,gx-no-cache=1542203955929 HTTP/1.1" 200 47
190.171.153.34 - - [14/Nov/2018:11:00:43 -0300] "GET /cormun/servlet/solicitudot?INS,0,0, HTTP/1.1" 200 15107
190.171.153.34 - - [14/Nov/2018:11:00:44 -0300] "GET /cormun/servlet/solicitudot?INS,0,0, HTTP/1.1" 200 15112
190.171.153.34 - - [14/Nov/2018:11:00:47 -0300] "GET /cormun/servlet/prfichaempleado?,MD,,gxPopupLevel%3D0%3B HTTP/1.1" 200 9404
200.54.247.70 - - [14/Nov/2018:11:00:49 -0300] "POST /cormun/servlet/permisogoce?d798decef74cf657aeac9d6d11f9f231,INS,0,,,,gx-no-cache=1542203961200 HTTP/1.1" 200 93
200.54.247.70 - - [14/Nov/2018:11:00:49 -0300] "GET /cormun/servlet/hpexe_return? HTTP/1.1" 200 1030
200.54.247.70 - - [14/Nov/2018:11:00:49 -0300] "GET /cormun/servlet/trpermisosgoce?gx-no-cache=1542203784628 HTTP/1.1" 200 18713
200.54.247.70 - - [14/Nov/2018:11:00:50 -0300] "GET /cormun/servlet/trpermisosgoce?gx-no-cache=1542203784628 HTTP/1.1" 200 18685
186.67.164.138 - - [14/Nov/2018:11:00:57 -0300] "GET /cormun/servlet/hlogin HTTP/1.1" 200 1721
190.171.143.106 - - [14/Nov/2018:11:01:01 -0300] "GET /cormun/servlet/permisogoce?ad8119c9d3941ebc86291e6c899028f72d1e0e05796a6a8da3ccc84e78354a4291c50e7dcbf9674087fcaf937144d5a30b2976190dc20d2557a33f33a3bacf93,gx-no-cache=1542203971397 HTTP/1.1" 200 48
186.67.164.138 - - [14/Nov/2018:11:01:05 -0300] "POST /cormun/servlet/hlogin?983739bdca7ef809720172f2aa438432,gx-no-cache=1542203973690 HTTP/1.1" 200 90
186.67.164.138 - - [14/Nov/2018:11:01:05 -0300] "GET /cormun/servlet/hpexe_link HTTP/1.1" 200 948
186.67.164.138 - - [14/Nov/2018:11:01:05 -0300] "GET /cormun/servlet/hhome HTTP/1.1" 200 4047
190.171.143.106 - - [14/Nov/2018:11:01:06 -0300] "POST /cormun/servlet/permisogoce?5efeeada60c397ab7222d61e99403761,INS,0,,,,gx-no-cache=1542203974383 HTTP/1.1" 200 93
190.171.143.106 - - [14/Nov/2018:11:01:06 -0300] "GET /cormun/servlet/hpexe_return? HTTP/1.1" 200 1009
190.171.143.106 - - [14/Nov/2018:11:01:06 -0300] "GET /cormun/static/gxcfg.js?2016101716175148 HTTP/1.1" 200 953
186.67.164.138 - - [14/Nov/2018:11:01:06 -0300] "GET /cormun/servlet/hhome HTTP/1.1" 200 4043
190.171.143.106 - - [14/Nov/2018:11:01:07 -0300] "GET /cormun/static/Resources/Spanish/PXTools.css?167811 HTTP/1.1" 200 89042
190.171.143.106 - - [14/Nov/2018:11:01:08 -0300] "GET /cormun/servlet/trpermisosgoce HTTP/1.1" 200 10209
190.171.143.106 - - [14/Nov/2018:11:01:09 -0300] "GET /cormun/servlet/trpermisosgoce HTTP/1.1" 200 10225
186.67.164.138 - - [14/Nov/2018:11:01:09 -0300] "GET /cormun/servlet/trlicencias? HTTP/1.1" 200 11992
186.67.164.138 - - [14/Nov/2018:11:01:10 -0300] "GET /cormun/servlet/trlicencias? HTTP/1.1" 200 11990
190.171.143.106 - - [14/Nov/2018:11:01:12 -0300] "GET /cormun/servlet/apermisogoceprn?7629626,P,20181114105615,PU HTTP/1.1" 200 1659
190.171.153.34 - - [14/Nov/2018:11:01:14 -0300] "POST /cormun/servlet/solicitudot?gx-no-cache=1542203984662 HTTP/1.1" 200 3412
190.171.153.34 - - [14/Nov/2018:11:01:16 -0300] "POST /cormun/servlet/solicitudot?f816ed213bdf57cc0d0a8b3b6e4e53c0,INS,0,0,,gx-no-cache=1542203985574 HTTP/1.1" 200 11743
190.171.153.34 - - [14/Nov/2018:11:01:18 -0300] "GET /cormun/servlet/solicitudot?f6b98b7e4c1c3d74994cd9b5feb7cbf7366a67d3c0d72c0c32d3f5bcb7b2eccf24462efa02ddf77d916475731a8f9f3a,gx-no-cache=1542203988850 HTTP/1.1" 200 30
200.54.247.70 - - [14/Nov/2018:11:01:45 -0300] "GET /cormun/servlet/trpermisosadjuntos?16846441,20181114105610,P, HTTP/1.1" 200 6319
200.54.247.70 - - [14/Nov/2018:11:01:46 -0300] "GET /cormun/servlet/trpermisosadjuntos?16846441,20181114105610,P, HTTP/1.1" 200 6298
200.54.247.70 - - [14/Nov/2018:11:01:47 -0300] "GET /cormun/servlet/permisosadjuntos?INS,16846441,P,20181114105610,, HTTP/1.1" 200 5623
200.54.247.70 - - [14/Nov/2018:11:01:48 -0300] "GET /cormun/static/about:blank HTTP/1.1" 404 1011
200.54.247.70 - - [14/Nov/2018:11:01:48 -0300] "GET /cormun/servlet/permisosadjuntos?INS,16846441,P,20181114105610,, HTTP/1.1" 200 5613
200.54.247.70 - - [14/Nov/2018:11:01:58 -0300] "POST /cormun/servlet/permisosadjuntos?d798decef74cf657aeac9d6d11f9f231,INS,16846441,P,20181114105610,, HTTP/1.1" 200 116
200.54.247.70 - - [14/Nov/2018:11:01:58 -0300] "GET /cormun/servlet/hpexe_return? HTTP/1.1" 200 1034
200.54.247.70 - - [14/Nov/2018:11:01:59 -0300] "GET /cormun/servlet/trpermisosadjuntos?16846441,20181114105610,P, HTTP/1.1" 200 6769
200.54.247.70 - - [14/Nov/2018:11:01:59 -0300] "GET /cormun/servlet/trpermisosadjuntos?16846441,20181114105610,P, HTTP/1.1" 200 6767
200.54.247.70 - - [14/Nov/2018:11:02:05 -0300] "POST /cormun/servlet/trpermisosadjuntos?d798decef74cf657aeac9d6d11f9f231,16846441,20181114105610,P,,gx-no-cache=1542204037481 HTTP/1.1" 200 90
200.54.247.70 - - [14/Nov/2018:11:02:06 -0300] "GET /cormun/servlet/hpexe_link HTTP/1.1" 200 1003
200.54.247.70 - - [14/Nov/2018:11:02:06 -0300] "GET /cormun/servlet/trpermisosgoce?gx-no-cache=1542203784628 HTTP/1.1" 200 18577
200.54.247.70 - - [14/Nov/2018:11:02:11 -0300] "POST /cormun/servlet/trpermisosgoce?d798decef74cf657aeac9d6d11f9f231,gx-no-cache=1542203784628,gx-no-cache=1542204042787 HTTP/1.1" 200 15790
200.54.247.70 - - [14/Nov/2018:11:02:11 -0300] "GET /cormun/static/Shared/jqueryui/images/ui-bg_highlight-soft_100_c6c2c8_1x100.png HTTP/1.1" 404 1117
200.54.247.70 - - [14/Nov/2018:11:02:11 -0300] "GET /cormun/static/Shared/jqueryui/images/ui-bg_flat_55_fafafa_40x100.png HTTP/1.1" 404 1097
200.54.247.70 - - [14/Nov/2018:11:02:11 -0300] "GET /cormun/static/Shared/jqueryui/images/ui-icons_8d78a5_256x240.png HTTP/1.1" 404 1089
200.54.247.70 - - [14/Nov/2018:11:02:12 -0300] "GET /cormun/static/Shared/jqueryui/images/ui-icons_82798d_256x240.png HTTP/1.1" 404 1089
186.103.156.166 - - [14/Nov/2018:11:02:27 -0300] "GET /cormun/servlet/licenciaspermisos?1439547117fce950d1fe86b2a1955a065b7e0bc8e1c2d2bdb840298a5f858ac93d22f627897a08b12b12192f40160aa7af1366830034bb6ef3a40af96d81d5733800676a4708ae57912e68d224b31a19b189ef4e63b1e9f4cf778b587f0c288f17a92ff85c79bb5f026b43b9a6d3f06f1eca93d0a9715879c1bfa834d0cd2943afe81294498d2ef8b2ea79937231e61e8c391838cbf2cef7ffb4972d6a6cccedc6cc0ff6b1ef4c50eb3bd28328cfcc54,gx-no-cache=1542207649326 HTTP/1.1" 200 30
186.103.156.166 - - [14/Nov/2018:11:02:27 -0300] "GET /cormun/servlet/licenciaspermisos?1439547117fce950d1fe86b2a1955a06a32026c72dc53d5f377445932658cffdfb80ff36279b69b5b5efd480cd5f01386b2223788c8ac53181ab59048a469b698ee7b67f4436e7fc2d8dfe04a89a590e24d0594448cbae68287154fccf7f1e2d66d18a0e53eb3269b4e3345a97bc9e529a2681864353f06543e2ab741af365590be3cb2e8e401aadca319da80d04439d3fcc4d374c0af71ef444b96bd7e497cc032838e178053a064aa4894203c9c2c4,gx-no-cache=1542207649572 HTTP/1.1" 200 29
186.103.156.166 - - [14/Nov/2018:11:02:29 -0300] "POST /cormun/servlet/licenciaspermisos?3119290f8c7365294e068cccc0c9489f,INS,0,,,,gx-no-cache=1542207650164 HTTP/1.1" 200 93
186.103.156.166 - - [14/Nov/2018:11:02:30 -0300] "GET /cormun/servlet/hpexe_return? HTTP/1.1" 200 1010
186.103.156.166 - - [14/Nov/2018:11:02:30 -0300] "GET /cormun/static/gxcfg.js?2016101716175148 HTTP/1.1" 200 953
186.103.156.166 - - [14/Nov/2018:11:02:30 -0300] "GET /cormun/static/hpexe_return.js?2016101716175153 HTTP/1.1" 200 1633
186.103.156.166 - - [14/Nov/2018:11:02:31 -0300] "GET /cormun/static/Resources/Spanish/PXTools.css?167811 HTTP/1.1" 200 89042
186.103.156.166 - - [14/Nov/2018:11:02:32 -0300] "GET /cormun/servlet/trlicencias HTTP/1.1" 200 10233
186.103.156.166 - - [14/Nov/2018:11:02:33 -0300] "GET /cormun/servlet/trlicencias HTTP/1.1" 200 10228
186.103.156.166 - - [14/Nov/2018:11:02:33 -0300] "GET /cormun//static/Resources/PXToolsGridUpdate.png HTTP/1.1" 200 2984
186.103.156.166 - - [14/Nov/2018:11:02:50 -0300] "GET /cormun/servlet/alicenciaprn?18041138,L,20181114000000,PU HTTP/1.1" 200 1541
186.103.156.166 - - [14/Nov/2018:11:03:38 -0300] "GET /cormun/servlet/trlicenciaspermisosadjuntos?18041138,20181114000000,L, HTTP/1.1" 200 6307
186.103.156.166 - - [14/Nov/2018:11:03:38 -0300] "GET /cormun/static/gxcfg.js?20177612163414 HTTP/1.1" 200 953
186.103.156.166 - - [14/Nov/2018:11:03:38 -0300] "GET /cormun/static/trlicenciaspermisosadjuntos.js?20177612163719 HTTP/1.1" 200 21036
186.103.156.166 - - [14/Nov/2018:11:03:39 -0300] "GET /cormun/servlet/trlicenciaspermisosadjuntos?18041138,20181114000000,L, HTTP/1.1" 200 6308
186.103.156.166 - - [14/Nov/2018:11:03:41 -0300] "GET /cormun/servlet/licenciaspermisosadjuntos?INS,18041138,L,20181114000000,, HTTP/1.1" 200 5604
186.103.156.166 - - [14/Nov/2018:11:03:41 -0300] "GET /cormun/static/gxcfg.js?2017761263592 HTTP/1.1" 200 953
186.103.156.166 - - [14/Nov/2018:11:03:41 -0300] "GET /cormun/static/licenciaspermisosadjuntos.js?201776126362 HTTP/1.1" 200 8760
186.103.156.166 - - [14/Nov/2018:11:03:41 -0300] "GET /cormun/static/about:blank HTTP/1.1" 404 1011
186.103.156.166 - - [14/Nov/2018:11:03:42 -0300] "GET /cormun/servlet/licenciaspermisosadjuntos?INS,18041138,L,20181114000000,, HTTP/1.1" 200 5594
