186.103.159.44 - - [06/Nov/2018:11:22:25 -0300] "GET /cormun/servlet/solicitudot?789bbe1f2de9bed594ce154b47e2bc1851fca06d15ee1242ceeb1b485d52ab4c85675753667cb69e35d1eea0232bd5bc22bdabc4101f14073436bb5346586d46f876544322a62e956ebf994b8e910f7d98d607cfc9bfcde7d9b408e487c901da870fe390a0f2ad6bc6fac165a9ad8d4d,gx-no-cache=1541514055140 HTTP/1.1" 200 110
186.103.159.44 - - [06/Nov/2018:11:22:25 -0300] "GET /cormun/servlet/solicitudot?789bbe1f2de9bed594ce154b47e2bc18de6c1ee6da64652df6dfd5ee809fac16ef29ef2cec05719c73bd69e228bec0a5c2418b3a2af6b443b6ee0e1942b1621b0a3a5fd3ada708e74ad818df66e084c410938ce4a6a9e94c06c1a34b357569f8c96895eb22e1199d1472299d0cea59b8,gx-no-cache=1541514055650 HTTP/1.1" 200 29
186.103.159.44 - - [06/Nov/2018:11:22:31 -0300] "POST /cormun/servlet/solicitudot?gx-no-cache=1541514061382 HTTP/1.1" 200 118
186.103.159.44 - - [06/Nov/2018:11:22:31 -0300] "GET /cormun/servlet/solicitudot?789bbe1f2de9bed594ce154b47e2bc1851fca06d15ee1242ceeb1b485d52ab4c85675753667cb69e35d1eea0232bd5bc22bdabc4101f14073436bb5346586d46f876544322a62e956ebf994b8e910f7d98d607cfc9bfcde7d9b408e487c901da870fe390a0f2ad6bc6fac165a9ad8d4d,gx-no-cache=1541514061615 HTTP/1.1" 200 110
190.171.141.114 - - [06/Nov/2018:11:22:45 -0300] "GET /cormun/servlet/hlogin HTTP/1.1" 200 1715
190.171.141.114 - - [06/Nov/2018:11:22:45 -0300] "GET /cormun/static/messages.spa.js?85251 HTTP/1.1" 304 -
190.171.141.114 - - [06/Nov/2018:11:22:47 -0300] "GET /cormun/servlet/hlogin HTTP/1.1" 200 1725
186.103.159.44 - - [06/Nov/2018:11:22:48 -0300] "GET /cormun/servlet/solicitudot?789bbe1f2de9bed594ce154b47e2bc18d1a5907433fa26b6cc73b280ffb91c3d489243b62f9c9172e68900f53d681827,gx-no-cache=1541514078483 HTTP/1.1" 200 30
186.103.159.44 - - [06/Nov/2018:11:22:58 -0300] "GET /cormun/servlet/prlicenciaspermisos?16532791,L,,MD,,gxPopupLevel%3D0%3B HTTP/1.1" 200 5525
186.103.159.44 - - [06/Nov/2018:11:22:58 -0300] "GET /cormun/static/gxcfg.js?20176272053834 HTTP/1.1" 200 953
186.103.159.44 - - [06/Nov/2018:11:22:58 -0300] "GET /cormun/static/prlicenciaspermisos.js?20176272054050 HTTP/1.1" 200 13379
186.103.159.44 - - [06/Nov/2018:11:23:17 -0300] "POST /cormun/servlet/solicitudot?gx-no-cache=1541514107675 HTTP/1.1" 200 41
186.103.159.44 - - [06/Nov/2018:11:23:17 -0300] "GET /cormun/servlet/solicitudot?789bbe1f2de9bed594ce154b47e2bc1851fca06d15ee1242ceeb1b485d52ab4c85675753667cb69e35d1eea0232bd5bc22bdabc4101f14073436bb5346586d46f876544322a62e956ebf994b8e910f7d98d607cfc9bfcde7d9b408e487c901da870fe390a0f2ad6bc6fac165a9ad8d4d,gx-no-cache=1541514107710 HTTP/1.1" 200 110
186.103.159.44 - - [06/Nov/2018:11:23:17 -0300] "POST /cormun/servlet/solicitudot?gx-no-cache=1541514108165 HTTP/1.1" 200 34
186.103.159.44 - - [06/Nov/2018:11:24:03 -0300] "GET /cormun/servlet/prlicenciaspermisos?16532791,L,,MD,,gxPopupLevel%3D0%3B HTTP/1.1" 200 5525
190.171.141.114 - - [06/Nov/2018:11:24:07 -0300] "POST /cormun/servlet/hlogin?6d065110caecb36c5e8d98f8c347cff1,gx-no-cache=1541514158660 HTTP/1.1" 200 90
190.171.141.114 - - [06/Nov/2018:11:24:07 -0300] "GET /cormun/servlet/hpexe_link HTTP/1.1" 200 947
190.171.141.114 - - [06/Nov/2018:11:24:07 -0300] "GET /cormun/servlet/hhome HTTP/1.1" 200 4043
190.171.141.114 - - [06/Nov/2018:11:24:08 -0300] "GET /cormun/static/hmpwkw03.js?20189613443875 HTTP/1.1" 304 -
190.171.141.114 - - [06/Nov/2018:11:24:09 -0300] "GET /cormun/servlet/hhome HTTP/1.1" 200 4038
190.171.142.26 - - [06/Nov/2018:11:24:14 -0300] "GET /cormun/servlet/trpermisosadjuntos?19592189,20181004112034,P, HTTP/1.1" 200 6339
190.171.142.26 - - [06/Nov/2018:11:24:14 -0300] "GET /cormun/servlet/trpermisosadjuntos?19592189,20181004112034,P, HTTP/1.1" 200 6340
190.171.142.26 - - [06/Nov/2018:11:24:17 -0300] "GET /cormun/servlet/permisosadjuntos?INS,19592189,P,20181004112034,, HTTP/1.1" 200 5668
190.171.142.26 - - [06/Nov/2018:11:24:17 -0300] "GET /cormun/static/about:blank HTTP/1.1" 404 1011
190.171.142.26 - - [06/Nov/2018:11:24:17 -0300] "GET /cormun/servlet/permisosadjuntos?INS,19592189,P,20181004112034,, HTTP/1.1" 200 5658
186.103.159.44 - - [06/Nov/2018:11:24:21 -0300] "GET /cormun/servlet/solicitudot?789bbe1f2de9bed594ce154b47e2bc1851fca06d15ee1242ceeb1b485d52ab4c85675753667cb69e35d1eea0232bd5bc22bdabc4101f14073436bb5346586d46f876544322a62e956ebf994b8e910f7d98d607cfc9bfcde7d9b408e487c901da870fe390a0f2ad6bc6fac165a9ad8d4d,gx-no-cache=1541514171100 HTTP/1.1" 200 110
186.103.159.44 - - [06/Nov/2018:11:24:21 -0300] "GET /cormun/servlet/solicitudot?789bbe1f2de9bed594ce154b47e2bc18d1a5907433fa26b6cc73b280ffb91c3d745a810e5d791ad914b61dd8658e157a,gx-no-cache=1541514171477 HTTP/1.1" 200 30
186.103.159.44 - - [06/Nov/2018:11:24:21 -0300] "POST /cormun/servlet/solicitudot?gx-no-cache=1541514171507 HTTP/1.1" 200 34
186.103.159.44 - - [06/Nov/2018:11:24:21 -0300] "POST /cormun/servlet/solicitudot?03960a1316110887eda253fadd2d5f8a,INS,0,0,,gx-no-cache=1541514171550 HTTP/1.1" 200 93
186.103.159.44 - - [06/Nov/2018:11:24:21 -0300] "GET /cormun/servlet/hpexe_return? HTTP/1.1" 200 1010
186.103.159.44 - - [06/Nov/2018:11:24:21 -0300] "GET /cormun/servlet/trsolicitudot HTTP/1.1" 200 8913
186.103.159.44 - - [06/Nov/2018:11:24:22 -0300] "GET /cormun//static/Resources/PXToolsRemoveAllAction.png HTTP/1.1" 200 3558
186.103.159.44 - - [06/Nov/2018:11:24:22 -0300] "GET /cormun//static/Resources/PXToolsActionView.png HTTP/1.1" 200 2995
190.171.141.114 - - [06/Nov/2018:11:24:25 -0300] "GET /cormun/servlet/trlicencias? HTTP/1.1" 200 12393
190.171.141.114 - - [06/Nov/2018:11:24:26 -0300] "GET /cormun/static/gxcfg.js?20176272054169 HTTP/1.1" 304 -
190.171.142.26 - - [06/Nov/2018:11:24:26 -0300] "POST /cormun/servlet/permisosadjuntos?40580a011d54e64b1e2a4a57a76f8379,INS,19592189,P,20181004112034,, HTTP/1.1" 200 116
190.171.142.26 - - [06/Nov/2018:11:24:26 -0300] "GET /cormun/servlet/hpexe_return? HTTP/1.1" 200 1035
190.171.142.26 - - [06/Nov/2018:11:24:26 -0300] "GET /cormun/servlet/trpermisosadjuntos?19592189,20181004112034,P, HTTP/1.1" 200 6815
190.171.142.26 - - [06/Nov/2018:11:24:27 -0300] "GET /cormun/servlet/trpermisosadjuntos?19592189,20181004112034,P, HTTP/1.1" 200 6814
190.171.141.114 - - [06/Nov/2018:11:24:27 -0300] "GET /cormun/servlet/trlicencias? HTTP/1.1" 200 12451
190.171.142.26 - - [06/Nov/2018:11:24:29 -0300] "GET /cormun/servlet/trpermisosgoce? HTTP/1.1" 200 18042
190.171.142.26 - - [06/Nov/2018:11:24:30 -0300] "GET /cormun/servlet/trpermisosgoce? HTTP/1.1" 200 18032
190.171.142.26 - - [06/Nov/2018:11:24:55 -0300] "GET /cormun/servlet/trpermisosadjuntos?9648706,20181004112138,P, HTTP/1.1" 200 6338
190.171.142.26 - - [06/Nov/2018:11:24:55 -0300] "GET /cormun/servlet/trpermisosadjuntos?9648706,20181004112138,P, HTTP/1.1" 200 6339
190.171.142.26 - - [06/Nov/2018:11:24:56 -0300] "GET /cormun/servlet/permisosadjuntos?INS,9648706,P,20181004112138,, HTTP/1.1" 200 5665
190.171.142.26 - - [06/Nov/2018:11:24:56 -0300] "GET /cormun/static/about:blank HTTP/1.1" 404 1011
190.171.142.26 - - [06/Nov/2018:11:24:57 -0300] "GET /cormun/servlet/permisosadjuntos?INS,9648706,P,20181004112138,, HTTP/1.1" 200 5656
190.171.142.26 - - [06/Nov/2018:11:25:05 -0300] "POST /cormun/servlet/permisosadjuntos?40580a011d54e64b1e2a4a57a76f8379,INS,9648706,P,20181004112138,, HTTP/1.1" 200 116
190.171.142.26 - - [06/Nov/2018:11:25:06 -0300] "GET /cormun/servlet/hpexe_return? HTTP/1.1" 200 1035
190.171.142.26 - - [06/Nov/2018:11:25:06 -0300] "GET /cormun/servlet/trpermisosadjuntos?9648706,20181004112138,P, HTTP/1.1" 200 6817
190.171.142.26 - - [06/Nov/2018:11:25:06 -0300] "GET /cormun/servlet/trpermisosadjuntos?9648706,20181004112138,P, HTTP/1.1" 200 6814
190.171.142.26 - - [06/Nov/2018:11:25:10 -0300] "GET /cormun/servlet/trpermisosgoce? HTTP/1.1" 200 18049
190.171.142.26 - - [06/Nov/2018:11:25:10 -0300] "GET /cormun/servlet/trpermisosgoce? HTTP/1.1" 200 18029
190.171.142.26 - - [06/Nov/2018:11:25:27 -0300] "GET /cormun/servlet/trpermisosadjuntos?9648706,20181004112138,P, HTTP/1.1" 200 6813
190.171.142.26 - - [06/Nov/2018:11:25:27 -0300] "GET /cormun/servlet/trpermisosadjuntos?9648706,20181004112138,P, HTTP/1.1" 200 6814
186.103.159.44 - - [06/Nov/2018:11:25:30 -0300] "GET /cormun/servlet/solicitudot?INS,0,0, HTTP/1.1" 200 15039
190.171.142.26 - - [06/Nov/2018:11:25:32 -0300] "GET /cormun/servlet/trpermisosgoce? HTTP/1.1" 200 18049
190.171.142.26 - - [06/Nov/2018:11:25:32 -0300] "GET /cormun/servlet/trpermisosgoce? HTTP/1.1" 200 18036
190.171.142.26 - - [06/Nov/2018:11:25:45 -0300] "POST /cormun/servlet/trpermisosgoce?40580a011d54e64b1e2a4a57a76f8379,,gx-no-cache=1541514254670 HTTP/1.1" 200 15279
190.171.142.26 - - [06/Nov/2018:11:25:45 -0300] "GET /cormun/static/Shared/jqueryui/images/ui-bg_highlight-soft_100_c6c2c8_1x100.png HTTP/1.1" 404 1117
190.171.142.26 - - [06/Nov/2018:11:25:45 -0300] "GET /cormun/static/Shared/jqueryui/images/ui-icons_82798d_256x240.png HTTP/1.1" 404 1089
190.171.142.26 - - [06/Nov/2018:11:25:45 -0300] "GET /cormun/static/Shared/jqueryui/images/ui-icons_8d78a5_256x240.png HTTP/1.1" 404 1089
190.171.142.26 - - [06/Nov/2018:11:25:45 -0300] "GET /cormun/static/Shared/jqueryui/images/ui-bg_flat_55_fafafa_40x100.png HTTP/1.1" 404 1097
190.171.142.26 - - [06/Nov/2018:11:25:48 -0300] "POST /cormun/servlet/trpermisosgoce?40580a011d54e64b1e2a4a57a76f8379,,gx-no-cache=1541514257675 HTTP/1.1" 200 15268
200.54.247.70 - - [06/Nov/2018:11:25:49 -0300] "GET /cormun/servlet/hlogin HTTP/1.1" 200 1719
200.54.247.70 - - [06/Nov/2018:11:25:50 -0300] "GET /cormun/servlet/hlogin HTTP/1.1" 200 1727
186.103.159.44 - - [06/Nov/2018:11:25:52 -0300] "POST /cormun/servlet/solicitudot?gx-no-cache=1541514263044 HTTP/1.1" 200 3406
186.103.159.44 - - [06/Nov/2018:11:25:53 -0300] "POST /cormun/servlet/solicitudot?03960a1316110887eda253fadd2d5f8a,INS,0,0,,gx-no-cache=1541514263364 HTTP/1.1" 200 11734
186.103.159.44 - - [06/Nov/2018:11:25:56 -0300] "GET /cormun/servlet/solicitudot?789bbe1f2de9bed594ce154b47e2bc18535a4bc388a0190a1b60f7ed11a47ac96d2627280c097eb272ac6c0a7d783ac8,gx-no-cache=1541514266570 HTTP/1.1" 200 30
200.54.247.70 - - [06/Nov/2018:11:26:32 -0300] "POST /cormun/servlet/hlogin?242c09ab7c09a34170a1690c4d7644fe,gx-no-cache=1541514300990 HTTP/1.1" 200 90
200.54.247.70 - - [06/Nov/2018:11:26:33 -0300] "GET /cormun/servlet/hpexe_link HTTP/1.1" 200 945
200.54.247.70 - - [06/Nov/2018:11:26:33 -0300] "GET /cormun/servlet/hhome HTTP/1.1" 200 4089
200.54.247.70 - - [06/Nov/2018:11:26:33 -0300] "GET /cormun/servlet/hhome HTTP/1.1" 200 4087
200.54.247.70 - - [06/Nov/2018:11:26:39 -0300] "GET /cormun/servlet/trautorizarsolicitud? HTTP/1.1" 200 9539
200.54.247.70 - - [06/Nov/2018:11:26:40 -0300] "GET /cormun/servlet/trautorizarsolicitud? HTTP/1.1" 200 9539
190.171.142.26 - - [06/Nov/2018:11:27:03 -0300] "GET /cormun/servlet/trpermisosadjuntos?6754365,20181017165430,P, HTTP/1.1" 200 6338
190.171.142.26 - - [06/Nov/2018:11:27:03 -0300] "GET /cormun/servlet/trpermisosadjuntos?6754365,20181017165430,P, HTTP/1.1" 200 6337
190.171.142.26 - - [06/Nov/2018:11:27:05 -0300] "GET /cormun/servlet/permisosadjuntos?INS,6754365,P,20181017165430,, HTTP/1.1" 200 5668
190.171.142.26 - - [06/Nov/2018:11:27:05 -0300] "GET /cormun/static/about:blank HTTP/1.1" 404 1011
190.171.142.26 - - [06/Nov/2018:11:27:05 -0300] "GET /cormun/servlet/permisosadjuntos?INS,6754365,P,20181017165430,, HTTP/1.1" 200 5655
190.171.142.26 - - [06/Nov/2018:11:27:12 -0300] "POST /cormun/servlet/permisosadjuntos?40580a011d54e64b1e2a4a57a76f8379,INS,6754365,P,20181017165430,, HTTP/1.1" 200 116
190.171.142.26 - - [06/Nov/2018:11:27:12 -0300] "GET /cormun/servlet/hpexe_return? HTTP/1.1" 200 1032
190.171.142.26 - - [06/Nov/2018:11:27:13 -0300] "GET /cormun/servlet/trpermisosadjuntos?6754365,20181017165430,P, HTTP/1.1" 200 6816
190.171.142.26 - - [06/Nov/2018:11:27:13 -0300] "GET /cormun/servlet/trpermisosadjuntos?6754365,20181017165430,P, HTTP/1.1" 200 6812
190.171.142.26 - - [06/Nov/2018:11:27:15 -0300] "GET /cormun/PublicTempStorage/zunilda_aros5430738.pdf HTTP/1.1" 200 169958
190.171.142.26 - - [06/Nov/2018:11:27:27 -0300] "GET /cormun/servlet/hlogin HTTP/1.1" 200 1725
186.103.159.44 - - [06/Nov/2018:11:27:33 -0300] "GET /cormun/servlet/prbanco?,MD,,gxPopupLevel%3D0%3B HTTP/1.1" 200 6614
190.171.142.26 - - [06/Nov/2018:11:27:34 -0300] "POST /cormun/servlet/hlogin?40580a011d54e64b1e2a4a57a76f8379,gx-no-cache=1541514364460 HTTP/1.1" 200 90
190.171.142.26 - - [06/Nov/2018:11:27:34 -0300] "GET /cormun/servlet/hpexe_link HTTP/1.1" 200 979
190.171.142.26 - - [06/Nov/2018:11:27:34 -0300] "GET /cormun/servlet/trpermisosadjuntos?6754365,20181017165430,P, HTTP/1.1" 200 6814
190.171.142.26 - - [06/Nov/2018:11:27:35 -0300] "GET /cormun/servlet/trpermisosadjuntos?6754365,20181017165430,P, HTTP/1.1" 200 6812
200.54.247.70 - - [06/Nov/2018:11:27:37 -0300] "POST /cormun/servlet/trautorizarsolicitud?242c09ab7c09a34170a1690c4d7644fe,,gx-no-cache=1541514364982 HTTP/1.1" 200 6338
200.54.247.70 - - [06/Nov/2018:11:27:37 -0300] "GET /cormun/static/Shared/jqueryui/images/ui-bg_highlight-soft_100_c6c2c8_1x100.png HTTP/1.1" 404 1117
200.54.247.70 - - [06/Nov/2018:11:27:37 -0300] "GET /cormun/static/Shared/jqueryui/images/ui-icons_82798d_256x240.png HTTP/1.1" 404 1089
200.54.247.70 - - [06/Nov/2018:11:27:37 -0300] "GET /cormun/static/Shared/jqueryui/images/ui-bg_flat_55_fafafa_40x100.png HTTP/1.1" 404 1097
200.54.247.70 - - [06/Nov/2018:11:27:37 -0300] "GET /cormun/static/Shared/jqueryui/images/ui-icons_8d78a5_256x240.png HTTP/1.1" 404 1089
200.54.247.70 - - [06/Nov/2018:11:27:37 -0300] "POST /cormun/servlet/trautorizarsolicitud?242c09ab7c09a34170a1690c4d7644fe,,gx-no-cache=1541514365344 HTTP/1.1" 200 6280
186.103.159.44 - - [06/Nov/2018:11:27:38 -0300] "GET /cormun/servlet/solicitudot?789bbe1f2de9bed594ce154b47e2bc187a90966ce3c8291102b7e68da6775d1898fa0e19d9a074583e6d87242e7874ee44cbef742f30d5a98cdcf4db38545d87,gx-no-cache=1541514368910 HTTP/1.1" 200 30
190.171.142.26 - - [06/Nov/2018:11:27:39 -0300] "GET /cormun/servlet/trpermisosgoce? HTTP/1.1" 200 18025
190.171.142.26 - - [06/Nov/2018:11:27:39 -0300] "GET /cormun/servlet/trpermisosgoce? HTTP/1.1" 200 18031
200.54.247.70 - - [06/Nov/2018:11:27:40 -0300] "POST /cormun/servlet/trautorizarsolicitud?242c09ab7c09a34170a1690c4d7644fe,,gx-no-cache=1541514368032 HTTP/1.1" 200 5881
200.54.247.70 - - [06/Nov/2018:11:27:40 -0300] "POST /cormun/servlet/trautorizarsolicitud?242c09ab7c09a34170a1690c4d7644fe,,gx-no-cache=1541514368296 HTTP/1.1" 200 5827
186.103.159.44 - - [06/Nov/2018:11:27:40 -0300] "GET /cormun/servlet/solicitudot?789bbe1f2de9bed594ce154b47e2bc18f118395483dc93a3ac21bebfd9b77371,gx-no-cache=1541514370794 HTTP/1.1" 200 53
200.54.247.70 - - [06/Nov/2018:11:27:41 -0300] "POST /cormun/servlet/trautorizarsolicitud?242c09ab7c09a34170a1690c4d7644fe,,gx-no-cache=1541514369939 HTTP/1.1" 200 4692
200.54.247.70 - - [06/Nov/2018:11:27:42 -0300] "POST /cormun/servlet/trautorizarsolicitud?242c09ab7c09a34170a1690c4d7644fe,,gx-no-cache=1541514370152 HTTP/1.1" 200 4446
190.171.142.26 - - [06/Nov/2018:11:27:47 -0300] "POST /cormun/servlet/trpermisosgoce?40580a011d54e64b1e2a4a57a76f8379,,gx-no-cache=1541514376690 HTTP/1.1" 200 15264
190.171.142.26 - - [06/Nov/2018:11:27:48 -0300] "GET /cormun/static/Shared/jqueryui/images/ui-bg_highlight-soft_100_c6c2c8_1x100.png HTTP/1.1" 404 1117
190.171.142.26 - - [06/Nov/2018:11:27:48 -0300] "GET /cormun/static/Shared/jqueryui/images/ui-icons_82798d_256x240.png HTTP/1.1" 404 1089
190.171.142.26 - - [06/Nov/2018:11:27:48 -0300] "GET /cormun/static/Shared/jqueryui/images/ui-bg_flat_55_fafafa_40x100.png HTTP/1.1" 404 1097
190.171.142.26 - - [06/Nov/2018:11:27:48 -0300] "GET /cormun/static/Shared/jqueryui/images/ui-icons_8d78a5_256x240.png HTTP/1.1" 404 1089
200.54.247.70 - - [06/Nov/2018:11:27:53 -0300] "GET /cormun/servlet/trcontratosolicitud? HTTP/1.1" 200 14303
200.54.247.70 - - [06/Nov/2018:11:27:53 -0300] "GET /cormun/static/gxcfg.js?20177612214014 HTTP/1.1" 304 -
200.54.247.70 - - [06/Nov/2018:11:27:54 -0300] "GET /cormun/servlet/trcontratosolicitud? HTTP/1.1" 200 14291
200.54.247.70 - - [06/Nov/2018:11:27:55 -0300] "POST /cormun/servlet/acontrolpreferencessavestate?None,MABARCA,true HTTP/1.1" 200 35
186.103.159.44 - - [06/Nov/2018:11:27:58 -0300] "POST /cormun/servlet/solicitudot?gx-no-cache=1541514388794 HTTP/1.1" 200 240
186.103.159.44 - - [06/Nov/2018:11:28:01 -0300] "GET /cormun/servlet/solicitudot?789bbe1f2de9bed594ce154b47e2bc182775a9fa1eb726f0c008d8341160a5fe25e7701727d59bf47e9e8e0ae9f08ace8ca18be6074da98c2b7b3f27257d399c12dfe63a4746b96e6e2cc085bfb45340590b231dff116dc421ca814ef2124840a2cac97806537d6150ada7c89d7ae13f7a325a42ee9c3efb7446a3bd63c8904106a3608356c29c096a9d17ed6e321d5c4615c06631f88f17eba724fd3b8c15d3559f19d839aa33a930fa4291e9638aa3de49f2080d18cf9cffe19d5263072a0cec817f4c5793225fcf3680bd818b0587a20e2bd6080fef0e3d4659fa3144019ce81a4143d7c514d5a9a43972184e9a07dda9db8a844b25cfc7c309a632ee4b22d7f43354ea94b9bb6eec38ec8396d53375267542d32bcbe84805a76128c7386679b04f5be0e2fcc5c7c7a2e46f3e6ef975389e66968ca5af7c99d34b4ee88e3593d6cec98c542451934ec9dca21e1b2309eca62ab2f27bc29a18544adc0c3339c518f686b4273da6d9d980f4c391e3cd4b6e17886845e740ab7370c769fb83c6,gx-no-cache=1541514391356 HTTP/1.1" 200 30
186.103.159.44 - - [06/Nov/2018:11:28:04 -0300] "POST /cormun/servlet/solicitudot?gx-no-cache=1541514394801 HTTP/1.1" 200 30
200.54.247.70 - - [06/Nov/2018:11:28:07 -0300] "POST /cormun/servlet/trcontratosolicitud?242c09ab7c09a34170a1690c4d7644fe,,gx-no-cache=1541514395119 HTTP/1.1" 200 11774
186.103.159.44 - - [06/Nov/2018:11:28:11 -0300] "GET /cormun/servlet/prcontratosol?18376368,,,,,MD,,gxPopupLevel%3D0%3B HTTP/1.1" 200 5676
186.103.159.44 - - [06/Nov/2018:11:28:12 -0300] "GET /cormun/static/gxcfg.js?201761413223964 HTTP/1.1" 200 953
186.103.159.44 - - [06/Nov/2018:11:28:12 -0300] "GET /cormun/static/prcontratosol.js?201761413224174 HTTP/1.1" 200 15806
200.54.247.70 - - [06/Nov/2018:11:28:15 -0300] "POST /cormun/servlet/trcontratosolicitud?242c09ab7c09a34170a1690c4d7644fe,,gx-no-cache=1541514402972 HTTP/1.1" 200 11948
190.171.142.26 - - [06/Nov/2018:11:28:15 -0300] "POST /cormun/servlet/trpermisosgoce?40580a011d54e64b1e2a4a57a76f8379,,gx-no-cache=1541514404909 HTTP/1.1" 200 15235
186.103.159.44 - - [06/Nov/2018:11:28:23 -0300] "POST /cormun/servlet/solicitudot?gx-no-cache=1541514413782 HTTP/1.1" 200 1358
186.103.159.44 - - [06/Nov/2018:11:28:23 -0300] "POST /cormun/servlet/solicitudot?gx-no-cache=1541514413929 HTTP/1.1" 200 117
186.103.159.44 - - [06/Nov/2018:11:28:24 -0300] "GET /cormun/servlet/solicitudot?789bbe1f2de9bed594ce154b47e2bc1851fca06d15ee1242ceeb1b485d52ab4c85675753667cb69e35d1eea0232bd5bc22bdabc4101f14073436bb5346586d46f876544322a62e956ebf994b8e910f7d98d607cfc9bfcde7d9b408e487c901da870fe390a0f2ad6bc6fac165a9ad8d4d,gx-no-cache=1541514413996 HTTP/1.1" 200 110
186.103.159.44 - - [06/Nov/2018:11:28:24 -0300] "POST /cormun/servlet/solicitudot?gx-no-cache=1541514414484 HTTP/1.1" 200 64
186.103.159.44 - - [06/Nov/2018:11:28:24 -0300] "GET /cormun/servlet/solicitudot?789bbe1f2de9bed594ce154b47e2bc18de6c1ee6da64652df6dfd5ee809fac16ef29ef2cec05719c73bd69e228bec0a5c2418b3a2af6b443b6ee0e1942b1621b0a3a5fd3ada708e74ad818df66e084c410938ce4a6a9e94c06c1a34b357569f8c96895eb22e1199d1472299d0cea59b8,gx-no-cache=1541514414563 HTTP/1.1" 200 29
186.103.159.44 - - [06/Nov/2018:11:28:24 -0300] "GET /cormun/servlet/solicitudot?789bbe1f2de9bed594ce154b47e2bc18ee11b4268c8d96d726124037e1756664,gx-no-cache=1541514414936 HTTP/1.1" 200 30
186.103.159.44 - - [06/Nov/2018:11:28:24 -0300] "GET /cormun/static/Shared/jqueryui/images/ui-bg_highlight-soft_100_c6c2c8_1x100.png HTTP/1.1" 404 1117
186.103.159.44 - - [06/Nov/2018:11:28:24 -0300] "GET /cormun/static/Shared/jqueryui/images/ui-icons_ebccce_256x240.png HTTP/1.1" 404 1089
186.103.159.44 - - [06/Nov/2018:11:28:24 -0300] "GET /cormun/static/Shared/jqueryui/images/ui-bg_flat_55_994d53_40x100.png HTTP/1.1" 404 1097
186.103.159.44 - - [06/Nov/2018:11:28:24 -0300] "GET /cormun/static/Shared/jqueryui/images/ui-icons_82798d_256x240.png HTTP/1.1" 404 1089
200.54.247.70 - - [06/Nov/2018:11:28:28 -0300] "POST /cormun/servlet/trcontratosolicitud?242c09ab7c09a34170a1690c4d7644fe,,gx-no-cache=1541514416140 HTTP/1.1" 200 12167
190.171.142.26 - - [06/Nov/2018:11:28:29 -0300] "POST /cormun/servlet/trpermisosgoce?40580a011d54e64b1e2a4a57a76f8379,,gx-no-cache=1541514418878 HTTP/1.1" 200 15224
200.54.247.70 - - [06/Nov/2018:11:28:33 -0300] "POST /cormun/servlet/trcontratosolicitud?242c09ab7c09a34170a1690c4d7644fe,,gx-no-cache=1541514421103 HTTP/1.1" 200 12243
186.103.159.44 - - [06/Nov/2018:11:28:36 -0300] "POST /cormun/servlet/solicitudot?03960a1316110887eda253fadd2d5f8a,INS,0,0,,gx-no-cache=1541514426818 HTTP/1.1" 200 93
186.103.159.44 - - [06/Nov/2018:11:28:36 -0300] "GET /cormun/servlet/hpexe_return? HTTP/1.1" 200 1010
186.103.159.44 - - [06/Nov/2018:11:28:36 -0300] "GET /cormun/servlet/trsolicitudot HTTP/1.1" 200 8913
200.54.247.70 - - [06/Nov/2018:11:28:38 -0300] "POST /cormun/servlet/trcontratosolicitud?242c09ab7c09a34170a1690c4d7644fe,,gx-no-cache=1541514425848 HTTP/1.1" 200 11953
200.54.247.70 - - [06/Nov/2018:11:28:41 -0300] "POST /cormun/servlet/trcontratosolicitud?242c09ab7c09a34170a1690c4d7644fe,,gx-no-cache=1541514429549 HTTP/1.1" 200 11782
200.54.247.70 - - [06/Nov/2018:11:28:43 -0300] "POST /cormun/servlet/trcontratosolicitud?242c09ab7c09a34170a1690c4d7644fe,,gx-no-cache=1541514431350 HTTP/1.1" 200 12144
190.171.142.26 - - [06/Nov/2018:11:28:46 -0300] "GET /cormun/servlet/permisogoce?DSP,6754365,P,20181017165430, HTTP/1.1" 200 6727
190.171.142.26 - - [06/Nov/2018:11:28:47 -0300] "GET /cormun/servlet/permisogoce?DSP,6754365,P,20181017165430, HTTP/1.1" 200 6727
186.103.159.44 - - [06/Nov/2018:11:28:50 -0300] "GET /cormun/servlet/solicitudot?INS,0,0, HTTP/1.1" 200 15039
190.171.142.26 - - [06/Nov/2018:11:28:51 -0300] "POST /cormun/servlet/permisogoce?40580a011d54e64b1e2a4a57a76f8379,DSP,6754365,P,20181017165430,,gx-no-cache=1541514441505 HTTP/1.1" 200 93
190.171.142.26 - - [06/Nov/2018:11:28:51 -0300] "GET /cormun/servlet/hpexe_return? HTTP/1.1" 200 1022
190.171.142.26 - - [06/Nov/2018:11:28:51 -0300] "GET /cormun/servlet/trpermisosgoce? HTTP/1.1" 200 18022
190.171.142.26 - - [06/Nov/2018:11:28:52 -0300] "GET /cormun/servlet/trpermisosgoce? HTTP/1.1" 200 17999
190.171.142.26 - - [06/Nov/2018:11:29:04 -0300] "GET /cormun/servlet/trpermisosadjuntos?6754365,20181017165430,P, HTTP/1.1" 200 6813
186.103.159.44 - - [06/Nov/2018:11:29:04 -0300] "POST /cormun/servlet/solicitudot?gx-no-cache=1541514454762 HTTP/1.1" 200 3406
190.171.142.26 - - [06/Nov/2018:11:29:04 -0300] "GET /cormun/servlet/trpermisosadjuntos?6754365,20181017165430,P, HTTP/1.1" 200 6812
186.103.159.44 - - [06/Nov/2018:11:29:04 -0300] "POST /cormun/servlet/solicitudot?03960a1316110887eda253fadd2d5f8a,INS,0,0,,gx-no-cache=1541514455064 HTTP/1.1" 200 11733
186.103.159.44 - - [06/Nov/2018:11:29:07 -0300] "GET /cormun/servlet/solicitudot?789bbe1f2de9bed594ce154b47e2bc18535a4bc388a0190a1b60f7ed11a47ac96d2627280c097eb272ac6c0a7d783ac8,gx-no-cache=1541514457711 HTTP/1.1" 200 30
200.54.247.70 - - [06/Nov/2018:11:29:10 -0300] "GET /cormun/servlet/trautorizarsolicitud? HTTP/1.1" 200 7206
200.54.247.70 - - [06/Nov/2018:11:29:11 -0300] "GET /cormun/servlet/trautorizarsolicitud? HTTP/1.1" 200 7206
190.171.142.26 - - [06/Nov/2018:11:29:17 -0300] "GET /cormun/servlet/trpermisosgoce? HTTP/1.1" 200 18038
190.171.142.26 - - [06/Nov/2018:11:29:18 -0300] "GET /cormun/servlet/trpermisosgoce? HTTP/1.1" 200 18018
200.54.247.70 - - [06/Nov/2018:11:29:23 -0300] "GET /cormun/servlet/trautorizarsolicitud? HTTP/1.1" 200 7206
200.54.247.70 - - [06/Nov/2018:11:29:24 -0300] "GET /cormun/servlet/trautorizarsolicitud? HTTP/1.1" 200 7206
190.171.142.26 - - [06/Nov/2018:11:29:31 -0300] "POST /cormun/servlet/trpermisosgoce?40580a011d54e64b1e2a4a57a76f8379,,gx-no-cache=1541514481412 HTTP/1.1" 200 15259
190.171.142.26 - - [06/Nov/2018:11:29:31 -0300] "GET /cormun/static/Shared/jqueryui/images/ui-bg_highlight-soft_100_c6c2c8_1x100.png HTTP/1.1" 404 1117
190.171.142.26 - - [06/Nov/2018:11:29:31 -0300] "GET /cormun/static/Shared/jqueryui/images/ui-icons_82798d_256x240.png HTTP/1.1" 404 1089
190.171.142.26 - - [06/Nov/2018:11:29:31 -0300] "GET /cormun/static/Shared/jqueryui/images/ui-icons_8d78a5_256x240.png HTTP/1.1" 404 1089
190.171.142.26 - - [06/Nov/2018:11:29:31 -0300] "GET /cormun/static/Shared/jqueryui/images/ui-bg_flat_55_fafafa_40x100.png HTTP/1.1" 404 1097
200.54.247.70 - - [06/Nov/2018:11:29:33 -0300] "POST /cormun/servlet/trautorizarsolicitud?242c09ab7c09a34170a1690c4d7644fe,,gx-no-cache=1541514480948 HTTP/1.1" 200 9105
190.171.142.26 - - [06/Nov/2018:11:29:37 -0300] "GET /cormun/servlet/trpermisosadjuntos?6754365,20181017165430,P, HTTP/1.1" 200 6814
190.171.142.26 - - [06/Nov/2018:11:29:38 -0300] "GET /cormun/servlet/trpermisosadjuntos?6754365,20181017165430,P, HTTP/1.1" 200 6812
190.171.142.26 - - [06/Nov/2018:11:29:39 -0300] "GET /cormun/servlet/permisosadjuntos?INS,6754365,P,20181017165430,, HTTP/1.1" 200 5668
190.171.142.26 - - [06/Nov/2018:11:29:39 -0300] "GET /cormun/static/about:blank HTTP/1.1" 404 1011
190.171.142.26 - - [06/Nov/2018:11:29:40 -0300] "GET /cormun/servlet/permisosadjuntos?INS,6754365,P,20181017165430,, HTTP/1.1" 200 5658
190.171.142.26 - - [06/Nov/2018:11:29:45 -0300] "POST /cormun/servlet/permisosadjuntos?40580a011d54e64b1e2a4a57a76f8379,INS,6754365,P,20181017165430,, HTTP/1.1" 200 116
190.171.142.26 - - [06/Nov/2018:11:29:46 -0300] "GET /cormun/servlet/hpexe_return? HTTP/1.1" 200 1032
190.171.142.26 - - [06/Nov/2018:11:29:46 -0300] "GET /cormun/servlet/trpermisosadjuntos?6754365,20181017165430,P, HTTP/1.1" 200 6911
190.171.142.26 - - [06/Nov/2018:11:29:46 -0300] "GET /cormun/servlet/trpermisosadjuntos?6754365,20181017165430,P, HTTP/1.1" 200 6905
190.171.142.26 - - [06/Nov/2018:11:29:51 -0300] "GET /cormun/servlet/permisosadjuntos?DLT,6754365,P,20181017165430,20181106112259, HTTP/1.1" 200 5698
190.171.142.26 - - [06/Nov/2018:11:29:52 -0300] "GET /cormun/static/Shared/jqueryui/images/ui-bg_highlight-soft_100_c6c2c8_1x100.png HTTP/1.1" 404 1117
190.171.142.26 - - [06/Nov/2018:11:29:52 -0300] "GET /cormun/static/Shared/jqueryui/images/ui-icons_82798d_256x240.png HTTP/1.1" 404 1089
190.171.142.26 - - [06/Nov/2018:11:29:52 -0300] "GET /cormun/PublicTempStorage/zunilda_aros4259043.pdf HTTP/1.1" 200 169958
190.171.142.26 - - [06/Nov/2018:11:29:52 -0300] "GET /cormun/static/Shared/jqueryui/images/ui-bg_flat_55_fafafa_40x100.png HTTP/1.1" 404 1097
190.171.142.26 - - [06/Nov/2018:11:29:52 -0300] "GET /cormun/static/Shared/jqueryui/images/ui-icons_8d78a5_256x240.png HTTP/1.1" 404 1089
190.171.142.26 - - [06/Nov/2018:11:29:52 -0300] "GET /cormun/servlet/permisosadjuntos?DLT,6754365,P,20181017165430,20181106112259, HTTP/1.1" 200 5687
190.171.142.26 - - [06/Nov/2018:11:29:55 -0300] "POST /cormun/servlet/permisosadjuntos?40580a011d54e64b1e2a4a57a76f8379,DLT,6754365,P,20181017165430,20181106112259,,gx-no-cache=1541514505232 HTTP/1.1" 200 93
190.171.142.26 - - [06/Nov/2018:11:29:55 -0300] "GET /cormun/servlet/hpexe_return? HTTP/1.1" 200 1040
190.171.142.26 - - [06/Nov/2018:11:29:55 -0300] "GET /cormun/servlet/trpermisosadjuntos?6754365,20181017165430,P, HTTP/1.1" 200 6816
190.171.142.26 - - [06/Nov/2018:11:29:56 -0300] "GET /cormun/servlet/trpermisosadjuntos?6754365,20181017165430,P, HTTP/1.1" 200 6811
186.103.159.44 - - [06/Nov/2018:11:29:57 -0300] "GET /cormun/servlet/prbanco?,MD,,gxPopupLevel%3D0%3B HTTP/1.1" 200 6614
190.171.142.26 - - [06/Nov/2018:11:29:59 -0300] "GET /cormun/servlet/trpermisosgoce? HTTP/1.1" 200 18006
190.171.142.26 - - [06/Nov/2018:11:30:00 -0300] "GET /cormun/servlet/trpermisosgoce? HTTP/1.1" 200 18018
186.103.159.44 - - [06/Nov/2018:11:30:00 -0300] "GET /cormun/servlet/solicitudot?789bbe1f2de9bed594ce154b47e2bc187a90966ce3c8291102b7e68da6775d1898fa0e19d9a074583e6d87242e7874ee44cbef742f30d5a98cdcf4db38545d87,gx-no-cache=1541514511018 HTTP/1.1" 200 30
186.103.159.44 - - [06/Nov/2018:11:30:03 -0300] "GET /cormun/servlet/solicitudot?789bbe1f2de9bed594ce154b47e2bc18f118395483dc93a3ac21bebfd9b77371,gx-no-cache=1541514513475 HTTP/1.1" 200 53
190.171.143.82 - - [06/Nov/2018:11:30:07 -0300] "GET /cormun/servlet/trpermisosgoce? HTTP/1.1" 200 11706
190.171.143.82 - - [06/Nov/2018:11:30:08 -0300] "GET /cormun/servlet/trpermisosgoce? HTTP/1.1" 200 11707
190.171.142.26 - - [06/Nov/2018:11:30:10 -0300] "POST /cormun/servlet/trpermisosgoce?40580a011d54e64b1e2a4a57a76f8379,,gx-no-cache=1541514520069 HTTP/1.1" 200 15259
190.171.142.26 - - [06/Nov/2018:11:30:10 -0300] "GET /cormun/static/Shared/jqueryui/images/ui-bg_highlight-soft_100_c6c2c8_1x100.png HTTP/1.1" 404 1117
190.171.142.26 - - [06/Nov/2018:11:30:10 -0300] "GET /cormun/static/Shared/jqueryui/images/ui-icons_82798d_256x240.png HTTP/1.1" 404 1089
190.171.142.26 - - [06/Nov/2018:11:30:10 -0300] "GET /cormun/static/Shared/jqueryui/images/ui-icons_8d78a5_256x240.png HTTP/1.1" 404 1089
190.171.142.26 - - [06/Nov/2018:11:30:10 -0300] "GET /cormun/static/Shared/jqueryui/images/ui-bg_flat_55_fafafa_40x100.png HTTP/1.1" 404 1097
190.171.142.26 - - [06/Nov/2018:11:30:16 -0300] "GET /cormun/servlet/permisogoce?DSP,6754365,P,20181017165430, HTTP/1.1" 200 6727
190.171.142.26 - - [06/Nov/2018:11:30:17 -0300] "GET /cormun/servlet/permisogoce?DSP,6754365,P,20181017165430, HTTP/1.1" 200 6727
190.171.142.26 - - [06/Nov/2018:11:30:18 -0300] "POST /cormun/servlet/permisogoce?40580a011d54e64b1e2a4a57a76f8379,DSP,6754365,P,20181017165430,,gx-no-cache=1541514528784 HTTP/1.1" 200 93
190.171.142.26 - - [06/Nov/2018:11:30:18 -0300] "GET /cormun/servlet/hpexe_return? HTTP/1.1" 200 1022
190.171.142.26 - - [06/Nov/2018:11:30:19 -0300] "GET /cormun/servlet/trpermisosgoce? HTTP/1.1" 200 18040
190.171.142.26 - - [06/Nov/2018:11:30:19 -0300] "GET /cormun/servlet/trpermisosgoce? HTTP/1.1" 200 18019
186.103.159.44 - - [06/Nov/2018:11:30:45 -0300] "POST /cormun/servlet/solicitudot?gx-no-cache=1541514556176 HTTP/1.1" 200 240
186.103.159.44 - - [06/Nov/2018:11:30:48 -0300] "GET /cormun/servlet/solicitudot?789bbe1f2de9bed594ce154b47e2bc182775a9fa1eb726f0c008d8341160a5fe25e7701727d59bf47e9e8e0ae9f08ace8ca18be6074da98c2b7b3f27257d399c12dfe63a4746b96e6e2cc085bfb45340590b231dff116dc421ca814ef2124840a2cac97806537d6150ada7c89d7ae13f7a325a42ee9c3efb7446a3bd63c8904106a3608356c29c096a9d17ed6e321d5c4615c06631f88f17eba724fd3b8c15d3559f19d839aa33a930fa4291e9638aa3de49f2080d18cf9cffe19d5263072a0cec817f4c5793225fcf3680bd818b0587a20e2bd6080fef0e3d4659fa3144019ce81a4143d7c514d5a9a43972184e9a07dda9db8a844b25cfc7c309a632ee4b22d7f43354ea94b9bb6eec38ec8396d53375267542d32bcbe84805a76128c7386679b04f5be0e2fcc5c7c7a2e46f3e6ef975389e66968ca5af7c99d34b4ee88e3593d6cec98c542451934ec9dca21e1b2309eca62ab2f27bc29a18544adc0c3339c518f686b4273da6d9d980f4c391e3cd4b6e17886845e740ab7370c769fb83c6,gx-no-cache=1541514558626 HTTP/1.1" 200 30
186.103.159.44 - - [06/Nov/2018:11:30:51 -0300] "POST /cormun/servlet/solicitudot?gx-no-cache=1541514561528 HTTP/1.1" 200 30
190.171.142.26 - - [06/Nov/2018:11:31:01 -0300] "GET /cormun/servlet/hlogin HTTP/1.1" 200 1729
190.171.142.26 - - [06/Nov/2018:11:31:11 -0300] "POST /cormun/servlet/hlogin?0d7dbcf336032a12b8989fe05cbca34c,gx-no-cache=1541514581561 HTTP/1.1" 200 90
190.171.142.26 - - [06/Nov/2018:11:31:11 -0300] "GET /cormun/servlet/hpexe_link HTTP/1.1" 200 953
190.171.142.26 - - [06/Nov/2018:11:31:11 -0300] "GET /cormun/servlet/hhome HTTP/1.1" 200 4226
190.171.142.26 - - [06/Nov/2018:11:31:12 -0300] "GET /cormun/servlet/hhome HTTP/1.1" 200 4222
190.171.142.26 - - [06/Nov/2018:11:31:15 -0300] "GET /cormun/servlet/trautorizarpermisogoce? HTTP/1.1" 200 10403
190.171.142.26 - - [06/Nov/2018:11:31:16 -0300] "GET /cormun/servlet/trautorizarpermisogoce? HTTP/1.1" 200 10401
190.171.142.26 - - [06/Nov/2018:11:31:34 -0300] "GET /cormun/static/menuarrow.gif HTTP/1.1" 404 1015
186.103.159.44 - - [06/Nov/2018:11:31:35 -0300] "POST /cormun/servlet/solicitudot?gx-no-cache=1541514605311 HTTP/1.1" 200 1281
186.103.159.44 - - [06/Nov/2018:11:31:37 -0300] "POST /cormun/servlet/solicitudot?gx-no-cache=1541514608147 HTTP/1.1" 200 117
186.103.159.44 - - [06/Nov/2018:11:31:37 -0300] "GET /cormun/static/Shared/jqueryui/images/ui-bg_flat_55_994d53_40x100.png HTTP/1.1" 404 1097
186.103.159.44 - - [06/Nov/2018:11:31:37 -0300] "GET /cormun/static/Shared/jqueryui/images/ui-icons_ebccce_256x240.png HTTP/1.1" 404 1089
186.103.159.44 - - [06/Nov/2018:11:31:37 -0300] "GET /cormun/static/Shared/jqueryui/images/ui-icons_82798d_256x240.png HTTP/1.1" 404 1089
186.103.159.44 - - [06/Nov/2018:11:31:37 -0300] "GET /cormun/static/Shared/jqueryui/images/ui-bg_highlight-soft_100_c6c2c8_1x100.png HTTP/1.1" 404 1117
186.103.159.44 - - [06/Nov/2018:11:31:41 -0300] "GET /cormun/static/menuarrow.gif HTTP/1.1" 404 1015
190.171.142.26 - - [06/Nov/2018:11:31:41 -0300] "POST /cormun/servlet/trautorizarpermisogoce?0d7dbcf336032a12b8989fe05cbca34c,,gx-no-cache=1541514611735 HTTP/1.1" 200 11442
186.103.159.44 - - [06/Nov/2018:11:31:53 -0300] "POST /cormun/servlet/solicitudot?gx-no-cache=1541514623891 HTTP/1.1" 200 118
186.103.159.44 - - [06/Nov/2018:11:32:28 -0300] "POST /cormun/servlet/solicitudot?gx-no-cache=1541514658436 HTTP/1.1" 200 118
186.103.159.44 - - [06/Nov/2018:11:32:28 -0300] "GET /cormun/servlet/solicitudot?789bbe1f2de9bed594ce154b47e2bc1851fca06d15ee1242ceeb1b485d52ab4c85675753667cb69e35d1eea0232bd5bc22bdabc4101f14073436bb5346586d46f876544322a62e956ebf994b8e910f7d98d607cfc9bfcde7d9b408e487c901da870fe390a0f2ad6bc6fac165a9ad8d4d,gx-no-cache=1541514658487 HTTP/1.1" 200 110
186.103.159.44 - - [06/Nov/2018:11:32:33 -0300] "POST /cormun/servlet/solicitudot?gx-no-cache=1541514663359 HTTP/1.1" 200 97
190.171.142.26 - - [06/Nov/2018:11:33:07 -0300] "GET /cormun/servlet/hlogin HTTP/1.1" 200 1718
186.103.159.44 - - [06/Nov/2018:11:33:19 -0300] "GET /cormun/servlet/prfichaempleado?,MD,,gxPopupLevel%3D0%3B HTTP/1.1" 200 9336
186.103.159.44 - - [06/Nov/2018:11:33:19 -0300] "GET /cormun/static/gxcfg.js?20177612134814 HTTP/1.1" 200 953
186.103.159.44 - - [06/Nov/2018:11:33:19 -0300] "GET /cormun/static/prfichaempleado.js?20177612134999 HTTP/1.1" 200 16006
190.171.142.26 - - [06/Nov/2018:11:33:51 -0300] "POST /cormun/servlet/hlogin?25c5ed656381ca31862fbc0fe0c2d891,gx-no-cache=1541514741637 HTTP/1.1" 200 90
190.171.142.26 - - [06/Nov/2018:11:33:51 -0300] "GET /cormun/servlet/hpexe_link HTTP/1.1" 200 946
190.171.142.26 - - [06/Nov/2018:11:33:51 -0300] "GET /cormun/servlet/hhome HTTP/1.1" 200 4018
190.171.142.26 - - [06/Nov/2018:11:33:52 -0300] "GET /cormun/servlet/hhome HTTP/1.1" 200 4015
190.171.142.26 - - [06/Nov/2018:11:33:55 -0300] "GET /cormun/servlet/trpermisosgoce? HTTP/1.1" 200 12236
190.171.142.26 - - [06/Nov/2018:11:33:56 -0300] "GET /cormun/servlet/trpermisosgoce? HTTP/1.1" 200 12232
190.171.142.26 - - [06/Nov/2018:11:34:07 -0300] "POST /cormun/servlet/trpermisosgoce?25c5ed656381ca31862fbc0fe0c2d891,,gx-no-cache=1541514757543 HTTP/1.1" 200 9329
186.103.159.44 - - [06/Nov/2018:11:34:12 -0300] "GET /cormun/servlet/prlicenciaspermisos?16532791,L,,MD,,gxPopupLevel%3D0%3B HTTP/1.1" 200 5525
186.103.159.44 - - [06/Nov/2018:11:34:20 -0300] "POST /cormun/servlet/solicitudot?gx-no-cache=1541514770339 HTTP/1.1" 200 41
186.103.159.44 - - [06/Nov/2018:11:34:20 -0300] "GET /cormun/servlet/solicitudot?789bbe1f2de9bed594ce154b47e2bc1851fca06d15ee1242ceeb1b485d52ab4c85675753667cb69e35d1eea0232bd5bc22bdabc4101f14073436bb5346586d46f876544322a62e956ebf994b8e910f7d98d607cfc9bfcde7d9b408e487c901da870fe390a0f2ad6bc6fac165a9ad8d4d,gx-no-cache=1541514770464 HTTP/1.1" 200 110
190.171.142.26 - - [06/Nov/2018:11:34:21 -0300] "GET /cormun/servlet/trlicenciaspermisoslog?6754365,P,20181017165430, HTTP/1.1" 200 6663
190.171.142.26 - - [06/Nov/2018:11:34:21 -0300] "GET /cormun/static/gxcfg.js?20176271755511 HTTP/1.1" 200 953
190.171.142.26 - - [06/Nov/2018:11:34:21 -0300] "GET /cormun/static/trlicenciaspermisoslog.js?201762717555393 HTTP/1.1" 200 20074
190.171.142.26 - - [06/Nov/2018:11:34:22 -0300] "GET /cormun/servlet/trlicenciaspermisoslog?6754365,P,20181017165430, HTTP/1.1" 200 6663
190.171.142.26 - - [06/Nov/2018:11:34:22 -0300] "POST /cormun/servlet/acontrolpreferencessavestate?None,CD-29,true HTTP/1.1" 200 35
190.171.142.26 - - [06/Nov/2018:11:35:02 -0300] "GET /cormun/servlet/trpermisosgoce? HTTP/1.1" 200 12230
190.171.142.26 - - [06/Nov/2018:11:35:02 -0300] "GET /cormun/servlet/trpermisosgoce? HTTP/1.1" 200 12229
190.171.142.26 - - [06/Nov/2018:11:35:16 -0300] "GET /cormun/servlet/trpermisosadjuntos?6754365,20181017165430,P, HTTP/1.1" 200 6815
190.171.142.26 - - [06/Nov/2018:11:35:16 -0300] "GET /cormun/servlet/trpermisosadjuntos?6754365,20181017165430,P, HTTP/1.1" 200 6815
190.171.142.26 - - [06/Nov/2018:11:35:20 -0300] "GET /cormun/servlet/permisosadjuntos?INS,6754365,P,20181017165430,, HTTP/1.1" 200 5671
190.171.142.26 - - [06/Nov/2018:11:35:20 -0300] "GET /cormun/static/about:blank HTTP/1.1" 404 1011
190.171.142.26 - - [06/Nov/2018:11:35:20 -0300] "GET /cormun/servlet/permisosadjuntos?INS,6754365,P,20181017165430,, HTTP/1.1" 200 5661
190.171.142.26 - - [06/Nov/2018:11:35:28 -0300] "POST /cormun/servlet/permisosadjuntos?25c5ed656381ca31862fbc0fe0c2d891,INS,6754365,P,20181017165430,, HTTP/1.1" 200 116
190.171.142.26 - - [06/Nov/2018:11:35:28 -0300] "GET /cormun/servlet/hpexe_return? HTTP/1.1" 200 1029
190.171.142.26 - - [06/Nov/2018:11:35:29 -0300] "GET /cormun/servlet/trpermisosadjuntos?6754365,20181017165430,P, HTTP/1.1" 200 6915
190.171.142.26 - - [06/Nov/2018:11:35:29 -0300] "GET /cormun/servlet/trpermisosadjuntos?6754365,20181017165430,P, HTTP/1.1" 200 6907
190.171.142.26 - - [06/Nov/2018:11:35:32 -0300] "GET /cormun/servlet/trpermisosgoce? HTTP/1.1" 200 12238
190.171.142.26 - - [06/Nov/2018:11:35:32 -0300] "GET /cormun/servlet/trpermisosgoce? HTTP/1.1" 200 12240
186.103.159.44 - - [06/Nov/2018:11:35:33 -0300] "GET /cormun/servlet/solicitudot?789bbe1f2de9bed594ce154b47e2bc18de6c1ee6da64652df6dfd5ee809fac16ef29ef2cec05719c73bd69e228bec0a5c2418b3a2af6b443b6ee0e1942b1621b0a3a5fd3ada708e74ad818df66e084c410938ce4a6a9e94c06c1a34b357569f8c96895eb22e1199d1472299d0cea59b8,gx-no-cache=1541514843430 HTTP/1.1" 200 29
186.103.159.44 - - [06/Nov/2018:11:35:36 -0300] "GET /cormun/servlet/solicitudot?789bbe1f2de9bed594ce154b47e2bc18d1a5907433fa26b6cc73b280ffb91c3d489243b62f9c9172e68900f53d681827,gx-no-cache=1541514846897 HTTP/1.1" 200 30
186.103.159.44 - - [06/Nov/2018:11:35:36 -0300] "POST /cormun/servlet/solicitudot?gx-no-cache=1541514847006 HTTP/1.1" 200 32
190.171.142.26 - - [06/Nov/2018:11:35:38 -0300] "POST /cormun/servlet/trpermisosgoce?25c5ed656381ca31862fbc0fe0c2d891,,gx-no-cache=1541514847419 HTTP/1.1" 200 9393
190.171.142.26 - - [06/Nov/2018:11:35:38 -0300] "GET /cormun/static/Shared/jqueryui/images/ui-bg_highlight-soft_100_c6c2c8_1x100.png HTTP/1.1" 404 1117
190.171.142.26 - - [06/Nov/2018:11:35:38 -0300] "GET /cormun/static/Shared/jqueryui/images/ui-icons_82798d_256x240.png HTTP/1.1" 404 1089
190.171.142.26 - - [06/Nov/2018:11:35:38 -0300] "GET /cormun/static/Shared/jqueryui/images/ui-bg_flat_55_fafafa_40x100.png HTTP/1.1" 404 1097
190.171.142.26 - - [06/Nov/2018:11:35:38 -0300] "GET /cormun/static/Shared/jqueryui/images/ui-icons_8d78a5_256x240.png HTTP/1.1" 404 1089
190.171.142.26 - - [06/Nov/2018:11:35:59 -0300] "POST /cormun/servlet/trpermisosgoce?25c5ed656381ca31862fbc0fe0c2d891,,gx-no-cache=1541514869696 HTTP/1.1" 200 9351
190.171.142.26 - - [06/Nov/2018:11:36:10 -0300] "POST /cormun/servlet/trpermisosgoce?25c5ed656381ca31862fbc0fe0c2d891,,gx-no-cache=1541514880113 HTTP/1.1" 200 9395
200.111.191.210 - - [06/Nov/2018:11:36:28 -0300] "GET /cormun/servlet/trlicencias? HTTP/1.1" 200 6141
200.111.191.210 - - [06/Nov/2018:11:36:28 -0300] "GET /cormun/static/gxcfg.js?20176272054169 HTTP/1.1" 304 -
200.111.191.210 - - [06/Nov/2018:11:36:28 -0300] "GET /cormun/servlet/hlogin HTTP/1.1" 200 1740
200.111.191.210 - - [06/Nov/2018:11:36:28 -0300] "GET /cormun/servlet/trlicencias? HTTP/1.1" 200 6136
200.111.191.210 - - [06/Nov/2018:11:36:32 -0300] "POST /cormun/servlet/hlogin?292268f400e8b7f90da8a8f3708b0585,gx-no-cache=1541514976767 HTTP/1.1" 200 90
200.111.191.210 - - [06/Nov/2018:11:36:32 -0300] "GET /cormun/servlet/hpexe_link HTTP/1.1" 200 959
200.111.191.210 - - [06/Nov/2018:11:36:33 -0300] "GET /cormun/servlet/trlicencias HTTP/1.1" 200 13928
200.111.191.210 - - [06/Nov/2018:11:36:34 -0300] "GET /cormun/servlet/trlicencias HTTP/1.1" 200 13942
200.111.191.210 - - [06/Nov/2018:11:36:36 -0300] "GET /cormun/servlet/trlicencias? HTTP/1.1" 200 13936
200.111.191.210 - - [06/Nov/2018:11:36:37 -0300] "GET /cormun/servlet/trlicencias? HTTP/1.1" 200 13934
200.111.191.210 - - [06/Nov/2018:11:36:39 -0300] "GET /cormun/servlet/licenciaspermisos?INS,0,,, HTTP/1.1" 200 7561
200.111.191.210 - - [06/Nov/2018:11:36:39 -0300] "GET /cormun/static/gxcfg.js?201762917281167 HTTP/1.1" 304 -
200.111.191.210 - - [06/Nov/2018:11:36:39 -0300] "GET /cormun/servlet/licenciaspermisos?INS,0,,, HTTP/1.1" 200 7569
200.111.191.210 - - [06/Nov/2018:11:36:41 -0300] "POST /cormun/servlet/licenciaspermisos?292268f400e8b7f90da8a8f3708b0585,INS,0,,,,gx-no-cache=1541514985675 HTTP/1.1" 200 93
200.111.191.210 - - [06/Nov/2018:11:36:42 -0300] "GET /cormun/servlet/hpexe_return? HTTP/1.1" 200 1015
200.111.191.210 - - [06/Nov/2018:11:36:42 -0300] "GET /cormun/servlet/trlicencias HTTP/1.1" 200 13936
200.111.191.210 - - [06/Nov/2018:11:36:43 -0300] "GET /cormun/servlet/trlicencias HTTP/1.1" 200 13933
200.111.191.210 - - [06/Nov/2018:11:36:45 -0300] "GET /cormun/servlet/licenciaspermisos?INS,0,,, HTTP/1.1" 200 7561
200.111.191.210 - - [06/Nov/2018:11:36:46 -0300] "GET /cormun/servlet/licenciaspermisos?INS,0,,, HTTP/1.1" 200 7569
186.103.159.44 - - [06/Nov/2018:11:36:53 -0300] "POST /cormun/servlet/solicitudot?gx-no-cache=1541514924190 HTTP/1.1" 200 72
200.111.191.210 - - [06/Nov/2018:11:36:54 -0300] "GET /cormun/servlet/licenciaspermisos?e2302a847c57c07fd4b155b8ab9d45d530748f9c69331ff36697e8d655a87fd5036f6cc40faacf53042dc5e14ec4617e,gx-no-cache=1541514998895 HTTP/1.1" 200 94
200.111.191.210 - - [06/Nov/2018:11:36:54 -0300] "POST /cormun/servlet/licenciaspermisos?292268f400e8b7f90da8a8f3708b0585,INS,0,,,,gx-no-cache=1541514998917 HTTP/1.1" 200 4757
186.103.159.44 - - [06/Nov/2018:11:37:01 -0300] "GET /cormun/servlet/solicitudot?789bbe1f2de9bed594ce154b47e2bc18d1a5907433fa26b6cc73b280ffb91c3d745a810e5d791ad914b61dd8658e157a,gx-no-cache=1541514932159 HTTP/1.1" 200 30
186.103.159.44 - - [06/Nov/2018:11:37:01 -0300] "POST /cormun/servlet/solicitudot?gx-no-cache=1541514932195 HTTP/1.1" 200 32
186.103.159.44 - - [06/Nov/2018:11:37:02 -0300] "POST /cormun/servlet/solicitudot?03960a1316110887eda253fadd2d5f8a,INS,0,0,,gx-no-cache=1541514932286 HTTP/1.1" 200 93
186.103.159.44 - - [06/Nov/2018:11:37:02 -0300] "GET /cormun/servlet/hpexe_return? HTTP/1.1" 200 1010
186.103.159.44 - - [06/Nov/2018:11:37:02 -0300] "GET /cormun/servlet/trsolicitudot HTTP/1.1" 200 9260
186.103.159.44 - - [06/Nov/2018:11:37:19 -0300] "POST /cormun/servlet/trsolicitudot?03960a1316110887eda253fadd2d5f8a,gx-no-cache=1541514949561 HTTP/1.1" 200 106
186.103.159.44 - - [06/Nov/2018:11:37:19 -0300] "GET /cormun/servlet/trsolicitudadjuntos?2018,12322, HTTP/1.1" 200 6362
186.103.159.44 - - [06/Nov/2018:11:37:19 -0300] "GET /cormun/static/gxcfg.js?20177612135366 HTTP/1.1" 200 953
186.103.159.44 - - [06/Nov/2018:11:37:19 -0300] "GET /cormun/static/trsolicitudadjuntos.js?20177612135632 HTTP/1.1" 200 17922
186.103.159.44 - - [06/Nov/2018:11:37:21 -0300] "GET /cormun/servlet/solicitudotadjuntos?INS,2018,12322,,1, HTTP/1.1" 200 6303
186.103.159.44 - - [06/Nov/2018:11:37:21 -0300] "GET /cormun/static/gxcfg.js?2017761244068 HTTP/1.1" 200 953
186.103.159.44 - - [06/Nov/2018:11:37:22 -0300] "GET /cormun/static/solicitudotadjuntos.js?2017761244086 HTTP/1.1" 200 11771
186.103.159.44 - - [06/Nov/2018:11:37:22 -0300] "HEAD /cormun/static/about:blank HTTP/1.1" 404 -
186.103.159.44 - - [06/Nov/2018:11:37:23 -0300] "GET /cormun/servlet/solicitudotadjuntos?789bbe1f2de9bed594ce154b47e2bc18abc3715182126b4457e9a49ea9fc9e49adb45059ecab8f2c58f2d19b94cc591f,gx-no-cache=1541514953484 HTTP/1.1" 200 30
186.103.159.44 - - [06/Nov/2018:11:37:23 -0300] "POST /cormun/servlet/solicitudotadjuntos?03960a1316110887eda253fadd2d5f8a,INS,2018,12322,,1,,gx-no-cache=1541514953525 HTTP/1.1" 200 4100
186.103.159.44 - - [06/Nov/2018:11:37:25 -0300] "POST /cormun/servlet/solicitudotadjuntos?gx-no-cache=1541514956183 HTTP/1.1" 200 26
186.103.159.44 - - [06/Nov/2018:11:37:38 -0300] "GET /cormun/servlet/solicitudotadjuntos?789bbe1f2de9bed594ce154b47e2bc18ceecc886e88fb53e7f1f92672adc8494,gx-no-cache=1541514968384 HTTP/1.1" 200 30
186.103.159.44 - - [06/Nov/2018:11:37:38 -0300] "GET /cormun/servlet/solicitudotadjuntos?789bbe1f2de9bed594ce154b47e2bc18ceecc886e88fb53e7f1f92672adc8494,gx-no-cache=1541514968404 HTTP/1.1" 200 30
186.103.159.44 - - [06/Nov/2018:11:37:39 -0300] "POST /cormun/servlet/solicitudotadjuntos?03960a1316110887eda253fadd2d5f8a,INS,2018,12322,,1, HTTP/1.1" 200 116
186.103.159.44 - - [06/Nov/2018:11:37:39 -0300] "GET /cormun/servlet/hpexe_return? HTTP/1.1" 200 1030
186.103.159.44 - - [06/Nov/2018:11:37:39 -0300] "GET /cormun/servlet/trsolicitudadjuntos?2018,12322, HTTP/1.1" 200 8982
186.103.159.44 - - [06/Nov/2018:11:37:44 -0300] "GET /cormun/servlet/solicitudotadjuntos?INS,2018,12322,,1, HTTP/1.1" 200 6303
186.103.159.44 - - [06/Nov/2018:11:37:45 -0300] "HEAD /cormun/static/about:blank HTTP/1.1" 404 -
186.103.159.44 - - [06/Nov/2018:11:37:46 -0300] "GET /cormun/servlet/solicitudotadjuntos?789bbe1f2de9bed594ce154b47e2bc18abc3715182126b4457e9a49ea9fc9e49adb45059ecab8f2c58f2d19b94cc591f,gx-no-cache=1541514976499 HTTP/1.1" 200 30
186.103.159.44 - - [06/Nov/2018:11:37:46 -0300] "POST /cormun/servlet/solicitudotadjuntos?03960a1316110887eda253fadd2d5f8a,INS,2018,12322,,1,,gx-no-cache=1541514976581 HTTP/1.1" 200 4100
186.103.159.44 - - [06/Nov/2018:11:37:49 -0300] "POST /cormun/servlet/solicitudotadjuntos?gx-no-cache=1541514979412 HTTP/1.1" 200 26
186.103.159.44 - - [06/Nov/2018:11:37:55 -0300] "GET /cormun/servlet/solicitudotadjuntos?789bbe1f2de9bed594ce154b47e2bc18ceecc886e88fb53e7f1f92672adc8494,gx-no-cache=1541514985806 HTTP/1.1" 200 30
186.103.159.44 - - [06/Nov/2018:11:37:55 -0300] "GET /cormun/servlet/solicitudotadjuntos?789bbe1f2de9bed594ce154b47e2bc18ceecc886e88fb53e7f1f92672adc8494,gx-no-cache=1541514985828 HTTP/1.1" 200 30
200.111.191.210 - - [06/Nov/2018:11:38:02 -0300] "GET /cormun/servlet/licenciaspermisos?e2302a847c57c07fd4b155b8ab9d45d5e0301932d5d397311e4a1fb924df28b6d5e0597be0fa7656a2d2ff09cb4bf179939eca9d9a12ca7193ee0870c5dfddbe567040bad9419a070aeaaa5e212eb0ac546059e516664fa8b7f7b8277315b2d53696471576d0b601d7c095fc13998c4a7707ebc809d95a7f13d7cd77f36d0a24bfab892c50a04c8ddbd007dbac8375b438c8a6df5686bbfbb94ed88249631278c39abc72d877f4fcbcd6d89fde189a594e0931a2e87731510f4919c25cf535686fe9057dac005f4572586b89e5cda523875ae41b206b9726d40462c5e5650daf,gx-no-cache=1541515066559 HTTP/1.1" 200 30
200.111.191.210 - - [06/Nov/2018:11:38:02 -0300] "GET /cormun/servlet/licenciaspermisos?e2302a847c57c07fd4b155b8ab9d45d594a1017375254a9425c048ff497ee0bf9cc393790cecc187d4ffa3c1c72305a17527275f82c2a4217dc87d6df0ab3e4d7e0d9c434f54752d96a0d9d74761dba805e66a68b995c058141ab8eef087b8bec23665802c38e29e6770084050b9fab35a7f04c70d2226e5d07ad06446ce63ce7da3dc3122e55590a424faf8d513033ed592e4cd19a4985fbe708dc25a1b46ac5e7eb1fd7d2f5cf825f8be272f39debe98343d39603ab96ae92223a80f53e6ab6f01b1188f800be197f26aceb91b75215c8104fc2ec97ccceebe227aa35ccd68,gx-no-cache=1541515066576 HTTP/1.1" 200 29
200.111.191.210 - - [06/Nov/2018:11:38:02 -0300] "POST /cormun/servlet/licenciaspermisos?292268f400e8b7f90da8a8f3708b0585,INS,0,,,,gx-no-cache=1541515066588 HTTP/1.1" 200 93
200.111.191.210 - - [06/Nov/2018:11:38:02 -0300] "GET /cormun/servlet/hpexe_return? HTTP/1.1" 200 1015
200.111.191.210 - - [06/Nov/2018:11:38:02 -0300] "GET /cormun/servlet/trlicencias HTTP/1.1" 200 14302
200.111.191.210 - - [06/Nov/2018:11:38:03 -0300] "GET /cormun/servlet/trlicencias HTTP/1.1" 200 14304
200.111.191.210 - - [06/Nov/2018:11:38:04 -0300] "GET /cormun/servlet/alicenciaprn?17613380,L,20181106000000,PU HTTP/1.1" 200 1559
186.103.159.44 - - [06/Nov/2018:11:38:10 -0300] "POST /cormun/servlet/solicitudotadjuntos?03960a1316110887eda253fadd2d5f8a,INS,2018,12322,,1, HTTP/1.1" 200 116
186.103.159.44 - - [06/Nov/2018:11:38:10 -0300] "GET /cormun/servlet/hpexe_return? HTTP/1.1" 200 1030
186.103.159.44 - - [06/Nov/2018:11:38:10 -0300] "GET /cormun/servlet/trsolicitudadjuntos?2018,12322, HTTP/1.1" 200 9209
186.103.159.44 - - [06/Nov/2018:11:38:15 -0300] "GET /cormun/servlet/solicitudotadjuntos?INS,2018,12322,,1, HTTP/1.1" 200 6305
186.103.159.44 - - [06/Nov/2018:11:38:15 -0300] "HEAD /cormun/static/about:blank HTTP/1.1" 404 -
186.103.159.44 - - [06/Nov/2018:11:38:16 -0300] "GET /cormun/servlet/solicitudotadjuntos?789bbe1f2de9bed594ce154b47e2bc18abc3715182126b4457e9a49ea9fc9e49adb45059ecab8f2c58f2d19b94cc591f,gx-no-cache=1541515007102 HTTP/1.1" 200 30
186.103.159.44 - - [06/Nov/2018:11:38:16 -0300] "POST /cormun/servlet/solicitudotadjuntos?03960a1316110887eda253fadd2d5f8a,INS,2018,12322,,1,,gx-no-cache=1541515007153 HTTP/1.1" 200 4101
186.103.159.44 - - [06/Nov/2018:11:38:19 -0300] "POST /cormun/servlet/solicitudotadjuntos?gx-no-cache=1541515009869 HTTP/1.1" 200 26
186.103.159.44 - - [06/Nov/2018:11:38:27 -0300] "GET /cormun/servlet/solicitudotadjuntos?789bbe1f2de9bed594ce154b47e2bc18ceecc886e88fb53e7f1f92672adc8494,gx-no-cache=1541515017487 HTTP/1.1" 200 30
186.103.159.44 - - [06/Nov/2018:11:38:27 -0300] "GET /cormun/servlet/solicitudotadjuntos?789bbe1f2de9bed594ce154b47e2bc18ceecc886e88fb53e7f1f92672adc8494,gx-no-cache=1541515017507 HTTP/1.1" 200 30
186.103.159.44 - - [06/Nov/2018:11:38:33 -0300] "POST /cormun/servlet/solicitudotadjuntos?03960a1316110887eda253fadd2d5f8a,INS,2018,12322,,1, HTTP/1.1" 200 116
186.103.159.44 - - [06/Nov/2018:11:38:33 -0300] "GET /cormun/servlet/hpexe_return? HTTP/1.1" 200 1030
186.103.159.44 - - [06/Nov/2018:11:38:34 -0300] "GET /cormun/servlet/trsolicitudadjuntos?2018,12322, HTTP/1.1" 200 9370
