200.111.191.210 - - [30/Oct/2018:09:32:13 -0300] "POST /cormun/servlet/permisosadjuntos?f5f727359de626ab4b71d5fb814c4d8c,INS,12692226,P,20181029113831,, HTTP/1.1" 200 116
200.111.191.210 - - [30/Oct/2018:09:32:13 -0300] "GET /cormun/servlet/hpexe_return? HTTP/1.1" 200 1037
200.111.191.210 - - [30/Oct/2018:09:32:13 -0300] "GET /cormun/servlet/trpermisosadjuntos?12692226,20181029113831,P, HTTP/1.1" 200 6810
200.111.191.210 - - [30/Oct/2018:09:32:13 -0300] "GET /cormun/servlet/trpermisosadjuntos?12692226,20181029113831,P, HTTP/1.1" 200 6807
200.111.191.210 - - [30/Oct/2018:09:32:15 -0300] "GET /cormun/servlet/trpermisosgoce? HTTP/1.1" 200 17339
200.111.191.210 - - [30/Oct/2018:09:32:16 -0300] "GET /cormun/servlet/trpermisosgoce? HTTP/1.1" 200 17337
200.111.191.210 - - [30/Oct/2018:09:32:19 -0300] "POST /cormun/servlet/trpermisosgoce?f5f727359de626ab4b71d5fb814c4d8c,,gx-no-cache=1540902712245 HTTP/1.1" 200 14380
200.111.191.210 - - [30/Oct/2018:09:32:19 -0300] "GET /cormun/static/Shared/jqueryui/images/ui-bg_highlight-soft_100_c6c2c8_1x100.png HTTP/1.1" 404 1117
200.111.191.210 - - [30/Oct/2018:09:32:19 -0300] "GET /cormun/static/Shared/jqueryui/images/ui-icons_82798d_256x240.png HTTP/1.1" 404 1089
200.111.191.210 - - [30/Oct/2018:09:32:20 -0300] "GET /cormun/static/Shared/jqueryui/images/ui-bg_flat_55_fafafa_40x100.png HTTP/1.1" 404 1097
200.111.191.210 - - [30/Oct/2018:09:32:20 -0300] "GET /cormun/static/Shared/jqueryui/images/ui-icons_8d78a5_256x240.png HTTP/1.1" 404 1089
200.111.191.210 - - [30/Oct/2018:09:32:21 -0300] "GET /cormun/servlet/trpermisosadjuntos?13502207,20181025081020,P, HTTP/1.1" 200 6337
200.111.191.210 - - [30/Oct/2018:09:32:21 -0300] "GET /cormun/servlet/trpermisosadjuntos?13502207,20181025081020,P, HTTP/1.1" 200 6337
200.111.191.210 - - [30/Oct/2018:09:32:23 -0300] "GET /cormun/servlet/permisosadjuntos?INS,13502207,P,20181025081020,, HTTP/1.1" 200 5667
200.111.191.210 - - [30/Oct/2018:09:32:23 -0300] "GET /cormun/static/about:blank HTTP/1.1" 404 1011
200.111.191.210 - - [30/Oct/2018:09:32:23 -0300] "GET /cormun/servlet/permisosadjuntos?INS,13502207,P,20181025081020,, HTTP/1.1" 200 5657
200.111.191.210 - - [30/Oct/2018:09:32:28 -0300] "POST /cormun/servlet/permisosadjuntos?f5f727359de626ab4b71d5fb814c4d8c,INS,13502207,P,20181025081020,, HTTP/1.1" 200 116
200.111.191.210 - - [30/Oct/2018:09:32:28 -0300] "GET /cormun/servlet/hpexe_return? HTTP/1.1" 200 1035
200.111.191.210 - - [30/Oct/2018:09:32:29 -0300] "GET /cormun/servlet/trpermisosadjuntos?13502207,20181025081020,P, HTTP/1.1" 200 6802
200.111.191.210 - - [30/Oct/2018:09:32:29 -0300] "GET /cormun/servlet/trpermisosadjuntos?13502207,20181025081020,P, HTTP/1.1" 200 6799
200.111.191.210 - - [30/Oct/2018:09:32:31 -0300] "GET /cormun/servlet/trpermisosgoce? HTTP/1.1" 200 17311
200.111.191.210 - - [30/Oct/2018:09:32:32 -0300] "GET /cormun/servlet/trpermisosgoce? HTTP/1.1" 200 17293
200.111.191.210 - - [30/Oct/2018:09:32:34 -0300] "POST /cormun/servlet/trpermisosgoce?f5f727359de626ab4b71d5fb814c4d8c,,gx-no-cache=1540902727997 HTTP/1.1" 200 14361
200.111.191.210 - - [30/Oct/2018:09:32:34 -0300] "GET /cormun/static/Shared/jqueryui/images/ui-bg_highlight-soft_100_c6c2c8_1x100.png HTTP/1.1" 404 1117
200.111.191.210 - - [30/Oct/2018:09:32:34 -0300] "GET /cormun/static/Shared/jqueryui/images/ui-icons_82798d_256x240.png HTTP/1.1" 404 1089
200.111.191.210 - - [30/Oct/2018:09:32:34 -0300] "GET /cormun/static/Shared/jqueryui/images/ui-bg_flat_55_fafafa_40x100.png HTTP/1.1" 404 1097
200.111.191.210 - - [30/Oct/2018:09:32:34 -0300] "GET /cormun/static/Shared/jqueryui/images/ui-icons_8d78a5_256x240.png HTTP/1.1" 404 1089
200.111.191.210 - - [30/Oct/2018:09:32:35 -0300] "GET /cormun/servlet/trpermisosadjuntos?5798937,20181025080715,P, HTTP/1.1" 200 6341
200.111.191.210 - - [30/Oct/2018:09:32:35 -0300] "GET /cormun/servlet/trpermisosadjuntos?5798937,20181025080715,P, HTTP/1.1" 200 6341
200.111.191.210 - - [30/Oct/2018:09:32:37 -0300] "GET /cormun/servlet/permisosadjuntos?INS,5798937,P,20181025080715,, HTTP/1.1" 200 5672
200.111.191.210 - - [30/Oct/2018:09:32:37 -0300] "GET /cormun/static/about:blank HTTP/1.1" 404 1011
200.111.191.210 - - [30/Oct/2018:09:32:37 -0300] "GET /cormun/servlet/permisosadjuntos?INS,5798937,P,20181025080715,, HTTP/1.1" 200 5662
186.103.158.250 - - [30/Oct/2018:09:32:42 -0300] "POST /cormun/servlet/solicitudot?gx-no-cache=1540902640541 HTTP/1.1" 200 1280
200.111.191.210 - - [30/Oct/2018:09:32:44 -0300] "POST /cormun/servlet/permisosadjuntos?f5f727359de626ab4b71d5fb814c4d8c,INS,5798937,P,20181025080715,, HTTP/1.1" 200 116
200.111.191.210 - - [30/Oct/2018:09:32:44 -0300] "GET /cormun/servlet/hpexe_return? HTTP/1.1" 200 1036
200.111.191.210 - - [30/Oct/2018:09:32:44 -0300] "GET /cormun/servlet/trpermisosadjuntos?5798937,20181025080715,P, HTTP/1.1" 200 6807
200.111.191.210 - - [30/Oct/2018:09:32:45 -0300] "GET /cormun/servlet/trpermisosadjuntos?5798937,20181025080715,P, HTTP/1.1" 200 6803
186.103.158.250 - - [30/Oct/2018:09:32:45 -0300] "GET /cormun/static/menuarrow.gif HTTP/1.1" 404 1015
200.111.191.210 - - [30/Oct/2018:09:32:46 -0300] "GET /cormun/servlet/trpermisosgoce? HTTP/1.1" 200 17305
200.111.191.210 - - [30/Oct/2018:09:32:47 -0300] "GET /cormun/servlet/trpermisosgoce? HTTP/1.1" 200 17287
200.111.191.210 - - [30/Oct/2018:09:32:49 -0300] "POST /cormun/servlet/trpermisosgoce?f5f727359de626ab4b71d5fb814c4d8c,,gx-no-cache=1540902742658 HTTP/1.1" 200 14329
200.111.191.210 - - [30/Oct/2018:09:32:50 -0300] "GET /cormun/static/Shared/jqueryui/images/ui-bg_highlight-soft_100_c6c2c8_1x100.png HTTP/1.1" 404 1117
200.111.191.210 - - [30/Oct/2018:09:32:50 -0300] "GET /cormun/static/Shared/jqueryui/images/ui-icons_8d78a5_256x240.png HTTP/1.1" 404 1089
200.111.191.210 - - [30/Oct/2018:09:32:50 -0300] "GET /cormun/static/Shared/jqueryui/images/ui-bg_flat_55_fafafa_40x100.png HTTP/1.1" 404 1097
200.111.191.210 - - [30/Oct/2018:09:32:50 -0300] "GET /cormun/static/Shared/jqueryui/images/ui-icons_82798d_256x240.png HTTP/1.1" 404 1089
200.111.191.210 - - [30/Oct/2018:09:32:51 -0300] "GET /cormun/servlet/trlicencias? HTTP/1.1" 200 14465
200.111.191.210 - - [30/Oct/2018:09:32:52 -0300] "GET /cormun/servlet/trlicencias? HTTP/1.1" 200 14423
200.111.191.210 - - [30/Oct/2018:09:32:53 -0300] "GET /cormun/servlet/trlicenciaspermisosadjuntos?17524756,20181029000000,L, HTTP/1.1" 200 6378
200.111.191.210 - - [30/Oct/2018:09:32:54 -0300] "GET /cormun/servlet/trlicenciaspermisosadjuntos?17524756,20181029000000,L, HTTP/1.1" 200 6378
200.111.191.210 - - [30/Oct/2018:09:32:55 -0300] "GET /cormun/servlet/licenciaspermisosadjuntos?INS,17524756,L,20181029000000,, HTTP/1.1" 200 5674
200.111.191.210 - - [30/Oct/2018:09:32:55 -0300] "GET /cormun/static/about:blank HTTP/1.1" 404 1011
200.111.191.210 - - [30/Oct/2018:09:32:55 -0300] "GET /cormun/servlet/licenciaspermisosadjuntos?INS,17524756,L,20181029000000,, HTTP/1.1" 200 5663
200.111.191.210 - - [30/Oct/2018:09:33:03 -0300] "POST /cormun/servlet/licenciaspermisosadjuntos?f5f727359de626ab4b71d5fb814c4d8c,INS,17524756,L,20181029000000,, HTTP/1.1" 200 116
200.111.191.210 - - [30/Oct/2018:09:33:03 -0300] "GET /cormun/servlet/hpexe_return? HTTP/1.1" 200 1041
200.111.191.210 - - [30/Oct/2018:09:33:03 -0300] "GET /cormun/servlet/trlicenciaspermisosadjuntos?17524756,20181029000000,L, HTTP/1.1" 200 6841
200.111.191.210 - - [30/Oct/2018:09:33:03 -0300] "GET /cormun/servlet/trlicenciaspermisosadjuntos?17524756,20181029000000,L, HTTP/1.1" 200 6838
200.111.191.210 - - [30/Oct/2018:09:33:05 -0300] "GET /cormun/servlet/trlicencias? HTTP/1.1" 200 14431
200.111.191.210 - - [30/Oct/2018:09:33:06 -0300] "GET /cormun/servlet/trlicencias? HTTP/1.1" 200 14475
200.111.191.210 - - [30/Oct/2018:09:33:08 -0300] "POST /cormun/servlet/trlicencias?f5f727359de626ab4b71d5fb814c4d8c,,gx-no-cache=1540902761933 HTTP/1.1" 200 12042
200.111.191.210 - - [30/Oct/2018:09:33:08 -0300] "GET /cormun/static/Shared/jqueryui/images/ui-bg_highlight-soft_100_c6c2c8_1x100.png HTTP/1.1" 404 1117
200.111.191.210 - - [30/Oct/2018:09:33:08 -0300] "GET /cormun/static/Shared/jqueryui/images/ui-bg_flat_55_fafafa_40x100.png HTTP/1.1" 404 1097
200.111.191.210 - - [30/Oct/2018:09:33:08 -0300] "GET /cormun/static/Shared/jqueryui/images/ui-icons_8d78a5_256x240.png HTTP/1.1" 404 1089
200.111.191.210 - - [30/Oct/2018:09:33:08 -0300] "GET /cormun/static/Shared/jqueryui/images/ui-icons_82798d_256x240.png HTTP/1.1" 404 1089
190.46.192.47 - - [30/Oct/2018:09:33:10 -0300] "GET /cormun/servlet/trlicencias? HTTP/1.1" 200 12614
190.46.192.47 - - [30/Oct/2018:09:33:12 -0300] "GET /cormun/servlet/trlicencias? HTTP/1.1" 200 12614
190.171.149.74 - - [30/Oct/2018:09:40:05 -0300] "POST /cormun/servlet/trlicencias?47e59278a0fa95a3066f65486380ce6d,gx-no-cache=1540903115996 HTTP/1.1" 440 972
190.171.149.74 - - [30/Oct/2018:09:40:06 -0300] "GET /cormun/servlet/trlicencias HTTP/1.1" 200 6134
190.171.149.74 - - [30/Oct/2018:09:40:09 -0300] "GET /cormun/servlet/trlicencias HTTP/1.1" 200 6134
190.171.149.74 - - [30/Oct/2018:09:40:09 -0300] "GET /cormun/servlet/hlogin HTTP/1.1" 200 1738
190.171.149.74 - - [30/Oct/2018:09:40:17 -0300] "POST /cormun/servlet/hlogin?a51d622c30f8a8c66b6beb24d92e975b,gx-no-cache=1540903128311 HTTP/1.1" 200 90
190.171.149.74 - - [30/Oct/2018:09:40:17 -0300] "GET /cormun/servlet/hpexe_link HTTP/1.1" 200 956
190.171.149.74 - - [30/Oct/2018:09:40:17 -0300] "GET /cormun/servlet/trlicencias HTTP/1.1" 200 10341
190.171.149.74 - - [30/Oct/2018:09:40:19 -0300] "GET /cormun/servlet/trlicencias HTTP/1.1" 200 10339
186.103.158.250 - - [30/Oct/2018:09:41:33 -0300] "GET /cormun/servlet/solicitudot?INS,0,0, HTTP/1.1" 200 14818
186.103.158.250 - - [30/Oct/2018:09:41:38 -0300] "GET /cormun/servlet/solicitudot?INS,0,0, HTTP/1.1" 200 14818
186.103.158.250 - - [30/Oct/2018:09:41:41 -0300] "GET /cormun/servlet/trlicencias? HTTP/1.1" 200 10791
186.103.158.250 - - [30/Oct/2018:09:41:41 -0300] "GET /cormun/static/gxui/gxui-all.css?110300 HTTP/1.1" 200 2179
186.103.158.250 - - [30/Oct/2018:09:41:41 -0300] "GET /cormun/static/gxcfg.js?20176272054169 HTTP/1.1" 200 953
186.103.158.250 - - [30/Oct/2018:09:41:42 -0300] "GET /cormun/static/trlicencias.js?20176272054837 HTTP/1.1" 200 41883
186.103.158.250 - - [30/Oct/2018:09:41:42 -0300] "GET /cormun/static/Resources/Spanish/PXTools.css?17315867 HTTP/1.1" 200 89042
186.103.158.250 - - [30/Oct/2018:09:41:42 -0300] "GET /cormun/static/Shared/ext/resources/css/ext-all.css?205870 HTTP/1.1" 200 416045
186.103.158.250 - - [30/Oct/2018:09:41:44 -0300] "GET /cormun/servlet/trlicencias? HTTP/1.1" 200 10784
186.103.158.250 - - [30/Oct/2018:09:41:44 -0300] "GET /cormun//static/Resources/PXToolsActionDisabled.gif HTTP/1.1" 200 53
186.103.158.250 - - [30/Oct/2018:09:41:44 -0300] "GET /cormun//static/Resources/PXToolsGridDisplay.png HTTP/1.1" 200 362
186.103.158.250 - - [30/Oct/2018:09:41:44 -0300] "GET /cormun//static/Resources/PXTools/ActionInsert.png HTTP/1.1" 200 1482
186.103.158.250 - - [30/Oct/2018:09:41:44 -0300] "GET /cormun//static/Resources/PXToolsHeaderFavorites.png HTTP/1.1" 200 2744
186.103.158.250 - - [30/Oct/2018:09:41:44 -0300] "GET /cormun//static/Resources/PXToolsActionPrint.png HTTP/1.1" 200 3317
186.103.158.250 - - [30/Oct/2018:09:41:44 -0300] "GET /cormun//static/Resources/PXToolsHeaderHelp.png HTTP/1.1" 200 4055
186.103.159.204 - - [30/Oct/2018:09:41:55 -0300] "GET /cormun/servlet/prfichaempleado?,MD,,gxPopupLevel%3D0%3B HTTP/1.1" 200 9264
186.103.159.204 - - [30/Oct/2018:09:42:09 -0300] "POST /cormun/servlet/prfichaempleado?955504d797844f3019340bc5f4d706bb,,MD,,gxPopupLevel%3D0%3B,gx-no-cache=1540903238491 HTTP/1.1" 200 3193
186.103.158.250 - - [30/Oct/2018:09:42:11 -0300] "POST /cormun/servlet/solicitudot?gx-no-cache=1540903209545 HTTP/1.1" 200 118
186.103.159.204 - - [30/Oct/2018:09:42:18 -0300] "GET /cormun/servlet/permisogoce?5c15e19d6671d6c12feeb4864be39f619cbfb9151bbbbb88c9aa5ee0dd6a551d1643d48a8cfc6fcb45c2b09971c6002ec1e1c27462e24b59f3a55dc01c85365e,gx-no-cache=1540903247660 HTTP/1.1" 200 81
186.103.159.204 - - [30/Oct/2018:09:42:18 -0300] "GET /cormun/static/menuarrow.gif HTTP/1.1" 404 1015
186.103.159.204 - - [30/Oct/2018:09:42:25 -0300] "GET /cormun/servlet/permisogoce?5c15e19d6671d6c12feeb4864be39f61c5104dabb6f5e7f48481684109b64fc1ab771084bde2ef9b29b88de62ede4eb82a73f1e434943f2df086c44ce1d0a3f5,gx-no-cache=1540903254705 HTTP/1.1" 200 48
186.103.159.204 - - [30/Oct/2018:09:42:30 -0300] "POST /cormun/servlet/permisogoce?955504d797844f3019340bc5f4d706bb,INS,0,,,,gx-no-cache=1540903259178 HTTP/1.1" 200 93
186.103.159.204 - - [30/Oct/2018:09:42:30 -0300] "GET /cormun/servlet/hpexe_return? HTTP/1.1" 200 1012
186.103.159.204 - - [30/Oct/2018:09:42:30 -0300] "GET /cormun/static/gxcfg.js?2016101716175148 HTTP/1.1" 304 -
186.103.159.204 - - [30/Oct/2018:09:42:30 -0300] "GET /cormun/servlet/trpermisosgoce HTTP/1.1" 200 9665
186.103.159.204 - - [30/Oct/2018:09:42:30 -0300] "GET /cormun/servlet/trpermisosgoce HTTP/1.1" 200 9661
186.103.159.204 - - [30/Oct/2018:09:42:34 -0300] "GET /cormun/servlet/apermisogoceprn?19849699,P,20181030090834,PU HTTP/1.1" 200 1652
186.103.158.250 - - [30/Oct/2018:09:42:48 -0300] "GET /cormun/servlet/solicitudot?b0b87b668054c47565d1b0cb760d38a3a5574d37d5c9b39e40ecdf3d467c226e5c7a6e46c129ed01023f6b510e3dc5d0b6eb245e68640816ab39ff715501180e6c9836a3bb9af406b413aad20075f507d8ca8985646bcc86009906e527a11413bcbf6154f5c2bec03e79c25770d36898,gx-no-cache=1540903246988 HTTP/1.1" 200 110
186.103.158.250 - - [30/Oct/2018:09:42:48 -0300] "POST /cormun/servlet/solicitudot?gx-no-cache=1540903247159 HTTP/1.1" 200 64
186.103.158.250 - - [30/Oct/2018:09:43:05 -0300] "GET /cormun/servlet/solicitudot?b0b87b668054c47565d1b0cb760d38a3e7007cb9bb90b9cc2cb31dab8b2ccf3cf5576fdf5726015bf0efccb3131d96efb277a2103f19adfe6850fc2eee95671c998928686788698db047938f536d9e65174cd832d83fcea720e4e79bef5a775ee616cee2f2b250f360a83d25f32d31eb,gx-no-cache=1540903263640 HTTP/1.1" 200 29
40.77.188.63 - - [30/Oct/2018:09:43:26 -0300] "GET /cormun/static/Resources/PXToolsDataTitle.png HTTP/1.1" 200 1173
40.77.188.255 - - [30/Oct/2018:09:43:27 -0300] "GET /cormun/static/Resources/PXToolsButtonLeft21.png HTTP/1.1" 200 1287
40.77.189.243 - - [30/Oct/2018:09:43:28 -0300] "GET /cormun/static/Resources/PXToolsButtonRight21.png HTTP/1.1" 200 1283
40.77.188.63 - - [30/Oct/2018:09:43:28 -0300] "GET /cormun/static/Resources/PXToolsButtonBackground2.png HTTP/1.1" 200 1181
40.77.188.255 - - [30/Oct/2018:09:43:28 -0300] "GET /cormun/static/Resources/indicator.gif HTTP/1.1" 200 1553
40.77.189.243 - - [30/Oct/2018:09:43:29 -0300] "GET /cormun/static/Resources/asc.gif HTTP/1.1" 200 67
40.77.188.52 - - [30/Oct/2018:09:43:29 -0300] "GET /cormun/static/Resources/desc.gif HTTP/1.1" 200 65
40.77.188.255 - - [30/Oct/2018:09:43:30 -0300] "GET /cormun/servlet/hlogin HTTP/1.1" 200 5843
40.77.188.52 - - [30/Oct/2018:09:43:30 -0300] "GET /cormun/static/Resources/Spanish/PXTools.css?1155365 HTTP/1.1" 200 89042
40.77.188.52 - - [30/Oct/2018:09:43:31 -0300] "GET /cormun/static/hlogin.js?20177612122738 HTTP/1.1" 200 2136
40.77.188.52 - - [30/Oct/2018:09:43:31 -0300] "GET /cormun/static/Resources/ComunLogin.png HTTP/1.1" 200 17326
40.77.188.52 - - [30/Oct/2018:09:43:31 -0300] "GET /cormun/static/Resources/PXToolsLoginBackground.png HTTP/1.1" 200 1164
40.77.189.243 - - [30/Oct/2018:09:43:31 -0300] "GET /cormun/static/Resources/PXToolsLoginBottom.png HTTP/1.1" 200 1389
186.103.157.246 - - [30/Oct/2018:09:43:33 -0300] "GET /cormun/servlet/hlogin HTTP/1.1" 200 1723
186.103.157.246 - - [30/Oct/2018:09:43:34 -0300] "GET /cormun/static/gxtimezone.js?85251 HTTP/1.1" 200 5781
186.103.157.246 - - [30/Oct/2018:09:43:35 -0300] "GET /cormun/static/gxcfg.js?20177612122725 HTTP/1.1" 200 953
186.103.157.246 - - [30/Oct/2018:09:43:35 -0300] "GET /cormun/static/messages.spa.js?85251 HTTP/1.1" 200 30736
186.103.157.246 - - [30/Oct/2018:09:43:35 -0300] "GET /cormun/static/Resources/ComunLogin.png HTTP/1.1" 200 17326
186.103.157.246 - - [30/Oct/2018:09:43:35 -0300] "GET /cormun/static/hlogin.js?20177612122738 HTTP/1.1" 200 2136
186.103.157.246 - - [30/Oct/2018:09:43:39 -0300] "GET /cormun/static/gxgral.js?85251 HTTP/1.1" 200 163840
186.103.157.246 - - [30/Oct/2018:09:43:40 -0300] "GET /cormun/static/Resources/Spanish/PXTools.css?1155365 HTTP/1.1" 200 49152
190.171.149.74 - - [30/Oct/2018:09:50:30 -0300] "POST /cormun/servlet/trlicencias?a51d622c30f8a8c66b6beb24d92e975b,gx-no-cache=1540903741558 HTTP/1.1" 200 7635
186.103.158.250 - - [30/Oct/2018:09:58:10 -0300] "GET /cormun/servlet/solicitudot?b0b87b668054c47565d1b0cb760d38a3853b7072359edf3529413e2d71e32b34,gx-no-cache=1540904168972 HTTP/1.1" 200 30
186.103.158.250 - - [30/Oct/2018:09:58:11 -0300] "POST /cormun/servlet/solicitudot?gx-no-cache=1540904169232 HTTP/1.1" 200 30
186.10.12.250 - - [30/Oct/2018:09:59:41 -0300] "GET /cormun/servlet/hlogin HTTP/1.1" 200 1719
186.10.12.250 - - [30/Oct/2018:09:59:45 -0300] "POST /cormun/servlet/hlogin?d1d1bbc1313d150e53860fc65428765d,gx-no-cache=1540904296221 HTTP/1.1" 200 90
186.10.12.250 - - [30/Oct/2018:09:59:45 -0300] "GET /cormun/servlet/hpexe_link HTTP/1.1" 200 944
186.10.12.250 - - [30/Oct/2018:09:59:45 -0300] "GET /cormun/servlet/hhome HTTP/1.1" 200 4225
186.10.12.250 - - [30/Oct/2018:09:59:47 -0300] "GET /cormun/servlet/hhome HTTP/1.1" 200 4221
186.10.12.250 - - [30/Oct/2018:09:59:54 -0300] "GET /cormun/servlet/trpermisosgoce? HTTP/1.1" 200 8802
186.10.12.250 - - [30/Oct/2018:09:59:55 -0300] "GET /cormun/servlet/trpermisosgoce? HTTP/1.1" 200 8800
186.103.161.206 - - [30/Oct/2018:09:59:58 -0300] "GET /cormun/servlet/permisogoce?INS,0,,, HTTP/1.1" 200 7066
186.103.161.206 - - [30/Oct/2018:09:59:58 -0300] "GET /cormun/servlet/permisogoce?INS,0,,, HTTP/1.1" 200 7065
186.103.161.206 - - [30/Oct/2018:10:00:10 -0300] "GET /cormun/servlet/permisogoce?273c3de62a5bc4d246dc6f4c3d2fe7e702acd27ed6eea158c9576878d851979a5033bbd6f91b26325a2181ccb3199a9f27801519356057765dcfaca1357f24b7,gx-no-cache=1540904321501 HTTP/1.1" 200 81
186.103.161.206 - - [30/Oct/2018:10:00:10 -0300] "GET /cormun/static/menuarrow.gif HTTP/1.1" 404 1015
186.103.161.206 - - [30/Oct/2018:10:00:22 -0300] "GET /cormun/servlet/permisogoce?273c3de62a5bc4d246dc6f4c3d2fe7e789ef5381491392cc41c395bd15b1bf588ca038cf69b322ce5b55d31cc7fb596a1571985c55571502de3dbb0140455a41,gx-no-cache=1540904333274 HTTP/1.1" 200 48
186.103.161.206 - - [30/Oct/2018:10:00:25 -0300] "POST /cormun/servlet/permisogoce?d1d1bbc1313d150e53860fc65428765d,INS,0,,,,gx-no-cache=1540904336166 HTTP/1.1" 200 93
186.103.161.206 - - [30/Oct/2018:10:00:25 -0300] "GET /cormun/servlet/hpexe_return? HTTP/1.1" 200 1003
186.103.161.206 - - [30/Oct/2018:10:00:26 -0300] "GET /cormun/servlet/trpermisosgoce HTTP/1.1" 200 9030
186.103.161.206 - - [30/Oct/2018:10:00:26 -0300] "GET /cormun/servlet/trpermisosgoce HTTP/1.1" 200 9026
186.10.12.250 - - [30/Oct/2018:10:00:29 -0300] "GET /cormun/servlet/apermisogoceprn?13946018,P,20181030095554,PU HTTP/1.1" 200 1668
186.103.156.166 - - [30/Oct/2018:10:03:15 -0300] "GET /cormun/servlet/hhome HTTP/1.1" 200 3421
186.103.156.166 - - [30/Oct/2018:10:03:16 -0300] "GET /cormun/servlet/hhome HTTP/1.1" 200 3431
186.103.156.166 - - [30/Oct/2018:10:03:16 -0300] "GET /cormun/servlet/hlogin HTTP/1.1" 200 1734
186.103.156.166 - - [30/Oct/2018:10:03:35 -0300] "POST /cormun/servlet/hlogin?55fa98a0e232a62a0a02631624088158,gx-no-cache=1540908123757 HTTP/1.1" 200 90
186.103.156.166 - - [30/Oct/2018:10:03:35 -0300] "GET /cormun/servlet/hpexe_link HTTP/1.1" 200 953
186.103.156.166 - - [30/Oct/2018:10:03:35 -0300] "GET /cormun/servlet/hhome HTTP/1.1" 200 3955
186.103.156.166 - - [30/Oct/2018:10:03:36 -0300] "GET /cormun/servlet/hhome HTTP/1.1" 200 3952
186.103.156.166 - - [30/Oct/2018:10:03:39 -0300] "GET /cormun/servlet/trlicencias? HTTP/1.1" 200 10782
186.103.156.166 - - [30/Oct/2018:10:03:40 -0300] "GET /cormun/servlet/trlicencias? HTTP/1.1" 200 10780
186.103.156.166 - - [30/Oct/2018:10:03:47 -0300] "GET /cormun/servlet/licenciaspermisos?INS,0,,, HTTP/1.1" 200 7480
186.103.156.166 - - [30/Oct/2018:10:03:47 -0300] "GET /cormun/static/gxcfg.js?201762917281167 HTTP/1.1" 304 -
186.103.156.166 - - [30/Oct/2018:10:03:48 -0300] "GET /cormun/servlet/licenciaspermisos?INS,0,,, HTTP/1.1" 200 7480
186.103.156.166 - - [30/Oct/2018:10:04:12 -0300] "GET /cormun/servlet/licenciaspermisos?b26ec77f11fe6cde3b50859943d831dc1b465d6a15ffcc2380e1486fa7a4755066426f6645bfadb458ea9d1a5e179b6a,gx-no-cache=1540908160953 HTTP/1.1" 200 100
186.103.156.166 - - [30/Oct/2018:10:04:12 -0300] "POST /cormun/servlet/licenciaspermisos?55fa98a0e232a62a0a02631624088158,INS,0,,,,gx-no-cache=1540908161023 HTTP/1.1" 200 4752
186.103.156.166 - - [30/Oct/2018:10:05:45 -0300] "GET /cormun/static/menuarrow.gif HTTP/1.1" 404 1015
200.111.191.210 - - [30/Oct/2018:10:07:30 -0300] "GET /cormun/servlet/hlogin HTTP/1.1" 200 1719
200.111.191.210 - - [30/Oct/2018:10:07:33 -0300] "POST /cormun/servlet/hlogin?8cfc5cace9dda1a0586e8a7aa184cf45,gx-no-cache=1540904827801 HTTP/1.1" 200 90
200.111.191.210 - - [30/Oct/2018:10:07:33 -0300] "GET /cormun/servlet/hpexe_link HTTP/1.1" 200 949
200.111.191.210 - - [30/Oct/2018:10:07:33 -0300] "GET /cormun/servlet/hhome HTTP/1.1" 200 4024
200.111.191.210 - - [30/Oct/2018:10:07:33 -0300] "GET /cormun/static/gxcfg.js?20175251212442 HTTP/1.1" 304 -
200.111.191.210 - - [30/Oct/2018:10:07:34 -0300] "GET /cormun/servlet/hhome HTTP/1.1" 200 4020
200.111.191.210 - - [30/Oct/2018:10:07:36 -0300] "GET /cormun/servlet/trlicencias? HTTP/1.1" 200 14374
200.111.191.210 - - [30/Oct/2018:10:07:36 -0300] "GET /cormun/servlet/trlicencias? HTTP/1.1" 200 14371
200.111.191.210 - - [30/Oct/2018:10:07:54 -0300] "GET /cormun/servlet/licenciaspermisos?DSP,10180683,L,20181008000000, HTTP/1.1" 200 7125
200.111.191.210 - - [30/Oct/2018:10:07:54 -0300] "GET /cormun/static/gxcfg.js?201762917281167 HTTP/1.1" 304 -
200.111.191.210 - - [30/Oct/2018:10:07:54 -0300] "GET /cormun/servlet/licenciaspermisos?DSP,10180683,L,20181008000000, HTTP/1.1" 200 7126
200.111.191.210 - - [30/Oct/2018:10:09:49 -0300] "POST /cormun/servlet/licenciaspermisos?8cfc5cace9dda1a0586e8a7aa184cf45,DSP,10180683,L,20181008000000,,gx-no-cache=1540904963528 HTTP/1.1" 200 93
200.111.191.210 - - [30/Oct/2018:10:09:49 -0300] "GET /cormun/servlet/hpexe_return? HTTP/1.1" 200 1026
200.111.191.210 - - [30/Oct/2018:10:09:49 -0300] "GET /cormun/servlet/trlicencias HTTP/1.1" 200 14376
200.111.191.210 - - [30/Oct/2018:10:09:50 -0300] "GET /cormun/servlet/trlicencias HTTP/1.1" 200 14371
200.111.191.210 - - [30/Oct/2018:10:09:59 -0300] "POST /cormun/servlet/trlicencias?8cfc5cace9dda1a0586e8a7aa184cf45,gx-no-cache=1540904973283 HTTP/1.1" 200 5455
200.111.191.210 - - [30/Oct/2018:10:10:07 -0300] "GET /cormun/servlet/trlicencias? HTTP/1.1" 200 8132
200.111.191.210 - - [30/Oct/2018:10:10:07 -0300] "GET /cormun/servlet/trlicencias? HTTP/1.1" 200 8132
186.103.156.166 - - [30/Oct/2018:10:10:26 -0300] "GET /cormun/servlet/licenciaspermisos?b26ec77f11fe6cde3b50859943d831dc04480c96b3414c99c99b653a6f3e95a28efd7941bf5ad135da03217330a045fae8b7a5b517f61a4f9708d053425532a45a8613d6de889a9e3106a956461704027af9bc3f473aea998ef37d33f219543ff12f4739a0aa55bb30229352c71263566bbd6a7ca063691e71e50b94a73ead8f6f267278396a4c8578a9bdc4e8220d97e834cc6022172df34845eaf78b0ab5042c01a2548d0b5f8e4693f04285f7c2ed,gx-no-cache=1540908535128 HTTP/1.1" 200 30
186.103.156.166 - - [30/Oct/2018:10:10:26 -0300] "GET /cormun/servlet/licenciaspermisos?b26ec77f11fe6cde3b50859943d831dc10b6e15eeab26e9d37fd1b177a695847f5c8cc58c7bb4592350098256394bd8895c0e89cf5051d734edcb90f7047d9c49ed25461b5ad2d998ee11930b6fe14cd402cc4a7e4b04b2a75236e1ef1a2b3c62edf05863bf381a33c19119044477a23a4b3e71324fbd68b86cfdfd11eb3824a07eb1255d9d9c4e2b72312eb8e87b2f43ff63927bf8a13226db0c6bcfd9fae3049fcfd64358d557d1cef13e0a24f95f6,gx-no-cache=1540908535304 HTTP/1.1" 200 29
186.103.156.166 - - [30/Oct/2018:10:10:27 -0300] "POST /cormun/servlet/licenciaspermisos?55fa98a0e232a62a0a02631624088158,INS,0,,,,gx-no-cache=1540908535400 HTTP/1.1" 200 93
186.103.156.166 - - [30/Oct/2018:10:10:27 -0300] "GET /cormun/servlet/hpexe_return? HTTP/1.1" 200 1013
186.103.156.166 - - [30/Oct/2018:10:10:27 -0300] "GET /cormun/static/gxcfg.js?2016101716175148 HTTP/1.1" 304 -
186.103.156.166 - - [30/Oct/2018:10:10:27 -0300] "GET /cormun/servlet/trlicencias HTTP/1.1" 200 11205
186.103.156.166 - - [30/Oct/2018:10:10:28 -0300] "GET /cormun/servlet/trlicencias HTTP/1.1" 200 11200
186.103.156.166 - - [30/Oct/2018:10:10:40 -0300] "GET /cormun/servlet/alicenciaprn?18041138,L,20181030000000,PU HTTP/1.1" 200 1541
186.103.156.166 - - [30/Oct/2018:10:13:41 -0300] "GET /cormun/servlet/trlicenciaspermisosadjuntos?18041138,20181030000000,L, HTTP/1.1" 200 6313
186.103.156.166 - - [30/Oct/2018:10:13:41 -0300] "GET /cormun/static/gxcfg.js?20177612163414 HTTP/1.1" 304 -
186.103.156.166 - - [30/Oct/2018:10:13:42 -0300] "GET /cormun/servlet/trlicenciaspermisosadjuntos?18041138,20181030000000,L, HTTP/1.1" 200 6313
186.103.156.166 - - [30/Oct/2018:10:13:45 -0300] "GET /cormun/servlet/licenciaspermisosadjuntos?INS,18041138,L,20181030000000,, HTTP/1.1" 200 5608
186.103.156.166 - - [30/Oct/2018:10:13:45 -0300] "GET /cormun/static/gxcfg.js?2017761263592 HTTP/1.1" 304 -
186.103.156.166 - - [30/Oct/2018:10:13:45 -0300] "GET /cormun/static/about:blank HTTP/1.1" 404 1011
186.103.156.166 - - [30/Oct/2018:10:13:45 -0300] "GET /cormun/servlet/licenciaspermisosadjuntos?INS,18041138,L,20181030000000,, HTTP/1.1" 200 5598
186.103.158.250 - - [30/Oct/2018:10:14:00 -0300] "GET /cormun/servlet/solicitudot?b0b87b668054c47565d1b0cb760d38a322f22f7b1a5f6a1381632def3334cde4715c4338b748b9acc0fae5d643d33692,gx-no-cache=1540905118398 HTTP/1.1" 200 30
186.103.158.250 - - [30/Oct/2018:10:14:19 -0300] "POST /cormun/servlet/solicitudot?gx-no-cache=1540905137953 HTTP/1.1" 200 118
186.103.158.250 - - [30/Oct/2018:10:14:19 -0300] "GET /cormun/servlet/solicitudot?b0b87b668054c47565d1b0cb760d38a3a5574d37d5c9b39e40ecdf3d467c226e5c7a6e46c129ed01023f6b510e3dc5d0b6eb245e68640816ab39ff715501180e6c9836a3bb9af406b413aad20075f507d8ca8985646bcc86009906e527a11413bcbf6154f5c2bec03e79c25770d36898,gx-no-cache=1540905138029 HTTP/1.1" 200 110
186.103.158.250 - - [30/Oct/2018:10:14:43 -0300] "GET /cormun/servlet/prfichaempleado?,MD,,gxPopupLevel%3D0%3B HTTP/1.1" 200 9335
186.103.158.250 - - [30/Oct/2018:10:14:43 -0300] "GET /cormun/static/gxcfg.js?20177612134814 HTTP/1.1" 200 953
186.103.158.250 - - [30/Oct/2018:10:14:44 -0300] "GET /cormun/static/prfichaempleado.js?20177612134999 HTTP/1.1" 200 16006
186.103.158.250 - - [30/Oct/2018:10:15:11 -0300] "POST /cormun/servlet/prfichaempleado?0e8f43ed8ef8cddd61cd32170cf396a3,,MD,,gxPopupLevel%3D0%3B,gx-no-cache=1540905189363 HTTP/1.1" 200 6360
186.103.158.250 - - [30/Oct/2018:10:15:12 -0300] "GET /cormun/static/Resources/PXToolsGridNext.gif HTTP/1.1" 200 369
186.103.158.250 - - [30/Oct/2018:10:15:12 -0300] "GET /cormun/static/Resources/PXToolsGridLast.gif HTTP/1.1" 200 370
192.168.10.96 - - [30/Oct/2018:10:15:12 -0300] "GET /cormun/servlet/trsolicitudgral? HTTP/1.1" 500 10
192.168.10.96 - - [30/Oct/2018:10:15:16 -0300] "GET /cormun/servlet/hlogin HTTP/1.1" 200 1721
192.168.10.96 - - [30/Oct/2018:10:15:16 -0300] "GET /cormun/servlet/hlogin HTTP/1.1" 200 1721
192.168.10.96 - - [30/Oct/2018:10:15:17 -0300] "GET /cormun/servlet/hlogin HTTP/1.1" 200 1731
186.103.158.250 - - [30/Oct/2018:10:15:22 -0300] "POST /cormun/servlet/prfichaempleado?0e8f43ed8ef8cddd61cd32170cf396a3,,MD,,gxPopupLevel%3D0%3B,gx-no-cache=1540905200018 HTTP/1.1" 200 6360
192.168.10.96 - - [30/Oct/2018:10:15:23 -0300] "POST /cormun/servlet/hlogin?b9cf9522fb404c95a1d53d0222318617,gx-no-cache=1540905079312 HTTP/1.1" 200 90
192.168.10.96 - - [30/Oct/2018:10:15:23 -0300] "GET /cormun/servlet/hpexe_link HTTP/1.1" 200 951
192.168.10.96 - - [30/Oct/2018:10:15:23 -0300] "GET /cormun/servlet/hhome HTTP/1.1" 200 4775
192.168.10.96 - - [30/Oct/2018:10:15:24 -0300] "GET /cormun/servlet/hhome HTTP/1.1" 200 4771
192.168.10.96 - - [30/Oct/2018:10:15:25 -0300] "GET /cormun/servlet/trsolicitudgral? HTTP/1.1" 200 14822
192.168.10.96 - - [30/Oct/2018:10:15:26 -0300] "GET /cormun/servlet/trsolicitudgral? HTTP/1.1" 200 14820
186.103.158.250 - - [30/Oct/2018:10:15:26 -0300] "POST /cormun/servlet/prfichaempleado?0e8f43ed8ef8cddd61cd32170cf396a3,,MD,,gxPopupLevel%3D0%3B,gx-no-cache=1540905204320 HTTP/1.1" 200 6375
186.103.158.250 - - [30/Oct/2018:10:15:26 -0300] "GET /cormun/static/Resources/PXToolsGridFirst.gif HTTP/1.1" 200 379
186.103.158.250 - - [30/Oct/2018:10:15:27 -0300] "GET /cormun/static/Resources/PXToolsGridPrevious.gif HTTP/1.1" 200 369
186.103.158.250 - - [30/Oct/2018:10:15:31 -0300] "POST /cormun/servlet/prfichaempleado?0e8f43ed8ef8cddd61cd32170cf396a3,,MD,,gxPopupLevel%3D0%3B,gx-no-cache=1540905209420 HTTP/1.1" 200 6316
186.103.158.250 - - [30/Oct/2018:10:15:36 -0300] "POST /cormun/servlet/prfichaempleado?0e8f43ed8ef8cddd61cd32170cf396a3,,MD,,gxPopupLevel%3D0%3B,gx-no-cache=1540905214152 HTTP/1.1" 200 6378
186.103.158.250 - - [30/Oct/2018:10:15:51 -0300] "POST /cormun/servlet/prfichaempleado?0e8f43ed8ef8cddd61cd32170cf396a3,,MD,,gxPopupLevel%3D0%3B,gx-no-cache=1540905229345 HTTP/1.1" 200 6433
192.168.10.96 - - [30/Oct/2018:10:15:54 -0300] "GET /cormun/servlet/trsolicitudgral? HTTP/1.1" 200 14820
192.168.10.96 - - [30/Oct/2018:10:15:55 -0300] "GET /cormun/servlet/trsolicitudgral? HTTP/1.1" 200 14820
186.103.158.250 - - [30/Oct/2018:10:15:58 -0300] "POST /cormun/servlet/prfichaempleado?0e8f43ed8ef8cddd61cd32170cf396a3,,MD,,gxPopupLevel%3D0%3B,gx-no-cache=1540905236132 HTTP/1.1" 200 6467
186.103.158.250 - - [30/Oct/2018:10:16:01 -0300] "POST /cormun/servlet/prfichaempleado?0e8f43ed8ef8cddd61cd32170cf396a3,,MD,,gxPopupLevel%3D0%3B,gx-no-cache=1540905239571 HTTP/1.1" 200 4624
192.168.10.96 - - [30/Oct/2018:10:16:03 -0300] "GET /cormun/servlet/trsolicitudgral? HTTP/1.1" 200 14820
192.168.10.96 - - [30/Oct/2018:10:16:03 -0300] "GET /cormun/servlet/trsolicitudgral? HTTP/1.1" 200 14820
186.103.158.250 - - [30/Oct/2018:10:16:05 -0300] "POST /cormun/servlet/prfichaempleado?0e8f43ed8ef8cddd61cd32170cf396a3,,MD,,gxPopupLevel%3D0%3B,gx-no-cache=1540905242864 HTTP/1.1" 200 6360
186.103.158.250 - - [30/Oct/2018:10:16:09 -0300] "POST /cormun/servlet/prfichaempleado?0e8f43ed8ef8cddd61cd32170cf396a3,,MD,,gxPopupLevel%3D0%3B,gx-no-cache=1540905247008 HTTP/1.1" 200 6375
186.103.158.250 - - [30/Oct/2018:10:16:16 -0300] "POST /cormun/servlet/prfichaempleado?0e8f43ed8ef8cddd61cd32170cf396a3,,MD,,gxPopupLevel%3D0%3B,gx-no-cache=1540905253827 HTTP/1.1" 200 6316
186.103.158.250 - - [30/Oct/2018:10:16:19 -0300] "POST /cormun/servlet/prfichaempleado?0e8f43ed8ef8cddd61cd32170cf396a3,,MD,,gxPopupLevel%3D0%3B,gx-no-cache=1540905256939 HTTP/1.1" 200 6378
186.103.158.250 - - [30/Oct/2018:10:16:21 -0300] "POST /cormun/servlet/prfichaempleado?0e8f43ed8ef8cddd61cd32170cf396a3,,MD,,gxPopupLevel%3D0%3B,gx-no-cache=1540905258922 HTTP/1.1" 200 6433
186.103.158.250 - - [30/Oct/2018:10:16:26 -0300] "POST /cormun/servlet/prfichaempleado?0e8f43ed8ef8cddd61cd32170cf396a3,,MD,,gxPopupLevel%3D0%3B,gx-no-cache=1540905262805 HTTP/1.1" 200 6467
186.103.158.250 - - [30/Oct/2018:10:16:29 -0300] "POST /cormun/servlet/prfichaempleado?0e8f43ed8ef8cddd61cd32170cf396a3,,MD,,gxPopupLevel%3D0%3B,gx-no-cache=1540905267438 HTTP/1.1" 200 6348
186.103.158.250 - - [30/Oct/2018:10:16:33 -0300] "POST /cormun/servlet/prfichaempleado?0e8f43ed8ef8cddd61cd32170cf396a3,,MD,,gxPopupLevel%3D0%3B,gx-no-cache=1540905270825 HTTP/1.1" 200 6286
186.103.158.250 - - [30/Oct/2018:10:16:36 -0300] "POST /cormun/servlet/prfichaempleado?0e8f43ed8ef8cddd61cd32170cf396a3,,MD,,gxPopupLevel%3D0%3B,gx-no-cache=1540905274478 HTTP/1.1" 200 6330
186.103.156.166 - - [30/Oct/2018:10:16:48 -0300] "POST /cormun/servlet/licenciaspermisosadjuntos?55fa98a0e232a62a0a02631624088158,INS,18041138,L,20181030000000,, HTTP/1.1" 200 116
186.103.156.166 - - [30/Oct/2018:10:16:48 -0300] "GET /cormun/servlet/hpexe_return? HTTP/1.1" 200 1042
192.168.10.96 - - [30/Oct/2018:10:16:48 -0300] "POST /cormun/servlet/trsolicitudgral?b9cf9522fb404c95a1d53d0222318617,,gx-no-cache=1540905164235 HTTP/1.1" 200 5961
186.103.156.166 - - [30/Oct/2018:10:16:48 -0300] "GET /cormun/servlet/trlicenciaspermisosadjuntos?18041138,20181030000000,L, HTTP/1.1" 200 6789
186.103.156.166 - - [30/Oct/2018:10:16:49 -0300] "GET /cormun/servlet/trlicenciaspermisosadjuntos?18041138,20181030000000,L, HTTP/1.1" 200 6786
192.168.10.96 - - [30/Oct/2018:10:16:49 -0300] "POST /cormun/servlet/trsolicitudgral?b9cf9522fb404c95a1d53d0222318617,,gx-no-cache=1540905165870 HTTP/1.1" 200 5961
186.103.158.250 - - [30/Oct/2018:10:16:50 -0300] "POST /cormun/servlet/prfichaempleado?0e8f43ed8ef8cddd61cd32170cf396a3,,MD,,gxPopupLevel%3D0%3B,gx-no-cache=1540905287651 HTTP/1.1" 200 6413
186.103.156.166 - - [30/Oct/2018:10:16:55 -0300] "POST /cormun/servlet/trlicenciaspermisosadjuntos?55fa98a0e232a62a0a02631624088158,18041138,20181030000000,L,,gx-no-cache=1540908923573 HTTP/1.1" 200 90
186.103.156.166 - - [30/Oct/2018:10:16:55 -0300] "GET /cormun/servlet/hpexe_link HTTP/1.1" 200 986
186.103.156.166 - - [30/Oct/2018:10:16:55 -0300] "GET /cormun/servlet/trlicencias HTTP/1.1" 200 11202
186.103.156.166 - - [30/Oct/2018:10:16:56 -0300] "GET /cormun/servlet/trlicencias HTTP/1.1" 200 11200
186.103.158.250 - - [30/Oct/2018:10:16:57 -0300] "POST /cormun/servlet/prfichaempleado?0e8f43ed8ef8cddd61cd32170cf396a3,,MD,,gxPopupLevel%3D0%3B,gx-no-cache=1540905294978 HTTP/1.1" 200 6369
186.103.158.250 - - [30/Oct/2018:10:17:01 -0300] "POST /cormun/servlet/prfichaempleado?0e8f43ed8ef8cddd61cd32170cf396a3,,MD,,gxPopupLevel%3D0%3B,gx-no-cache=1540905299007 HTTP/1.1" 200 6337
186.103.156.166 - - [30/Oct/2018:10:17:02 -0300] "POST /cormun/servlet/trlicencias?55fa98a0e232a62a0a02631624088158,gx-no-cache=1540908930479 HTTP/1.1" 200 8599
186.103.156.166 - - [30/Oct/2018:10:17:02 -0300] "GET /cormun/static/Shared/jqueryui/images/ui-bg_highlight-soft_100_c6c2c8_1x100.png HTTP/1.1" 404 1117
186.103.156.166 - - [30/Oct/2018:10:17:02 -0300] "GET /cormun/static/Shared/jqueryui/images/ui-icons_82798d_256x240.png HTTP/1.1" 404 1089
186.103.156.166 - - [30/Oct/2018:10:17:02 -0300] "GET /cormun/static/Shared/jqueryui/images/ui-bg_flat_55_fafafa_40x100.png HTTP/1.1" 404 1097
186.103.156.166 - - [30/Oct/2018:10:17:02 -0300] "GET /cormun/static/Shared/jqueryui/images/ui-icons_8d78a5_256x240.png HTTP/1.1" 404 1089
192.168.10.96 - - [30/Oct/2018:10:17:09 -0300] "POST /cormun/servlet/trsolicitudgral?b9cf9522fb404c95a1d53d0222318617,,gx-no-cache=1540905185401 HTTP/1.1" 200 8369
186.103.158.250 - - [30/Oct/2018:10:17:12 -0300] "POST /cormun/servlet/prfichaempleado?0e8f43ed8ef8cddd61cd32170cf396a3,,MD,,gxPopupLevel%3D0%3B,gx-no-cache=1540905310055 HTTP/1.1" 200 6448
186.103.158.250 - - [30/Oct/2018:10:17:15 -0300] "POST /cormun/servlet/prfichaempleado?0e8f43ed8ef8cddd61cd32170cf396a3,,MD,,gxPopupLevel%3D0%3B,gx-no-cache=1540905313260 HTTP/1.1" 200 6456
192.168.10.96 - - [30/Oct/2018:10:17:15 -0300] "GET /cormun/servlet/vesolicitudgral?2018,11618,, HTTP/1.1" 200 9319
192.168.10.96 - - [30/Oct/2018:10:17:15 -0300] "GET /cormun/pexe_scrolldiv.js HTTP/1.1" 404 1009
192.168.10.96 - - [30/Oct/2018:10:17:15 -0300] "GET /cormun/pexe_scrolldiv.js HTTP/1.1" 404 1009
192.168.10.96 - - [30/Oct/2018:10:17:16 -0300] "GET /cormun/servlet/vesolicitudgral?2018,11618,, HTTP/1.1" 200 9319
192.168.10.96 - - [30/Oct/2018:10:17:17 -0300] "GET /cormun/servlet/vesolicitudgral?2018,11618,,SolicitudOTAdjuntos HTTP/1.1" 200 11632
192.168.10.96 - - [30/Oct/2018:10:17:17 -0300] "GET /cormun/pexe_scrolldiv.js HTTP/1.1" 404 1009
192.168.10.96 - - [30/Oct/2018:10:17:17 -0300] "GET /cormun/pexe_scrolldiv.js HTTP/1.1" 404 1009
192.168.10.96 - - [30/Oct/2018:10:17:18 -0300] "GET /cormun/servlet/vesolicitudgral?2018,11618,,SolicitudOTAdjuntos HTTP/1.1" 200 11634
192.168.10.96 - - [30/Oct/2018:10:17:19 -0300] "POST /cormun/servlet/acontrolpreferencessavestate?None,DZAMUDIO,true HTTP/1.1" 200 35
186.103.158.250 - - [30/Oct/2018:10:17:20 -0300] "POST /cormun/servlet/prfichaempleado?0e8f43ed8ef8cddd61cd32170cf396a3,,MD,,gxPopupLevel%3D0%3B,gx-no-cache=1540905317983 HTTP/1.1" 200 6475
186.103.158.250 - - [30/Oct/2018:10:17:24 -0300] "POST /cormun/servlet/prfichaempleado?0e8f43ed8ef8cddd61cd32170cf396a3,,MD,,gxPopupLevel%3D0%3B,gx-no-cache=1540905321796 HTTP/1.1" 200 6330
186.103.158.250 - - [30/Oct/2018:10:17:28 -0300] "POST /cormun/servlet/prfichaempleado?0e8f43ed8ef8cddd61cd32170cf396a3,,MD,,gxPopupLevel%3D0%3B,gx-no-cache=1540905326368 HTTP/1.1" 200 6401
192.168.10.96 - - [30/Oct/2018:10:17:31 -0300] "GET /cormun/PublicTempStorage/certificado_de_antecedentess2125000.pdf HTTP/1.1" 200 398055
186.103.158.250 - - [30/Oct/2018:10:17:31 -0300] "POST /cormun/servlet/prfichaempleado?0e8f43ed8ef8cddd61cd32170cf396a3,,MD,,gxPopupLevel%3D0%3B,gx-no-cache=1540905329461 HTTP/1.1" 200 6412
186.103.156.166 - - [30/Oct/2018:10:17:32 -0300] "GET /cormun/servlet/hlogin HTTP/1.1" 200 1737
192.168.10.96 - - [30/Oct/2018:10:17:38 -0300] "GET /cormun/PublicTempStorage/certificado-de-cotizaciones-afpmodelo9460697.pdf HTTP/1.1" 200 105717
192.168.10.96 - - [30/Oct/2018:10:17:42 -0300] "GET /cormun/PublicTempStorage/certificado-de-afiliacion-afpmodelo8110375.pdf HTTP/1.1" 200 93511
186.103.158.250 - - [30/Oct/2018:10:17:42 -0300] "POST /cormun/servlet/prfichaempleado?0e8f43ed8ef8cddd61cd32170cf396a3,,MD,,gxPopupLevel%3D0%3B,gx-no-cache=1540905339846 HTTP/1.1" 200 6329
192.168.10.96 - - [30/Oct/2018:10:17:45 -0300] "GET /cormun/PublicTempStorage/certificado_de_grado_academico_o125283.pdf HTTP/1.1" 200 336323
186.103.158.250 - - [30/Oct/2018:10:17:48 -0300] "POST /cormun/servlet/prfichaempleado?0e8f43ed8ef8cddd61cd32170cf396a3,,MD,,gxPopupLevel%3D0%3B,gx-no-cache=1540905345902 HTTP/1.1" 200 6379
192.168.10.96 - - [30/Oct/2018:10:17:49 -0300] "GET /cormun/PublicTempStorage/fotocopia_cedula_identidad_g2020722.pdf HTTP/1.1" 200 256478
186.103.158.250 - - [30/Oct/2018:10:17:54 -0300] "POST /cormun/servlet/prfichaempleado?0e8f43ed8ef8cddd61cd32170cf396a3,,MD,,gxPopupLevel%3D0%3B,gx-no-cache=1540905351967 HTTP/1.1" 200 6434
192.168.10.96 - - [30/Oct/2018:10:18:00 -0300] "POST /cormun/servlet/vesolicitudgral?b9cf9522fb404c95a1d53d0222318617,2018,11618,,SolicitudOTAdjuntos,gx-no-cache=1540905236515 HTTP/1.1" 200 90
192.168.10.96 - - [30/Oct/2018:10:18:00 -0300] "GET /cormun/servlet/hpexe_link HTTP/1.1" 200 977
192.168.10.96 - - [30/Oct/2018:10:18:00 -0300] "GET /cormun/servlet/trsolicitudgral? HTTP/1.1" 200 11648
192.168.10.96 - - [30/Oct/2018:10:18:01 -0300] "GET /cormun/servlet/trsolicitudgral? HTTP/1.1" 200 11647
192.168.10.96 - - [30/Oct/2018:10:18:04 -0300] "GET /cormun/servlet/vesolicitudgral?2018,12260,, HTTP/1.1" 200 9367
192.168.10.96 - - [30/Oct/2018:10:18:04 -0300] "GET /cormun/pexe_scrolldiv.js HTTP/1.1" 404 1009
192.168.10.96 - - [30/Oct/2018:10:18:04 -0300] "GET /cormun/pexe_scrolldiv.js HTTP/1.1" 404 1009
186.103.158.250 - - [30/Oct/2018:10:18:04 -0300] "POST /cormun/servlet/prfichaempleado?0e8f43ed8ef8cddd61cd32170cf396a3,,MD,,gxPopupLevel%3D0%3B,gx-no-cache=1540905362186 HTTP/1.1" 200 6358
192.168.10.96 - - [30/Oct/2018:10:18:04 -0300] "GET /cormun/servlet/vesolicitudgral?2018,12260,, HTTP/1.1" 200 9366
192.168.10.96 - - [30/Oct/2018:10:18:06 -0300] "GET /cormun/servlet/vesolicitudgral?2018,12260,,SolicitudOTAdjuntos HTTP/1.1" 200 11410
192.168.10.96 - - [30/Oct/2018:10:18:06 -0300] "GET /cormun/pexe_scrolldiv.js HTTP/1.1" 404 1009
192.168.10.96 - - [30/Oct/2018:10:18:06 -0300] "GET /cormun/pexe_scrolldiv.js HTTP/1.1" 404 1009
192.168.10.96 - - [30/Oct/2018:10:18:07 -0300] "GET /cormun/servlet/vesolicitudgral?2018,12260,,SolicitudOTAdjuntos HTTP/1.1" 200 11413
192.168.10.96 - - [30/Oct/2018:10:18:08 -0300] "POST /cormun/servlet/acontrolpreferencessavestate?None,DZAMUDIO,true HTTP/1.1" 200 35
186.103.158.250 - - [30/Oct/2018:10:18:10 -0300] "POST /cormun/servlet/prfichaempleado?0e8f43ed8ef8cddd61cd32170cf396a3,,MD,,gxPopupLevel%3D0%3B,gx-no-cache=1540905367696 HTTP/1.1" 200 6329
192.168.10.96 - - [30/Oct/2018:10:18:13 -0300] "POST /cormun/servlet/vesolicitudgral?b9cf9522fb404c95a1d53d0222318617,2018,12260,,SolicitudOTAdjuntos,gx-no-cache=1540905249731 HTTP/1.1" 200 90
192.168.10.96 - - [30/Oct/2018:10:18:13 -0300] "GET /cormun/servlet/hpexe_link HTTP/1.1" 200 978
192.168.10.96 - - [30/Oct/2018:10:18:13 -0300] "GET /cormun/servlet/trsolicitudgral HTTP/1.1" 200 11648
192.168.10.96 - - [30/Oct/2018:10:18:14 -0300] "GET /cormun/servlet/trsolicitudgral HTTP/1.1" 200 11647
192.168.10.96 - - [30/Oct/2018:10:18:15 -0300] "GET /cormun/servlet/vesolicitudgral?2018,12261,, HTTP/1.1" 200 9373
192.168.10.96 - - [30/Oct/2018:10:18:15 -0300] "GET /cormun/pexe_scrolldiv.js HTTP/1.1" 404 1009
192.168.10.96 - - [30/Oct/2018:10:18:16 -0300] "GET /cormun/pexe_scrolldiv.js HTTP/1.1" 404 1009
192.168.10.96 - - [30/Oct/2018:10:18:16 -0300] "GET /cormun/servlet/vesolicitudgral?2018,12261,, HTTP/1.1" 200 9373
192.168.10.96 - - [30/Oct/2018:10:18:17 -0300] "GET /cormun/servlet/vesolicitudgral?2018,12261,,SolicitudOTAdjuntos HTTP/1.1" 200 8038
192.168.10.96 - - [30/Oct/2018:10:18:17 -0300] "GET /cormun/pexe_scrolldiv.js HTTP/1.1" 404 1009
192.168.10.96 - - [30/Oct/2018:10:18:17 -0300] "GET /cormun/pexe_scrolldiv.js HTTP/1.1" 404 1009
192.168.10.96 - - [30/Oct/2018:10:18:18 -0300] "GET /cormun/servlet/vesolicitudgral?2018,12261,,SolicitudOTAdjuntos HTTP/1.1" 200 8039
192.168.10.96 - - [30/Oct/2018:10:18:18 -0300] "POST /cormun/servlet/acontrolpreferencessavestate?None,DZAMUDIO,true HTTP/1.1" 200 35
192.168.10.96 - - [30/Oct/2018:10:18:19 -0300] "POST /cormun/servlet/vesolicitudgral?b9cf9522fb404c95a1d53d0222318617,2018,12261,,SolicitudOTAdjuntos,gx-no-cache=1540905255688 HTTP/1.1" 200 90
192.168.10.96 - - [30/Oct/2018:10:18:19 -0300] "GET /cormun/servlet/hpexe_link HTTP/1.1" 200 978
192.168.10.96 - - [30/Oct/2018:10:18:19 -0300] "GET /cormun/servlet/trsolicitudgral HTTP/1.1" 200 11648
192.168.10.96 - - [30/Oct/2018:10:18:20 -0300] "GET /cormun/servlet/trsolicitudgral HTTP/1.1" 200 11647
186.103.158.250 - - [30/Oct/2018:10:18:23 -0300] "POST /cormun/servlet/prfichaempleado?0e8f43ed8ef8cddd61cd32170cf396a3,,MD,,gxPopupLevel%3D0%3B,gx-no-cache=1540905380152 HTTP/1.1" 200 6397
186.103.158.250 - - [30/Oct/2018:10:18:27 -0300] "POST /cormun/servlet/prfichaempleado?0e8f43ed8ef8cddd61cd32170cf396a3,,MD,,gxPopupLevel%3D0%3B,gx-no-cache=1540905385274 HTTP/1.1" 200 6369
186.103.158.250 - - [30/Oct/2018:10:18:31 -0300] "POST /cormun/servlet/prfichaempleado?0e8f43ed8ef8cddd61cd32170cf396a3,,MD,,gxPopupLevel%3D0%3B,gx-no-cache=1540905389094 HTTP/1.1" 200 6395
186.103.158.250 - - [30/Oct/2018:10:18:43 -0300] "POST /cormun/servlet/prfichaempleado?0e8f43ed8ef8cddd61cd32170cf396a3,,MD,,gxPopupLevel%3D0%3B,gx-no-cache=1540905401305 HTTP/1.1" 200 3200
186.103.158.250 - - [30/Oct/2018:10:18:45 -0300] "POST /cormun/servlet/prfichaempleado?0e8f43ed8ef8cddd61cd32170cf396a3,,MD,,gxPopupLevel%3D0%3B,gx-no-cache=1540905403578 HTTP/1.1" 200 3233
186.103.158.250 - - [30/Oct/2018:10:19:07 -0300] "POST /cormun/servlet/solicitudot?gx-no-cache=1540905425451 HTTP/1.1" 200 118
186.103.158.250 - - [30/Oct/2018:10:19:07 -0300] "GET /cormun/servlet/solicitudot?b0b87b668054c47565d1b0cb760d38a3a5574d37d5c9b39e40ecdf3d467c226e5c7a6e46c129ed01023f6b510e3dc5d0b6eb245e68640816ab39ff715501180e6c9836a3bb9af406b413aad20075f507d8ca8985646bcc86009906e527a11413bcbf6154f5c2bec03e79c25770d36898,gx-no-cache=1540905425530 HTTP/1.1" 200 110
200.111.191.210 - - [30/Oct/2018:10:21:00 -0300] "POST /cormun/servlet/trlicencias?8cfc5cace9dda1a0586e8a7aa184cf45,,gx-no-cache=1540905635072 HTTP/1.1" 200 12005
207.46.13.31 - - [30/Oct/2018:10:21:47 -0300] "GET /cormun/servlet/trsolicitudot HTTP/1.1" 200 6450
190.171.143.82 - - [30/Oct/2018:10:22:45 -0300] "GET /cormun/servlet/trpermisosgoce? HTTP/1.1" 200 6121
190.171.143.82 - - [30/Oct/2018:10:22:46 -0300] "GET /cormun/servlet/hlogin HTTP/1.1" 200 1740
190.171.143.82 - - [30/Oct/2018:10:22:46 -0300] "GET /cormun/servlet/trpermisosgoce? HTTP/1.1" 200 6117
200.73.230.197 - - [30/Oct/2018:10:23:10 -0300] "GET /cormun/servlet/hlogin HTTP/1.1" 200 1721
190.171.143.82 - - [30/Oct/2018:10:23:18 -0300] "POST /cormun/servlet/hlogin?f2fdece39202dddaafedab00042e3107,gx-no-cache=1540909634920 HTTP/1.1" 200 90
190.171.143.82 - - [30/Oct/2018:10:23:18 -0300] "GET /cormun/servlet/hpexe_link HTTP/1.1" 200 957
190.171.143.82 - - [30/Oct/2018:10:23:18 -0300] "GET /cormun/servlet/trpermisosgoce HTTP/1.1" 200 11522
190.171.143.82 - - [30/Oct/2018:10:23:19 -0300] "GET /cormun/servlet/trpermisosgoce HTTP/1.1" 200 11518
200.73.230.197 - - [30/Oct/2018:10:23:21 -0300] "POST /cormun/servlet/hlogin?28138dbf9aa64feebb90068b3a1f0de4,gx-no-cache=1540905712697 HTTP/1.1" 200 423
190.171.143.82 - - [30/Oct/2018:10:23:27 -0300] "GET /cormun/servlet/permisogoce?INS,0,,, HTTP/1.1" 200 6891
190.171.143.82 - - [30/Oct/2018:10:23:27 -0300] "GET /cormun/static/gxcfg.js?201776126440 HTTP/1.1" 304 -
200.73.230.197 - - [30/Oct/2018:10:23:28 -0300] "POST /cormun/servlet/hlogin?28138dbf9aa64feebb90068b3a1f0de4,gx-no-cache=1540905719353 HTTP/1.1" 200 90
200.73.230.197 - - [30/Oct/2018:10:23:28 -0300] "GET /cormun/servlet/hpexe_link HTTP/1.1" 200 949
200.73.230.197 - - [30/Oct/2018:10:23:28 -0300] "GET /cormun/servlet/hhome HTTP/1.1" 200 4013
190.171.143.82 - - [30/Oct/2018:10:23:28 -0300] "GET /cormun/servlet/permisogoce?INS,0,,, HTTP/1.1" 200 6890
200.73.230.197 - - [30/Oct/2018:10:23:28 -0300] "GET /cormun/servlet/hhome HTTP/1.1" 200 4009
200.73.230.197 - - [30/Oct/2018:10:23:32 -0300] "GET /cormun/servlet/trlicencias? HTTP/1.1" 200 9585
200.73.230.197 - - [30/Oct/2018:10:23:32 -0300] "GET /cormun/servlet/trlicencias? HTTP/1.1" 200 9582
190.171.143.82 - - [30/Oct/2018:10:23:49 -0300] "GET /cormun/servlet/permisogoce?511e3c117ee399f65306a07fc76121455ac690b9b5bd391775d3ee5c2a55e295fbfc9de77a4c3f032866f6ef822d59bb46e0105660387eb73422691ec05b3411,gx-no-cache=1540909666425 HTTP/1.1" 200 85
190.171.143.82 - - [30/Oct/2018:10:24:01 -0300] "GET /cormun/servlet/permisogoce?511e3c117ee399f65306a07fc7612145c5b1f0732b4893a767d0f3bd1b2e96c5395b5161fe61694e8b565c879e390076acdce35b2e3a5ce04e804883859b80e3,gx-no-cache=1540909678058 HTTP/1.1" 200 47
190.171.143.82 - - [30/Oct/2018:10:24:06 -0300] "POST /cormun/servlet/permisogoce?f2fdece39202dddaafedab00042e3107,INS,0,,,,gx-no-cache=1540909682817 HTTP/1.1" 200 93
190.171.143.82 - - [30/Oct/2018:10:24:06 -0300] "GET /cormun/servlet/hpexe_return? HTTP/1.1" 200 1009
190.171.143.82 - - [30/Oct/2018:10:24:06 -0300] "GET /cormun/servlet/trpermisosgoce HTTP/1.1" 200 11738
190.171.143.82 - - [30/Oct/2018:10:24:07 -0300] "GET /cormun/servlet/trpermisosgoce HTTP/1.1" 200 11736
190.171.143.82 - - [30/Oct/2018:10:24:11 -0300] "GET /cormun/servlet/apermisogoceprn?10051433,P,20181030101923,PU HTTP/1.1" 200 1652
186.103.159.186 - - [30/Oct/2018:10:24:19 -0300] "GET /cormun/servlet/hlogin HTTP/1.1" 200 1719
186.103.159.186 - - [30/Oct/2018:10:24:30 -0300] "POST /cormun/servlet/hlogin?5dec4498339765d93c6199e7db984612,gx-no-cache=1540905782062 HTTP/1.1" 200 90
186.103.159.186 - - [30/Oct/2018:10:24:30 -0300] "GET /cormun/servlet/hpexe_link HTTP/1.1" 200 949
186.103.159.186 - - [30/Oct/2018:10:24:30 -0300] "GET /cormun/servlet/hhome HTTP/1.1" 200 4028
186.103.159.186 - - [30/Oct/2018:10:24:32 -0300] "GET /cormun/servlet/hhome HTTP/1.1" 200 4024
186.103.159.186 - - [30/Oct/2018:10:24:35 -0300] "GET /cormun/servlet/trpermisosgoce? HTTP/1.1" 200 9978
186.103.159.186 - - [30/Oct/2018:10:24:36 -0300] "GET /cormun/servlet/trpermisosgoce? HTTP/1.1" 200 9984
192.168.10.96 - - [30/Oct/2018:10:24:43 -0300] "POST /cormun/servlet/trsolicitudgral?b9cf9522fb404c95a1d53d0222318617,gx-no-cache=1540905613914 HTTP/1.1" 200 27208
190.171.143.82 - - [30/Oct/2018:10:25:04 -0300] "GET /cormun/servlet/permisogoce?INS,0,,, HTTP/1.1" 200 6890
190.171.143.82 - - [30/Oct/2018:10:25:05 -0300] "GET /cormun/servlet/permisogoce?INS,0,,, HTTP/1.1" 200 6890
186.103.159.186 - - [30/Oct/2018:10:25:26 -0300] "GET /cormun/servlet/permisogoce?INS,0,,, HTTP/1.1" 200 6865
186.103.159.186 - - [30/Oct/2018:10:25:26 -0300] "GET /cormun/static/gxcfg.js?201776126440 HTTP/1.1" 304 -
186.103.159.186 - - [30/Oct/2018:10:25:27 -0300] "GET /cormun/servlet/permisogoce?INS,0,,, HTTP/1.1" 200 6865
190.171.143.82 - - [30/Oct/2018:10:25:28 -0300] "GET /cormun/servlet/permisogoce?511e3c117ee399f65306a07fc7612145e9b7ca1e1b1582c8a2a51bc3c66a4316fbfc9de77a4c3f032866f6ef822d59bb46e0105660387eb73422691ec05b3411,gx-no-cache=1540909765624 HTTP/1.1" 200 80
186.103.159.186 - - [30/Oct/2018:10:26:18 -0300] "GET /cormun/servlet/permisogoce?28131edc60d726b883ee27d3e10a808c18fdc59fcc21a172eacb1abcfed9e59ae0cdac869fb1dc0e98c54c110211b27a504ef8ee98297e2ee85454cacdd92e54,gx-no-cache=1540905889516 HTTP/1.1" 200 83
186.103.159.186 - - [30/Oct/2018:10:26:19 -0300] "GET /cormun/static/menuarrow.gif HTTP/1.1" 404 1015
190.171.143.82 - - [30/Oct/2018:10:26:22 -0300] "GET /cormun/servlet/permisogoce?511e3c117ee399f65306a07fc761214504064a7333e9251782655532cd64933c1beb04828b607d1aa8e8537bea51c4d9acdce35b2e3a5ce04e804883859b80e3,gx-no-cache=1540909818950 HTTP/1.1" 200 47
186.103.159.186 - - [30/Oct/2018:10:26:26 -0300] "GET /cormun/servlet/permisogoce?28131edc60d726b883ee27d3e10a808c6ba90cd05d32e99f616588f8f054f090d1678cf22ade8e5bfca528674a11d602d0150148205fe3f03f9307f532592f2f,gx-no-cache=1540905898562 HTTP/1.1" 200 48
190.171.143.82 - - [30/Oct/2018:10:26:32 -0300] "POST /cormun/servlet/permisogoce?f2fdece39202dddaafedab00042e3107,INS,0,,,,gx-no-cache=1540909829036 HTTP/1.1" 200 93
190.171.143.82 - - [30/Oct/2018:10:26:32 -0300] "GET /cormun/servlet/hpexe_return? HTTP/1.1" 200 1009
190.171.143.82 - - [30/Oct/2018:10:26:33 -0300] "GET /cormun/servlet/trpermisosgoce HTTP/1.1" 200 11990
190.171.143.82 - - [30/Oct/2018:10:26:34 -0300] "GET /cormun/servlet/trpermisosgoce HTTP/1.1" 200 11985
190.171.143.82 - - [30/Oct/2018:10:26:53 -0300] "GET /cormun/servlet/apermisogoceprn?15125355,P,20181030102100,PU HTTP/1.1" 200 1654
