200.86.99.60 - - [18/Oct/2018:09:31:26 -0300] "GET /cormun/static/prfichaempleado.js?20177612134999 HTTP/1.1" 200 16006
200.86.99.60 - - [18/Oct/2018:09:31:26 -0300] "GET /cormun/static/hmpwkw011.js?20177612121862 HTTP/1.1" 200 1968
200.86.99.60 - - [18/Oct/2018:09:31:38 -0300] "POST /cormun/servlet/prfichaempleado?a406c830f67a68eb12a87714118af8ba,,MD,,gxPopupLevel%3D0%3B,gx-no-cache=1539865814246 HTTP/1.1" 200 3423
200.86.99.60 - - [18/Oct/2018:09:31:43 -0300] "GET /cormun/servlet/permisogoce?86ffda39a9a63220118ccf2a2a3f4d58c9bf5e4fa472f079ab33ce8679357927212e9f822f13bb67b3b1cec4f310c773,gx-no-cache=1539865819252 HTTP/1.1" 200 79
200.86.99.60 - - [18/Oct/2018:09:31:45 -0300] "GET /cormun/static/menuarrow.gif HTTP/1.1" 404 1015
200.86.99.60 - - [18/Oct/2018:09:31:51 -0300] "GET /cormun/servlet/permisogoce?86ffda39a9a63220118ccf2a2a3f4d58d8a9b0d2455486cae07f0ddc0b2f7e61d3c1f9b3b2b3131ada2b5c2e81d5367ee2a8d2c4fd550008ba81e866cdb6c1d6,gx-no-cache=1539865827116 HTTP/1.1" 200 47
200.86.99.60 - - [18/Oct/2018:09:31:56 -0300] "POST /cormun/servlet/permisogoce?a406c830f67a68eb12a87714118af8ba,INS,0,,,,gx-no-cache=1539865832333 HTTP/1.1" 200 93
200.86.99.60 - - [18/Oct/2018:09:31:57 -0300] "GET /cormun/servlet/hpexe_return? HTTP/1.1" 200 1012
200.86.99.60 - - [18/Oct/2018:09:31:57 -0300] "GET /cormun/static/gxcfg.js?2016101716175148 HTTP/1.1" 200 953
200.86.99.60 - - [18/Oct/2018:09:31:57 -0300] "GET /cormun/static/Resources/Spanish/PXTools.css?167811 HTTP/1.1" 200 89042
200.86.99.60 - - [18/Oct/2018:09:31:57 -0300] "GET /cormun/static/hpexe_return.js?2016101716175153 HTTP/1.1" 200 1633
186.103.159.189 - - [18/Oct/2018:09:31:57 -0300] "GET /cormun/servlet/hlogin HTTP/1.1" 200 1720
200.86.99.60 - - [18/Oct/2018:09:31:57 -0300] "GET /cormun/servlet/trpermisosgoce HTTP/1.1" 200 9072
186.103.159.189 - - [18/Oct/2018:09:31:58 -0300] "GET /cormun/servlet/hlogin HTTP/1.1" 200 1730
186.103.159.189 - - [18/Oct/2018:09:31:58 -0300] "GET /favicon.ico HTTP/1.1" 200 21630
200.86.99.60 - - [18/Oct/2018:09:31:59 -0300] "GET /cormun//static/Resources/PXToolsGridUpdate.png HTTP/1.1" 200 2984
200.86.99.60 - - [18/Oct/2018:09:31:59 -0300] "GET /cormun/servlet/trpermisosgoce HTTP/1.1" 200 9068
200.86.99.60 - - [18/Oct/2018:09:32:03 -0300] "GET /cormun/servlet/apermisogoceprn?7700908,P,20181018092652,PU HTTP/1.1" 200 1654
186.103.159.189 - - [18/Oct/2018:09:32:09 -0300] "POST /cormun/servlet/hlogin?e07c95861b20da11927926a980c40de1,gx-no-cache=1539865843518 HTTP/1.1" 200 90
186.103.159.189 - - [18/Oct/2018:09:32:09 -0300] "GET /cormun/servlet/hpexe_link HTTP/1.1" 200 949
186.103.159.189 - - [18/Oct/2018:09:32:10 -0300] "GET /cormun/servlet/hhome HTTP/1.1" 200 4045
186.103.159.189 - - [18/Oct/2018:09:32:11 -0300] "GET /cormun/servlet/hhome HTTP/1.1" 200 4041
186.103.159.189 - - [18/Oct/2018:09:32:17 -0300] "GET /cormun/servlet/trlicencias? HTTP/1.1" 200 11169
186.103.159.189 - - [18/Oct/2018:09:32:19 -0300] "GET /cormun/servlet/trlicencias? HTTP/1.1" 200 11166
186.103.159.189 - - [18/Oct/2018:09:32:22 -0300] "GET /cormun/servlet/licenciaspermisos?INS,0,,, HTTP/1.1" 200 7581
186.103.159.189 - - [18/Oct/2018:09:32:23 -0300] "GET /cormun/servlet/licenciaspermisos?INS,0,,, HTTP/1.1" 200 7589
186.103.159.189 - - [18/Oct/2018:09:32:34 -0300] "GET /cormun/servlet/licenciaspermisos?57b93dc0ef30e69b8edd11826159364c85690342cc12131dc4121d24b4bc9f5491a7951762f874b3beb2b9bab42c6123,gx-no-cache=1539865868415 HTTP/1.1" 200 100
186.103.159.189 - - [18/Oct/2018:09:32:34 -0300] "POST /cormun/servlet/licenciaspermisos?e07c95861b20da11927926a980c40de1,INS,0,,,,gx-no-cache=1539865868490 HTTP/1.1" 200 4748
128.199.242.134 - - [18/Oct/2018:09:32:44 -0300] "GET / HTTP/1.1" 200 11217
186.103.159.189 - - [18/Oct/2018:09:33:22 -0300] "GET /cormun/static/menuarrow.gif HTTP/1.1" 404 1015
186.103.159.189 - - [18/Oct/2018:09:34:24 -0300] "GET /cormun/servlet/licenciaspermisos?57b93dc0ef30e69b8edd11826159364ce97b1e2e5b022a9f114e2bfa48e992555eb29ea3073ee6b74d44afe051fdfb987a2c3ab516a9ad7017722ba52df4a50084f98002260bff66d9190d5568ba766c33a92e594e175b7029472d36c33ac0ece2d9694bb62295e97d4807b90775ad5de3a08dcdbef8f22f34e38c1227c030be72deefed25aac8a5dea90ff54f238eecb86a246e68328aeaea9fd6f419618307a01a5c57765a6b8b1471d709fad14a75,gx-no-cache=1539865977839 HTTP/1.1" 200 30
186.103.159.189 - - [18/Oct/2018:09:34:24 -0300] "GET /cormun/servlet/licenciaspermisos?57b93dc0ef30e69b8edd11826159364c5529bf66b6a2859ea917e87c7ee8532992be329ee2f6db5b9fa488c463a30551a88580a7ddf2be9200817f0053c1636779589134eed51a62d73f8f49d1f24fd9d9a4da3296610c47de927f2ba8003504c0e3a6f6e7909c0798c504962bf3f878ef05fb82bb3c4ce17889a7258999b097da9fa28604a8af731f95afe72eebdaf6c2ddc11056ef52aa9a14cb52f9672a875bab233b3cc4e437ce8ee6d4a04d74ed,gx-no-cache=1539865977887 HTTP/1.1" 200 29
186.103.159.189 - - [18/Oct/2018:09:34:24 -0300] "POST /cormun/servlet/licenciaspermisos?e07c95861b20da11927926a980c40de1,INS,0,,,,gx-no-cache=1539865977928 HTTP/1.1" 200 93
186.103.159.189 - - [18/Oct/2018:09:34:24 -0300] "GET /cormun/servlet/hpexe_return? HTTP/1.1" 200 1011
186.103.159.189 - - [18/Oct/2018:09:34:25 -0300] "GET /cormun/servlet/trlicencias HTTP/1.1" 200 11568
186.103.159.189 - - [18/Oct/2018:09:34:26 -0300] "GET /cormun/servlet/trlicencias HTTP/1.1" 200 11566
186.103.159.46 - - [18/Oct/2018:09:35:12 -0300] "GET /cormun/servlet/trpermisosgoce? HTTP/1.1" 200 11289
186.103.159.46 - - [18/Oct/2018:09:35:16 -0300] "GET /cormun/servlet/trpermisosgoce? HTTP/1.1" 200 11276
186.103.159.46 - - [18/Oct/2018:09:35:23 -0300] "GET /cormun/static/menuarrow.gif HTTP/1.1" 404 1015
186.103.159.46 - - [18/Oct/2018:09:36:21 -0300] "POST /cormun/servlet/trpermisosgoce?3886168e41e95d36699e9d8dae9fefb7,,gx-no-cache=1539866094786 HTTP/1.1" 200 5052
186.103.159.230 - - [18/Oct/2018:09:36:44 -0300] "GET /cormun/servlet/trsolicitudot? HTTP/1.1" 200 8841
186.103.159.230 - - [18/Oct/2018:09:36:46 -0300] "GET /cormun/static/gxui/gxui-all.css?120300 HTTP/1.1" 200 2179
186.103.159.230 - - [18/Oct/2018:09:36:46 -0300] "GET /cormun/static/calendar-system.css?85620 HTTP/1.1" 200 5572
186.103.159.230 - - [18/Oct/2018:09:36:46 -0300] "GET /cormun/static/gxcfg.js?2017111422585916 HTTP/1.1" 200 953
186.103.159.230 - - [18/Oct/2018:09:36:48 -0300] "GET /cormun/static/trsolicitudot.js?201711142259839 HTTP/1.1" 200 54041
186.103.159.230 - - [18/Oct/2018:09:36:50 -0300] "GET /cormun/static/Resources/Spanish/PXTools.css?1255365 HTTP/1.1" 200 89042
186.103.159.46 - - [18/Oct/2018:09:37:00 -0300] "POST /cormun/servlet/trpermisosgoce?3886168e41e95d36699e9d8dae9fefb7,,gx-no-cache=1539866133078 HTTP/1.1" 200 5538
200.111.191.213 - - [18/Oct/2018:09:38:31 -0300] "GET /cormun/servlet/hlogin HTTP/1.1" 200 1724
200.111.191.213 - - [18/Oct/2018:09:38:31 -0300] "GET /cormun/servlet/hlogin HTTP/1.1" 200 1734
200.111.191.213 - - [18/Oct/2018:09:38:37 -0300] "POST /cormun/servlet/hlogin?5c6d97d66aa9c8615d844d9a8f0b22c6,gx-no-cache=1539866274536 HTTP/1.1" 200 90
200.111.191.213 - - [18/Oct/2018:09:38:37 -0300] "GET /cormun/servlet/hpexe_link HTTP/1.1" 200 953
200.111.191.213 - - [18/Oct/2018:09:38:37 -0300] "GET /cormun/servlet/hhome HTTP/1.1" 200 4029
200.111.191.213 - - [18/Oct/2018:09:38:38 -0300] "GET /cormun/servlet/hhome HTTP/1.1" 200 4025
200.111.191.213 - - [18/Oct/2018:09:38:43 -0300] "GET /cormun/servlet/trsolicitudot? HTTP/1.1" 200 7242
200.111.191.213 - - [18/Oct/2018:09:38:43 -0300] "GET /cormun/servlet/trsolicitudot? HTTP/1.1" 200 7241
186.103.159.46 - - [18/Oct/2018:09:38:48 -0300] "POST /cormun/servlet/trpermisosgoce?3886168e41e95d36699e9d8dae9fefb7,,gx-no-cache=1539866240992 HTTP/1.1" 200 5060
200.111.191.213 - - [18/Oct/2018:09:39:09 -0300] "GET /cormun/servlet/trsolicitudot? HTTP/1.1" 200 7241
200.111.191.213 - - [18/Oct/2018:09:39:09 -0300] "GET /cormun/static/menuarrow.gif HTTP/1.1" 404 1015
200.111.191.213 - - [18/Oct/2018:09:39:10 -0300] "GET /cormun/servlet/trsolicitudot? HTTP/1.1" 200 7241
200.111.191.213 - - [18/Oct/2018:09:39:10 -0300] "GET /cormun/static/menuarrow.gif HTTP/1.1" 404 1015
200.111.191.213 - - [18/Oct/2018:09:39:22 -0300] "POST /cormun/servlet/trsolicitudot?5c6d97d66aa9c8615d844d9a8f0b22c6,,gx-no-cache=1539866319154 HTTP/1.1" 200 5707
200.111.191.213 - - [18/Oct/2018:09:39:31 -0300] "GET /cormun/servlet/vesolicitudot?2018,12235,, HTTP/1.1" 200 8418
200.111.191.213 - - [18/Oct/2018:09:39:31 -0300] "GET /cormun/pexe_scrolldiv.js HTTP/1.1" 404 1009
200.111.191.213 - - [18/Oct/2018:09:39:31 -0300] "GET /cormun/pexe_scrolldiv.js HTTP/1.1" 404 1009
200.111.191.213 - - [18/Oct/2018:09:39:31 -0300] "GET /cormun/servlet/vesolicitudot?2018,12235,, HTTP/1.1" 200 8418
200.86.99.60 - - [18/Oct/2018:09:40:06 -0300] "GET /cormun/servlet/trpermisosadjuntos?7700908,20181018092652,P, HTTP/1.1" 200 6556
200.86.99.60 - - [18/Oct/2018:09:40:06 -0300] "GET /cormun/static/gxcfg.js?201762817193957 HTTP/1.1" 200 953
200.86.99.60 - - [18/Oct/2018:09:40:06 -0300] "GET /cormun/static/Resources/Spanish/PXTools.css?17315867 HTTP/1.1" 200 89042
200.86.99.60 - - [18/Oct/2018:09:40:07 -0300] "GET /cormun/static/trpermisosadjuntos.js?201762817194366 HTTP/1.1" 200 20158
200.86.99.60 - - [18/Oct/2018:09:40:11 -0300] "GET /cormun/servlet/trpermisosadjuntos?7700908,20181018092652,P, HTTP/1.1" 200 6556
200.86.99.60 - - [18/Oct/2018:09:40:18 -0300] "GET /cormun/servlet/permisosadjuntos?INS,7700908,P,20181018092652,, HTTP/1.1" 200 5887
200.86.99.60 - - [18/Oct/2018:09:40:18 -0300] "GET /cormun/static/gxcfg.js?201762717441171 HTTP/1.1" 200 953
200.86.99.60 - - [18/Oct/2018:09:40:18 -0300] "GET /cormun/static/permisosadjuntos.js?201762717441184 HTTP/1.1" 200 8724
200.86.99.60 - - [18/Oct/2018:09:40:18 -0300] "GET /cormun/static/about:blank HTTP/1.1" 404 1011
200.86.99.60 - - [18/Oct/2018:09:40:20 -0300] "GET /cormun/servlet/permisosadjuntos?INS,7700908,P,20181018092652,, HTTP/1.1" 200 5877
186.103.159.46 - - [18/Oct/2018:09:40:38 -0300] "POST /cormun/servlet/trpermisosgoce?3886168e41e95d36699e9d8dae9fefb7,,gx-no-cache=1539866351443 HTTP/1.1" 200 6015
200.86.99.60 - - [18/Oct/2018:09:41:35 -0300] "POST /cormun/servlet/permisosadjuntos?a406c830f67a68eb12a87714118af8ba,INS,7700908,P,20181018092652,, HTTP/1.1" 200 116
200.86.99.60 - - [18/Oct/2018:09:41:35 -0300] "GET /cormun/servlet/hpexe_return? HTTP/1.1" 200 1038
200.86.99.60 - - [18/Oct/2018:09:41:35 -0300] "GET /cormun/servlet/trpermisosadjuntos?7700908,20181018092652,P, HTTP/1.1" 200 7081
200.86.99.60 - - [18/Oct/2018:09:41:37 -0300] "GET /cormun/servlet/trpermisosadjuntos?7700908,20181018092652,P, HTTP/1.1" 200 7078
200.86.99.60 - - [18/Oct/2018:09:41:40 -0300] "POST /cormun/servlet/trpermisosadjuntos?a406c830f67a68eb12a87714118af8ba,7700908,20181018092652,P,,gx-no-cache=1539866416119 HTTP/1.1" 200 90
200.86.99.60 - - [18/Oct/2018:09:41:40 -0300] "GET /cormun/servlet/hpexe_link HTTP/1.1" 200 982
200.86.99.60 - - [18/Oct/2018:09:41:40 -0300] "GET /cormun/servlet/trpermisosgoce HTTP/1.1" 200 9070
200.86.99.60 - - [18/Oct/2018:09:41:42 -0300] "GET /cormun/servlet/trpermisosgoce HTTP/1.1" 200 9068
200.86.99.60 - - [18/Oct/2018:09:41:48 -0300] "POST /cormun/servlet/trpermisosgoce?a406c830f67a68eb12a87714118af8ba,gx-no-cache=1539866424454 HTTP/1.1" 200 6253
200.86.99.60 - - [18/Oct/2018:09:41:48 -0300] "GET /cormun/static/Shared/jqueryui/images/ui-bg_highlight-soft_100_c6c2c8_1x100.png HTTP/1.1" 404 1117
200.86.99.60 - - [18/Oct/2018:09:41:48 -0300] "GET /cormun/static/Shared/jqueryui/images/ui-icons_82798d_256x240.png HTTP/1.1" 404 1089
200.86.99.60 - - [18/Oct/2018:09:41:49 -0300] "GET /cormun/static/Shared/jqueryui/images/ui-bg_flat_55_fafafa_40x100.png HTTP/1.1" 404 1097
200.86.99.60 - - [18/Oct/2018:09:41:49 -0300] "GET /cormun/static/Shared/jqueryui/images/ui-icons_8d78a5_256x240.png HTTP/1.1" 404 1089
186.103.159.46 - - [18/Oct/2018:09:42:20 -0300] "POST /cormun/servlet/trpermisosgoce?3886168e41e95d36699e9d8dae9fefb7,,gx-no-cache=1539866453431 HTTP/1.1" 200 5689
186.103.159.46 - - [18/Oct/2018:09:42:42 -0300] "GET /cormun/servlet/permisogoce?INS,0,,, HTTP/1.1" 200 6884
186.103.159.46 - - [18/Oct/2018:09:42:45 -0300] "GET /cormun/servlet/permisogoce?INS,0,,, HTTP/1.1" 200 6882
186.103.159.46 - - [18/Oct/2018:09:42:57 -0300] "GET /cormun/servlet/permisogoce?96234951c747fefd76f7d2e18f972aaa387e49971b4179e5a94763d81b2c159a547cba11f58caec19d3b168d2c781d9030c474d91b1ce61e60f17f68144e3db9,gx-no-cache=1539866490483 HTTP/1.1" 200 82
186.103.159.46 - - [18/Oct/2018:09:43:03 -0300] "GET /cormun/static/menuarrow.gif HTTP/1.1" 404 1015
186.103.159.46 - - [18/Oct/2018:09:43:09 -0300] "GET /cormun/servlet/permisogoce?96234951c747fefd76f7d2e18f972aaad23fa73647c1507ba74bb328e4098bfa04030fc57c111f3461de3d9f107c11ec3cf2a7d9cbf2e5e5cc8bf51c71def255,gx-no-cache=1539866502957 HTTP/1.1" 200 48
186.103.159.46 - - [18/Oct/2018:09:43:18 -0300] "POST /cormun/servlet/permisogoce?3886168e41e95d36699e9d8dae9fefb7,INS,0,,,,gx-no-cache=1539866511812 HTTP/1.1" 200 93
186.103.159.46 - - [18/Oct/2018:09:43:19 -0300] "GET /cormun/servlet/hpexe_return? HTTP/1.1" 200 1001
186.103.159.46 - - [18/Oct/2018:09:43:19 -0300] "GET /cormun/servlet/trpermisosgoce? HTTP/1.1" 200 8541
186.103.159.46 - - [18/Oct/2018:09:43:21 -0300] "GET /cormun/servlet/trpermisosgoce? HTTP/1.1" 200 8537
186.103.159.46 - - [18/Oct/2018:09:43:40 -0300] "GET /cormun/servlet/permisogoce?INS,0,,, HTTP/1.1" 200 6882
186.103.159.46 - - [18/Oct/2018:09:43:42 -0300] "GET /cormun/servlet/permisogoce?INS,0,,, HTTP/1.1" 200 6882
186.103.159.46 - - [18/Oct/2018:09:43:45 -0300] "POST /cormun/servlet/permisogoce?3886168e41e95d36699e9d8dae9fefb7,INS,0,,,,gx-no-cache=1539866538292 HTTP/1.1" 200 93
186.103.159.46 - - [18/Oct/2018:09:43:45 -0300] "GET /cormun/servlet/hpexe_return? HTTP/1.1" 200 1001
186.103.159.46 - - [18/Oct/2018:09:43:45 -0300] "GET /cormun/servlet/trpermisosgoce HTTP/1.1" 200 8541
186.103.159.46 - - [18/Oct/2018:09:43:47 -0300] "GET /cormun/servlet/trpermisosgoce HTTP/1.1" 200 8537
186.103.159.46 - - [18/Oct/2018:09:43:54 -0300] "POST /cormun/servlet/trpermisosgoce?3886168e41e95d36699e9d8dae9fefb7,gx-no-cache=1539866546991 HTTP/1.1" 200 16595
186.103.159.46 - - [18/Oct/2018:09:43:55 -0300] "GET /cormun/static/Resources/PXToolsGridNext.gif HTTP/1.1" 200 369
186.103.159.46 - - [18/Oct/2018:09:43:55 -0300] "GET /cormun/static/Resources/PXToolsGridLast.gif HTTP/1.1" 200 370
186.103.159.46 - - [18/Oct/2018:09:43:59 -0300] "GET /cormun/servlet/apermisogoceprn?12515025,P,20181018093842,PU HTTP/1.1" 200 1660
186.103.159.46 - - [18/Oct/2018:09:45:07 -0300] "POST /cormun/servlet/trpermisosgoce?3886168e41e95d36699e9d8dae9fefb7,gx-no-cache=1539866620598 HTTP/1.1" 200 5731
186.103.159.230 - - [18/Oct/2018:09:46:01 -0300] "GET /cormun/static/Shared/ext/resources/css/ext-all.css?215870 HTTP/1.1" 200 49152
200.111.191.213 - - [18/Oct/2018:09:46:44 -0300] "GET /cormun/servlet/vesolicitudot?2018,12235,,SolicitudOTLog HTTP/1.1" 200 9339
200.111.191.213 - - [18/Oct/2018:09:46:44 -0300] "GET /cormun/pexe_scrolldiv.js HTTP/1.1" 404 1009
200.111.191.213 - - [18/Oct/2018:09:46:44 -0300] "GET /cormun/static/Resources/PXToolsTabLastSelected.png HTTP/1.1" 200 1262
200.111.191.213 - - [18/Oct/2018:09:46:44 -0300] "GET /cormun/pexe_scrolldiv.js HTTP/1.1" 404 1009
200.111.191.213 - - [18/Oct/2018:09:46:44 -0300] "GET /cormun/static/tbsolicitudot03.js?20177611592012 HTTP/1.1" 200 13332
200.111.191.213 - - [18/Oct/2018:09:46:44 -0300] "GET /cormun/static/gxui/gxui-all.css HTTP/1.1" 200 2179
200.111.191.213 - - [18/Oct/2018:09:46:44 -0300] "GET /cormun/static/Resources/PXToolsTabFirstUnselected.png HTTP/1.1" 200 1264
200.111.191.213 - - [18/Oct/2018:09:46:44 -0300] "GET /cormun/static/Resources/PXToolsTabUnselectedSelected.png HTTP/1.1" 200 1444
200.111.191.213 - - [18/Oct/2018:09:46:44 -0300] "GET /cormun/servlet/vesolicitudot?2018,12235,,SolicitudOTLog HTTP/1.1" 200 9339
200.111.191.213 - - [18/Oct/2018:09:46:44 -0300] "GET /cormun/static/Shared/ext/resources/css/ext-all.css HTTP/1.1" 200 416045
200.111.191.213 - - [18/Oct/2018:09:46:45 -0300] "POST /cormun/servlet/acontrolpreferencessavestate?None,CA-7,true HTTP/1.1" 200 35
200.111.191.213 - - [18/Oct/2018:09:46:47 -0300] "GET /cormun/servlet/vesolicitudot?2018,12235,, HTTP/1.1" 200 8418
200.111.191.213 - - [18/Oct/2018:09:46:47 -0300] "GET /cormun/servlet/vesolicitudot?2018,12235,, HTTP/1.1" 200 8418
186.103.159.189 - - [18/Oct/2018:09:47:41 -0300] "GET /cormun/servlet/trlicenciaspermisosadjuntos?15105259,20181018000000,L, HTTP/1.1" 200 6395
186.103.159.189 - - [18/Oct/2018:09:47:43 -0300] "GET /cormun/servlet/trlicenciaspermisosadjuntos?15105259,20181018000000,L, HTTP/1.1" 200 6396
186.103.159.189 - - [18/Oct/2018:09:47:45 -0300] "GET /cormun/servlet/licenciaspermisosadjuntos?INS,15105259,L,20181018000000,, HTTP/1.1" 200 5696
186.103.159.189 - - [18/Oct/2018:09:47:46 -0300] "GET /cormun/static/about:blank HTTP/1.1" 404 1011
186.103.159.189 - - [18/Oct/2018:09:47:47 -0300] "GET /cormun/servlet/licenciaspermisosadjuntos?INS,15105259,L,20181018000000,, HTTP/1.1" 200 5686
186.103.159.189 - - [18/Oct/2018:09:47:57 -0300] "POST /cormun/servlet/licenciaspermisosadjuntos?e07c95861b20da11927926a980c40de1,INS,15105259,L,20181018000000,, HTTP/1.1" 200 116
186.103.159.189 - - [18/Oct/2018:09:47:57 -0300] "GET /cormun/servlet/hpexe_return? HTTP/1.1" 200 1041
186.103.159.189 - - [18/Oct/2018:09:47:58 -0300] "GET /cormun/servlet/trlicenciaspermisosadjuntos?15105259,20181018000000,L, HTTP/1.1" 200 6887
186.103.159.189 - - [18/Oct/2018:09:47:59 -0300] "GET /cormun/servlet/trlicenciaspermisosadjuntos?15105259,20181018000000,L, HTTP/1.1" 200 6884
186.103.159.189 - - [18/Oct/2018:09:48:00 -0300] "POST /cormun/servlet/trlicenciaspermisosadjuntos?e07c95861b20da11927926a980c40de1,15105259,20181018000000,L,,gx-no-cache=1539866794784 HTTP/1.1" 200 90
186.103.159.189 - - [18/Oct/2018:09:48:01 -0300] "GET /cormun/servlet/hpexe_link HTTP/1.1" 200 982
186.103.159.189 - - [18/Oct/2018:09:48:01 -0300] "GET /cormun/servlet/trlicencias HTTP/1.1" 200 11568
186.103.159.189 - - [18/Oct/2018:09:48:02 -0300] "GET /cormun/servlet/trlicencias HTTP/1.1" 200 11563
186.103.159.189 - - [18/Oct/2018:09:48:08 -0300] "POST /cormun/servlet/trlicencias?e07c95861b20da11927926a980c40de1,gx-no-cache=1539866801626 HTTP/1.1" 200 8897
186.103.159.189 - - [18/Oct/2018:09:48:08 -0300] "GET /cormun/static/Shared/jqueryui/images/ui-bg_highlight-soft_100_c6c2c8_1x100.png HTTP/1.1" 404 1117
186.103.159.189 - - [18/Oct/2018:09:48:08 -0300] "GET /cormun/static/Shared/jqueryui/images/ui-icons_82798d_256x240.png HTTP/1.1" 404 1089
186.103.159.189 - - [18/Oct/2018:09:48:08 -0300] "GET /cormun/static/Shared/jqueryui/images/ui-bg_flat_55_fafafa_40x100.png HTTP/1.1" 404 1097
186.103.159.189 - - [18/Oct/2018:09:48:08 -0300] "GET /cormun/static/Shared/jqueryui/images/ui-icons_8d78a5_256x240.png HTTP/1.1" 404 1089
186.103.159.189 - - [18/Oct/2018:09:50:05 -0300] "GET /cormun/servlet/alicenciaprn?15105259,L,20181018000000,PU HTTP/1.1" 200 1535
177.94.71.102 - - [18/Oct/2018:09:54:11 -0300] "GET / HTTP/1.1" 200 11217
200.54.247.70 - - [18/Oct/2018:10:01:13 -0300] "POST /cormun/servlet/trlicencias?226115e112b612d0b118f66bd1db6fc0,,gx-no-cache=1539867588705 HTTP/1.1" 440 972
200.54.247.70 - - [18/Oct/2018:10:01:50 -0300] "GET /cormun/servlet/trlicencias? HTTP/1.1" 200 6122
200.54.247.70 - - [18/Oct/2018:10:01:50 -0300] "GET /cormun/servlet/hlogin HTTP/1.1" 200 1730
200.54.247.70 - - [18/Oct/2018:10:01:51 -0300] "GET /cormun/servlet/trlicencias? HTTP/1.1" 200 6122
200.54.247.70 - - [18/Oct/2018:10:03:12 -0300] "POST /cormun/servlet/hlogin?d7c420e751682f2fc21944208280099a,gx-no-cache=1539867707503 HTTP/1.1" 200 90
200.54.247.70 - - [18/Oct/2018:10:03:12 -0300] "GET /cormun/servlet/hpexe_link HTTP/1.1" 200 949
200.54.247.70 - - [18/Oct/2018:10:03:13 -0300] "GET /cormun/servlet/trlicencias HTTP/1.1" 200 12748
200.54.247.70 - - [18/Oct/2018:10:03:14 -0300] "GET /cormun/servlet/trlicencias HTTP/1.1" 200 12752
200.54.247.70 - - [18/Oct/2018:10:03:21 -0300] "POST /cormun/servlet/trlicencias?d7c420e751682f2fc21944208280099a,gx-no-cache=1539867715862 HTTP/1.1" 200 4086
186.103.159.230 - - [18/Oct/2018:10:04:09 -0300] "GET /cormun/servlet/hhome HTTP/1.1" 200 4264
186.103.159.230 - - [18/Oct/2018:10:04:10 -0300] "GET /cormun/servlet/hhome HTTP/1.1" 200 4272
186.103.158.250 - - [18/Oct/2018:10:13:45 -0300] "POST /cormun/servlet/hlogin?6c21d70a18fd206df688f12c48b81640,gx-no-cache=1539868313130 HTTP/1.1" 440 972
186.103.158.250 - - [18/Oct/2018:10:13:48 -0300] "GET /cormun/servlet/hlogin HTTP/1.1" 200 1736
186.103.158.250 - - [18/Oct/2018:10:14:02 -0300] "POST /cormun/servlet/hlogin?fba73c6dc9abd400bbf0e24dc1b11229,gx-no-cache=1539868330325 HTTP/1.1" 200 90
186.103.158.250 - - [18/Oct/2018:10:14:02 -0300] "GET /cormun/servlet/hpexe_link HTTP/1.1" 200 954
186.103.158.250 - - [18/Oct/2018:10:14:02 -0300] "GET /cormun/servlet/hhome HTTP/1.1" 200 4286
186.103.158.250 - - [18/Oct/2018:10:14:05 -0300] "GET /cormun/servlet/hhome HTTP/1.1" 200 4282
186.103.158.250 - - [18/Oct/2018:10:14:06 -0300] "GET /cormun/static/SmoothNavMenu/resources/images/right.gif HTTP/1.1" 200 860
186.103.158.250 - - [18/Oct/2018:10:14:14 -0300] "GET /cormun/servlet/trautorizarsolicitud? HTTP/1.1" 200 7399
186.103.158.250 - - [18/Oct/2018:10:14:15 -0300] "GET /cormun/static/gxcfg.js?2017111423403364 HTTP/1.1" 200 953
186.103.158.250 - - [18/Oct/2018:10:14:15 -0300] "GET /cormun/static/trautorizarsolicitud.js?201711142340425 HTTP/1.1" 200 53910
186.103.158.250 - - [18/Oct/2018:10:14:16 -0300] "GET /cormun/servlet/trautorizarsolicitud? HTTP/1.1" 200 7399
186.103.158.250 - - [18/Oct/2018:10:14:52 -0300] "GET /cormun/servlet/trvisualizadoreventos? HTTP/1.1" 200 7047
186.103.158.250 - - [18/Oct/2018:10:14:52 -0300] "GET /cormun/static/gxcfg.js?20175251251426 HTTP/1.1" 200 953
186.103.158.250 - - [18/Oct/2018:10:14:52 -0300] "GET /cormun/static/Resources/PXToolsActionPrint.png HTTP/1.1" 200 3317
186.103.158.250 - - [18/Oct/2018:10:14:52 -0300] "GET /cormun/static/trvisualizadoreventos.js?20175251251768 HTTP/1.1" 200 19318
186.103.158.250 - - [18/Oct/2018:10:14:54 -0300] "GET /cormun/servlet/trvisualizadoreventos? HTTP/1.1" 200 7047
186.103.158.250 - - [18/Oct/2018:10:14:58 -0300] "GET /cormun/servlet/trsolicitudot? HTTP/1.1" 200 9341
186.103.158.250 - - [18/Oct/2018:10:14:59 -0300] "GET /cormun/servlet/trsolicitudot? HTTP/1.1" 200 9340
186.103.158.250 - - [18/Oct/2018:10:15:11 -0300] "GET /cormun/servlet/vesolicitudot?2018,12268,, HTTP/1.1" 200 8625
186.103.158.250 - - [18/Oct/2018:10:15:11 -0300] "GET /cormun/static/gxcfg.js?2017111422591385 HTTP/1.1" 200 953
186.103.158.250 - - [18/Oct/2018:10:15:11 -0300] "GET /cormun/pexe_scrolldiv.js HTTP/1.1" 404 1009
186.103.158.250 - - [18/Oct/2018:10:15:11 -0300] "GET /cormun/static/Resources/PXToolsTabFirstSelected.png HTTP/1.1" 200 1259
186.103.158.250 - - [18/Oct/2018:10:15:11 -0300] "GET /cormun/static/hwcviewtabs.js?20177611594913 HTTP/1.1" 200 1074
186.103.158.250 - - [18/Oct/2018:10:15:11 -0300] "GET /cormun/pexe_scrolldiv.js HTTP/1.1" 404 1009
186.103.158.250 - - [18/Oct/2018:10:15:11 -0300] "GET /cormun/static/hpexe_tabsview.js?201610171694228 HTTP/1.1" 200 1661
186.103.158.250 - - [18/Oct/2018:10:15:12 -0300] "GET /cormun/static/vesolicitudot.js?2017111422591449 HTTP/1.1" 200 6091
186.103.158.250 - - [18/Oct/2018:10:15:12 -0300] "GET /cormun/static/Resources/PXToolsTabLastUnselected.png HTTP/1.1" 200 1291
186.103.158.250 - - [18/Oct/2018:10:15:12 -0300] "GET /cormun/static/tbsolicitudot01.js?2017111422581186 HTTP/1.1" 200 30566
186.103.158.250 - - [18/Oct/2018:10:15:12 -0300] "GET /cormun/static/Resources/PXToolsTabPrevious.gif HTTP/1.1" 200 172
186.103.158.250 - - [18/Oct/2018:10:15:12 -0300] "GET /cormun/static/Resources/PXToolsTabNext.gif HTTP/1.1" 200 168
186.103.158.250 - - [18/Oct/2018:10:15:13 -0300] "GET /cormun/static/calendar-system.css HTTP/1.1" 200 5572
186.103.158.250 - - [18/Oct/2018:10:15:13 -0300] "GET /cormun/static/Resources/PXToolsTabBackSelected.png HTTP/1.1" 200 1157
186.103.158.250 - - [18/Oct/2018:10:15:13 -0300] "GET /cormun/static/Resources/PXToolsTabBackUnselected.png HTTP/1.1" 200 1175
186.103.158.250 - - [18/Oct/2018:10:15:13 -0300] "GET /cormun/static/Resources/PXToolsTabUnselectedUnselected.png HTTP/1.1" 200 1459
186.103.158.250 - - [18/Oct/2018:10:15:13 -0300] "GET /cormun/static/Resources/PXToolsTabSelectedUnselected.png HTTP/1.1" 200 1428
186.103.158.250 - - [18/Oct/2018:10:15:13 -0300] "GET /cormun/servlet/vesolicitudot?2018,12268,, HTTP/1.1" 200 8624
186.103.158.250 - - [18/Oct/2018:10:15:19 -0300] "POST /cormun/servlet/vesolicitudot?fba73c6dc9abd400bbf0e24dc1b11229,2018,12268,,,gx-no-cache=1539868408165 HTTP/1.1" 200 93
186.103.158.250 - - [18/Oct/2018:10:15:19 -0300] "GET /cormun/servlet/hpexe_return? HTTP/1.1" 200 1014
186.103.158.250 - - [18/Oct/2018:10:15:20 -0300] "GET /cormun/servlet/trsolicitudot HTTP/1.1" 200 9344
186.103.158.250 - - [18/Oct/2018:10:15:21 -0300] "GET /cormun/servlet/trsolicitudot HTTP/1.1" 200 9340
186.103.158.250 - - [18/Oct/2018:10:15:33 -0300] "POST /cormun/servlet/trsolicitudot?fba73c6dc9abd400bbf0e24dc1b11229,gx-no-cache=1539868421135 HTTP/1.1" 200 6621
186.103.158.250 - - [18/Oct/2018:10:15:33 -0300] "GET /cormun/static/Shared/jqueryui/images/ui-bg_highlight-soft_100_c6c2c8_1x100.png HTTP/1.1" 404 1117
186.103.158.250 - - [18/Oct/2018:10:15:33 -0300] "GET /cormun/static/Shared/jqueryui/images/ui-icons_82798d_256x240.png HTTP/1.1" 404 1089
186.103.158.250 - - [18/Oct/2018:10:15:33 -0300] "GET /cormun/static/Shared/jqueryui/images/ui-icons_8d78a5_256x240.png HTTP/1.1" 404 1089
186.103.158.250 - - [18/Oct/2018:10:15:33 -0300] "GET /cormun/static/Shared/jqueryui/images/ui-bg_flat_55_fafafa_40x100.png HTTP/1.1" 404 1097
186.103.158.250 - - [18/Oct/2018:10:15:44 -0300] "POST /cormun/servlet/trsolicitudot?fba73c6dc9abd400bbf0e24dc1b11229,gx-no-cache=1539868432663 HTTP/1.1" 200 107
186.103.158.250 - - [18/Oct/2018:10:15:44 -0300] "GET /cormun/servlet/trsolicitudadjuntos?2018,12268, HTTP/1.1" 200 6387
186.103.158.250 - - [18/Oct/2018:10:15:44 -0300] "GET /cormun/static/gxcfg.js?20177612135366 HTTP/1.1" 200 953
186.103.158.250 - - [18/Oct/2018:10:15:44 -0300] "GET /cormun/static/trsolicitudadjuntos.js?20177612135632 HTTP/1.1" 200 17922
186.103.158.250 - - [18/Oct/2018:10:15:45 -0300] "GET /cormun/servlet/trsolicitudadjuntos?2018,12268, HTTP/1.1" 200 6387
186.103.158.250 - - [18/Oct/2018:10:15:51 -0300] "GET /cormun/servlet/solicitudotadjuntos?INS,2018,12268,,2, HTTP/1.1" 200 6336
186.103.158.250 - - [18/Oct/2018:10:15:51 -0300] "GET /cormun/static/gxcfg.js?2017761244068 HTTP/1.1" 200 953
186.103.158.250 - - [18/Oct/2018:10:15:51 -0300] "GET /cormun/static/solicitudotadjuntos.js?2017761244086 HTTP/1.1" 200 11771
186.103.158.250 - - [18/Oct/2018:10:15:51 -0300] "GET /cormun/static/about:blank HTTP/1.1" 404 1011
186.103.158.250 - - [18/Oct/2018:10:15:52 -0300] "GET /cormun/servlet/solicitudotadjuntos?INS,2018,12268,,2, HTTP/1.1" 200 6330
186.103.158.250 - - [18/Oct/2018:10:15:53 -0300] "GET /cormun/servlet/solicitudotadjuntos?f29ec42c897beabade309093e1f3a6a978aaa1b9ee489989fb6241e71425ea101b58b4e28d3632bb9ccf2100eab8d9e8,gx-no-cache=1539868441563 HTTP/1.1" 200 30
186.103.158.250 - - [18/Oct/2018:10:15:53 -0300] "POST /cormun/servlet/solicitudotadjuntos?fba73c6dc9abd400bbf0e24dc1b11229,INS,2018,12268,,2,,gx-no-cache=1539868441611 HTTP/1.1" 200 4281
186.156.228.42 - - [18/Oct/2018:10:16:11 -0300] "GET /cormun/servlet/hlogin HTTP/1.1" 200 1724
186.103.158.250 - - [18/Oct/2018:10:16:12 -0300] "POST /cormun/servlet/solicitudotadjuntos?fba73c6dc9abd400bbf0e24dc1b11229,INS,2018,12268,,2,,gx-no-cache=1539868459266 HTTP/1.1" 200 93
186.103.158.250 - - [18/Oct/2018:10:16:12 -0300] "GET /cormun/servlet/hpexe_return? HTTP/1.1" 200 1029
186.103.158.250 - - [18/Oct/2018:10:16:12 -0300] "GET /cormun/servlet/trsolicitudadjuntos?2018,12268, HTTP/1.1" 200 6391
186.103.158.250 - - [18/Oct/2018:10:16:14 -0300] "GET /cormun/servlet/trsolicitudadjuntos?2018,12268, HTTP/1.1" 200 6387
186.103.158.250 - - [18/Oct/2018:10:16:18 -0300] "GET /cormun/servlet/solicitudotadjuntos?INS,2018,12268,,1, HTTP/1.1" 200 6337
186.156.228.42 - - [18/Oct/2018:10:16:18 -0300] "POST /cormun/servlet/hlogin?a146c997530d07916b5cddd82e68786a,gx-no-cache=1539868492258 HTTP/1.1" 200 90
186.156.228.42 - - [18/Oct/2018:10:16:18 -0300] "GET /cormun/servlet/hpexe_link HTTP/1.1" 200 954
186.103.158.250 - - [18/Oct/2018:10:16:18 -0300] "GET /cormun/static/about:blank HTTP/1.1" 404 1011
186.156.228.42 - - [18/Oct/2018:10:16:18 -0300] "GET /cormun/servlet/hhome HTTP/1.1" 200 4331
186.103.158.250 - - [18/Oct/2018:10:16:19 -0300] "GET /cormun/servlet/solicitudotadjuntos?INS,2018,12268,,1, HTTP/1.1" 200 6331
186.156.228.42 - - [18/Oct/2018:10:16:20 -0300] "GET /cormun/servlet/hhome HTTP/1.1" 200 4327
186.103.158.250 - - [18/Oct/2018:10:16:20 -0300] "GET /cormun/servlet/solicitudotadjuntos?f29ec42c897beabade309093e1f3a6a978aaa1b9ee489989fb6241e71425ea101b58b4e28d3632bb9ccf2100eab8d9e8,gx-no-cache=1539868468615 HTTP/1.1" 200 30
186.103.158.250 - - [18/Oct/2018:10:16:20 -0300] "POST /cormun/servlet/solicitudotadjuntos?fba73c6dc9abd400bbf0e24dc1b11229,INS,2018,12268,,1,,gx-no-cache=1539868468659 HTTP/1.1" 200 4069
186.156.228.42 - - [18/Oct/2018:10:16:22 -0300] "GET /cormun/servlet/trlicencias? HTTP/1.1" 200 12933
186.103.158.250 - - [18/Oct/2018:10:16:24 -0300] "POST /cormun/servlet/solicitudotadjuntos?gx-no-cache=1539868473004 HTTP/1.1" 200 26
186.156.228.42 - - [18/Oct/2018:10:16:24 -0300] "GET /cormun/servlet/trlicencias? HTTP/1.1" 200 12935
186.156.228.42 - - [18/Oct/2018:10:19:30 -0300] "GET /cormun/servlet/hlogin HTTP/1.1" 200 1724
186.156.228.42 - - [18/Oct/2018:10:19:38 -0300] "POST /cormun/servlet/hlogin?a146c997530d07916b5cddd82e68786a,gx-no-cache=1539868692175 HTTP/1.1" 200 433
186.156.228.42 - - [18/Oct/2018:10:19:41 -0300] "POST /cormun/servlet/hlogin?a146c997530d07916b5cddd82e68786a,gx-no-cache=1539868695458 HTTP/1.1" 200 90
186.156.228.42 - - [18/Oct/2018:10:19:41 -0300] "GET /cormun/servlet/hpexe_link HTTP/1.1" 200 959
186.156.228.42 - - [18/Oct/2018:10:19:42 -0300] "GET /cormun/servlet/trlicencias HTTP/1.1" 200 12931
186.156.228.42 - - [18/Oct/2018:10:19:44 -0300] "GET /cormun/servlet/trlicencias HTTP/1.1" 200 12935
186.156.228.42 - - [18/Oct/2018:10:19:47 -0300] "GET /cormun/servlet/licenciaspermisos?INS,0,,, HTTP/1.1" 200 7867
186.156.228.42 - - [18/Oct/2018:10:19:48 -0300] "GET /cormun/servlet/licenciaspermisos?INS,0,,, HTTP/1.1" 200 7875
186.156.228.42 - - [18/Oct/2018:10:19:58 -0300] "GET /cormun/servlet/licenciaspermisos?97719f26421254a37b5360f01f9cc6dd18637e36af2010391a8437dad52c5a832562076fdf903029a61609e3c288328d,gx-no-cache=1539868712633 HTTP/1.1" 200 103
186.156.228.42 - - [18/Oct/2018:10:19:58 -0300] "POST /cormun/servlet/licenciaspermisos?a146c997530d07916b5cddd82e68786a,INS,0,,,,gx-no-cache=1539868712726 HTTP/1.1" 200 4967
186.79.90.161 - - [18/Oct/2018:10:20:20 -0300] "GET /cormun/static/menuarrow.gif HTTP/1.1" 404 1015
35.204.214.145 - - [18/Oct/2018:10:20:53 -0300] "GET / HTTP/1.1" 200 11217
192.168.10.60 - - [18/Oct/2018:10:20:58 -0300] "GET /cormun/servlet/hlogin HTTP/1.1" 200 1719
192.168.10.60 - - [18/Oct/2018:10:20:58 -0300] "GET /cormun/static/gxtimezone.js?85251 HTTP/1.1" 304 -
186.156.228.42 - - [18/Oct/2018:10:21:09 -0300] "GET /cormun/servlet/licenciaspermisos?97719f26421254a37b5360f01f9cc6ddd61cf32215fd5988e5e86a68fd3ded56ca3de883443709828fb7d44ae8e7bf096861a7224e76a0128353a955d111e9923ff535250c9a2b79e30b1a36bbdf49e8bab2fa29d895fbc9c5d5e114b11896b1e5faf5a09e0a01f8fa126824553f9a676b9fb97ffc3253ef6f6a85ec9a206df6d6adbb6db73fe8d65171eb9d7996a92a5c4fe6d305c9fdcd32ff31a0ec5cd20a32178654e246b0f8891f9932d9cdd345,gx-no-cache=1539868783098 HTTP/1.1" 200 30
186.156.228.42 - - [18/Oct/2018:10:21:09 -0300] "POST /cormun/servlet/licenciaspermisos?a146c997530d07916b5cddd82e68786a,INS,0,,,,gx-no-cache=1539868783257 HTTP/1.1" 200 5038
186.156.228.42 - - [18/Oct/2018:10:21:19 -0300] "GET /cormun/servlet/licenciaspermisos?97719f26421254a37b5360f01f9cc6ddf87ecec99b191738aeb3129a003b0d74606d2620af1956b811c9f085e2fd1895fe464723156c5a2e56985455cad11777c2bc132781c4b037d7b68bb788c183eb9568820622fd3cd07c996357c2e9b5f47c25f4f19e5180bfb1be1f9614aaa9fc061c6cbf721727acd1af1bf4acc091e8ce29967b88b9dd0cab3a60ed3d8808180660d439c7fca4ab55a491c0251d6a6bc3104ea3f5aac9a1f159adda86b90939b7bd728d9846854344d4d6bd09fbdac19d1a413cba075f9b3be17286ef0a1b22b36b4f1a88fea0701518bdae8013d32f3ee25aa774bbf64708125f68ad607ce1,gx-no-cache=1539868793762 HTTP/1.1" 200 56
186.156.228.42 - - [18/Oct/2018:10:21:20 -0300] "POST /cormun/servlet/licenciaspermisos?a146c997530d07916b5cddd82e68786a,INS,0,,,,gx-no-cache=1539868793903 HTTP/1.1" 200 93
186.156.228.42 - - [18/Oct/2018:10:21:20 -0300] "GET /cormun/servlet/hpexe_return? HTTP/1.1" 200 1016
186.156.228.42 - - [18/Oct/2018:10:21:21 -0300] "GET /cormun/servlet/trlicencias HTTP/1.1" 200 13332
186.156.228.42 - - [18/Oct/2018:10:21:23 -0300] "GET /cormun/servlet/trlicencias HTTP/1.1" 200 13326
186.10.12.250 - - [18/Oct/2018:10:21:26 -0300] "GET /cormun/servlet/trlicencias? HTTP/1.1" 200 6136
186.103.132.155 - - [18/Oct/2018:10:21:27 -0300] "GET /cormun/servlet/hlogin HTTP/1.1" 200 1741
186.10.12.250 - - [18/Oct/2018:10:21:27 -0300] "GET /cormun/servlet/trlicencias? HTTP/1.1" 200 6131
186.156.228.42 - - [18/Oct/2018:10:21:27 -0300] "GET /cormun/servlet/alicenciaprn?15806809,L,20181018000000,PU HTTP/1.1" 200 1590
186.10.12.250 - - [18/Oct/2018:10:21:34 -0300] "POST /cormun/servlet/hlogin?909d0def7be62fb9634af8f441785d9d,gx-no-cache=1539868809849 HTTP/1.1" 200 90
186.10.12.250 - - [18/Oct/2018:10:21:34 -0300] "GET /cormun/servlet/hpexe_link HTTP/1.1" 200 958
186.10.12.250 - - [18/Oct/2018:10:21:35 -0300] "GET /cormun/servlet/trlicencias HTTP/1.1" 200 9734
186.10.12.250 - - [18/Oct/2018:10:21:35 -0300] "GET /cormun/servlet/trlicencias HTTP/1.1" 200 9733
186.10.12.250 - - [18/Oct/2018:10:21:41 -0300] "GET /cormun/servlet/trlicencias? HTTP/1.1" 200 9733
186.10.12.250 - - [18/Oct/2018:10:21:42 -0300] "GET /cormun/servlet/trlicencias? HTTP/1.1" 200 9733
186.156.228.42 - - [18/Oct/2018:10:21:45 -0300] "GET /cormun/servlet/trlicenciaspermisosadjuntos?15806809,20181018000000,L, HTTP/1.1" 200 6682
186.156.228.42 - - [18/Oct/2018:10:21:47 -0300] "GET /cormun/servlet/trlicenciaspermisosadjuntos?15806809,20181018000000,L, HTTP/1.1" 200 6682
186.156.228.42 - - [18/Oct/2018:10:21:48 -0300] "GET /cormun/servlet/licenciaspermisosadjuntos?INS,15806809,L,20181018000000,, HTTP/1.1" 200 5985
186.156.228.42 - - [18/Oct/2018:10:21:49 -0300] "GET /cormun/static/about:blank HTTP/1.1" 404 1011
186.156.228.42 - - [18/Oct/2018:10:21:49 -0300] "GET /cormun/servlet/licenciaspermisosadjuntos?INS,15806809,L,20181018000000,, HTTP/1.1" 200 5974
186.103.158.250 - - [18/Oct/2018:10:21:52 -0300] "POST /cormun/servlet/solicitudotadjuntos?gx-no-cache=1539868801191 HTTP/1.1" 200 26
186.156.228.42 - - [18/Oct/2018:10:21:58 -0300] "POST /cormun/servlet/licenciaspermisosadjuntos?a146c997530d07916b5cddd82e68786a,INS,15806809,L,20181018000000,, HTTP/1.1" 200 116
186.156.228.42 - - [18/Oct/2018:10:21:59 -0300] "GET /cormun/servlet/hpexe_return? HTTP/1.1" 200 1046
186.156.228.42 - - [18/Oct/2018:10:21:59 -0300] "GET /cormun/servlet/trlicenciaspermisosadjuntos?15806809,20181018000000,L, HTTP/1.1" 200 7198
186.156.228.42 - - [18/Oct/2018:10:22:00 -0300] "GET /cormun/servlet/trlicenciaspermisosadjuntos?15806809,20181018000000,L, HTTP/1.1" 200 7194
186.156.228.42 - - [18/Oct/2018:10:22:03 -0300] "POST /cormun/servlet/trlicenciaspermisosadjuntos?a146c997530d07916b5cddd82e68786a,15806809,20181018000000,L,,gx-no-cache=1539868836803 HTTP/1.1" 200 90
186.156.228.42 - - [18/Oct/2018:10:22:03 -0300] "GET /cormun/servlet/hpexe_link HTTP/1.1" 200 987
186.156.228.42 - - [18/Oct/2018:10:22:03 -0300] "GET /cormun/servlet/trlicencias HTTP/1.1" 200 13328
186.156.228.42 - - [18/Oct/2018:10:22:04 -0300] "GET /cormun/servlet/trlicencias HTTP/1.1" 200 13326
186.103.158.250 - - [18/Oct/2018:10:22:06 -0300] "GET /cormun/servlet/solicitudotadjuntos?f29ec42c897beabade309093e1f3a6a9f945d2a3558a98524cd839473d74f3ca,gx-no-cache=1539868814515 HTTP/1.1" 200 30
186.103.158.250 - - [18/Oct/2018:10:22:06 -0300] "GET /cormun/servlet/solicitudotadjuntos?f29ec42c897beabade309093e1f3a6a9f945d2a3558a98524cd839473d74f3ca,gx-no-cache=1539868814561 HTTP/1.1" 200 30
186.103.158.250 - - [18/Oct/2018:10:22:07 -0300] "POST /cormun/servlet/solicitudotadjuntos?fba73c6dc9abd400bbf0e24dc1b11229,INS,2018,12268,,1, HTTP/1.1" 200 116
186.103.158.250 - - [18/Oct/2018:10:22:07 -0300] "GET /cormun/servlet/hpexe_return? HTTP/1.1" 200 1029
186.156.228.42 - - [18/Oct/2018:10:22:07 -0300] "POST /cormun/servlet/trlicencias?a146c997530d07916b5cddd82e68786a,gx-no-cache=1539868841439 HTTP/1.1" 200 10752
186.103.158.250 - - [18/Oct/2018:10:22:08 -0300] "GET /cormun/servlet/trsolicitudadjuntos?2018,12268, HTTP/1.1" 200 8964
186.156.228.42 - - [18/Oct/2018:10:22:08 -0300] "GET /cormun/static/Shared/jqueryui/images/ui-bg_highlight-soft_100_c6c2c8_1x100.png HTTP/1.1" 404 1117
186.156.228.42 - - [18/Oct/2018:10:22:08 -0300] "GET /cormun/static/Shared/jqueryui/images/ui-icons_82798d_256x240.png HTTP/1.1" 404 1089
186.156.228.42 - - [18/Oct/2018:10:22:08 -0300] "GET /cormun/static/Shared/jqueryui/images/ui-bg_flat_55_fafafa_40x100.png HTTP/1.1" 404 1097
186.156.228.42 - - [18/Oct/2018:10:22:08 -0300] "GET /cormun/static/Shared/jqueryui/images/ui-icons_8d78a5_256x240.png HTTP/1.1" 404 1089
186.103.158.250 - - [18/Oct/2018:10:22:11 -0300] "GET /cormun/servlet/trsolicitudadjuntos?2018,12268, HTTP/1.1" 200 8963
186.103.158.250 - - [18/Oct/2018:10:22:16 -0300] "GET /cormun/servlet/solicitudotadjuntos?INS,2018,12268,,1, HTTP/1.1" 200 6336
186.103.158.250 - - [18/Oct/2018:10:22:16 -0300] "GET /cormun/static/about:blank HTTP/1.1" 404 1011
186.103.158.250 - - [18/Oct/2018:10:22:18 -0300] "GET /cormun/servlet/solicitudotadjuntos?INS,2018,12268,,1, HTTP/1.1" 200 6330
186.103.158.250 - - [18/Oct/2018:10:22:18 -0300] "GET /cormun/servlet/solicitudotadjuntos?f29ec42c897beabade309093e1f3a6a978aaa1b9ee489989fb6241e71425ea101b58b4e28d3632bb9ccf2100eab8d9e8,gx-no-cache=1539868827050 HTTP/1.1" 200 30
186.103.158.250 - - [18/Oct/2018:10:22:18 -0300] "POST /cormun/servlet/solicitudotadjuntos?fba73c6dc9abd400bbf0e24dc1b11229,INS,2018,12268,,1,,gx-no-cache=1539868827112 HTTP/1.1" 200 4068
186.103.158.250 - - [18/Oct/2018:10:22:22 -0300] "POST /cormun/servlet/solicitudotadjuntos?gx-no-cache=1539868830505 HTTP/1.1" 200 26
186.156.228.42 - - [18/Oct/2018:10:22:23 -0300] "GET /cormun/servlet/trsolicitudot? HTTP/1.1" 200 7540
186.156.228.42 - - [18/Oct/2018:10:22:25 -0300] "GET /cormun/servlet/trsolicitudot? HTTP/1.1" 200 7540
186.156.228.42 - - [18/Oct/2018:10:22:28 -0300] "GET /cormun/servlet/solicitudot?INS,0,0, HTTP/1.1" 200 15049
186.103.158.250 - - [18/Oct/2018:10:22:29 -0300] "GET /cormun/servlet/solicitudotadjuntos?f29ec42c897beabade309093e1f3a6a9f945d2a3558a98524cd839473d74f3ca,gx-no-cache=1539868837954 HTTP/1.1" 200 30
186.103.158.250 - - [18/Oct/2018:10:22:29 -0300] "GET /cormun/servlet/solicitudotadjuntos?f29ec42c897beabade309093e1f3a6a9f945d2a3558a98524cd839473d74f3ca,gx-no-cache=1539868838136 HTTP/1.1" 200 30
186.156.228.42 - - [18/Oct/2018:10:22:29 -0300] "GET /cormun/servlet/solicitudot?INS,0,0, HTTP/1.1" 200 15054
186.103.158.250 - - [18/Oct/2018:10:22:29 -0300] "POST /cormun/servlet/solicitudotadjuntos?fba73c6dc9abd400bbf0e24dc1b11229,INS,2018,12268,,1, HTTP/1.1" 200 116
186.103.158.250 - - [18/Oct/2018:10:22:30 -0300] "GET /cormun/servlet/hpexe_return? HTTP/1.1" 200 1029
186.103.158.250 - - [18/Oct/2018:10:22:30 -0300] "GET /cormun/servlet/trsolicitudadjuntos?2018,12268, HTTP/1.1" 200 9167
186.103.158.250 - - [18/Oct/2018:10:22:32 -0300] "GET /cormun/servlet/trsolicitudadjuntos?2018,12268, HTTP/1.1" 200 9168
192.168.10.60 - - [18/Oct/2018:10:22:35 -0300] "POST /cormun/servlet/hlogin?43acb2dd7065eab853f8989cee4823df,gx-no-cache=1539868714767 HTTP/1.1" 200 90
192.168.10.60 - - [18/Oct/2018:10:22:35 -0300] "GET /cormun/servlet/hpexe_link HTTP/1.1" 200 944
192.168.10.60 - - [18/Oct/2018:10:22:35 -0300] "GET /cormun/servlet/hhome HTTP/1.1" 200 3826
192.168.10.60 - - [18/Oct/2018:10:22:36 -0300] "GET /cormun/servlet/hhome HTTP/1.1" 200 3822
186.103.158.250 - - [18/Oct/2018:10:22:37 -0300] "GET /cormun/servlet/solicitudotadjuntos?INS,2018,12268,,1, HTTP/1.1" 200 6336
186.103.158.250 - - [18/Oct/2018:10:22:37 -0300] "GET /cormun/static/about:blank HTTP/1.1" 404 1011
186.103.158.250 - - [18/Oct/2018:10:22:38 -0300] "GET /cormun/servlet/solicitudotadjuntos?INS,2018,12268,,1, HTTP/1.1" 200 6330
186.103.158.250 - - [18/Oct/2018:10:22:39 -0300] "GET /cormun/servlet/solicitudotadjuntos?f29ec42c897beabade309093e1f3a6a978aaa1b9ee489989fb6241e71425ea101b58b4e28d3632bb9ccf2100eab8d9e8,gx-no-cache=1539868847850 HTTP/1.1" 200 30
186.103.158.250 - - [18/Oct/2018:10:22:39 -0300] "POST /cormun/servlet/solicitudotadjuntos?fba73c6dc9abd400bbf0e24dc1b11229,INS,2018,12268,,1,,gx-no-cache=1539868847992 HTTP/1.1" 200 4068
186.79.90.161 - - [18/Oct/2018:10:22:39 -0300] "POST /cormun/servlet/solicitudot?gx-no-cache=1539868872933 HTTP/1.1" 200 3380
186.79.90.161 - - [18/Oct/2018:10:22:40 -0300] "POST /cormun/servlet/solicitudot?a146c997530d07916b5cddd82e68786a,INS,0,0,,gx-no-cache=1539868873971 HTTP/1.1" 200 11697
186.103.158.250 - - [18/Oct/2018:10:22:43 -0300] "POST /cormun/servlet/solicitudotadjuntos?gx-no-cache=1539868852160 HTTP/1.1" 200 26
192.168.10.60 - - [18/Oct/2018:10:22:51 -0300] "GET /cormun/servlet/trsolicitudgral? HTTP/1.1" 200 10532
192.168.10.60 - - [18/Oct/2018:10:22:51 -0300] "GET /cormun/static/calendar.js?85251 HTTP/1.1" 304 -
192.168.10.60 - - [18/Oct/2018:10:22:51 -0300] "GET /cormun/static/calendar-es.js?85251 HTTP/1.1" 304 -
192.168.10.60 - - [18/Oct/2018:10:22:51 -0300] "GET /cormun/static/calendar-setup.js?85251 HTTP/1.1" 304 -
192.168.10.60 - - [18/Oct/2018:10:22:51 -0300] "GET /cormun/static/gxdec.js?85251 HTTP/1.1" 304 -
192.168.10.60 - - [18/Oct/2018:10:22:52 -0300] "GET /cormun/servlet/trsolicitudgral? HTTP/1.1" 200 10530
186.103.158.250 - - [18/Oct/2018:10:22:55 -0300] "GET /cormun/servlet/solicitudotadjuntos?f29ec42c897beabade309093e1f3a6a9f945d2a3558a98524cd839473d74f3ca,gx-no-cache=1539868863442 HTTP/1.1" 200 30
186.103.158.250 - - [18/Oct/2018:10:22:55 -0300] "GET /cormun/servlet/solicitudotadjuntos?f29ec42c897beabade309093e1f3a6a9f945d2a3558a98524cd839473d74f3ca,gx-no-cache=1539868863659 HTTP/1.1" 200 30
186.79.90.161 - - [18/Oct/2018:10:22:55 -0300] "POST /cormun/servlet/solicitudot?a146c997530d07916b5cddd82e68786a,INS,0,0,,gx-no-cache=1539868887187 HTTP/1.1" 200 93
186.79.90.161 - - [18/Oct/2018:10:22:55 -0300] "GET /cormun/servlet/hpexe_return? HTTP/1.1" 200 1010
186.103.158.250 - - [18/Oct/2018:10:22:55 -0300] "POST /cormun/servlet/solicitudotadjuntos?fba73c6dc9abd400bbf0e24dc1b11229,INS,2018,12268,,1, HTTP/1.1" 200 116
186.103.158.250 - - [18/Oct/2018:10:22:55 -0300] "GET /cormun/servlet/hpexe_return? HTTP/1.1" 200 1029
186.79.90.161 - - [18/Oct/2018:10:22:56 -0300] "GET /cormun/servlet/trsolicitudot HTTP/1.1" 200 7544
186.103.158.250 - - [18/Oct/2018:10:22:56 -0300] "GET /cormun/servlet/trsolicitudadjuntos?2018,12268, HTTP/1.1" 200 9392
186.79.90.161 - - [18/Oct/2018:10:22:57 -0300] "GET /cormun/servlet/trsolicitudot HTTP/1.1" 200 7540
186.103.158.250 - - [18/Oct/2018:10:22:57 -0300] "GET /cormun/servlet/trsolicitudadjuntos?2018,12268, HTTP/1.1" 200 9391
186.79.90.161 - - [18/Oct/2018:10:23:00 -0300] "GET /cormun/servlet/trcontratounov2? HTTP/1.1" 200 17611
186.103.158.250 - - [18/Oct/2018:10:23:01 -0300] "GET /cormun/servlet/solicitudotadjuntos?INS,2018,12268,,1, HTTP/1.1" 200 6336
186.103.158.250 - - [18/Oct/2018:10:23:02 -0300] "GET /cormun/static/about:blank HTTP/1.1" 404 1011
186.79.90.161 - - [18/Oct/2018:10:23:02 -0300] "GET /cormun/servlet/trcontratounov2? HTTP/1.1" 200 17632
186.103.158.250 - - [18/Oct/2018:10:23:03 -0300] "GET /cormun/servlet/solicitudotadjuntos?INS,2018,12268,,1, HTTP/1.1" 200 6330
186.103.158.250 - - [18/Oct/2018:10:23:03 -0300] "GET /cormun/servlet/solicitudotadjuntos?f29ec42c897beabade309093e1f3a6a978aaa1b9ee489989fb6241e71425ea101b58b4e28d3632bb9ccf2100eab8d9e8,gx-no-cache=1539868872383 HTTP/1.1" 200 30
186.103.158.250 - - [18/Oct/2018:10:23:04 -0300] "POST /cormun/servlet/solicitudotadjuntos?fba73c6dc9abd400bbf0e24dc1b11229,INS,2018,12268,,1,,gx-no-cache=1539868872432 HTTP/1.1" 200 4068
186.103.158.250 - - [18/Oct/2018:10:23:07 -0300] "POST /cormun/servlet/solicitudotadjuntos?gx-no-cache=1539868876104 HTTP/1.1" 200 26
186.156.228.42 - - [18/Oct/2018:10:23:09 -0300] "POST /cormun/servlet/trcontratounov2?a146c997530d07916b5cddd82e68786a,,gx-no-cache=1539868903002 HTTP/1.1" 200 17525
186.103.158.250 - - [18/Oct/2018:10:23:19 -0300] "GET /cormun/servlet/solicitudotadjuntos?f29ec42c897beabade309093e1f3a6a9f945d2a3558a98524cd839473d74f3ca,gx-no-cache=1539868887897 HTTP/1.1" 200 30
186.103.158.250 - - [18/Oct/2018:10:23:19 -0300] "GET /cormun/servlet/solicitudotadjuntos?f29ec42c897beabade309093e1f3a6a9f945d2a3558a98524cd839473d74f3ca,gx-no-cache=1539868887931 HTTP/1.1" 200 30
186.103.158.250 - - [18/Oct/2018:10:23:19 -0300] "POST /cormun/servlet/solicitudotadjuntos?fba73c6dc9abd400bbf0e24dc1b11229,INS,2018,12268,,1, HTTP/1.1" 200 116
186.103.158.250 - - [18/Oct/2018:10:23:19 -0300] "GET /cormun/servlet/hpexe_return? HTTP/1.1" 200 1029
186.103.158.250 - - [18/Oct/2018:10:23:20 -0300] "GET /cormun/servlet/trsolicitudadjuntos?2018,12268, HTTP/1.1" 200 9655
186.156.228.42 - - [18/Oct/2018:10:23:20 -0300] "POST /cormun/servlet/trcontratounov2?a146c997530d07916b5cddd82e68786a,,gx-no-cache=1539868914080 HTTP/1.1" 200 17430
186.103.158.250 - - [18/Oct/2018:10:23:22 -0300] "GET /cormun/servlet/trsolicitudadjuntos?2018,12268, HTTP/1.1" 200 9653
186.103.158.250 - - [18/Oct/2018:10:23:24 -0300] "GET /cormun/servlet/solicitudotadjuntos?INS,2018,12268,,1, HTTP/1.1" 200 6336
186.103.158.250 - - [18/Oct/2018:10:23:25 -0300] "GET /cormun/static/about:blank HTTP/1.1" 404 1011
186.103.158.250 - - [18/Oct/2018:10:23:25 -0300] "GET /cormun/servlet/solicitudotadjuntos?INS,2018,12268,,1, HTTP/1.1" 200 6330
186.103.158.250 - - [18/Oct/2018:10:23:25 -0300] "GET /cormun/servlet/solicitudotadjuntos?f29ec42c897beabade309093e1f3a6a978aaa1b9ee489989fb6241e71425ea101b58b4e28d3632bb9ccf2100eab8d9e8,gx-no-cache=1539868894364 HTTP/1.1" 200 30
186.103.158.250 - - [18/Oct/2018:10:23:26 -0300] "POST /cormun/servlet/solicitudotadjuntos?fba73c6dc9abd400bbf0e24dc1b11229,INS,2018,12268,,1,,gx-no-cache=1539868894411 HTTP/1.1" 200 4068
186.103.158.250 - - [18/Oct/2018:10:23:28 -0300] "POST /cormun/servlet/solicitudotadjuntos?gx-no-cache=1539868897407 HTTP/1.1" 200 26
186.103.158.250 - - [18/Oct/2018:10:23:42 -0300] "GET /cormun/servlet/solicitudotadjuntos?f29ec42c897beabade309093e1f3a6a9f945d2a3558a98524cd839473d74f3ca,gx-no-cache=1539868911010 HTTP/1.1" 200 30
186.103.158.250 - - [18/Oct/2018:10:23:42 -0300] "GET /cormun/servlet/solicitudotadjuntos?f29ec42c897beabade309093e1f3a6a9f945d2a3558a98524cd839473d74f3ca,gx-no-cache=1539868911106 HTTP/1.1" 200 30
186.103.158.250 - - [18/Oct/2018:10:23:44 -0300] "POST /cormun/servlet/solicitudotadjuntos?fba73c6dc9abd400bbf0e24dc1b11229,INS,2018,12268,,1, HTTP/1.1" 200 116
186.103.158.250 - - [18/Oct/2018:10:23:44 -0300] "GET /cormun/servlet/hpexe_return? HTTP/1.1" 200 1029
186.103.158.250 - - [18/Oct/2018:10:23:44 -0300] "GET /cormun/servlet/trsolicitudadjuntos?2018,12268, HTTP/1.1" 200 9915
186.103.158.250 - - [18/Oct/2018:10:23:46 -0300] "GET /cormun/servlet/trsolicitudadjuntos?2018,12268, HTTP/1.1" 200 9913
186.103.158.250 - - [18/Oct/2018:10:23:51 -0300] "GET /cormun/servlet/solicitudotadjuntos?INS,2018,12268,,1, HTTP/1.1" 200 6336
186.103.158.250 - - [18/Oct/2018:10:23:52 -0300] "GET /cormun/static/about:blank HTTP/1.1" 404 1011
186.103.158.250 - - [18/Oct/2018:10:23:53 -0300] "GET /cormun/servlet/solicitudotadjuntos?INS,2018,12268,,1, HTTP/1.1" 200 6330
186.103.158.250 - - [18/Oct/2018:10:23:53 -0300] "GET /cormun/servlet/solicitudotadjuntos?f29ec42c897beabade309093e1f3a6a978aaa1b9ee489989fb6241e71425ea101b58b4e28d3632bb9ccf2100eab8d9e8,gx-no-cache=1539868922154 HTTP/1.1" 200 30
186.103.158.250 - - [18/Oct/2018:10:23:53 -0300] "POST /cormun/servlet/solicitudotadjuntos?fba73c6dc9abd400bbf0e24dc1b11229,INS,2018,12268,,1,,gx-no-cache=1539868922205 HTTP/1.1" 200 4068
35.198.54.104 - - [18/Oct/2018:10:23:57 -0300] "GET / HTTP/1.1" 200 11217
186.103.158.250 - - [18/Oct/2018:10:24:01 -0300] "POST /cormun/servlet/solicitudotadjuntos?gx-no-cache=1539868930108 HTTP/1.1" 200 26
186.156.228.42 - - [18/Oct/2018:10:24:08 -0300] "GET /cormun/servlet/hlogin HTTP/1.1" 200 1745
186.103.159.189 - - [18/Oct/2018:10:26:14 -0300] "GET /cormun/servlet/hlogin HTTP/1.1" 200 1718
186.103.159.189 - - [18/Oct/2018:10:26:15 -0300] "GET /cormun/servlet/hlogin HTTP/1.1" 200 1727
186.103.159.189 - - [18/Oct/2018:10:26:26 -0300] "POST /cormun/servlet/hlogin?543012c19f953fa758a8c8d173a7aec9,gx-no-cache=1539869099326 HTTP/1.1" 200 90
186.103.159.189 - - [18/Oct/2018:10:26:26 -0300] "GET /cormun/servlet/hpexe_link HTTP/1.1" 200 948
186.103.159.189 - - [18/Oct/2018:10:26:26 -0300] "GET /cormun/servlet/hhome HTTP/1.1" 200 4043
186.103.159.189 - - [18/Oct/2018:10:26:28 -0300] "GET /cormun/servlet/hhome HTTP/1.1" 200 4039
186.103.159.189 - - [18/Oct/2018:10:26:30 -0300] "GET /cormun/servlet/trlicencias? HTTP/1.1" 200 11455
139.162.111.98 - - [18/Oct/2018:10:26:31 -0300] "GET / HTTP/1.1" 200 11217
186.103.159.189 - - [18/Oct/2018:10:26:31 -0300] "GET /cormun/servlet/trlicencias? HTTP/1.1" 200 11453
186.103.159.186 - - [18/Oct/2018:10:27:37 -0300] "GET /cormun/servlet/trautorizarpermisogoce? HTTP/1.1" 200 6024
186.103.159.186 - - [18/Oct/2018:10:27:38 -0300] "GET /cormun/static/gxcfg.js?20177612165975 HTTP/1.1" 200 953
186.103.159.186 - - [18/Oct/2018:10:27:38 -0300] "GET /cormun/static/trautorizarpermisogoce.js?2017761217384 HTTP/1.1" 200 34948
186.103.159.186 - - [18/Oct/2018:10:27:40 -0300] "GET /cormun/servlet/hlogin HTTP/1.1" 200 1744
