186.67.172.234 - - [18/Oct/2018:12:23:56 -0300] "GET /cormun/servlet/solicitudot?2f3097a6fb265dbf897743941c094689b00612470687c8d93a4fc94d319195f520814343a752e3db8cee8dafdcda925707f970f6751c510be438461c64bdf051,gx-no-cache=1539876090640 HTTP/1.1" 200 30
186.67.172.234 - - [18/Oct/2018:12:23:56 -0300] "GET /cormun/servlet/solicitudot?2f3097a6fb265dbf897743941c0946897aee5b500bdfc273b08c11582f219f35,gx-no-cache=1539876090694 HTTP/1.1" 200 29
186.67.172.234 - - [18/Oct/2018:12:23:58 -0300] "GET /cormun/static/Resources/resize.gif HTTP/1.1" 200 77
186.67.172.234 - - [18/Oct/2018:12:23:59 -0300] "GET /cormun/servlet/prbanco?,MD,,gxPopupLevel%3D0%3B HTTP/1.1" 200 6691
186.67.172.234 - - [18/Oct/2018:12:23:59 -0300] "GET /cormun/static/gxcfg.js?20181161016094 HTTP/1.1" 200 953
186.67.172.234 - - [18/Oct/2018:12:23:59 -0300] "GET /cormun/static/Resources/PXToolsMenuSearch.png HTTP/1.1" 200 2914
186.67.172.234 - - [18/Oct/2018:12:23:59 -0300] "GET /cormun/static/Resources/PXToolsMenuSearchCancel.png HTTP/1.1" 200 2972
186.67.172.234 - - [18/Oct/2018:12:23:59 -0300] "GET /cormun/static/prbanco.js?2018116101633 HTTP/1.1" 200 10693
186.67.172.234 - - [18/Oct/2018:12:23:59 -0300] "GET /cormun/static/hmpwkw011.js?20177612121862 HTTP/1.1" 200 1968
186.67.172.234 - - [18/Oct/2018:12:23:59 -0300] "GET /cormun/static/menusearch.js?201610171694467 HTTP/1.1" 200 1424
186.67.172.234 - - [18/Oct/2018:12:24:06 -0300] "GET /cormun/servlet/solicitudot?2f3097a6fb265dbf897743941c0946890abf961c27cd060867917a55a1bcc817,gx-no-cache=1539876100626 HTTP/1.1" 200 53
186.67.172.234 - - [18/Oct/2018:12:24:25 -0300] "POST /cormun/servlet/solicitudot?gx-no-cache=1539876120324 HTTP/1.1" 200 256
186.67.172.234 - - [18/Oct/2018:12:24:32 -0300] "GET /cormun/servlet/solicitudot?2f3097a6fb265dbf897743941c09468968cb37da721e83d45d59e08d6f0f218771023d52d5ecea1f11265980b371eb1bf4ae8d553ef4a98b02abaff624b4a2faea80c1f49892d4108be523b3d0dc3381864e824e8ddbe6e2ec63ebcb929cf332993a3ddc8e8f2f87d0eda476ba30353f0b3abfd7753192570235eac1107cc2e03847d5bd472f40df2072a7ccaa6ba34588e79d0af7ae6acee472b032564eb24f33d0f73a957af5ef5ae2d56bc8e87a893697cb4ebd4b5f0e3e282f6138fcf493fa362ca902cd2a14e82728e6702cc8c59ac3648382379fe16bc8a14da25a9f9d5ed955aeff4e6fbd71d0d568ce90ecb6e8824c839ea981b98625976ecbc95c561ab928a023d1683bd3491f89b011684b9190be322ec80f3810151be83e84f98dd564af3e5b733662d03a2fbe0d8dc0acd0070ebd83d7241489c101f500aeb24f029d96049c3ea94efe389463d85d67d69c51e942327ff6e913c0ebce0c5ee03237bbd911ba9d4992615afe60536955813e6ecc9d7e3a89126c61c94cc1571895,gx-no-cache=1539876126457 HTTP/1.1" 200 30
186.67.172.234 - - [18/Oct/2018:12:25:01 -0300] "POST /cormun/servlet/solicitudot?gx-no-cache=1539876156203 HTTP/1.1" 200 30
186.67.172.234 - - [18/Oct/2018:12:25:07 -0300] "POST /cormun/servlet/solicitudot?gx-no-cache=1539876161374 HTTP/1.1" 200 1265
186.67.172.234 - - [18/Oct/2018:12:25:07 -0300] "POST /cormun/servlet/solicitudot?gx-no-cache=1539876161865 HTTP/1.1" 200 38
186.67.172.234 - - [18/Oct/2018:12:25:07 -0300] "GET /cormun/servlet/solicitudot?2f3097a6fb265dbf897743941c09468949b858ba02be18f27208737a1be12eaaf561ddb5dfec4d7b2e0cda46949e176923a8e73489298a0f0926e63474ea034dd717e7fc22f3a3e514c52a67178653dfe3f199a709dbca33a1a6c526f4980b4cc35015d7ef65e328905ad2738c72b2bc,gx-no-cache=1539876161960 HTTP/1.1" 200 110
186.103.158.250 - - [18/Oct/2018:12:25:56 -0300] "GET /cormun/servlet/hlogin HTTP/1.1" 200 1717
186.103.158.250 - - [18/Oct/2018:12:25:57 -0300] "GET /cormun/servlet/hlogin HTTP/1.1" 200 1728
186.67.172.234 - - [18/Oct/2018:12:26:05 -0300] "POST /cormun/servlet/solicitudot?gx-no-cache=1539876219398 HTTP/1.1" 200 72
186.103.158.250 - - [18/Oct/2018:12:26:09 -0300] "POST /cormun/servlet/hlogin?851213645d314302d2be483e7196075b,gx-no-cache=1539876258293 HTTP/1.1" 200 90
186.103.158.250 - - [18/Oct/2018:12:26:10 -0300] "GET /cormun/servlet/hpexe_link HTTP/1.1" 200 948
186.103.158.250 - - [18/Oct/2018:12:26:10 -0300] "GET /cormun/servlet/hhome HTTP/1.1" 200 4277
186.103.158.250 - - [18/Oct/2018:12:26:12 -0300] "GET /cormun/servlet/hhome HTTP/1.1" 200 4274
186.103.158.250 - - [18/Oct/2018:12:26:12 -0300] "GET /cormun/static/SmoothNavMenu/resources/images/right.gif HTTP/1.1" 200 860
186.67.172.234 - - [18/Oct/2018:12:26:13 -0300] "GET /cormun/servlet/solicitudot?2f3097a6fb265dbf897743941c094689df3dff7424654e9d12865964ebb9d05dd09cf2c8d77a582fa69fa88a23eece5031b43bf6810c891bfa080023454528aa5ffed7b5b658def86a98f8259ef40b31d541426b7636f49b3a93b66a870658fdf0f7e85e5238e40c4e052abcf87c94a3,gx-no-cache=1539876228124 HTTP/1.1" 200 29
186.67.172.234 - - [18/Oct/2018:12:26:13 -0300] "GET /cormun/static/menuarrow.gif HTTP/1.1" 404 1015
186.103.158.250 - - [18/Oct/2018:12:26:15 -0300] "GET /cormun/servlet/trvisualizadoreventos? HTTP/1.1" 200 7045
186.103.158.250 - - [18/Oct/2018:12:26:16 -0300] "GET /cormun/static/Resources/PXToolsActionPrint.png HTTP/1.1" 200 3317
186.103.158.250 - - [18/Oct/2018:12:26:16 -0300] "GET /cormun/static/gxcfg.js?20175251251426 HTTP/1.1" 200 953
186.103.158.250 - - [18/Oct/2018:12:26:17 -0300] "GET /cormun/servlet/trvisualizadoreventos? HTTP/1.1" 200 7045
186.103.158.250 - - [18/Oct/2018:12:26:24 -0300] "GET /cormun/servlet/trautorizarsolicitud? HTTP/1.1" 200 7391
186.103.158.250 - - [18/Oct/2018:12:26:24 -0300] "GET /cormun/static/gxcfg.js?2017111423403364 HTTP/1.1" 200 953
186.103.158.250 - - [18/Oct/2018:12:26:25 -0300] "GET /cormun/servlet/trautorizarsolicitud? HTTP/1.1" 200 7391
186.67.172.234 - - [18/Oct/2018:12:26:26 -0300] "GET /cormun/servlet/solicitudot?2f3097a6fb265dbf897743941c0946899fbe97b6b29ab02a9db37041bd88641c9aad922d6749f3bdf6533ed54879d12e,gx-no-cache=1539876240403 HTTP/1.1" 200 30
186.103.158.250 - - [18/Oct/2018:12:26:32 -0300] "GET /cormun/servlet/trvisualizadoreventos? HTTP/1.1" 200 7045
186.103.158.250 - - [18/Oct/2018:12:26:34 -0300] "GET /cormun/servlet/trvisualizadoreventos? HTTP/1.1" 200 7045
186.67.172.234 - - [18/Oct/2018:12:26:35 -0300] "POST /cormun/servlet/solicitudot?gx-no-cache=1539876249653 HTTP/1.1" 200 30
186.103.158.250 - - [18/Oct/2018:12:26:38 -0300] "POST /cormun/servlet/trvisualizadoreventos?851213645d314302d2be483e7196075b,,gx-no-cache=1539876286383 HTTP/1.1" 200 4202
186.103.158.250 - - [18/Oct/2018:12:26:38 -0300] "POST /cormun/servlet/trvisualizadoreventos?851213645d314302d2be483e7196075b,,gx-no-cache=1539876287324 HTTP/1.1" 200 4202
186.103.158.250 - - [18/Oct/2018:12:26:39 -0300] "POST /cormun/servlet/trvisualizadoreventos?851213645d314302d2be483e7196075b,,gx-no-cache=1539876287860 HTTP/1.1" 200 4202
186.103.158.250 - - [18/Oct/2018:12:26:39 -0300] "POST /cormun/servlet/trvisualizadoreventos?851213645d314302d2be483e7196075b,,gx-no-cache=1539876288133 HTTP/1.1" 200 4202
186.103.158.250 - - [18/Oct/2018:12:26:40 -0300] "POST /cormun/servlet/trvisualizadoreventos?851213645d314302d2be483e7196075b,,gx-no-cache=1539876288395 HTTP/1.1" 200 4202
186.103.158.250 - - [18/Oct/2018:12:26:45 -0300] "GET /cormun/servlet/trcontratounov2? HTTP/1.1" 200 17752
186.103.158.250 - - [18/Oct/2018:12:26:45 -0300] "GET /cormun/static/gxcfg.js?201752512124396 HTTP/1.1" 200 953
186.103.158.250 - - [18/Oct/2018:12:26:46 -0300] "GET /cormun/static/trcontratounov2.js?201752512125146 HTTP/1.1" 200 38486
186.103.158.250 - - [18/Oct/2018:12:26:46 -0300] "GET /cormun/static/Resources/PXToolsAddSelectedAction.png HTTP/1.1" 200 3660
186.103.158.250 - - [18/Oct/2018:12:26:47 -0300] "GET /cormun/servlet/trcontratounov2? HTTP/1.1" 200 17744
186.103.158.250 - - [18/Oct/2018:12:27:01 -0300] "GET /cormun/servlet/trautorizarsolicitud? HTTP/1.1" 200 7387
200.54.247.70 - - [18/Oct/2018:12:27:02 -0300] "GET /cormun/servlet/trlicencias? HTTP/1.1" 200 7294
186.103.158.250 - - [18/Oct/2018:12:27:03 -0300] "GET /cormun/servlet/trautorizarsolicitud? HTTP/1.1" 200 7386
200.54.247.70 - - [18/Oct/2018:12:27:03 -0300] "GET /cormun/servlet/trlicencias? HTTP/1.1" 200 7292
186.103.158.250 - - [18/Oct/2018:12:27:05 -0300] "POST /cormun/servlet/trautorizarsolicitud?851213645d314302d2be483e7196075b,,gx-no-cache=1539876314042 HTTP/1.1" 200 4469
186.103.158.250 - - [18/Oct/2018:12:27:06 -0300] "POST /cormun/servlet/trautorizarsolicitud?851213645d314302d2be483e7196075b,,gx-no-cache=1539876315240 HTTP/1.1" 200 4469
200.54.247.70 - - [18/Oct/2018:12:27:09 -0300] "POST /cormun/servlet/trlicencias?27be9d4e01d1784b8cb5f843b2bef4ee,,gx-no-cache=1539876343406 HTTP/1.1" 200 10298
186.103.158.250 - - [18/Oct/2018:12:27:14 -0300] "POST /cormun/servlet/trautorizarsolicitud?851213645d314302d2be483e7196075b,,gx-no-cache=1539876323195 HTTP/1.1" 200 4479
186.103.158.250 - - [18/Oct/2018:12:27:16 -0300] "POST /cormun/servlet/trautorizarsolicitud?851213645d314302d2be483e7196075b,,gx-no-cache=1539876324419 HTTP/1.1" 200 4478
186.103.158.250 - - [18/Oct/2018:12:27:29 -0300] "GET /cormun/servlet/trsolicitudcuentarbd? HTTP/1.1" 200 7029
186.103.158.250 - - [18/Oct/2018:12:27:29 -0300] "GET /cormun/static/gxcfg.js?20183619402487 HTTP/1.1" 200 953
186.103.158.250 - - [18/Oct/2018:12:27:29 -0300] "GET /cormun/static/trsolicitudcuentarbd.js?2018361940291 HTTP/1.1" 200 29350
186.103.158.250 - - [18/Oct/2018:12:27:30 -0300] "GET /cormun/servlet/trsolicitudcuentarbd? HTTP/1.1" 200 7028
186.103.158.250 - - [18/Oct/2018:12:27:32 -0300] "POST /cormun/servlet/acontrolpreferencessavestate?None,CERIKAKS,true HTTP/1.1" 200 35
186.103.158.250 - - [18/Oct/2018:12:27:35 -0300] "GET /cormun/servlet/trautorizarsolicitud? HTTP/1.1" 200 7408
186.103.158.250 - - [18/Oct/2018:12:27:37 -0300] "GET /cormun/servlet/trautorizarsolicitud? HTTP/1.1" 200 7407
186.103.158.250 - - [18/Oct/2018:12:27:41 -0300] "GET /cormun/servlet/trvisualizadoreventos? HTTP/1.1" 200 7059
186.103.158.250 - - [18/Oct/2018:12:27:46 -0300] "GET /cormun/servlet/trvisualizadoreventos? HTTP/1.1" 200 7059
186.103.158.250 - - [18/Oct/2018:12:28:01 -0300] "POST /cormun/servlet/trvisualizadoreventos?851213645d314302d2be483e7196075b,,gx-no-cache=1539876369469 HTTP/1.1" 200 4204
186.67.172.234 - - [18/Oct/2018:12:28:02 -0300] "GET /cormun/servlet/solicitudot?2f3097a6fb265dbf897743941c09468968cb37da721e83d45d59e08d6f0f218771023d52d5ecea1f11265980b371eb1bf4ae8d553ef4a98b02abaff624b4a2faea80c1f49892d4108be523b3d0dc3381864e824e8ddbe6e2ec63ebcb929cf332993a3ddc8e8f2f87d0eda476ba30353f0b3abfd7753192570235eac1107cc2e03847d5bd472f40df2072a7ccaa6ba34588e79d0af7ae6acee472b032564eb24f33d0f73a957af5ef5ae2d56bc8e87a893697cb4ebd4b5f0e3e282f6138fcf493fa362ca902cd2a14e82728e6702cc8c59ac3648382379fe16bc8a14da25a9f9d5ed955aeff4e6fbd71d0d568ce90ecb6e8824c839ea981b98625976ecbc95c561ab928a023d1683bd3491f89b011684b9190be322ec80f3810151be83e84f98dd564af3e5b733662d03a2fbe0d8dc0acd0070ebd83d7241489c101f500aeb24f029d96049c3ea94efe389463d85d67d69c51e942327ff6e913c0ebce0c5ee03237bbd911ba9d4992615afe6053695581c15070c39437171658e4102b928d37d7,gx-no-cache=1539876337267 HTTP/1.1" 200 30
186.67.172.234 - - [18/Oct/2018:12:28:02 -0300] "POST /cormun/servlet/solicitudot?gx-no-cache=1539876337363 HTTP/1.1" 200 30
186.67.172.234 - - [18/Oct/2018:12:28:03 -0300] "POST /cormun/servlet/solicitudot?gx-no-cache=1539876337403 HTTP/1.1" 200 1267
186.67.172.234 - - [18/Oct/2018:12:28:03 -0300] "POST /cormun/servlet/solicitudot?gx-no-cache=1539876337442 HTTP/1.1" 200 41
186.67.172.234 - - [18/Oct/2018:12:28:03 -0300] "GET /cormun/servlet/solicitudot?2f3097a6fb265dbf897743941c09468949b858ba02be18f27208737a1be12eaaf561ddb5dfec4d7b2e0cda46949e176923a8e73489298a0f0926e63474ea034dd717e7fc22f3a3e514c52a67178653dfe3f199a709dbca33a1a6c526f4980b4cc35015d7ef65e328905ad2738c72b2bc,gx-no-cache=1539876337475 HTTP/1.1" 200 110
186.103.158.250 - - [18/Oct/2018:12:28:06 -0300] "POST /cormun/servlet/trvisualizadoreventos?851213645d314302d2be483e7196075b,,gx-no-cache=1539876375190 HTTP/1.1" 200 4204
186.103.158.250 - - [18/Oct/2018:12:28:13 -0300] "GET /cormun/servlet/trautorizarsolicitud? HTTP/1.1" 200 7413
186.103.158.250 - - [18/Oct/2018:12:28:15 -0300] "GET /cormun/servlet/trautorizarsolicitud? HTTP/1.1" 200 7412
186.67.172.234 - - [18/Oct/2018:12:28:21 -0300] "POST /cormun/servlet/solicitudot?gx-no-cache=1539876355991 HTTP/1.1" 200 67
186.67.172.234 - - [18/Oct/2018:12:28:21 -0300] "GET /cormun/servlet/solicitudot?2f3097a6fb265dbf897743941c0946899fbe97b6b29ab02a9db37041bd88641c9aad922d6749f3bdf6533ed54879d12e,gx-no-cache=1539876356107 HTTP/1.1" 200 30
186.67.172.234 - - [18/Oct/2018:12:28:21 -0300] "POST /cormun/servlet/solicitudot?gx-no-cache=1539876356156 HTTP/1.1" 200 30
186.103.158.250 - - [18/Oct/2018:12:28:23 -0300] "GET /cormun/servlet/trsolicitudot? HTTP/1.1" 200 9338
186.103.158.250 - - [18/Oct/2018:12:28:25 -0300] "GET /cormun/servlet/trsolicitudot? HTTP/1.1" 200 9337
186.103.158.250 - - [18/Oct/2018:12:28:33 -0300] "POST /cormun/servlet/trsolicitudot?851213645d314302d2be483e7196075b,,gx-no-cache=1539876401233 HTTP/1.1" 200 6452
186.103.158.250 - - [18/Oct/2018:12:28:33 -0300] "GET /cormun/static/Shared/jqueryui/images/ui-bg_highlight-soft_100_c6c2c8_1x100.png HTTP/1.1" 404 1117
186.103.158.250 - - [18/Oct/2018:12:28:33 -0300] "GET /cormun/static/Shared/jqueryui/images/ui-icons_82798d_256x240.png HTTP/1.1" 404 1089
186.103.158.250 - - [18/Oct/2018:12:28:33 -0300] "GET /cormun/static/Shared/jqueryui/images/ui-bg_flat_55_fafafa_40x100.png HTTP/1.1" 404 1097
186.103.158.250 - - [18/Oct/2018:12:28:33 -0300] "GET /cormun/static/Shared/jqueryui/images/ui-icons_8d78a5_256x240.png HTTP/1.1" 404 1089
186.67.172.234 - - [18/Oct/2018:12:28:34 -0300] "POST /cormun/servlet/solicitudot?4694f20e9d181b40dcc0143402f02654,INS,0,0,,gx-no-cache=1539876368128 HTTP/1.1" 200 93
186.67.172.234 - - [18/Oct/2018:12:28:34 -0300] "GET /cormun/servlet/hpexe_return? HTTP/1.1" 200 1009
186.67.172.234 - - [18/Oct/2018:12:28:34 -0300] "GET /cormun/servlet/trsolicitudot HTTP/1.1" 200 8897
186.67.172.234 - - [18/Oct/2018:12:28:35 -0300] "GET /cormun//static/Resources/PXToolsActionView.png HTTP/1.1" 200 2995
186.67.172.234 - - [18/Oct/2018:12:28:35 -0300] "GET /cormun//static/Resources/PXToolsRemoveAllAction.png HTTP/1.1" 200 3558
186.67.172.234 - - [18/Oct/2018:12:28:35 -0300] "GET /cormun/servlet/trsolicitudot HTTP/1.1" 200 8893
186.103.158.250 - - [18/Oct/2018:12:28:38 -0300] "POST /cormun/servlet/trsolicitudot?851213645d314302d2be483e7196075b,,gx-no-cache=1539876406508 HTTP/1.1" 200 107
186.103.158.250 - - [18/Oct/2018:12:28:38 -0300] "GET /cormun/servlet/trsolicitudadjuntos?2018,12268, HTTP/1.1" 200 9913
186.67.172.234 - - [18/Oct/2018:12:28:39 -0300] "POST /cormun/servlet/trsolicitudot?4694f20e9d181b40dcc0143402f02654,gx-no-cache=1539876373489 HTTP/1.1" 200 107
186.67.172.234 - - [18/Oct/2018:12:28:39 -0300] "GET /cormun/servlet/trsolicitudadjuntos?2018,12273, HTTP/1.1" 200 6429
186.67.172.234 - - [18/Oct/2018:12:28:39 -0300] "GET /cormun/static/gxcfg.js?20177612135366 HTTP/1.1" 200 953
186.67.172.234 - - [18/Oct/2018:12:28:39 -0300] "GET /cormun/static/trsolicitudadjuntos.js?20177612135632 HTTP/1.1" 200 17922
186.67.172.234 - - [18/Oct/2018:12:28:39 -0300] "GET /cormun/servlet/trsolicitudadjuntos?2018,12273, HTTP/1.1" 200 6428
186.103.158.250 - - [18/Oct/2018:12:28:40 -0300] "GET /cormun/servlet/trsolicitudadjuntos?2018,12268, HTTP/1.1" 200 9915
186.67.172.234 - - [18/Oct/2018:12:28:41 -0300] "GET /cormun/servlet/solicitudotadjuntos?INS,2018,12273,,1, HTTP/1.1" 200 6371
186.67.172.234 - - [18/Oct/2018:12:28:41 -0300] "GET /cormun/static/gxcfg.js?2017761244068 HTTP/1.1" 200 953
186.67.172.234 - - [18/Oct/2018:12:28:41 -0300] "GET /cormun/static/solicitudotadjuntos.js?2017761244086 HTTP/1.1" 200 11771
186.67.172.234 - - [18/Oct/2018:12:28:42 -0300] "GET /cormun/static/about:blank HTTP/1.1" 404 1011
186.67.172.234 - - [18/Oct/2018:12:28:42 -0300] "GET /cormun/servlet/solicitudotadjuntos?INS,2018,12273,,1, HTTP/1.1" 200 6365
186.67.172.234 - - [18/Oct/2018:12:28:42 -0300] "GET /cormun/servlet/solicitudotadjuntos?2f3097a6fb265dbf897743941c094689cf75cb325cdc0489cb59fe7de82001ecf93c48204113e681112f521b7f9acc05,gx-no-cache=1539876377154 HTTP/1.1" 200 30
186.67.172.234 - - [18/Oct/2018:12:28:42 -0300] "POST /cormun/servlet/solicitudotadjuntos?4694f20e9d181b40dcc0143402f02654,INS,2018,12273,,1,,gx-no-cache=1539876377222 HTTP/1.1" 200 4068
186.103.158.250 - - [18/Oct/2018:12:28:45 -0300] "GET /cormun/servlet/solicitudotadjuntos?INS,2018,12268,,1, HTTP/1.1" 200 6340
186.103.158.250 - - [18/Oct/2018:12:28:45 -0300] "GET /cormun/static/about:blank HTTP/1.1" 404 1011
186.103.158.250 - - [18/Oct/2018:12:28:46 -0300] "GET /cormun/servlet/solicitudotadjuntos?INS,2018,12268,,1, HTTP/1.1" 200 6333
186.103.158.250 - - [18/Oct/2018:12:28:47 -0300] "GET /cormun/servlet/solicitudotadjuntos?3e60543cdf3a092cf51f406de6fa41fb7e62f1a591963eb85509e0b63f86918d7b0cc21ea91b05d9a7dda286c3526c63,gx-no-cache=1539876415767 HTTP/1.1" 200 30
186.67.172.234 - - [18/Oct/2018:12:28:47 -0300] "POST /cormun/servlet/solicitudotadjuntos?gx-no-cache=1539876382327 HTTP/1.1" 200 26
186.103.158.250 - - [18/Oct/2018:12:28:48 -0300] "POST /cormun/servlet/solicitudotadjuntos?851213645d314302d2be483e7196075b,INS,2018,12268,,1,,gx-no-cache=1539876415948 HTTP/1.1" 200 4061
186.103.158.250 - - [18/Oct/2018:12:28:50 -0300] "POST /cormun/servlet/solicitudotadjuntos?gx-no-cache=1539876419228 HTTP/1.1" 200 26
186.67.172.234 - - [18/Oct/2018:12:28:56 -0300] "GET /cormun/servlet/solicitudotadjuntos?2f3097a6fb265dbf897743941c094689372ecbf007de6b9a76b350df2f48270e,gx-no-cache=1539876390667 HTTP/1.1" 200 30
186.67.172.234 - - [18/Oct/2018:12:28:56 -0300] "GET /cormun/servlet/solicitudotadjuntos?2f3097a6fb265dbf897743941c094689372ecbf007de6b9a76b350df2f48270e,gx-no-cache=1539876390689 HTTP/1.1" 200 30
186.67.172.234 - - [18/Oct/2018:12:28:56 -0300] "POST /cormun/servlet/solicitudotadjuntos?4694f20e9d181b40dcc0143402f02654,INS,2018,12273,,1, HTTP/1.1" 200 116
186.67.172.234 - - [18/Oct/2018:12:28:56 -0300] "GET /cormun/servlet/hpexe_return? HTTP/1.1" 200 1028
186.67.172.234 - - [18/Oct/2018:12:28:56 -0300] "GET /cormun/servlet/trsolicitudadjuntos?2018,12273, HTTP/1.1" 200 9021
186.67.172.234 - - [18/Oct/2018:12:28:57 -0300] "GET /cormun/servlet/trsolicitudadjuntos?2018,12273, HTTP/1.1" 200 9020
186.103.158.250 - - [18/Oct/2018:12:28:58 -0300] "GET /cormun/servlet/solicitudotadjuntos?3e60543cdf3a092cf51f406de6fa41fbe795d091a3f564979c7122db8a9a9114,gx-no-cache=1539876426476 HTTP/1.1" 200 30
186.103.158.250 - - [18/Oct/2018:12:28:58 -0300] "GET /cormun/servlet/solicitudotadjuntos?3e60543cdf3a092cf51f406de6fa41fbe795d091a3f564979c7122db8a9a9114,gx-no-cache=1539876426609 HTTP/1.1" 200 30
186.103.158.250 - - [18/Oct/2018:12:29:00 -0300] "POST /cormun/servlet/solicitudotadjuntos?851213645d314302d2be483e7196075b,INS,2018,12268,,1, HTTP/1.1" 200 116
186.103.158.250 - - [18/Oct/2018:12:29:00 -0300] "GET /cormun/servlet/hpexe_return? HTTP/1.1" 200 1024
186.67.172.234 - - [18/Oct/2018:12:29:00 -0300] "GET /cormun/servlet/solicitudotadjuntos?INS,2018,12273,,1, HTTP/1.1" 200 6372
186.67.172.234 - - [18/Oct/2018:12:29:00 -0300] "GET /cormun/static/about:blank HTTP/1.1" 404 1011
186.67.172.234 - - [18/Oct/2018:12:29:01 -0300] "GET /cormun/servlet/solicitudotadjuntos?INS,2018,12273,,1, HTTP/1.1" 200 6366
186.103.158.250 - - [18/Oct/2018:12:29:01 -0300] "GET /cormun/servlet/trsolicitudadjuntos?2018,12268, HTTP/1.1" 200 10150
186.67.172.234 - - [18/Oct/2018:12:29:01 -0300] "GET /cormun/servlet/solicitudotadjuntos?2f3097a6fb265dbf897743941c094689cf75cb325cdc0489cb59fe7de82001ecf93c48204113e681112f521b7f9acc05,gx-no-cache=1539876395926 HTTP/1.1" 200 30
186.67.172.234 - - [18/Oct/2018:12:29:01 -0300] "POST /cormun/servlet/solicitudotadjuntos?4694f20e9d181b40dcc0143402f02654,INS,2018,12273,,1,,gx-no-cache=1539876395975 HTTP/1.1" 200 4069
186.103.158.250 - - [18/Oct/2018:12:29:03 -0300] "GET /cormun/servlet/trsolicitudadjuntos?2018,12268, HTTP/1.1" 200 10148
186.67.172.234 - - [18/Oct/2018:12:29:04 -0300] "POST /cormun/servlet/solicitudotadjuntos?gx-no-cache=1539876399187 HTTP/1.1" 200 26
186.103.158.250 - - [18/Oct/2018:12:29:13 -0300] "GET /cormun/servlet/trsolicitudot? HTTP/1.1" 200 9344
186.67.172.234 - - [18/Oct/2018:12:29:14 -0300] "GET /cormun/servlet/solicitudotadjuntos?2f3097a6fb265dbf897743941c094689372ecbf007de6b9a76b350df2f48270e,gx-no-cache=1539876409091 HTTP/1.1" 200 30
186.67.172.234 - - [18/Oct/2018:12:29:14 -0300] "GET /cormun/servlet/solicitudotadjuntos?2f3097a6fb265dbf897743941c094689372ecbf007de6b9a76b350df2f48270e,gx-no-cache=1539876409195 HTTP/1.1" 200 30
186.103.158.250 - - [18/Oct/2018:12:29:15 -0300] "GET /cormun/servlet/trsolicitudot? HTTP/1.1" 200 9337
186.67.172.234 - - [18/Oct/2018:12:29:16 -0300] "POST /cormun/servlet/solicitudotadjuntos?4694f20e9d181b40dcc0143402f02654,INS,2018,12273,,1, HTTP/1.1" 200 116
186.67.172.234 - - [18/Oct/2018:12:29:16 -0300] "GET /cormun/servlet/hpexe_return? HTTP/1.1" 200 1028
186.67.172.234 - - [18/Oct/2018:12:29:17 -0300] "GET /cormun/servlet/trsolicitudadjuntos?2018,12273, HTTP/1.1" 200 9247
186.67.172.234 - - [18/Oct/2018:12:29:17 -0300] "GET /cormun/servlet/trsolicitudadjuntos?2018,12273, HTTP/1.1" 200 9244
186.67.172.234 - - [18/Oct/2018:12:29:20 -0300] "GET /cormun/servlet/solicitudotadjuntos?INS,2018,12273,,1, HTTP/1.1" 200 6372
186.67.172.234 - - [18/Oct/2018:12:29:20 -0300] "GET /cormun/static/about:blank HTTP/1.1" 404 1011
186.67.172.234 - - [18/Oct/2018:12:29:20 -0300] "GET /cormun/servlet/solicitudotadjuntos?INS,2018,12273,,1, HTTP/1.1" 200 6366
186.67.172.234 - - [18/Oct/2018:12:29:20 -0300] "GET /cormun/servlet/solicitudotadjuntos?2f3097a6fb265dbf897743941c094689cf75cb325cdc0489cb59fe7de82001ecf93c48204113e681112f521b7f9acc05,gx-no-cache=1539876415327 HTTP/1.1" 200 30
186.67.172.234 - - [18/Oct/2018:12:29:21 -0300] "POST /cormun/servlet/solicitudotadjuntos?4694f20e9d181b40dcc0143402f02654,INS,2018,12273,,1,,gx-no-cache=1539876415378 HTTP/1.1" 200 4069
186.103.158.250 - - [18/Oct/2018:12:29:21 -0300] "POST /cormun/servlet/trsolicitudot?851213645d314302d2be483e7196075b,,gx-no-cache=1539876449190 HTTP/1.1" 200 5958
186.103.158.250 - - [18/Oct/2018:12:29:21 -0300] "GET /cormun/static/Shared/jqueryui/images/ui-bg_highlight-soft_100_c6c2c8_1x100.png HTTP/1.1" 404 1117
186.103.158.250 - - [18/Oct/2018:12:29:21 -0300] "GET /cormun/static/Shared/jqueryui/images/ui-icons_82798d_256x240.png HTTP/1.1" 404 1089
186.103.158.250 - - [18/Oct/2018:12:29:21 -0300] "GET /cormun/static/Shared/jqueryui/images/ui-bg_flat_55_fafafa_40x100.png HTTP/1.1" 404 1097
186.103.158.250 - - [18/Oct/2018:12:29:21 -0300] "GET /cormun/static/Shared/jqueryui/images/ui-icons_8d78a5_256x240.png HTTP/1.1" 404 1089
186.103.158.250 - - [18/Oct/2018:12:29:22 -0300] "POST /cormun/servlet/trsolicitudot?851213645d314302d2be483e7196075b,,gx-no-cache=1539876450208 HTTP/1.1" 200 5901
186.67.172.234 - - [18/Oct/2018:12:29:23 -0300] "POST /cormun/servlet/solicitudotadjuntos?gx-no-cache=1539876418338 HTTP/1.1" 200 26
186.67.172.234 - - [18/Oct/2018:12:29:29 -0300] "GET /cormun/servlet/solicitudotadjuntos?2f3097a6fb265dbf897743941c094689372ecbf007de6b9a76b350df2f48270e,gx-no-cache=1539876424299 HTTP/1.1" 200 30
186.67.172.234 - - [18/Oct/2018:12:29:29 -0300] "GET /cormun/servlet/solicitudotadjuntos?2f3097a6fb265dbf897743941c094689372ecbf007de6b9a76b350df2f48270e,gx-no-cache=1539876424319 HTTP/1.1" 200 30
186.67.172.234 - - [18/Oct/2018:12:29:30 -0300] "POST /cormun/servlet/solicitudotadjuntos?4694f20e9d181b40dcc0143402f02654,INS,2018,12273,,1, HTTP/1.1" 200 116
186.67.172.234 - - [18/Oct/2018:12:29:30 -0300] "GET /cormun/servlet/hpexe_return? HTTP/1.1" 200 1028
186.67.172.234 - - [18/Oct/2018:12:29:31 -0300] "GET /cormun/servlet/trsolicitudadjuntos?2018,12273, HTTP/1.1" 200 9411
186.67.172.234 - - [18/Oct/2018:12:29:31 -0300] "GET /cormun/servlet/trsolicitudadjuntos?2018,12273, HTTP/1.1" 200 9408
186.67.172.234 - - [18/Oct/2018:12:29:34 -0300] "GET /cormun/servlet/solicitudotadjuntos?INS,2018,12273,,1, HTTP/1.1" 200 6372
186.67.172.234 - - [18/Oct/2018:12:29:34 -0300] "GET /cormun/static/about:blank HTTP/1.1" 404 1011
186.67.172.234 - - [18/Oct/2018:12:29:34 -0300] "GET /cormun/servlet/solicitudotadjuntos?INS,2018,12273,,1, HTTP/1.1" 200 6366
186.67.172.234 - - [18/Oct/2018:12:29:35 -0300] "GET /cormun/servlet/solicitudotadjuntos?2f3097a6fb265dbf897743941c094689cf75cb325cdc0489cb59fe7de82001ecf93c48204113e681112f521b7f9acc05,gx-no-cache=1539876429777 HTTP/1.1" 200 30
186.67.172.234 - - [18/Oct/2018:12:29:35 -0300] "POST /cormun/servlet/solicitudotadjuntos?4694f20e9d181b40dcc0143402f02654,INS,2018,12273,,1,,gx-no-cache=1539876429840 HTTP/1.1" 200 4069
186.103.158.250 - - [18/Oct/2018:12:29:36 -0300] "POST /cormun/servlet/trsolicitudot?851213645d314302d2be483e7196075b,,gx-no-cache=1539876463201 HTTP/1.1" 200 4759
186.103.158.250 - - [18/Oct/2018:12:29:36 -0300] "POST /cormun/servlet/trsolicitudot?851213645d314302d2be483e7196075b,,gx-no-cache=1539876464821 HTTP/1.1" 200 4536
186.67.172.234 - - [18/Oct/2018:12:29:38 -0300] "POST /cormun/servlet/solicitudotadjuntos?gx-no-cache=1539876433362 HTTP/1.1" 200 26
186.67.172.234 - - [18/Oct/2018:12:29:45 -0300] "GET /cormun/servlet/solicitudotadjuntos?2f3097a6fb265dbf897743941c094689372ecbf007de6b9a76b350df2f48270e,gx-no-cache=1539876440034 HTTP/1.1" 200 30
186.67.172.234 - - [18/Oct/2018:12:29:45 -0300] "GET /cormun/servlet/solicitudotadjuntos?2f3097a6fb265dbf897743941c094689372ecbf007de6b9a76b350df2f48270e,gx-no-cache=1539876440046 HTTP/1.1" 200 30
186.67.172.234 - - [18/Oct/2018:12:29:45 -0300] "POST /cormun/servlet/solicitudotadjuntos?4694f20e9d181b40dcc0143402f02654,INS,2018,12273,,1, HTTP/1.1" 200 116
186.67.172.234 - - [18/Oct/2018:12:29:46 -0300] "GET /cormun/servlet/hpexe_return? HTTP/1.1" 200 1028
186.67.172.234 - - [18/Oct/2018:12:29:46 -0300] "GET /cormun/servlet/trsolicitudadjuntos?2018,12273, HTTP/1.1" 200 9624
186.67.172.234 - - [18/Oct/2018:12:29:47 -0300] "GET /cormun/servlet/trsolicitudadjuntos?2018,12273, HTTP/1.1" 200 9622
186.67.172.234 - - [18/Oct/2018:12:29:49 -0300] "GET /cormun/servlet/solicitudotadjuntos?INS,2018,12273,,1, HTTP/1.1" 200 6372
186.67.172.234 - - [18/Oct/2018:12:29:50 -0300] "GET /cormun/static/about:blank HTTP/1.1" 404 1011
186.67.172.234 - - [18/Oct/2018:12:29:50 -0300] "GET /cormun/servlet/solicitudotadjuntos?INS,2018,12273,,1, HTTP/1.1" 200 6366
186.67.172.234 - - [18/Oct/2018:12:29:50 -0300] "GET /cormun/servlet/solicitudotadjuntos?2f3097a6fb265dbf897743941c094689cf75cb325cdc0489cb59fe7de82001ecf93c48204113e681112f521b7f9acc05,gx-no-cache=1539876445046 HTTP/1.1" 200 30
186.67.172.234 - - [18/Oct/2018:12:29:50 -0300] "POST /cormun/servlet/solicitudotadjuntos?4694f20e9d181b40dcc0143402f02654,INS,2018,12273,,1,,gx-no-cache=1539876445079 HTTP/1.1" 200 4069
186.67.172.234 - - [18/Oct/2018:12:29:55 -0300] "POST /cormun/servlet/solicitudotadjuntos?gx-no-cache=1539876449603 HTTP/1.1" 200 26
186.103.158.250 - - [18/Oct/2018:12:29:56 -0300] "GET /cormun/servlet/trvisualizadoreventos? HTTP/1.1" 200 7060
186.103.158.250 - - [18/Oct/2018:12:29:58 -0300] "GET /cormun/servlet/trvisualizadoreventos? HTTP/1.1" 200 7059
186.67.172.234 - - [18/Oct/2018:12:30:00 -0300] "GET /cormun/servlet/solicitudotadjuntos?2f3097a6fb265dbf897743941c094689372ecbf007de6b9a76b350df2f48270e,gx-no-cache=1539876455379 HTTP/1.1" 200 30
186.67.172.234 - - [18/Oct/2018:12:30:00 -0300] "GET /cormun/servlet/solicitudotadjuntos?2f3097a6fb265dbf897743941c094689372ecbf007de6b9a76b350df2f48270e,gx-no-cache=1539876455398 HTTP/1.1" 200 30
186.67.172.234 - - [18/Oct/2018:12:30:01 -0300] "POST /cormun/servlet/solicitudotadjuntos?4694f20e9d181b40dcc0143402f02654,INS,2018,12273,,1, HTTP/1.1" 200 116
186.67.172.234 - - [18/Oct/2018:12:30:01 -0300] "GET /cormun/servlet/hpexe_return? HTTP/1.1" 200 1028
186.103.158.250 - - [18/Oct/2018:12:30:01 -0300] "GET /cormun/servlet/trautorizarsolicitud? HTTP/1.1" 200 8741
186.67.172.234 - - [18/Oct/2018:12:30:01 -0300] "GET /cormun/servlet/trsolicitudadjuntos?2018,12273, HTTP/1.1" 200 9874
186.67.172.234 - - [18/Oct/2018:12:30:02 -0300] "GET /cormun/servlet/trsolicitudadjuntos?2018,12273, HTTP/1.1" 200 9873
186.103.158.250 - - [18/Oct/2018:12:30:02 -0300] "GET /cormun/servlet/trautorizarsolicitud? HTTP/1.1" 200 8740
186.67.172.234 - - [18/Oct/2018:12:30:04 -0300] "GET /cormun/servlet/solicitudotadjuntos?INS,2018,12273,,1, HTTP/1.1" 200 6372
186.67.172.234 - - [18/Oct/2018:12:30:05 -0300] "GET /cormun/static/about:blank HTTP/1.1" 404 1011
186.67.172.234 - - [18/Oct/2018:12:30:05 -0300] "GET /cormun/servlet/solicitudotadjuntos?INS,2018,12273,,1, HTTP/1.1" 200 6366
186.67.172.234 - - [18/Oct/2018:12:30:05 -0300] "GET /cormun/servlet/solicitudotadjuntos?2f3097a6fb265dbf897743941c094689cf75cb325cdc0489cb59fe7de82001ecf93c48204113e681112f521b7f9acc05,gx-no-cache=1539876460250 HTTP/1.1" 200 30
186.67.172.234 - - [18/Oct/2018:12:30:05 -0300] "POST /cormun/servlet/solicitudotadjuntos?4694f20e9d181b40dcc0143402f02654,INS,2018,12273,,1,,gx-no-cache=1539876460283 HTTP/1.1" 200 4069
186.67.172.234 - - [18/Oct/2018:12:30:08 -0300] "POST /cormun/servlet/solicitudotadjuntos?gx-no-cache=1539876462634 HTTP/1.1" 200 26
186.103.158.250 - - [18/Oct/2018:12:30:11 -0300] "POST /cormun/servlet/trautorizarsolicitud?851213645d314302d2be483e7196075b,,gx-no-cache=1539876499814 HTTP/1.1" 200 4670
186.103.158.250 - - [18/Oct/2018:12:30:11 -0300] "GET /cormun/static/Shared/jqueryui/images/ui-bg_highlight-soft_100_c6c2c8_1x100.png HTTP/1.1" 404 1117
186.103.158.250 - - [18/Oct/2018:12:30:11 -0300] "GET /cormun/static/Shared/jqueryui/images/ui-icons_82798d_256x240.png HTTP/1.1" 404 1089
186.103.158.250 - - [18/Oct/2018:12:30:11 -0300] "GET /cormun/static/Shared/jqueryui/images/ui-bg_flat_55_fafafa_40x100.png HTTP/1.1" 404 1097
186.103.158.250 - - [18/Oct/2018:12:30:11 -0300] "GET /cormun/static/Shared/jqueryui/images/ui-icons_8d78a5_256x240.png HTTP/1.1" 404 1089
186.103.158.250 - - [18/Oct/2018:12:30:11 -0300] "POST /cormun/servlet/trautorizarsolicitud?851213645d314302d2be483e7196075b,,gx-no-cache=1539876500229 HTTP/1.1" 200 4460
186.67.172.234 - - [18/Oct/2018:12:30:16 -0300] "GET /cormun/servlet/solicitudotadjuntos?2f3097a6fb265dbf897743941c094689372ecbf007de6b9a76b350df2f48270e,gx-no-cache=1539876471267 HTTP/1.1" 200 30
186.67.172.234 - - [18/Oct/2018:12:30:16 -0300] "GET /cormun/servlet/solicitudotadjuntos?2f3097a6fb265dbf897743941c094689372ecbf007de6b9a76b350df2f48270e,gx-no-cache=1539876471288 HTTP/1.1" 200 30
186.103.158.250 - - [18/Oct/2018:12:30:17 -0300] "GET /cormun/servlet/trvisualizadoreventos? HTTP/1.1" 200 7060
186.67.172.234 - - [18/Oct/2018:12:30:18 -0300] "POST /cormun/servlet/solicitudotadjuntos?4694f20e9d181b40dcc0143402f02654,INS,2018,12273,,1, HTTP/1.1" 200 116
186.67.172.234 - - [18/Oct/2018:12:30:18 -0300] "GET /cormun/servlet/hpexe_return? HTTP/1.1" 200 1028
186.103.158.250 - - [18/Oct/2018:12:30:19 -0300] "GET /cormun/servlet/trvisualizadoreventos? HTTP/1.1" 200 7059
186.67.172.234 - - [18/Oct/2018:12:30:19 -0300] "GET /cormun/servlet/trsolicitudadjuntos?2018,12273, HTTP/1.1" 200 10092
186.67.172.234 - - [18/Oct/2018:12:30:20 -0300] "GET /cormun/servlet/trsolicitudadjuntos?2018,12273, HTTP/1.1" 200 10085
186.103.158.250 - - [18/Oct/2018:12:30:24 -0300] "GET /cormun/servlet/trsolicitudcuentarbd? HTTP/1.1" 200 7036
186.103.158.250 - - [18/Oct/2018:12:30:25 -0300] "GET /cormun/servlet/trsolicitudcuentarbd? HTTP/1.1" 200 7035
186.67.172.234 - - [18/Oct/2018:12:30:30 -0300] "POST /cormun/servlet/trsolicitudadjuntos?4694f20e9d181b40dcc0143402f02654,2018,12273,,gx-no-cache=1539876484903 HTTP/1.1" 200 90
186.67.172.234 - - [18/Oct/2018:12:30:30 -0300] "GET /cormun/servlet/hpexe_link HTTP/1.1" 200 970
186.67.172.234 - - [18/Oct/2018:12:30:30 -0300] "GET /cormun/servlet/trsolicitudot HTTP/1.1" 200 8894
186.67.172.234 - - [18/Oct/2018:12:30:31 -0300] "GET /cormun/servlet/trsolicitudot HTTP/1.1" 200 8893
186.67.172.234 - - [18/Oct/2018:12:30:43 -0300] "POST /cormun/servlet/trsolicitudot?4694f20e9d181b40dcc0143402f02654,gx-no-cache=1539876497511 HTTP/1.1" 200 4746
186.67.172.234 - - [18/Oct/2018:12:30:43 -0300] "GET /cormun/static/Shared/jqueryui/images/ui-bg_highlight-soft_100_c6c2c8_1x100.png HTTP/1.1" 404 1117
186.67.172.234 - - [18/Oct/2018:12:30:43 -0300] "GET /cormun/static/Shared/jqueryui/images/ui-icons_82798d_256x240.png HTTP/1.1" 404 1089
186.67.172.234 - - [18/Oct/2018:12:30:43 -0300] "GET /cormun/static/Shared/jqueryui/images/ui-bg_flat_55_fafafa_40x100.png HTTP/1.1" 404 1097
186.67.172.234 - - [18/Oct/2018:12:30:43 -0300] "GET /cormun/static/Shared/jqueryui/images/ui-icons_8d78a5_256x240.png HTTP/1.1" 404 1089
186.67.172.234 - - [18/Oct/2018:12:30:43 -0300] "POST /cormun/servlet/trsolicitudot?4694f20e9d181b40dcc0143402f02654,gx-no-cache=1539876497867 HTTP/1.1" 200 4532
186.67.172.234 - - [18/Oct/2018:12:30:47 -0300] "GET /cormun/servlet/trautorizarsolicitud? HTTP/1.1" 200 8786
186.67.172.234 - - [18/Oct/2018:12:30:47 -0300] "GET /cormun/static/gxcfg.js?2017111423403364 HTTP/1.1" 200 953
186.67.172.234 - - [18/Oct/2018:12:30:47 -0300] "GET /cormun/static/trautorizarsolicitud.js?201711142340425 HTTP/1.1" 200 53910
186.67.172.234 - - [18/Oct/2018:12:30:48 -0300] "GET /cormun/servlet/trautorizarsolicitud? HTTP/1.1" 200 8786
186.103.158.250 - - [18/Oct/2018:12:34:48 -0300] "GET /cormun/servlet/trfichaempleado? HTTP/1.1" 200 12528
186.103.158.250 - - [18/Oct/2018:12:34:48 -0300] "GET /cormun/static/gxcfg.js?20177616262612 HTTP/1.1" 200 953
186.103.158.250 - - [18/Oct/2018:12:34:49 -0300] "GET /cormun/static/trfichaempleado.js?20177616262887 HTTP/1.1" 200 22815
186.103.158.250 - - [18/Oct/2018:12:34:58 -0300] "POST /cormun/servlet/acontrolpreferencessavestate?None,CERIKAKS,true HTTP/1.1" 200 35
186.103.158.250 - - [18/Oct/2018:12:39:12 -0300] "GET /cormun/servlet/trfichaempleado? HTTP/1.1" 200 12528
200.54.247.70 - - [18/Oct/2018:12:44:24 -0300] "POST /cormun/servlet/trlicencias?27be9d4e01d1784b8cb5f843b2bef4ee,,gx-no-cache=1539877378871 HTTP/1.1" 200 10342
200.54.247.70 - - [18/Oct/2018:12:46:24 -0300] "GET /cormun/servlet/trlicencias? HTTP/1.1" 200 12891
200.54.247.70 - - [18/Oct/2018:12:46:25 -0300] "GET /cormun/servlet/trlicencias? HTTP/1.1" 200 12891
200.54.247.70 - - [18/Oct/2018:12:46:26 -0300] "GET /cormun/servlet/licenciaspermisos?INS,0,,, HTTP/1.1" 200 7878
200.54.247.70 - - [18/Oct/2018:12:46:26 -0300] "GET /cormun/static/gxcfg.js?201762917281167 HTTP/1.1" 304 -
200.54.247.70 - - [18/Oct/2018:12:46:27 -0300] "GET /cormun/servlet/licenciaspermisos?INS,0,,, HTTP/1.1" 200 7886
200.54.247.70 - - [18/Oct/2018:12:47:13 -0300] "POST /cormun/servlet/licenciaspermisos?27be9d4e01d1784b8cb5f843b2bef4ee,INS,0,,,,gx-no-cache=1539877547803 HTTP/1.1" 200 5173
200.54.247.70 - - [18/Oct/2018:12:47:13 -0300] "GET /cormun/static/Shared/jqueryui/images/ui-bg_highlight-soft_100_c6c2c8_1x100.png HTTP/1.1" 404 1117
200.54.247.70 - - [18/Oct/2018:12:47:13 -0300] "GET /cormun/static/Shared/jqueryui/images/ui-icons_82798d_256x240.png HTTP/1.1" 404 1089
200.54.247.70 - - [18/Oct/2018:12:47:13 -0300] "GET /cormun/static/Shared/jqueryui/images/ui-bg_flat_55_994d53_40x100.png HTTP/1.1" 404 1097
200.54.247.70 - - [18/Oct/2018:12:47:13 -0300] "GET /cormun/static/Shared/jqueryui/images/ui-icons_ebccce_256x240.png HTTP/1.1" 404 1089
200.54.247.70 - - [18/Oct/2018:12:47:18 -0300] "GET /cormun/servlet/licenciaspermisos?c83077328c375c0375eb6c6ebd5edd43f014eab35d8261bcf26f3851f0bd1e38d8a817c4257c9d63238c46ab3b7f650636489fced06e95ce9590a682b31ba98cd5ace81db0d8df91529409d4972f99ba092f2b97bdbe51e950124109d18030e3a93c14c23fd8c7b87606b8c8eb7714ae36489fced06e95ce9590a682b31ba98c236cec966861d171fc3a8208cd64cf78e81807f3346d654402c164234cb3c33be37daddb04bec920a969bedff27cc5d0578a4709ca01d78fd0500a6c17233756134cd48e429a61b72988c63ddaf9ca51,gx-no-cache=1539877553056 HTTP/1.1" 200 99
200.54.247.70 - - [18/Oct/2018:12:47:18 -0300] "POST /cormun/servlet/licenciaspermisos?27be9d4e01d1784b8cb5f843b2bef4ee,INS,0,,,,gx-no-cache=1539877553119 HTTP/1.1" 200 4950
200.54.247.70 - - [18/Oct/2018:12:47:54 -0300] "GET /cormun/static/menuarrow.gif HTTP/1.1" 404 1015
185.128.40.182 - - [18/Oct/2018:12:48:00 -0300] "GET /manager/html HTTP/1.1" 401 2474
185.128.40.182 - tomcat [18/Oct/2018:12:48:00 -0300] "GET /manager/html HTTP/1.1" 403 3196
185.128.40.182 - - [18/Oct/2018:12:48:01 -0300] "GET /manager/html HTTP/1.1" 401 2474
185.128.40.182 - - [18/Oct/2018:12:48:01 -0300] "GET /manager/html HTTP/1.1" 401 2474
185.128.40.182 - - [18/Oct/2018:12:48:02 -0300] "GET /manager/html HTTP/1.1" 401 2474
185.128.40.182 - - [18/Oct/2018:12:48:02 -0300] "GET /manager/html HTTP/1.1" 401 2474
185.128.40.182 - - [18/Oct/2018:12:48:03 -0300] "GET /manager/html HTTP/1.1" 401 2474
185.128.40.182 - - [18/Oct/2018:12:48:03 -0300] "GET /manager/html HTTP/1.1" 401 2474
185.128.40.182 - - [18/Oct/2018:12:48:04 -0300] "GET /manager/html HTTP/1.1" 401 2474
185.128.40.182 - - [18/Oct/2018:12:48:04 -0300] "GET /manager/html HTTP/1.1" 401 2474
185.128.40.182 - - [18/Oct/2018:12:48:05 -0300] "GET /manager/html HTTP/1.1" 401 2474
185.128.40.182 - - [18/Oct/2018:12:48:05 -0300] "GET /manager/html HTTP/1.1" 401 2474
185.128.40.182 - - [18/Oct/2018:12:48:06 -0300] "GET /manager/html HTTP/1.1" 401 2474
185.128.40.182 - - [18/Oct/2018:12:48:06 -0300] "GET /manager/html HTTP/1.1" 401 2474
185.128.40.182 - - [18/Oct/2018:12:48:07 -0300] "GET /manager/html HTTP/1.1" 401 2474
185.128.40.182 - - [18/Oct/2018:12:48:07 -0300] "GET /manager/html HTTP/1.1" 401 2474
185.128.40.182 - - [18/Oct/2018:12:48:08 -0300] "GET /manager/html HTTP/1.1" 401 2474
185.128.40.182 - - [18/Oct/2018:12:48:08 -0300] "GET /manager/html HTTP/1.1" 401 2474
185.128.40.182 - - [18/Oct/2018:12:48:09 -0300] "GET /manager/html HTTP/1.1" 401 2474
185.128.40.182 - - [18/Oct/2018:12:48:09 -0300] "GET /manager/html HTTP/1.1" 401 2474
185.128.40.182 - - [18/Oct/2018:12:48:10 -0300] "GET /manager/html HTTP/1.1" 401 2474
185.128.40.182 - - [18/Oct/2018:12:48:10 -0300] "GET /manager/html HTTP/1.1" 401 2474
185.128.40.182 - - [18/Oct/2018:12:48:11 -0300] "GET /manager/html HTTP/1.1" 401 2474
185.128.40.182 - - [18/Oct/2018:12:48:11 -0300] "GET /manager/html HTTP/1.1" 401 2474
185.128.40.182 - - [18/Oct/2018:12:48:12 -0300] "GET /manager/html HTTP/1.1" 401 2474
186.67.203.186 - - [18/Oct/2018:12:48:29 -0300] "GET /cormun/servlet/trpermisosgoce? HTTP/1.1" 200 6120
186.67.203.186 - - [18/Oct/2018:12:48:31 -0300] "GET /cormun/servlet/trpermisosgoce? HTTP/1.1" 200 6118
190.151.100.218 - - [18/Oct/2018:12:48:31 -0300] "GET /cormun/servlet/hlogin HTTP/1.1" 200 1742
186.67.203.186 - - [18/Oct/2018:12:48:40 -0300] "POST /cormun/servlet/hlogin?ee0b867b57f71105be6cdd3aba254686,gx-no-cache=1539877635513 HTTP/1.1" 200 90
186.67.203.186 - - [18/Oct/2018:12:48:41 -0300] "GET /cormun/servlet/hpexe_link HTTP/1.1" 200 958
186.67.203.186 - - [18/Oct/2018:12:48:44 -0300] "GET /cormun/servlet/trpermisosgoce HTTP/1.1" 200 10128
186.67.203.186 - - [18/Oct/2018:12:48:45 -0300] "GET /cormun/servlet/trpermisosgoce HTTP/1.1" 200 10127
186.103.161.206 - - [18/Oct/2018:12:48:58 -0300] "GET /cormun/servlet/trpermisosadjuntos?14011465,20181018085615,P, HTTP/1.1" 200 6644
186.103.161.206 - - [18/Oct/2018:12:48:58 -0300] "GET /cormun/servlet/trpermisosadjuntos?14011465,20181018085615,P, HTTP/1.1" 200 6645
200.54.247.70 - - [18/Oct/2018:12:49:00 -0300] "GET /cormun/servlet/licenciaspermisos?c83077328c375c0375eb6c6ebd5edd435f05f0aed7bf67a3facc5dce5c979a3a5424af625a88e62635473a0acbeac9dff75f3c8752e1130e892f5f1b178c548a5221d91899444c2a6bbfa4eb19ba668a2efb607cd93a86ba464cee0d835d761dbd5fc3245b138c8471df396cc5cfb0898ffde7593161039ca6fecfc5f45e92595b913b45bb4bbf361d063de130af69ae8f94f2d9296124bc1c786891ad9b0c9da940d6e42e193d125a7933f7f3433a90,gx-no-cache=1539877654527 HTTP/1.1" 200 30
200.54.247.70 - - [18/Oct/2018:12:49:00 -0300] "GET /cormun/servlet/licenciaspermisos?c83077328c375c0375eb6c6ebd5edd4365b4b7875b5a58a12c8e452faa2f83cebeafd5fecfd93d949672c7e675ea8d4942bb90b80c519fae5a1d7a2ba7c9517a31924f1e95af5b2c17300ed68603d07bd13a164a5f3f66f391bb6eb3857cde146e726dc6c8b8f1d2990a8fb93969a9a51613b3289c3ad5c462eaa9da5432762271163ea43df99bde7eb655408fcfcef369ed88162ef05fbcef37e4c9a0324265d76d4ce38e9d849d99edafc9e9afda88,gx-no-cache=1539877654710 HTTP/1.1" 200 29
200.54.247.70 - - [18/Oct/2018:12:49:00 -0300] "POST /cormun/servlet/licenciaspermisos?27be9d4e01d1784b8cb5f843b2bef4ee,INS,0,,,,gx-no-cache=1539877654794 HTTP/1.1" 200 93
200.54.247.70 - - [18/Oct/2018:12:49:00 -0300] "GET /cormun/servlet/hpexe_return? HTTP/1.1" 200 1013
200.54.247.70 - - [18/Oct/2018:12:49:00 -0300] "GET /cormun/static/gxcfg.js?2016101716175148 HTTP/1.1" 304 -
200.54.247.70 - - [18/Oct/2018:12:49:01 -0300] "GET /cormun/servlet/trlicencias HTTP/1.1" 200 13375
186.103.161.206 - - [18/Oct/2018:12:49:01 -0300] "GET /cormun/servlet/permisosadjuntos?INS,14011465,P,20181018085615,, HTTP/1.1" 200 5979
200.54.247.70 - - [18/Oct/2018:12:49:01 -0300] "GET /cormun/servlet/trlicencias HTTP/1.1" 200 13370
186.103.161.206 - - [18/Oct/2018:12:49:01 -0300] "GET /cormun/static/about:blank HTTP/1.1" 404 1011
186.103.161.206 - - [18/Oct/2018:12:49:02 -0300] "GET /cormun/servlet/permisosadjuntos?INS,14011465,P,20181018085615,, HTTP/1.1" 200 5969
200.54.247.70 - - [18/Oct/2018:12:49:08 -0300] "GET /cormun/servlet/trlicenciaspermisosadjuntos?16141244,20181018000000,L, HTTP/1.1" 200 6686
200.54.247.70 - - [18/Oct/2018:12:49:08 -0300] "GET /cormun/static/gxcfg.js?20177612163414 HTTP/1.1" 304 -
200.54.247.70 - - [18/Oct/2018:12:49:08 -0300] "GET /cormun/servlet/trlicenciaspermisosadjuntos?16141244,20181018000000,L, HTTP/1.1" 200 6687
200.54.247.70 - - [18/Oct/2018:12:49:09 -0300] "GET /cormun/servlet/licenciaspermisosadjuntos?INS,16141244,L,20181018000000,, HTTP/1.1" 200 5987
200.54.247.70 - - [18/Oct/2018:12:49:10 -0300] "GET /cormun/static/gxcfg.js?2017761263592 HTTP/1.1" 304 -
200.54.247.70 - - [18/Oct/2018:12:49:10 -0300] "GET /cormun/static/about:blank HTTP/1.1" 404 1011
200.54.247.70 - - [18/Oct/2018:12:49:10 -0300] "GET /cormun/servlet/licenciaspermisosadjuntos?INS,16141244,L,20181018000000,, HTTP/1.1" 200 5976
200.54.247.70 - - [18/Oct/2018:12:49:24 -0300] "POST /cormun/servlet/licenciaspermisosadjuntos?27be9d4e01d1784b8cb5f843b2bef4ee,INS,16141244,L,20181018000000,, HTTP/1.1" 200 116
200.54.247.70 - - [18/Oct/2018:12:49:24 -0300] "GET /cormun/servlet/hpexe_return? HTTP/1.1" 200 1041
200.54.247.70 - - [18/Oct/2018:12:49:24 -0300] "GET /cormun/servlet/trlicenciaspermisosadjuntos?16141244,20181018000000,L, HTTP/1.1" 200 7208
200.54.247.70 - - [18/Oct/2018:12:49:25 -0300] "GET /cormun/servlet/trlicenciaspermisosadjuntos?16141244,20181018000000,L, HTTP/1.1" 200 7206
200.54.247.70 - - [18/Oct/2018:12:49:26 -0300] "GET /cormun/PublicTempStorage/doc014220201810181247016032852.pdf HTTP/1.1" 200 692393
186.103.132.155 - - [18/Oct/2018:12:49:29 -0300] "POST /cormun/servlet/permisosadjuntos?ee0b867b57f71105be6cdd3aba254686,INS,14011465,P,20181018085615,, HTTP/1.1" 200 116
186.103.132.155 - - [18/Oct/2018:12:49:29 -0300] "GET /cormun/servlet/hpexe_return? HTTP/1.1" 200 1039
186.103.132.155 - - [18/Oct/2018:12:49:29 -0300] "GET /cormun/servlet/trpermisosadjuntos?14011465,20181018085615,P, HTTP/1.1" 200 7146
186.103.132.155 - - [18/Oct/2018:12:49:30 -0300] "GET /cormun/servlet/trpermisosadjuntos?14011465,20181018085615,P, HTTP/1.1" 200 7142
186.67.203.186 - - [18/Oct/2018:12:49:41 -0300] "POST /cormun/servlet/trpermisosadjuntos?ee0b867b57f71105be6cdd3aba254686,14011465,20181018085615,P,,gx-no-cache=1539877690801 HTTP/1.1" 200 90
186.67.203.186 - - [18/Oct/2018:12:49:41 -0300] "GET /cormun/servlet/hpexe_link HTTP/1.1" 200 984
186.67.203.186 - - [18/Oct/2018:12:49:41 -0300] "GET /cormun/servlet/trpermisosgoce HTTP/1.1" 200 10132
186.67.203.186 - - [18/Oct/2018:12:49:42 -0300] "GET /cormun/servlet/trpermisosgoce HTTP/1.1" 200 10127
200.54.247.70 - - [18/Oct/2018:12:49:47 -0300] "GET /cormun/servlet/trlicenciaspermisosadjuntos?16141244,20181018000000,L, HTTP/1.1" 200 7208
200.54.247.70 - - [18/Oct/2018:12:49:47 -0300] "GET /cormun/servlet/trlicenciaspermisosadjuntos?16141244,20181018000000,L, HTTP/1.1" 200 7204
190.151.100.218 - - [18/Oct/2018:12:49:48 -0300] "POST /cormun/servlet/trpermisosgoce?ee0b867b57f71105be6cdd3aba254686,gx-no-cache=1539877701523 HTTP/1.1" 200 7188
190.151.100.218 - - [18/Oct/2018:12:49:49 -0300] "GET /cormun/static/Shared/jqueryui/images/ui-bg_highlight-soft_100_c6c2c8_1x100.png HTTP/1.1" 404 1117
186.103.161.206 - - [18/Oct/2018:12:49:49 -0300] "GET /cormun/static/Shared/jqueryui/images/ui-icons_82798d_256x240.png HTTP/1.1" 404 1089
190.151.100.218 - - [18/Oct/2018:12:49:49 -0300] "GET /cormun/static/Shared/jqueryui/images/ui-bg_flat_55_fafafa_40x100.png HTTP/1.1" 404 1097
186.103.161.206 - - [18/Oct/2018:12:49:49 -0300] "GET /cormun/static/Shared/jqueryui/images/ui-icons_8d78a5_256x240.png HTTP/1.1" 404 1089
200.54.247.70 - - [18/Oct/2018:12:49:49 -0300] "GET /cormun/PublicTempStorage/doc014220201810181247019652550.pdf HTTP/1.1" 200 692393
186.103.161.206 - - [18/Oct/2018:12:49:53 -0300] "GET /cormun/servlet/trautorizarpermisogoce? HTTP/1.1" 200 8012
186.103.161.206 - - [18/Oct/2018:12:49:53 -0300] "GET /cormun/servlet/trautorizarpermisogoce? HTTP/1.1" 200 8011
200.54.247.70 - - [18/Oct/2018:12:49:54 -0300] "GET /cormun/servlet/trlicenciaspermisosadjuntos?16141244,20181018000000,L, HTTP/1.1" 200 7205
200.54.247.70 - - [18/Oct/2018:12:49:54 -0300] "GET /cormun/servlet/trlicenciaspermisosadjuntos?16141244,20181018000000,L, HTTP/1.1" 200 7205
200.54.247.70 - - [18/Oct/2018:12:49:56 -0300] "POST /cormun/servlet/trlicenciaspermisosadjuntos?27be9d4e01d1784b8cb5f843b2bef4ee,16141244,20181018000000,L,,gx-no-cache=1539877711461 HTTP/1.1" 200 90
200.54.247.70 - - [18/Oct/2018:12:49:56 -0300] "GET /cormun/servlet/hpexe_link HTTP/1.1" 200 984
200.54.247.70 - - [18/Oct/2018:12:49:57 -0300] "GET /cormun/servlet/trlicencias HTTP/1.1" 200 13371
200.54.247.70 - - [18/Oct/2018:12:49:57 -0300] "GET /cormun/servlet/trlicencias HTTP/1.1" 200 13369
200.54.247.70 - - [18/Oct/2018:12:49:59 -0300] "GET /cormun/servlet/alicenciaprn?16141244,L,20181018000000,PU HTTP/1.1" 200 1518
200.111.122.170 - - [18/Oct/2018:12:50:03 -0300] "POST /cormun/servlet/trautorizarpermisogoce?ee0b867b57f71105be6cdd3aba254686,,gx-no-cache=1539877713647 HTTP/1.1" 200 4438
200.111.122.170 - - [18/Oct/2018:12:50:03 -0300] "GET /cormun/static/Shared/jqueryui/images/ui-bg_highlight-soft_100_c6c2c8_1x100.png HTTP/1.1" 404 1117
200.72.197.82 - - [18/Oct/2018:12:50:03 -0300] "GET /cormun/static/Shared/jqueryui/images/ui-icons_82798d_256x240.png HTTP/1.1" 404 1089
186.10.12.250 - - [18/Oct/2018:12:50:03 -0300] "GET /cormun/static/Shared/jqueryui/images/ui-icons_8d78a5_256x240.png HTTP/1.1" 404 1089
190.151.100.218 - - [18/Oct/2018:12:50:03 -0300] "GET /cormun/static/Shared/jqueryui/images/ui-bg_flat_55_fafafa_40x100.png HTTP/1.1" 404 1097
200.111.122.170 - - [18/Oct/2018:12:50:07 -0300] "GET /cormun/servlet/trpermisosgoce? HTTP/1.1" 200 10121
200.111.122.170 - - [18/Oct/2018:12:50:08 -0300] "GET /cormun/servlet/trpermisosgoce? HTTP/1.1" 200 10120
186.103.161.206 - - [18/Oct/2018:12:50:16 -0300] "GET /cormun/servlet/trsolicitudot? HTTP/1.1" 200 7550
186.10.12.250 - - [18/Oct/2018:12:50:16 -0300] "GET /cormun/static/calendar-system.css?85620 HTTP/1.1" 200 5572
186.103.132.155 - - [18/Oct/2018:12:50:16 -0300] "GET /cormun/static/gxui/gxui-all.css?120300 HTTP/1.1" 200 2179
186.10.12.250 - - [18/Oct/2018:12:50:16 -0300] "GET /cormun/static/gxcfg.js?2017111422585916 HTTP/1.1" 200 953
186.10.12.250 - - [18/Oct/2018:12:50:16 -0300] "GET /cormun/static/trsolicitudot.js?201711142259839 HTTP/1.1" 200 54041
186.10.12.250 - - [18/Oct/2018:12:50:17 -0300] "GET /cormun/static/Resources/Spanish/PXTools.css?1255365 HTTP/1.1" 200 89042
186.103.161.206 - - [18/Oct/2018:12:50:17 -0300] "GET /cormun/static/Shared/ext/resources/css/ext-all.css?215870 HTTP/1.1" 200 416045
186.103.161.206 - - [18/Oct/2018:12:50:18 -0300] "GET /cormun/servlet/trsolicitudot? HTTP/1.1" 200 7550
200.54.247.70 - - [18/Oct/2018:12:50:21 -0300] "POST /cormun/servlet/trlicencias?27be9d4e01d1784b8cb5f843b2bef4ee,gx-no-cache=1539877735820 HTTP/1.1" 200 4363
200.54.247.70 - - [18/Oct/2018:12:50:44 -0300] "GET /cormun/servlet/trlicencias? HTTP/1.1" 200 7296
200.54.247.70 - - [18/Oct/2018:12:50:44 -0300] "GET /cormun/servlet/trlicencias? HTTP/1.1" 200 7296
200.54.247.70 - - [18/Oct/2018:12:50:46 -0300] "GET /cormun/servlet/licenciaspermisos?INS,0,,, HTTP/1.1" 200 7878
200.54.247.70 - - [18/Oct/2018:12:50:47 -0300] "GET /cormun/servlet/licenciaspermisos?INS,0,,, HTTP/1.1" 200 7886
200.54.247.70 - - [18/Oct/2018:12:51:11 -0300] "POST /cormun/servlet/licenciaspermisos?27be9d4e01d1784b8cb5f843b2bef4ee,INS,0,,,,gx-no-cache=1539877786047 HTTP/1.1" 200 5187
200.54.247.70 - - [18/Oct/2018:12:51:11 -0300] "GET /cormun/static/Shared/jqueryui/images/ui-bg_highlight-soft_100_c6c2c8_1x100.png HTTP/1.1" 404 1117
200.54.247.70 - - [18/Oct/2018:12:51:11 -0300] "GET /cormun/static/Shared/jqueryui/images/ui-icons_82798d_256x240.png HTTP/1.1" 404 1089
200.54.247.70 - - [18/Oct/2018:12:51:11 -0300] "GET /cormun/static/Shared/jqueryui/images/ui-bg_flat_55_994d53_40x100.png HTTP/1.1" 404 1097
200.54.247.70 - - [18/Oct/2018:12:51:11 -0300] "GET /cormun/static/Shared/jqueryui/images/ui-icons_ebccce_256x240.png HTTP/1.1" 404 1089
200.54.247.70 - - [18/Oct/2018:12:51:14 -0300] "GET /cormun/servlet/prfichaempleado?,MD,,gxPopupLevel%3D0%3B HTTP/1.1" 200 9439
200.54.247.70 - - [18/Oct/2018:12:51:14 -0300] "GET /cormun/static/gxcfg.js?20177612134814 HTTP/1.1" 304 -
186.103.159.46 - - [18/Oct/2018:12:51:17 -0300] "GET /cormun/servlet/hlogin HTTP/1.1" 200 1726
186.103.159.46 - - [18/Oct/2018:12:51:17 -0300] "GET /cormun/servlet/hlogin HTTP/1.1" 200 1737
200.54.247.70 - - [18/Oct/2018:12:51:24 -0300] "POST /cormun/servlet/prfichaempleado?27be9d4e01d1784b8cb5f843b2bef4ee,,MD,,gxPopupLevel%3D0%3B,gx-no-cache=1539877799239 HTTP/1.1" 200 3431
200.54.247.70 - - [18/Oct/2018:12:51:27 -0300] "GET /cormun/servlet/licenciaspermisos?c83077328c375c0375eb6c6ebd5edd4390a3984fd02a312dac7619cf923d201e3df0ef055161115b5abf132ee9b97d32,gx-no-cache=1539877801838 HTTP/1.1" 200 100
