186.79.115.233 - - [27/Sep/2018:08:38:39 -0300] "GET /cormun/static/hpexe_tabsview.js?201610171694228 HTTP/1.1" 200 1661
186.79.115.233 - - [27/Sep/2018:08:38:39 -0300] "GET /cormun/static/tbsolicitudot01.js?2017111422581186 HTTP/1.1" 200 30566
186.79.115.233 - - [27/Sep/2018:08:38:39 -0300] "GET /cormun/static/calendar-system.css HTTP/1.1" 200 5572
201.215.248.34 - - [27/Sep/2018:08:38:39 -0300] "GET /cormun/static/Resources/PXToolsTabBackSelected.png HTTP/1.1" 200 1157
186.79.115.233 - - [27/Sep/2018:08:38:39 -0300] "GET /cormun/static/Resources/PXToolsTabBackUnselected.png HTTP/1.1" 200 1175
201.215.248.34 - - [27/Sep/2018:08:38:39 -0300] "GET /cormun/static/Resources/PXToolsTabSelectedUnselected.png HTTP/1.1" 200 1428
186.79.115.233 - - [27/Sep/2018:08:38:39 -0300] "GET /cormun/static/Resources/PXToolsTabUnselectedUnselected.png HTTP/1.1" 200 1459
201.215.248.34 - - [27/Sep/2018:08:38:40 -0300] "GET /cormun/servlet/vesolicitudot?2018,12217,, HTTP/1.1" 200 8674
200.112.233.47 - - [27/Sep/2018:08:38:49 -0300] "GET /cormun/servlet/licenciaspermisos?09c4fb225bebd94b2cd74ba49259d4bccffed6345f7e29f864f5965cc48769166a645d9d36d8ff299c47704b93525296c92531c561c24cd710f39482e5626e4475581d2ea42fb6d1e044e63f72e06fb8b962afffa14c364db92007d7a3becd66ca5e837f3125ebf3f0081eba2d2c459604c4f3d88304fb0cbbd61bab612a63a81e2774f05d76b48f9f7e3e6f939b4f19c812c60f549ab704a3c91fe61301881ccecf6d57fb096f74d1f25489e63b99fd,gx-no-cache=1538048247703 HTTP/1.1" 200 30
200.112.233.47 - - [27/Sep/2018:08:38:49 -0300] "GET /cormun/servlet/licenciaspermisos?09c4fb225bebd94b2cd74ba49259d4bc3984b19e8d3571ade364d367be74ed4cdc470fd25a69f65676c353136bbf501fe183bcf0bb49cd4e04bb1004ed61bf604862b3f9f9fb3eeb8bc291865554c741ef40c7dbb9cc521c9c0bf1f58c6bec254a48cd3b37d9b1fc95dde571f45f1dfff8ef456b6fb7e64ef77c7ca71e896215dab3ba838391dbca7bfdd6f969007cf453334af2a39b7f472e37046e2bd80fa306d0781a7aa10ae7fd52f395445c883f,gx-no-cache=1538048248110 HTTP/1.1" 200 29
200.112.233.47 - - [27/Sep/2018:08:38:50 -0300] "POST /cormun/servlet/licenciaspermisos?7bcf10ed7840acfa43c5df4650276fa5,INS,0,,,,gx-no-cache=1538048248220 HTTP/1.1" 200 93
200.112.233.47 - - [27/Sep/2018:08:38:50 -0300] "GET /cormun/servlet/hpexe_return? HTTP/1.1" 200 1015
200.112.233.47 - - [27/Sep/2018:08:38:50 -0300] "GET /cormun/servlet/trlicencias HTTP/1.1" 200 10504
200.112.233.47 - - [27/Sep/2018:08:38:51 -0300] "GET /cormun/servlet/trlicencias HTTP/1.1" 200 10498
200.112.233.47 - - [27/Sep/2018:08:38:54 -0300] "GET /cormun/servlet/trlicenciaspermisosadjuntos?11842464,20180927000000,L, HTTP/1.1" 200 6667
200.112.233.47 - - [27/Sep/2018:08:38:55 -0300] "GET /cormun/static/gxcfg.js?20177612163414 HTTP/1.1" 304 -
200.112.233.47 - - [27/Sep/2018:08:38:55 -0300] "GET /cormun/servlet/trlicenciaspermisosadjuntos?11842464,20180927000000,L, HTTP/1.1" 200 6668
200.112.233.47 - - [27/Sep/2018:08:38:58 -0300] "GET /cormun/servlet/licenciaspermisosadjuntos?INS,11842464,L,20180927000000,, HTTP/1.1" 200 5968
200.112.233.47 - - [27/Sep/2018:08:38:58 -0300] "GET /cormun/static/gxcfg.js?2017761263592 HTTP/1.1" 304 -
200.112.233.47 - - [27/Sep/2018:08:38:59 -0300] "GET /cormun/static/about:blank HTTP/1.1" 404 1011
200.112.233.47 - - [27/Sep/2018:08:39:00 -0300] "GET /cormun/servlet/licenciaspermisosadjuntos?INS,11842464,L,20180927000000,, HTTP/1.1" 200 5957
200.112.233.47 - - [27/Sep/2018:08:39:28 -0300] "POST /cormun/servlet/licenciaspermisosadjuntos?7bcf10ed7840acfa43c5df4650276fa5,INS,11842464,L,20180927000000,, HTTP/1.1" 200 116
200.112.233.47 - - [27/Sep/2018:08:39:28 -0300] "GET /cormun/servlet/hpexe_return? HTTP/1.1" 200 1045
200.112.233.47 - - [27/Sep/2018:08:39:29 -0300] "GET /cormun/servlet/trlicenciaspermisosadjuntos?11842464,20180927000000,L, HTTP/1.1" 200 7209
200.112.233.47 - - [27/Sep/2018:08:39:30 -0300] "GET /cormun/servlet/trlicenciaspermisosadjuntos?11842464,20180927000000,L, HTTP/1.1" 200 7205
201.215.248.34 - - [27/Sep/2018:08:39:31 -0300] "POST /cormun/servlet/vesolicitudot?02eac1a92ee2e50a76a4d84721c4c3c2,2018,12217,,,gx-no-cache=1538048289449 HTTP/1.1" 200 90
201.215.248.34 - - [27/Sep/2018:08:39:32 -0300] "GET /cormun/servlet/hpexe_link HTTP/1.1" 200 969
201.215.248.34 - - [27/Sep/2018:08:39:32 -0300] "GET /cormun/servlet/trsolicitudot HTTP/1.1" 200 8902
201.215.248.34 - - [27/Sep/2018:08:39:33 -0300] "GET /cormun/servlet/trsolicitudot HTTP/1.1" 200 8901
201.215.248.34 - - [27/Sep/2018:08:39:36 -0300] "POST /cormun/servlet/trsolicitudot?02eac1a92ee2e50a76a4d84721c4c3c2,gx-no-cache=1538048294885 HTTP/1.1" 200 106
201.215.248.34 - - [27/Sep/2018:08:39:37 -0300] "GET /cormun/servlet/trsolicitudadjuntos?2018,12217, HTTP/1.1" 200 6420
201.215.248.34 - - [27/Sep/2018:08:39:37 -0300] "GET /cormun/static/gxcfg.js?20177612135366 HTTP/1.1" 200 953
201.215.248.34 - - [27/Sep/2018:08:39:37 -0300] "GET /cormun/static/trsolicitudadjuntos.js?20177612135632 HTTP/1.1" 200 17922
201.215.248.34 - - [27/Sep/2018:08:39:38 -0300] "GET /cormun/servlet/trsolicitudadjuntos?2018,12217, HTTP/1.1" 200 6420
201.215.248.34 - - [27/Sep/2018:08:39:54 -0300] "GET /cormun/servlet/solicitudotadjuntos?INS,2018,12217,,1, HTTP/1.1" 200 6365
201.215.248.34 - - [27/Sep/2018:08:39:54 -0300] "GET /cormun/static/gxcfg.js?2017761244068 HTTP/1.1" 200 953
201.215.248.34 - - [27/Sep/2018:08:39:54 -0300] "GET /cormun/static/solicitudotadjuntos.js?2017761244086 HTTP/1.1" 200 11771
200.112.233.47 - - [27/Sep/2018:08:39:54 -0300] "POST /cormun/servlet/trlicenciaspermisosadjuntos?7bcf10ed7840acfa43c5df4650276fa5,11842464,20180927000000,L,,gx-no-cache=1538048312817 HTTP/1.1" 200 90
200.112.233.47 - - [27/Sep/2018:08:39:55 -0300] "GET /cormun/servlet/hpexe_link HTTP/1.1" 200 987
201.215.248.34 - - [27/Sep/2018:08:39:55 -0300] "GET /cormun/static/about:blank HTTP/1.1" 404 1011
201.215.248.34 - - [27/Sep/2018:08:39:55 -0300] "GET /cormun/servlet/solicitudotadjuntos?INS,2018,12217,,1, HTTP/1.1" 200 6358
200.112.233.47 - - [27/Sep/2018:08:39:55 -0300] "GET /cormun/servlet/trlicencias HTTP/1.1" 200 10501
201.215.248.34 - - [27/Sep/2018:08:39:56 -0300] "GET /cormun/servlet/solicitudotadjuntos?51f2df0765a6071c1e9dddc54372c15e59ad85bc8a32d129c7eb6516845940c675d081beb4cbf94486c175a1e08c5dd8,gx-no-cache=1538048314352 HTTP/1.1" 200 30
200.112.233.47 - - [27/Sep/2018:08:39:56 -0300] "GET /cormun/servlet/trlicencias HTTP/1.1" 200 10498
201.215.248.34 - - [27/Sep/2018:08:39:56 -0300] "POST /cormun/servlet/solicitudotadjuntos?02eac1a92ee2e50a76a4d84721c4c3c2,INS,2018,12217,,1,,gx-no-cache=1538048314522 HTTP/1.1" 200 4104
201.215.248.34 - - [27/Sep/2018:08:39:59 -0300] "POST /cormun/servlet/solicitudotadjuntos?gx-no-cache=1538048316904 HTTP/1.1" 200 26
200.112.233.47 - - [27/Sep/2018:08:40:01 -0300] "POST /cormun/servlet/trlicencias?7bcf10ed7840acfa43c5df4650276fa5,gx-no-cache=1538048320030 HTTP/1.1" 200 7779
200.112.233.47 - - [27/Sep/2018:08:40:01 -0300] "GET /cormun/static/Shared/jqueryui/images/ui-bg_highlight-soft_100_c6c2c8_1x100.png HTTP/1.1" 404 1117
200.112.233.47 - - [27/Sep/2018:08:40:02 -0300] "GET /cormun/static/Shared/jqueryui/images/ui-icons_82798d_256x240.png HTTP/1.1" 404 1089
200.112.233.47 - - [27/Sep/2018:08:40:02 -0300] "GET /cormun/static/Shared/jqueryui/images/ui-icons_8d78a5_256x240.png HTTP/1.1" 404 1089
200.112.233.47 - - [27/Sep/2018:08:40:03 -0300] "GET /cormun/static/Shared/jqueryui/images/ui-bg_flat_55_fafafa_40x100.png HTTP/1.1" 404 1097
200.112.233.47 - - [27/Sep/2018:08:40:09 -0300] "GET /cormun/servlet/alicenciaprn?11842464,L,20180927000000,PU HTTP/1.1" 200 1558
201.215.248.34 - - [27/Sep/2018:08:40:12 -0300] "GET /cormun/servlet/solicitudotadjuntos?51f2df0765a6071c1e9dddc54372c15e7f213e17b65ea5841655ef5464b1f43d,gx-no-cache=1538048331128 HTTP/1.1" 200 30
201.215.248.34 - - [27/Sep/2018:08:40:13 -0300] "GET /cormun/servlet/solicitudotadjuntos?51f2df0765a6071c1e9dddc54372c15e7f213e17b65ea5841655ef5464b1f43d,gx-no-cache=1538048331261 HTTP/1.1" 200 30
201.215.248.34 - - [27/Sep/2018:08:40:15 -0300] "POST /cormun/servlet/solicitudotadjuntos?02eac1a92ee2e50a76a4d84721c4c3c2,INS,2018,12217,,1, HTTP/1.1" 200 116
201.215.248.34 - - [27/Sep/2018:08:40:16 -0300] "GET /cormun/servlet/hpexe_return? HTTP/1.1" 200 1030
201.215.248.34 - - [27/Sep/2018:08:40:16 -0300] "GET /cormun/servlet/trsolicitudadjuntos?2018,12217, HTTP/1.1" 200 8978
201.215.248.34 - - [27/Sep/2018:08:40:17 -0300] "GET /cormun/servlet/trsolicitudadjuntos?2018,12217, HTTP/1.1" 200 8977
201.215.248.34 - - [27/Sep/2018:08:40:19 -0300] "GET /cormun/servlet/solicitudotadjuntos?INS,2018,12217,,1, HTTP/1.1" 200 6365
201.215.248.34 - - [27/Sep/2018:08:40:20 -0300] "GET /cormun/static/about:blank HTTP/1.1" 404 1011
201.215.248.34 - - [27/Sep/2018:08:40:20 -0300] "GET /cormun/servlet/solicitudotadjuntos?INS,2018,12217,,1, HTTP/1.1" 200 6358
201.215.248.34 - - [27/Sep/2018:08:40:21 -0300] "GET /cormun/servlet/solicitudotadjuntos?51f2df0765a6071c1e9dddc54372c15e59ad85bc8a32d129c7eb6516845940c675d081beb4cbf94486c175a1e08c5dd8,gx-no-cache=1538048339661 HTTP/1.1" 200 30
201.215.248.34 - - [27/Sep/2018:08:40:21 -0300] "POST /cormun/servlet/solicitudotadjuntos?02eac1a92ee2e50a76a4d84721c4c3c2,INS,2018,12217,,1,,gx-no-cache=1538048339819 HTTP/1.1" 200 4104
201.215.248.34 - - [27/Sep/2018:08:40:25 -0300] "POST /cormun/servlet/solicitudotadjuntos?gx-no-cache=1538048343463 HTTP/1.1" 200 26
192.168.10.96 - - [27/Sep/2018:08:40:30 -0300] "GET /cormun/servlet/hlogin HTTP/1.1" 200 1723
192.168.10.96 - - [27/Sep/2018:08:40:31 -0300] "GET /digitalizacion/servlet/hhome HTTP/1.1" 200 2606
190.46.192.47 - - [27/Sep/2018:08:40:32 -0300] "GET /cormun/PublicTempStorage/licencia_medica_susana_ramirez6204001.pdf HTTP/1.1" 200 147456
201.215.248.34 - - [27/Sep/2018:08:40:32 -0300] "GET /cormun/servlet/solicitudotadjuntos?51f2df0765a6071c1e9dddc54372c15e7f213e17b65ea5841655ef5464b1f43d,gx-no-cache=1538048350727 HTTP/1.1" 200 30
201.215.248.34 - - [27/Sep/2018:08:40:32 -0300] "GET /cormun/servlet/solicitudotadjuntos?51f2df0765a6071c1e9dddc54372c15e7f213e17b65ea5841655ef5464b1f43d,gx-no-cache=1538048350871 HTTP/1.1" 200 30
192.168.10.96 - - [27/Sep/2018:08:40:32 -0300] "GET /digitalizacion/servlet/hhome HTTP/1.1" 200 2621
192.168.10.96 - - [27/Sep/2018:08:40:33 -0300] "GET /digitalizacion/servlet/hlogin HTTP/1.1" 302 -
192.168.10.96 - - [27/Sep/2018:08:40:33 -0300] "GET /digitalizacion/servlet/wblogin? HTTP/1.1" 200 2330
201.215.248.34 - - [27/Sep/2018:08:40:39 -0300] "POST /cormun/servlet/solicitudotadjuntos?02eac1a92ee2e50a76a4d84721c4c3c2,INS,2018,12217,,1, HTTP/1.1" 200 116
201.215.248.34 - - [27/Sep/2018:08:40:39 -0300] "GET /cormun/servlet/hpexe_return? HTTP/1.1" 200 1030
201.215.248.34 - - [27/Sep/2018:08:40:39 -0300] "GET /cormun/servlet/trsolicitudadjuntos?2018,12217, HTTP/1.1" 200 9186
192.168.10.96 - - [27/Sep/2018:08:40:40 -0300] "POST /digitalizacion/servlet/wblogin?8310643621e21706ea4f5c36e5820bdf,,gx-no-cache=1538048206339 HTTP/1.1" 200 65
192.168.10.96 - - [27/Sep/2018:08:40:40 -0300] "GET /digitalizacion/servlet/hhome HTTP/1.1" 200 2821
192.168.10.96 - - [27/Sep/2018:08:40:40 -0300] "GET /digitalizacion/servlet/hhome HTTP/1.1" 200 2820
201.215.248.34 - - [27/Sep/2018:08:40:41 -0300] "GET /cormun/servlet/trsolicitudadjuntos?2018,12217, HTTP/1.1" 200 9187
186.103.159.188 - - [27/Sep/2018:08:40:42 -0300] "GET /cormun/servlet/hlogin HTTP/1.1" 200 1727
186.103.159.188 - - [27/Sep/2018:08:40:42 -0300] "GET /cormun/static/gxcfg.js?20177612122725 HTTP/1.1" 304 -
190.164.163.23 - - [27/Sep/2018:08:40:42 -0300] "GET /cormun/static/messages.spa.js?85251 HTTP/1.1" 304 -
192.168.10.96 - - [27/Sep/2018:08:40:42 -0300] "GET /digitalizacion/servlet/trclase? HTTP/1.1" 200 5159
190.164.163.23 - - [27/Sep/2018:08:40:42 -0300] "GET /cormun/servlet/hlogin HTTP/1.1" 200 1731
192.168.10.96 - - [27/Sep/2018:08:40:42 -0300] "GET /digitalizacion/servlet/trclase? HTTP/1.1" 200 5158
201.215.248.34 - - [27/Sep/2018:08:40:43 -0300] "GET /cormun/servlet/solicitudotadjuntos?INS,2018,12217,,1, HTTP/1.1" 200 6365
201.215.248.34 - - [27/Sep/2018:08:40:44 -0300] "GET /cormun/static/about:blank HTTP/1.1" 404 1011
192.168.10.96 - - [27/Sep/2018:08:40:44 -0300] "GET /digitalizacion/servlet/trdocumentos? HTTP/1.1" 200 9975
201.215.248.34 - - [27/Sep/2018:08:40:44 -0300] "GET /cormun/servlet/solicitudotadjuntos?INS,2018,12217,,1, HTTP/1.1" 200 6358
201.215.248.34 - - [27/Sep/2018:08:40:45 -0300] "GET /cormun/servlet/solicitudotadjuntos?51f2df0765a6071c1e9dddc54372c15e59ad85bc8a32d129c7eb6516845940c675d081beb4cbf94486c175a1e08c5dd8,gx-no-cache=1538048363661 HTTP/1.1" 200 30
192.168.10.96 - - [27/Sep/2018:08:40:45 -0300] "GET /digitalizacion/servlet/trdocumentos? HTTP/1.1" 200 9974
192.168.10.96 - - [27/Sep/2018:08:40:45 -0300] "POST /digitalizacion/servlet/trdocumentos?gx-no-cache=1538048212097 HTTP/1.1" 200 449
192.168.10.96 - - [27/Sep/2018:08:40:45 -0300] "POST /digitalizacion/servlet/trdocumentos?gx-no-cache=1538048212257 HTTP/1.1" 200 78
201.215.248.34 - - [27/Sep/2018:08:40:46 -0300] "POST /cormun/servlet/solicitudotadjuntos?02eac1a92ee2e50a76a4d84721c4c3c2,INS,2018,12217,,1,,gx-no-cache=1538048363819 HTTP/1.1" 200 4104
201.215.248.34 - - [27/Sep/2018:08:40:48 -0300] "POST /cormun/servlet/solicitudotadjuntos?gx-no-cache=1538048366806 HTTP/1.1" 200 26
190.164.163.23 - - [27/Sep/2018:08:40:49 -0300] "POST /cormun/servlet/hlogin?c463f22c3606fe0b1241cb63f6d09305,gx-no-cache=1538048366534 HTTP/1.1" 200 90
190.164.163.23 - - [27/Sep/2018:08:40:49 -0300] "GET /cormun/servlet/hpexe_link HTTP/1.1" 200 951
190.164.163.23 - - [27/Sep/2018:08:40:49 -0300] "GET /cormun/static/gxcfg.js?20177612121792 HTTP/1.1" 304 -
190.164.163.23 - - [27/Sep/2018:08:40:49 -0300] "GET /cormun/servlet/hhome HTTP/1.1" 200 4016
190.164.163.23 - - [27/Sep/2018:08:40:49 -0300] "GET /cormun/static/gxcfg.js?20175251212442 HTTP/1.1" 304 -
190.164.163.23 - - [27/Sep/2018:08:40:50 -0300] "GET /cormun/static/hmpwkw03.js?20189613443875 HTTP/1.1" 304 -
190.164.163.23 - - [27/Sep/2018:08:40:50 -0300] "GET /cormun/servlet/hhome HTTP/1.1" 200 4013
192.168.10.96 - - [27/Sep/2018:08:40:52 -0300] "POST /digitalizacion/servlet/trdocumentos?gx-no-cache=1538048218921 HTTP/1.1" 200 78
201.215.248.34 - - [27/Sep/2018:08:40:53 -0300] "GET /cormun/servlet/solicitudotadjuntos?51f2df0765a6071c1e9dddc54372c15e7f213e17b65ea5841655ef5464b1f43d,gx-no-cache=1538048372216 HTTP/1.1" 200 30
201.215.248.34 - - [27/Sep/2018:08:40:54 -0300] "GET /cormun/servlet/solicitudotadjuntos?51f2df0765a6071c1e9dddc54372c15e7f213e17b65ea5841655ef5464b1f43d,gx-no-cache=1538048372342 HTTP/1.1" 200 30
186.103.159.188 - - [27/Sep/2018:08:40:56 -0300] "GET /cormun/servlet/trlicencias? HTTP/1.1" 200 10243
186.103.159.188 - - [27/Sep/2018:08:40:56 -0300] "GET /cormun/static/gxcfg.js?20176272054169 HTTP/1.1" 304 -
186.103.159.188 - - [27/Sep/2018:08:40:56 -0300] "GET /cormun/static/Resources/Spanish/PXTools.css?17315867 HTTP/1.1" 200 89042
186.103.159.188 - - [27/Sep/2018:08:40:57 -0300] "GET /cormun/static/trlicencias.js?20176272054837 HTTP/1.1" 200 41883
186.103.159.188 - - [27/Sep/2018:08:40:57 -0300] "GET /cormun/servlet/trlicencias? HTTP/1.1" 200 10240
192.168.10.96 - - [27/Sep/2018:08:40:58 -0300] "POST /digitalizacion/servlet/trdocumentos?8310643621e21706ea4f5c36e5820bdf,,gx-no-cache=1538048223369 HTTP/1.1" 200 5935
201.215.248.34 - - [27/Sep/2018:08:40:59 -0300] "POST /cormun/servlet/solicitudotadjuntos?02eac1a92ee2e50a76a4d84721c4c3c2,INS,2018,12217,,1, HTTP/1.1" 200 116
201.215.248.34 - - [27/Sep/2018:08:40:59 -0300] "GET /cormun/servlet/hpexe_return? HTTP/1.1" 200 1030
201.215.248.34 - - [27/Sep/2018:08:41:00 -0300] "GET /cormun/servlet/trsolicitudadjuntos?2018,12217, HTTP/1.1" 200 9359
201.215.248.34 - - [27/Sep/2018:08:41:01 -0300] "GET /cormun/servlet/trsolicitudadjuntos?2018,12217, HTTP/1.1" 200 9358
186.79.115.233 - - [27/Sep/2018:08:41:03 -0300] "GET /cormun/servlet/solicitudotadjuntos?INS,2018,12217,,1, HTTP/1.1" 200 6364
201.215.248.34 - - [27/Sep/2018:08:41:05 -0300] "GET /cormun/static/about:blank HTTP/1.1" 404 1011
201.215.248.34 - - [27/Sep/2018:08:41:06 -0300] "GET /cormun/servlet/solicitudotadjuntos?INS,2018,12217,,1, HTTP/1.1" 200 6357
186.79.115.233 - - [27/Sep/2018:08:41:06 -0300] "GET /cormun/servlet/solicitudotadjuntos?51f2df0765a6071c1e9dddc54372c15e59ad85bc8a32d129c7eb6516845940c675d081beb4cbf94486c175a1e08c5dd8,gx-no-cache=1538048384463 HTTP/1.1" 200 30
186.79.115.233 - - [27/Sep/2018:08:41:06 -0300] "POST /cormun/servlet/solicitudotadjuntos?02eac1a92ee2e50a76a4d84721c4c3c2,INS,2018,12217,,1,,gx-no-cache=1538048384667 HTTP/1.1" 200 4103
186.79.115.233 - - [27/Sep/2018:08:41:10 -0300] "POST /cormun/servlet/solicitudotadjuntos?gx-no-cache=1538048388606 HTTP/1.1" 200 26
186.10.12.250 - - [27/Sep/2018:08:41:14 -0300] "GET /cormun/servlet/trlicenciaspermisosadjuntos?15108042,20180927000000,L, HTTP/1.1" 200 6421
186.10.12.250 - - [27/Sep/2018:08:41:14 -0300] "GET /cormun/servlet/trlicenciaspermisosadjuntos?15108042,20180927000000,L, HTTP/1.1" 200 6421
186.10.12.250 - - [27/Sep/2018:08:41:16 -0300] "GET /cormun/servlet/licenciaspermisosadjuntos?INS,15108042,L,20180927000000,, HTTP/1.1" 200 5714
186.10.12.250 - - [27/Sep/2018:08:41:17 -0300] "GET /cormun/static/about:blank HTTP/1.1" 404 1011
186.103.161.206 - - [27/Sep/2018:08:41:17 -0300] "GET /cormun/servlet/licenciaspermisosadjuntos?INS,15108042,L,20180927000000,, HTTP/1.1" 200 5703
186.79.115.233 - - [27/Sep/2018:08:41:17 -0300] "GET /cormun/servlet/solicitudotadjuntos?51f2df0765a6071c1e9dddc54372c15e7f213e17b65ea5841655ef5464b1f43d,gx-no-cache=1538048395663 HTTP/1.1" 200 30
186.79.115.233 - - [27/Sep/2018:08:41:17 -0300] "GET /cormun/servlet/solicitudotadjuntos?51f2df0765a6071c1e9dddc54372c15e7f213e17b65ea5841655ef5464b1f43d,gx-no-cache=1538048395938 HTTP/1.1" 200 30
186.10.12.250 - - [27/Sep/2018:08:41:26 -0300] "POST /cormun/servlet/licenciaspermisosadjuntos?766d2127e15ab181badebde9baded5e4,INS,15108042,L,20180927000000,, HTTP/1.1" 200 116
186.10.12.250 - - [27/Sep/2018:08:41:26 -0300] "GET /cormun/servlet/hpexe_return? HTTP/1.1" 200 1045
186.10.12.250 - - [27/Sep/2018:08:41:26 -0300] "GET /cormun/servlet/trlicenciaspermisosadjuntos?15108042,20180927000000,L, HTTP/1.1" 200 6895
186.10.12.250 - - [27/Sep/2018:08:41:27 -0300] "GET /cormun/servlet/trlicenciaspermisosadjuntos?15108042,20180927000000,L, HTTP/1.1" 200 6893
186.103.132.155 - - [27/Sep/2018:08:41:31 -0300] "GET /cormun/servlet/trlicencias? HTTP/1.1" 200 10955
186.79.115.233 - - [27/Sep/2018:08:41:31 -0300] "POST /cormun/servlet/solicitudotadjuntos?02eac1a92ee2e50a76a4d84721c4c3c2,INS,2018,12217,,1, HTTP/1.1" 200 116
186.103.132.155 - - [27/Sep/2018:08:41:32 -0300] "GET /cormun/servlet/trlicencias? HTTP/1.1" 200 10954
186.79.115.233 - - [27/Sep/2018:08:41:32 -0300] "GET /cormun/servlet/hpexe_return? HTTP/1.1" 200 1030
186.79.115.233 - - [27/Sep/2018:08:41:33 -0300] "GET /cormun/servlet/trsolicitudadjuntos?2018,12217, HTTP/1.1" 200 9587
186.103.132.155 - - [27/Sep/2018:08:41:34 -0300] "GET /cormun/servlet/alicenciaprn?15108042,L,20180927000000,PU HTTP/1.1" 200 1540
186.79.115.233 - - [27/Sep/2018:08:41:35 -0300] "GET /cormun/servlet/trsolicitudadjuntos?2018,12217, HTTP/1.1" 200 9586
186.79.115.233 - - [27/Sep/2018:08:41:37 -0300] "GET /cormun/servlet/solicitudotadjuntos?INS,2018,12217,,1, HTTP/1.1" 200 6364
186.79.115.233 - - [27/Sep/2018:08:41:38 -0300] "GET /cormun/servlet/solicitudotadjuntos?INS,2018,12217,,1, HTTP/1.1" 200 6357
186.79.115.233 - - [27/Sep/2018:08:41:38 -0300] "GET /cormun/static/about:blank HTTP/1.1" 404 1011
186.79.115.233 - - [27/Sep/2018:08:41:39 -0300] "GET /cormun/servlet/solicitudotadjuntos?51f2df0765a6071c1e9dddc54372c15e59ad85bc8a32d129c7eb6516845940c675d081beb4cbf94486c175a1e08c5dd8,gx-no-cache=1538048417356 HTTP/1.1" 200 30
186.79.115.233 - - [27/Sep/2018:08:41:40 -0300] "POST /cormun/servlet/solicitudotadjuntos?02eac1a92ee2e50a76a4d84721c4c3c2,INS,2018,12217,,1,,gx-no-cache=1538048417692 HTTP/1.1" 200 4103
186.79.115.233 - - [27/Sep/2018:08:41:45 -0300] "POST /cormun/servlet/solicitudotadjuntos?gx-no-cache=1538048422974 HTTP/1.1" 200 26
186.79.115.233 - - [27/Sep/2018:08:41:51 -0300] "GET /cormun/servlet/solicitudotadjuntos?51f2df0765a6071c1e9dddc54372c15e7f213e17b65ea5841655ef5464b1f43d,gx-no-cache=1538048429791 HTTP/1.1" 200 30
186.79.115.233 - - [27/Sep/2018:08:41:51 -0300] "GET /cormun/servlet/solicitudotadjuntos?51f2df0765a6071c1e9dddc54372c15e7f213e17b65ea5841655ef5464b1f43d,gx-no-cache=1538048429960 HTTP/1.1" 200 30
186.79.115.233 - - [27/Sep/2018:08:42:06 -0300] "POST /cormun/servlet/solicitudotadjuntos?02eac1a92ee2e50a76a4d84721c4c3c2,INS,2018,12217,,1, HTTP/1.1" 200 116
186.79.115.233 - - [27/Sep/2018:08:42:06 -0300] "GET /cormun/servlet/hpexe_return? HTTP/1.1" 200 1030
186.79.115.233 - - [27/Sep/2018:08:42:07 -0300] "GET /cormun/servlet/trsolicitudadjuntos?2018,12217, HTTP/1.1" 200 9823
186.79.115.233 - - [27/Sep/2018:08:42:08 -0300] "GET /cormun/servlet/trsolicitudadjuntos?2018,12217, HTTP/1.1" 200 9822
186.79.115.233 - - [27/Sep/2018:08:42:16 -0300] "GET /cormun/servlet/solicitudotadjuntos?INS,2018,12217,,1, HTTP/1.1" 200 6365
186.79.115.233 - - [27/Sep/2018:08:42:17 -0300] "GET /cormun/static/about:blank HTTP/1.1" 404 1011
186.79.115.233 - - [27/Sep/2018:08:42:18 -0300] "GET /cormun/servlet/solicitudotadjuntos?INS,2018,12217,,1, HTTP/1.1" 200 6358
186.79.115.233 - - [27/Sep/2018:08:42:18 -0300] "GET /cormun/servlet/solicitudotadjuntos?51f2df0765a6071c1e9dddc54372c15e59ad85bc8a32d129c7eb6516845940c675d081beb4cbf94486c175a1e08c5dd8,gx-no-cache=1538048456924 HTTP/1.1" 200 30
186.79.115.233 - - [27/Sep/2018:08:42:19 -0300] "POST /cormun/servlet/solicitudotadjuntos?02eac1a92ee2e50a76a4d84721c4c3c2,INS,2018,12217,,1,,gx-no-cache=1538048457106 HTTP/1.1" 200 4103
186.79.115.233 - - [27/Sep/2018:08:42:22 -0300] "POST /cormun/servlet/solicitudotadjuntos?gx-no-cache=1538048460302 HTTP/1.1" 200 26
186.79.115.233 - - [27/Sep/2018:08:42:26 -0300] "GET /cormun/servlet/solicitudotadjuntos?51f2df0765a6071c1e9dddc54372c15e7f213e17b65ea5841655ef5464b1f43d,gx-no-cache=1538048464527 HTTP/1.1" 200 30
186.79.115.233 - - [27/Sep/2018:08:42:26 -0300] "GET /cormun/servlet/solicitudotadjuntos?51f2df0765a6071c1e9dddc54372c15e7f213e17b65ea5841655ef5464b1f43d,gx-no-cache=1538048464642 HTTP/1.1" 200 30
186.79.115.233 - - [27/Sep/2018:08:42:35 -0300] "POST /cormun/servlet/solicitudotadjuntos?02eac1a92ee2e50a76a4d84721c4c3c2,INS,2018,12217,,1, HTTP/1.1" 200 116
186.79.115.233 - - [27/Sep/2018:08:42:35 -0300] "GET /cormun/servlet/hpexe_return? HTTP/1.1" 200 1030
186.79.115.233 - - [27/Sep/2018:08:42:36 -0300] "GET /cormun/servlet/trsolicitudadjuntos?2018,12217, HTTP/1.1" 200 10047
186.79.115.233 - - [27/Sep/2018:08:42:38 -0300] "GET /cormun/servlet/trsolicitudadjuntos?2018,12217, HTTP/1.1" 200 10046
186.67.203.186 - - [27/Sep/2018:08:42:38 -0300] "POST /cormun/servlet/trlicencias?766d2127e15ab181badebde9baded5e4,,gx-no-cache=1538048474601 HTTP/1.1" 200 8269
186.67.203.186 - - [27/Sep/2018:08:42:38 -0300] "GET /cormun/static/Shared/jqueryui/images/ui-bg_highlight-soft_100_c6c2c8_1x100.png HTTP/1.1" 404 1117
186.10.12.250 - - [27/Sep/2018:08:42:39 -0300] "GET /cormun/static/Shared/jqueryui/images/ui-icons_82798d_256x240.png HTTP/1.1" 404 1089
190.151.100.218 - - [27/Sep/2018:08:42:39 -0300] "GET /cormun/static/Shared/jqueryui/images/ui-icons_8d78a5_256x240.png HTTP/1.1" 404 1089
186.67.203.186 - - [27/Sep/2018:08:42:39 -0300] "GET /cormun/static/Shared/jqueryui/images/ui-bg_flat_55_fafafa_40x100.png HTTP/1.1" 404 1097
192.168.10.89 - - [27/Sep/2018:08:42:55 -0300] "GET /cormun/servlet/hlogin HTTP/1.1" 200 1729
186.103.157.42 - - [27/Sep/2018:08:42:55 -0300] "GET /cormun/servlet/trlicencias HTTP/1.1" 200 12338
201.215.248.34 - - [27/Sep/2018:08:43:01 -0300] "POST /cormun/servlet/trsolicitudadjuntos?02eac1a92ee2e50a76a4d84721c4c3c2,2018,12217,,gx-no-cache=1538048498978 HTTP/1.1" 200 90
201.215.248.34 - - [27/Sep/2018:08:43:02 -0300] "GET /cormun/servlet/hpexe_link HTTP/1.1" 200 973
201.215.248.34 - - [27/Sep/2018:08:43:02 -0300] "GET /cormun/servlet/trsolicitudot HTTP/1.1" 200 8902
186.103.157.42 - - [27/Sep/2018:08:43:02 -0300] "GET /cormun/servlet/trlicencias HTTP/1.1" 200 12332
192.168.10.89 - - [27/Sep/2018:08:43:02 -0300] "POST /cormun/servlet/hlogin?5d09c24e7d2b2e38a9f8672c0872fdc1,gx-no-cache=1538048348818 HTTP/1.1" 200 90
192.168.10.89 - - [27/Sep/2018:08:43:02 -0300] "GET /cormun/servlet/hpexe_link HTTP/1.1" 200 957
192.168.10.89 - - [27/Sep/2018:08:43:02 -0300] "GET /cormun/servlet/hhome HTTP/1.1" 200 4980
201.215.248.34 - - [27/Sep/2018:08:43:03 -0300] "GET /cormun/servlet/trsolicitudot HTTP/1.1" 200 8901
192.168.10.89 - - [27/Sep/2018:08:43:07 -0300] "GET /cormun/servlet/trsolicitudgral? HTTP/1.1" 200 15916
192.168.10.89 - - [27/Sep/2018:08:43:12 -0300] "GET /cormun/static/menuarrow.gif HTTP/1.1" 404 1015
192.168.10.89 - - [27/Sep/2018:08:43:24 -0300] "POST /cormun/servlet/trsolicitudgral?5d09c24e7d2b2e38a9f8672c0872fdc1,,gx-no-cache=1538048370891 HTTP/1.1" 200 5966
201.215.248.34 - - [27/Sep/2018:08:43:29 -0300] "POST /cormun/servlet/trsolicitudot?02eac1a92ee2e50a76a4d84721c4c3c2,gx-no-cache=1538048527356 HTTP/1.1" 200 4758
201.215.248.34 - - [27/Sep/2018:08:43:29 -0300] "GET /cormun/static/Shared/jqueryui/images/ui-bg_highlight-soft_100_c6c2c8_1x100.png HTTP/1.1" 404 1117
201.215.248.34 - - [27/Sep/2018:08:43:29 -0300] "GET /cormun/static/Shared/jqueryui/images/ui-icons_82798d_256x240.png HTTP/1.1" 404 1089
201.215.248.34 - - [27/Sep/2018:08:43:29 -0300] "GET /cormun/static/Shared/jqueryui/images/ui-bg_flat_55_fafafa_40x100.png HTTP/1.1" 404 1097
186.79.115.233 - - [27/Sep/2018:08:43:30 -0300] "GET /cormun/static/Shared/jqueryui/images/ui-icons_8d78a5_256x240.png HTTP/1.1" 404 1089
201.215.248.34 - - [27/Sep/2018:08:43:30 -0300] "POST /cormun/servlet/trsolicitudot?02eac1a92ee2e50a76a4d84721c4c3c2,gx-no-cache=1538048528168 HTTP/1.1" 200 4535
201.215.248.34 - - [27/Sep/2018:08:43:40 -0300] "GET /cormun/servlet/hlogin HTTP/1.1" 200 1743
192.168.10.89 - - [27/Sep/2018:08:43:45 -0300] "POST /cormun/servlet/trsolicitudgral?5d09c24e7d2b2e38a9f8672c0872fdc1,,gx-no-cache=1538048391495 HTTP/1.1" 200 5967
192.168.10.89 - - [27/Sep/2018:08:44:02 -0300] "POST /cormun/servlet/trsolicitudgral?5d09c24e7d2b2e38a9f8672c0872fdc1,,gx-no-cache=1538048409095 HTTP/1.1" 200 7638
192.168.10.89 - - [27/Sep/2018:08:44:08 -0300] "GET /cormun/servlet/vesolicitudgral?2018,11986,, HTTP/1.1" 200 9551
192.168.10.89 - - [27/Sep/2018:08:44:08 -0300] "GET /cormun/pexe_scrolldiv.js HTTP/1.1" 404 1009
192.168.10.89 - - [27/Sep/2018:08:44:11 -0300] "GET /cormun/servlet/vesolicitudgral?2018,11986,,SolicitudOTAdjuntos HTTP/1.1" 200 11783
192.168.10.89 - - [27/Sep/2018:08:44:11 -0300] "GET /cormun/pexe_scrolldiv.js HTTP/1.1" 404 1009
192.168.10.89 - - [27/Sep/2018:08:44:12 -0300] "POST /cormun/servlet/acontrolpreferencessavestate?None,CDROGUETT,true HTTP/1.1" 200 35
192.168.10.89 - - [27/Sep/2018:08:44:17 -0300] "GET /cormun/PublicTempStorage/andre_armando_perez_rubio_-_antecedentes5835645.pdf HTTP/1.1" 200 357441
192.168.10.89 - - [27/Sep/2018:08:44:36 -0300] "GET /cormun/servlet/vesolicitudgral?2018,11986,,SolicitudOTAdjuntos HTTP/1.1" 200 11783
192.168.10.89 - - [27/Sep/2018:08:44:36 -0300] "GET /cormun/pexe_scrolldiv.js HTTP/1.1" 404 1009
192.168.10.89 - - [27/Sep/2018:08:44:38 -0300] "POST /cormun/servlet/acontrolpreferencessavestate?None,CDROGUETT,true HTTP/1.1" 200 35
192.168.10.89 - - [27/Sep/2018:08:44:42 -0300] "POST /cormun/servlet/vesolicitudgral?5d09c24e7d2b2e38a9f8672c0872fdc1,2018,11986,,SolicitudOTAdjuntos,gx-no-cache=1538048448492 HTTP/1.1" 200 90
192.168.10.89 - - [27/Sep/2018:08:44:42 -0300] "GET /cormun/servlet/hpexe_link HTTP/1.1" 200 985
192.168.10.89 - - [27/Sep/2018:08:44:42 -0300] "GET /cormun/servlet/trsolicitudgral? HTTP/1.1" 200 11149
192.168.10.89 - - [27/Sep/2018:08:44:59 -0300] "POST /cormun/servlet/trsolicitudgral?5d09c24e7d2b2e38a9f8672c0872fdc1,,gx-no-cache=1538048465609 HTTP/1.1" 200 7329
192.168.10.89 - - [27/Sep/2018:08:45:01 -0300] "GET /cormun/servlet/vesolicitudgral?2018,12008,, HTTP/1.1" 200 9545
192.168.10.89 - - [27/Sep/2018:08:45:01 -0300] "GET /cormun/pexe_scrolldiv.js HTTP/1.1" 404 1009
192.168.10.89 - - [27/Sep/2018:08:45:04 -0300] "GET /cormun/servlet/vesolicitudgral?2018,12008,,SolicitudOTAdjuntos HTTP/1.1" 200 11781
192.168.10.89 - - [27/Sep/2018:08:45:04 -0300] "GET /cormun/pexe_scrolldiv.js HTTP/1.1" 404 1009
192.168.10.89 - - [27/Sep/2018:08:45:06 -0300] "POST /cormun/servlet/acontrolpreferencessavestate?None,CDROGUETT,true HTTP/1.1" 200 35
192.168.10.89 - - [27/Sep/2018:08:45:07 -0300] "GET /cormun/PublicTempStorage/certificado_de_antecedentes_carolaine3016621.pdf HTTP/1.1" 200 1229931
192.168.10.89 - - [27/Sep/2018:08:45:17 -0300] "GET /cormun/servlet/vesolicitudgral?2018,12008,,SolicitudOTAdjuntos HTTP/1.1" 200 11781
192.168.10.89 - - [27/Sep/2018:08:45:17 -0300] "GET /cormun/pexe_scrolldiv.js HTTP/1.1" 404 1009
192.168.10.89 - - [27/Sep/2018:08:45:18 -0300] "POST /cormun/servlet/acontrolpreferencessavestate?None,CDROGUETT,true HTTP/1.1" 200 35
192.168.10.89 - - [27/Sep/2018:08:45:21 -0300] "POST /cormun/servlet/vesolicitudgral?5d09c24e7d2b2e38a9f8672c0872fdc1,2018,12008,,SolicitudOTAdjuntos,gx-no-cache=1538048488201 HTTP/1.1" 200 90
192.168.10.89 - - [27/Sep/2018:08:45:22 -0300] "GET /cormun/servlet/hpexe_link HTTP/1.1" 200 985
192.168.10.89 - - [27/Sep/2018:08:45:22 -0300] "GET /cormun/servlet/trsolicitudgral? HTTP/1.1" 200 10846
192.168.10.89 - - [27/Sep/2018:08:45:31 -0300] "POST /cormun/servlet/trsolicitudgral?5d09c24e7d2b2e38a9f8672c0872fdc1,,gx-no-cache=1538048497903 HTTP/1.1" 200 5966
192.168.10.89 - - [27/Sep/2018:08:45:49 -0300] "GET /cormun/static/menuarrow.gif HTTP/1.1" 404 1015
192.168.10.89 - - [27/Sep/2018:08:45:54 -0300] "POST /cormun/servlet/trsolicitudgral?5d09c24e7d2b2e38a9f8672c0872fdc1,,gx-no-cache=1538048520494 HTTP/1.1" 200 7684
186.79.115.233 - - [27/Sep/2018:08:46:02 -0300] "GET /cormun/servlet/hlogin HTTP/1.1" 200 1723
192.168.10.89 - - [27/Sep/2018:08:46:08 -0300] "GET /cormun/servlet/vesolicitudgral?2018,10918,, HTTP/1.1" 200 9589
192.168.10.89 - - [27/Sep/2018:08:46:08 -0300] "GET /cormun/pexe_scrolldiv.js HTTP/1.1" 404 1009
192.168.10.89 - - [27/Sep/2018:08:46:10 -0300] "GET /cormun/servlet/vesolicitudgral?2018,10918,,SolicitudOTAdjuntos HTTP/1.1" 200 8265
192.168.10.89 - - [27/Sep/2018:08:46:10 -0300] "GET /cormun/pexe_scrolldiv.js HTTP/1.1" 404 1009
192.168.10.89 - - [27/Sep/2018:08:46:11 -0300] "POST /cormun/servlet/acontrolpreferencessavestate?None,CDROGUETT,true HTTP/1.1" 200 35
192.168.10.89 - - [27/Sep/2018:08:46:12 -0300] "POST /cormun/servlet/vesolicitudgral?5d09c24e7d2b2e38a9f8672c0872fdc1,2018,10918,,SolicitudOTAdjuntos,gx-no-cache=1538048539163 HTTP/1.1" 200 90
192.168.10.89 - - [27/Sep/2018:08:46:12 -0300] "GET /cormun/servlet/hpexe_link HTTP/1.1" 200 984
192.168.10.89 - - [27/Sep/2018:08:46:13 -0300] "GET /cormun/servlet/trsolicitudgral? HTTP/1.1" 200 11198
192.168.10.89 - - [27/Sep/2018:08:46:15 -0300] "GET /cormun/servlet/vesolicitudgral?2018,10916,, HTTP/1.1" 200 9582
192.168.10.89 - - [27/Sep/2018:08:46:15 -0300] "GET /cormun/pexe_scrolldiv.js HTTP/1.1" 404 1009
192.168.10.89 - - [27/Sep/2018:08:46:17 -0300] "GET /cormun/servlet/vesolicitudgral?2018,10916,,SolicitudOTAdjuntos HTTP/1.1" 200 8266
192.168.10.89 - - [27/Sep/2018:08:46:17 -0300] "GET /cormun/pexe_scrolldiv.js HTTP/1.1" 404 1009
192.168.10.89 - - [27/Sep/2018:08:46:19 -0300] "POST /cormun/servlet/acontrolpreferencessavestate?None,CDROGUETT,true HTTP/1.1" 200 35
186.79.115.233 - - [27/Sep/2018:08:46:19 -0300] "POST /cormun/servlet/hlogin?77642927076e6435be887a9fce7688f2,gx-no-cache=1538048696937 HTTP/1.1" 200 431
192.168.10.89 - - [27/Sep/2018:08:46:23 -0300] "POST /cormun/servlet/vesolicitudgral?5d09c24e7d2b2e38a9f8672c0872fdc1,2018,10916,,SolicitudOTAdjuntos,gx-no-cache=1538048549694 HTTP/1.1" 200 90
192.168.10.89 - - [27/Sep/2018:08:46:23 -0300] "GET /cormun/servlet/hpexe_link HTTP/1.1" 200 984
192.168.10.89 - - [27/Sep/2018:08:46:23 -0300] "GET /cormun/servlet/trsolicitudgral HTTP/1.1" 200 11198
186.79.115.233 - - [27/Sep/2018:08:46:26 -0300] "POST /cormun/servlet/hlogin?77642927076e6435be887a9fce7688f2,gx-no-cache=1538048703866 HTTP/1.1" 200 90
186.79.115.233 - - [27/Sep/2018:08:46:27 -0300] "GET /cormun/servlet/hpexe_link HTTP/1.1" 200 953
186.79.115.233 - - [27/Sep/2018:08:46:27 -0300] "GET /cormun/servlet/hhome HTTP/1.1" 200 4321
186.79.115.233 - - [27/Sep/2018:08:46:28 -0300] "GET /cormun/servlet/hhome HTTP/1.1" 200 4317
186.79.115.233 - - [27/Sep/2018:08:46:33 -0300] "GET /cormun/servlet/trcontratosolicitud? HTTP/1.1" 200 14618
186.79.115.233 - - [27/Sep/2018:08:46:33 -0300] "GET /cormun/static/gxcfg.js?20177612214014 HTTP/1.1" 200 953
186.79.115.233 - - [27/Sep/2018:08:46:34 -0300] "GET /cormun/static/trcontratosolicitud.js?20177612214349 HTTP/1.1" 200 28237
186.79.115.233 - - [27/Sep/2018:08:46:34 -0300] "GET /cormun//static/Resources/PXToolsGridNew.png HTTP/1.1" 200 2949
186.79.115.233 - - [27/Sep/2018:08:46:34 -0300] "GET /cormun/servlet/trcontratosolicitud? HTTP/1.1" 200 14614
186.103.157.42 - - [27/Sep/2018:08:48:42 -0300] "GET /cormun/servlet/trlicencias HTTP/1.1" 200 12338
186.103.157.42 - - [27/Sep/2018:08:48:47 -0300] "GET /cormun/servlet/trlicencias HTTP/1.1" 200 12332
186.103.158.250 - - [27/Sep/2018:08:49:39 -0300] "GET /cormun/servlet/hlogin HTTP/1.1" 200 1710
186.103.158.250 - - [27/Sep/2018:08:49:39 -0300] "GET /cormun/static/gxtimezone.js?85251 HTTP/1.1" 200 5781
186.103.158.250 - - [27/Sep/2018:08:49:39 -0300] "GET /cormun/static/gxcfg.js?20177612122725 HTTP/1.1" 200 953
186.103.158.250 - - [27/Sep/2018:08:49:39 -0300] "GET /cormun/static/messages.spa.js?85251 HTTP/1.1" 200 30736
186.103.158.250 - - [27/Sep/2018:08:49:39 -0300] "GET /cormun/static/Resources/ComunLogin.png HTTP/1.1" 200 17326
186.103.158.250 - - [27/Sep/2018:08:49:39 -0300] "GET /cormun/static/Resources/Spanish/PXTools.css?1155365 HTTP/1.1" 200 89042
186.103.158.250 - - [27/Sep/2018:08:49:39 -0300] "GET /cormun/static/hlogin.js?20177612122738 HTTP/1.1" 200 2136
186.103.158.250 - - [27/Sep/2018:08:49:39 -0300] "GET /cormun/static/gxgral.js?85251 HTTP/1.1" 200 384558
186.103.158.250 - - [27/Sep/2018:08:49:40 -0300] "GET /cormun/static/Resources/PXToolsButtonLeft21.png HTTP/1.1" 200 1287
186.103.158.250 - - [27/Sep/2018:08:49:40 -0300] "GET /cormun/static/Resources/PXToolsButtonBackground2.png HTTP/1.1" 200 1181
186.103.158.250 - - [27/Sep/2018:08:49:40 -0300] "GET /cormun/static/Resources/PXToolsButtonRight21.png HTTP/1.1" 200 1283
186.103.158.250 - - [27/Sep/2018:08:49:40 -0300] "GET /cormun/static/Resources/PXToolsLoginBottom.png HTTP/1.1" 200 1389
186.103.158.250 - - [27/Sep/2018:08:49:40 -0300] "GET /cormun/static/Resources/PXToolsLoginTop.png HTTP/1.1" 200 1337
186.103.158.250 - - [27/Sep/2018:08:49:40 -0300] "GET /cormun/static/Resources/indicator.gif HTTP/1.1" 200 1553
186.103.158.250 - - [27/Sep/2018:08:49:40 -0300] "GET /cormun/static/Resources/PXToolsLoginBackground.png HTTP/1.1" 200 1164
186.103.158.250 - - [27/Sep/2018:08:50:04 -0300] "POST /cormun/servlet/hlogin?5ce50a9a93ae7af2f69923828e7e9539,gx-no-cache=1538052395627 HTTP/1.1" 200 90
186.103.158.250 - - [27/Sep/2018:08:50:05 -0300] "GET /cormun/servlet/hpexe_link HTTP/1.1" 200 940
186.103.158.250 - - [27/Sep/2018:08:50:05 -0300] "GET /cormun/static/gxcfg.js?20177612121792 HTTP/1.1" 200 953
186.103.158.250 - - [27/Sep/2018:08:50:05 -0300] "GET /cormun/static/hpexe_link.js?20177612121795 HTTP/1.1" 200 625
186.103.158.250 - - [27/Sep/2018:08:50:05 -0300] "GET /cormun/servlet/hhome HTTP/1.1" 200 4011
186.103.158.250 - - [27/Sep/2018:08:50:05 -0300] "GET /cormun/static/SmoothNavMenu/resources/ddsmoothmenu.css?1012540 HTTP/1.1" 200 2223
186.103.158.250 - - [27/Sep/2018:08:50:05 -0300] "GET /cormun/static/SmoothNavMenu/resources/ddsmoothmenu-v.css?1012540 HTTP/1.1" 200 1188
186.103.158.250 - - [27/Sep/2018:08:50:05 -0300] "GET /cormun/static/scaMessage/css/jquery.pnotify.default.css?1716380 HTTP/1.1" 200 1707
186.103.158.250 - - [27/Sep/2018:08:50:05 -0300] "GET /cormun/static/gxcfg.js?20175251212442 HTTP/1.1" 200 953
186.103.158.250 - - [27/Sep/2018:08:50:05 -0300] "GET /cormun/static/PXToolsJavascripts/pexe_autoreload.js HTTP/1.1" 200 1762
186.103.158.250 - - [27/Sep/2018:08:50:05 -0300] "GET /cormun/static/PXToolsJavascripts/pexe_cookies.js HTTP/1.1" 200 792
186.103.158.250 - - [27/Sep/2018:08:50:05 -0300] "GET /cormun/static/PXToolsJavascripts/pexe_windows.js HTTP/1.1" 200 15207
186.103.158.250 - - [27/Sep/2018:08:50:05 -0300] "GET /cormun/static/PXToolsJavascripts/pexe_grid.js HTTP/1.1" 200 7559
186.103.158.250 - - [27/Sep/2018:08:50:05 -0300] "GET /cormun/static/PXToolsJavascripts/pexe_griddivfix.js HTTP/1.1" 200 6644
186.103.158.250 - - [27/Sep/2018:08:50:06 -0300] "GET /cormun/static/PXToolsJavascripts/pexe_link.js HTTP/1.1" 200 5671
186.103.158.250 - - [27/Sep/2018:08:50:06 -0300] "GET /cormun/static/PXToolsJavascripts/pexe_menudivfix.js HTTP/1.1" 200 333
186.103.158.250 - - [27/Sep/2018:08:50:06 -0300] "GET /cormun/static/PXToolsJavascripts/pexe_menus.js HTTP/1.1" 200 1286
186.103.158.250 - - [27/Sep/2018:08:50:06 -0300] "GET /cormun/static/PXToolsJavascripts/pexe_layers.js HTTP/1.1" 200 4114
186.103.158.250 - - [27/Sep/2018:08:50:06 -0300] "GET /cormun/static/PXToolsJavascripts/pexe_oavdivfix.js HTTP/1.1" 200 639
186.103.158.250 - - [27/Sep/2018:08:50:06 -0300] "GET /cormun/static/PXToolsJavascripts/pexe_picture.js HTTP/1.1" 200 689
186.103.158.250 - - [27/Sep/2018:08:50:06 -0300] "GET /cormun/static/PXToolsJavascripts/pexe_oav.js HTTP/1.1" 200 645
186.103.158.250 - - [27/Sep/2018:08:50:06 -0300] "GET /cormun/static/Resources/Spanish/PXTools.css?11423723 HTTP/1.1" 200 89042
186.103.158.250 - - [27/Sep/2018:08:50:06 -0300] "GET /cormun/static/PXToolsJavascripts/pexe_popup.js HTTP/1.1" 200 13458
186.103.158.250 - - [27/Sep/2018:08:50:06 -0300] "GET /cormun/static/Shared/jqueryui/jquery-ui.min.css?1245370 HTTP/1.1" 200 30288
186.103.158.250 - - [27/Sep/2018:08:50:06 -0300] "GET /cormun/static/PXToolsJavascripts/pexe_scrolldiv.js HTTP/1.1" 200 4138
186.103.158.250 - - [27/Sep/2018:08:50:06 -0300] "GET /cormun/static/PXToolsJavascripts/pexe_tabdivfix.js HTTP/1.1" 200 876
186.103.158.250 - - [27/Sep/2018:08:50:06 -0300] "GET /cormun/static/PXToolsJavascripts/pexe_tabs.js HTTP/1.1" 200 3748
186.103.158.250 - - [27/Sep/2018:08:50:06 -0300] "GET /cormun/static/PXToolsJavascripts/pexe_upload.js HTTP/1.1" 200 1423
186.103.158.250 - - [27/Sep/2018:08:50:06 -0300] "GET /cormun/static/PXToolsJavascripts/PXToolsJavascriptsRender.js HTTP/1.1" 200 367
186.103.158.250 - - [27/Sep/2018:08:50:06 -0300] "GET /cormun/static/Resources/logo4.png HTTP/1.1" 200 6582
186.103.158.250 - - [27/Sep/2018:08:50:06 -0300] "GET /cormun/static/Resources/PXToolsHeaderActionsLeft.png HTTP/1.1" 200 1118
186.103.158.250 - - [27/Sep/2018:08:50:06 -0300] "GET /cormun/static/RunJS/RunJS.js HTTP/1.1" 200 288
186.103.158.250 - - [27/Sep/2018:08:50:06 -0300] "GET /cormun/static/Shared/ext/locale/ext-lang-en.js HTTP/1.1" 200 10940
186.103.158.250 - - [27/Sep/2018:08:50:06 -0300] "GET /cormun/static/hhome.js?20175251212450 HTTP/1.1" 200 777
186.103.158.250 - - [27/Sep/2018:08:50:06 -0300] "GET /cormun/static/Resources/PXToolsHeaderLogin.png HTTP/1.1" 200 4279
186.103.158.250 - - [27/Sep/2018:08:50:06 -0300] "GET /cormun/static/Resources/PXToolsFooterBackground2.png HTTP/1.1" 200 1172
186.103.158.250 - - [27/Sep/2018:08:50:06 -0300] "GET /cormun/static/Resources/PXToolsHeaderBackground2.png HTTP/1.1" 200 1174
186.103.158.250 - - [27/Sep/2018:08:50:06 -0300] "GET /cormun/static/gxui/gxui-all.js HTTP/1.1" 200 107772
186.103.158.250 - - [27/Sep/2018:08:50:06 -0300] "GET /cormun/static/Resources/PXToolsDataTitle.png HTTP/1.1" 200 1173
186.103.158.250 - - [27/Sep/2018:08:50:07 -0300] "GET /cormun/static/Resources/PXToolsHeaderActionsBackground.png HTTP/1.1" 200 484
186.103.158.250 - - [27/Sep/2018:08:50:07 -0300] "GET /cormun/static/Resources/PXToolsHeaderPreferences.png HTTP/1.1" 200 4189
186.103.158.250 - - [27/Sep/2018:08:50:07 -0300] "GET /cormun/static/Resources/PXToolsHeaderActionsRight.png HTTP/1.1" 200 1201
186.103.158.250 - - [27/Sep/2018:08:50:07 -0300] "GET /cormun/static/Resources/PXToolsHeaderSecurity.png HTTP/1.1" 200 4166
186.103.158.250 - - [27/Sep/2018:08:50:07 -0300] "GET /cormun/static/Resources/PXToolsHeaderHome.png HTTP/1.1" 200 4147
186.103.158.250 - - [27/Sep/2018:08:50:07 -0300] "GET /cormun/static/hwchdr01.js?201752511465785 HTTP/1.1" 200 1183
186.103.158.250 - - [27/Sep/2018:08:50:07 -0300] "GET /cormun/static/hpexe_recentlink.js?20177611595044 HTTP/1.1" 200 2144
186.103.158.250 - - [27/Sep/2018:08:50:07 -0300] "GET /cormun/static/hpexe_scripts.js?201752511465715 HTTP/1.1" 200 1544
186.103.158.250 - - [27/Sep/2018:08:50:07 -0300] "GET /cormun/static/hpexe_messagecontroller.js?20177611595012 HTTP/1.1" 200 870
186.103.158.250 - - [27/Sep/2018:08:50:07 -0300] "GET /cormun/static/hpexe_messagepopupcomponent.js?20161017169425 HTTP/1.1" 200 605
186.103.158.250 - - [27/Sep/2018:08:50:07 -0300] "GET /cormun/static/hpexe_messagegenexuscomponent.js?201752511465344 HTTP/1.1" 200 587
186.103.158.250 - - [27/Sep/2018:08:50:07 -0300] "GET /cormun/static/cmcontrolpreferences.js?201752511465670 HTTP/1.1" 200 1375
186.103.158.250 - - [27/Sep/2018:08:50:07 -0300] "GET /cormun/static/SmoothNavMenu/resources/ddsmoothmenu.js HTTP/1.1" 200 12712
186.103.158.250 - - [27/Sep/2018:08:50:07 -0300] "GET /cormun/static/Shared/jquery/jquery-1.4.2.min.js HTTP/1.1" 200 72174
186.103.158.250 - - [27/Sep/2018:08:50:07 -0300] "GET /cormun/static/SmoothNavMenu/resources/SmoothNavMenuRender.js HTTP/1.1" 200 5951
186.103.158.250 - - [27/Sep/2018:08:50:07 -0300] "GET /cormun/static/scaMessage/js/jquery.pnotify.min.js HTTP/1.1" 200 13038
186.103.158.250 - - [27/Sep/2018:08:50:07 -0300] "GET /cormun/static/scaMessage/scaMessageRender.js HTTP/1.1" 200 11977
186.103.158.250 - - [27/Sep/2018:08:50:07 -0300] "GET /cormun/static/Shared/jquery/jquery-1.10.2.min.js HTTP/1.1" 200 273199
186.103.158.250 - - [27/Sep/2018:08:50:07 -0300] "GET /cormun/static/hmpwkw03.js?20189613443875 HTTP/1.1" 200 3965
186.103.158.250 - - [27/Sep/2018:08:50:08 -0300] "GET /cormun/static/Shared/jqueryui/jquery-ui.min.js HTTP/1.1" 200 240427
186.103.158.250 - - [27/Sep/2018:08:50:09 -0300] "GET /cormun/static/Shared/ext/ext-all.js HTTP/1.1" 200 1289687
186.103.158.250 - - [27/Sep/2018:08:50:14 -0300] "GET /cormun/servlet/hhome HTTP/1.1" 200 4007
186.103.158.250 - - [27/Sep/2018:08:50:15 -0300] "GET /cormun/static/SmoothNavMenu/resources/images/down.gif HTTP/1.1" 200 854
192.168.10.96 - - [27/Sep/2018:08:50:25 -0300] "POST /cormun/servlet/trsolicitudgral?325bec53f9a289ed5c2de7afa16b857b,,gx-no-cache=1538048792171 HTTP/1.1" 500 10
192.168.10.96 - - [27/Sep/2018:08:50:35 -0300] "GET /cormun/servlet/hlogin HTTP/1.1" 200 1723
192.168.10.96 - - [27/Sep/2018:08:50:36 -0300] "GET /cormun/servlet/hlogin HTTP/1.1" 200 1723
186.103.158.250 - - [27/Sep/2018:08:51:06 -0300] "GET /cormun/servlet/trlicencias? HTTP/1.1" 200 10480
192.168.10.96 - - [27/Sep/2018:08:51:06 -0300] "POST /cormun/servlet/hlogin?325bec53f9a289ed5c2de7afa16b857b,gx-no-cache=1538048832687 HTTP/1.1" 200 90
186.103.158.250 - - [27/Sep/2018:08:51:06 -0300] "GET /cormun/static/gxui/gxui-all.css?110300 HTTP/1.1" 200 2179
192.168.10.96 - - [27/Sep/2018:08:51:06 -0300] "GET /cormun/servlet/hpexe_link HTTP/1.1" 200 960
186.103.158.250 - - [27/Sep/2018:08:51:06 -0300] "GET /cormun/static/calendar-system.css?75620 HTTP/1.1" 200 5572
186.103.158.250 - - [27/Sep/2018:08:51:06 -0300] "GET /cormun/static/gxcfg.js?20176272054169 HTTP/1.1" 200 953
186.103.158.250 - - [27/Sep/2018:08:51:06 -0300] "GET /cormun/static/calendar-setup.js?85251 HTTP/1.1" 200 2588
186.103.158.250 - - [27/Sep/2018:08:51:06 -0300] "GET /cormun/static/calendar-es.js?85251 HTTP/1.1" 200 1901
186.103.158.250 - - [27/Sep/2018:08:51:06 -0300] "GET /cormun/static/calendar.js?85251 HTTP/1.1" 200 26246
186.103.158.250 - - [27/Sep/2018:08:51:06 -0300] "GET /cormun/static/Resources/PXToolsDataSearch.png HTTP/1.1" 200 419
186.103.158.250 - - [27/Sep/2018:08:51:06 -0300] "GET /cormun/static/Resources/PXTools/calendar.png HTTP/1.1" 200 1306
192.168.10.96 - - [27/Sep/2018:08:51:06 -0300] "GET /cormun/servlet/trsolicitudgral HTTP/1.1" 200 14544
186.103.158.250 - - [27/Sep/2018:08:51:06 -0300] "GET /cormun/static/trlicencias.js?20176272054837 HTTP/1.1" 200 41883
186.103.158.250 - - [27/Sep/2018:08:51:06 -0300] "GET /cormun/static/Resources/Spanish/PXTools.css?17315867 HTTP/1.1" 200 89042
186.103.158.250 - - [27/Sep/2018:08:51:07 -0300] "GET /cormun/static/Resources/PXToolsGridFirstDisabled.gif HTTP/1.1" 200 100
186.103.158.250 - - [27/Sep/2018:08:51:07 -0300] "GET /cormun/static/Resources/PXToolsGridPreviousDisabled.gif HTTP/1.1" 200 90
186.103.158.250 - - [27/Sep/2018:08:51:07 -0300] "GET /cormun/static/Resources/PXToolsGridNextDisabled.gif HTTP/1.1" 200 90
186.103.158.250 - - [27/Sep/2018:08:51:07 -0300] "GET /cormun/static/Resources/PXToolsGridLastDisabled.gif HTTP/1.1" 200 98
186.103.158.250 - - [27/Sep/2018:08:51:07 -0300] "GET /cormun/static/Resources/PXToolsGridPage.gif HTTP/1.1" 200 725
186.103.158.250 - - [27/Sep/2018:08:51:07 -0300] "GET /cormun/static/Resources/PXToolsActionExcel.png HTTP/1.1" 200 3187
186.103.158.250 - - [27/Sep/2018:08:51:07 -0300] "GET /cormun/static/gxdec.js?85251 HTTP/1.1" 200 19579
186.103.158.250 - - [27/Sep/2018:08:51:07 -0300] "GET /cormun/static/Resources/PXToolsGridNew.png HTTP/1.1" 200 2949
186.103.158.250 - - [27/Sep/2018:08:51:07 -0300] "GET /cormun/static/Shared/ext/resources/css/ext-all.css?205870 HTTP/1.1" 200 416045
192.168.10.96 - - [27/Sep/2018:08:51:07 -0300] "GET /cormun/servlet/trsolicitudgral HTTP/1.1" 200 14543
186.103.158.250 - - [27/Sep/2018:08:51:10 -0300] "GET /cormun/servlet/trlicencias? HTTP/1.1" 200 10476
186.103.158.250 - - [27/Sep/2018:08:51:10 -0300] "GET /cormun/static/Resources/asc.gif HTTP/1.1" 200 67
186.103.158.250 - - [27/Sep/2018:08:51:10 -0300] "GET /cormun//static/Resources/PXToolsHeaderHelp.png HTTP/1.1" 200 4055
186.103.158.250 - - [27/Sep/2018:08:51:10 -0300] "GET /cormun//static/Resources/PXToolsHeaderFavorites.png HTTP/1.1" 200 2744
186.103.158.250 - - [27/Sep/2018:08:51:10 -0300] "GET /cormun/static/Resources/desc.gif HTTP/1.1" 200 65
186.103.158.250 - - [27/Sep/2018:08:51:10 -0300] "GET /cormun//static/Resources/PXTools/ActionInsert.png HTTP/1.1" 200 1482
186.103.158.250 - - [27/Sep/2018:08:51:10 -0300] "GET /cormun//static/Resources/PXToolsActionDisabled.gif HTTP/1.1" 200 53
186.103.158.250 - - [27/Sep/2018:08:51:10 -0300] "GET /cormun//static/Resources/PXToolsGridDisplay.png HTTP/1.1" 200 362
186.103.158.250 - - [27/Sep/2018:08:51:10 -0300] "GET /cormun//static/Resources/PXToolsActionPrint.png HTTP/1.1" 200 3317
186.103.158.250 - - [27/Sep/2018:08:51:11 -0300] "GET /cormun/static/Shared/ext/resources/themes/images/default/panel/bg-headersPanel.png HTTP/1.1" 200 255
186.103.158.250 - - [27/Sep/2018:08:51:11 -0300] "GET /cormun/static/Shared/ext/resources/themes/images/default/tools/tool-sprites.gif HTTP/1.1" 200 5434
186.103.158.250 - - [27/Sep/2018:08:51:16 -0300] "POST /cormun/servlet/trlicencias?5ce50a9a93ae7af2f69923828e7e9539,,gx-no-cache=1538052466775 HTTP/1.1" 200 7923
192.168.10.96 - - [27/Sep/2018:08:51:19 -0300] "POST /cormun/servlet/trsolicitudgral?325bec53f9a289ed5c2de7afa16b857b,gx-no-cache=1538048845546 HTTP/1.1" 200 12398
186.103.158.250 - - [27/Sep/2018:08:51:20 -0300] "POST /cormun/servlet/trlicencias?5ce50a9a93ae7af2f69923828e7e9539,,gx-no-cache=1538052470515 HTTP/1.1" 200 7923
192.168.10.96 - - [27/Sep/2018:08:51:28 -0300] "POST /cormun/servlet/trsolicitudgral?325bec53f9a289ed5c2de7afa16b857b,gx-no-cache=1538048854928 HTTP/1.1" 200 105
192.168.10.96 - - [27/Sep/2018:08:51:29 -0300] "POST /cormun/servlet/trsolicitudgral?325bec53f9a289ed5c2de7afa16b857b,gx-no-cache=1538048855121 HTTP/1.1" 200 12382
192.168.10.96 - - [27/Sep/2018:08:51:29 -0300] "GET /cormun/SolicitudGral-2932.xls HTTP/1.1" 200 11264
186.103.157.42 - - [27/Sep/2018:08:51:52 -0300] "GET /cormun/servlet/trlicenciaspermisosadjuntos?17136150,20180927000000,L, HTTP/1.1" 200 6686
186.103.157.42 - - [27/Sep/2018:08:51:52 -0300] "GET /cormun/static/gxcfg.js?20177612163414 HTTP/1.1" 304 -
186.103.157.42 - - [27/Sep/2018:08:51:53 -0300] "GET /cormun/servlet/trlicenciaspermisosadjuntos?17136150,20180927000000,L, HTTP/1.1" 200 6686
186.103.157.42 - - [27/Sep/2018:08:51:55 -0300] "GET /cormun/servlet/licenciaspermisosadjuntos?INS,17136150,L,20180927000000,, HTTP/1.1" 200 5985
186.103.157.42 - - [27/Sep/2018:08:51:55 -0300] "GET /cormun/static/gxcfg.js?2017761263592 HTTP/1.1" 304 -
186.103.157.42 - - [27/Sep/2018:08:51:56 -0300] "GET /cormun/static/about:blank HTTP/1.1" 404 1011
186.103.157.42 - - [27/Sep/2018:08:51:56 -0300] "GET /cormun/servlet/licenciaspermisosadjuntos?INS,17136150,L,20180927000000,, HTTP/1.1" 200 5974
192.168.10.96 - - [27/Sep/2018:08:52:00 -0300] "POST /cormun/servlet/trsolicitudgral?325bec53f9a289ed5c2de7afa16b857b,gx-no-cache=1538048886018 HTTP/1.1" 200 17747
186.103.157.42 - - [27/Sep/2018:08:52:07 -0300] "POST /cormun/servlet/licenciaspermisosadjuntos?861ab0374a2fef60235582ee2dcce791,INS,17136150,L,20180927000000,, HTTP/1.1" 200 116
186.103.157.42 - - [27/Sep/2018:08:52:08 -0300] "GET /cormun/servlet/hpexe_return? HTTP/1.1" 200 1043
186.103.157.42 - - [27/Sep/2018:08:52:08 -0300] "GET /cormun/servlet/trlicenciaspermisosadjuntos?17136150,20180927000000,L, HTTP/1.1" 200 7190
186.103.157.42 - - [27/Sep/2018:08:52:08 -0300] "GET /cormun/servlet/trlicenciaspermisosadjuntos?17136150,20180927000000,L, HTTP/1.1" 200 7188
192.168.10.96 - - [27/Sep/2018:08:52:08 -0300] "GET /cormun/servlet/vesolicitudgral?2018,10918,, HTTP/1.1" 200 9384
192.168.10.96 - - [27/Sep/2018:08:52:08 -0300] "GET /cormun/pexe_scrolldiv.js HTTP/1.1" 404 1009
192.168.10.96 - - [27/Sep/2018:08:52:08 -0300] "GET /cormun/pexe_scrolldiv.js HTTP/1.1" 404 1009
