192.168.10.113 - - [27/Sep/2018:11:35:31 -0300] "GET /cormunbeta/servlet/veprevencionistadiat?3,,AccidentesAdjuntos HTTP/1.1" 200 7291
192.168.10.113 - - [27/Sep/2018:11:35:32 -0300] "POST /cormunbeta/servlet/acontrolpreferencessavestate?None,DIAT,true HTTP/1.1" 200 35
192.168.10.113 - - [27/Sep/2018:11:35:37 -0300] "GET /cormunbeta/servlet/veprevencionistadiat?3,,General HTTP/1.1" 200 6973
192.168.10.113 - - [27/Sep/2018:11:35:37 -0300] "GET /cormunbeta/pexe_scrolldiv.js HTTP/1.1" 404 1017
192.168.10.113 - - [27/Sep/2018:11:35:37 -0300] "GET /cormunbeta/pexe_scrolldiv.js HTTP/1.1" 404 1017
192.168.10.113 - - [27/Sep/2018:11:35:37 -0300] "GET /cormunbeta/servlet/veprevencionistadiat?3,,General HTTP/1.1" 200 6973
192.168.10.113 - - [27/Sep/2018:11:35:44 -0300] "POST /cormunbeta/servlet/veprevencionistadiat?9bed7e7283339e64c24741e3884ae472,3,,General,gx-no-cache=1538058864947 HTTP/1.1" 200 90
192.168.10.113 - - [27/Sep/2018:11:35:44 -0300] "GET /cormunbeta/servlet/hpexe_link HTTP/1.1" 200 972
192.168.10.113 - - [27/Sep/2018:11:35:44 -0300] "GET /cormunbeta/servlet/trprevencionistadiat? HTTP/1.1" 200 7073
192.168.10.113 - - [27/Sep/2018:11:35:45 -0300] "GET /cormunbeta/servlet/trprevencionistadiat? HTTP/1.1" 200 7072
192.168.10.113 - - [27/Sep/2018:11:36:11 -0300] "GET /cormunbeta/servlet/accidentes?DSP,3, HTTP/1.1" 200 6549
192.168.10.113 - - [27/Sep/2018:11:36:11 -0300] "GET /cormunbeta/servlet/accidentes?DSP,3, HTTP/1.1" 200 6549
192.168.10.113 - - [27/Sep/2018:11:36:15 -0300] "POST /cormunbeta/servlet/accidentes?9bed7e7283339e64c24741e3884ae472,DSP,3,,gx-no-cache=1538058895693 HTTP/1.1" 200 93
192.168.10.113 - - [27/Sep/2018:11:36:15 -0300] "GET /cormunbeta/servlet/hpexe_return? HTTP/1.1" 200 1016
192.168.10.113 - - [27/Sep/2018:11:36:15 -0300] "GET /cormunbeta/servlet/trprevencionistadiat HTTP/1.1" 200 7075
192.168.10.113 - - [27/Sep/2018:11:36:15 -0300] "GET /cormunbeta/servlet/trprevencionistadiat HTTP/1.1" 200 7071
192.168.10.113 - - [27/Sep/2018:11:36:27 -0300] "POST /cormunbeta/servlet/trprevencionistadiat?9bed7e7283339e64c24741e3884ae472,gx-no-cache=1538058908084 HTTP/1.1" 200 3744
192.168.10.113 - - [27/Sep/2018:11:36:27 -0300] "GET /cormunbeta/static/Shared/jqueryui/images/ui-icons_82798d_256x240.png HTTP/1.1" 404 1097
192.168.10.113 - - [27/Sep/2018:11:36:27 -0300] "GET /cormunbeta/static/Shared/jqueryui/images/ui-bg_highlight-soft_100_c6c2c8_1x100.png HTTP/1.1" 404 1125
192.168.10.113 - - [27/Sep/2018:11:36:27 -0300] "GET /cormunbeta/static/Shared/jqueryui/images/ui-icons_8d78a5_256x240.png HTTP/1.1" 404 1097
192.168.10.113 - - [27/Sep/2018:11:36:27 -0300] "GET /cormunbeta/static/Shared/jqueryui/images/ui-bg_flat_55_fafafa_40x100.png HTTP/1.1" 404 1105
192.168.10.113 - - [27/Sep/2018:11:36:27 -0300] "POST /cormunbeta/servlet/trprevencionistadiat?9bed7e7283339e64c24741e3884ae472,gx-no-cache=1538058908276 HTTP/1.1" 200 3596
192.168.10.113 - - [27/Sep/2018:11:36:33 -0300] "POST /cormunbeta/servlet/trprevencionistadiat?9bed7e7283339e64c24741e3884ae472,gx-no-cache=1538058914090 HTTP/1.1" 200 3614
192.168.10.113 - - [27/Sep/2018:11:36:38 -0300] "POST /cormunbeta/servlet/trprevencionistadiat?9bed7e7283339e64c24741e3884ae472,gx-no-cache=1538058918442 HTTP/1.1" 200 4530
192.168.10.113 - - [27/Sep/2018:11:36:47 -0300] "GET /cormunbeta/servlet/veprevencionistadiat?3,, HTTP/1.1" 200 6966
192.168.10.113 - - [27/Sep/2018:11:36:47 -0300] "GET /cormunbeta/pexe_scrolldiv.js HTTP/1.1" 404 1017
192.168.10.113 - - [27/Sep/2018:11:36:47 -0300] "GET /cormunbeta/pexe_scrolldiv.js HTTP/1.1" 404 1017
192.168.10.113 - - [27/Sep/2018:11:36:47 -0300] "GET /cormunbeta/servlet/veprevencionistadiat?3,, HTTP/1.1" 200 6966
192.168.10.113 - - [27/Sep/2018:11:36:48 -0300] "GET /cormunbeta/servlet/veprevencionistadiat?3,,AccidenteEvento HTTP/1.1" 200 7309
192.168.10.113 - - [27/Sep/2018:11:36:48 -0300] "GET /cormunbeta/pexe_scrolldiv.js HTTP/1.1" 404 1017
192.168.10.113 - - [27/Sep/2018:11:36:48 -0300] "GET /cormunbeta/pexe_scrolldiv.js HTTP/1.1" 404 1017
192.168.10.113 - - [27/Sep/2018:11:36:49 -0300] "GET /cormunbeta/servlet/veprevencionistadiat?3,,AccidenteEvento HTTP/1.1" 200 7309
192.168.10.113 - - [27/Sep/2018:11:36:50 -0300] "POST /cormunbeta/servlet/acontrolpreferencessavestate?None,DIAT,true HTTP/1.1" 200 35
192.168.10.113 - - [27/Sep/2018:11:37:03 -0300] "POST /cormunbeta/servlet/veprevencionistadiat?9bed7e7283339e64c24741e3884ae472,3,,AccidenteEvento,gx-no-cache=1538058943839 HTTP/1.1" 200 90
192.168.10.113 - - [27/Sep/2018:11:37:03 -0300] "GET /cormunbeta/servlet/hpexe_link HTTP/1.1" 200 995
192.168.10.113 - - [27/Sep/2018:11:37:03 -0300] "GET /cormunbeta/servlet/trprevencionistadiat?gx-no-cache=1538058918442 HTTP/1.1" 200 7076
192.168.10.113 - - [27/Sep/2018:11:37:03 -0300] "GET /cormunbeta/servlet/trprevencionistadiat?gx-no-cache=1538058918442 HTTP/1.1" 200 7103
192.168.10.113 - - [27/Sep/2018:11:37:47 -0300] "GET /cormunbeta/servlet/hlogin HTTP/1.1" 200 1766
192.168.10.113 - - [27/Sep/2018:11:37:57 -0300] "POST /cormunbeta/servlet/hlogin?9bed7e7283339e64c24741e3884ae472,gx-no-cache=1538058997442 HTTP/1.1" 200 90
192.168.10.113 - - [27/Sep/2018:11:37:57 -0300] "GET /cormunbeta/servlet/hpexe_link HTTP/1.1" 200 955
192.168.10.113 - - [27/Sep/2018:11:37:57 -0300] "GET /cormunbeta/servlet/hhome HTTP/1.1" 200 4204
192.168.10.113 - - [27/Sep/2018:11:37:57 -0300] "GET /cormunbeta/servlet/hhome HTTP/1.1" 200 4202
186.103.159.46 - - [27/Sep/2018:11:37:59 -0300] "GET /cormun/servlet/hlogin HTTP/1.1" 200 1718
186.103.159.46 - - [27/Sep/2018:11:37:59 -0300] "GET /cormun/static/gxcfg.js?20177612122725 HTTP/1.1" 304 -
186.103.159.46 - - [27/Sep/2018:11:37:59 -0300] "GET /cormun/static/messages.spa.js?85251 HTTP/1.1" 304 -
186.103.159.46 - - [27/Sep/2018:11:38:00 -0300] "GET /cormun/servlet/hlogin HTTP/1.1" 200 1727
192.168.10.113 - - [27/Sep/2018:11:38:00 -0300] "GET /cormunbeta/servlet/trdiat? HTTP/1.1" 200 8008
192.168.10.113 - - [27/Sep/2018:11:38:00 -0300] "GET /cormunbeta/servlet/trdiat? HTTP/1.1" 200 8007
186.103.159.46 - - [27/Sep/2018:11:38:14 -0300] "POST /cormun/servlet/hlogin?cf7d27a40d62a0b173573765a526d4b6,gx-no-cache=1538062608954 HTTP/1.1" 200 90
186.103.159.46 - - [27/Sep/2018:11:38:14 -0300] "GET /cormun/servlet/hpexe_link HTTP/1.1" 200 948
186.103.159.46 - - [27/Sep/2018:11:38:14 -0300] "GET /cormun/static/gxcfg.js?20177612121792 HTTP/1.1" 304 -
186.103.159.46 - - [27/Sep/2018:11:38:15 -0300] "GET /cormun/servlet/hhome HTTP/1.1" 200 4048
186.103.159.46 - - [27/Sep/2018:11:38:15 -0300] "GET /cormun/static/gxcfg.js?20175251212442 HTTP/1.1" 304 -
186.103.159.46 - - [27/Sep/2018:11:38:16 -0300] "GET /cormun/static/hmpwkw03.js?20189613443875 HTTP/1.1" 304 -
186.103.159.46 - - [27/Sep/2018:11:38:17 -0300] "GET /cormun/servlet/hhome HTTP/1.1" 200 4045
186.103.132.155 - - [27/Sep/2018:11:38:20 -0300] "POST /cormun/servlet/solicitudot?gx-no-cache=1538059017250 HTTP/1.1" 200 3360
186.103.132.155 - - [27/Sep/2018:11:38:20 -0300] "POST /cormun/servlet/solicitudot?54e1662bf9a5cddb239fdc7dae20683f,INS,0,0,,gx-no-cache=1538059017669 HTTP/1.1" 200 11680
190.151.100.218 - - [27/Sep/2018:11:38:22 -0300] "GET /cormun/servlet/solicitudot?ebca9a5c0fe5f5a402e31f828ff9174b2f854aab5c02b345b2ff8ccf04a1cb3adc9d0fd181cc221e2d24f05f39ee1c64,gx-no-cache=1538059020195 HTTP/1.1" 200 30
186.103.159.46 - - [27/Sep/2018:11:38:27 -0300] "GET /cormun/servlet/trpermisosgoce? HTTP/1.1" 200 13063
186.103.159.46 - - [27/Sep/2018:11:38:27 -0300] "GET /cormun/static/gxcfg.js?20177612163875 HTTP/1.1" 304 -
186.103.159.46 - - [27/Sep/2018:11:38:28 -0300] "GET /cormun/servlet/trpermisosgoce? HTTP/1.1" 200 13062
192.168.10.113 - - [27/Sep/2018:11:38:32 -0300] "GET /cormunbeta/servlet/trdiat? HTTP/1.1" 200 8007
192.168.10.113 - - [27/Sep/2018:11:38:33 -0300] "GET /cormunbeta/servlet/trdiat? HTTP/1.1" 200 8007
192.168.10.113 - - [27/Sep/2018:11:38:47 -0300] "GET /cormunbeta/servlet/accidentes?INS,0, HTTP/1.1" 200 7350
192.168.10.113 - - [27/Sep/2018:11:38:47 -0300] "GET /cormunbeta/servlet/accidentes?INS,0, HTTP/1.1" 200 7350
186.103.159.46 - - [27/Sep/2018:11:38:48 -0300] "GET /cormun/static/menuarrow.gif HTTP/1.1" 404 1015
186.103.159.46 - - [27/Sep/2018:11:39:02 -0300] "POST /cormun/servlet/trpermisosgoce?cf7d27a40d62a0b173573765a526d4b6,,gx-no-cache=1538062655976 HTTP/1.1" 200 16631
186.103.159.46 - - [27/Sep/2018:11:39:03 -0300] "GET /cormun/static/Resources/PXToolsGridNext.gif HTTP/1.1" 200 369
186.103.159.46 - - [27/Sep/2018:11:39:03 -0300] "GET /cormun/static/Resources/PXToolsGridLast.gif HTTP/1.1" 200 370
192.168.10.113 - - [27/Sep/2018:11:39:23 -0300] "POST /cormunbeta/servlet/accidentes?9bed7e7283339e64c24741e3884ae472,INS,0,,gx-no-cache=1538059084149 HTTP/1.1" 200 90
192.168.10.113 - - [27/Sep/2018:11:39:23 -0300] "GET /cormunbeta/servlet/hpexe_link HTTP/1.1" 200 962
192.168.10.113 - - [27/Sep/2018:11:39:23 -0300] "GET /cormunbeta/servlet/trdiat HTTP/1.1" 200 8009
192.168.10.113 - - [27/Sep/2018:11:39:24 -0300] "GET /cormunbeta/servlet/trdiat HTTP/1.1" 200 8007
186.103.159.46 - - [27/Sep/2018:11:39:27 -0300] "POST /cormun/servlet/trpermisosgoce?cf7d27a40d62a0b173573765a526d4b6,,gx-no-cache=1538062681744 HTTP/1.1" 200 16607
186.103.159.46 - - [27/Sep/2018:11:39:49 -0300] "POST /cormun/servlet/trpermisosgoce?cf7d27a40d62a0b173573765a526d4b6,,gx-no-cache=1538062703145 HTTP/1.1" 200 14734
186.103.159.46 - - [27/Sep/2018:11:39:51 -0300] "GET /cormun/static/Resources/PXToolsGridFirst.gif HTTP/1.1" 200 379
186.103.159.46 - - [27/Sep/2018:11:39:51 -0300] "GET /cormun/static/Resources/PXToolsGridPrevious.gif HTTP/1.1" 200 369
192.168.10.113 - - [27/Sep/2018:11:39:53 -0300] "GET /cormunbeta/servlet/accidentes?INS,0, HTTP/1.1" 200 7350
192.168.10.113 - - [27/Sep/2018:11:39:53 -0300] "GET /cormunbeta/servlet/accidentes?INS,0, HTTP/1.1" 200 7350
192.168.10.113 - - [27/Sep/2018:11:39:56 -0300] "GET /cormunbeta/static/menuarrow.gif HTTP/1.1" 404 1023
192.168.10.113 - - [27/Sep/2018:11:40:06 -0300] "POST /cormunbeta/servlet/accidentes?9bed7e7283339e64c24741e3884ae472,INS,0,,gx-no-cache=1538059126782 HTTP/1.1" 200 5719
192.168.10.113 - - [27/Sep/2018:11:40:06 -0300] "GET /cormunbeta/static/Shared/jqueryui/images/ui-bg_highlight-soft_100_c6c2c8_1x100.png HTTP/1.1" 404 1125
192.168.10.113 - - [27/Sep/2018:11:40:06 -0300] "GET /cormunbeta/static/Shared/jqueryui/images/ui-icons_82798d_256x240.png HTTP/1.1" 404 1097
192.168.10.113 - - [27/Sep/2018:11:40:06 -0300] "GET /cormunbeta/static/Shared/jqueryui/images/ui-bg_flat_55_994d53_40x100.png HTTP/1.1" 404 1105
192.168.10.113 - - [27/Sep/2018:11:40:06 -0300] "GET /cormunbeta/static/Shared/jqueryui/images/ui-icons_ebccce_256x240.png HTTP/1.1" 404 1097
186.103.159.46 - - [27/Sep/2018:11:40:21 -0300] "GET /cormun/servlet/trlicencias? HTTP/1.1" 200 10030
186.103.159.46 - - [27/Sep/2018:11:40:21 -0300] "GET /cormun/static/gxcfg.js?20176272054169 HTTP/1.1" 304 -
186.103.159.46 - - [27/Sep/2018:11:40:23 -0300] "GET /cormun/servlet/trlicencias? HTTP/1.1" 200 10029
186.103.159.46 - - [27/Sep/2018:11:40:53 -0300] "GET /cormun/servlet/trpermisosgoce? HTTP/1.1" 200 17571
186.103.159.46 - - [27/Sep/2018:11:40:56 -0300] "GET /cormun/servlet/trpermisosgoce? HTTP/1.1" 200 17563
192.168.10.113 - - [27/Sep/2018:11:41:02 -0300] "GET /cormunbeta/servlet/prfichaempleado?,MD,,gxPopupLevel%3D0%3B HTTP/1.1" 200 9250
186.103.159.46 - - [27/Sep/2018:11:41:12 -0300] "GET /cormun/servlet/permisogoce?INS,0,,, HTTP/1.1" 200 6890
186.103.159.46 - - [27/Sep/2018:11:41:12 -0300] "GET /cormun/static/gxcfg.js?201776126440 HTTP/1.1" 304 -
186.103.159.46 - - [27/Sep/2018:11:41:14 -0300] "GET /cormun/servlet/permisogoce?INS,0,,, HTTP/1.1" 200 6889
192.168.10.113 - - [27/Sep/2018:11:41:15 -0300] "POST /cormunbeta/servlet/prfichaempleado?9bed7e7283339e64c24741e3884ae472,,MD,,gxPopupLevel%3D0%3B,gx-no-cache=1538059196104 HTTP/1.1" 200 5779
186.103.159.46 - - [27/Sep/2018:11:41:36 -0300] "GET /cormun/servlet/permisogoce?71ea8d7b437b68ee09e437c027a41e7cb3203677e15bab345a186ac0a727592ba7757201a237002b07557221c7314ef7,gx-no-cache=1538062810237 HTTP/1.1" 200 87
186.103.159.46 - - [27/Sep/2018:11:41:55 -0300] "GET /cormun/static/menuarrow.gif HTTP/1.1" 404 1015
186.103.159.46 - - [27/Sep/2018:11:42:14 -0300] "GET /cormun/servlet/permisogoce?71ea8d7b437b68ee09e437c027a41e7c3ffa3b6233c0199480fa430ce6d7aed2861ddc547bd75a84c280e877ae7bb0be67197e3f84f03a9638ca04fab4b6de66,gx-no-cache=1538062848653 HTTP/1.1" 200 129
186.103.159.46 - - [27/Sep/2018:11:42:14 -0300] "GET /cormun/static/Shared/jqueryui/images/ui-bg_highlight-soft_100_c6c2c8_1x100.png HTTP/1.1" 404 1117
186.103.159.46 - - [27/Sep/2018:11:42:14 -0300] "GET /cormun/static/Shared/jqueryui/images/ui-icons_82798d_256x240.png HTTP/1.1" 404 1089
186.103.159.46 - - [27/Sep/2018:11:42:14 -0300] "GET /cormun/static/Shared/jqueryui/images/ui-bg_flat_55_994d53_40x100.png HTTP/1.1" 404 1097
186.103.159.46 - - [27/Sep/2018:11:42:14 -0300] "GET /cormun/static/Shared/jqueryui/images/ui-icons_ebccce_256x240.png HTTP/1.1" 404 1089
192.168.10.113 - - [27/Sep/2018:11:42:24 -0300] "POST /cormunbeta/servlet/prfichaempleado?9bed7e7283339e64c24741e3884ae472,,MD,,gxPopupLevel%3D0%3B,gx-no-cache=1538059264992 HTTP/1.1" 200 3191
186.103.159.46 - - [27/Sep/2018:11:42:30 -0300] "GET /cormun/servlet/permisogoce?71ea8d7b437b68ee09e437c027a41e7c3ffa3b6233c0199480fa430ce6d7aed206a3603a19772623ce4fa1fa0323d30da19a3b196f29d0f380c14f88d9fd0299,gx-no-cache=1538062864371 HTTP/1.1" 200 47
192.168.10.113 - - [27/Sep/2018:11:42:42 -0300] "POST /cormunbeta/servlet/prfichaempleado?9bed7e7283339e64c24741e3884ae472,,MD,,gxPopupLevel%3D0%3B,gx-no-cache=1538059282621 HTTP/1.1" 200 5779
192.168.10.113 - - [27/Sep/2018:11:42:53 -0300] "GET /cormunbeta/servlet/accidentes?57d4fa2eefb361ced00aa333fd25c003bd2b25f021b2bd7084a10c679a8e59c9fd86b95d5c7af3511a708378e2c4cfd5,gx-no-cache=1538059294218 HTTP/1.1" 200 120
192.168.10.113 - - [27/Sep/2018:11:43:00 -0300] "GET /cormunbeta/servlet/prcontratodiat?10909307,,,,,MD,,gxPopupLevel%3D0%3B HTTP/1.1" 200 5601
186.103.159.46 - - [27/Sep/2018:11:43:19 -0300] "POST /cormun/servlet/permisogoce?cf7d27a40d62a0b173573765a526d4b6,INS,0,,,,gx-no-cache=1538062912592 HTTP/1.1" 200 93
186.103.159.46 - - [27/Sep/2018:11:43:19 -0300] "GET /cormun/servlet/hpexe_return? HTTP/1.1" 200 1007
186.103.159.46 - - [27/Sep/2018:11:43:19 -0300] "GET /cormun/static/gxcfg.js?2016101716175148 HTTP/1.1" 304 -
186.103.159.46 - - [27/Sep/2018:11:43:20 -0300] "GET /cormun/servlet/trpermisosgoce HTTP/1.1" 200 17808
186.103.159.46 - - [27/Sep/2018:11:43:22 -0300] "GET /cormun/servlet/trpermisosgoce HTTP/1.1" 200 17808
40.77.167.50 - - [27/Sep/2018:11:43:23 -0300] "GET /cormun/servlet/hpexe_return HTTP/1.1" 200 975
192.168.10.113 - - [27/Sep/2018:11:43:24 -0300] "GET /cormunbeta/servlet/prfichaempleado?,MD,,gxPopupLevel%3D0%3B HTTP/1.1" 200 9250
186.103.159.46 - - [27/Sep/2018:11:43:38 -0300] "POST /cormun/servlet/trpermisosgoce?cf7d27a40d62a0b173573765a526d4b6,gx-no-cache=1538062932140 HTTP/1.1" 200 16684
192.168.10.113 - - [27/Sep/2018:11:43:40 -0300] "GET /cormunbeta/servlet/prcontratodiat?10254278,,,,,MD,,gxPopupLevel%3D0%3B HTTP/1.1" 200 5600
192.168.10.113 - - [27/Sep/2018:11:43:42 -0300] "GET /cormunbeta/servlet/accidentes?57d4fa2eefb361ced00aa333fd25c00336128377b1fd2905954806cf793871455a4d11edf6ca91a06f422e56e373b9dd1dd9567005cdc9c70521d7d142ab95c5ba2401ff52181f11aed0e0e4e099229f10596e34fc554b510398a9389f3eec267236c28ac4261d6d94eab76371ea5cfc697b052fba09d501b6d167ed69031c111ccce64db97db3a50d7cf1374a501aef,gx-no-cache=1538059343153 HTTP/1.1" 200 127
192.168.10.113 - - [27/Sep/2018:11:43:44 -0300] "GET /cormunbeta/servlet/prcontratodiat?10254278,,,,,MD,,gxPopupLevel%3D0%3B HTTP/1.1" 200 5600
186.103.159.46 - - [27/Sep/2018:11:43:51 -0300] "GET /cormun/servlet/apermisogoceprn?8998455,P,20180927113719,PU HTTP/1.1" 200 1667
192.168.10.113 - - [27/Sep/2018:11:43:56 -0300] "GET /cormunbeta/servlet/accidentes?57d4fa2eefb361ced00aa333fd25c00366bfd57d8091c4be4aa4dea7cca79ab5618e252cc2015bae95be2458c0758299a357a26cf766042843cd4922243cc7a802513d57f384930347413a07a7779159e162970f00539831a4e4284dabc9b95ba816915613e20935ca63a19c8425d6935de5639d904d51af29cb24022cc10982271690013a1207eede92f32112b07de73615284f2c550859f581eeac7ff5ab60,gx-no-cache=1538059356560 HTTP/1.1" 200 149
192.168.10.113 - - [27/Sep/2018:11:44:00 -0300] "GET /cormunbeta/servlet/prcontratodiat?11981479,,,,,MD,,gxPopupLevel%3D0%3B HTTP/1.1" 200 7383
192.168.10.113 - - [27/Sep/2018:11:44:05 -0300] "GET /cormunbeta/servlet/accidentes?57d4fa2eefb361ced00aa333fd25c00370e80b82b3e095a16ddb5df59f18e3f91f17ae0c2ef5cde5ad34768b1250cfb557936b883a822fb837c187535b6238b7,gx-no-cache=1538059365640 HTTP/1.1" 200 62
192.168.10.113 - - [27/Sep/2018:11:44:06 -0300] "GET /cormunbeta/servlet/accidentes?57d4fa2eefb361ced00aa333fd25c00370e80b82b3e095a16ddb5df59f18e3f97f07db800d74053f512dbf543b7d84a53af3e2759f6ef73f24d8e03b050cdd020097cb438e5e8aaceb53e871bceef4780ceaaf245a7655e141fecfdb33dfa983,gx-no-cache=1538059367393 HTTP/1.1" 200 62
186.103.159.46 - - [27/Sep/2018:11:44:48 -0300] "GET /cormun/servlet/permisogoce?INS,0,,, HTTP/1.1" 200 6890
186.103.159.46 - - [27/Sep/2018:11:44:50 -0300] "GET /cormun/servlet/permisogoce?INS,0,,, HTTP/1.1" 200 6889
192.168.10.113 - - [27/Sep/2018:11:44:54 -0300] "POST /cormunbeta/servlet/accidentes?9bed7e7283339e64c24741e3884ae472,INS,0,,gx-no-cache=1538059415147 HTTP/1.1" 200 93
192.168.10.113 - - [27/Sep/2018:11:44:54 -0300] "GET /cormunbeta/servlet/hpexe_return? HTTP/1.1" 200 1008
192.168.10.113 - - [27/Sep/2018:11:44:55 -0300] "GET /cormunbeta/servlet/trdiat HTTP/1.1" 200 8269
192.168.10.113 - - [27/Sep/2018:11:44:55 -0300] "GET /cormunbeta/servlet/trdiat HTTP/1.1" 200 8267
192.168.10.113 - - [27/Sep/2018:11:45:09 -0300] "GET /cormunbeta/servlet/arepdiat?4,PU HTTP/1.1" 200 9910
186.103.159.46 - - [27/Sep/2018:11:45:16 -0300] "GET /cormun/servlet/permisogoce?71ea8d7b437b68ee09e437c027a41e7cb7c7b1cd6df721ba4bad52a154c38e47a7757201a237002b07557221c7314ef7,gx-no-cache=1538063030968 HTTP/1.1" 200 226
186.103.159.46 - - [27/Sep/2018:11:45:16 -0300] "GET /cormun/static/Shared/jqueryui/images/ui-bg_highlight-soft_100_c6c2c8_1x100.png HTTP/1.1" 404 1117
186.103.159.46 - - [27/Sep/2018:11:45:16 -0300] "GET /cormun/static/Shared/jqueryui/images/ui-icons_82798d_256x240.png HTTP/1.1" 404 1089
186.103.159.46 - - [27/Sep/2018:11:45:16 -0300] "GET /cormun/static/Shared/jqueryui/images/ui-bg_flat_55_994d53_40x100.png HTTP/1.1" 404 1097
186.103.159.46 - - [27/Sep/2018:11:45:16 -0300] "GET /cormun/static/Shared/jqueryui/images/ui-icons_ebccce_256x240.png HTTP/1.1" 404 1089
186.103.159.46 - - [27/Sep/2018:11:45:37 -0300] "GET /cormun/servlet/permisogoce?71ea8d7b437b68ee09e437c027a41e7ca9122f61cb4ccb36744fc0b995d52ed7a7757201a237002b07557221c7314ef7,gx-no-cache=1538063051609 HTTP/1.1" 200 80
186.10.12.250 - - [27/Sep/2018:11:45:37 -0300] "GET /cormun/servlet/solicitudot?ebca9a5c0fe5f5a402e31f828ff9174b8bcb01a4a1e6acfc09ca414e54a941d1bd57b59d8f34246980647e49f528757ec5d5a68b1215bc2c2e8c2fe281f6a3ea,gx-no-cache=1538059454966 HTTP/1.1" 200 30
186.10.12.250 - - [27/Sep/2018:11:45:37 -0300] "GET /cormun/servlet/solicitudot?ebca9a5c0fe5f5a402e31f828ff9174bbde593cfd6230945acf14b56448057e8,gx-no-cache=1538059455063 HTTP/1.1" 200 29
186.10.12.250 - - [27/Sep/2018:11:45:39 -0300] "POST /cormun/servlet/solicitudot?gx-no-cache=1538059457288 HTTP/1.1" 200 255
186.10.12.250 - - [27/Sep/2018:11:45:42 -0300] "GET /cormun/servlet/solicitudot?ebca9a5c0fe5f5a402e31f828ff9174b799297d0ad3b54f9bfb7423c051f594f0a7279392c47e4b03339217c0f6cbe85b5907887f1d0146a1f8eda9a7a3c661baa6b83f170e50952b61a047e489f2184409e6c18e7a82a5d51d438e4e9498551065f32ef70ce2255c757542b637aa3f0be7fde07e953d92fb71c736571785b1dd00ecfaee4d01717ac7b693cbc6682f5b04893af89d7e71aa10601123a841f770a3cd9218c05815c51ecc0eda319d9bc469b477b2ec4e3e8e523476794f936335ab7073f14ac9dd6863de8b763a0cf628c6c02e61d17677792643751255a9e80888574c1ab078856e1b7dd982af0937a618546307a97bf1d7ab36709bb3388770695561fb772c3da18e719df03db2cc06069f0b575fb28b0f1d79f5b71be6e4f776f57f8e8273131e135066348aecdda591a5a4d11797a8a31b1561a521981873c56b0154e5ff8f43bb15619aa69e127ad7644385c076395be513f300ff75629cfa83db8c8dc64e775a74ef692679396e0d861efde21f8628745183815188471,gx-no-cache=1538059459844 HTTP/1.1" 200 30
186.103.159.46 - - [27/Sep/2018:11:45:51 -0300] "GET /cormun/static/menuarrow.gif HTTP/1.1" 404 1015
192.168.10.113 - - [27/Sep/2018:11:45:54 -0300] "GET /cormunbeta/servlet/vediat?4,, HTTP/1.1" 200 7713
192.168.10.113 - - [27/Sep/2018:11:45:54 -0300] "GET /cormunbeta/pexe_scrolldiv.js HTTP/1.1" 404 1017
192.168.10.113 - - [27/Sep/2018:11:45:54 -0300] "GET /cormunbeta/pexe_scrolldiv.js HTTP/1.1" 404 1017
192.168.10.113 - - [27/Sep/2018:11:45:54 -0300] "GET /cormunbeta/servlet/vediat?4,, HTTP/1.1" 200 7713
192.168.10.113 - - [27/Sep/2018:11:45:57 -0300] "GET /cormunbeta/servlet/vediat?4,,AccidentesHorario HTTP/1.1" 200 7706
192.168.10.113 - - [27/Sep/2018:11:45:57 -0300] "GET /cormunbeta/pexe_scrolldiv.js HTTP/1.1" 404 1017
192.168.10.113 - - [27/Sep/2018:11:45:57 -0300] "GET /cormunbeta/pexe_scrolldiv.js HTTP/1.1" 404 1017
192.168.10.113 - - [27/Sep/2018:11:45:57 -0300] "GET /cormunbeta/servlet/vediat?4,,AccidentesHorario HTTP/1.1" 200 7706
192.168.10.113 - - [27/Sep/2018:11:45:58 -0300] "POST /cormunbeta/servlet/acontrolpreferencessavestate?None,AQUEZADA,true HTTP/1.1" 200 35
186.103.159.46 - - [27/Sep/2018:11:46:08 -0300] "GET /cormun/servlet/permisogoce?71ea8d7b437b68ee09e437c027a41e7c680202c390e9d4b14131ade9d78c489e814a85dbe73829886d5edb65869acfc9a19a3b196f29d0f380c14f88d9fd0299,gx-no-cache=1538063082567 HTTP/1.1" 200 48
192.168.10.113 - - [27/Sep/2018:11:46:19 -0300] "POST /cormunbeta/servlet/vediat?9bed7e7283339e64c24741e3884ae472,4,,AccidentesHorario,gx-no-cache=1538059500164 HTTP/1.1" 200 90
192.168.10.113 - - [27/Sep/2018:11:46:19 -0300] "GET /cormunbeta/servlet/hpexe_link HTTP/1.1" 200 969
192.168.10.113 - - [27/Sep/2018:11:46:19 -0300] "GET /cormunbeta/servlet/trdiat HTTP/1.1" 200 8267
192.168.10.113 - - [27/Sep/2018:11:46:20 -0300] "GET /cormunbeta/servlet/trdiat HTTP/1.1" 200 8267
186.10.12.250 - - [27/Sep/2018:11:46:35 -0300] "POST /cormun/servlet/solicitudot?gx-no-cache=1538059512866 HTTP/1.1" 200 30
186.10.12.250 - - [27/Sep/2018:11:46:35 -0300] "POST /cormun/servlet/solicitudot?gx-no-cache=1538059513034 HTTP/1.1" 200 1265
186.10.12.250 - - [27/Sep/2018:11:46:35 -0300] "POST /cormun/servlet/solicitudot?gx-no-cache=1538059513203 HTTP/1.1" 200 38
192.168.10.113 - - [27/Sep/2018:11:46:44 -0300] "GET /cormunbeta/servlet/accidentes?UPD,4, HTTP/1.1" 200 7634
192.168.10.113 - - [27/Sep/2018:11:46:45 -0300] "GET /cormunbeta/servlet/accidentes?UPD,4, HTTP/1.1" 200 7634
186.103.159.46 - - [27/Sep/2018:11:46:46 -0300] "POST /cormun/servlet/permisogoce?cf7d27a40d62a0b173573765a526d4b6,INS,0,,,,gx-no-cache=1538063120835 HTTP/1.1" 200 93
186.103.159.46 - - [27/Sep/2018:11:46:47 -0300] "GET /cormun/servlet/hpexe_return? HTTP/1.1" 200 1029
186.103.159.46 - - [27/Sep/2018:11:46:47 -0300] "GET /cormun/servlet/trpermisosgoce?gx-no-cache=1538062932140 HTTP/1.1" 200 19423
186.103.159.46 - - [27/Sep/2018:11:46:50 -0300] "GET /cormun/servlet/trpermisosgoce?gx-no-cache=1538062932140 HTTP/1.1" 200 19446
192.168.10.113 - - [27/Sep/2018:11:46:52 -0300] "POST /cormunbeta/servlet/accidentes?9bed7e7283339e64c24741e3884ae472,UPD,4,,gx-no-cache=1538059532629 HTTP/1.1" 200 93
192.168.10.113 - - [27/Sep/2018:11:46:52 -0300] "GET /cormunbeta/servlet/hpexe_return? HTTP/1.1" 200 1008
192.168.10.113 - - [27/Sep/2018:11:46:52 -0300] "GET /cormunbeta/servlet/trdiat HTTP/1.1" 200 8269
192.168.10.113 - - [27/Sep/2018:11:46:52 -0300] "GET /cormunbeta/servlet/trdiat HTTP/1.1" 200 8267
192.168.10.113 - - [27/Sep/2018:11:46:58 -0300] "GET /cormunbeta/servlet/vediat?4,, HTTP/1.1" 200 7713
192.168.10.113 - - [27/Sep/2018:11:46:58 -0300] "GET /cormunbeta/pexe_scrolldiv.js HTTP/1.1" 404 1017
192.168.10.113 - - [27/Sep/2018:11:46:58 -0300] "GET /cormunbeta/pexe_scrolldiv.js HTTP/1.1" 404 1017
186.103.159.46 - - [27/Sep/2018:11:46:58 -0300] "GET /cormun/servlet/apermisogoceprn?9279275,P,20180927114055,PU HTTP/1.1" 200 1655
192.168.10.113 - - [27/Sep/2018:11:46:58 -0300] "GET /cormunbeta/servlet/vediat?4,, HTTP/1.1" 200 7713
192.168.10.113 - - [27/Sep/2018:11:47:00 -0300] "GET /cormunbeta/servlet/vediat?4,,AccidentesHorario HTTP/1.1" 200 7706
192.168.10.113 - - [27/Sep/2018:11:47:00 -0300] "GET /cormunbeta/pexe_scrolldiv.js HTTP/1.1" 404 1017
192.168.10.113 - - [27/Sep/2018:11:47:00 -0300] "GET /cormunbeta/pexe_scrolldiv.js HTTP/1.1" 404 1017
192.168.10.113 - - [27/Sep/2018:11:47:00 -0300] "GET /cormunbeta/servlet/vediat?4,,AccidentesHorario HTTP/1.1" 200 7706
192.168.10.113 - - [27/Sep/2018:11:47:01 -0300] "POST /cormunbeta/servlet/acontrolpreferencessavestate?None,AQUEZADA,true HTTP/1.1" 200 35
192.168.10.113 - - [27/Sep/2018:11:47:24 -0300] "POST /cormunbeta/servlet/vediat?9bed7e7283339e64c24741e3884ae472,4,,AccidentesHorario,gx-no-cache=1538059565144 HTTP/1.1" 200 90
192.168.10.113 - - [27/Sep/2018:11:47:24 -0300] "GET /cormunbeta/servlet/hpexe_link HTTP/1.1" 200 969
192.168.10.113 - - [27/Sep/2018:11:47:24 -0300] "GET /cormunbeta/servlet/trdiat HTTP/1.1" 200 8267
192.168.10.113 - - [27/Sep/2018:11:47:25 -0300] "GET /cormunbeta/servlet/trdiat HTTP/1.1" 200 8267
192.168.10.113 - - [27/Sep/2018:11:47:28 -0300] "GET /cormunbeta/servlet/accidentes?UPD,4, HTTP/1.1" 200 7634
192.168.10.113 - - [27/Sep/2018:11:47:28 -0300] "GET /cormunbeta/servlet/accidentes?UPD,4, HTTP/1.1" 200 7634
186.103.159.46 - - [27/Sep/2018:11:47:29 -0300] "GET /cormun/servlet/permisogoce?INS,0,,, HTTP/1.1" 200 6911
186.103.159.46 - - [27/Sep/2018:11:47:30 -0300] "GET /cormun/servlet/permisogoce?INS,0,,, HTTP/1.1" 200 6889
200.72.197.82 - - [27/Sep/2018:11:47:43 -0300] "GET /cormun/servlet/solicitudot?ebca9a5c0fe5f5a402e31f828ff9174b128445204d2a3b72d91c93e891a26a221bbc6758f1cc8d84d1e28fadb4877cb617d3b918cbbd97e5b5aaed8c30f2599a1cab92f533ef037d5b3577a79ad8b8e7fdb2470299532f6c785313cb1813e0d5ea56d376d24c1d53453246fca98f3083,gx-no-cache=1538059580646 HTTP/1.1" 200 110
186.103.159.46 - - [27/Sep/2018:11:48:03 -0300] "GET /cormun/servlet/permisogoce?71ea8d7b437b68ee09e437c027a41e7c84c38a486adbd1b8ca14feb5599d479ea7757201a237002b07557221c7314ef7,gx-no-cache=1538063197066 HTTP/1.1" 200 83
186.103.159.46 - - [27/Sep/2018:11:48:10 -0300] "GET /cormun/static/menuarrow.gif HTTP/1.1" 404 1015
192.168.10.113 - - [27/Sep/2018:11:48:14 -0300] "POST /cormunbeta/servlet/accidentes?9bed7e7283339e64c24741e3884ae472,UPD,4,,gx-no-cache=1538059614958 HTTP/1.1" 200 90
192.168.10.113 - - [27/Sep/2018:11:48:14 -0300] "GET /cormunbeta/servlet/hpexe_link HTTP/1.1" 200 963
192.168.10.113 - - [27/Sep/2018:11:48:14 -0300] "GET /cormunbeta/servlet/trdiat HTTP/1.1" 200 8267
192.168.10.113 - - [27/Sep/2018:11:48:15 -0300] "GET /cormunbeta/servlet/trdiat HTTP/1.1" 200 8267
192.168.10.113 - - [27/Sep/2018:11:48:17 -0300] "GET /cormunbeta/servlet/vediat?4,, HTTP/1.1" 200 7713
192.168.10.113 - - [27/Sep/2018:11:48:17 -0300] "GET /cormunbeta/pexe_scrolldiv.js HTTP/1.1" 404 1017
192.168.10.113 - - [27/Sep/2018:11:48:17 -0300] "GET /cormunbeta/pexe_scrolldiv.js HTTP/1.1" 404 1017
192.168.10.113 - - [27/Sep/2018:11:48:17 -0300] "GET /cormunbeta/servlet/vediat?4,, HTTP/1.1" 200 7713
192.168.10.113 - - [27/Sep/2018:11:48:19 -0300] "GET /cormunbeta/servlet/vediat?4,,AccidentesHorario HTTP/1.1" 200 7706
192.168.10.113 - - [27/Sep/2018:11:48:19 -0300] "GET /cormunbeta/pexe_scrolldiv.js HTTP/1.1" 404 1017
192.168.10.113 - - [27/Sep/2018:11:48:19 -0300] "GET /cormunbeta/pexe_scrolldiv.js HTTP/1.1" 404 1017
186.103.159.46 - - [27/Sep/2018:11:48:19 -0300] "GET /cormun/servlet/permisogoce?71ea8d7b437b68ee09e437c027a41e7c448bf6ae8073d4445939aa1b51482b1d762206fc93b27975cb0c9b22c603c6b4a19a3b196f29d0f380c14f88d9fd0299,gx-no-cache=1538063213920 HTTP/1.1" 200 48
192.168.10.113 - - [27/Sep/2018:11:48:19 -0300] "GET /cormunbeta/servlet/vediat?4,,AccidentesHorario HTTP/1.1" 200 7706
192.168.10.113 - - [27/Sep/2018:11:48:20 -0300] "POST /cormunbeta/servlet/acontrolpreferencessavestate?None,AQUEZADA,true HTTP/1.1" 200 35
192.168.10.113 - - [27/Sep/2018:11:48:21 -0300] "GET /cormunbeta/servlet/accidenteshorario?INS,4,, HTTP/1.1" 200 5688
192.168.10.113 - - [27/Sep/2018:11:48:22 -0300] "GET /cormunbeta/servlet/accidenteshorario?INS,4,, HTTP/1.1" 200 5681
192.168.10.113 - - [27/Sep/2018:11:48:22 -0300] "GET /cormunbeta/servlet/accidenteshorario?57d4fa2eefb361ced00aa333fd25c0039abd3b49c12fe1465209f68980d3da56,gx-no-cache=1538059623074 HTTP/1.1" 200 26
190.151.100.218 - - [27/Sep/2018:11:48:28 -0300] "POST /cormun/servlet/solicitudot?gx-no-cache=1538059625470 HTTP/1.1" 200 110
186.103.159.46 - - [27/Sep/2018:11:48:29 -0300] "POST /cormun/servlet/permisogoce?cf7d27a40d62a0b173573765a526d4b6,INS,0,,,,gx-no-cache=1538063223589 HTTP/1.1" 200 93
186.103.159.46 - - [27/Sep/2018:11:48:29 -0300] "GET /cormun/servlet/hpexe_return? HTTP/1.1" 200 1029
186.103.159.46 - - [27/Sep/2018:11:48:30 -0300] "GET /cormun/servlet/trpermisosgoce?gx-no-cache=1538062932140 HTTP/1.1" 200 19413
186.103.159.46 - - [27/Sep/2018:11:48:32 -0300] "GET /cormun/servlet/trpermisosgoce?gx-no-cache=1538062932140 HTTP/1.1" 200 19408
192.168.10.113 - - [27/Sep/2018:11:48:39 -0300] "POST /cormunbeta/servlet/accidenteshorario?9bed7e7283339e64c24741e3884ae472,INS,4,,,gx-no-cache=1538059639749 HTTP/1.1" 200 93
192.168.10.113 - - [27/Sep/2018:11:48:39 -0300] "GET /cormunbeta/servlet/hpexe_return? HTTP/1.1" 200 1023
192.168.10.113 - - [27/Sep/2018:11:48:39 -0300] "GET /cormunbeta/servlet/vediat?4,,AccidentesHorario HTTP/1.1" 200 8048
192.168.10.113 - - [27/Sep/2018:11:48:39 -0300] "GET /cormunbeta/pexe_scrolldiv.js HTTP/1.1" 404 1017
192.168.10.113 - - [27/Sep/2018:11:48:39 -0300] "GET /cormunbeta/pexe_scrolldiv.js HTTP/1.1" 404 1017
192.168.10.113 - - [27/Sep/2018:11:48:39 -0300] "GET /cormunbeta/servlet/vediat?4,,AccidentesHorario HTTP/1.1" 200 8045
192.168.10.113 - - [27/Sep/2018:11:48:40 -0300] "POST /cormunbeta/servlet/acontrolpreferencessavestate?None,AQUEZADA,true HTTP/1.1" 200 35
186.103.159.46 - - [27/Sep/2018:11:48:43 -0300] "GET /cormun/servlet/apermisogoceprn?9187329,P,20180927114335,PU HTTP/1.1" 200 1654
192.168.10.113 - - [27/Sep/2018:11:48:45 -0300] "POST /cormunbeta/servlet/vediat?9bed7e7283339e64c24741e3884ae472,4,,AccidentesHorario,gx-no-cache=1538059645956 HTTP/1.1" 200 90
192.168.10.113 - - [27/Sep/2018:11:48:45 -0300] "GET /cormunbeta/servlet/hpexe_link HTTP/1.1" 200 969
192.168.10.113 - - [27/Sep/2018:11:48:45 -0300] "GET /cormunbeta/servlet/trdiat HTTP/1.1" 200 8267
192.168.10.113 - - [27/Sep/2018:11:48:46 -0300] "GET /cormunbeta/servlet/trdiat HTTP/1.1" 200 8267
192.168.10.113 - - [27/Sep/2018:11:48:48 -0300] "GET /cormunbeta/servlet/arepdiat?4,PU HTTP/1.1" 200 9927
186.103.159.46 - - [27/Sep/2018:11:49:05 -0300] "GET /cormun/servlet/permisogoce?INS,0,,, HTTP/1.1" 200 6911
186.103.159.46 - - [27/Sep/2018:11:49:07 -0300] "GET /cormun/servlet/permisogoce?INS,0,,, HTTP/1.1" 200 6889
186.103.159.46 - - [27/Sep/2018:11:49:25 -0300] "GET /cormun/servlet/permisogoce?71ea8d7b437b68ee09e437c027a41e7c813e0547e20342698181a1cfd75bd8bb9b26225515792c22ca8a0f7c91c9f1ff327d4975670d615588229d11e046682f,gx-no-cache=1538063279904 HTTP/1.1" 200 82
186.103.159.46 - - [27/Sep/2018:11:49:35 -0300] "GET /cormun/static/menuarrow.gif HTTP/1.1" 404 1015
186.103.159.46 - - [27/Sep/2018:11:49:47 -0300] "GET /cormun/servlet/permisogoce?71ea8d7b437b68ee09e437c027a41e7c9ce4adc9c1c3ac07fde79e650063c910715f65c9179ddf848957a5e8027ba95f963f1e7e88190f5bb793280d8bd9c92d,gx-no-cache=1538063301638 HTTP/1.1" 200 47
186.103.159.46 - - [27/Sep/2018:11:49:56 -0300] "POST /cormun/servlet/permisogoce?cf7d27a40d62a0b173573765a526d4b6,INS,0,,,,gx-no-cache=1538063310626 HTTP/1.1" 200 93
186.103.159.46 - - [27/Sep/2018:11:49:56 -0300] "GET /cormun/servlet/hpexe_return? HTTP/1.1" 200 1029
186.103.159.46 - - [27/Sep/2018:11:49:57 -0300] "GET /cormun/servlet/trpermisosgoce?gx-no-cache=1538062932140 HTTP/1.1" 200 19409
186.103.159.46 - - [27/Sep/2018:11:49:59 -0300] "GET /cormun/servlet/trpermisosgoce?gx-no-cache=1538062932140 HTTP/1.1" 200 19435
192.168.10.113 - - [27/Sep/2018:11:50:01 -0300] "POST /cormunbeta/servlet/trdiat?9bed7e7283339e64c24741e3884ae472,gx-no-cache=1538059722100 HTTP/1.1" 200 5359
192.168.10.113 - - [27/Sep/2018:11:50:01 -0300] "GET /cormunbeta/static/Shared/jqueryui/images/ui-bg_highlight-soft_100_c6c2c8_1x100.png HTTP/1.1" 404 1125
192.168.10.113 - - [27/Sep/2018:11:50:01 -0300] "GET /cormunbeta/static/Shared/jqueryui/images/ui-icons_82798d_256x240.png HTTP/1.1" 404 1097
192.168.10.113 - - [27/Sep/2018:11:50:01 -0300] "GET /cormunbeta/static/Shared/jqueryui/images/ui-bg_flat_55_fafafa_40x100.png HTTP/1.1" 404 1105
192.168.10.113 - - [27/Sep/2018:11:50:01 -0300] "GET /cormunbeta/static/Shared/jqueryui/images/ui-icons_8d78a5_256x240.png HTTP/1.1" 404 1097
192.168.10.113 - - [27/Sep/2018:11:50:01 -0300] "POST /cormunbeta/servlet/trdiat?9bed7e7283339e64c24741e3884ae472,gx-no-cache=1538059722305 HTTP/1.1" 200 5303
186.103.159.46 - - [27/Sep/2018:11:50:11 -0300] "GET /cormun/servlet/apermisogoceprn?16621149,P,20180927114512,PU HTTP/1.1" 200 1673
192.168.10.113 - - [27/Sep/2018:11:50:19 -0300] "GET /cormunbeta/servlet/trdirectordiat? HTTP/1.1" 200 7055
192.168.10.113 - - [27/Sep/2018:11:50:20 -0300] "GET /cormunbeta/servlet/trdirectordiat? HTTP/1.1" 200 7055
192.168.10.113 - - [27/Sep/2018:11:50:26 -0300] "POST /cormunbeta/servlet/trdirectordiat?9bed7e7283339e64c24741e3884ae472,,gx-no-cache=1538059746641 HTTP/1.1" 200 5337
186.103.159.46 - - [27/Sep/2018:11:50:35 -0300] "GET /cormun/servlet/permisogoce?INS,0,,, HTTP/1.1" 200 6911
186.103.159.46 - - [27/Sep/2018:11:50:37 -0300] "GET /cormun/servlet/permisogoce?INS,0,,, HTTP/1.1" 200 6890
192.168.10.113 - - [27/Sep/2018:11:50:41 -0300] "POST /cormunbeta/servlet/trdirectordiat?9bed7e7283339e64c24741e3884ae472,,gx-no-cache=1538059761739 HTTP/1.1" 200 106
192.168.10.113 - - [27/Sep/2018:11:50:41 -0300] "GET /cormunbeta/servlet/accidenteevento?INS,4,0,RPD, HTTP/1.1" 200 6240
192.168.10.113 - - [27/Sep/2018:11:50:41 -0300] "GET /cormunbeta/static/gxcfg.js?201882719164697 HTTP/1.1" 200 953
192.168.10.113 - - [27/Sep/2018:11:50:41 -0300] "GET /cormunbeta/static/accidenteevento.js?201882719164713 HTTP/1.1" 200 13816
192.168.10.113 - - [27/Sep/2018:11:50:42 -0300] "GET /cormunbeta/servlet/accidenteevento?INS,4,0,RPD, HTTP/1.1" 200 6240
192.168.10.113 - - [27/Sep/2018:11:50:42 -0300] "GET /cormunbeta/servlet/accidenteevento?57d4fa2eefb361ced00aa333fd25c003a791cfdc166d6a033a5f0f997304d0094698c13603383181ed7a18853b9a23b4a5d6fd4f1a1f8faefcb16c1b778ca1614bc1a287185e9d07220b2bf30b0d866d683fed77f397fbc2d18e9def5a55888e5f1df6b76aa35e95e8922e45fd225a7ba5185bed43bad8cb75dbf7f360683bf1e02beb9e2a3709d00240a46b50505d6fb4395a7b2fe3340ccfba473de59292273c1698f61f1841ad43144ba6553e8ee18649fdc044ad6cce638fea072c63e111cd4c7b6e91debfbc970890e6c670065addb201b2060205fbdd9327e8e70be48c3874bc19bec975d58065bb03f04a2af9e61b4e65fd16ead4221cb79b7642d1ce1c1961194df5119ff14e4f86df972461b513719020f65566d26d6830915ee1e3d3a48f0c1871dafbd8898e387cee9060f450749454ec000ff2670d9bcc696f04b6823368562fe5753a5d209d78e12b8052faaa33ac8c649667a34f7308988534,gx-no-cache=1538059762914 HTTP/1.1" 200 1483
186.103.159.46 - - [27/Sep/2018:11:50:54 -0300] "GET /cormun/servlet/permisogoce?71ea8d7b437b68ee09e437c027a41e7ca9122f61cb4ccb36744fc0b995d52ed7a7757201a237002b07557221c7314ef7,gx-no-cache=1538063368299 HTTP/1.1" 200 82
157.55.39.222 - - [27/Sep/2018:11:50:56 -0300] "GET /cormun/servlet/wbsecusr01 HTTP/1.1" 302 -
186.103.159.46 - - [27/Sep/2018:11:50:58 -0300] "GET /cormun/static/menuarrow.gif HTTP/1.1" 404 1015
192.168.10.113 - - [27/Sep/2018:11:51:00 -0300] "POST /cormunbeta/servlet/accidenteevento?9bed7e7283339e64c24741e3884ae472,INS,4,0,RPD,,gx-no-cache=1538059780916 HTTP/1.1" 200 93
192.168.10.113 - - [27/Sep/2018:11:51:00 -0300] "GET /cormunbeta/servlet/hpexe_return? HTTP/1.1" 200 1022
192.168.10.113 - - [27/Sep/2018:11:51:00 -0300] "GET /cormunbeta/servlet/trdirectordiat? HTTP/1.1" 200 7056
192.168.10.113 - - [27/Sep/2018:11:51:01 -0300] "GET /cormunbeta/servlet/trdirectordiat? HTTP/1.1" 200 7052
186.103.159.46 - - [27/Sep/2018:11:51:09 -0300] "GET /cormun/servlet/permisogoce?71ea8d7b437b68ee09e437c027a41e7c680202c390e9d4b14131ade9d78c489ee8c9b62d280cb831bcca873b34d3eec067197e3f84f03a9638ca04fab4b6de66,gx-no-cache=1538063383218 HTTP/1.1" 200 49
186.103.159.46 - - [27/Sep/2018:11:51:12 -0300] "POST /cormun/servlet/permisogoce?cf7d27a40d62a0b173573765a526d4b6,INS,0,,,,gx-no-cache=1538063386652 HTTP/1.1" 200 93
186.103.159.46 - - [27/Sep/2018:11:51:12 -0300] "GET /cormun/servlet/hpexe_return? HTTP/1.1" 200 1029
186.103.159.46 - - [27/Sep/2018:11:51:13 -0300] "GET /cormun/servlet/trpermisosgoce?gx-no-cache=1538062932140 HTTP/1.1" 200 19334
186.103.159.46 - - [27/Sep/2018:11:51:15 -0300] "GET /cormun/servlet/trpermisosgoce?gx-no-cache=1538062932140 HTTP/1.1" 200 19336
186.103.159.46 - - [27/Sep/2018:11:51:26 -0300] "GET /cormun/servlet/apermisogoceprn?9279275,P,20180927114642,PU HTTP/1.1" 200 1659
200.72.197.82 - - [27/Sep/2018:11:51:32 -0300] "POST /cormun/servlet/solicitudot?gx-no-cache=1538059810295 HTTP/1.1" 200 240
200.72.197.82 - - [27/Sep/2018:11:51:34 -0300] "GET /cormun/servlet/solicitudot?ebca9a5c0fe5f5a402e31f828ff9174b799297d0ad3b54f9bfb7423c051f594f26c84a43d87db36e2f8d49415cd05219b5907887f1d0146a1f8eda9a7a3c661baa6b83f170e50952b61a047e489f2184409e6c18e7a82a5d51d438e4e9498551065f32ef70ce2255c757542b637aa3f0be7fde07e953d92fb71c736571785b1dd00ecfaee4d01717ac7b693cbc6682f5b04893af89d7e71aa10601123a841f770a3cd9218c05815c51ecc0eda319d9bc469b477b2ec4e3e8e523476794f936335ab7073f14ac9dd6863de8b763a0cf628c6c02e61d17677792643751255a9e80888574c1ab078856e1b7dd982af0937a618546307a97bf1d7ab36709bb3388770695561fb772c3da18e719df03db2cc06bc1f1b20e91bdeab47134545942fcdf8afe8b1721afcb9bc5e7fe86012f307e4b5052ec235c778762eeab9045aefad14aaa12f0d5ae5c161ec478818367da193b81c9b14a1e1cf0756c10d986b6a97c3539d2cd203d5c217b9f10c0bb67fb52ddd0baaec63a879fd4c6c877c1b58b9c,gx-no-cache=1538059811804 HTTP/1.1" 200 30
192.168.10.113 - - [27/Sep/2018:11:51:37 -0300] "POST /cormunbeta/servlet/trdirectordiat?9bed7e7283339e64c24741e3884ae472,,gx-no-cache=1538059818078 HTTP/1.1" 200 5328
200.72.197.82 - - [27/Sep/2018:11:51:37 -0300] "POST /cormun/servlet/solicitudot?gx-no-cache=1538059815300 HTTP/1.1" 200 30
192.168.10.113 - - [27/Sep/2018:11:51:41 -0300] "GET /cormunbeta/servlet/vedirectordiat?4,, HTTP/1.1" 200 7678
192.168.10.113 - - [27/Sep/2018:11:51:41 -0300] "GET /cormunbeta/pexe_scrolldiv.js HTTP/1.1" 404 1017
192.168.10.113 - - [27/Sep/2018:11:51:41 -0300] "GET /cormunbeta/pexe_scrolldiv.js HTTP/1.1" 404 1017
192.168.10.113 - - [27/Sep/2018:11:51:41 -0300] "GET /cormunbeta/servlet/vedirectordiat?4,, HTTP/1.1" 200 7678
192.168.10.113 - - [27/Sep/2018:11:51:43 -0300] "GET /cormunbeta/servlet/vedirectordiat?4,,AccidenteEvento HTTP/1.1" 200 8019
192.168.10.113 - - [27/Sep/2018:11:51:43 -0300] "GET /cormunbeta/pexe_scrolldiv.js HTTP/1.1" 404 1017
192.168.10.113 - - [27/Sep/2018:11:51:43 -0300] "GET /cormunbeta/pexe_scrolldiv.js HTTP/1.1" 404 1017
192.168.10.113 - - [27/Sep/2018:11:51:43 -0300] "GET /cormunbeta/servlet/vedirectordiat?4,,AccidenteEvento HTTP/1.1" 200 8019
192.168.10.113 - - [27/Sep/2018:11:51:44 -0300] "POST /cormunbeta/servlet/acontrolpreferencessavestate?None,AQUEZADA,true HTTP/1.1" 200 35
186.103.159.46 - - [27/Sep/2018:11:51:47 -0300] "GET /cormun/servlet/permisogoce?INS,0,,, HTTP/1.1" 200 6911
186.103.159.46 - - [27/Sep/2018:11:51:48 -0300] "GET /cormun/servlet/permisogoce?INS,0,,, HTTP/1.1" 200 6889
192.168.10.113 - - [27/Sep/2018:11:52:03 -0300] "POST /cormunbeta/servlet/vedirectordiat?9bed7e7283339e64c24741e3884ae472,4,,AccidenteEvento,gx-no-cache=1538059843428 HTTP/1.1" 200 90
192.168.10.113 - - [27/Sep/2018:11:52:03 -0300] "GET /cormunbeta/servlet/hpexe_link HTTP/1.1" 200 970
192.168.10.113 - - [27/Sep/2018:11:52:03 -0300] "GET /cormunbeta/servlet/trdirectordiat? HTTP/1.1" 200 7975
192.168.10.113 - - [27/Sep/2018:11:52:03 -0300] "GET /cormunbeta/servlet/trdirectordiat? HTTP/1.1" 200 7974
186.103.159.46 - - [27/Sep/2018:11:52:07 -0300] "GET /cormun/servlet/permisogoce?71ea8d7b437b68ee09e437c027a41e7ca33169dbcfa7326a8e587f5e67c74405a7757201a237002b07557221c7314ef7,gx-no-cache=1538063441697 HTTP/1.1" 200 82
186.103.159.46 - - [27/Sep/2018:11:52:12 -0300] "GET /cormun/static/menuarrow.gif HTTP/1.1" 404 1015
192.168.10.113 - - [27/Sep/2018:11:52:14 -0300] "GET /cormunbeta/servlet/trdiat? HTTP/1.1" 200 8008
192.168.10.113 - - [27/Sep/2018:11:52:14 -0300] "GET /cormunbeta/servlet/trdiat? HTTP/1.1" 200 8007
192.168.10.113 - - [27/Sep/2018:11:52:17 -0300] "GET /cormunbeta/servlet/vediat?2,, HTTP/1.1" 200 7721
192.168.10.113 - - [27/Sep/2018:11:52:17 -0300] "GET /cormunbeta/pexe_scrolldiv.js HTTP/1.1" 404 1017
192.168.10.113 - - [27/Sep/2018:11:52:17 -0300] "GET /cormunbeta/pexe_scrolldiv.js HTTP/1.1" 404 1017
192.168.10.113 - - [27/Sep/2018:11:52:18 -0300] "GET /cormunbeta/servlet/vediat?2,, HTTP/1.1" 200 7721
186.103.159.46 - - [27/Sep/2018:11:52:19 -0300] "GET /cormun/servlet/permisogoce?71ea8d7b437b68ee09e437c027a41e7cbb3002cb502bf441ac10f13261413be39399a3d76f545f02196fb586613c3de367197e3f84f03a9638ca04fab4b6de66,gx-no-cache=1538063453557 HTTP/1.1" 200 48
192.168.10.113 - - [27/Sep/2018:11:52:20 -0300] "GET /cormunbeta/servlet/vediat?2,,AccidentesHorario HTTP/1.1" 200 8108
192.168.10.113 - - [27/Sep/2018:11:52:20 -0300] "GET /cormunbeta/pexe_scrolldiv.js HTTP/1.1" 404 1017
192.168.10.113 - - [27/Sep/2018:11:52:20 -0300] "GET /cormunbeta/pexe_scrolldiv.js HTTP/1.1" 404 1017
192.168.10.113 - - [27/Sep/2018:11:52:20 -0300] "GET /cormunbeta/servlet/vediat?2,,AccidentesHorario HTTP/1.1" 200 8108
192.168.10.113 - - [27/Sep/2018:11:52:21 -0300] "POST /cormunbeta/servlet/acontrolpreferencessavestate?None,AQUEZADA,true HTTP/1.1" 200 35
192.168.10.113 - - [27/Sep/2018:11:52:24 -0300] "GET /cormunbeta/servlet/vediat?2,,AccidentesAdjuntos HTTP/1.1" 200 8038
192.168.10.113 - - [27/Sep/2018:11:52:24 -0300] "GET /cormunbeta/pexe_scrolldiv.js HTTP/1.1" 404 1017
192.168.10.113 - - [27/Sep/2018:11:52:24 -0300] "GET /cormunbeta/pexe_scrolldiv.js HTTP/1.1" 404 1017
192.168.10.113 - - [27/Sep/2018:11:52:24 -0300] "GET /cormunbeta/servlet/vediat?2,,AccidentesAdjuntos HTTP/1.1" 200 8038
192.168.10.113 - - [27/Sep/2018:11:52:25 -0300] "POST /cormunbeta/servlet/acontrolpreferencessavestate?None,AQUEZADA,true HTTP/1.1" 200 35
151.234.209.31 - - [27/Sep/2018:11:52:28 -0300] "GET / HTTP/1.1" 200 11217
192.168.10.113 - - [27/Sep/2018:11:52:30 -0300] "GET /cormunbeta/servlet/accidentesadjuntos?INS,2,0, HTTP/1.1" 200 5339
192.168.10.113 - - [27/Sep/2018:11:52:30 -0300] "GET /cormunbeta/static/about:blank HTTP/1.1" 404 1019
192.168.10.113 - - [27/Sep/2018:11:52:30 -0300] "GET /cormunbeta/servlet/accidentesadjuntos?INS,2,0, HTTP/1.1" 200 5333
186.103.159.46 - - [27/Sep/2018:11:52:37 -0300] "POST /cormun/servlet/permisogoce?cf7d27a40d62a0b173573765a526d4b6,INS,0,,,,gx-no-cache=1538063471590 HTTP/1.1" 200 93
186.103.159.46 - - [27/Sep/2018:11:52:37 -0300] "GET /cormun/servlet/hpexe_return? HTTP/1.1" 200 1029
186.103.159.46 - - [27/Sep/2018:11:52:38 -0300] "GET /cormun/servlet/trpermisosgoce?gx-no-cache=1538062932140 HTTP/1.1" 200 19348
186.103.159.46 - - [27/Sep/2018:11:52:41 -0300] "GET /cormun/servlet/trpermisosgoce?gx-no-cache=1538062932140 HTTP/1.1" 200 19361
192.168.10.113 - - [27/Sep/2018:11:52:47 -0300] "POST /cormunbeta/servlet/accidentesadjuntos?9bed7e7283339e64c24741e3884ae472,INS,2,0, HTTP/1.1" 200 116
192.168.10.113 - - [27/Sep/2018:11:52:47 -0300] "GET /cormunbeta/servlet/hpexe_return? HTTP/1.1" 200 1026
192.168.10.113 - - [27/Sep/2018:11:52:47 -0300] "GET /cormunbeta/servlet/vediat?2,,AccidentesAdjuntos HTTP/1.1" 200 8248
192.168.10.113 - - [27/Sep/2018:11:52:47 -0300] "GET /cormunbeta/pexe_scrolldiv.js HTTP/1.1" 404 1017
192.168.10.113 - - [27/Sep/2018:11:52:47 -0300] "GET /cormunbeta/pexe_scrolldiv.js HTTP/1.1" 404 1017
192.168.10.113 - - [27/Sep/2018:11:52:47 -0300] "GET /cormunbeta/servlet/vediat?2,,AccidentesAdjuntos HTTP/1.1" 200 8242
192.168.10.113 - - [27/Sep/2018:11:52:48 -0300] "POST /cormunbeta/servlet/acontrolpreferencessavestate?None,AQUEZADA,true HTTP/1.1" 200 35
192.168.10.113 - - [27/Sep/2018:11:52:57 -0300] "GET /cormunbeta/PublicTempStorage/diat_ejemplo9722084.pdf HTTP/1.1" 200 10704
186.103.159.46 - - [27/Sep/2018:11:53:07 -0300] "GET /cormun/servlet/apermisogoceprn?8915413,P,20180927114753,PU HTTP/1.1" 200 1671
157.55.39.222 - - [27/Sep/2018:11:53:16 -0300] "GET /cormun/servlet/solicitudotadjuntos?41f0ebcc4c9e3b3d1fa616db68a0acf2,INS,2016,2923,,1, HTTP/1.1" 200 5334
192.168.10.113 - - [27/Sep/2018:11:53:20 -0300] "GET /cormunbeta/PublicTempStorage/decreto_n%B0_835_%2804-12-1995%29_reglamenta_art._12_subv._refuerzo_educativo2418321.pdf HTTP/1.1" 200 44693
192.168.10.113 - - [27/Sep/2018:11:53:43 -0300] "POST /cormunbeta/servlet/vediat?9bed7e7283339e64c24741e3884ae472,2,,AccidentesAdjuntos,gx-no-cache=1538059943389 HTTP/1.1" 200 90
192.168.10.113 - - [27/Sep/2018:11:53:43 -0300] "GET /cormunbeta/servlet/hpexe_link HTTP/1.1" 200 969
192.168.10.113 - - [27/Sep/2018:11:53:43 -0300] "GET /cormunbeta/servlet/trdiat HTTP/1.1" 200 8009
192.168.10.113 - - [27/Sep/2018:11:53:43 -0300] "GET /cormunbeta/servlet/trdiat HTTP/1.1" 200 8007
186.103.132.155 - - [27/Sep/2018:11:53:46 -0300] "POST /cormun/servlet/solicitudot?gx-no-cache=1538059943916 HTTP/1.1" 200 1268
190.151.100.218 - - [27/Sep/2018:11:53:56 -0300] "GET /cormun/static/Resources/resize.gif HTTP/1.1" 200 77
186.10.12.250 - - [27/Sep/2018:11:53:56 -0300] "GET /cormun/servlet/prlicenciaspermisos?14153113,L,,MD,,gxPopupLevel%3D0%3B HTTP/1.1" 200 7534
190.151.100.218 - - [27/Sep/2018:11:53:56 -0300] "GET /cormun/static/gxui/gxui-all.css?110300 HTTP/1.1" 200 2179
186.10.12.250 - - [27/Sep/2018:11:53:56 -0300] "GET /cormun/static/Resources/PXToolsMenuSearch.png HTTP/1.1" 200 2914
186.103.161.206 - - [27/Sep/2018:11:53:56 -0300] "GET /cormun/static/gxcfg.js?20176272053834 HTTP/1.1" 200 953
190.151.100.218 - - [27/Sep/2018:11:53:56 -0300] "GET /cormun/static/Resources/PXToolsMenuSearchCancel.png HTTP/1.1" 200 2972
186.10.12.250 - - [27/Sep/2018:11:53:57 -0300] "GET /cormun/static/prlicenciaspermisos.js?20176272054050 HTTP/1.1" 200 13379
190.151.100.218 - - [27/Sep/2018:11:53:57 -0300] "GET /cormun/static/menusearch.js?201610171694467 HTTP/1.1" 200 1424
190.151.100.218 - - [27/Sep/2018:11:53:57 -0300] "GET /cormun/static/hmpwkw011.js?20177612121862 HTTP/1.1" 200 1968
186.103.132.155 - - [27/Sep/2018:11:53:57 -0300] "GET /cormun/static/Resources/Spanish/PXTools.css?17315867 HTTP/1.1" 200 89042
186.10.12.250 - - [27/Sep/2018:11:53:57 -0300] "GET /cormun/static/Shared/ext/resources/css/ext-all.css?205870 HTTP/1.1" 200 416045
192.168.10.113 - - [27/Sep/2018:11:53:59 -0300] "POST /cormunbeta/servlet/trdiat?9bed7e7283339e64c24741e3884ae472,gx-no-cache=1538059959378 HTTP/1.1" 200 4471
192.168.10.113 - - [27/Sep/2018:11:53:59 -0300] "GET /cormunbeta/static/Shared/jqueryui/images/ui-bg_highlight-soft_100_c6c2c8_1x100.png HTTP/1.1" 404 1125
192.168.10.113 - - [27/Sep/2018:11:53:59 -0300] "GET /cormunbeta/static/Shared/jqueryui/images/ui-icons_82798d_256x240.png HTTP/1.1" 404 1097
192.168.10.113 - - [27/Sep/2018:11:53:59 -0300] "GET /cormunbeta/static/Shared/jqueryui/images/ui-icons_8d78a5_256x240.png HTTP/1.1" 404 1097
192.168.10.113 - - [27/Sep/2018:11:53:59 -0300] "GET /cormunbeta/static/Shared/jqueryui/images/ui-bg_flat_55_fafafa_40x100.png HTTP/1.1" 404 1105
192.168.10.113 - - [27/Sep/2018:11:53:59 -0300] "POST /cormunbeta/servlet/trdiat?9bed7e7283339e64c24741e3884ae472,gx-no-cache=1538059959577 HTTP/1.1" 200 4324
192.168.10.113 - - [27/Sep/2018:11:54:06 -0300] "GET /cormunbeta/servlet/trdirectordiat? HTTP/1.1" 200 7974
192.168.10.113 - - [27/Sep/2018:11:54:06 -0300] "GET /cormunbeta/servlet/trdirectordiat? HTTP/1.1" 200 7974
192.168.10.113 - - [27/Sep/2018:11:54:12 -0300] "POST /cormunbeta/servlet/trdirectordiat?9bed7e7283339e64c24741e3884ae472,,gx-no-cache=1538059972519 HTTP/1.1" 200 5318
192.168.10.113 - - [27/Sep/2018:11:54:18 -0300] "POST /cormunbeta/servlet/trdirectordiat?9bed7e7283339e64c24741e3884ae472,,gx-no-cache=1538059979025 HTTP/1.1" 200 4476
192.168.10.113 - - [27/Sep/2018:11:54:18 -0300] "GET /cormunbeta/static/Shared/jqueryui/images/ui-icons_82798d_256x240.png HTTP/1.1" 404 1097
192.168.10.113 - - [27/Sep/2018:11:54:18 -0300] "GET /cormunbeta/static/Shared/jqueryui/images/ui-bg_highlight-soft_100_c6c2c8_1x100.png HTTP/1.1" 404 1125
192.168.10.113 - - [27/Sep/2018:11:54:18 -0300] "GET /cormunbeta/static/Shared/jqueryui/images/ui-icons_8d78a5_256x240.png HTTP/1.1" 404 1097
192.168.10.113 - - [27/Sep/2018:11:54:18 -0300] "GET /cormunbeta/static/Shared/jqueryui/images/ui-bg_flat_55_fafafa_40x100.png HTTP/1.1" 404 1105
192.168.10.113 - - [27/Sep/2018:11:54:18 -0300] "POST /cormunbeta/servlet/trdirectordiat?9bed7e7283339e64c24741e3884ae472,,gx-no-cache=1538059979202 HTTP/1.1" 200 4324
192.168.10.113 - - [27/Sep/2018:11:54:29 -0300] "GET /cormunbeta/servlet/hlogin HTTP/1.1" 200 1742
192.168.10.113 - - [27/Sep/2018:11:54:35 -0300] "POST /cormunbeta/servlet/hlogin?9bed7e7283339e64c24741e3884ae472,gx-no-cache=1538059995983 HTTP/1.1" 200 450
190.151.100.218 - - [27/Sep/2018:11:54:36 -0300] "POST /cormun/servlet/solicitudot?gx-no-cache=1538059993395 HTTP/1.1" 200 41
190.151.100.218 - - [27/Sep/2018:11:54:36 -0300] "GET /cormun/servlet/solicitudot?ebca9a5c0fe5f5a402e31f828ff9174b128445204d2a3b72d91c93e891a26a221bbc6758f1cc8d84d1e28fadb4877cb617d3b918cbbd97e5b5aaed8c30f2599a1cab92f533ef037d5b3577a79ad8b8e7fdb2470299532f6c785313cb1813e0d5ea56d376d24c1d53453246fca98f3083,gx-no-cache=1538059993560 HTTP/1.1" 200 110
190.151.100.218 - - [27/Sep/2018:11:54:36 -0300] "POST /cormun/servlet/solicitudot?gx-no-cache=1538059993664 HTTP/1.1" 200 110
