190.46.192.47 - - [26/Sep/2018:10:09:54 -0300] "GET /cormun/servlet/trlicencias HTTP/1.1" 200 15188
190.46.192.47 - - [26/Sep/2018:10:09:54 -0300] "GET /favicon.ico HTTP/1.1" 200 21630
186.103.157.235 - - [26/Sep/2018:10:10:35 -0300] "GET /cormun/servlet/trlicencias? HTTP/1.1" 200 6126
186.103.157.235 - - [26/Sep/2018:10:10:35 -0300] "GET /cormun/servlet/hlogin HTTP/1.1" 200 1735
186.103.157.235 - - [26/Sep/2018:10:10:35 -0300] "GET /cormun/servlet/trlicencias? HTTP/1.1" 200 6121
186.103.157.98 - - [26/Sep/2018:10:10:57 -0300] "GET /cormun/servlet/hlogin HTTP/1.1" 200 1722
186.103.157.98 - - [26/Sep/2018:10:10:57 -0300] "GET /cormun/static/gxcfg.js?20177612122725 HTTP/1.1" 304 -
186.103.157.98 - - [26/Sep/2018:10:10:57 -0300] "GET /cormun/static/messages.spa.js?85251 HTTP/1.1" 304 -
186.103.157.98 - - [26/Sep/2018:10:10:57 -0300] "GET /cormun/servlet/hlogin HTTP/1.1" 200 1728
186.103.157.98 - - [26/Sep/2018:10:11:09 -0300] "POST /cormun/servlet/hlogin?1097b70e5673e261d1a6140595386ae2,gx-no-cache=1537967388900 HTTP/1.1" 200 90
186.103.157.98 - - [26/Sep/2018:10:11:09 -0300] "GET /cormun/servlet/hpexe_link HTTP/1.1" 200 949
186.103.157.98 - - [26/Sep/2018:10:11:09 -0300] "GET /cormun/static/gxcfg.js?20177612121792 HTTP/1.1" 304 -
186.103.157.98 - - [26/Sep/2018:10:11:09 -0300] "GET /cormun/servlet/hhome HTTP/1.1" 200 4335
186.103.157.98 - - [26/Sep/2018:10:11:10 -0300] "GET /cormun/static/gxcfg.js?20175251212442 HTTP/1.1" 304 -
186.103.157.98 - - [26/Sep/2018:10:11:10 -0300] "GET /cormun/static/hmpwkw03.js?20189613443875 HTTP/1.1" 304 -
186.103.157.98 - - [26/Sep/2018:10:11:10 -0300] "GET /cormun/servlet/hhome HTTP/1.1" 200 4331
186.103.157.98 - - [26/Sep/2018:10:11:12 -0300] "GET /cormun/servlet/trlicencias? HTTP/1.1" 200 9674
186.103.157.98 - - [26/Sep/2018:10:11:12 -0300] "GET /cormun/static/gxcfg.js?20176272054169 HTTP/1.1" 304 -
186.103.157.98 - - [26/Sep/2018:10:11:13 -0300] "GET /cormun/servlet/trlicencias? HTTP/1.1" 200 9671
186.67.164.142 - - [26/Sep/2018:10:12:43 -0300] "GET /cormun/servlet/hlogin HTTP/1.1" 200 1724
186.67.164.142 - - [26/Sep/2018:10:12:43 -0300] "GET /cormun/static/gxcfg.js?20177612122725 HTTP/1.1" 304 -
186.67.164.142 - - [26/Sep/2018:10:12:43 -0300] "GET /cormun/static/messages.spa.js?85251 HTTP/1.1" 304 -
186.67.164.142 - - [26/Sep/2018:10:12:50 -0300] "POST /cormun/servlet/hlogin?52c887c21b44bc22debf4b40d79a36e1,gx-no-cache=1537967487198 HTTP/1.1" 200 90
186.67.164.142 - - [26/Sep/2018:10:12:50 -0300] "GET /cormun/servlet/hpexe_link HTTP/1.1" 200 954
186.67.164.142 - - [26/Sep/2018:10:12:50 -0300] "GET /cormun/static/gxcfg.js?20177612121792 HTTP/1.1" 304 -
186.67.164.142 - - [26/Sep/2018:10:12:50 -0300] "GET /cormun/servlet/hhome HTTP/1.1" 200 4046
186.67.164.142 - - [26/Sep/2018:10:12:50 -0300] "GET /cormun/static/gxcfg.js?20175251212442 HTTP/1.1" 200 953
186.67.164.142 - - [26/Sep/2018:10:12:50 -0300] "GET /cormun/static/Resources/Spanish/PXTools.css?11423723 HTTP/1.1" 200 89042
186.67.164.142 - - [26/Sep/2018:10:12:50 -0300] "GET /cormun/static/hhome.js?20175251212450 HTTP/1.1" 200 777
186.67.164.142 - - [26/Sep/2018:10:12:50 -0300] "GET /cormun/static/hmpwkw03.js?20189613443875 HTTP/1.1" 304 -
186.67.164.142 - - [26/Sep/2018:10:12:51 -0300] "GET /cormun/servlet/hhome HTTP/1.1" 200 4042
186.67.164.142 - - [26/Sep/2018:10:12:53 -0300] "GET /cormun/servlet/trsolicitudot? HTTP/1.1" 200 7261
186.67.164.142 - - [26/Sep/2018:10:12:54 -0300] "GET /cormun/servlet/trsolicitudot? HTTP/1.1" 200 7260
186.67.164.142 - - [26/Sep/2018:10:13:04 -0300] "GET /cormun/servlet/trlicencias? HTTP/1.1" 200 12703
186.67.164.142 - - [26/Sep/2018:10:13:04 -0300] "GET /cormun/static/gxcfg.js?20176272054169 HTTP/1.1" 304 -
186.67.164.142 - - [26/Sep/2018:10:13:04 -0300] "GET /cormun/servlet/trlicencias? HTTP/1.1" 200 12701
186.67.164.142 - - [26/Sep/2018:10:17:12 -0300] "GET /cormun/servlet/licenciaspermisos?INS,0,,, HTTP/1.1" 200 7574
186.67.164.142 - - [26/Sep/2018:10:17:12 -0300] "GET /cormun/static/gxcfg.js?201762917281167 HTTP/1.1" 200 953
186.67.164.142 - - [26/Sep/2018:10:17:12 -0300] "GET /cormun/static/Resources/prompt.gif HTTP/1.1" 200 902
186.67.164.142 - - [26/Sep/2018:10:17:13 -0300] "GET /cormun/servlet/licenciaspermisos?INS,0,,, HTTP/1.1" 200 7582
186.103.157.235 - - [26/Sep/2018:10:17:13 -0300] "GET /cormun/servlet/hlogin HTTP/1.1" 200 1718
186.103.157.235 - - [26/Sep/2018:10:17:14 -0300] "GET /cormun/servlet/hlogin HTTP/1.1" 200 1728
186.67.164.142 - - [26/Sep/2018:10:17:21 -0300] "GET /cormun/servlet/licenciaspermisos?df1b9e80258ee015d0fd7706f01e0d053253f6ce0331ac8b7864e110314c216cc15170b21c4d85deb0d1aa18d4d5c523,gx-no-cache=1537967758311 HTTP/1.1" 200 90
186.67.164.142 - - [26/Sep/2018:10:17:21 -0300] "POST /cormun/servlet/licenciaspermisos?52c887c21b44bc22debf4b40d79a36e1,INS,0,,,,gx-no-cache=1537967758465 HTTP/1.1" 200 4767
186.103.157.235 - - [26/Sep/2018:10:17:23 -0300] "POST /cormun/servlet/hlogin?19568af730069c43b4cc4425fe02a391,gx-no-cache=1537967761168 HTTP/1.1" 200 90
186.103.157.235 - - [26/Sep/2018:10:17:23 -0300] "GET /cormun/servlet/hpexe_link HTTP/1.1" 200 948
186.103.157.235 - - [26/Sep/2018:10:17:23 -0300] "GET /cormun/static/hpexe_link.js?20177612121795 HTTP/1.1" 200 625
186.103.157.235 - - [26/Sep/2018:10:17:23 -0300] "GET /cormun/servlet/hhome HTTP/1.1" 200 4307
186.103.157.235 - - [26/Sep/2018:10:17:24 -0300] "GET /cormun/servlet/hhome HTTP/1.1" 200 4303
186.103.157.235 - - [26/Sep/2018:10:17:28 -0300] "GET /cormun/servlet/trsolicitudot? HTTP/1.1" 200 7523
186.103.157.235 - - [26/Sep/2018:10:17:29 -0300] "GET /cormun/static/calendar-system.css?85620 HTTP/1.1" 200 5572
186.103.157.235 - - [26/Sep/2018:10:17:29 -0300] "GET /cormun/static/gxcfg.js?2017111422585916 HTTP/1.1" 200 953
186.103.157.235 - - [26/Sep/2018:10:17:29 -0300] "GET /cormun/static/gxui/gxui-all.css?120300 HTTP/1.1" 200 2179
186.103.157.235 - - [26/Sep/2018:10:17:29 -0300] "GET /cormun/static/Resources/Spanish/PXTools.css?1255365 HTTP/1.1" 200 89042
186.103.157.235 - - [26/Sep/2018:10:17:31 -0300] "GET /cormun/static/Shared/ext/resources/css/ext-all.css?215870 HTTP/1.1" 200 416045
186.103.157.235 - - [26/Sep/2018:10:17:32 -0300] "GET /cormun/servlet/trsolicitudot? HTTP/1.1" 200 7522
186.103.157.235 - - [26/Sep/2018:10:17:34 -0300] "GET /cormun/servlet/solicitudot?INS,0,0, HTTP/1.1" 200 15023
186.103.157.235 - - [26/Sep/2018:10:17:34 -0300] "GET /cormun/static/gxcfg.js?20189101114418 HTTP/1.1" 200 953
186.103.157.235 - - [26/Sep/2018:10:17:35 -0300] "GET /cormun/servlet/solicitudot?INS,0,0, HTTP/1.1" 200 15028
186.103.157.235 - - [26/Sep/2018:10:17:42 -0300] "POST /cormun/servlet/solicitudot?gx-no-cache=1537967779825 HTTP/1.1" 200 3360
186.103.157.235 - - [26/Sep/2018:10:17:42 -0300] "POST /cormun/servlet/solicitudot?19568af730069c43b4cc4425fe02a391,INS,0,0,,gx-no-cache=1537967780053 HTTP/1.1" 200 11681
186.103.157.235 - - [26/Sep/2018:10:17:45 -0300] "GET /cormun/servlet/solicitudot?e47f2bf4573189438dd223222241c10291edd4a6b63b5d43cc452ac43236efe09166c4e36854b3a303b97b9b7609fff9,gx-no-cache=1537967782872 HTTP/1.1" 200 30
190.46.192.47 - - [26/Sep/2018:10:19:08 -0300] "GET /cormun/servlet/solicitudot?INS,0,0, HTTP/1.1" 200 15157
190.46.192.47 - - [26/Sep/2018:10:19:08 -0300] "GET /cormun/servlet/solicitudot?INS,0,0, HTTP/1.1" 200 15162
190.46.192.47 - - [26/Sep/2018:10:19:29 -0300] "POST /cormun/servlet/solicitudot?gx-no-cache=1537967887661 HTTP/1.1" 200 3484
190.46.192.47 - - [26/Sep/2018:10:19:29 -0300] "POST /cormun/servlet/solicitudot?10eded4696e19ce868ad8cd544cd247a,INS,0,0,,gx-no-cache=1537967887923 HTTP/1.1" 200 11785
186.67.172.234 - - [26/Sep/2018:10:19:29 -0300] "GET /cormun/servlet/hlogin HTTP/1.1" 200 1732
190.46.192.47 - - [26/Sep/2018:10:19:31 -0300] "GET /cormun/servlet/prbanco?,MD,,gxPopupLevel%3D0%3B HTTP/1.1" 200 6823
186.67.164.142 - - [26/Sep/2018:10:19:32 -0300] "GET /cormun/static/menuarrow.gif HTTP/1.1" 404 1015
186.103.157.235 - - [26/Sep/2018:10:19:36 -0300] "GET /cormun/static/Resources/resize.gif HTTP/1.1" 200 77
186.103.157.235 - - [26/Sep/2018:10:19:36 -0300] "GET /cormun/servlet/prbanco?,MD,,gxPopupLevel%3D0%3B HTTP/1.1" 200 6667
186.103.157.235 - - [26/Sep/2018:10:19:36 -0300] "GET /cormun/static/gxcfg.js?20181161016094 HTTP/1.1" 200 953
186.103.157.235 - - [26/Sep/2018:10:19:36 -0300] "GET /cormun/static/Resources/PXToolsMenuSearch.png HTTP/1.1" 200 2914
186.103.157.235 - - [26/Sep/2018:10:19:36 -0300] "GET /cormun/static/Resources/PXToolsMenuSearchCancel.png HTTP/1.1" 200 2972
186.103.157.235 - - [26/Sep/2018:10:19:37 -0300] "GET /cormun/static/menusearch.js?201610171694467 HTTP/1.1" 200 1424
186.103.157.235 - - [26/Sep/2018:10:19:37 -0300] "GET /cormun/static/prbanco.js?2018116101633 HTTP/1.1" 200 10693
186.103.157.235 - - [26/Sep/2018:10:19:37 -0300] "GET /cormun/static/hmpwkw011.js?20177612121862 HTTP/1.1" 200 1968
190.46.192.47 - - [26/Sep/2018:10:19:38 -0300] "GET /cormun/servlet/solicitudot?ab365fa3bb18319f9131ab2d36bd0d5440f8edb455e3c255c01e955988ce7259ed88c24e480175e0ecc2aa9d99ea6397,gx-no-cache=1537967897469 HTTP/1.1" 200 30
190.46.192.47 - - [26/Sep/2018:10:19:38 -0300] "GET /cormun/servlet/solicitudot?ab365fa3bb18319f9131ab2d36bd0d54f9acf6cfa4e02362c088a874b4d1af09497491f6e2e512cc9f29ce67760a33a82b06ffc65d35bb4329292bd64ca51fe5,gx-no-cache=1537967897527 HTTP/1.1" 200 30
190.46.192.47 - - [26/Sep/2018:10:19:40 -0300] "GET /cormun/servlet/solicitudot?ab365fa3bb18319f9131ab2d36bd0d548cb635052058b0a5577ea65ecf7dc84a,gx-no-cache=1537967899049 HTTP/1.1" 200 51
190.46.192.47 - - [26/Sep/2018:10:19:40 -0300] "POST /cormun/servlet/solicitudot?gx-no-cache=1537967899096 HTTP/1.1" 200 240
190.46.192.47 - - [26/Sep/2018:10:19:40 -0300] "GET /cormun/servlet/solicitudot?ab365fa3bb18319f9131ab2d36bd0d54fb6403e94ee5dcdab2b9eef22a0964bba3a47ca7105da7532d445abe54307f1dc29e01a85cd51d574fe0cd83d5b98b5fed948b5ab790d736044f4ec72ce4513d8d29514c11da6558bc4c7dbd66a892a5899bfdd4b074b5dc90ff8150207195a619d1e0a8fb3cf10ac6c4932c7124eb3f67470d1fa850fbd463d47e308ec57d81891a5f823d1f8cdeea5e7f1f2085417a0d394b7cc5387c453333ec35ce5ea3a97d7929b5a2e352ae8e0ee66de52c86e2e839346e4234a47b929307601af1ea61e79eceed4f01e2d87ba9c0f31d191d51156d49a20b6f8f105c3b18b3551223cac1fda48ec9b220531ee86c7e1cdcdbc01c182853538bcd179592b02a55e12fc6829fd84d9ba4a8843aeb05b133d45cd721edf59e996884da1908cc0dc704079d20f04b87441a1f04d5c4f4ab0410ce65047190aab048792805f9b316949124e7608d27bde6c9927ff27370b23fe4b7c725c8ae9d438d14335c6f42d59ce7700201910019c597627ab49d4ed7d0b9790b,gx-no-cache=1537967899160 HTTP/1.1" 200 30
186.103.157.235 - - [26/Sep/2018:10:19:42 -0300] "GET /cormun/servlet/solicitudot?e47f2bf4573189438dd223222241c10271f18b6cebd46fcc6eaf9285cfa0101bc6bdc9000f029aa3a9d68221ffa4ebe32d8d567682a16a93a14624bd02fd1ce8,gx-no-cache=1537967899672 HTTP/1.1" 200 30
190.46.192.47 - - [26/Sep/2018:10:19:42 -0300] "POST /cormun/servlet/solicitudot?gx-no-cache=1537967900855 HTTP/1.1" 200 30
186.103.157.235 - - [26/Sep/2018:10:19:42 -0300] "GET /cormun/servlet/solicitudot?e47f2bf4573189438dd223222241c102e50e6592598f3542f2299e24e3ab530d,gx-no-cache=1537967900539 HTTP/1.1" 200 53
186.67.172.234 - - [26/Sep/2018:10:19:46 -0300] "POST /cormun/servlet/hlogin?ab828a5248f85da3dcfd0e2e9153f4d2,gx-no-cache=1537967850270 HTTP/1.1" 200 90
186.67.172.234 - - [26/Sep/2018:10:19:46 -0300] "GET /cormun/servlet/hpexe_link HTTP/1.1" 200 955
186.67.172.234 - - [26/Sep/2018:10:19:46 -0300] "GET /cormun/servlet/hhome HTTP/1.1" 200 4335
186.67.172.234 - - [26/Sep/2018:10:19:46 -0300] "GET /cormun/servlet/hhome HTTP/1.1" 200 4332
190.46.192.47 - - [26/Sep/2018:10:19:56 -0300] "GET /cormun/servlet/prfichaempleado?,MD,,gxPopupLevel%3D0%3B HTTP/1.1" 200 9525
186.67.172.234 - - [26/Sep/2018:10:19:58 -0300] "GET /cormun/servlet/trlicencias? HTTP/1.1" 200 15961
186.67.172.234 - - [26/Sep/2018:10:19:58 -0300] "GET /cormun/static/gxcfg.js?20176272054169 HTTP/1.1" 200 953
186.67.172.234 - - [26/Sep/2018:10:19:58 -0300] "GET /cormun/static/trlicencias.js?20176272054837 HTTP/1.1" 200 41883
186.67.172.234 - - [26/Sep/2018:10:19:59 -0300] "GET /cormun/servlet/trlicencias? HTTP/1.1" 200 15938
190.46.192.47 - - [26/Sep/2018:10:20:05 -0300] "POST /cormun/servlet/prfichaempleado?10eded4696e19ce868ad8cd544cd247a,,MD,,gxPopupLevel%3D0%3B,gx-no-cache=1537967924278 HTTP/1.1" 200 3477
190.46.192.47 - - [26/Sep/2018:10:20:13 -0300] "GET /cormun/servlet/prlicenciaspermisos?17477251,L,,MD,,gxPopupLevel%3D0%3B HTTP/1.1" 200 5857
190.46.192.47 - - [26/Sep/2018:10:20:15 -0300] "POST /cormun/servlet/solicitudot?gx-no-cache=1537967934430 HTTP/1.1" 200 1267
190.46.192.47 - - [26/Sep/2018:10:20:18 -0300] "POST /cormun/servlet/solicitudot?gx-no-cache=1537967937261 HTTP/1.1" 200 41
190.46.192.47 - - [26/Sep/2018:10:20:18 -0300] "GET /cormun/servlet/solicitudot?ab365fa3bb18319f9131ab2d36bd0d543aec6a8336c2f732bb41f0c091c8459c48eca3e28137f8ad15e3af1d51c05db8b9fe8b92acdd229cb880d2a148ff088a8c64d73e2b4e3bd940ec2866d6b6f085ed38b5be9e82b40e76eafa2d3f9d6f1b4cc1bbb6b2686e7fa75e3360b23e4f00,gx-no-cache=1537967937331 HTTP/1.1" 200 110
190.46.192.47 - - [26/Sep/2018:10:20:18 -0300] "POST /cormun/servlet/solicitudot?gx-no-cache=1537967937380 HTTP/1.1" 200 97
186.103.157.235 - - [26/Sep/2018:10:20:31 -0300] "POST /cormun/servlet/solicitudot?gx-no-cache=1537967949155 HTTP/1.1" 200 297
186.103.157.235 - - [26/Sep/2018:10:20:31 -0300] "GET /cormun/servlet/solicitudot?e47f2bf4573189438dd223222241c10275e34ed944edb77b49a78479bfeab1273b3c714e8f2d52e7b86629a2647dd3bcf13d0b8a450f7ba45be5d95894ee7d9dda10991f1c3141fb44adc45f73c05920f48d35bc8758c40e595106d68b0b0a37c3aba4a7c80782652b1a16942417340f9ba4e11b06ca52e68f1d5a790752df68587bae8a807adb93ee3b35b4460b86916f065f69b7a0356dfd0b997a69c388acfefb0e6e0d5f85b8b8edd7bf6a242eaf49dec6d5581e608416b8622c62065e97926fed13036cc95b88fb022cab0781d42a6b4a76d339eaf1642fea0ed3bb755c2f3eb1bc90b701ce78a3b5035d2120811af4a58ed127a605c28d8dc0221d0a0c9d74a03774a0662c72268b72a980cffa94730cab50914228d649111c742ab5cd3ba0f93de3df0b6e67b914b0518233a1bef7ab464cf22e112f4eaacc8ca74d4b58a0b5fa12b58bad3ec76935a1d48a3b9c58946d0f8a021e70642223fd6cd2caed2a0e3e31acfafad5b464094ab77ecb23a6b11fda13c6f8ebf0b06c837cb621f46bbd971b8f5da1280c6ecb77602a4d,gx-no-cache=1537967949206 HTTP/1.1" 200 30
190.46.192.47 - - [26/Sep/2018:10:20:37 -0300] "GET /cormun/servlet/solicitudot?ab365fa3bb18319f9131ab2d36bd0d547c2a4b166fcfc8a65130c223fd04b238bfe3bea7a1e2eb528d94b63c0ba96c2b7fec0fe9ae710cf158a1d6441780ae79139ccd8f374022d908342a1694837fa8c67588b5e87cee6c2dc4ec9b1b3117d7c19997b767e2ec1987831c52c1b2dc1ad0c23e121b6ec94f59aa41b3d025aa40d1a5a0053f85e178b091f95878550812f7d756000574d4654fd586270d828c3f,gx-no-cache=1537967955940 HTTP/1.1" 200 29
190.46.192.47 - - [26/Sep/2018:10:20:37 -0300] "GET /cormun/static/menuarrow.gif HTTP/1.1" 404 1015
186.103.157.235 - - [26/Sep/2018:10:20:39 -0300] "POST /cormun/servlet/solicitudot?gx-no-cache=1537967956731 HTTP/1.1" 200 30
186.103.157.235 - - [26/Sep/2018:10:20:40 -0300] "POST /cormun/servlet/solicitudot?gx-no-cache=1537967958128 HTTP/1.1" 200 1265
186.103.157.235 - - [26/Sep/2018:10:20:40 -0300] "POST /cormun/servlet/solicitudot?gx-no-cache=1537967958189 HTTP/1.1" 200 38
190.46.192.47 - - [26/Sep/2018:10:20:45 -0300] "GET /cormun/servlet/solicitudot?ab365fa3bb18319f9131ab2d36bd0d54709a4a08ff7fc54b184356c74ab394fc7949b6201a4a93d996e7d6e9a8df87d1,gx-no-cache=1537967964022 HTTP/1.1" 200 30
190.46.192.47 - - [26/Sep/2018:10:20:45 -0300] "POST /cormun/servlet/solicitudot?gx-no-cache=1537967964073 HTTP/1.1" 200 32
186.103.157.235 - - [26/Sep/2018:10:20:49 -0300] "GET /cormun/servlet/solicitudot?e47f2bf4573189438dd223222241c1021ce6a6215fca423eee94cc9242ef6b0c05f8332780560e476c2de25fb37ce55d75db87a4d2c3fc570d967c2cd5259788932d1c7f5d50a59d8f701aecd26f8bc150921a333a336ef90d8d9632fc472e01fb5043a85dbf34f8b702014692a1683b,gx-no-cache=1537967966806 HTTP/1.1" 200 110
186.103.157.235 - - [26/Sep/2018:10:20:51 -0300] "POST /cormun/servlet/solicitudot?gx-no-cache=1537967969605 HTTP/1.1" 200 110
186.103.157.235 - - [26/Sep/2018:10:21:01 -0300] "GET /cormun/servlet/solicitudot?e47f2bf4573189438dd223222241c1021e564e033df481e8b7e35e42096eb689b30801bc5bc203e3cc49fb0e284c983cf654db0dc4ab313d328837867d1362b330b510aaf0d3b0a84545fd481cf3c75ce5f2092c8a6f45e61b7fbf6dd763868b42cb268bc3ab04e3d69d70669aa63def,gx-no-cache=1537967979557 HTTP/1.1" 200 29
186.103.157.235 - - [26/Sep/2018:10:21:01 -0300] "GET /cormun/static/menuarrow.gif HTTP/1.1" 404 1015
186.67.172.234 - - [26/Sep/2018:10:21:07 -0300] "GET /cormun/static/menuarrow.gif HTTP/1.1" 404 1015
186.103.157.235 - - [26/Sep/2018:10:21:07 -0300] "GET /cormun/servlet/solicitudot?e47f2bf4573189438dd223222241c1025982fdb6b1290050d14cfb5f03291f5ec48394ac61194d470ab3eb79bdfbb7c7,gx-no-cache=1537967985641 HTTP/1.1" 200 30
190.46.192.47 - - [26/Sep/2018:10:21:13 -0300] "POST /cormun/servlet/solicitudot?10eded4696e19ce868ad8cd544cd247a,INS,0,0,,gx-no-cache=1537967991448 HTTP/1.1" 200 93
190.46.192.47 - - [26/Sep/2018:10:21:13 -0300] "GET /cormun/servlet/hpexe_return? HTTP/1.1" 200 1005
190.46.192.47 - - [26/Sep/2018:10:21:13 -0300] "GET /cormun/servlet/trsolicitudot HTTP/1.1" 200 9422
186.103.157.235 - - [26/Sep/2018:10:21:13 -0300] "POST /cormun/servlet/solicitudot?gx-no-cache=1537967991109 HTTP/1.1" 200 30
190.46.192.47 - - [26/Sep/2018:10:21:13 -0300] "GET /cormun/servlet/trsolicitudot HTTP/1.1" 200 9417
190.46.192.47 - - [26/Sep/2018:10:21:24 -0300] "GET /cormun/servlet/solicitudot?INS,0,0, HTTP/1.1" 200 15157
190.46.192.47 - - [26/Sep/2018:10:21:24 -0300] "GET /cormun/servlet/solicitudot?INS,0,0, HTTP/1.1" 200 15162
186.67.172.234 - - [26/Sep/2018:10:21:24 -0300] "POST /cormun/servlet/trlicencias?ab828a5248f85da3dcfd0e2e9153f4d2,,gx-no-cache=1537967948400 HTTP/1.1" 200 4387
186.103.157.235 - - [26/Sep/2018:10:21:28 -0300] "POST /cormun/servlet/solicitudot?19568af730069c43b4cc4425fe02a391,INS,0,0,,gx-no-cache=1537968006027 HTTP/1.1" 200 93
186.103.157.235 - - [26/Sep/2018:10:21:28 -0300] "GET /cormun/servlet/hpexe_return? HTTP/1.1" 200 1003
186.103.157.235 - - [26/Sep/2018:10:21:28 -0300] "GET /cormun/static/gxcfg.js?2016101716175148 HTTP/1.1" 200 953
186.103.157.235 - - [26/Sep/2018:10:21:28 -0300] "GET /cormun/static/hpexe_return.js?2016101716175153 HTTP/1.1" 200 1633
186.103.157.235 - - [26/Sep/2018:10:21:28 -0300] "GET /cormun/static/Resources/Spanish/PXTools.css?167811 HTTP/1.1" 200 89042
186.103.157.235 - - [26/Sep/2018:10:21:29 -0300] "GET /cormun/servlet/trsolicitudot HTTP/1.1" 200 8869
186.103.157.235 - - [26/Sep/2018:10:21:29 -0300] "GET /cormun//static/Resources/PXToolsActionView.png HTTP/1.1" 200 2995
186.103.157.235 - - [26/Sep/2018:10:21:29 -0300] "GET /cormun//static/Resources/PXToolsGridUpdate.png HTTP/1.1" 200 2984
186.103.157.235 - - [26/Sep/2018:10:21:29 -0300] "GET /cormun//static/Resources/PXToolsRemoveAllAction.png HTTP/1.1" 200 3558
186.103.157.235 - - [26/Sep/2018:10:21:29 -0300] "GET /cormun//static/Resources/PXToolsGridDelete.png HTTP/1.1" 200 357
186.103.157.235 - - [26/Sep/2018:10:21:29 -0300] "GET /cormun//static/Resources/PXTools/ActionInsert.png HTTP/1.1" 200 1482
186.103.157.235 - - [26/Sep/2018:10:21:29 -0300] "GET /cormun/servlet/trsolicitudot HTTP/1.1" 200 8865
186.103.157.235 - - [26/Sep/2018:10:21:36 -0300] "POST /cormun/servlet/trsolicitudot?19568af730069c43b4cc4425fe02a391,gx-no-cache=1537968013753 HTTP/1.1" 200 106
186.103.157.235 - - [26/Sep/2018:10:21:36 -0300] "GET /cormun/servlet/trsolicitudadjuntos?2018,12211, HTTP/1.1" 200 6405
186.103.157.235 - - [26/Sep/2018:10:21:36 -0300] "GET /cormun/static/gxcfg.js?20177612135366 HTTP/1.1" 200 953
186.103.157.235 - - [26/Sep/2018:10:21:36 -0300] "GET /cormun/static/trsolicitudadjuntos.js?20177612135632 HTTP/1.1" 200 17922
186.103.157.235 - - [26/Sep/2018:10:21:36 -0300] "GET /cormun/servlet/trsolicitudadjuntos?2018,12211, HTTP/1.1" 200 6405
190.46.192.47 - - [26/Sep/2018:10:21:37 -0300] "POST /cormun/servlet/solicitudot?gx-no-cache=1537968016378 HTTP/1.1" 200 3484
190.46.192.47 - - [26/Sep/2018:10:21:38 -0300] "POST /cormun/servlet/solicitudot?10eded4696e19ce868ad8cd544cd247a,INS,0,0,,gx-no-cache=1537968016704 HTTP/1.1" 200 11784
186.103.157.235 - - [26/Sep/2018:10:21:39 -0300] "GET /cormun/servlet/solicitudotadjuntos?INS,2018,12211,,1, HTTP/1.1" 200 6353
186.103.157.235 - - [26/Sep/2018:10:21:39 -0300] "GET /cormun/static/gxcfg.js?2017761244068 HTTP/1.1" 200 953
186.103.157.235 - - [26/Sep/2018:10:21:39 -0300] "GET /cormun/static/solicitudotadjuntos.js?2017761244086 HTTP/1.1" 200 11771
186.103.157.235 - - [26/Sep/2018:10:21:39 -0300] "GET /cormun/static/about:blank HTTP/1.1" 404 1011
186.103.157.235 - - [26/Sep/2018:10:21:40 -0300] "GET /cormun/servlet/solicitudotadjuntos?INS,2018,12211,,1, HTTP/1.1" 200 6345
186.103.157.235 - - [26/Sep/2018:10:21:41 -0300] "GET /cormun/servlet/solicitudotadjuntos?e47f2bf4573189438dd223222241c10203616336551e37e24de9253b3f34dbfd4a95d28df2aec6502ca258a1a812e724,gx-no-cache=1537968018627 HTTP/1.1" 200 30
186.103.157.235 - - [26/Sep/2018:10:21:41 -0300] "POST /cormun/servlet/solicitudotadjuntos?19568af730069c43b4cc4425fe02a391,INS,2018,12211,,1,,gx-no-cache=1537968018705 HTTP/1.1" 200 4065
190.46.192.47 - - [26/Sep/2018:10:21:41 -0300] "GET /cormun/servlet/prbanco?,MD,,gxPopupLevel%3D0%3B HTTP/1.1" 200 6823
186.103.157.235 - - [26/Sep/2018:10:21:43 -0300] "POST /cormun/servlet/solicitudotadjuntos?gx-no-cache=1537968020693 HTTP/1.1" 200 26
190.46.192.47 - - [26/Sep/2018:10:21:47 -0300] "GET /cormun/servlet/solicitudot?ab365fa3bb18319f9131ab2d36bd0d5440f8edb455e3c255c01e955988ce7259ed88c24e480175e0ecc2aa9d99ea6397,gx-no-cache=1537968025646 HTTP/1.1" 200 30
190.46.192.47 - - [26/Sep/2018:10:21:47 -0300] "GET /cormun/servlet/solicitudot?ab365fa3bb18319f9131ab2d36bd0d54f9acf6cfa4e02362c088a874b4d1af09497491f6e2e512cc9f29ce67760a33a82b06ffc65d35bb4329292bd64ca51fe5,gx-no-cache=1537968025730 HTTP/1.1" 200 30
190.46.192.47 - - [26/Sep/2018:10:21:48 -0300] "GET /cormun/servlet/solicitudot?ab365fa3bb18319f9131ab2d36bd0d548cb635052058b0a5577ea65ecf7dc84a,gx-no-cache=1537968027518 HTTP/1.1" 200 51
190.46.192.47 - - [26/Sep/2018:10:21:48 -0300] "POST /cormun/servlet/solicitudot?gx-no-cache=1537968027577 HTTP/1.1" 200 240
190.46.192.47 - - [26/Sep/2018:10:21:49 -0300] "GET /cormun/servlet/solicitudot?ab365fa3bb18319f9131ab2d36bd0d54fb6403e94ee5dcdab2b9eef22a0964bba3a47ca7105da7532d445abe54307f1dc29e01a85cd51d574fe0cd83d5b98b5fed948b5ab790d736044f4ec72ce4513d8d29514c11da6558bc4c7dbd66a892a5899bfdd4b074b5dc90ff8150207195a619d1e0a8fb3cf10ac6c4932c7124eb3f67470d1fa850fbd463d47e308ec57d81891a5f823d1f8cdeea5e7f1f2085417a0d394b7cc5387c453333ec35ce5ea3a97d7929b5a2e352ae8e0ee66de52c86e2e839346e4234a47b929307601af1ea61e79eceed4f01e2d87ba9c0f31d191d51156d49a20b6f8f105c3b18b3551223cac1fda48ec9b220531ee86c7e1cdcdbc01c182853538bcd179592b02a55e12fc6829fd84d9ba4a8843aeb05b133d45cd721edf59e996884da1908cc0dc704079d20f04b87441a1f04d5c4f4ab0410ce65047190aab048792805f9b316949124e7608d27bde6c9927ff27370b23fe4b7c725c8ae9d438d14335c6f42d59ce7700201910019c597627ab49d4ed7d0b9790b,gx-no-cache=1537968027647 HTTP/1.1" 200 30
190.46.192.47 - - [26/Sep/2018:10:21:51 -0300] "POST /cormun/servlet/solicitudot?gx-no-cache=1537968029755 HTTP/1.1" 200 30
190.46.192.47 - - [26/Sep/2018:10:22:03 -0300] "GET /cormun/servlet/prfichaempleado?,MD,,gxPopupLevel%3D0%3B HTTP/1.1" 200 9525
190.46.192.47 - - [26/Sep/2018:10:22:13 -0300] "POST /cormun/servlet/prfichaempleado?10eded4696e19ce868ad8cd544cd247a,,MD,,gxPopupLevel%3D0%3B,gx-no-cache=1537968052337 HTTP/1.1" 200 3479
186.103.157.235 - - [26/Sep/2018:10:22:13 -0300] "GET /cormun/servlet/solicitudotadjuntos?e47f2bf4573189438dd223222241c10264a65390694f857f263bdc00e0d59278,gx-no-cache=1537968051450 HTTP/1.1" 200 30
186.103.157.235 - - [26/Sep/2018:10:22:13 -0300] "GET /cormun/servlet/solicitudotadjuntos?e47f2bf4573189438dd223222241c10264a65390694f857f263bdc00e0d59278,gx-no-cache=1537968051513 HTTP/1.1" 200 30
186.103.157.235 - - [26/Sep/2018:10:22:15 -0300] "POST /cormun/servlet/solicitudotadjuntos?19568af730069c43b4cc4425fe02a391,INS,2018,12211,,1, HTTP/1.1" 200 116
186.103.157.235 - - [26/Sep/2018:10:22:15 -0300] "GET /cormun/servlet/hpexe_return? HTTP/1.1" 200 1023
186.103.157.235 - - [26/Sep/2018:10:22:15 -0300] "GET /cormun/servlet/trsolicitudadjuntos?2018,12211, HTTP/1.1" 200 8986
186.103.157.235 - - [26/Sep/2018:10:22:16 -0300] "GET /cormun/servlet/trsolicitudadjuntos?2018,12211, HTTP/1.1" 200 8983
186.103.157.235 - - [26/Sep/2018:10:22:18 -0300] "GET /cormun/servlet/solicitudotadjuntos?INS,2018,12211,,1, HTTP/1.1" 200 6351
186.103.157.235 - - [26/Sep/2018:10:22:19 -0300] "GET /cormun/static/about:blank HTTP/1.1" 404 1011
186.103.157.235 - - [26/Sep/2018:10:22:19 -0300] "GET /cormun/servlet/solicitudotadjuntos?INS,2018,12211,,1, HTTP/1.1" 200 6343
186.103.157.235 - - [26/Sep/2018:10:22:19 -0300] "GET /cormun/servlet/solicitudotadjuntos?e47f2bf4573189438dd223222241c10203616336551e37e24de9253b3f34dbfd4a95d28df2aec6502ca258a1a812e724,gx-no-cache=1537968057405 HTTP/1.1" 200 30
186.103.157.235 - - [26/Sep/2018:10:22:20 -0300] "POST /cormun/servlet/solicitudotadjuntos?19568af730069c43b4cc4425fe02a391,INS,2018,12211,,1,,gx-no-cache=1537968057439 HTTP/1.1" 200 4063
186.103.157.235 - - [26/Sep/2018:10:22:22 -0300] "POST /cormun/servlet/solicitudotadjuntos?gx-no-cache=1537968059721 HTTP/1.1" 200 26
186.67.164.142 - - [26/Sep/2018:10:22:23 -0300] "GET /cormun/servlet/licenciaspermisos?df1b9e80258ee015d0fd7706f01e0d05f6e7f13f7133414711b33232692dd23a9e26fe5d3c6488cc59fb9da298b653c593809afe03ed14fa1405f1ffdd84e2a88fba3685813ae53819e75b0ef62bfaafa3f10f2298fe868e9454f12caf063d3c4051ba969304d08214fa264cc7081192ae5d64a23b7592707c802106554d3bcba0053ac25aa2f590367deeda1c6c1f3e80828a07e104bb014cad077b2dd1adc01e63346373511a3df7965e24b78cb2d9,gx-no-cache=1537968060703 HTTP/1.1" 200 30
186.67.164.142 - - [26/Sep/2018:10:22:23 -0300] "GET /cormun/servlet/licenciaspermisos?df1b9e80258ee015d0fd7706f01e0d05452b7ed2c45c6e6bd783fe5699eb98d384071eb855d8910febe531819256b0249e4bba51c4247ec53ce61b67b9a560051e6692a1aa2ff45a0b8043cd9d328474926151ad6238c448e07115d6ebea8eed87a0b59d44fac7d3b12bed83ab6b6a6956f3e66e828f6fa0335a07807ce97c73244bdd3a4f0da163e55bd2fc662ba87bd15a3ea9ccd243e6b3262c2e0be333aa38bc4d018c694a8fdbb34ada503481fe,gx-no-cache=1537968060735 HTTP/1.1" 200 29
186.67.164.142 - - [26/Sep/2018:10:22:23 -0300] "POST /cormun/servlet/licenciaspermisos?52c887c21b44bc22debf4b40d79a36e1,INS,0,,,,gx-no-cache=1537968060762 HTTP/1.1" 200 93
186.67.164.142 - - [26/Sep/2018:10:22:23 -0300] "GET /cormun/servlet/hpexe_return? HTTP/1.1" 200 1016
186.67.164.142 - - [26/Sep/2018:10:22:24 -0300] "GET /cormun/static/gxcfg.js?2016101716175148 HTTP/1.1" 304 -
186.67.164.142 - - [26/Sep/2018:10:22:24 -0300] "GET /cormun/servlet/trlicencias HTTP/1.1" 200 13005
190.46.192.47 - - [26/Sep/2018:10:22:24 -0300] "GET /cormun/servlet/prlicenciaspermisos?17477251,L,,MD,,gxPopupLevel%3D0%3B HTTP/1.1" 200 5857
186.67.164.142 - - [26/Sep/2018:10:22:25 -0300] "GET /cormun/servlet/trlicencias HTTP/1.1" 200 12999
190.46.192.47 - - [26/Sep/2018:10:22:26 -0300] "POST /cormun/servlet/solicitudot?gx-no-cache=1537968065140 HTTP/1.1" 200 1267
186.103.157.235 - - [26/Sep/2018:10:22:27 -0300] "GET /cormun/servlet/solicitudotadjuntos?e47f2bf4573189438dd223222241c10264a65390694f857f263bdc00e0d59278,gx-no-cache=1537968065330 HTTP/1.1" 200 30
186.103.157.235 - - [26/Sep/2018:10:22:27 -0300] "GET /cormun/servlet/solicitudotadjuntos?e47f2bf4573189438dd223222241c10264a65390694f857f263bdc00e0d59278,gx-no-cache=1537968065356 HTTP/1.1" 200 30
190.46.192.47 - - [26/Sep/2018:10:22:30 -0300] "POST /cormun/servlet/solicitudot?gx-no-cache=1537968069430 HTTP/1.1" 200 41
190.46.192.47 - - [26/Sep/2018:10:22:30 -0300] "GET /cormun/servlet/solicitudot?ab365fa3bb18319f9131ab2d36bd0d543aec6a8336c2f732bb41f0c091c8459c48eca3e28137f8ad15e3af1d51c05db8b9fe8b92acdd229cb880d2a148ff088a8c64d73e2b4e3bd940ec2866d6b6f085ed38b5be9e82b40e76eafa2d3f9d6f1b4cc1bbb6b2686e7fa75e3360b23e4f00,gx-no-cache=1537968069486 HTTP/1.1" 200 110
190.46.192.47 - - [26/Sep/2018:10:22:30 -0300] "POST /cormun/servlet/solicitudot?gx-no-cache=1537968069531 HTTP/1.1" 200 97
186.103.157.235 - - [26/Sep/2018:10:22:32 -0300] "POST /cormun/servlet/solicitudotadjuntos?19568af730069c43b4cc4425fe02a391,INS,2018,12211,,1, HTTP/1.1" 200 116
186.103.157.235 - - [26/Sep/2018:10:22:32 -0300] "GET /cormun/servlet/hpexe_return? HTTP/1.1" 200 1023
186.103.157.235 - - [26/Sep/2018:10:22:32 -0300] "GET /cormun/servlet/trsolicitudadjuntos?2018,12211, HTTP/1.1" 200 9197
186.103.157.235 - - [26/Sep/2018:10:22:33 -0300] "GET /cormun/servlet/trsolicitudadjuntos?2018,12211, HTTP/1.1" 200 9197
186.103.157.235 - - [26/Sep/2018:10:22:35 -0300] "GET /cormun/servlet/solicitudotadjuntos?INS,2018,12211,,1, HTTP/1.1" 200 6351
186.103.157.235 - - [26/Sep/2018:10:22:35 -0300] "GET /cormun/static/about:blank HTTP/1.1" 404 1011
186.103.157.235 - - [26/Sep/2018:10:22:35 -0300] "GET /cormun/servlet/solicitudotadjuntos?INS,2018,12211,,1, HTTP/1.1" 200 6343
186.103.157.235 - - [26/Sep/2018:10:22:36 -0300] "GET /cormun/servlet/solicitudotadjuntos?e47f2bf4573189438dd223222241c10203616336551e37e24de9253b3f34dbfd4a95d28df2aec6502ca258a1a812e724,gx-no-cache=1537968073831 HTTP/1.1" 200 30
186.103.157.235 - - [26/Sep/2018:10:22:36 -0300] "POST /cormun/servlet/solicitudotadjuntos?19568af730069c43b4cc4425fe02a391,INS,2018,12211,,1,,gx-no-cache=1537968073859 HTTP/1.1" 200 4063
186.67.172.234 - - [26/Sep/2018:10:22:38 -0300] "GET /cormun/servlet/licenciaspermisos?INS,0,,, HTTP/1.1" 200 7867
186.67.164.142 - - [26/Sep/2018:10:22:38 -0300] "GET /cormun/servlet/trlicenciaspermisosadjuntos?11672855,20180926000000,L, HTTP/1.1" 200 6392
186.67.172.234 - - [26/Sep/2018:10:22:38 -0300] "GET /cormun/static/gxcfg.js?201762917281167 HTTP/1.1" 200 953
186.67.172.234 - - [26/Sep/2018:10:22:38 -0300] "GET /cormun/static/licenciaspermisos.js?201762917281260 HTTP/1.1" 200 37491
186.67.172.234 - - [26/Sep/2018:10:22:38 -0300] "GET /cormun/static/hmpwkw03.js?20189613443875 HTTP/1.1" 304 -
186.67.164.142 - - [26/Sep/2018:10:22:38 -0300] "GET /cormun/static/gxcfg.js?20177612163414 HTTP/1.1" 304 -
186.67.172.234 - - [26/Sep/2018:10:22:38 -0300] "GET /cormun/servlet/licenciaspermisos?INS,0,,, HTTP/1.1" 200 7875
186.67.164.142 - - [26/Sep/2018:10:22:39 -0300] "GET /cormun/servlet/trlicenciaspermisosadjuntos?11672855,20180926000000,L, HTTP/1.1" 200 6393
186.103.157.235 - - [26/Sep/2018:10:22:39 -0300] "POST /cormun/servlet/solicitudotadjuntos?gx-no-cache=1537968076857 HTTP/1.1" 200 26
186.67.164.142 - - [26/Sep/2018:10:22:40 -0300] "GET /cormun/servlet/licenciaspermisosadjuntos?INS,11672855,L,20180926000000,, HTTP/1.1" 200 5689
186.67.164.142 - - [26/Sep/2018:10:22:41 -0300] "GET /cormun/static/gxcfg.js?2017761263592 HTTP/1.1" 200 953
186.67.164.142 - - [26/Sep/2018:10:22:41 -0300] "GET /cormun/static/about:blank HTTP/1.1" 404 1011
186.67.164.142 - - [26/Sep/2018:10:22:41 -0300] "GET /cormun/servlet/licenciaspermisosadjuntos?INS,11672855,L,20180926000000,, HTTP/1.1" 200 5678
186.103.157.235 - - [26/Sep/2018:10:22:44 -0300] "GET /cormun/servlet/solicitudotadjuntos?e47f2bf4573189438dd223222241c10264a65390694f857f263bdc00e0d59278,gx-no-cache=1537968081835 HTTP/1.1" 200 30
186.103.157.235 - - [26/Sep/2018:10:22:44 -0300] "GET /cormun/servlet/solicitudotadjuntos?e47f2bf4573189438dd223222241c10264a65390694f857f263bdc00e0d59278,gx-no-cache=1537968081857 HTTP/1.1" 200 30
186.103.157.235 - - [26/Sep/2018:10:22:45 -0300] "POST /cormun/servlet/solicitudotadjuntos?19568af730069c43b4cc4425fe02a391,INS,2018,12211,,1, HTTP/1.1" 200 116
186.103.157.235 - - [26/Sep/2018:10:22:45 -0300] "GET /cormun/servlet/hpexe_return? HTTP/1.1" 200 1023
186.103.157.235 - - [26/Sep/2018:10:22:45 -0300] "GET /cormun/servlet/trsolicitudadjuntos?2018,12211, HTTP/1.1" 200 9364
186.103.157.235 - - [26/Sep/2018:10:22:46 -0300] "GET /cormun/servlet/trsolicitudadjuntos?2018,12211, HTTP/1.1" 200 9363
186.103.157.235 - - [26/Sep/2018:10:22:48 -0300] "GET /cormun/servlet/solicitudotadjuntos?INS,2018,12211,,1, HTTP/1.1" 200 6351
186.103.157.235 - - [26/Sep/2018:10:22:48 -0300] "GET /cormun/static/about:blank HTTP/1.1" 404 1011
186.103.157.235 - - [26/Sep/2018:10:22:49 -0300] "GET /cormun/servlet/solicitudotadjuntos?INS,2018,12211,,1, HTTP/1.1" 200 6343
186.103.157.235 - - [26/Sep/2018:10:22:49 -0300] "GET /cormun/servlet/solicitudotadjuntos?e47f2bf4573189438dd223222241c10203616336551e37e24de9253b3f34dbfd4a95d28df2aec6502ca258a1a812e724,gx-no-cache=1537968087145 HTTP/1.1" 200 30
186.103.157.235 - - [26/Sep/2018:10:22:49 -0300] "POST /cormun/servlet/solicitudotadjuntos?19568af730069c43b4cc4425fe02a391,INS,2018,12211,,1,,gx-no-cache=1537968087180 HTTP/1.1" 200 4063
186.103.157.235 - - [26/Sep/2018:10:22:51 -0300] "POST /cormun/servlet/solicitudotadjuntos?gx-no-cache=1537968089612 HTTP/1.1" 200 26
186.67.172.234 - - [26/Sep/2018:10:22:55 -0300] "GET /cormun/servlet/trlicencias? HTTP/1.1" 200 7307
186.67.172.234 - - [26/Sep/2018:10:22:56 -0300] "GET /cormun/servlet/trlicencias? HTTP/1.1" 200 7306
186.103.157.235 - - [26/Sep/2018:10:22:56 -0300] "GET /cormun/servlet/solicitudotadjuntos?e47f2bf4573189438dd223222241c10264a65390694f857f263bdc00e0d59278,gx-no-cache=1537968094539 HTTP/1.1" 200 30
186.103.157.235 - - [26/Sep/2018:10:22:56 -0300] "GET /cormun/servlet/solicitudotadjuntos?e47f2bf4573189438dd223222241c10264a65390694f857f263bdc00e0d59278,gx-no-cache=1537968094557 HTTP/1.1" 200 30
190.46.192.47 - - [26/Sep/2018:10:22:57 -0300] "GET /cormun/servlet/trsolicitudot? HTTP/1.1" 200 9423
190.46.192.47 - - [26/Sep/2018:10:22:58 -0300] "GET /cormun/servlet/trsolicitudot? HTTP/1.1" 200 9417
186.103.157.235 - - [26/Sep/2018:10:22:58 -0300] "POST /cormun/servlet/solicitudotadjuntos?19568af730069c43b4cc4425fe02a391,INS,2018,12211,,1, HTTP/1.1" 200 116
186.103.157.235 - - [26/Sep/2018:10:22:58 -0300] "GET /cormun/servlet/hpexe_return? HTTP/1.1" 200 1023
186.67.172.234 - - [26/Sep/2018:10:22:58 -0300] "GET /cormun/servlet/hhome HTTP/1.1" 200 4335
186.103.157.235 - - [26/Sep/2018:10:22:58 -0300] "GET /cormun/servlet/trsolicitudadjuntos?2018,12211, HTTP/1.1" 200 9587
186.67.172.234 - - [26/Sep/2018:10:22:58 -0300] "GET /cormun/servlet/hhome HTTP/1.1" 200 4332
186.103.157.235 - - [26/Sep/2018:10:22:59 -0300] "GET /cormun/servlet/trsolicitudadjuntos?2018,12211, HTTP/1.1" 200 9585
186.103.157.235 - - [26/Sep/2018:10:23:01 -0300] "GET /cormun/servlet/solicitudotadjuntos?INS,2018,12211,,1, HTTP/1.1" 200 6353
186.103.157.235 - - [26/Sep/2018:10:23:01 -0300] "GET /cormun/static/about:blank HTTP/1.1" 404 1011
186.103.157.235 - - [26/Sep/2018:10:23:01 -0300] "GET /cormun/servlet/solicitudotadjuntos?INS,2018,12211,,1, HTTP/1.1" 200 6345
186.103.157.235 - - [26/Sep/2018:10:23:01 -0300] "GET /cormun/servlet/solicitudotadjuntos?e47f2bf4573189438dd223222241c10203616336551e37e24de9253b3f34dbfd4a95d28df2aec6502ca258a1a812e724,gx-no-cache=1537968099476 HTTP/1.1" 200 30
186.103.157.235 - - [26/Sep/2018:10:23:01 -0300] "POST /cormun/servlet/solicitudotadjuntos?19568af730069c43b4cc4425fe02a391,INS,2018,12211,,1,,gx-no-cache=1537968099512 HTTP/1.1" 200 4065
186.103.157.235 - - [26/Sep/2018:10:23:05 -0300] "POST /cormun/servlet/solicitudotadjuntos?gx-no-cache=1537968102929 HTTP/1.1" 200 26
186.103.157.235 - - [26/Sep/2018:10:23:10 -0300] "GET /cormun/servlet/solicitudotadjuntos?e47f2bf4573189438dd223222241c10264a65390694f857f263bdc00e0d59278,gx-no-cache=1537968108539 HTTP/1.1" 200 30
186.103.157.235 - - [26/Sep/2018:10:23:10 -0300] "GET /cormun/servlet/solicitudotadjuntos?e47f2bf4573189438dd223222241c10264a65390694f857f263bdc00e0d59278,gx-no-cache=1537968108564 HTTP/1.1" 200 30
186.103.157.235 - - [26/Sep/2018:10:23:13 -0300] "POST /cormun/servlet/solicitudotadjuntos?19568af730069c43b4cc4425fe02a391,INS,2018,12211,,1, HTTP/1.1" 200 116
186.103.157.235 - - [26/Sep/2018:10:23:13 -0300] "GET /cormun/servlet/hpexe_return? HTTP/1.1" 200 1023
186.103.157.235 - - [26/Sep/2018:10:23:14 -0300] "GET /cormun/servlet/trsolicitudadjuntos?2018,12211, HTTP/1.1" 200 9824
186.103.157.235 - - [26/Sep/2018:10:23:15 -0300] "GET /cormun/servlet/trsolicitudadjuntos?2018,12211, HTTP/1.1" 200 9821
186.103.157.235 - - [26/Sep/2018:10:23:17 -0300] "GET /cormun/servlet/solicitudotadjuntos?INS,2018,12211,,1, HTTP/1.1" 200 6353
186.103.157.235 - - [26/Sep/2018:10:23:17 -0300] "GET /cormun/static/about:blank HTTP/1.1" 404 1011
186.103.157.235 - - [26/Sep/2018:10:23:18 -0300] "GET /cormun/servlet/solicitudotadjuntos?INS,2018,12211,,1, HTTP/1.1" 200 6345
186.103.157.235 - - [26/Sep/2018:10:23:18 -0300] "GET /cormun/servlet/solicitudotadjuntos?e47f2bf4573189438dd223222241c10203616336551e37e24de9253b3f34dbfd4a95d28df2aec6502ca258a1a812e724,gx-no-cache=1537968116271 HTTP/1.1" 200 30
186.103.157.235 - - [26/Sep/2018:10:23:19 -0300] "POST /cormun/servlet/solicitudotadjuntos?19568af730069c43b4cc4425fe02a391,INS,2018,12211,,1,,gx-no-cache=1537968116297 HTTP/1.1" 200 4065
186.103.157.235 - - [26/Sep/2018:10:23:22 -0300] "POST /cormun/servlet/solicitudotadjuntos?gx-no-cache=1537968119768 HTTP/1.1" 200 26
186.67.164.142 - - [26/Sep/2018:10:23:25 -0300] "POST /cormun/servlet/licenciaspermisosadjuntos?52c887c21b44bc22debf4b40d79a36e1,INS,11672855,L,20180926000000,, HTTP/1.1" 200 116
186.67.164.142 - - [26/Sep/2018:10:23:25 -0300] "GET /cormun/servlet/hpexe_return? HTTP/1.1" 200 1047
186.67.164.142 - - [26/Sep/2018:10:23:26 -0300] "GET /cormun/servlet/trlicenciaspermisosadjuntos?11672855,20180926000000,L, HTTP/1.1" 200 6870
186.67.164.142 - - [26/Sep/2018:10:23:26 -0300] "GET /cormun/servlet/trlicenciaspermisosadjuntos?11672855,20180926000000,L, HTTP/1.1" 200 6867
186.103.157.235 - - [26/Sep/2018:10:23:28 -0300] "GET /cormun/servlet/solicitudotadjuntos?e47f2bf4573189438dd223222241c10264a65390694f857f263bdc00e0d59278,gx-no-cache=1537968125697 HTTP/1.1" 200 30
186.103.157.235 - - [26/Sep/2018:10:23:28 -0300] "GET /cormun/servlet/solicitudotadjuntos?e47f2bf4573189438dd223222241c10264a65390694f857f263bdc00e0d59278,gx-no-cache=1537968125712 HTTP/1.1" 200 30
186.67.164.142 - - [26/Sep/2018:10:23:29 -0300] "POST /cormun/servlet/trlicenciaspermisosadjuntos?52c887c21b44bc22debf4b40d79a36e1,11672855,20180926000000,L,,gx-no-cache=1537968126182 HTTP/1.1" 200 90
186.67.164.142 - - [26/Sep/2018:10:23:29 -0300] "GET /cormun/servlet/hpexe_link HTTP/1.1" 200 988
186.67.164.142 - - [26/Sep/2018:10:23:29 -0300] "GET /cormun/servlet/trlicencias HTTP/1.1" 200 13001
186.67.164.142 - - [26/Sep/2018:10:23:30 -0300] "GET /cormun/servlet/trlicencias HTTP/1.1" 200 12999
186.103.157.235 - - [26/Sep/2018:10:23:30 -0300] "POST /cormun/servlet/solicitudotadjuntos?19568af730069c43b4cc4425fe02a391,INS,2018,12211,,1, HTTP/1.1" 200 116
186.103.157.235 - - [26/Sep/2018:10:23:30 -0300] "GET /cormun/servlet/hpexe_return? HTTP/1.1" 200 1023
186.103.157.235 - - [26/Sep/2018:10:23:31 -0300] "GET /cormun/servlet/trsolicitudadjuntos?2018,12211, HTTP/1.1" 200 10033
186.103.157.235 - - [26/Sep/2018:10:23:32 -0300] "GET /cormun/servlet/trsolicitudadjuntos?2018,12211, HTTP/1.1" 200 10033
186.67.164.142 - - [26/Sep/2018:10:23:33 -0300] "GET /cormun/servlet/alicenciaprn?11672855,L,20180926000000,PU HTTP/1.1" 200 1531
186.103.157.235 - - [26/Sep/2018:10:23:35 -0300] "POST /cormun/servlet/trsolicitudadjuntos?19568af730069c43b4cc4425fe02a391,2018,12211,,gx-no-cache=1537968132522 HTTP/1.1" 200 90
186.103.157.235 - - [26/Sep/2018:10:23:35 -0300] "GET /cormun/servlet/hpexe_link HTTP/1.1" 200 966
186.103.157.235 - - [26/Sep/2018:10:23:35 -0300] "GET /cormun/servlet/trsolicitudot HTTP/1.1" 200 8866
186.103.157.235 - - [26/Sep/2018:10:23:35 -0300] "GET /cormun/servlet/trsolicitudot HTTP/1.1" 200 8865
186.103.157.235 - - [26/Sep/2018:10:23:41 -0300] "POST /cormun/servlet/trsolicitudot?19568af730069c43b4cc4425fe02a391,gx-no-cache=1537968138542 HTTP/1.1" 200 4749
186.103.157.235 - - [26/Sep/2018:10:23:41 -0300] "GET /cormun/static/Shared/jqueryui/images/ui-icons_82798d_256x240.png HTTP/1.1" 404 1089
186.103.157.235 - - [26/Sep/2018:10:23:41 -0300] "GET /cormun/static/Shared/jqueryui/images/ui-bg_highlight-soft_100_c6c2c8_1x100.png HTTP/1.1" 404 1117
186.103.157.235 - - [26/Sep/2018:10:23:41 -0300] "GET /cormun/static/Shared/jqueryui/images/ui-icons_8d78a5_256x240.png HTTP/1.1" 404 1089
186.103.157.235 - - [26/Sep/2018:10:23:41 -0300] "GET /cormun/static/Shared/jqueryui/images/ui-bg_flat_55_fafafa_40x100.png HTTP/1.1" 404 1097
186.103.157.235 - - [26/Sep/2018:10:23:41 -0300] "POST /cormun/servlet/trsolicitudot?19568af730069c43b4cc4425fe02a391,gx-no-cache=1537968138871 HTTP/1.1" 200 4527
186.103.157.235 - - [26/Sep/2018:10:23:45 -0300] "GET /cormun/servlet/trautorizarsolicitud? HTTP/1.1" 200 8763
186.103.157.235 - - [26/Sep/2018:10:23:45 -0300] "GET /cormun/static/gxcfg.js?2017111423403364 HTTP/1.1" 200 953
186.103.157.235 - - [26/Sep/2018:10:23:45 -0300] "GET /cormun/static/trautorizarsolicitud.js?201711142340425 HTTP/1.1" 200 53910
186.103.157.235 - - [26/Sep/2018:10:23:45 -0300] "GET /cormun/servlet/trautorizarsolicitud? HTTP/1.1" 200 8762
186.103.157.235 - - [26/Sep/2018:10:23:49 -0300] "GET /cormun/servlet/veautorizarsolicitud?2018,12211,, HTTP/1.1" 200 8671
186.103.157.235 - - [26/Sep/2018:10:23:49 -0300] "GET /cormun/static/gxcfg.js?2017111423404691 HTTP/1.1" 200 953
186.103.157.235 - - [26/Sep/2018:10:23:49 -0300] "GET /cormun/pexe_scrolldiv.js HTTP/1.1" 404 1009
186.103.157.235 - - [26/Sep/2018:10:23:50 -0300] "GET /cormun/static/Resources/PXToolsTabFirstSelected.png HTTP/1.1" 200 1259
186.103.157.235 - - [26/Sep/2018:10:23:50 -0300] "GET /cormun/pexe_scrolldiv.js HTTP/1.1" 404 1009
186.103.157.235 - - [26/Sep/2018:10:23:50 -0300] "GET /cormun/static/hpexe_tabsview.js?201610171694228 HTTP/1.1" 200 1661
186.103.157.235 - - [26/Sep/2018:10:23:50 -0300] "GET /cormun/static/Resources/PXToolsTabNext.gif HTTP/1.1" 200 168
186.103.157.235 - - [26/Sep/2018:10:23:50 -0300] "GET /cormun/static/hwcviewtabs.js?20177611594913 HTTP/1.1" 200 1074
186.103.157.235 - - [26/Sep/2018:10:23:50 -0300] "GET /cormun/static/tbautorizarsolicitud01.js?2017111423392092 HTTP/1.1" 200 30580
186.103.157.235 - - [26/Sep/2018:10:23:50 -0300] "GET /cormun/static/Resources/PXToolsTabLastUnselected.png HTTP/1.1" 200 1291
186.103.157.235 - - [26/Sep/2018:10:23:50 -0300] "GET /cormun/static/Resources/PXToolsTabPrevious.gif HTTP/1.1" 200 172
186.103.157.235 - - [26/Sep/2018:10:23:50 -0300] "GET /cormun/static/veautorizarsolicitud.js?2017111423404756 HTTP/1.1" 200 6140
186.103.157.235 - - [26/Sep/2018:10:23:50 -0300] "GET /cormun/static/calendar-system.css HTTP/1.1" 200 5572
186.103.157.235 - - [26/Sep/2018:10:23:50 -0300] "GET /cormun/static/Resources/PXToolsTabBackUnselected.png HTTP/1.1" 200 1175
186.103.157.235 - - [26/Sep/2018:10:23:50 -0300] "GET /cormun/static/Resources/PXToolsTabBackSelected.png HTTP/1.1" 200 1157
186.103.157.235 - - [26/Sep/2018:10:23:50 -0300] "GET /cormun/static/Resources/PXToolsTabUnselectedUnselected.png HTTP/1.1" 200 1459
186.103.157.235 - - [26/Sep/2018:10:23:50 -0300] "GET /cormun/static/Resources/PXToolsTabSelectedUnselected.png HTTP/1.1" 200 1428
186.103.157.235 - - [26/Sep/2018:10:23:50 -0300] "GET /cormun/servlet/veautorizarsolicitud?2018,12211,, HTTP/1.1" 200 8667
186.103.157.235 - - [26/Sep/2018:10:23:54 -0300] "GET /cormun/servlet/trautorizarsolicitud? HTTP/1.1" 200 8763
186.103.157.235 - - [26/Sep/2018:10:23:55 -0300] "GET /cormun/servlet/trautorizarsolicitud? HTTP/1.1" 200 8762
186.103.157.235 - - [26/Sep/2018:10:23:59 -0300] "POST /cormun/servlet/trautorizarsolicitud?19568af730069c43b4cc4425fe02a391,,gx-no-cache=1537968156578 HTTP/1.1" 200 4681
186.103.157.235 - - [26/Sep/2018:10:23:59 -0300] "GET /cormun/static/Shared/jqueryui/images/ui-bg_highlight-soft_100_c6c2c8_1x100.png HTTP/1.1" 404 1117
186.103.157.235 - - [26/Sep/2018:10:23:59 -0300] "GET /cormun/static/Shared/jqueryui/images/ui-icons_82798d_256x240.png HTTP/1.1" 404 1089
186.103.157.235 - - [26/Sep/2018:10:23:59 -0300] "GET /cormun/static/Shared/jqueryui/images/ui-bg_flat_55_fafafa_40x100.png HTTP/1.1" 404 1097
186.103.157.235 - - [26/Sep/2018:10:23:59 -0300] "GET /cormun/static/Shared/jqueryui/images/ui-icons_8d78a5_256x240.png HTTP/1.1" 404 1089
186.103.157.235 - - [26/Sep/2018:10:23:59 -0300] "POST /cormun/servlet/trautorizarsolicitud?19568af730069c43b4cc4425fe02a391,,gx-no-cache=1537968156780 HTTP/1.1" 200 4463
186.67.164.142 - - [26/Sep/2018:10:24:15 -0300] "POST /cormun/servlet/trlicencias?52c887c21b44bc22debf4b40d79a36e1,gx-no-cache=1537968171848 HTTP/1.1" 200 10473
186.67.164.142 - - [26/Sep/2018:10:24:15 -0300] "GET /cormun/static/Shared/jqueryui/images/ui-bg_highlight-soft_100_c6c2c8_1x100.png HTTP/1.1" 404 1117
186.67.164.142 - - [26/Sep/2018:10:24:15 -0300] "GET /cormun/static/Shared/jqueryui/images/ui-icons_82798d_256x240.png HTTP/1.1" 404 1089
186.67.164.142 - - [26/Sep/2018:10:24:15 -0300] "GET /cormun/static/Shared/jqueryui/images/ui-icons_8d78a5_256x240.png HTTP/1.1" 404 1089
186.67.164.142 - - [26/Sep/2018:10:24:15 -0300] "GET /cormun/static/Shared/jqueryui/images/ui-bg_flat_55_fafafa_40x100.png HTTP/1.1" 404 1097
186.67.164.142 - - [26/Sep/2018:10:24:17 -0300] "GET /cormun/servlet/licenciaspermisos?INS,0,,, HTTP/1.1" 200 7574
186.67.164.142 - - [26/Sep/2018:10:24:17 -0300] "GET /cormun/servlet/licenciaspermisos?INS,0,,, HTTP/1.1" 200 7582
186.67.164.142 - - [26/Sep/2018:10:24:24 -0300] "GET /cormun/servlet/licenciaspermisos?df1b9e80258ee015d0fd7706f01e0d053cbbbd26137d74af1c73e17c3f4aaf0ac15170b21c4d85deb0d1aa18d4d5c523,gx-no-cache=1537968181558 HTTP/1.1" 200 106
186.67.164.142 - - [26/Sep/2018:10:24:24 -0300] "POST /cormun/servlet/licenciaspermisos?52c887c21b44bc22debf4b40d79a36e1,INS,0,,,,gx-no-cache=1537968181613 HTTP/1.1" 200 4785
186.67.164.142 - - [26/Sep/2018:10:24:52 -0300] "GET /cormun/static/menuarrow.gif HTTP/1.1" 404 1015
186.67.164.142 - - [26/Sep/2018:10:27:50 -0300] "GET /cormun/servlet/licenciaspermisos?df1b9e80258ee015d0fd7706f01e0d05f6e7f13f7133414711b33232692dd23adb6ea3fb2c8ee6c8c44a19df0e4c0c8a93809afe03ed14fa1405f1ffdd84e2a88fba3685813ae53819e75b0ef62bfaafa3f10f2298fe868e9454f12caf063d3c560b68b79f3ca1454c7ae3d8d4bf680bae5d64a23b7592707c802106554d3bcb2d22a427c449c025f2c9ff155c4a5a1d3f8c29a43004b628925227a99bebac87c9426a38354c8718de15cf709fb717ef2a27acdb5c2e744a139bc15a5afc1e36ddc8a28b3a3b62e635526cc9b1d98f67d64e78ab4ac68e7f35e83d1f8d5e6b69,gx-no-cache=1537968387955 HTTP/1.1" 200 30
186.67.164.142 - - [26/Sep/2018:10:27:50 -0300] "POST /cormun/servlet/licenciaspermisos?52c887c21b44bc22debf4b40d79a36e1,INS,0,,,,gx-no-cache=1537968388001 HTTP/1.1" 200 4849
186.103.159.204 - - [26/Sep/2018:10:28:19 -0300] "GET /cormun/servlet/hlogin HTTP/1.1" 200 1733
192.168.10.89 - - [26/Sep/2018:10:29:49 -0300] "GET /cormun/servlet/hlogin HTTP/1.1" 200 1739
186.67.164.142 - - [26/Sep/2018:10:29:54 -0300] "GET /cormun/servlet/licenciaspermisos?df1b9e80258ee015d0fd7706f01e0d05452b7ed2c45c6e6bd783fe5699eb98d302961ae949179de65dcbe885f04470bf9e4bba51c4247ec53ce61b67b9a560051e6692a1aa2ff45a0b8043cd9d328474926151ad6238c448e07115d6ebea8eed1eca64f5ce3a3b26ad926dd6d28bf48056f3e66e828f6fa0335a07807ce97c7309c21bd2c454a86c623cdd6a5067ec47ffb230c9c831cb216be9fbc67e9a80b7b1f85adf498c205bd11750cd90e0ed3bd8a77d0ca97b3b02793ca8d214eeeaa3e149a40df5606f80a8344f5ebbad748641411967f41380e4ce25bcf75853a0194ae8e3b454d95feaf2915093466a6a2c,gx-no-cache=1537968511085 HTTP/1.1" 200 29
192.168.10.89 - - [26/Sep/2018:10:29:56 -0300] "POST /cormun/servlet/hlogin?69bd3eb8746054072c1bb13932cf7e87,gx-no-cache=1537968363204 HTTP/1.1" 200 90
192.168.10.89 - - [26/Sep/2018:10:29:56 -0300] "GET /cormun/servlet/hpexe_link HTTP/1.1" 200 950
192.168.10.89 - - [26/Sep/2018:10:29:56 -0300] "GET /cormun/servlet/hhome HTTP/1.1" 200 4969
192.168.10.89 - - [26/Sep/2018:10:29:59 -0300] "GET /cormun/servlet/trsolicitudgral? HTTP/1.1" 200 13794
192.168.10.89 - - [26/Sep/2018:10:30:13 -0300] "POST /cormun/servlet/trsolicitudgral?69bd3eb8746054072c1bb13932cf7e87,,gx-no-cache=1537968379640 HTTP/1.1" 200 26340
186.67.164.142 - - [26/Sep/2018:10:30:17 -0300] "GET /cormun/servlet/licenciaspermisos?df1b9e80258ee015d0fd7706f01e0d05452b7ed2c45c6e6bd783fe5699eb98d302961ae949179de65dcbe885f04470bf9e4bba51c4247ec53ce61b67b9a560051e6692a1aa2ff45a0b8043cd9d328474926151ad6238c448e07115d6ebea8eed1eca64f5ce3a3b26ad926dd6d28bf48056f3e66e828f6fa0335a07807ce97c7309c21bd2c454a86c623cdd6a5067ec47ffb230c9c831cb216be9fbc67e9a80b7b1f85adf498c205bd11750cd90e0ed3bd8a77d0ca97b3b02793ca8d214eeeaa3e149a40df5606f80a8344f5ebbad74867de8e5cd7c7924e9d42af75cd871d8ba4ae8e3b454d95feaf2915093466a6a2c,gx-no-cache=1537968534286 HTTP/1.1" 200 29
186.67.164.142 - - [26/Sep/2018:10:30:24 -0300] "GET /cormun/servlet/licenciaspermisos?df1b9e80258ee015d0fd7706f01e0d05f6e7f13f7133414711b33232692dd23ac61fd1b4251118c3c7ef284f3a946ec093809afe03ed14fa1405f1ffdd84e2a88fba3685813ae53819e75b0ef62bfaafa3f10f2298fe868e9454f12caf063d3c560b68b79f3ca1454c7ae3d8d4bf680bae5d64a23b7592707c802106554d3bcb2d22a427c449c025f2c9ff155c4a5a1d3f8c29a43004b628925227a99bebac87c9426a38354c8718de15cf709fb717ef2a27acdb5c2e744a139bc15a5afc1e36ddc8a28b3a3b62e635526cc9b1d98f67d64e78ab4ac68e7f35e83d1f8d5e6b69,gx-no-cache=1537968541422 HTTP/1.1" 200 30
186.67.164.142 - - [26/Sep/2018:10:30:24 -0300] "POST /cormun/servlet/licenciaspermisos?52c887c21b44bc22debf4b40d79a36e1,INS,0,,,,gx-no-cache=1537968541465 HTTP/1.1" 200 4855
186.67.164.142 - - [26/Sep/2018:10:30:25 -0300] "GET /cormun/servlet/licenciaspermisos?df1b9e80258ee015d0fd7706f01e0d053cbbbd26137d74af1c73e17c3f4aaf0ab595aca18770d11f14080fab1066fb9e8bcd3f3dd06e49a8d4679087ae674efe17c15d1fa4395e90b033b8fff3318b109d1411ea847fa4aacac9d5286680de427624326cd6336e62eb702ce64ca5322418af11ad3973bed0b5ea7272ebed2cdd39686b126eb47ae1043b993a6edc3e40,gx-no-cache=1537968542572 HTTP/1.1" 200 106
186.67.164.142 - - [26/Sep/2018:10:30:25 -0300] "POST /cormun/servlet/licenciaspermisos?52c887c21b44bc22debf4b40d79a36e1,INS,0,,,,gx-no-cache=1537968542626 HTTP/1.1" 200 4855
