192.168.10.62 - - [24/Sep/2018:12:49:13 -0300] "GET /cormun/servlet/trsolicitudnombre?18445521, HTTP/1.1" 200 8613
192.168.10.62 - - [24/Sep/2018:12:49:13 -0300] "GET /cormun/static/gxcfg.js?20177612153745 HTTP/1.1" 200 953
192.168.10.62 - - [24/Sep/2018:12:49:14 -0300] "GET /cormun/servlet/trsolicitudnombre?18445521, HTTP/1.1" 200 8613
192.168.10.62 - - [24/Sep/2018:12:49:18 -0300] "GET /cormun/servlet/vesolicitudnombre?2017,7332,, HTTP/1.1" 200 8796
192.168.10.62 - - [24/Sep/2018:12:49:18 -0300] "GET /cormun/static/gxcfg.js?20177612153644 HTTP/1.1" 200 953
192.168.10.62 - - [24/Sep/2018:12:49:18 -0300] "GET /cormun/pexe_scrolldiv.js HTTP/1.1" 404 1009
192.168.10.62 - - [24/Sep/2018:12:49:18 -0300] "GET /cormun/pexe_scrolldiv.js HTTP/1.1" 404 1009
192.168.10.62 - - [24/Sep/2018:12:49:19 -0300] "GET /cormun/servlet/vesolicitudnombre?2017,7332,, HTTP/1.1" 200 8789
192.168.10.62 - - [24/Sep/2018:12:49:21 -0300] "GET /cormun/servlet/vesolicitudnombre?2017,7332,,SolicitudOTAdjuntos HTTP/1.1" 200 11305
192.168.10.62 - - [24/Sep/2018:12:49:21 -0300] "GET /cormun/pexe_scrolldiv.js HTTP/1.1" 404 1009
192.168.10.62 - - [24/Sep/2018:12:49:21 -0300] "GET /cormun/pexe_scrolldiv.js HTTP/1.1" 404 1009
192.168.10.62 - - [24/Sep/2018:12:49:21 -0300] "GET /cormun/static/tbsolicitudnombre02.js?201612218422876 HTTP/1.1" 200 14732
192.168.10.62 - - [24/Sep/2018:12:49:21 -0300] "GET /cormun/servlet/vesolicitudnombre?2017,7332,,SolicitudOTAdjuntos HTTP/1.1" 200 11310
192.168.10.62 - - [24/Sep/2018:12:49:22 -0300] "POST /cormun/servlet/acontrolpreferencessavestate?None,FGONZALEZ,true HTTP/1.1" 200 35
192.168.10.62 - - [24/Sep/2018:12:49:23 -0300] "GET /cormun/PublicTempStorage/certificado_titulo_%281%293042162.pdf HTTP/1.1" 200 578028
192.168.10.54 - - [24/Sep/2018:12:50:28 -0300] "GET /cormun/servlet/hlogin HTTP/1.1" 200 1726
192.168.10.54 - - [24/Sep/2018:12:50:39 -0300] "POST /cormun/servlet/hlogin?3fb38ec3505fc64fbe364af9ffe29e93,gx-no-cache=1537804007089 HTTP/1.1" 200 90
192.168.10.54 - - [24/Sep/2018:12:50:39 -0300] "GET /cormun/servlet/hpexe_link HTTP/1.1" 200 949
192.168.10.54 - - [24/Sep/2018:12:50:40 -0300] "GET /cormun/servlet/hhome HTTP/1.1" 200 3853
192.168.10.54 - - [24/Sep/2018:12:50:40 -0300] "GET /cormun/servlet/hhome HTTP/1.1" 200 3849
192.168.10.54 - - [24/Sep/2018:12:50:47 -0300] "GET /cormun/servlet/trautorizarot? HTTP/1.1" 200 11977
192.168.10.54 - - [24/Sep/2018:12:50:48 -0300] "GET /cormun/servlet/trautorizarot? HTTP/1.1" 200 11975
200.54.247.70 - - [24/Sep/2018:12:51:31 -0300] "GET /cormun/servlet/hlogin HTTP/1.1" 200 1721
200.54.247.70 - - [24/Sep/2018:12:51:32 -0300] "GET /cormun/static/gxtimezone.js?85251 HTTP/1.1" 304 -
200.54.247.70 - - [24/Sep/2018:12:51:32 -0300] "GET /cormun/static/gxgral.js?85251 HTTP/1.1" 304 -
200.54.247.70 - - [24/Sep/2018:12:51:32 -0300] "GET /cormun/static/Resources/Spanish/PXTools.css?1155365 HTTP/1.1" 304 -
200.54.247.70 - - [24/Sep/2018:12:51:32 -0300] "GET /cormun/static/gxcfg.js?20177612122725 HTTP/1.1" 304 -
200.54.247.70 - - [24/Sep/2018:12:51:32 -0300] "GET /cormun/static/Resources/ComunLogin.png HTTP/1.1" 304 -
200.54.247.70 - - [24/Sep/2018:12:51:32 -0300] "GET /cormun/static/messages.spa.js?85251 HTTP/1.1" 304 -
200.54.247.70 - - [24/Sep/2018:12:51:32 -0300] "GET /cormun/static/hlogin.js?20177612122738 HTTP/1.1" 304 -
200.54.247.70 - - [24/Sep/2018:12:51:32 -0300] "GET /cormun/static/Resources/indicator.gif HTTP/1.1" 304 -
192.168.10.54 - - [24/Sep/2018:12:51:40 -0300] "GET /cormun/servlet/veautorizarot?2018,12182,, HTTP/1.1" 200 8425
192.168.10.54 - - [24/Sep/2018:12:51:40 -0300] "GET /cormun/pexe_scrolldiv.js HTTP/1.1" 404 1009
192.168.10.54 - - [24/Sep/2018:12:51:40 -0300] "GET /cormun/pexe_scrolldiv.js HTTP/1.1" 404 1009
192.168.10.54 - - [24/Sep/2018:12:51:40 -0300] "GET /cormun/servlet/veautorizarot?2018,12182,, HTTP/1.1" 200 8425
200.54.247.70 - - [24/Sep/2018:12:51:42 -0300] "POST /cormun/servlet/hlogin?ce72d698c9c47565f699c4d948440a52,gx-no-cache=1537804208576 HTTP/1.1" 200 90
200.54.247.70 - - [24/Sep/2018:12:51:42 -0300] "GET /cormun/servlet/hpexe_link HTTP/1.1" 200 950
200.54.247.70 - - [24/Sep/2018:12:51:42 -0300] "GET /cormun/servlet/hhome HTTP/1.1" 200 4327
200.54.247.70 - - [24/Sep/2018:12:51:47 -0300] "GET /cormun/servlet/trlicencias? HTTP/1.1" 200 15047
200.54.247.70 - - [24/Sep/2018:12:51:47 -0300] "GET /cormun/static/gxcfg.js?20176272054169 HTTP/1.1" 200 953
200.54.247.70 - - [24/Sep/2018:12:51:47 -0300] "GET /cormun/static/calendar-setup.js?85251 HTTP/1.1" 200 2588
200.54.247.70 - - [24/Sep/2018:12:51:47 -0300] "GET /cormun/static/calendar-es.js?85251 HTTP/1.1" 200 1901
200.54.247.70 - - [24/Sep/2018:12:51:47 -0300] "GET /cormun/static/calendar.js?85251 HTTP/1.1" 200 26246
200.54.247.70 - - [24/Sep/2018:12:51:47 -0300] "GET /cormun/static/gxdec.js?85251 HTTP/1.1" 200 19579
192.168.10.54 - - [24/Sep/2018:12:52:02 -0300] "POST /cormun/servlet/veautorizarot?3fb38ec3505fc64fbe364af9ffe29e93,2018,12182,,,gx-no-cache=1537804089686 HTTP/1.1" 200 93
192.168.10.54 - - [24/Sep/2018:12:52:02 -0300] "GET /cormun/servlet/hpexe_return? HTTP/1.1" 200 1009
192.168.10.54 - - [24/Sep/2018:12:52:02 -0300] "GET /cormun/servlet/trautorizarot HTTP/1.1" 200 11979
192.168.10.54 - - [24/Sep/2018:12:52:03 -0300] "GET /cormun/servlet/trautorizarot HTTP/1.1" 200 11975
186.103.157.98 - - [24/Sep/2018:12:52:05 -0300] "POST /cormun/servlet/trsolicitudot?291c792caa29f8c274cc89386be42a1e,gx-no-cache=1537804242907 HTTP/1.1" 200 106
186.103.157.98 - - [24/Sep/2018:12:52:05 -0300] "GET /cormun/servlet/trsolicitudadjuntos?2018,12199, HTTP/1.1" 200 6433
186.103.157.98 - - [24/Sep/2018:12:52:05 -0300] "GET /cormun/static/gxcfg.js?20177612135366 HTTP/1.1" 200 953
186.103.157.98 - - [24/Sep/2018:12:52:05 -0300] "GET /cormun/static/trsolicitudadjuntos.js?20177612135632 HTTP/1.1" 200 17922
186.103.157.98 - - [24/Sep/2018:12:52:06 -0300] "GET /cormun/servlet/trsolicitudadjuntos?2018,12199, HTTP/1.1" 200 6433
186.103.157.98 - - [24/Sep/2018:12:52:08 -0300] "GET /cormun/servlet/solicitudotadjuntos?INS,2018,12199,,2, HTTP/1.1" 200 6378
186.103.157.98 - - [24/Sep/2018:12:52:08 -0300] "GET /cormun/static/gxcfg.js?2017761244068 HTTP/1.1" 200 953
186.103.157.98 - - [24/Sep/2018:12:52:08 -0300] "GET /cormun/static/solicitudotadjuntos.js?2017761244086 HTTP/1.1" 200 11771
186.103.157.98 - - [24/Sep/2018:12:52:08 -0300] "GET /cormun/static/about:blank HTTP/1.1" 404 1011
186.103.157.98 - - [24/Sep/2018:12:52:08 -0300] "GET /cormun/servlet/solicitudotadjuntos?INS,2018,12199,,2, HTTP/1.1" 200 6371
186.103.157.98 - - [24/Sep/2018:12:52:09 -0300] "GET /cormun/servlet/solicitudotadjuntos?fad9dd4424f7c8aef62f61466cbd8bae0b5bbcbb502b71de6528ea95f5bdf4c2b8555d3582887ae674fb6beef3967cb5,gx-no-cache=1537804246921 HTTP/1.1" 200 30
186.103.157.98 - - [24/Sep/2018:12:52:09 -0300] "POST /cormun/servlet/solicitudotadjuntos?291c792caa29f8c274cc89386be42a1e,INS,2018,12199,,2,,gx-no-cache=1537804247009 HTTP/1.1" 200 4280
186.103.157.98 - - [24/Sep/2018:12:52:11 -0300] "POST /cormun/servlet/solicitudotadjuntos?gx-no-cache=1537804249318 HTTP/1.1" 200 26
192.168.10.54 - - [24/Sep/2018:12:52:12 -0300] "POST /cormun/servlet/trautorizarot?3fb38ec3505fc64fbe364af9ffe29e93,gx-no-cache=1537804099550 HTTP/1.1" 200 8552
186.103.157.98 - - [24/Sep/2018:12:52:29 -0300] "GET /cormun/servlet/solicitudotadjuntos?fad9dd4424f7c8aef62f61466cbd8baed2ba8e1609e516e5af63d449048e198f,gx-no-cache=1537804267170 HTTP/1.1" 200 30
186.103.157.98 - - [24/Sep/2018:12:52:29 -0300] "GET /cormun/servlet/solicitudotadjuntos?fad9dd4424f7c8aef62f61466cbd8baed2ba8e1609e516e5af63d449048e198f,gx-no-cache=1537804267238 HTTP/1.1" 200 30
186.103.157.98 - - [24/Sep/2018:12:52:30 -0300] "POST /cormun/servlet/solicitudotadjuntos?291c792caa29f8c274cc89386be42a1e,INS,2018,12199,,2, HTTP/1.1" 200 116
186.103.157.98 - - [24/Sep/2018:12:52:30 -0300] "GET /cormun/servlet/hpexe_return? HTTP/1.1" 200 1026
186.103.157.98 - - [24/Sep/2018:12:52:30 -0300] "GET /cormun/servlet/trsolicitudadjuntos?2018,12199, HTTP/1.1" 200 8997
186.103.157.98 - - [24/Sep/2018:12:52:30 -0300] "GET /cormun/servlet/trsolicitudadjuntos?2018,12199, HTTP/1.1" 200 8995
186.103.157.98 - - [24/Sep/2018:12:52:34 -0300] "GET /cormun/servlet/solicitudotadjuntos?INS,2018,12199,,2, HTTP/1.1" 200 6378
186.103.157.98 - - [24/Sep/2018:12:52:34 -0300] "GET /cormun/static/about:blank HTTP/1.1" 404 1011
186.103.157.98 - - [24/Sep/2018:12:52:34 -0300] "GET /cormun/servlet/solicitudotadjuntos?INS,2018,12199,,2, HTTP/1.1" 200 6371
186.103.157.98 - - [24/Sep/2018:12:52:35 -0300] "GET /cormun/servlet/solicitudotadjuntos?fad9dd4424f7c8aef62f61466cbd8bae0b5bbcbb502b71de6528ea95f5bdf4c2b8555d3582887ae674fb6beef3967cb5,gx-no-cache=1537804272707 HTTP/1.1" 200 30
186.103.157.98 - - [24/Sep/2018:12:52:35 -0300] "POST /cormun/servlet/solicitudotadjuntos?291c792caa29f8c274cc89386be42a1e,INS,2018,12199,,2,,gx-no-cache=1537804272837 HTTP/1.1" 200 4280
186.103.157.98 - - [24/Sep/2018:12:52:36 -0300] "POST /cormun/servlet/solicitudotadjuntos?gx-no-cache=1537804274554 HTTP/1.1" 200 26
192.168.10.54 - - [24/Sep/2018:12:52:52 -0300] "POST /cormun/servlet/trautorizarot?3fb38ec3505fc64fbe364af9ffe29e93,gx-no-cache=1537804139632 HTTP/1.1" 200 116
192.168.10.54 - - [24/Sep/2018:12:52:52 -0300] "GET /cormun/servlet/solicitudotlog?INS,2018,12176,0,REC, HTTP/1.1" 200 5678
192.168.10.54 - - [24/Sep/2018:12:52:52 -0300] "GET /cormun/servlet/solicitudotlog?INS,2018,12176,0,REC, HTTP/1.1" 200 5679
192.168.10.54 - - [24/Sep/2018:12:52:53 -0300] "GET /cormun/servlet/solicitudotlog?8df1738ccc2f2844ce07f0f02ceecf54255585aa1b6d127810214910f748befe6f5e62440c647b697511aeb8f04f18ef4f28dedc5c58b45c6d230f64299cd9fd36ecfd24c81734fdb0904eaee1ebc13463b287b64b7f4cfac6a42b2a19def5fa2e81cc6d192cdd0b436595913a90f33756b40b4aad90ac14c135790565073225a2f9ba91aad9832129775bf531b8fdc4a606ea57fde49207d9d0323c8d2706fb,gx-no-cache=1537804140497 HTTP/1.1" 200 94
186.103.157.98 - - [24/Sep/2018:12:52:59 -0300] "GET /cormun/servlet/solicitudotadjuntos?fad9dd4424f7c8aef62f61466cbd8baed2ba8e1609e516e5af63d449048e198f,gx-no-cache=1537804296690 HTTP/1.1" 200 30
186.103.157.98 - - [24/Sep/2018:12:52:59 -0300] "GET /cormun/servlet/solicitudotadjuntos?fad9dd4424f7c8aef62f61466cbd8baed2ba8e1609e516e5af63d449048e198f,gx-no-cache=1537804296857 HTTP/1.1" 200 30
186.103.157.98 - - [24/Sep/2018:12:52:59 -0300] "POST /cormun/servlet/solicitudotadjuntos?291c792caa29f8c274cc89386be42a1e,INS,2018,12199,,2, HTTP/1.1" 200 6607
186.103.157.98 - - [24/Sep/2018:12:53:00 -0300] "GET /cormun/static/Shared/jqueryui/images/ui-icons_82798d_256x240.png HTTP/1.1" 404 1089
186.103.157.98 - - [24/Sep/2018:12:53:00 -0300] "GET /cormun/static/Shared/jqueryui/images/ui-bg_highlight-soft_100_c6c2c8_1x100.png HTTP/1.1" 404 1117
186.103.157.98 - - [24/Sep/2018:12:53:00 -0300] "GET /home/sistema/apache-tomcat-7.0.65/webapps/cormun/PrivateTempStorage/upload_00001291.pdf HTTP/1.1" 404 1135
186.103.157.98 - - [24/Sep/2018:12:53:00 -0300] "GET /cormun/static/Shared/jqueryui/images/ui-bg_flat_55_994d53_40x100.png HTTP/1.1" 404 1097
186.103.157.98 - - [24/Sep/2018:12:53:00 -0300] "GET /cormun/static/Shared/jqueryui/images/ui-icons_ebccce_256x240.png HTTP/1.1" 404 1089
186.103.157.98 - - [24/Sep/2018:12:53:00 -0300] "GET /cormun/PrivateTempStorage/upload_00001291.pdf HTTP/1.1" 200 40960
186.103.157.98 - - [24/Sep/2018:12:53:00 -0300] "GET /cormun/PrivateTempStorage/upload_00001291.pdf HTTP/1.1" 200 247414
192.168.10.62 - - [24/Sep/2018:12:53:40 -0300] "GET /cormun/servlet/vesolicitudnombre?2017,7332,,SolicitudOTAdjuntos HTTP/1.1" 200 11305
192.168.10.62 - - [24/Sep/2018:12:53:41 -0300] "GET /cormun/servlet/vesolicitudnombre?2017,7332,,SolicitudOTAdjuntos HTTP/1.1" 200 11307
186.103.157.98 - - [24/Sep/2018:12:53:41 -0300] "GET /cormun/servlet/solicitudotadjuntos?fad9dd4424f7c8aef62f61466cbd8baecf6376b2d86a1bf55b39b6aa2764c675d091a06bd9a668328f1fbeb27004abf7,gx-no-cache=1537804339042 HTTP/1.1" 200 30
186.103.157.98 - - [24/Sep/2018:12:53:41 -0300] "GET /cormun/servlet/solicitudotadjuntos?fad9dd4424f7c8aef62f61466cbd8baea219e02bf7edf865e17d6fd4e607bbe6d091a06bd9a668328f1fbeb27004abf7,gx-no-cache=1537804339108 HTTP/1.1" 200 30
186.103.157.98 - - [24/Sep/2018:12:53:41 -0300] "POST /cormun/servlet/solicitudotadjuntos?291c792caa29f8c274cc89386be42a1e,INS,2018,12199,,2, HTTP/1.1" 200 6608
192.168.10.62 - - [24/Sep/2018:12:53:42 -0300] "POST /cormun/servlet/acontrolpreferencessavestate?None,FGONZALEZ,true HTTP/1.1" 200 35
186.103.157.98 - - [24/Sep/2018:12:53:42 -0300] "GET /home/sistema/apache-tomcat-7.0.65/webapps/cormun/PrivateTempStorage/upload_00001303.pdf HTTP/1.1" 404 1135
186.103.157.98 - - [24/Sep/2018:12:53:42 -0300] "GET /cormun/PrivateTempStorage/upload_00001303.pdf HTTP/1.1" 200 247414
192.168.10.62 - - [24/Sep/2018:12:53:43 -0300] "POST /cormun/servlet/vesolicitudnombre?e3e7ed2c9ab71c644c71cd69b724e825,2017,7332,,SolicitudOTAdjuntos,gx-no-cache=1537804190174 HTTP/1.1" 200 90
192.168.10.62 - - [24/Sep/2018:12:53:43 -0300] "GET /cormun/servlet/hpexe_link HTTP/1.1" 200 981
192.168.10.62 - - [24/Sep/2018:12:53:43 -0300] "GET /cormun/servlet/trsolicitudnombre?18445521, HTTP/1.1" 200 8614
192.168.10.62 - - [24/Sep/2018:12:53:44 -0300] "GET /cormun/servlet/trsolicitudnombre?18445521, HTTP/1.1" 200 8613
192.168.10.54 - - [24/Sep/2018:12:53:50 -0300] "POST /cormun/servlet/solicitudotlog?3fb38ec3505fc64fbe364af9ffe29e93,INS,2018,12176,0,REC,,gx-no-cache=1537804197254 HTTP/1.1" 200 93
192.168.10.54 - - [24/Sep/2018:12:53:50 -0300] "GET /cormun/servlet/hpexe_return? HTTP/1.1" 200 1046
192.168.10.54 - - [24/Sep/2018:12:53:50 -0300] "GET /cormun/servlet/trautorizarot?gx-no-cache=1537804099550 HTTP/1.1" 200 11165
192.168.10.54 - - [24/Sep/2018:12:53:50 -0300] "GET /cormun/servlet/trautorizarot?gx-no-cache=1537804099550 HTTP/1.1" 200 11182
186.103.159.46 - - [24/Sep/2018:12:54:03 -0300] "GET /cormun/servlet/hlogin HTTP/1.1" 200 1722
186.103.159.46 - - [24/Sep/2018:12:54:12 -0300] "POST /cormun/servlet/hlogin?e09a8061c92c845deece05d54dc2ab5b,gx-no-cache=1537807967287 HTTP/1.1" 200 90
186.103.159.46 - - [24/Sep/2018:12:54:12 -0300] "GET /cormun/servlet/hpexe_link HTTP/1.1" 200 953
186.103.159.46 - - [24/Sep/2018:12:54:12 -0300] "GET /cormun/servlet/hhome HTTP/1.1" 200 4053
186.103.159.46 - - [24/Sep/2018:12:54:15 -0300] "GET /cormun/servlet/hhome HTTP/1.1" 200 4049
186.103.159.46 - - [24/Sep/2018:12:54:20 -0300] "GET /cormun/servlet/trpermisosgoce? HTTP/1.1" 200 13019
186.103.159.46 - - [24/Sep/2018:12:54:22 -0300] "GET /cormun/servlet/trpermisosgoce? HTTP/1.1" 200 13010
186.103.157.98 - - [24/Sep/2018:12:54:22 -0300] "POST /cormun/servlet/solicitudotadjuntos?291c792caa29f8c274cc89386be42a1e,INS,2018,12199,,2, HTTP/1.1" 200 116
186.103.157.98 - - [24/Sep/2018:12:54:22 -0300] "GET /cormun/servlet/hpexe_return? HTTP/1.1" 200 1026
186.103.157.98 - - [24/Sep/2018:12:54:23 -0300] "GET /cormun/servlet/trsolicitudadjuntos?2018,12199, HTTP/1.1" 200 8997
186.103.157.98 - - [24/Sep/2018:12:54:23 -0300] "GET /cormun/servlet/trsolicitudadjuntos?2018,12199, HTTP/1.1" 200 8994
186.103.157.98 - - [24/Sep/2018:12:54:28 -0300] "GET /cormun/servlet/solicitudotadjuntos?INS,2018,12199,,1, HTTP/1.1" 200 6379
186.103.157.98 - - [24/Sep/2018:12:54:28 -0300] "GET /cormun/static/about:blank HTTP/1.1" 404 1011
186.103.157.98 - - [24/Sep/2018:12:54:29 -0300] "GET /cormun/servlet/solicitudotadjuntos?INS,2018,12199,,1, HTTP/1.1" 200 6372
186.103.157.98 - - [24/Sep/2018:12:54:29 -0300] "GET /cormun/servlet/solicitudotadjuntos?fad9dd4424f7c8aef62f61466cbd8bae0b5bbcbb502b71de6528ea95f5bdf4c2b8555d3582887ae674fb6beef3967cb5,gx-no-cache=1537804387196 HTTP/1.1" 200 30
186.103.157.98 - - [24/Sep/2018:12:54:29 -0300] "POST /cormun/servlet/solicitudotadjuntos?291c792caa29f8c274cc89386be42a1e,INS,2018,12199,,1,,gx-no-cache=1537804387350 HTTP/1.1" 200 4070
186.103.159.46 - - [24/Sep/2018:12:54:31 -0300] "GET /cormun/servlet/permisogoce?INS,0,,, HTTP/1.1" 200 6892
186.103.159.46 - - [24/Sep/2018:12:54:32 -0300] "GET /cormun/servlet/permisogoce?INS,0,,, HTTP/1.1" 200 6891
186.103.157.98 - - [24/Sep/2018:12:54:36 -0300] "POST /cormun/servlet/solicitudotadjuntos?gx-no-cache=1537804393705 HTTP/1.1" 200 26
186.103.157.98 - - [24/Sep/2018:12:54:43 -0300] "GET /cormun/servlet/solicitudotadjuntos?fad9dd4424f7c8aef62f61466cbd8baed2ba8e1609e516e5af63d449048e198f,gx-no-cache=1537804401249 HTTP/1.1" 200 30
186.103.157.98 - - [24/Sep/2018:12:54:43 -0300] "GET /cormun/servlet/solicitudotadjuntos?fad9dd4424f7c8aef62f61466cbd8baed2ba8e1609e516e5af63d449048e198f,gx-no-cache=1537804401299 HTTP/1.1" 200 30
186.103.157.98 - - [24/Sep/2018:12:54:44 -0300] "POST /cormun/servlet/solicitudotadjuntos?291c792caa29f8c274cc89386be42a1e,INS,2018,12199,,1, HTTP/1.1" 200 116
186.103.157.98 - - [24/Sep/2018:12:54:44 -0300] "GET /cormun/servlet/hpexe_return? HTTP/1.1" 200 1026
186.103.157.98 - - [24/Sep/2018:12:54:44 -0300] "GET /cormun/servlet/trsolicitudadjuntos?2018,12199, HTTP/1.1" 200 9240
186.103.159.46 - - [24/Sep/2018:12:54:44 -0300] "GET /cormun/servlet/permisogoce?f5098f4148ae46acfc77369f015605922b3962c3687d38ecb88bf1a6856825ad899b13693bf9483b124bdc1ec048eb00b751c1f56ad6d09349e34a7784891da5,gx-no-cache=1537807999857 HTTP/1.1" 200 83
186.103.157.98 - - [24/Sep/2018:12:54:44 -0300] "GET /cormun/servlet/trsolicitudadjuntos?2018,12199, HTTP/1.1" 200 9239
186.103.157.98 - - [24/Sep/2018:12:54:48 -0300] "GET /cormun/servlet/solicitudotadjuntos?INS,2018,12199,,1, HTTP/1.1" 200 6379
186.103.157.98 - - [24/Sep/2018:12:54:48 -0300] "GET /cormun/static/about:blank HTTP/1.1" 404 1011
186.103.157.98 - - [24/Sep/2018:12:54:49 -0300] "GET /cormun/servlet/solicitudotadjuntos?INS,2018,12199,,1, HTTP/1.1" 200 6372
186.103.157.98 - - [24/Sep/2018:12:54:49 -0300] "GET /cormun/servlet/solicitudotadjuntos?fad9dd4424f7c8aef62f61466cbd8bae0b5bbcbb502b71de6528ea95f5bdf4c2b8555d3582887ae674fb6beef3967cb5,gx-no-cache=1537804407117 HTTP/1.1" 200 30
186.103.157.98 - - [24/Sep/2018:12:54:49 -0300] "POST /cormun/servlet/solicitudotadjuntos?291c792caa29f8c274cc89386be42a1e,INS,2018,12199,,1,,gx-no-cache=1537804407162 HTTP/1.1" 200 4070
186.103.157.98 - - [24/Sep/2018:12:54:52 -0300] "POST /cormun/servlet/solicitudotadjuntos?gx-no-cache=1537804410449 HTTP/1.1" 200 26
186.103.157.98 - - [24/Sep/2018:12:55:00 -0300] "GET /cormun/servlet/solicitudotadjuntos?fad9dd4424f7c8aef62f61466cbd8baed2ba8e1609e516e5af63d449048e198f,gx-no-cache=1537804418099 HTTP/1.1" 200 30
186.103.157.98 - - [24/Sep/2018:12:55:00 -0300] "GET /cormun/servlet/solicitudotadjuntos?fad9dd4424f7c8aef62f61466cbd8baed2ba8e1609e516e5af63d449048e198f,gx-no-cache=1537804418123 HTTP/1.1" 200 30
186.103.157.98 - - [24/Sep/2018:12:55:00 -0300] "POST /cormun/servlet/solicitudotadjuntos?291c792caa29f8c274cc89386be42a1e,INS,2018,12199,,1, HTTP/1.1" 200 116
186.103.157.98 - - [24/Sep/2018:12:55:00 -0300] "GET /cormun/servlet/hpexe_return? HTTP/1.1" 200 1026
186.103.157.98 - - [24/Sep/2018:12:55:01 -0300] "GET /cormun/servlet/trsolicitudadjuntos?2018,12199, HTTP/1.1" 200 9423
186.103.157.98 - - [24/Sep/2018:12:55:01 -0300] "GET /cormun/servlet/trsolicitudadjuntos?2018,12199, HTTP/1.1" 200 9421
186.103.157.98 - - [24/Sep/2018:12:55:03 -0300] "GET /cormun/servlet/solicitudotadjuntos?INS,2018,12199,,1, HTTP/1.1" 200 6379
186.103.157.98 - - [24/Sep/2018:12:55:04 -0300] "GET /cormun/static/about:blank HTTP/1.1" 404 1011
186.103.157.98 - - [24/Sep/2018:12:55:04 -0300] "GET /cormun/servlet/solicitudotadjuntos?INS,2018,12199,,1, HTTP/1.1" 200 6372
186.103.157.98 - - [24/Sep/2018:12:55:04 -0300] "GET /cormun/servlet/solicitudotadjuntos?fad9dd4424f7c8aef62f61466cbd8bae0b5bbcbb502b71de6528ea95f5bdf4c2b8555d3582887ae674fb6beef3967cb5,gx-no-cache=1537804422382 HTTP/1.1" 200 30
186.103.157.98 - - [24/Sep/2018:12:55:04 -0300] "POST /cormun/servlet/solicitudotadjuntos?291c792caa29f8c274cc89386be42a1e,INS,2018,12199,,1,,gx-no-cache=1537804422476 HTTP/1.1" 200 4069
186.103.159.46 - - [24/Sep/2018:12:55:08 -0300] "GET /cormun/static/menuarrow.gif HTTP/1.1" 404 1015
186.103.157.98 - - [24/Sep/2018:12:55:10 -0300] "POST /cormun/servlet/solicitudotadjuntos?gx-no-cache=1537804427945 HTTP/1.1" 200 26
200.112.233.47 - - [24/Sep/2018:12:55:17 -0300] "GET /cormun/servlet/trpermisosgoce? HTTP/1.1" 200 6109
186.103.157.98 - - [24/Sep/2018:12:55:18 -0300] "GET /cormun/servlet/solicitudotadjuntos?fad9dd4424f7c8aef62f61466cbd8baed2ba8e1609e516e5af63d449048e198f,gx-no-cache=1537804435795 HTTP/1.1" 200 30
186.103.157.98 - - [24/Sep/2018:12:55:18 -0300] "GET /cormun/servlet/solicitudotadjuntos?fad9dd4424f7c8aef62f61466cbd8baed2ba8e1609e516e5af63d449048e198f,gx-no-cache=1537804435815 HTTP/1.1" 200 30
186.103.157.98 - - [24/Sep/2018:12:55:18 -0300] "POST /cormun/servlet/solicitudotadjuntos?291c792caa29f8c274cc89386be42a1e,INS,2018,12199,,1, HTTP/1.1" 200 116
200.112.233.47 - - [24/Sep/2018:12:55:18 -0300] "GET /cormun/servlet/trpermisosgoce? HTTP/1.1" 200 6104
186.103.157.98 - - [24/Sep/2018:12:55:18 -0300] "GET /cormun/servlet/hpexe_return? HTTP/1.1" 200 1026
200.112.233.47 - - [24/Sep/2018:12:55:18 -0300] "GET /cormun/servlet/hlogin HTTP/1.1" 200 1737
200.112.233.47 - - [24/Sep/2018:12:55:18 -0300] "GET /cormun/static/gxcfg.js?20177612122725 HTTP/1.1" 200 953
186.103.157.98 - - [24/Sep/2018:12:55:18 -0300] "GET /cormun/servlet/trsolicitudadjuntos?2018,12199, HTTP/1.1" 200 9650
200.112.233.47 - - [24/Sep/2018:12:55:19 -0300] "GET /cormun/static/Resources/PXToolsLoginBottom.png HTTP/1.1" 200 1389
200.112.233.47 - - [24/Sep/2018:12:55:19 -0300] "GET /cormun/static/Resources/ComunLogin.png HTTP/1.1" 200 17326
200.112.233.47 - - [24/Sep/2018:12:55:19 -0300] "GET /cormun/static/Resources/PXToolsLoginBackground.png HTTP/1.1" 200 1164
200.112.233.47 - - [24/Sep/2018:12:55:19 -0300] "GET /cormun/static/Resources/PXToolsLoginTop.png HTTP/1.1" 200 1337
186.103.157.98 - - [24/Sep/2018:12:55:19 -0300] "GET /cormun/servlet/trsolicitudadjuntos?2018,12199, HTTP/1.1" 200 9645
186.103.159.46 - - [24/Sep/2018:12:55:20 -0300] "GET /cormun/servlet/permisogoce?f5098f4148ae46acfc77369f01560592d5fd805dcf2e8c25a2182c9c82c4f11ec349454c857e2194f40e419c55d81cc90fc60ee148e7b751a12f4c33398366cb,gx-no-cache=1537808035708 HTTP/1.1" 200 48
200.112.233.47 - - [24/Sep/2018:12:55:20 -0300] "POST /cormun/servlet/hlogin?1d0b05cfff7d7ad850a4a694acf207b8,gx-no-cache=1537804443629 HTTP/1.1" 200 90
200.112.233.47 - - [24/Sep/2018:12:55:20 -0300] "GET /cormun/servlet/hpexe_link HTTP/1.1" 200 952
200.112.233.47 - - [24/Sep/2018:12:55:20 -0300] "GET /cormun/servlet/trpermisosgoce HTTP/1.1" 200 10014
200.112.233.47 - - [24/Sep/2018:12:55:21 -0300] "GET /cormun/servlet/trpermisosgoce HTTP/1.1" 200 10013
200.112.233.47 - - [24/Sep/2018:12:55:23 -0300] "GET /cormun/servlet/permisogoce?INS,0,,, HTTP/1.1" 200 7172
200.112.233.47 - - [24/Sep/2018:12:55:23 -0300] "GET /cormun/servlet/permisogoce?INS,0,,, HTTP/1.1" 200 7172
186.103.159.46 - - [24/Sep/2018:12:55:24 -0300] "POST /cormun/servlet/permisogoce?e09a8061c92c845deece05d54dc2ab5b,INS,0,,,,gx-no-cache=1537808039594 HTTP/1.1" 200 93
186.103.159.46 - - [24/Sep/2018:12:55:24 -0300] "GET /cormun/servlet/hpexe_return? HTTP/1.1" 200 1011
186.103.159.46 - - [24/Sep/2018:12:55:25 -0300] "GET /cormun/servlet/trpermisosgoce HTTP/1.1" 200 13271
186.103.159.46 - - [24/Sep/2018:12:55:27 -0300] "GET /cormun/servlet/trpermisosgoce HTTP/1.1" 200 13274
186.103.159.46 - - [24/Sep/2018:12:55:34 -0300] "GET /cormun/servlet/apermisogoceprn?13782497,P,20180924125038,PU HTTP/1.1" 200 1651
200.112.233.47 - - [24/Sep/2018:12:55:37 -0300] "GET /cormun/servlet/permisogoce?2ac10b8a6901d7be84d9c6be4d06b87bf453db90118a798cb85e0f3ca107fcf4679d80ebdde85160da5c976cf0d0a5383f85812e4397c13bd9f005d5e5df0440,gx-no-cache=1537804460804 HTTP/1.1" 200 79
200.112.233.47 - - [24/Sep/2018:12:55:43 -0300] "GET /cormun/static/menuarrow.gif HTTP/1.1" 404 1015
192.168.10.54 - - [24/Sep/2018:12:55:45 -0300] "POST /cormun/servlet/trautorizarot?3fb38ec3505fc64fbe364af9ffe29e93,gx-no-cache=1537804099550,gx-no-cache=1537804312695 HTTP/1.1" 200 7623
192.168.10.54 - - [24/Sep/2018:12:55:48 -0300] "POST /cormun/servlet/trautorizarot?3fb38ec3505fc64fbe364af9ffe29e93,gx-no-cache=1537804099550,gx-no-cache=1537804315441 HTTP/1.1" 200 7621
192.168.10.54 - - [24/Sep/2018:12:55:50 -0300] "POST /cormun/servlet/trautorizarot?3fb38ec3505fc64fbe364af9ffe29e93,gx-no-cache=1537804099550,gx-no-cache=1537804317465 HTTP/1.1" 200 7621
200.112.233.47 - - [24/Sep/2018:12:55:52 -0300] "GET /cormun/servlet/permisogoce?2ac10b8a6901d7be84d9c6be4d06b87b04c786af2cfc7d473e818a425ded052549fe8e5250bd378d380c6273313fae30a44d652f968944cfbce6f222c88d3642,gx-no-cache=1537804475070 HTTP/1.1" 200 47
192.168.10.54 - - [24/Sep/2018:12:55:56 -0300] "POST /cormun/servlet/trautorizarot?3fb38ec3505fc64fbe364af9ffe29e93,gx-no-cache=1537804099550,gx-no-cache=1537804323470 HTTP/1.1" 200 116
192.168.10.54 - - [24/Sep/2018:12:55:56 -0300] "GET /cormun/servlet/solicitudotlog?INS,2018,12168,0,REC, HTTP/1.1" 200 5699
192.168.10.54 - - [24/Sep/2018:12:55:56 -0300] "GET /cormun/servlet/solicitudotlog?INS,2018,12168,0,REC, HTTP/1.1" 200 5679
192.168.10.54 - - [24/Sep/2018:12:55:57 -0300] "GET /cormun/servlet/solicitudotlog?8df1738ccc2f2844ce07f0f02ceecf548e77a893453677191fec365e133fbd3e6f5e62440c647b697511aeb8f04f18ef4f28dedc5c58b45c6d230f64299cd9fd36ecfd24c81734fdb0904eaee1ebc13463b287b64b7f4cfac6a42b2a19def5fa2e81cc6d192cdd0b436595913a90f33756b40b4aad90ac14c135790565073225a2f9ba91aad9832129775bf531b8fdc4a606ea57fde49207d9d0323c8d2706fb,gx-no-cache=1537804324322 HTTP/1.1" 200 94
186.103.157.98 - - [24/Sep/2018:12:55:59 -0300] "GET /cormun/servlet/solicitudotadjuntos?INS,2018,12199,,1, HTTP/1.1" 200 6379
186.103.157.98 - - [24/Sep/2018:12:55:59 -0300] "GET /cormun/static/about:blank HTTP/1.1" 404 1011
186.103.157.98 - - [24/Sep/2018:12:55:59 -0300] "GET /cormun/servlet/solicitudotadjuntos?INS,2018,12199,,1, HTTP/1.1" 200 6372
186.103.157.98 - - [24/Sep/2018:12:56:00 -0300] "GET /cormun/servlet/solicitudotadjuntos?fad9dd4424f7c8aef62f61466cbd8bae0b5bbcbb502b71de6528ea95f5bdf4c2b8555d3582887ae674fb6beef3967cb5,gx-no-cache=1537804477666 HTTP/1.1" 200 30
186.103.157.98 - - [24/Sep/2018:12:56:00 -0300] "POST /cormun/servlet/solicitudotadjuntos?291c792caa29f8c274cc89386be42a1e,INS,2018,12199,,1,,gx-no-cache=1537804477718 HTTP/1.1" 200 4070
186.103.157.98 - - [24/Sep/2018:12:56:03 -0300] "POST /cormun/servlet/solicitudotadjuntos?gx-no-cache=1537804480682 HTTP/1.1" 200 26
200.112.233.47 - - [24/Sep/2018:12:56:07 -0300] "GET /cormun/servlet/permisogoce?2ac10b8a6901d7be84d9c6be4d06b87b04c786af2cfc7d473e818a425ded052554d8397cf547734cebb630d367e8755a402b66b9502c63fd208adcf7875b1f8f,gx-no-cache=1537804490875 HTTP/1.1" 200 47
186.103.157.98 - - [24/Sep/2018:12:56:11 -0300] "GET /cormun/servlet/solicitudotadjuntos?fad9dd4424f7c8aef62f61466cbd8baed2ba8e1609e516e5af63d449048e198f,gx-no-cache=1537804489154 HTTP/1.1" 200 30
186.103.157.98 - - [24/Sep/2018:12:56:11 -0300] "GET /cormun/servlet/solicitudotadjuntos?fad9dd4424f7c8aef62f61466cbd8baed2ba8e1609e516e5af63d449048e198f,gx-no-cache=1537804489177 HTTP/1.1" 200 30
200.112.233.47 - - [24/Sep/2018:12:56:11 -0300] "POST /cormun/servlet/permisogoce?1d0b05cfff7d7ad850a4a694acf207b8,INS,0,,,,gx-no-cache=1537804493838 HTTP/1.1" 200 93
200.112.233.47 - - [24/Sep/2018:12:56:12 -0300] "GET /cormun/servlet/hpexe_return? HTTP/1.1" 200 1006
186.103.157.98 - - [24/Sep/2018:12:56:12 -0300] "POST /cormun/servlet/solicitudotadjuntos?291c792caa29f8c274cc89386be42a1e,INS,2018,12199,,1, HTTP/1.1" 200 116
186.103.157.98 - - [24/Sep/2018:12:56:12 -0300] "GET /cormun/servlet/hpexe_return? HTTP/1.1" 200 1026
186.103.157.98 - - [24/Sep/2018:12:56:12 -0300] "GET /cormun/servlet/trsolicitudadjuntos?2018,12199, HTTP/1.1" 200 9899
200.112.233.47 - - [24/Sep/2018:12:56:12 -0300] "GET /cormun/servlet/trpermisosgoce HTTP/1.1" 200 10336
186.103.157.98 - - [24/Sep/2018:12:56:13 -0300] "GET /cormun/servlet/trsolicitudadjuntos?2018,12199, HTTP/1.1" 200 9896
200.112.233.47 - - [24/Sep/2018:12:56:14 -0300] "GET /cormun/servlet/trpermisosgoce HTTP/1.1" 200 10265
186.103.157.98 - - [24/Sep/2018:12:56:16 -0300] "GET /cormun/servlet/solicitudotadjuntos?INS,2018,12199,,1, HTTP/1.1" 200 6379
186.103.157.98 - - [24/Sep/2018:12:56:16 -0300] "GET /cormun/static/about:blank HTTP/1.1" 404 1011
186.103.157.98 - - [24/Sep/2018:12:56:17 -0300] "GET /cormun/servlet/solicitudotadjuntos?INS,2018,12199,,1, HTTP/1.1" 200 6372
200.112.233.47 - - [24/Sep/2018:12:56:17 -0300] "GET /cormun/servlet/trpermisosadjuntos?13945939,20180924125130,P, HTTP/1.1" 200 6623
186.103.157.98 - - [24/Sep/2018:12:56:17 -0300] "GET /cormun/servlet/solicitudotadjuntos?fad9dd4424f7c8aef62f61466cbd8bae0b5bbcbb502b71de6528ea95f5bdf4c2b8555d3582887ae674fb6beef3967cb5,gx-no-cache=1537804495141 HTTP/1.1" 200 30
186.103.157.98 - - [24/Sep/2018:12:56:17 -0300] "POST /cormun/servlet/solicitudotadjuntos?291c792caa29f8c274cc89386be42a1e,INS,2018,12199,,1,,gx-no-cache=1537804495182 HTTP/1.1" 200 4070
200.112.233.47 - - [24/Sep/2018:12:56:18 -0300] "GET /cormun/servlet/trpermisosadjuntos?13945939,20180924125130,P, HTTP/1.1" 200 6623
200.112.233.47 - - [24/Sep/2018:12:56:21 -0300] "GET /cormun/servlet/permisosadjuntos?INS,13945939,P,20180924125130,, HTTP/1.1" 200 5951
200.112.233.47 - - [24/Sep/2018:12:56:21 -0300] "GET /cormun/static/about:blank HTTP/1.1" 404 1011
200.112.233.47 - - [24/Sep/2018:12:56:21 -0300] "GET /cormun/servlet/permisosadjuntos?INS,13945939,P,20180924125130,, HTTP/1.1" 200 5941
192.168.10.54 - - [24/Sep/2018:12:56:26 -0300] "POST /cormun/servlet/solicitudotlog?3fb38ec3505fc64fbe364af9ffe29e93,INS,2018,12168,0,REC,,gx-no-cache=1537804353149 HTTP/1.1" 200 93
192.168.10.54 - - [24/Sep/2018:12:56:26 -0300] "GET /cormun/servlet/hpexe_return? HTTP/1.1" 200 1046
192.168.10.54 - - [24/Sep/2018:12:56:26 -0300] "GET /cormun/servlet/trautorizarot?gx-no-cache=1537804099550 HTTP/1.1" 200 10252
192.168.10.54 - - [24/Sep/2018:12:56:26 -0300] "GET /cormun/servlet/trautorizarot?gx-no-cache=1537804099550 HTTP/1.1" 200 10269
200.112.233.47 - - [24/Sep/2018:12:56:28 -0300] "POST /cormun/servlet/permisosadjuntos?1d0b05cfff7d7ad850a4a694acf207b8,INS,13945939,P,20180924125130,, HTTP/1.1" 200 116
200.112.233.47 - - [24/Sep/2018:12:56:28 -0300] "GET /cormun/servlet/hpexe_return? HTTP/1.1" 200 1033
200.112.233.47 - - [24/Sep/2018:12:56:28 -0300] "GET /cormun/servlet/trpermisosadjuntos?13945939,20180924125130,P, HTTP/1.1" 200 7138
200.112.233.47 - - [24/Sep/2018:12:56:29 -0300] "GET /cormun/servlet/trpermisosadjuntos?13945939,20180924125130,P, HTTP/1.1" 200 7134
200.112.233.47 - - [24/Sep/2018:12:56:33 -0300] "POST /cormun/servlet/trpermisosadjuntos?1d0b05cfff7d7ad850a4a694acf207b8,13945939,20180924125130,P,,gx-no-cache=1537804516757 HTTP/1.1" 200 90
200.112.233.47 - - [24/Sep/2018:12:56:33 -0300] "GET /cormun/servlet/hpexe_link HTTP/1.1" 200 979
200.112.233.47 - - [24/Sep/2018:12:56:34 -0300] "GET /cormun/servlet/trpermisosgoce HTTP/1.1" 200 10333
200.112.233.47 - - [24/Sep/2018:12:56:34 -0300] "GET /cormun/servlet/trpermisosgoce HTTP/1.1" 200 10319
200.112.233.47 - - [24/Sep/2018:12:56:36 -0300] "GET /cormun/servlet/permisogoce?INS,0,,, HTTP/1.1" 200 7173
200.112.233.47 - - [24/Sep/2018:12:56:37 -0300] "GET /cormun/servlet/permisogoce?INS,0,,, HTTP/1.1" 200 7172
200.112.233.47 - - [24/Sep/2018:12:56:45 -0300] "GET /cormun/servlet/permisogoce?2ac10b8a6901d7be84d9c6be4d06b87b04b01e27b157f49f12286305ca1e47f4679d80ebdde85160da5c976cf0d0a5383f85812e4397c13bd9f005d5e5df0440,gx-no-cache=1537804527601 HTTP/1.1" 200 75
200.112.233.47 - - [24/Sep/2018:12:56:49 -0300] "GET /cormun/static/menuarrow.gif HTTP/1.1" 404 1015
200.112.233.47 - - [24/Sep/2018:12:57:01 -0300] "GET /cormun/servlet/permisogoce?2ac10b8a6901d7be84d9c6be4d06b87b1efa104529b50e0ee7b5aeeccc6676673bd60594787fc7f81aa1a1ddf707ebc43fe6698b4d29de0b530fb6bbc6c03760,gx-no-cache=1537804544700 HTTP/1.1" 200 47
200.112.233.47 - - [24/Sep/2018:12:57:04 -0300] "POST /cormun/servlet/permisogoce?1d0b05cfff7d7ad850a4a694acf207b8,INS,0,,,,gx-no-cache=1537804546757 HTTP/1.1" 200 93
200.112.233.47 - - [24/Sep/2018:12:57:04 -0300] "GET /cormun/servlet/hpexe_return? HTTP/1.1" 200 1006
200.112.233.47 - - [24/Sep/2018:12:57:04 -0300] "GET /cormun/servlet/trpermisosgoce HTTP/1.1" 200 10549
200.112.233.47 - - [24/Sep/2018:12:57:05 -0300] "GET /cormun/servlet/trpermisosgoce HTTP/1.1" 200 10551
200.112.233.47 - - [24/Sep/2018:12:57:14 -0300] "GET /cormun/servlet/trpermisosadjuntos?12911454,20180924125244,P, HTTP/1.1" 200 6618
200.112.233.47 - - [24/Sep/2018:12:57:16 -0300] "GET /cormun/servlet/trpermisosadjuntos?12911454,20180924125244,P, HTTP/1.1" 200 6618
200.112.233.47 - - [24/Sep/2018:12:57:19 -0300] "GET /cormun/servlet/permisosadjuntos?INS,12911454,P,20180924125244,, HTTP/1.1" 200 5944
200.112.233.47 - - [24/Sep/2018:12:57:19 -0300] "GET /cormun/static/about:blank HTTP/1.1" 404 1011
200.112.233.47 - - [24/Sep/2018:12:57:20 -0300] "GET /cormun/servlet/permisosadjuntos?INS,12911454,P,20180924125244,, HTTP/1.1" 200 5933
192.168.10.62 - - [24/Sep/2018:12:57:23 -0300] "POST /cormun/servlet/trsolicitudnombre?e3e7ed2c9ab71c644c71cd69b724e825,18445521,,gx-no-cache=1537804409698 HTTP/1.1" 200 90
192.168.10.62 - - [24/Sep/2018:12:57:23 -0300] "GET /cormun/servlet/hpexe_link HTTP/1.1" 200 972
192.168.10.62 - - [24/Sep/2018:12:57:23 -0300] "GET /cormun/servlet/trconsultaempleado? HTTP/1.1" 200 7187
192.168.10.62 - - [24/Sep/2018:12:57:23 -0300] "GET /cormun/servlet/trconsultaempleado? HTTP/1.1" 200 7186
192.168.10.62 - - [24/Sep/2018:12:57:26 -0300] "GET /cormun/servlet/trsolicitudnombre?18445521, HTTP/1.1" 200 8614
192.168.10.62 - - [24/Sep/2018:12:57:26 -0300] "GET /cormun/servlet/trsolicitudnombre?18445521, HTTP/1.1" 200 8617
200.112.233.47 - - [24/Sep/2018:12:57:28 -0300] "POST /cormun/servlet/permisosadjuntos?1d0b05cfff7d7ad850a4a694acf207b8,INS,12911454,P,20180924125244,, HTTP/1.1" 200 116
200.112.233.47 - - [24/Sep/2018:12:57:28 -0300] "GET /cormun/servlet/hpexe_return? HTTP/1.1" 200 1034
200.112.233.47 - - [24/Sep/2018:12:57:28 -0300] "GET /cormun/servlet/trpermisosadjuntos?12911454,20180924125244,P, HTTP/1.1" 200 7126
192.168.10.62 - - [24/Sep/2018:12:57:29 -0300] "GET /cormun/servlet/vesolicitudnombre?2018,10384,, HTTP/1.1" 200 8777
192.168.10.62 - - [24/Sep/2018:12:57:29 -0300] "GET /cormun/pexe_scrolldiv.js HTTP/1.1" 404 1009
192.168.10.62 - - [24/Sep/2018:12:57:29 -0300] "GET /cormun/pexe_scrolldiv.js HTTP/1.1" 404 1009
200.112.233.47 - - [24/Sep/2018:12:57:30 -0300] "GET /cormun/servlet/trpermisosadjuntos?12911454,20180924125244,P, HTTP/1.1" 200 7123
192.168.10.62 - - [24/Sep/2018:12:57:30 -0300] "GET /cormun/servlet/vesolicitudnombre?2018,10384,, HTTP/1.1" 200 8771
200.112.233.47 - - [24/Sep/2018:12:57:32 -0300] "POST /cormun/servlet/trpermisosadjuntos?1d0b05cfff7d7ad850a4a694acf207b8,12911454,20180924125244,P,,gx-no-cache=1537804575654 HTTP/1.1" 200 90
200.112.233.47 - - [24/Sep/2018:12:57:32 -0300] "GET /cormun/servlet/hpexe_link HTTP/1.1" 200 979
200.112.233.47 - - [24/Sep/2018:12:57:32 -0300] "GET /cormun/servlet/trpermisosgoce HTTP/1.1" 200 10535
200.112.233.47 - - [24/Sep/2018:12:57:33 -0300] "GET /cormun/servlet/trpermisosgoce HTTP/1.1" 200 10551
200.112.233.47 - - [24/Sep/2018:12:57:37 -0300] "GET /cormun/servlet/trautorizarpermisogoce? HTTP/1.1" 200 7146
192.168.10.62 - - [24/Sep/2018:12:57:37 -0300] "POST /cormun/servlet/vesolicitudnombre?e3e7ed2c9ab71c644c71cd69b724e825,2018,10384,,,gx-no-cache=1537804424076 HTTP/1.1" 200 90
192.168.10.62 - - [24/Sep/2018:12:57:37 -0300] "GET /cormun/servlet/hpexe_link HTTP/1.1" 200 973
200.112.233.47 - - [24/Sep/2018:12:57:37 -0300] "GET /cormun/servlet/trautorizarpermisogoce? HTTP/1.1" 200 7145
192.168.10.62 - - [24/Sep/2018:12:57:37 -0300] "GET /cormun/servlet/trsolicitudnombre?18445521, HTTP/1.1" 200 8615
192.168.10.62 - - [24/Sep/2018:12:57:38 -0300] "GET /cormun/servlet/trsolicitudnombre?18445521, HTTP/1.1" 200 8617
200.112.233.47 - - [24/Sep/2018:12:57:41 -0300] "GET /cormun/servlet/trpermisosgoce? HTTP/1.1" 200 10526
192.168.10.62 - - [24/Sep/2018:12:57:41 -0300] "GET /cormun/servlet/vesolicitudnombre?2018,12155,, HTTP/1.1" 200 8864
192.168.10.62 - - [24/Sep/2018:12:57:42 -0300] "GET /cormun/pexe_scrolldiv.js HTTP/1.1" 404 1009
192.168.10.62 - - [24/Sep/2018:12:57:42 -0300] "GET /cormun/pexe_scrolldiv.js HTTP/1.1" 404 1009
192.168.10.62 - - [24/Sep/2018:12:57:42 -0300] "GET /cormun/servlet/vesolicitudnombre?2018,12155,, HTTP/1.1" 200 8857
200.112.233.47 - - [24/Sep/2018:12:57:42 -0300] "GET /cormun/servlet/trpermisosgoce? HTTP/1.1" 200 10549
200.112.233.47 - - [24/Sep/2018:12:57:45 -0300] "POST /cormun/servlet/trpermisosgoce?1d0b05cfff7d7ad850a4a694acf207b8,,gx-no-cache=1537804587960 HTTP/1.1" 200 7623
200.112.233.47 - - [24/Sep/2018:12:57:45 -0300] "GET /cormun/static/Shared/jqueryui/images/ui-bg_highlight-soft_100_c6c2c8_1x100.png HTTP/1.1" 404 1117
200.112.233.47 - - [24/Sep/2018:12:57:45 -0300] "GET /cormun/static/Shared/jqueryui/images/ui-icons_82798d_256x240.png HTTP/1.1" 404 1089
200.112.233.47 - - [24/Sep/2018:12:57:45 -0300] "GET /cormun/static/Shared/jqueryui/images/ui-bg_flat_55_fafafa_40x100.png HTTP/1.1" 404 1097
200.112.233.47 - - [24/Sep/2018:12:57:45 -0300] "GET /cormun/static/Shared/jqueryui/images/ui-icons_8d78a5_256x240.png HTTP/1.1" 404 1089
200.112.233.47 - - [24/Sep/2018:12:57:48 -0300] "POST /cormun/servlet/trpermisosgoce?1d0b05cfff7d7ad850a4a694acf207b8,,gx-no-cache=1537804591398 HTTP/1.1" 200 7563
200.112.233.47 - - [24/Sep/2018:12:57:51 -0300] "GET /cormun/servlet/trautorizarpermisogoce? HTTP/1.1" 200 8254
200.112.233.47 - - [24/Sep/2018:12:57:51 -0300] "GET /cormun/servlet/trautorizarpermisogoce? HTTP/1.1" 200 8254
192.168.10.62 - - [24/Sep/2018:12:57:54 -0300] "GET /cormun/servlet/vesolicitudnombre?2018,12155,,SolicitudOTLog HTTP/1.1" 200 9841
192.168.10.62 - - [24/Sep/2018:12:57:54 -0300] "GET /cormun/pexe_scrolldiv.js HTTP/1.1" 404 1009
192.168.10.62 - - [24/Sep/2018:12:57:54 -0300] "GET /cormun/static/tbsolicitudnombre03.js?20173171132461 HTTP/1.1" 200 13352
192.168.10.62 - - [24/Sep/2018:12:57:54 -0300] "GET /cormun/pexe_scrolldiv.js HTTP/1.1" 404 1009
192.168.10.62 - - [24/Sep/2018:12:57:54 -0300] "GET /cormun/servlet/vesolicitudnombre?2018,12155,,SolicitudOTLog HTTP/1.1" 200 9841
192.168.10.62 - - [24/Sep/2018:12:57:55 -0300] "POST /cormun/servlet/acontrolpreferencessavestate?None,FGONZALEZ,true HTTP/1.1" 200 35
200.112.233.47 - - [24/Sep/2018:12:57:57 -0300] "POST /cormun/servlet/trautorizarpermisogoce?1d0b05cfff7d7ad850a4a694acf207b8,,gx-no-cache=1537804599951 HTTP/1.1" 200 5201
200.112.233.47 - - [24/Sep/2018:12:57:58 -0300] "POST /cormun/servlet/trautorizarpermisogoce?1d0b05cfff7d7ad850a4a694acf207b8,,gx-no-cache=1537804601380 HTTP/1.1" 200 4442
192.168.10.62 - - [24/Sep/2018:12:58:03 -0300] "POST /cormun/servlet/vesolicitudnombre?e3e7ed2c9ab71c644c71cd69b724e825,2018,12155,,SolicitudOTLog,gx-no-cache=1537804450011 HTTP/1.1" 200 90
192.168.10.62 - - [24/Sep/2018:12:58:03 -0300] "GET /cormun/servlet/hpexe_link HTTP/1.1" 200 980
192.168.10.62 - - [24/Sep/2018:12:58:03 -0300] "GET /cormun/servlet/trsolicitudnombre?18445521, HTTP/1.1" 200 8613
192.168.10.62 - - [24/Sep/2018:12:58:03 -0300] "GET /cormun/servlet/trsolicitudnombre?18445521, HTTP/1.1" 200 8614
192.168.10.62 - - [24/Sep/2018:12:58:06 -0300] "GET /cormun/servlet/vesolicitudnombre?2018,12157,, HTTP/1.1" 200 8864
192.168.10.62 - - [24/Sep/2018:12:58:06 -0300] "GET /cormun/pexe_scrolldiv.js HTTP/1.1" 404 1009
192.168.10.62 - - [24/Sep/2018:12:58:06 -0300] "GET /cormun/pexe_scrolldiv.js HTTP/1.1" 404 1009
192.168.10.62 - - [24/Sep/2018:12:58:06 -0300] "GET /cormun/servlet/vesolicitudnombre?2018,12157,, HTTP/1.1" 200 8857
192.168.10.54 - - [24/Sep/2018:12:58:10 -0300] "POST /cormun/servlet/trautorizarot?3fb38ec3505fc64fbe364af9ffe29e93,gx-no-cache=1537804099550,gx-no-cache=1537804457436 HTTP/1.1" 200 116
192.168.10.54 - - [24/Sep/2018:12:58:10 -0300] "GET /cormun/servlet/solicitudotlog?INS,2018,12157,0,REC, HTTP/1.1" 200 5699
186.103.157.98 - - [24/Sep/2018:12:58:10 -0300] "POST /cormun/servlet/solicitudotadjuntos?gx-no-cache=1537804608199 HTTP/1.1" 200 26
192.168.10.54 - - [24/Sep/2018:12:58:10 -0300] "GET /cormun/servlet/solicitudotlog?INS,2018,12157,0,REC, HTTP/1.1" 200 5679
192.168.10.54 - - [24/Sep/2018:12:58:11 -0300] "GET /cormun/servlet/solicitudotlog?8df1738ccc2f2844ce07f0f02ceecf5413087c8f39a7ca07adcbeda22f162ee46f5e62440c647b697511aeb8f04f18ef4f28dedc5c58b45c6d230f64299cd9fd36ecfd24c81734fdb0904eaee1ebc13463b287b64b7f4cfac6a42b2a19def5fa2e81cc6d192cdd0b436595913a90f33756b40b4aad90ac14c135790565073225a2f9ba91aad9832129775bf531b8fdc4a606ea57fde49207d9d0323c8d2706fb,gx-no-cache=1537804458293 HTTP/1.1" 200 94
192.168.10.62 - - [24/Sep/2018:12:58:21 -0300] "GET /cormun/servlet/vesolicitudnombre?2018,12157,,SolicitudOTLog HTTP/1.1" 200 9841
192.168.10.62 - - [24/Sep/2018:12:58:21 -0300] "GET /cormun/pexe_scrolldiv.js HTTP/1.1" 404 1009
192.168.10.62 - - [24/Sep/2018:12:58:21 -0300] "GET /cormun/pexe_scrolldiv.js HTTP/1.1" 404 1009
192.168.10.62 - - [24/Sep/2018:12:58:21 -0300] "GET /cormun/servlet/vesolicitudnombre?2018,12157,,SolicitudOTLog HTTP/1.1" 200 9841
192.168.10.62 - - [24/Sep/2018:12:58:22 -0300] "POST /cormun/servlet/acontrolpreferencessavestate?None,FGONZALEZ,true HTTP/1.1" 200 35
192.168.10.62 - - [24/Sep/2018:12:58:32 -0300] "POST /cormun/servlet/vesolicitudnombre?e3e7ed2c9ab71c644c71cd69b724e825,2018,12157,,SolicitudOTLog,gx-no-cache=1537804479395 HTTP/1.1" 200 90
192.168.10.62 - - [24/Sep/2018:12:58:32 -0300] "GET /cormun/servlet/hpexe_link HTTP/1.1" 200 980
192.168.10.62 - - [24/Sep/2018:12:58:32 -0300] "GET /cormun/servlet/trsolicitudnombre?18445521, HTTP/1.1" 200 8615
192.168.10.62 - - [24/Sep/2018:12:58:33 -0300] "GET /cormun/servlet/trsolicitudnombre?18445521, HTTP/1.1" 200 8614
192.168.10.62 - - [24/Sep/2018:12:58:35 -0300] "POST /cormun/servlet/trsolicitudnombre?e3e7ed2c9ab71c644c71cd69b724e825,18445521,,gx-no-cache=1537804482292 HTTP/1.1" 200 90
192.168.10.62 - - [24/Sep/2018:12:58:35 -0300] "GET /cormun/servlet/hpexe_link HTTP/1.1" 200 971
192.168.10.62 - - [24/Sep/2018:12:58:35 -0300] "GET /cormun/servlet/trconsultaempleado HTTP/1.1" 200 7187
192.168.10.62 - - [24/Sep/2018:12:58:36 -0300] "GET /cormun/servlet/trconsultaempleado HTTP/1.1" 200 7186
192.168.10.62 - - [24/Sep/2018:12:58:37 -0300] "POST /cormun/servlet/trconsultaempleado?e3e7ed2c9ab71c644c71cd69b724e825,gx-no-cache=1537804484450 HTTP/1.1" 200 90
192.168.10.62 - - [24/Sep/2018:12:58:37 -0300] "GET /cormun/servlet/hpexe_link HTTP/1.1" 200 974
192.168.10.62 - - [24/Sep/2018:12:58:37 -0300] "GET /cormun/servlet/vesolicitudgral?2018,12157,,General HTTP/1.1" 200 9202
192.168.10.62 - - [24/Sep/2018:12:58:37 -0300] "GET /cormun/pexe_scrolldiv.js HTTP/1.1" 404 1009
192.168.10.62 - - [24/Sep/2018:12:58:38 -0300] "GET /cormun/pexe_scrolldiv.js HTTP/1.1" 404 1009
192.168.10.62 - - [24/Sep/2018:12:58:38 -0300] "GET /cormun/servlet/vesolicitudgral?2018,12157,,General HTTP/1.1" 200 9201
192.168.10.62 - - [24/Sep/2018:12:58:39 -0300] "POST /cormun/servlet/vesolicitudgral?e3e7ed2c9ab71c644c71cd69b724e825,2018,12157,,General,gx-no-cache=1537804486340 HTTP/1.1" 200 90
192.168.10.62 - - [24/Sep/2018:12:58:39 -0300] "GET /cormun/servlet/hpexe_link HTTP/1.1" 200 966
192.168.10.62 - - [24/Sep/2018:12:58:40 -0300] "GET /cormun/servlet/trsolicitudgral HTTP/1.1" 200 27321
192.168.10.62 - - [24/Sep/2018:12:58:42 -0300] "GET /cormun/servlet/trsolicitudgral HTTP/1.1" 200 27319
192.168.10.62 - - [24/Sep/2018:12:58:49 -0300] "POST /cormun/servlet/trsolicitudgral?e3e7ed2c9ab71c644c71cd69b724e825,gx-no-cache=1537804495968 HTTP/1.1" 200 24400
192.168.10.62 - - [24/Sep/2018:12:58:54 -0300] "POST /cormun/servlet/trsolicitudgral?e3e7ed2c9ab71c644c71cd69b724e825,gx-no-cache=1537804500782 HTTP/1.1" 200 105
192.168.10.62 - - [24/Sep/2018:12:58:54 -0300] "GET /cormun/SolicitudGral-8418.xls HTTP/1.1" 200 36864
192.168.10.62 - - [24/Sep/2018:12:59:42 -0300] "GET /cormun/servlet/vesolicitudgral?2018,12182,, HTTP/1.1" 200 9138
192.168.10.62 - - [24/Sep/2018:12:59:42 -0300] "GET /cormun/pexe_scrolldiv.js HTTP/1.1" 404 1009
192.168.10.62 - - [24/Sep/2018:12:59:42 -0300] "GET /cormun/pexe_scrolldiv.js HTTP/1.1" 404 1009
192.168.10.62 - - [24/Sep/2018:12:59:42 -0300] "GET /cormun/servlet/vesolicitudgral?2018,12182,, HTTP/1.1" 200 9137
192.168.10.62 - - [24/Sep/2018:12:59:50 -0300] "GET /cormun/servlet/vesolicitudgral?2018,12182,,SolicitudOTLog HTTP/1.1" 200 10102
192.168.10.62 - - [24/Sep/2018:12:59:50 -0300] "GET /cormun/pexe_scrolldiv.js HTTP/1.1" 404 1009
192.168.10.62 - - [24/Sep/2018:12:59:50 -0300] "GET /cormun/pexe_scrolldiv.js HTTP/1.1" 404 1009
192.168.10.62 - - [24/Sep/2018:12:59:50 -0300] "GET /cormun/servlet/vesolicitudgral?2018,12182,,SolicitudOTLog HTTP/1.1" 200 10103
192.168.10.62 - - [24/Sep/2018:12:59:51 -0300] "POST /cormun/servlet/acontrolpreferencessavestate?None,FGONZALEZ,true HTTP/1.1" 200 35
192.168.10.62 - - [24/Sep/2018:13:00:06 -0300] "POST /cormun/servlet/vesolicitudgral?e3e7ed2c9ab71c644c71cd69b724e825,2018,12182,,SolicitudOTLog,gx-no-cache=1537804572726 HTTP/1.1" 200 90
192.168.10.62 - - [24/Sep/2018:13:00:06 -0300] "GET /cormun/servlet/hpexe_link HTTP/1.1" 200 990
192.168.10.62 - - [24/Sep/2018:13:00:06 -0300] "GET /cormun/servlet/trsolicitudgral?gx-no-cache=1537804495968 HTTP/1.1" 200 26964
192.168.10.54 - - [24/Sep/2018:13:00:07 -0300] "POST /cormun/servlet/solicitudotlog?3fb38ec3505fc64fbe364af9ffe29e93,INS,2018,12157,0,REC,,gx-no-cache=1537804574840 HTTP/1.1" 200 93
192.168.10.62 - - [24/Sep/2018:13:00:07 -0300] "GET /cormun/servlet/trsolicitudgral?gx-no-cache=1537804495968 HTTP/1.1" 200 26986
192.168.10.54 - - [24/Sep/2018:13:00:07 -0300] "GET /cormun/servlet/hpexe_return? HTTP/1.1" 200 1045
192.168.10.54 - - [24/Sep/2018:13:00:07 -0300] "GET /cormun/servlet/trautorizarot?gx-no-cache=1537804099550 HTTP/1.1" 200 9988
192.168.10.54 - - [24/Sep/2018:13:00:08 -0300] "GET /cormun/servlet/trautorizarot?gx-no-cache=1537804099550 HTTP/1.1" 200 10005
192.168.10.62 - - [24/Sep/2018:13:00:09 -0300] "GET /cormun/servlet/vesolicitudgral?2018,12182,, HTTP/1.1" 200 9161
192.168.10.62 - - [24/Sep/2018:13:00:09 -0300] "GET /cormun/pexe_scrolldiv.js HTTP/1.1" 404 1009
192.168.10.62 - - [24/Sep/2018:13:00:09 -0300] "GET /cormun/pexe_scrolldiv.js HTTP/1.1" 404 1009
192.168.10.62 - - [24/Sep/2018:13:00:09 -0300] "GET /cormun/servlet/vesolicitudgral?2018,12182,, HTTP/1.1" 200 9137
192.168.10.54 - - [24/Sep/2018:13:00:12 -0300] "POST /cormun/servlet/trautorizarot?3fb38ec3505fc64fbe364af9ffe29e93,gx-no-cache=1537804099550,gx-no-cache=1537804579768 HTTP/1.1" 200 116
192.168.10.54 - - [24/Sep/2018:13:00:12 -0300] "GET /cormun/servlet/solicitudotlog?INS,2018,12155,0,REC, HTTP/1.1" 200 5699
192.168.10.54 - - [24/Sep/2018:13:00:12 -0300] "GET /cormun/servlet/solicitudotlog?INS,2018,12155,0,REC, HTTP/1.1" 200 5679
192.168.10.54 - - [24/Sep/2018:13:00:13 -0300] "GET /cormun/servlet/solicitudotlog?8df1738ccc2f2844ce07f0f02ceecf5486209f1f1cc970f03af30e40162bdbe56f5e62440c647b697511aeb8f04f18ef4f28dedc5c58b45c6d230f64299cd9fd36ecfd24c81734fdb0904eaee1ebc13463b287b64b7f4cfac6a42b2a19def5fa2e81cc6d192cdd0b436595913a90f33756b40b4aad90ac14c135790565073225a2f9ba91aad9832129775bf531b8fdc4a606ea57fde49207d9d0323c8d2706fb,gx-no-cache=1537804580573 HTTP/1.1" 200 94
192.168.10.62 - - [24/Sep/2018:13:00:18 -0300] "POST /cormun/servlet/vesolicitudgral?e3e7ed2c9ab71c644c71cd69b724e825,2018,12182,,,gx-no-cache=1537804584772 HTTP/1.1" 200 90
192.168.10.62 - - [24/Sep/2018:13:00:18 -0300] "GET /cormun/servlet/hpexe_link HTTP/1.1" 200 983
192.168.10.62 - - [24/Sep/2018:13:00:18 -0300] "GET /cormun/servlet/trsolicitudgral?gx-no-cache=1537804495968 HTTP/1.1" 200 26964
192.168.10.54 - - [24/Sep/2018:13:00:19 -0300] "POST /cormun/servlet/solicitudotlog?3fb38ec3505fc64fbe364af9ffe29e93,INS,2018,12155,0,REC,,gx-no-cache=1537804586806 HTTP/1.1" 200 93
192.168.10.54 - - [24/Sep/2018:13:00:19 -0300] "GET /cormun/servlet/hpexe_return? HTTP/1.1" 200 1045
192.168.10.54 - - [24/Sep/2018:13:00:19 -0300] "GET /cormun/servlet/trautorizarot?gx-no-cache=1537804099550 HTTP/1.1" 200 9586
192.168.10.62 - - [24/Sep/2018:13:00:19 -0300] "GET /cormun/servlet/trsolicitudgral?gx-no-cache=1537804495968 HTTP/1.1" 200 26986
192.168.10.54 - - [24/Sep/2018:13:00:20 -0300] "GET /cormun/servlet/trautorizarot?gx-no-cache=1537804099550 HTTP/1.1" 200 9604
192.168.10.62 - - [24/Sep/2018:13:00:28 -0300] "POST /cormun/servlet/trsolicitudgral?e3e7ed2c9ab71c644c71cd69b724e825,gx-no-cache=1537804495968,gx-no-cache=1537804594280 HTTP/1.1" 200 24761
192.168.10.62 - - [24/Sep/2018:13:00:48 -0300] "GET /cormun/servlet/vesolicitudgral?2018,12175,, HTTP/1.1" 200 9157
192.168.10.62 - - [24/Sep/2018:13:00:48 -0300] "GET /cormun/pexe_scrolldiv.js HTTP/1.1" 404 1009
192.168.10.62 - - [24/Sep/2018:13:00:48 -0300] "GET /cormun/pexe_scrolldiv.js HTTP/1.1" 404 1009
192.168.10.62 - - [24/Sep/2018:13:00:48 -0300] "GET /cormun/servlet/vesolicitudgral?2018,12175,, HTTP/1.1" 200 9134
186.103.157.98 - - [24/Sep/2018:13:00:57 -0300] "POST /cormun/servlet/solicitudotadjuntos?gx-no-cache=1537804774881 HTTP/1.1" 200 26
192.168.10.62 - - [24/Sep/2018:13:00:58 -0300] "GET /cormun/servlet/vesolicitudgral?2018,12175,,SolicitudOTLog HTTP/1.1" 200 9897
192.168.10.62 - - [24/Sep/2018:13:00:58 -0300] "GET /cormun/pexe_scrolldiv.js HTTP/1.1" 404 1009
192.168.10.62 - - [24/Sep/2018:13:00:58 -0300] "GET /cormun/pexe_scrolldiv.js HTTP/1.1" 404 1009
192.168.10.62 - - [24/Sep/2018:13:00:59 -0300] "GET /cormun/servlet/vesolicitudgral?2018,12175,,SolicitudOTLog HTTP/1.1" 200 9898
192.168.10.62 - - [24/Sep/2018:13:00:59 -0300] "POST /cormun/servlet/acontrolpreferencessavestate?None,FGONZALEZ,true HTTP/1.1" 200 35
186.103.157.98 - - [24/Sep/2018:13:01:01 -0300] "POST /cormun/servlet/solicitudotadjuntos?gx-no-cache=1537804779537 HTTP/1.1" 200 26
186.103.157.98 - - [24/Sep/2018:13:01:03 -0300] "POST /cormun/servlet/solicitudotadjuntos?gx-no-cache=1537804781576 HTTP/1.1" 200 26
