183.131.83.17 - - [13/Sep/2018:17:40:06 -0300] "GET /manager/html HTTP/1.1" 401 2474
183.131.83.17 - - [13/Sep/2018:17:40:06 -0300] "GET /manager/html HTTP/1.1" 401 2474
183.131.83.17 - - [13/Sep/2018:17:40:06 -0300] "GET /manager/html HTTP/1.1" 401 2474
183.131.83.17 - - [13/Sep/2018:17:40:07 -0300] "GET /manager/html HTTP/1.1" 401 2474
183.131.83.17 - - [13/Sep/2018:17:40:07 -0300] "GET /manager/html HTTP/1.1" 401 2474
183.131.83.17 - - [13/Sep/2018:17:40:07 -0300] "GET /manager/html HTTP/1.1" 401 2474
183.131.83.17 - - [13/Sep/2018:17:40:07 -0300] "GET /manager/html HTTP/1.1" 401 2474
183.131.83.17 - - [13/Sep/2018:17:40:07 -0300] "GET /manager/html HTTP/1.1" 401 2474
183.131.83.17 - - [13/Sep/2018:17:40:07 -0300] "GET /manager/html HTTP/1.1" 401 2474
183.131.83.17 - - [13/Sep/2018:17:40:07 -0300] "GET /manager/html HTTP/1.1" 401 2474
183.131.83.17 - - [13/Sep/2018:17:40:07 -0300] "GET /manager/html HTTP/1.1" 401 2474
183.131.83.17 - - [13/Sep/2018:17:40:07 -0300] "GET /manager/html HTTP/1.1" 401 2474
186.67.172.234 - - [13/Sep/2018:17:40:10 -0300] "GET /cormun/servlet/permisogoce?67b5f2af3a528d9ec896163a6227528034e3d5c6e0cec9b8102eb6b4697c4e53d2a6a4ba575a43b24c75ca868aeb12774d56c04a8a6a888967c9d916208bf14d,gx-no-cache=1536871079198 HTTP/1.1" 200 48
186.67.172.234 - - [13/Sep/2018:17:40:14 -0300] "POST /cormun/servlet/permisogoce?f824651fff8302d427ad295ee9a18d92,INS,0,,,,gx-no-cache=1536871082791 HTTP/1.1" 200 93
186.67.172.234 - - [13/Sep/2018:17:40:14 -0300] "GET /cormun/servlet/hpexe_return? HTTP/1.1" 200 1007
186.67.172.234 - - [13/Sep/2018:17:40:14 -0300] "GET /cormun/static/gxcfg.js?2016101716175148 HTTP/1.1" 200 953
186.67.172.234 - - [13/Sep/2018:17:40:14 -0300] "GET /cormun/static/hpexe_return.js?2016101716175153 HTTP/1.1" 200 1633
186.67.172.234 - - [13/Sep/2018:17:40:14 -0300] "GET /cormun/static/Resources/Spanish/PXTools.css?167811 HTTP/1.1" 200 89042
186.67.172.234 - - [13/Sep/2018:17:40:14 -0300] "GET /cormun/servlet/trpermisosgoce HTTP/1.1" 200 14776
186.67.172.234 - - [13/Sep/2018:17:40:15 -0300] "GET /cormun//static/Resources/PXToolsGridUpdate.png HTTP/1.1" 200 2984
186.67.172.234 - - [13/Sep/2018:17:40:15 -0300] "GET /cormun/servlet/trpermisosgoce HTTP/1.1" 200 14772
186.67.172.234 - - [13/Sep/2018:17:40:17 -0300] "GET /cormun/servlet/permisogoce?INS,0,,, HTTP/1.1" 200 7195
186.67.172.234 - - [13/Sep/2018:17:40:18 -0300] "GET /cormun/servlet/permisogoce?INS,0,,, HTTP/1.1" 200 7195
186.67.172.234 - - [13/Sep/2018:17:40:27 -0300] "GET /cormun/servlet/permisogoce?67b5f2af3a528d9ec896163a62275280037258010c5d9c75f78435907ad89a69f3fe01dc1795f10e6082281de030107d,gx-no-cache=1536871096286 HTTP/1.1" 200 81
186.67.172.234 - - [13/Sep/2018:17:40:27 -0300] "GET /cormun/static/menuarrow.gif HTTP/1.1" 404 1015
186.67.172.234 - - [13/Sep/2018:17:40:34 -0300] "GET /cormun/servlet/permisogoce?67b5f2af3a528d9ec896163a6227528059e7ec942ffa4c57dff7cb0007ba2064df95392c4117770e6011adc4cb4d517ed598ea7d35b0154debdf461c2895cfdd,gx-no-cache=1536871102834 HTTP/1.1" 200 47
186.67.172.234 - - [13/Sep/2018:17:40:38 -0300] "POST /cormun/servlet/permisogoce?f824651fff8302d427ad295ee9a18d92,INS,0,,,,gx-no-cache=1536871106564 HTTP/1.1" 200 93
186.67.172.234 - - [13/Sep/2018:17:40:38 -0300] "GET /cormun/servlet/hpexe_return? HTTP/1.1" 200 1007
186.67.172.234 - - [13/Sep/2018:17:40:38 -0300] "GET /cormun/servlet/trpermisosgoce HTTP/1.1" 200 15022
186.67.172.234 - - [13/Sep/2018:17:40:38 -0300] "GET /cormun/servlet/trpermisosgoce HTTP/1.1" 200 15023
186.67.172.234 - - [13/Sep/2018:17:40:41 -0300] "GET /cormun/servlet/permisogoce?INS,0,,, HTTP/1.1" 200 7195
186.67.172.234 - - [13/Sep/2018:17:40:41 -0300] "GET /cormun/servlet/permisogoce?INS,0,,, HTTP/1.1" 200 7195
186.67.172.234 - - [13/Sep/2018:17:40:51 -0300] "GET /cormun/servlet/permisogoce?67b5f2af3a528d9ec896163a62275280383d1822344aa594df44cdb4301d79426047d67457f896b2ad3d1817235b8605071031441a539af32bee8dece1f1af3b,gx-no-cache=1536871120557 HTTP/1.1" 200 78
186.67.172.234 - - [13/Sep/2018:17:40:53 -0300] "GET /cormun/static/menuarrow.gif HTTP/1.1" 404 1015
186.67.172.234 - - [13/Sep/2018:17:41:06 -0300] "GET /cormun/servlet/permisogoce?67b5f2af3a528d9ec896163a622752808d3fcd5fa4641d79d03401e7cce14a8811091bbbd7a6c41ac00ac5d7a1a850704d56c04a8a6a888967c9d916208bf14d,gx-no-cache=1536871135571 HTTP/1.1" 200 47
186.67.172.234 - - [13/Sep/2018:17:41:10 -0300] "POST /cormun/servlet/permisogoce?f824651fff8302d427ad295ee9a18d92,INS,0,,,,gx-no-cache=1536871139090 HTTP/1.1" 200 93
186.67.172.234 - - [13/Sep/2018:17:41:10 -0300] "GET /cormun/servlet/hpexe_return? HTTP/1.1" 200 1007
186.67.172.234 - - [13/Sep/2018:17:41:10 -0300] "GET /cormun/servlet/trpermisosgoce HTTP/1.1" 200 15211
186.67.172.234 - - [13/Sep/2018:17:41:18 -0300] "GET /cormun/servlet/trpermisosgoce HTTP/1.1" 200 15207
186.67.172.234 - - [13/Sep/2018:17:41:39 -0300] "GET /cormun/servlet/permisogoce?INS,0,,, HTTP/1.1" 200 7194
186.67.172.234 - - [13/Sep/2018:17:41:39 -0300] "GET /cormun/servlet/permisogoce?INS,0,,, HTTP/1.1" 200 7194
186.67.172.234 - - [13/Sep/2018:17:41:46 -0300] "GET /cormun/servlet/permisogoce?67b5f2af3a528d9ec896163a62275280383d1822344aa594df44cdb4301d79426047d67457f896b2ad3d1817235b8605071031441a539af32bee8dece1f1af3b,gx-no-cache=1536871175416 HTTP/1.1" 200 75
186.67.172.234 - - [13/Sep/2018:17:41:46 -0300] "GET /cormun/static/menuarrow.gif HTTP/1.1" 404 1015
186.67.172.234 - - [13/Sep/2018:17:41:55 -0300] "GET /cormun/servlet/permisogoce?67b5f2af3a528d9ec896163a622752808d3fcd5fa4641d79d03401e7cce14a886d47467b8213c4608b5d3bf41ef5205f4d56c04a8a6a888967c9d916208bf14d,gx-no-cache=1536871183706 HTTP/1.1" 200 48
186.67.172.234 - - [13/Sep/2018:17:41:58 -0300] "POST /cormun/servlet/permisogoce?f824651fff8302d427ad295ee9a18d92,INS,0,,,,gx-no-cache=1536871186604 HTTP/1.1" 200 93
186.67.172.234 - - [13/Sep/2018:17:41:58 -0300] "GET /cormun/servlet/hpexe_return? HTTP/1.1" 200 1007
186.67.172.234 - - [13/Sep/2018:17:41:59 -0300] "GET /cormun/servlet/trpermisosgoce HTTP/1.1" 200 15414
186.67.172.234 - - [13/Sep/2018:17:41:59 -0300] "GET /cormun/servlet/trpermisosgoce HTTP/1.1" 200 15409
186.67.172.234 - - [13/Sep/2018:17:42:01 -0300] "GET /cormun/servlet/permisogoce?INS,0,,, HTTP/1.1" 200 7195
186.67.172.234 - - [13/Sep/2018:17:42:02 -0300] "GET /cormun/servlet/permisogoce?INS,0,,, HTTP/1.1" 200 7195
186.67.172.234 - - [13/Sep/2018:17:42:11 -0300] "GET /cormun/servlet/permisogoce?67b5f2af3a528d9ec896163a62275280b1051a0a0eabe6e045cbeab1d9b7116c6047d67457f896b2ad3d1817235b8605071031441a539af32bee8dece1f1af3b,gx-no-cache=1536871199759 HTTP/1.1" 200 81
186.67.172.234 - - [13/Sep/2018:17:42:11 -0300] "GET /cormun/static/menuarrow.gif HTTP/1.1" 404 1015
186.67.172.234 - - [13/Sep/2018:17:42:16 -0300] "GET /cormun/servlet/permisogoce?67b5f2af3a528d9ec896163a622752803e9223fa3c1770827ad01a26391c29747ccb66a891d73a3f9383191de95935774d56c04a8a6a888967c9d916208bf14d,gx-no-cache=1536871205539 HTTP/1.1" 200 48
186.67.172.234 - - [13/Sep/2018:17:42:20 -0300] "POST /cormun/servlet/permisogoce?f824651fff8302d427ad295ee9a18d92,INS,0,,,,gx-no-cache=1536871208956 HTTP/1.1" 200 93
186.67.172.234 - - [13/Sep/2018:17:42:20 -0300] "GET /cormun/servlet/hpexe_return? HTTP/1.1" 200 1007
186.67.172.234 - - [13/Sep/2018:17:42:20 -0300] "GET /cormun/servlet/trpermisosgoce HTTP/1.1" 200 15611
186.67.172.234 - - [13/Sep/2018:17:42:21 -0300] "GET /cormun/servlet/trpermisosgoce HTTP/1.1" 200 15634
186.67.172.234 - - [13/Sep/2018:17:42:23 -0300] "GET /cormun/servlet/permisogoce?INS,0,,, HTTP/1.1" 200 7195
186.67.172.234 - - [13/Sep/2018:17:42:24 -0300] "GET /cormun/servlet/permisogoce?INS,0,,, HTTP/1.1" 200 7195
186.67.172.234 - - [13/Sep/2018:17:42:32 -0300] "GET /cormun/servlet/permisogoce?67b5f2af3a528d9ec896163a622752802893e75a0e75b1311a8a52353c48b832f3fe01dc1795f10e6082281de030107d,gx-no-cache=1536871221564 HTTP/1.1" 200 90
186.67.172.234 - - [13/Sep/2018:17:42:32 -0300] "GET /cormun/static/menuarrow.gif HTTP/1.1" 404 1015
186.67.172.234 - - [13/Sep/2018:17:42:39 -0300] "GET /cormun/servlet/permisogoce?67b5f2af3a528d9ec896163a6227528013d7c91c49208505734d6b03a771f3a43d2dda8681c863f586d7e1c0f5be4e2ad598ea7d35b0154debdf461c2895cfdd,gx-no-cache=1536871228667 HTTP/1.1" 200 48
186.67.172.234 - - [13/Sep/2018:17:42:44 -0300] "POST /cormun/servlet/permisogoce?f824651fff8302d427ad295ee9a18d92,INS,0,,,,gx-no-cache=1536871232221 HTTP/1.1" 200 93
186.67.172.234 - - [13/Sep/2018:17:42:44 -0300] "GET /cormun/servlet/hpexe_return? HTTP/1.1" 200 1007
186.67.172.234 - - [13/Sep/2018:17:42:44 -0300] "GET /cormun/servlet/trpermisosgoce HTTP/1.1" 200 15861
186.67.172.234 - - [13/Sep/2018:17:42:45 -0300] "GET /cormun/servlet/trpermisosgoce HTTP/1.1" 200 15828
186.67.172.234 - - [13/Sep/2018:17:42:50 -0300] "GET /cormun/servlet/permisogoce?INS,0,,, HTTP/1.1" 200 7194
186.67.172.234 - - [13/Sep/2018:17:42:50 -0300] "GET /cormun/servlet/permisogoce?INS,0,,, HTTP/1.1" 200 7194
186.67.172.234 - - [13/Sep/2018:17:42:57 -0300] "GET /cormun/servlet/permisogoce?67b5f2af3a528d9ec896163a62275280b71f17a283b33288c89a23f394a1010d6047d67457f896b2ad3d1817235b8605071031441a539af32bee8dece1f1af3b,gx-no-cache=1536871246373 HTTP/1.1" 200 76
186.67.172.234 - - [13/Sep/2018:17:42:57 -0300] "GET /cormun/static/menuarrow.gif HTTP/1.1" 404 1015
186.103.159.182 - - [13/Sep/2018:17:42:57 -0300] "POST /cormun/servlet/trlicencias?a58b34df8f25277387c878f3d76399fa,,gx-no-cache=1536871160092 HTTP/1.1" 440 972
186.103.159.182 - - [13/Sep/2018:17:43:00 -0300] "GET /cormun/servlet/trlicencias? HTTP/1.1" 200 6116
186.103.159.182 - - [13/Sep/2018:17:43:03 -0300] "GET /cormun/servlet/trlicencias? HTTP/1.1" 200 6116
186.103.159.182 - - [13/Sep/2018:17:43:03 -0300] "GET /cormun/servlet/hlogin HTTP/1.1" 200 1733
186.67.172.234 - - [13/Sep/2018:17:43:04 -0300] "GET /cormun/servlet/permisogoce?67b5f2af3a528d9ec896163a622752807f7f0fb32ac7d73326d9083ba99f5854d8fb0d845cee0f7884d1d5f677642df84d56c04a8a6a888967c9d916208bf14d,gx-no-cache=1536871253162 HTTP/1.1" 200 47
186.103.159.182 - - [13/Sep/2018:17:43:06 -0300] "POST /cormun/servlet/hlogin?0d124ee8e3585ee445b2ba35f1c46f49,gx-no-cache=1536871168304 HTTP/1.1" 200 90
186.103.159.182 - - [13/Sep/2018:17:43:06 -0300] "GET /cormun/servlet/hpexe_link HTTP/1.1" 200 949
186.103.159.182 - - [13/Sep/2018:17:43:06 -0300] "GET /cormun/servlet/trlicencias HTTP/1.1" 200 13892
186.67.172.234 - - [13/Sep/2018:17:43:07 -0300] "POST /cormun/servlet/permisogoce?f824651fff8302d427ad295ee9a18d92,INS,0,,,,gx-no-cache=1536871255957 HTTP/1.1" 200 93
186.67.172.234 - - [13/Sep/2018:17:43:07 -0300] "GET /cormun/servlet/hpexe_return? HTTP/1.1" 200 1007
186.67.172.234 - - [13/Sep/2018:17:43:07 -0300] "GET /cormun/servlet/trpermisosgoce HTTP/1.1" 200 16099
186.67.172.234 - - [13/Sep/2018:17:43:08 -0300] "GET /cormun/servlet/trpermisosgoce HTTP/1.1" 200 16077
186.103.159.182 - - [13/Sep/2018:17:43:09 -0300] "GET /cormun/servlet/trlicencias HTTP/1.1" 200 13912
186.67.172.234 - - [13/Sep/2018:17:43:11 -0300] "GET /cormun/servlet/permisogoce?INS,0,,, HTTP/1.1" 200 7195
186.67.172.234 - - [13/Sep/2018:17:43:11 -0300] "GET /cormun/servlet/permisogoce?INS,0,,, HTTP/1.1" 200 7195
186.103.159.182 - - [13/Sep/2018:17:43:13 -0300] "GET /cormun/servlet/trlicencias? HTTP/1.1" 200 13912
186.103.159.182 - - [13/Sep/2018:17:43:15 -0300] "GET /cormun/servlet/trlicencias? HTTP/1.1" 200 13880
186.67.172.234 - - [13/Sep/2018:17:43:18 -0300] "GET /cormun/servlet/permisogoce?67b5f2af3a528d9ec896163a622752800a0bb7dd0d40de9eb30f7a59f0fc2071f3fe01dc1795f10e6082281de030107d,gx-no-cache=1536871267103 HTTP/1.1" 200 76
186.67.172.234 - - [13/Sep/2018:17:43:18 -0300] "GET /cormun/static/menuarrow.gif HTTP/1.1" 404 1015
186.103.159.188 - - [13/Sep/2018:17:43:38 -0300] "GET /cormun/servlet/hlogin HTTP/1.1" 200 1730
186.103.159.188 - - [13/Sep/2018:17:43:45 -0300] "POST /cormun/servlet/hlogin?aad591349eddfc4287a5cb7334f1b224,gx-no-cache=1536871345662 HTTP/1.1" 200 90
186.103.159.188 - - [13/Sep/2018:17:43:45 -0300] "GET /cormun/servlet/hpexe_link HTTP/1.1" 200 954
186.103.159.188 - - [13/Sep/2018:17:43:45 -0300] "GET /cormun/servlet/hhome HTTP/1.1" 200 4007
186.103.159.188 - - [13/Sep/2018:17:43:45 -0300] "GET /cormun/servlet/hhome HTTP/1.1" 200 4004
190.164.163.23 - - [13/Sep/2018:17:43:47 -0300] "GET /cormun/servlet/trpermisosgoce? HTTP/1.1" 200 8421
190.164.163.23 - - [13/Sep/2018:17:43:48 -0300] "GET /cormun/servlet/trpermisosgoce? HTTP/1.1" 200 8426
186.67.172.234 - - [13/Sep/2018:17:43:49 -0300] "GET /cormun/servlet/permisogoce?67b5f2af3a528d9ec896163a6227528040634da6f0c5613b69228089b4fff8cd794fe54d82052ffe3717966af7968de0d598ea7d35b0154debdf461c2895cfdd,gx-no-cache=1536871297811 HTTP/1.1" 200 47
190.164.163.23 - - [13/Sep/2018:17:43:50 -0300] "GET /cormun/servlet/permisogoce?INS,0,,, HTTP/1.1" 200 6845
190.164.163.23 - - [13/Sep/2018:17:43:50 -0300] "GET /cormun/static/gxcfg.js?201776126440 HTTP/1.1" 200 953
190.164.163.23 - - [13/Sep/2018:17:43:51 -0300] "GET /cormun/servlet/permisogoce?INS,0,,, HTTP/1.1" 200 6845
186.67.172.234 - - [13/Sep/2018:17:43:53 -0300] "POST /cormun/servlet/permisogoce?f824651fff8302d427ad295ee9a18d92,INS,0,,,,gx-no-cache=1536871301797 HTTP/1.1" 200 93
186.67.172.234 - - [13/Sep/2018:17:43:53 -0300] "GET /cormun/servlet/hpexe_return? HTTP/1.1" 200 1007
186.67.172.234 - - [13/Sep/2018:17:43:53 -0300] "GET /cormun/servlet/trpermisosgoce HTTP/1.1" 200 16295
186.67.172.234 - - [13/Sep/2018:17:43:54 -0300] "GET /cormun/servlet/trpermisosgoce HTTP/1.1" 200 16289
190.164.163.23 - - [13/Sep/2018:17:43:57 -0300] "GET /cormun/servlet/permisogoce?0abd8418dc9cbed43e676a01732a825058d215d89ae245ab603f434be0d16bb854414b1cef8fc55ebe73c4f9ec15c0d9,gx-no-cache=1536871358330 HTTP/1.1" 200 84
190.164.163.23 - - [13/Sep/2018:17:44:04 -0300] "GET /cormun/static/menuarrow.gif HTTP/1.1" 404 1015
190.164.163.23 - - [13/Sep/2018:17:44:11 -0300] "GET /cormun/servlet/permisogoce?0abd8418dc9cbed43e676a01732a8250653c7c82210a8e20c889e9aad57a774dcebef71ed4f9be15f6c15e87790fde7c26b547bc0f128bcec3d910c5ea3cb5f0,gx-no-cache=1536871372110 HTTP/1.1" 200 47
186.103.159.188 - - [13/Sep/2018:17:44:13 -0300] "POST /cormun/servlet/permisogoce?aad591349eddfc4287a5cb7334f1b224,INS,0,,,,gx-no-cache=1536871374000 HTTP/1.1" 200 93
186.103.159.188 - - [13/Sep/2018:17:44:13 -0300] "GET /cormun/servlet/hpexe_return? HTTP/1.1" 200 1012
186.103.159.188 - - [13/Sep/2018:17:44:14 -0300] "GET /cormun/servlet/trpermisosgoce HTTP/1.1" 200 8670
186.103.159.188 - - [13/Sep/2018:17:44:14 -0300] "GET /cormun/servlet/trpermisosgoce HTTP/1.1" 200 8666
186.103.159.188 - - [13/Sep/2018:17:44:19 -0300] "GET /cormun/servlet/permisogoce?INS,0,,, HTTP/1.1" 200 6844
186.103.159.188 - - [13/Sep/2018:17:44:20 -0300] "GET /cormun/servlet/permisogoce?INS,0,,, HTTP/1.1" 200 6844
186.103.159.188 - - [13/Sep/2018:17:44:27 -0300] "GET /cormun/servlet/permisogoce?0abd8418dc9cbed43e676a01732a825058fb02f73d7bdbf9768399b566e4196b90d21f12360611adb74b718dec9e14946d3d5b7f856205078d6422762bb0f886,gx-no-cache=1536871387652 HTTP/1.1" 200 80
186.67.172.234 - - [13/Sep/2018:17:44:27 -0300] "GET /cormun/servlet/trpermisosadjuntos?16532841,20180913173602,P, HTTP/1.1" 200 6637
186.67.172.234 - - [13/Sep/2018:17:44:27 -0300] "GET /cormun/static/gxcfg.js?201762817193957 HTTP/1.1" 200 953
186.67.172.234 - - [13/Sep/2018:17:44:27 -0300] "GET /cormun/static/trpermisosadjuntos.js?201762817194366 HTTP/1.1" 200 20158
186.67.172.234 - - [13/Sep/2018:17:44:27 -0300] "GET /cormun/servlet/trpermisosadjuntos?16532841,20180913173602,P, HTTP/1.1" 200 6637
186.67.172.234 - - [13/Sep/2018:17:44:29 -0300] "GET /cormun/servlet/permisosadjuntos?INS,16532841,P,20180913173602,, HTTP/1.1" 200 5967
186.67.172.234 - - [13/Sep/2018:17:44:29 -0300] "GET /cormun/static/permisosadjuntos.js?201762717441184 HTTP/1.1" 200 8724
186.67.172.234 - - [13/Sep/2018:17:44:29 -0300] "GET /cormun/static/gxcfg.js?201762717441171 HTTP/1.1" 200 953
186.67.172.234 - - [13/Sep/2018:17:44:29 -0300] "GET /cormun/static/about:blank HTTP/1.1" 404 1011
186.67.172.234 - - [13/Sep/2018:17:44:30 -0300] "GET /cormun/servlet/permisosadjuntos?INS,16532841,P,20180913173602,, HTTP/1.1" 200 5957
186.103.159.188 - - [13/Sep/2018:17:44:32 -0300] "GET /cormun/static/menuarrow.gif HTTP/1.1" 404 1015
186.103.159.188 - - [13/Sep/2018:17:44:36 -0300] "GET /cormun/servlet/permisogoce?0abd8418dc9cbed43e676a01732a8250fcbfb8c598b0559eb59fb792629e806fa5ef18d1b3727460df0a2213aa12f7f22a5ba603f13810e7741f0e8b42878502,gx-no-cache=1536871397263 HTTP/1.1" 200 129
186.103.159.188 - - [13/Sep/2018:17:44:36 -0300] "GET /cormun/static/Shared/jqueryui/images/ui-icons_82798d_256x240.png HTTP/1.1" 404 1089
186.103.159.188 - - [13/Sep/2018:17:44:36 -0300] "GET /cormun/static/Shared/jqueryui/images/ui-bg_highlight-soft_100_c6c2c8_1x100.png HTTP/1.1" 404 1117
190.164.163.23 - - [13/Sep/2018:17:44:36 -0300] "GET /cormun/static/Shared/jqueryui/images/ui-bg_flat_55_994d53_40x100.png HTTP/1.1" 404 1097
190.164.163.23 - - [13/Sep/2018:17:44:36 -0300] "GET /cormun/static/Shared/jqueryui/images/ui-icons_ebccce_256x240.png HTTP/1.1" 404 1089
186.103.159.188 - - [13/Sep/2018:17:44:40 -0300] "GET /cormun/servlet/permisogoce?0abd8418dc9cbed43e676a01732a8250fcbfb8c598b0559eb59fb792629e806f098b646435fcda8186fcb0c32ce464c92a5ba603f13810e7741f0e8b42878502,gx-no-cache=1536871401270 HTTP/1.1" 200 47
186.103.159.188 - - [13/Sep/2018:17:44:43 -0300] "POST /cormun/servlet/permisogoce?aad591349eddfc4287a5cb7334f1b224,INS,0,,,,gx-no-cache=1536871403518 HTTP/1.1" 200 93
186.103.159.188 - - [13/Sep/2018:17:44:43 -0300] "GET /cormun/servlet/hpexe_return? HTTP/1.1" 200 1012
186.103.159.188 - - [13/Sep/2018:17:44:43 -0300] "GET /cormun/servlet/trpermisosgoce HTTP/1.1" 200 8879
186.103.159.188 - - [13/Sep/2018:17:44:44 -0300] "GET /cormun/servlet/trpermisosgoce HTTP/1.1" 200 8881
186.103.159.188 - - [13/Sep/2018:17:44:49 -0300] "GET /cormun/servlet/permisogoce?INS,0,,, HTTP/1.1" 200 6844
186.103.159.188 - - [13/Sep/2018:17:44:50 -0300] "GET /cormun/servlet/permisogoce?INS,0,,, HTTP/1.1" 200 6844
186.67.172.234 - - [13/Sep/2018:17:44:58 -0300] "POST /cormun/servlet/permisosadjuntos?f824651fff8302d427ad295ee9a18d92,INS,16532841,P,20180913173602,, HTTP/1.1" 200 116
186.67.172.234 - - [13/Sep/2018:17:44:59 -0300] "GET /cormun/servlet/hpexe_return? HTTP/1.1" 200 1034
186.67.172.234 - - [13/Sep/2018:17:44:59 -0300] "GET /cormun/servlet/trpermisosadjuntos?16532841,20180913173602,P, HTTP/1.1" 200 7156
186.67.172.234 - - [13/Sep/2018:17:44:59 -0300] "GET /cormun/servlet/trpermisosadjuntos?16532841,20180913173602,P, HTTP/1.1" 200 7152
190.164.163.23 - - [13/Sep/2018:17:45:01 -0300] "GET /cormun/servlet/permisogoce?0abd8418dc9cbed43e676a01732a8250040c71e460a6500eb5dd998ec77a360490d21f12360611adb74b718dec9e14946d3d5b7f856205078d6422762bb0f886,gx-no-cache=1536871421541 HTTP/1.1" 200 89
190.164.163.23 - - [13/Sep/2018:17:45:05 -0300] "GET /cormun/static/menuarrow.gif HTTP/1.1" 404 1015
186.67.172.234 - - [13/Sep/2018:17:45:08 -0300] "POST /cormun/servlet/trpermisosadjuntos?f824651fff8302d427ad295ee9a18d92,16532841,20180913173602,P,,gx-no-cache=1536871377484 HTTP/1.1" 200 90
186.67.172.234 - - [13/Sep/2018:17:45:09 -0300] "GET /cormun/servlet/hpexe_link HTTP/1.1" 200 979
190.164.163.23 - - [13/Sep/2018:17:45:10 -0300] "GET /cormun/servlet/permisogoce?0abd8418dc9cbed43e676a01732a8250a277757807717cbffe4d8fa90f3298aa6e5dbe78c9d584d1fa77e4f524d0d9b42a5ba603f13810e7741f0e8b42878502,gx-no-cache=1536871431234 HTTP/1.1" 200 46
190.164.163.23 - - [13/Sep/2018:17:45:12 -0300] "POST /cormun/servlet/permisogoce?aad591349eddfc4287a5cb7334f1b224,INS,0,,,,gx-no-cache=1536871432535 HTTP/1.1" 200 93
190.164.163.23 - - [13/Sep/2018:17:45:12 -0300] "GET /cormun/servlet/hpexe_return? HTTP/1.1" 200 1012
190.164.163.23 - - [13/Sep/2018:17:45:12 -0300] "GET /cormun/servlet/trpermisosgoce HTTP/1.1" 200 9111
190.164.163.23 - - [13/Sep/2018:17:45:13 -0300] "GET /cormun/servlet/trpermisosgoce HTTP/1.1" 200 9103
190.164.163.23 - - [13/Sep/2018:17:45:17 -0300] "GET /cormun/servlet/permisogoce?INS,0,,, HTTP/1.1" 200 6845
190.164.163.23 - - [13/Sep/2018:17:45:18 -0300] "GET /cormun/servlet/permisogoce?INS,0,,, HTTP/1.1" 200 6845
186.67.172.234 - - [13/Sep/2018:17:45:19 -0300] "GET /cormun/servlet/trpermisosgoce HTTP/1.1" 200 16292
186.67.172.234 - - [13/Sep/2018:17:45:19 -0300] "GET /cormun/servlet/trpermisosgoce HTTP/1.1" 200 16302
186.103.159.188 - - [13/Sep/2018:17:45:26 -0300] "GET /cormun/servlet/permisogoce?0abd8418dc9cbed43e676a01732a82503e7c47832e775dcbf7c9b871027fd0d490d21f12360611adb74b718dec9e14946d3d5b7f856205078d6422762bb0f886,gx-no-cache=1536871446678 HTTP/1.1" 200 81
186.103.159.188 - - [13/Sep/2018:17:45:27 -0300] "GET /cormun/static/menuarrow.gif HTTP/1.1" 404 1015
190.164.163.23 - - [13/Sep/2018:17:45:34 -0300] "GET /cormun/servlet/permisogoce?0abd8418dc9cbed43e676a01732a82502ae93cf06b22b1842523913d20a5ee7026533c6cc9d120acf788ff7559062eb92a5ba603f13810e7741f0e8b42878502,gx-no-cache=1536871455036 HTTP/1.1" 200 48
186.67.172.234 - - [13/Sep/2018:17:45:35 -0300] "GET /cormun/servlet/trpermisosadjuntos?8208239,20180913173628,P, HTTP/1.1" 200 6636
186.67.172.234 - - [13/Sep/2018:17:45:36 -0300] "GET /cormun/servlet/trpermisosadjuntos?8208239,20180913173628,P, HTTP/1.1" 200 6637
190.164.163.23 - - [13/Sep/2018:17:45:36 -0300] "POST /cormun/servlet/permisogoce?aad591349eddfc4287a5cb7334f1b224,INS,0,,,,gx-no-cache=1536871456760 HTTP/1.1" 200 93
190.164.163.23 - - [13/Sep/2018:17:45:36 -0300] "GET /cormun/servlet/hpexe_return? HTTP/1.1" 200 1012
190.164.163.23 - - [13/Sep/2018:17:45:36 -0300] "GET /cormun/servlet/trpermisosgoce HTTP/1.1" 200 9329
190.164.163.23 - - [13/Sep/2018:17:45:37 -0300] "GET /cormun/servlet/trpermisosgoce HTTP/1.1" 200 9326
186.67.172.234 - - [13/Sep/2018:17:45:37 -0300] "GET /cormun/servlet/permisosadjuntos?INS,8208239,P,20180913173628,, HTTP/1.1" 200 5966
186.67.172.234 - - [13/Sep/2018:17:45:38 -0300] "GET /cormun/static/about:blank HTTP/1.1" 404 1011
186.67.172.234 - - [13/Sep/2018:17:45:38 -0300] "GET /cormun/servlet/permisosadjuntos?INS,8208239,P,20180913173628,, HTTP/1.1" 200 5956
186.103.159.188 - - [13/Sep/2018:17:45:40 -0300] "GET /cormun/servlet/permisogoce?INS,0,,, HTTP/1.1" 200 6845
186.103.159.188 - - [13/Sep/2018:17:45:41 -0300] "GET /cormun/servlet/permisogoce?INS,0,,, HTTP/1.1" 200 6844
186.67.172.234 - - [13/Sep/2018:17:45:46 -0300] "POST /cormun/servlet/permisosadjuntos?f824651fff8302d427ad295ee9a18d92,INS,8208239,P,20180913173628,, HTTP/1.1" 200 116
186.67.172.234 - - [13/Sep/2018:17:45:46 -0300] "GET /cormun/servlet/hpexe_return? HTTP/1.1" 200 1034
186.67.172.234 - - [13/Sep/2018:17:45:46 -0300] "GET /cormun/servlet/trpermisosadjuntos?8208239,20180913173628,P, HTTP/1.1" 200 7130
190.164.163.23 - - [13/Sep/2018:17:45:47 -0300] "GET /cormun/servlet/permisogoce?0abd8418dc9cbed43e676a01732a8250571b99a6cc6295f5a694414f17fd1e1254414b1cef8fc55ebe73c4f9ec15c0d9,gx-no-cache=1536871467643 HTTP/1.1" 200 87
186.67.172.234 - - [13/Sep/2018:17:45:47 -0300] "GET /cormun/servlet/trpermisosadjuntos?8208239,20180913173628,P, HTTP/1.1" 200 7126
186.67.172.234 - - [13/Sep/2018:17:45:50 -0300] "POST /cormun/servlet/trpermisosadjuntos?f824651fff8302d427ad295ee9a18d92,8208239,20180913173628,P,,gx-no-cache=1536871418669 HTTP/1.1" 200 90
186.67.172.234 - - [13/Sep/2018:17:45:50 -0300] "GET /cormun/servlet/hpexe_link HTTP/1.1" 200 979
186.67.172.234 - - [13/Sep/2018:17:45:50 -0300] "GET /cormun/servlet/trpermisosgoce HTTP/1.1" 200 16304
186.67.172.234 - - [13/Sep/2018:17:45:51 -0300] "GET /cormun/servlet/trpermisosgoce HTTP/1.1" 200 16292
186.103.159.188 - - [13/Sep/2018:17:45:55 -0300] "GET /cormun/servlet/permisogoce?0abd8418dc9cbed43e676a01732a8250ea22860392f4376f4e0725c70e1a00500a72aafb60686434b4fa92b8ceb2eae126b547bc0f128bcec3d910c5ea3cb5f0,gx-no-cache=1536871476117 HTTP/1.1" 200 47
186.103.159.188 - - [13/Sep/2018:17:45:58 -0300] "POST /cormun/servlet/permisogoce?aad591349eddfc4287a5cb7334f1b224,INS,0,,,,gx-no-cache=1536871478375 HTTP/1.1" 200 93
186.103.159.188 - - [13/Sep/2018:17:45:58 -0300] "GET /cormun/servlet/hpexe_return? HTTP/1.1" 200 1012
186.103.159.188 - - [13/Sep/2018:17:45:58 -0300] "GET /cormun/servlet/trpermisosgoce HTTP/1.1" 200 9533
186.103.159.188 - - [13/Sep/2018:17:45:59 -0300] "GET /cormun/servlet/trpermisosgoce HTTP/1.1" 200 9530
186.67.172.234 - - [13/Sep/2018:17:45:59 -0300] "POST /cormun/servlet/trpermisosgoce?f824651fff8302d427ad295ee9a18d92,gx-no-cache=1536871427599 HTTP/1.1" 200 13457
186.67.172.234 - - [13/Sep/2018:17:45:59 -0300] "GET /cormun/static/Shared/jqueryui/images/ui-bg_highlight-soft_100_c6c2c8_1x100.png HTTP/1.1" 404 1117
186.67.172.234 - - [13/Sep/2018:17:45:59 -0300] "GET /cormun/static/Shared/jqueryui/images/ui-icons_82798d_256x240.png HTTP/1.1" 404 1089
186.67.172.234 - - [13/Sep/2018:17:45:59 -0300] "GET /cormun/static/Shared/jqueryui/images/ui-bg_flat_55_fafafa_40x100.png HTTP/1.1" 404 1097
186.67.172.234 - - [13/Sep/2018:17:45:59 -0300] "GET /cormun/static/Shared/jqueryui/images/ui-icons_8d78a5_256x240.png HTTP/1.1" 404 1089
186.103.159.188 - - [13/Sep/2018:17:46:02 -0300] "GET /cormun/servlet/permisogoce?INS,0,,, HTTP/1.1" 200 6845
186.67.172.234 - - [13/Sep/2018:17:46:03 -0300] "POST /cormun/servlet/trpermisosgoce?f824651fff8302d427ad295ee9a18d92,gx-no-cache=1536871431055 HTTP/1.1" 200 13472
186.103.159.188 - - [13/Sep/2018:17:46:03 -0300] "GET /cormun/servlet/permisogoce?INS,0,,, HTTP/1.1" 200 6844
186.103.159.188 - - [13/Sep/2018:17:46:08 -0300] "GET /cormun/servlet/permisogoce?0abd8418dc9cbed43e676a01732a82500ae039132ac29a03d38267fbe6e9f40890d21f12360611adb74b718dec9e14946d3d5b7f856205078d6422762bb0f886,gx-no-cache=1536871488966 HTTP/1.1" 200 76
186.67.172.234 - - [13/Sep/2018:17:46:14 -0300] "GET /cormun/servlet/trpermisosadjuntos?16997956,20180913173652,P, HTTP/1.1" 200 6636
186.67.172.234 - - [13/Sep/2018:17:46:15 -0300] "GET /cormun/servlet/trpermisosadjuntos?16997956,20180913173652,P, HTTP/1.1" 200 6635
186.67.172.234 - - [13/Sep/2018:17:46:16 -0300] "GET /cormun/servlet/permisosadjuntos?INS,16997956,P,20180913173652,, HTTP/1.1" 200 5963
186.67.172.234 - - [13/Sep/2018:17:46:17 -0300] "GET /cormun/static/about:blank HTTP/1.1" 404 1011
186.67.172.234 - - [13/Sep/2018:17:46:17 -0300] "GET /cormun/servlet/permisosadjuntos?INS,16997956,P,20180913173652,, HTTP/1.1" 200 5953
186.103.159.188 - - [13/Sep/2018:17:46:23 -0300] "GET /cormun/static/menuarrow.gif HTTP/1.1" 404 1015
186.67.172.234 - - [13/Sep/2018:17:46:30 -0300] "POST /cormun/servlet/permisosadjuntos?f824651fff8302d427ad295ee9a18d92,INS,16997956,P,20180913173652,, HTTP/1.1" 200 116
186.67.172.234 - - [13/Sep/2018:17:46:30 -0300] "GET /cormun/servlet/hpexe_return? HTTP/1.1" 200 1035
186.103.159.188 - - [13/Sep/2018:17:46:30 -0300] "GET /cormun/servlet/permisogoce?0abd8418dc9cbed43e676a01732a82504fd5dcfda00a247285d85364e69b4f82313f24ada17ae81a0b9927203c1a569e2a5ba603f13810e7741f0e8b42878502,gx-no-cache=1536871511140 HTTP/1.1" 200 47
186.67.172.234 - - [13/Sep/2018:17:46:30 -0300] "GET /cormun/servlet/trpermisosadjuntos?16997956,20180913173652,P, HTTP/1.1" 200 7153
186.67.172.234 - - [13/Sep/2018:17:46:30 -0300] "GET /cormun/servlet/trpermisosadjuntos?16997956,20180913173652,P, HTTP/1.1" 200 7150
186.103.159.188 - - [13/Sep/2018:17:46:32 -0300] "POST /cormun/servlet/permisogoce?aad591349eddfc4287a5cb7334f1b224,INS,0,,,,gx-no-cache=1536871512400 HTTP/1.1" 200 93
186.103.159.188 - - [13/Sep/2018:17:46:32 -0300] "GET /cormun/servlet/hpexe_return? HTTP/1.1" 200 1012
186.103.159.188 - - [13/Sep/2018:17:46:32 -0300] "GET /cormun/servlet/trpermisosgoce HTTP/1.1" 200 9751
186.103.159.188 - - [13/Sep/2018:17:46:33 -0300] "GET /cormun/servlet/trpermisosgoce HTTP/1.1" 200 9743
186.67.172.234 - - [13/Sep/2018:17:46:33 -0300] "POST /cormun/servlet/trpermisosadjuntos?f824651fff8302d427ad295ee9a18d92,16997956,20180913173652,P,,gx-no-cache=1536871462234 HTTP/1.1" 200 90
186.67.172.234 - - [13/Sep/2018:17:46:33 -0300] "GET /cormun/servlet/hpexe_link HTTP/1.1" 200 1001
186.67.172.234 - - [13/Sep/2018:17:46:34 -0300] "GET /cormun/servlet/trpermisosgoce?gx-no-cache=1536871431055 HTTP/1.1" 200 16302
186.67.172.234 - - [13/Sep/2018:17:46:34 -0300] "GET /cormun/servlet/trpermisosgoce?gx-no-cache=1536871431055 HTTP/1.1" 200 16336
186.103.159.188 - - [13/Sep/2018:17:46:36 -0300] "GET /cormun/servlet/permisogoce?INS,0,,, HTTP/1.1" 200 6845
186.103.159.188 - - [13/Sep/2018:17:46:37 -0300] "GET /cormun/servlet/permisogoce?INS,0,,, HTTP/1.1" 200 6845
190.164.163.23 - - [13/Sep/2018:17:46:41 -0300] "GET /cormun/servlet/permisogoce?0abd8418dc9cbed43e676a01732a82501e32cf56afe8283e36844084d68fd95054414b1cef8fc55ebe73c4f9ec15c0d9,gx-no-cache=1536871522076 HTTP/1.1" 200 79
186.67.172.234 - - [13/Sep/2018:17:46:41 -0300] "POST /cormun/servlet/trpermisosgoce?f824651fff8302d427ad295ee9a18d92,gx-no-cache=1536871431055,gx-no-cache=1536871469885 HTTP/1.1" 200 13459
186.67.172.234 - - [13/Sep/2018:17:46:41 -0300] "GET /cormun/static/Shared/jqueryui/images/ui-bg_highlight-soft_100_c6c2c8_1x100.png HTTP/1.1" 404 1117
186.67.172.234 - - [13/Sep/2018:17:46:41 -0300] "GET /cormun/static/Shared/jqueryui/images/ui-icons_82798d_256x240.png HTTP/1.1" 404 1089
186.67.172.234 - - [13/Sep/2018:17:46:41 -0300] "GET /cormun/static/Shared/jqueryui/images/ui-bg_flat_55_fafafa_40x100.png HTTP/1.1" 404 1097
186.67.172.234 - - [13/Sep/2018:17:46:42 -0300] "GET /cormun/static/Shared/jqueryui/images/ui-icons_8d78a5_256x240.png HTTP/1.1" 404 1089
190.164.163.23 - - [13/Sep/2018:17:46:47 -0300] "POST /cormun/servlet/permisogoce?aad591349eddfc4287a5cb7334f1b224,INS,0,,,,gx-no-cache=1536871527908 HTTP/1.1" 200 93
190.164.163.23 - - [13/Sep/2018:17:46:47 -0300] "GET /cormun/servlet/hpexe_return? HTTP/1.1" 200 1012
190.164.163.23 - - [13/Sep/2018:17:46:47 -0300] "GET /cormun/servlet/trpermisosgoce HTTP/1.1" 200 9750
190.164.163.23 - - [13/Sep/2018:17:46:48 -0300] "GET /cormun/servlet/trpermisosgoce HTTP/1.1" 200 9740
190.164.163.23 - - [13/Sep/2018:17:46:50 -0300] "GET /cormun/servlet/trpermisosgoce? HTTP/1.1" 200 9747
190.164.163.23 - - [13/Sep/2018:17:46:50 -0300] "GET /cormun/servlet/trpermisosgoce? HTTP/1.1" 200 9743
186.103.159.188 - - [13/Sep/2018:17:46:52 -0300] "GET /cormun/servlet/permisogoce?INS,0,,, HTTP/1.1" 200 6845
186.103.159.188 - - [13/Sep/2018:17:46:53 -0300] "GET /cormun/servlet/permisogoce?INS,0,,, HTTP/1.1" 200 6845
186.103.159.188 - - [13/Sep/2018:17:46:58 -0300] "GET /cormun/servlet/permisogoce?0abd8418dc9cbed43e676a01732a8250add4acf27313ac29a737e5fcd5c2825590d21f12360611adb74b718dec9e14946d3d5b7f856205078d6422762bb0f886,gx-no-cache=1536871539506 HTTP/1.1" 200 81
186.67.172.234 - - [13/Sep/2018:17:47:00 -0300] "GET /cormun/servlet/trpermisosadjuntos?16997956,20180913173750,P, HTTP/1.1" 200 6656
186.67.172.234 - - [13/Sep/2018:17:47:00 -0300] "GET /cormun/servlet/trpermisosadjuntos?16997956,20180913173750,P, HTTP/1.1" 200 6635
186.67.172.234 - - [13/Sep/2018:17:47:02 -0300] "GET /cormun/servlet/permisosadjuntos?INS,16997956,P,20180913173750,, HTTP/1.1" 200 5964
186.67.172.234 - - [13/Sep/2018:17:47:02 -0300] "GET /cormun/static/about:blank HTTP/1.1" 404 1011
186.67.172.234 - - [13/Sep/2018:17:47:02 -0300] "GET /cormun/servlet/permisosadjuntos?INS,16997956,P,20180913173750,, HTTP/1.1" 200 5954
186.103.159.188 - - [13/Sep/2018:17:47:04 -0300] "GET /cormun/static/menuarrow.gif HTTP/1.1" 404 1015
186.103.159.188 - - [13/Sep/2018:17:47:09 -0300] "GET /cormun/servlet/permisogoce?0abd8418dc9cbed43e676a01732a8250cc62baa9c189b9eda42ba2861a93c6ec85dcf88843dda7144cb984f75a1def822a5ba603f13810e7741f0e8b42878502,gx-no-cache=1536871549738 HTTP/1.1" 200 46
186.103.159.188 - - [13/Sep/2018:17:47:10 -0300] "POST /cormun/servlet/permisogoce?aad591349eddfc4287a5cb7334f1b224,INS,0,,,,gx-no-cache=1536871550896 HTTP/1.1" 200 93
186.103.159.188 - - [13/Sep/2018:17:47:10 -0300] "GET /cormun/servlet/hpexe_return? HTTP/1.1" 200 1012
186.103.159.188 - - [13/Sep/2018:17:47:10 -0300] "GET /cormun/servlet/trpermisosgoce HTTP/1.1" 200 9966
186.103.159.188 - - [13/Sep/2018:17:47:11 -0300] "GET /cormun/servlet/trpermisosgoce HTTP/1.1" 200 9976
186.67.172.234 - - [13/Sep/2018:17:47:12 -0300] "POST /cormun/servlet/permisosadjuntos?f824651fff8302d427ad295ee9a18d92,INS,16997956,P,20180913173750,, HTTP/1.1" 200 116
186.103.159.188 - - [13/Sep/2018:17:47:14 -0300] "GET /cormun/servlet/permisogoce?INS,0,,, HTTP/1.1" 200 6845
186.67.172.234 - - [13/Sep/2018:17:47:17 -0300] "GET /cormun/servlet/hpexe_return? HTTP/1.1" 200 1035
186.67.172.234 - - [13/Sep/2018:17:47:17 -0300] "GET /cormun/servlet/trpermisosadjuntos?16997956,20180913173750,P, HTTP/1.1" 200 7153
186.67.172.234 - - [13/Sep/2018:17:47:17 -0300] "GET /cormun/servlet/trpermisosadjuntos?16997956,20180913173750,P, HTTP/1.1" 200 7150
186.103.159.188 - - [13/Sep/2018:17:47:17 -0300] "GET /cormun/servlet/permisogoce?INS,0,,, HTTP/1.1" 200 6845
186.103.159.188 - - [13/Sep/2018:17:47:22 -0300] "GET /cormun/servlet/permisogoce?0abd8418dc9cbed43e676a01732a825093e3385b842fc21484b2488f52a1caa190d21f12360611adb74b718dec9e14946d3d5b7f856205078d6422762bb0f886,gx-no-cache=1536871563511 HTTP/1.1" 200 85
186.67.172.234 - - [13/Sep/2018:17:47:23 -0300] "POST /cormun/servlet/trpermisosadjuntos?f824651fff8302d427ad295ee9a18d92,16997956,20180913173750,P,,gx-no-cache=1536871512450 HTTP/1.1" 200 90
186.67.172.234 - - [13/Sep/2018:17:47:23 -0300] "GET /cormun/servlet/hpexe_link HTTP/1.1" 200 1002
186.67.172.234 - - [13/Sep/2018:17:47:24 -0300] "GET /cormun/servlet/trpermisosgoce?gx-no-cache=1536871431055 HTTP/1.1" 200 16294
186.67.172.234 - - [13/Sep/2018:17:47:24 -0300] "GET /cormun/servlet/trpermisosgoce?gx-no-cache=1536871431055 HTTP/1.1" 200 16302
186.103.159.188 - - [13/Sep/2018:17:47:27 -0300] "GET /cormun/static/menuarrow.gif HTTP/1.1" 404 1015
186.103.159.188 - - [13/Sep/2018:17:47:31 -0300] "GET /cormun/servlet/permisogoce?0abd8418dc9cbed43e676a01732a82506998917190a1e267f4fdf1c2a5138f9664d34964122564ea84fc96d2998e4bd62a5ba603f13810e7741f0e8b42878502,gx-no-cache=1536871572526 HTTP/1.1" 200 47
186.103.159.188 - - [13/Sep/2018:17:47:36 -0300] "POST /cormun/servlet/permisogoce?aad591349eddfc4287a5cb7334f1b224,INS,0,,,,gx-no-cache=1536871576916 HTTP/1.1" 200 93
186.103.159.188 - - [13/Sep/2018:17:47:36 -0300] "GET /cormun/servlet/hpexe_return? HTTP/1.1" 200 1012
186.103.159.188 - - [13/Sep/2018:17:47:36 -0300] "GET /cormun/servlet/trpermisosgoce HTTP/1.1" 200 10183
186.103.159.188 - - [13/Sep/2018:17:47:37 -0300] "GET /cormun/servlet/trpermisosgoce HTTP/1.1" 200 10179
186.67.172.234 - - [13/Sep/2018:17:47:39 -0300] "GET /cormun/servlet/trpermisosadjuntos?17271496,20180913173812,P, HTTP/1.1" 200 6655
186.67.172.234 - - [13/Sep/2018:17:47:40 -0300] "GET /cormun/servlet/trpermisosadjuntos?17271496,20180913173812,P, HTTP/1.1" 200 6635
186.67.172.234 - - [13/Sep/2018:17:47:41 -0300] "GET /cormun/servlet/permisosadjuntos?INS,17271496,P,20180913173812,, HTTP/1.1" 200 5965
186.67.172.234 - - [13/Sep/2018:17:47:41 -0300] "GET /cormun/static/about:blank HTTP/1.1" 404 1011
186.67.172.234 - - [13/Sep/2018:17:47:41 -0300] "GET /cormun/servlet/permisosadjuntos?INS,17271496,P,20180913173812,, HTTP/1.1" 200 5955
186.103.159.188 - - [13/Sep/2018:17:47:43 -0300] "GET /cormun/servlet/permisogoce?INS,0,,, HTTP/1.1" 200 6845
186.103.159.188 - - [13/Sep/2018:17:47:43 -0300] "GET /cormun/servlet/permisogoce?INS,0,,, HTTP/1.1" 200 6845
190.164.163.23 - - [13/Sep/2018:17:47:49 -0300] "GET /cormun/servlet/permisogoce?0abd8418dc9cbed43e676a01732a8250d9494c5ffbac405c586963e8f366b3de90d21f12360611adb74b718dec9e14946d3d5b7f856205078d6422762bb0f886,gx-no-cache=1536871589538 HTTP/1.1" 200 83
186.67.172.234 - - [13/Sep/2018:17:47:50 -0300] "POST /cormun/servlet/permisosadjuntos?f824651fff8302d427ad295ee9a18d92,INS,17271496,P,20180913173812,, HTTP/1.1" 200 116
186.67.172.234 - - [13/Sep/2018:17:47:50 -0300] "GET /cormun/servlet/hpexe_return? HTTP/1.1" 200 1036
186.67.172.234 - - [13/Sep/2018:17:47:50 -0300] "GET /cormun/servlet/trpermisosadjuntos?17271496,20180913173812,P, HTTP/1.1" 200 7145
186.67.172.234 - - [13/Sep/2018:17:47:51 -0300] "GET /cormun/servlet/trpermisosadjuntos?17271496,20180913173812,P, HTTP/1.1" 200 7148
186.67.172.234 - - [13/Sep/2018:17:47:53 -0300] "POST /cormun/servlet/trpermisosadjuntos?f824651fff8302d427ad295ee9a18d92,17271496,20180913173812,P,,gx-no-cache=1536871541970 HTTP/1.1" 200 90
186.67.172.234 - - [13/Sep/2018:17:47:53 -0300] "GET /cormun/servlet/hpexe_link HTTP/1.1" 200 1001
186.67.172.234 - - [13/Sep/2018:17:47:53 -0300] "GET /cormun/servlet/trpermisosgoce?gx-no-cache=1536871431055 HTTP/1.1" 200 16293
186.67.172.234 - - [13/Sep/2018:17:47:54 -0300] "GET /cormun/servlet/trpermisosgoce?gx-no-cache=1536871431055 HTTP/1.1" 200 16312
190.164.163.23 - - [13/Sep/2018:17:47:55 -0300] "GET /cormun/static/menuarrow.gif HTTP/1.1" 404 1015
186.67.172.234 - - [13/Sep/2018:17:47:59 -0300] "POST /cormun/servlet/trpermisosgoce?f824651fff8302d427ad295ee9a18d92,gx-no-cache=1536871431055,gx-no-cache=1536871547310 HTTP/1.1" 200 13409
186.67.172.234 - - [13/Sep/2018:17:47:59 -0300] "GET /cormun/static/Shared/jqueryui/images/ui-bg_highlight-soft_100_c6c2c8_1x100.png HTTP/1.1" 404 1117
186.67.172.234 - - [13/Sep/2018:17:47:59 -0300] "GET /cormun/static/Shared/jqueryui/images/ui-icons_82798d_256x240.png HTTP/1.1" 404 1089
186.67.172.234 - - [13/Sep/2018:17:47:59 -0300] "GET /cormun/static/Shared/jqueryui/images/ui-icons_8d78a5_256x240.png HTTP/1.1" 404 1089
186.67.172.234 - - [13/Sep/2018:17:47:59 -0300] "GET /cormun/static/Shared/jqueryui/images/ui-bg_flat_55_fafafa_40x100.png HTTP/1.1" 404 1097
190.164.163.23 - - [13/Sep/2018:17:48:00 -0300] "GET /cormun/servlet/permisogoce?0abd8418dc9cbed43e676a01732a8250f756a9eeeb49ff7cde3c3b2bf085a3eb9d5ff2cd3783474974f065245d1cab3c2a5ba603f13810e7741f0e8b42878502,gx-no-cache=1536871601287 HTTP/1.1" 200 47
190.164.163.23 - - [13/Sep/2018:17:48:02 -0300] "POST /cormun/servlet/permisogoce?aad591349eddfc4287a5cb7334f1b224,INS,0,,,,gx-no-cache=1536871602733 HTTP/1.1" 200 93
190.164.163.23 - - [13/Sep/2018:17:48:02 -0300] "GET /cormun/servlet/hpexe_return? HTTP/1.1" 200 1012
190.164.163.23 - - [13/Sep/2018:17:48:02 -0300] "GET /cormun/servlet/trpermisosgoce HTTP/1.1" 200 10415
190.164.163.23 - - [13/Sep/2018:17:48:03 -0300] "GET /cormun/servlet/trpermisosgoce HTTP/1.1" 200 10411
186.67.172.234 - - [13/Sep/2018:17:48:03 -0300] "POST /cormun/servlet/trpermisosgoce?f824651fff8302d427ad295ee9a18d92,gx-no-cache=1536871431055,gx-no-cache=1536871551379 HTTP/1.1" 200 13409
190.164.163.23 - - [13/Sep/2018:17:48:06 -0300] "GET /cormun/servlet/permisogoce?INS,0,,, HTTP/1.1" 200 6845
190.164.163.23 - - [13/Sep/2018:17:48:06 -0300] "GET /cormun/servlet/permisogoce?INS,0,,, HTTP/1.1" 200 6844
186.67.172.234 - - [13/Sep/2018:17:48:08 -0300] "GET /cormun/servlet/trpermisosadjuntos?8758448,20180913173834,P, HTTP/1.1" 200 6663
186.67.172.234 - - [13/Sep/2018:17:48:08 -0300] "GET /cormun/servlet/trpermisosadjuntos?8758448,20180913173834,P, HTTP/1.1" 200 6641
186.67.172.234 - - [13/Sep/2018:17:48:10 -0300] "GET /cormun/servlet/permisosadjuntos?INS,8758448,P,20180913173834,, HTTP/1.1" 200 5971
186.67.172.234 - - [13/Sep/2018:17:48:10 -0300] "GET /cormun/static/about:blank HTTP/1.1" 404 1011
186.67.172.234 - - [13/Sep/2018:17:48:10 -0300] "GET /cormun/servlet/permisosadjuntos?INS,8758448,P,20180913173834,, HTTP/1.1" 200 5961
186.103.159.188 - - [13/Sep/2018:17:48:16 -0300] "GET /cormun/servlet/permisogoce?0abd8418dc9cbed43e676a01732a8250dfc86f75ead9eddb8ac87848fd12439290d21f12360611adb74b718dec9e14946d3d5b7f856205078d6422762bb0f886,gx-no-cache=1536871617043 HTTP/1.1" 200 77
186.67.172.234 - - [13/Sep/2018:17:48:17 -0300] "POST /cormun/servlet/permisosadjuntos?f824651fff8302d427ad295ee9a18d92,INS,8758448,P,20180913173834,, HTTP/1.1" 200 116
186.67.172.234 - - [13/Sep/2018:17:48:17 -0300] "GET /cormun/servlet/hpexe_return? HTTP/1.1" 200 1032
186.67.172.234 - - [13/Sep/2018:17:48:18 -0300] "GET /cormun/servlet/trpermisosadjuntos?8758448,20180913173834,P, HTTP/1.1" 200 7159
186.67.172.234 - - [13/Sep/2018:17:48:18 -0300] "GET /cormun/servlet/trpermisosadjuntos?8758448,20180913173834,P, HTTP/1.1" 200 7157
186.103.159.188 - - [13/Sep/2018:17:48:20 -0300] "GET /cormun/static/menuarrow.gif HTTP/1.1" 404 1015
186.67.172.234 - - [13/Sep/2018:17:48:20 -0300] "POST /cormun/servlet/trpermisosadjuntos?f824651fff8302d427ad295ee9a18d92,8758448,20180913173834,P,,gx-no-cache=1536871569426 HTTP/1.1" 200 90
186.67.172.234 - - [13/Sep/2018:17:48:20 -0300] "GET /cormun/servlet/hpexe_link HTTP/1.1" 200 998
186.67.172.234 - - [13/Sep/2018:17:48:21 -0300] "GET /cormun/servlet/trpermisosgoce?gx-no-cache=1536871431055 HTTP/1.1" 200 16233
186.67.172.234 - - [13/Sep/2018:17:48:22 -0300] "GET /cormun/servlet/trpermisosgoce?gx-no-cache=1536871431055 HTTP/1.1" 200 16259
186.103.159.188 - - [13/Sep/2018:17:48:26 -0300] "GET /cormun/servlet/permisogoce?0abd8418dc9cbed43e676a01732a825003282743af996d9462b6d585daf153e5e163c7204366c093115fd0d9b79690f12a5ba603f13810e7741f0e8b42878502,gx-no-cache=1536871627079 HTTP/1.1" 200 46
186.67.172.234 - - [13/Sep/2018:17:48:27 -0300] "POST /cormun/servlet/trpermisosgoce?f824651fff8302d427ad295ee9a18d92,gx-no-cache=1536871431055,gx-no-cache=1536871575796 HTTP/1.1" 200 13393
186.67.172.234 - - [13/Sep/2018:17:48:28 -0300] "GET /cormun/static/Shared/jqueryui/images/ui-bg_highlight-soft_100_c6c2c8_1x100.png HTTP/1.1" 404 1117
186.67.172.234 - - [13/Sep/2018:17:48:28 -0300] "GET /cormun/static/Shared/jqueryui/images/ui-icons_82798d_256x240.png HTTP/1.1" 404 1089
186.67.172.234 - - [13/Sep/2018:17:48:28 -0300] "GET /cormun/static/Shared/jqueryui/images/ui-icons_8d78a5_256x240.png HTTP/1.1" 404 1089
186.67.172.234 - - [13/Sep/2018:17:48:28 -0300] "GET /cormun/static/Shared/jqueryui/images/ui-bg_flat_55_fafafa_40x100.png HTTP/1.1" 404 1097
186.103.159.188 - - [13/Sep/2018:17:48:28 -0300] "POST /cormun/servlet/permisogoce?aad591349eddfc4287a5cb7334f1b224,INS,0,,,,gx-no-cache=1536871628705 HTTP/1.1" 200 93
186.103.159.188 - - [13/Sep/2018:17:48:28 -0300] "GET /cormun/servlet/hpexe_return? HTTP/1.1" 200 1012
186.103.159.188 - - [13/Sep/2018:17:48:28 -0300] "GET /cormun/servlet/trpermisosgoce HTTP/1.1" 200 10651
186.103.159.188 - - [13/Sep/2018:17:48:29 -0300] "GET /cormun/servlet/trpermisosgoce HTTP/1.1" 200 10668
186.67.172.234 - - [13/Sep/2018:17:48:32 -0300] "GET /cormun/servlet/trpermisosadjuntos?15105457,20180913173900,P, HTTP/1.1" 200 6656
186.67.172.234 - - [13/Sep/2018:17:48:32 -0300] "GET /cormun/servlet/trpermisosadjuntos?15105457,20180913173900,P, HTTP/1.1" 200 6635
186.103.159.188 - - [13/Sep/2018:17:48:32 -0300] "POST /cormun/servlet/trpermisosgoce?aad591349eddfc4287a5cb7334f1b224,gx-no-cache=1536871632744 HTTP/1.1" 200 7916
186.67.172.234 - - [13/Sep/2018:17:48:33 -0300] "GET /cormun/servlet/permisosadjuntos?INS,15105457,P,20180913173900,, HTTP/1.1" 200 5965
186.67.172.234 - - [13/Sep/2018:17:48:33 -0300] "GET /cormun/static/about:blank HTTP/1.1" 404 1011
186.67.172.234 - - [13/Sep/2018:17:48:34 -0300] "GET /cormun/servlet/permisosadjuntos?INS,15105457,P,20180913173900,, HTTP/1.1" 200 5955
186.103.159.188 - - [13/Sep/2018:17:48:37 -0300] "GET /cormun/servlet/permisogoce?INS,0,,, HTTP/1.1" 200 6845
186.103.159.188 - - [13/Sep/2018:17:48:37 -0300] "GET /cormun/servlet/permisogoce?INS,0,,, HTTP/1.1" 200 6845
190.164.163.23 - - [13/Sep/2018:17:48:42 -0300] "GET /cormun/servlet/permisogoce?0abd8418dc9cbed43e676a01732a8250550fa807b9a3af512d84d24c23571b9f90d21f12360611adb74b718dec9e14946d3d5b7f856205078d6422762bb0f886,gx-no-cache=1536871643543 HTTP/1.1" 200 79
186.67.172.234 - - [13/Sep/2018:17:48:44 -0300] "POST /cormun/servlet/permisosadjuntos?f824651fff8302d427ad295ee9a18d92,INS,15105457,P,20180913173900,, HTTP/1.1" 200 116
190.164.163.23 - - [13/Sep/2018:17:48:48 -0300] "GET /cormun/servlet/permisogoce?0abd8418dc9cbed43e676a01732a8250975f331526b36dd5ca9b736f8cbed900b6d60db2237cb3d9ac03c0b14ab5a61c2a5ba603f13810e7741f0e8b42878502,gx-no-cache=1536871648885 HTTP/1.1" 200 46
190.164.163.23 - - [13/Sep/2018:17:48:50 -0300] "GET /cormun/static/menuarrow.gif HTTP/1.1" 404 1015
190.164.163.23 - - [13/Sep/2018:17:48:58 -0300] "GET /cormun/servlet/permisogoce?0abd8418dc9cbed43e676a01732a8250975f331526b36dd5ca9b736f8cbed900fe8cf04de13da152dca084beb8c651176dbf92866ac80769b0a379844502f3d3,gx-no-cache=1536871658621 HTTP/1.1" 200 47
190.164.163.23 - - [13/Sep/2018:17:49:00 -0300] "POST /cormun/servlet/permisogoce?aad591349eddfc4287a5cb7334f1b224,INS,0,,,,gx-no-cache=1536871660535 HTTP/1.1" 200 93
190.164.163.23 - - [13/Sep/2018:17:49:00 -0300] "GET /cormun/servlet/hpexe_return? HTTP/1.1" 200 1034
190.164.163.23 - - [13/Sep/2018:17:49:00 -0300] "GET /cormun/servlet/trpermisosgoce?gx-no-cache=1536871632744 HTTP/1.1" 200 10897
190.164.163.23 - - [13/Sep/2018:17:49:01 -0300] "GET /cormun/servlet/trpermisosgoce?gx-no-cache=1536871632744 HTTP/1.1" 200 10911
190.164.163.23 - - [13/Sep/2018:17:49:05 -0300] "GET /cormun/servlet/apermisogoceprn?18041579,P,20180913174303,PU HTTP/1.1" 200 1660
186.103.159.188 - - [13/Sep/2018:17:49:27 -0300] "GET /cormun/servlet/apermisogoceprn?15102666,P,20180913174100,PU HTTP/1.1" 200 1667
186.103.159.188 - - [13/Sep/2018:17:49:43 -0300] "GET /cormun/servlet/apermisogoceprn?9721101,P,20180913174001,PU HTTP/1.1" 200 1664
186.103.159.188 - - [13/Sep/2018:17:49:54 -0300] "GET /cormun/servlet/apermisogoceprn?10113000,P,20180913174324,PU HTTP/1.1" 200 1666
186.103.159.188 - - [13/Sep/2018:17:50:10 -0300] "GET /cormun/servlet/apermisogoceprn?7460730,P,20180913174151,PU HTTP/1.1" 200 1665
186.67.172.234 - - [13/Sep/2018:17:50:19 -0300] "GET /cormun/servlet/trpermisosadjuntos?15105457,20180913173900,P, HTTP/1.1" 200 7145
186.67.172.234 - - [13/Sep/2018:17:50:20 -0300] "GET /cormun/servlet/trpermisosadjuntos?15105457,20180913173900,P, HTTP/1.1" 200 7125
186.67.172.234 - - [13/Sep/2018:17:50:28 -0300] "POST /cormun/servlet/trpermisosadjuntos?f824651fff8302d427ad295ee9a18d92,15105457,20180913173900,P,,gx-no-cache=1536871693435 HTTP/1.1" 200 90
190.164.163.23 - - [13/Sep/2018:17:50:32 -0300] "GET /cormun/servlet/apermisogoceprn?12290944,P,20180913174353,PU HTTP/1.1" 200 1662
186.103.159.188 - - [13/Sep/2018:17:51:02 -0300] "POST /cormun/servlet/trpermisosgoce?aad591349eddfc4287a5cb7334f1b224,gx-no-cache=1536871632744,gx-no-cache=1536871783247 HTTP/1.1" 200 7919
186.103.159.188 - - [13/Sep/2018:17:51:03 -0300] "POST /cormun/servlet/trpermisosgoce?aad591349eddfc4287a5cb7334f1b224,gx-no-cache=1536871632744,gx-no-cache=1536871783640 HTTP/1.1" 200 7886
186.103.159.188 - - [13/Sep/2018:17:51:10 -0300] "GET /cormun/servlet/apermisogoceprn?11995895,P,20180913174213,PU HTTP/1.1" 200 1652
186.103.159.188 - - [13/Sep/2018:17:51:21 -0300] "GET /cormun/servlet/apermisogoceprn?17108069,P,20180913174030,PU HTTP/1.1" 200 1654
186.67.172.234 - - [13/Sep/2018:17:51:48 -0300] "GET /cormun/servlet/trpermisosgoce?gx-no-cache=1536871431055 HTTP/1.1" 200 16261
186.67.172.234 - - [13/Sep/2018:17:51:50 -0300] "GET /cormun/servlet/trpermisosgoce?gx-no-cache=1536871431055 HTTP/1.1" 200 16251
186.103.159.188 - - [13/Sep/2018:17:52:03 -0300] "GET /cormun/servlet/apermisogoceprn?16494782,P,20180913174417,PU HTTP/1.1" 200 1649
186.67.172.234 - - [13/Sep/2018:17:52:06 -0300] "GET /cormun/servlet/trpermisosadjuntos?6877703,20180913173921,P, HTTP/1.1" 200 6654
186.67.172.234 - - [13/Sep/2018:17:52:07 -0300] "GET /cormun/servlet/trpermisosadjuntos?6877703,20180913173921,P, HTTP/1.1" 200 6634
186.67.172.234 - - [13/Sep/2018:17:52:08 -0300] "GET /cormun/servlet/permisosadjuntos?INS,6877703,P,20180913173921,, HTTP/1.1" 200 5963
186.67.172.234 - - [13/Sep/2018:17:52:09 -0300] "GET /cormun/static/about:blank HTTP/1.1" 404 1011
186.67.172.234 - - [13/Sep/2018:17:52:09 -0300] "GET /cormun/servlet/permisosadjuntos?INS,6877703,P,20180913173921,, HTTP/1.1" 200 5952
186.67.172.234 - - [13/Sep/2018:17:52:18 -0300] "POST /cormun/servlet/permisosadjuntos?f824651fff8302d427ad295ee9a18d92,INS,6877703,P,20180913173921,, HTTP/1.1" 200 116
186.67.172.234 - - [13/Sep/2018:17:52:18 -0300] "GET /cormun/servlet/hpexe_return? HTTP/1.1" 200 1035
186.67.172.234 - - [13/Sep/2018:17:52:19 -0300] "GET /cormun/servlet/trpermisosadjuntos?6877703,20180913173921,P, HTTP/1.1" 200 7127
186.67.172.234 - - [13/Sep/2018:17:52:19 -0300] "GET /cormun/servlet/trpermisosadjuntos?6877703,20180913173921,P, HTTP/1.1" 200 7122
186.67.172.234 - - [13/Sep/2018:17:52:23 -0300] "POST /cormun/servlet/trpermisosadjuntos?f824651fff8302d427ad295ee9a18d92,6877703,20180913173921,P,,gx-no-cache=1536871811345 HTTP/1.1" 200 90
186.67.172.234 - - [13/Sep/2018:17:52:23 -0300] "GET /cormun/servlet/hpexe_link HTTP/1.1" 200 1000
186.67.172.234 - - [13/Sep/2018:17:52:24 -0300] "GET /cormun/servlet/trpermisosgoce?gx-no-cache=1536871431055 HTTP/1.1" 200 16261
186.67.172.234 - - [13/Sep/2018:17:52:24 -0300] "GET /cormun/servlet/trpermisosgoce?gx-no-cache=1536871431055 HTTP/1.1" 200 16280
186.67.172.234 - - [13/Sep/2018:17:52:35 -0300] "POST /cormun/servlet/trpermisosgoce?f824651fff8302d427ad295ee9a18d92,gx-no-cache=1536871431055,gx-no-cache=1536871823941 HTTP/1.1" 200 13400
186.67.172.234 - - [13/Sep/2018:17:52:36 -0300] "GET /cormun/static/Shared/jqueryui/images/ui-bg_highlight-soft_100_c6c2c8_1x100.png HTTP/1.1" 404 1117
186.67.172.234 - - [13/Sep/2018:17:52:36 -0300] "GET /cormun/static/Shared/jqueryui/images/ui-bg_flat_55_fafafa_40x100.png HTTP/1.1" 404 1097
186.67.172.234 - - [13/Sep/2018:17:52:36 -0300] "GET /cormun/static/Shared/jqueryui/images/ui-icons_8d78a5_256x240.png HTTP/1.1" 404 1089
186.67.172.234 - - [13/Sep/2018:17:52:36 -0300] "GET /cormun/static/Shared/jqueryui/images/ui-icons_82798d_256x240.png HTTP/1.1" 404 1089
186.103.159.188 - - [13/Sep/2018:17:52:39 -0300] "GET /cormun/servlet/apermisogoceprn?19592189,P,20180913174128,PU HTTP/1.1" 200 1663
186.67.172.234 - - [13/Sep/2018:17:52:49 -0300] "GET /cormun/servlet/trpermisosadjuntos?15105457,20180913173900,P, HTTP/1.1" 200 7145
186.67.172.234 - - [13/Sep/2018:17:52:50 -0300] "GET /cormun/servlet/trpermisosadjuntos?15105457,20180913173900,P, HTTP/1.1" 200 7125
