200.72.197.82 - - [10/Sep/2018:11:47:46 -0300] "GET /cormun/servlet/licenciaspermisos?INS,0,,, HTTP/1.1" 200 7560
200.72.197.82 - - [10/Sep/2018:11:47:47 -0300] "GET /cormun/static/gxcfg.js?201762917281167 HTTP/1.1" 200 953
200.72.197.82 - - [10/Sep/2018:11:47:47 -0300] "GET /cormun/servlet/licenciaspermisos?INS,0,,, HTTP/1.1" 200 7566
201.215.248.160 - - [10/Sep/2018:11:47:49 -0300] "POST /cormun/servlet/prfichaempleado?dbe822ba88936660662ed6269261b2f2,,MD,,gxPopupLevel%3D0%3B,gx-no-cache=1536594638242 HTTP/1.1" 200 3422
200.72.197.82 - - [10/Sep/2018:11:47:51 -0300] "GET /cormun/servlet/prfichaempleado?,MD,,gxPopupLevel%3D0%3B HTTP/1.1" 200 9350
201.215.248.160 - - [10/Sep/2018:11:48:02 -0300] "GET /cormun/servlet/licenciaspermisos?06d0da74ac93c5f59ddd1760404fe995e99281eb739aad7bddd04855c4fb11bfe42f496186b63229ef02bcbd45264c58,gx-no-cache=1536594651328 HTTP/1.1" 200 96
201.215.248.160 - - [10/Sep/2018:11:48:02 -0300] "POST /cormun/servlet/licenciaspermisos?dbe822ba88936660662ed6269261b2f2,INS,0,,,,gx-no-cache=1536594651456 HTTP/1.1" 200 4954
200.72.197.82 - - [10/Sep/2018:11:48:04 -0300] "POST /cormun/servlet/prfichaempleado?5cbcd6ef778e040a66fc961e77464a52,,MD,,gxPopupLevel%3D0%3B,gx-no-cache=1536590804856 HTTP/1.1" 200 3429
200.72.197.82 - - [10/Sep/2018:11:48:07 -0300] "GET /cormun/servlet/licenciaspermisos?6ca9508a7c5cf26523fb52785d18377c5d9ae207b9353648242b0009c73fbc0496fca04d6f18214c4e41e3dee4bcd7e6,gx-no-cache=1536590809606 HTTP/1.1" 200 97
200.72.197.82 - - [10/Sep/2018:11:48:08 -0300] "POST /cormun/servlet/licenciaspermisos?5cbcd6ef778e040a66fc961e77464a52,INS,0,,,,gx-no-cache=1536590809659 HTTP/1.1" 200 4728
200.72.197.82 - - [10/Sep/2018:11:48:26 -0300] "GET /cormun/static/menuarrow.gif HTTP/1.1" 404 1015
201.215.248.160 - - [10/Sep/2018:11:48:52 -0300] "GET /cormun/static/menuarrow.gif HTTP/1.1" 404 1015
201.215.248.160 - - [10/Sep/2018:11:50:16 -0300] "GET /cormun/servlet/licenciaspermisos?06d0da74ac93c5f59ddd1760404fe9957850384cfd4d024b7165f0e3804189438e87ae4966c31e8c86c7434aa21bd5118af801133f4dd0a8b050b7ceb2e14184361673d1db435a724804c85abb596f93dbe09c6f13f295c05b3b63429bbd61c1b490cf2fae2243f8667344901719192f9d9c5114f0fc21a277d17e155cd389e8f44abe7b27b8e953eef3098fcd8ee8e7be3b73c4f0bfdefd718ba81e04ef6799a63f767329571a4b3446bb63ed7154b8,gx-no-cache=1536594785338 HTTP/1.1" 200 30
201.215.248.160 - - [10/Sep/2018:11:50:16 -0300] "POST /cormun/servlet/licenciaspermisos?dbe822ba88936660662ed6269261b2f2,INS,0,,,,gx-no-cache=1536594785424 HTTP/1.1" 200 4996
200.72.197.82 - - [10/Sep/2018:11:50:44 -0300] "GET /cormun/servlet/licenciaspermisos?6ca9508a7c5cf26523fb52785d18377c07fde556130c76f2171927ea2b434dc76ac957a104c876504eb4c04e3d7d274d2f28855e9e867c038d3362e5a3fa1975e27a93cd7f8ea5b87510b0d64b5b3acef7de919ef0dd44b7e99047f9d94b315e90185bd83d49fdbfb50645a6c69fe22129b9f13f50f61c6d72ddb34c29c185306f9b6c6e20dde16d61915a44febcfde38b2f5c553a6a8df32b795e2512b25a814f7905418cc5f8f1ff2adb35005a795ef8e48ef111b1749129d56ce369ddd01bd63a681f10c6ee12514aec02b052737d973c593b2a4c7153bffdc21c5b4fbcfe,gx-no-cache=1536590965706 HTTP/1.1" 200 30
200.72.197.82 - - [10/Sep/2018:11:50:44 -0300] "POST /cormun/servlet/licenciaspermisos?5cbcd6ef778e040a66fc961e77464a52,INS,0,,,,gx-no-cache=1536590965786 HTTP/1.1" 200 4800
200.72.197.82 - - [10/Sep/2018:11:50:47 -0300] "GET /cormun/servlet/prfichaempleado?,MD,,gxPopupLevel%3D0%3B HTTP/1.1" 200 9350
200.72.197.82 - - [10/Sep/2018:11:50:53 -0300] "POST /cormun/servlet/prfichaempleado?5cbcd6ef778e040a66fc961e77464a52,,MD,,gxPopupLevel%3D0%3B,gx-no-cache=1536590975585 HTTP/1.1" 200 3421
186.10.12.250 - - [10/Sep/2018:11:51:17 -0300] "GET /cormun/servlet/licenciaspermisos?6ca9508a7c5cf26523fb52785d18377c5d9ae207b9353648242b0009c73fbc04b5131902899f36722139d3b3c7ee2871fed9f6ab453bda070910b0aedb1df21a012b525c08382d16292551a8b7f213e227a891a231c233b2418dd7044a6daf299b618b710df508e95c3acbd15712b39301f30c911f260acb932a31eff996c88abe769f6e86f60e6cebf19144f5c9e960,gx-no-cache=1536590999325 HTTP/1.1" 200 97
186.10.12.250 - - [10/Sep/2018:11:51:17 -0300] "POST /cormun/servlet/licenciaspermisos?5cbcd6ef778e040a66fc961e77464a52,INS,0,,,,gx-no-cache=1536590999439 HTTP/1.1" 200 4800
200.72.197.82 - - [10/Sep/2018:11:51:50 -0300] "GET /cormun/servlet/licenciaspermisos?6ca9508a7c5cf26523fb52785d18377c0f4eda6246ae07b2c69463cd087de3fd0b4e31d4c055928f0e77712fc08086cbf9396afafdd6be54727ec99a330e22a6dddf5361a7f79c0bc6c4ab5aa99169ad3c66a7691c7b71cf72c51dd3c8afa69f1440b1f93c731514c61c422b08de4638e9e78aa86ce3a158fb9df28b832bf35a145afd1763999f98af993ce7708dce9ed65d9ddd38eaa5f172153b55dc90e70a955572af77bb40405a03710c830ebf3f3f297ecb98dab7e3271138539be0bb279bf15d8123e4446fb6ec145c95a2953292ca0d671004c6ee241b72c38bbe8fedbb9efa523d850fe92262f06c80fc610f,gx-no-cache=1536591031952 HTTP/1.1" 200 54
200.72.197.82 - - [10/Sep/2018:11:51:50 -0300] "POST /cormun/servlet/licenciaspermisos?5cbcd6ef778e040a66fc961e77464a52,INS,0,,,,gx-no-cache=1536591032055 HTTP/1.1" 200 93
200.72.197.82 - - [10/Sep/2018:11:51:50 -0300] "GET /cormun/servlet/hpexe_return? HTTP/1.1" 200 1009
200.72.197.82 - - [10/Sep/2018:11:51:51 -0300] "GET /cormun/servlet/trlicencias HTTP/1.1" 200 12279
200.72.197.82 - - [10/Sep/2018:11:51:51 -0300] "GET /cormun/servlet/trlicencias HTTP/1.1" 200 12270
186.10.12.250 - - [10/Sep/2018:11:51:55 -0300] "GET /cormun/servlet/alicenciaprn?14570360,L,20180910000000,PU HTTP/1.1" 200 1605
192.168.10.96 - - [10/Sep/2018:11:52:00 -0300] "GET /digitalizacion/servlet/hhome HTTP/1.1" 200 2607
192.168.10.96 - - [10/Sep/2018:11:52:01 -0300] "GET /digitalizacion/servlet/hlogin HTTP/1.1" 302 -
192.168.10.96 - - [10/Sep/2018:11:52:01 -0300] "GET /digitalizacion/servlet/hhome HTTP/1.1" 200 2633
192.168.10.96 - - [10/Sep/2018:11:52:01 -0300] "GET /digitalizacion/servlet/wblogin? HTTP/1.1" 200 2322
192.168.10.96 - - [10/Sep/2018:11:52:15 -0300] "POST /digitalizacion/servlet/wblogin?8879de801ed882ed2a92393f5ab7d3a6,,gx-no-cache=1536590907004 HTTP/1.1" 200 65
192.168.10.96 - - [10/Sep/2018:11:52:15 -0300] "GET /digitalizacion/servlet/hhome HTTP/1.1" 200 2823
192.168.10.96 - - [10/Sep/2018:11:52:15 -0300] "GET /digitalizacion/servlet/hhome HTTP/1.1" 200 2822
192.168.10.96 - - [10/Sep/2018:11:52:20 -0300] "GET /digitalizacion/servlet/trclase? HTTP/1.1" 200 5161
192.168.10.96 - - [10/Sep/2018:11:52:20 -0300] "GET /digitalizacion/static/gxcfg.js?201862111121437 HTTP/1.1" 200 954
192.168.10.96 - - [10/Sep/2018:11:52:20 -0300] "GET /digitalizacion/static/Resources/PXToolsGridNew.png HTTP/1.1" 200 427
192.168.10.96 - - [10/Sep/2018:11:52:20 -0300] "GET /digitalizacion//static/Resources/PXToolsGridUpdate.png HTTP/1.1" 200 470
192.168.10.96 - - [10/Sep/2018:11:52:20 -0300] "GET /digitalizacion//static/Resources/PXToolsGridDelete.png HTTP/1.1" 200 538
192.168.10.96 - - [10/Sep/2018:11:52:20 -0300] "GET /digitalizacion/servlet/trclase? HTTP/1.1" 200 5160
192.168.10.96 - - [10/Sep/2018:11:52:25 -0300] "GET /digitalizacion/servlet/trdocumentos? HTTP/1.1" 200 9945
192.168.10.96 - - [10/Sep/2018:11:52:26 -0300] "GET /digitalizacion/servlet/trdocumentos? HTTP/1.1" 200 9945
192.168.10.96 - - [10/Sep/2018:11:52:26 -0300] "POST /digitalizacion/servlet/trdocumentos?gx-no-cache=1536590917872 HTTP/1.1" 200 449
192.168.10.96 - - [10/Sep/2018:11:52:26 -0300] "POST /digitalizacion/servlet/trdocumentos?gx-no-cache=1536590917918 HTTP/1.1" 200 78
192.168.10.96 - - [10/Sep/2018:11:52:33 -0300] "POST /digitalizacion/servlet/trdocumentos?gx-no-cache=1536590925265 HTTP/1.1" 200 237
186.10.12.250 - - [10/Sep/2018:11:52:36 -0300] "POST /cormun/servlet/trlicencias?5cbcd6ef778e040a66fc961e77464a52,gx-no-cache=1536591077550 HTTP/1.1" 200 9582
186.10.12.250 - - [10/Sep/2018:11:52:36 -0300] "GET /cormun/static/Shared/jqueryui/images/ui-bg_highlight-soft_100_c6c2c8_1x100.png HTTP/1.1" 404 1117
186.10.12.250 - - [10/Sep/2018:11:52:36 -0300] "GET /cormun/static/Shared/jqueryui/images/ui-icons_82798d_256x240.png HTTP/1.1" 404 1089
186.10.12.250 - - [10/Sep/2018:11:52:36 -0300] "GET /cormun/static/Shared/jqueryui/images/ui-icons_8d78a5_256x240.png HTTP/1.1" 404 1089
190.151.100.218 - - [10/Sep/2018:11:52:36 -0300] "GET /cormun/static/Shared/jqueryui/images/ui-bg_flat_55_fafafa_40x100.png HTTP/1.1" 404 1097
192.168.10.96 - - [10/Sep/2018:11:52:40 -0300] "POST /digitalizacion/servlet/trdocumentos?8879de801ed882ed2a92393f5ab7d3a6,,gx-no-cache=1536590930522 HTTP/1.1" 200 7112
192.168.10.96 - - [10/Sep/2018:11:52:40 -0300] "GET /digitalizacion/static/Resources/PXToolsGridNext.gif HTTP/1.1" 304 -
192.168.10.96 - - [10/Sep/2018:11:52:40 -0300] "GET /digitalizacion/static/Resources/PXToolsGridLast.gif HTTP/1.1" 304 -
190.151.100.218 - - [10/Sep/2018:11:52:44 -0300] "GET /cormun/servlet/trlicenciaspermisosadjuntos?14570360,20180910000000,L, HTTP/1.1" 200 6377
190.151.100.218 - - [10/Sep/2018:11:52:45 -0300] "GET /cormun/static/gxcfg.js?20177612163414 HTTP/1.1" 200 953
186.10.12.250 - - [10/Sep/2018:11:52:45 -0300] "GET /cormun/static/trlicenciaspermisosadjuntos.js?20177612163719 HTTP/1.1" 200 21036
186.10.12.250 - - [10/Sep/2018:11:52:45 -0300] "GET /cormun/servlet/trlicenciaspermisosadjuntos?14570360,20180910000000,L, HTTP/1.1" 200 6377
190.151.100.218 - - [10/Sep/2018:11:52:47 -0300] "GET /cormun/servlet/licenciaspermisosadjuntos?INS,14570360,L,20180910000000,, HTTP/1.1" 200 5678
190.151.100.218 - - [10/Sep/2018:11:52:47 -0300] "GET /cormun/static/gxcfg.js?2017761263592 HTTP/1.1" 200 953
186.10.12.250 - - [10/Sep/2018:11:52:47 -0300] "GET /cormun/static/licenciaspermisosadjuntos.js?201776126362 HTTP/1.1" 200 8760
190.151.100.218 - - [10/Sep/2018:11:52:47 -0300] "GET /cormun/static/about:blank HTTP/1.1" 404 1011
190.151.100.218 - - [10/Sep/2018:11:52:47 -0300] "GET /cormun/servlet/licenciaspermisosadjuntos?INS,14570360,L,20180910000000,, HTTP/1.1" 200 5668
186.10.12.250 - - [10/Sep/2018:11:52:59 -0300] "POST /cormun/servlet/licenciaspermisosadjuntos?5cbcd6ef778e040a66fc961e77464a52,INS,14570360,L,20180910000000,, HTTP/1.1" 200 116
186.10.12.250 - - [10/Sep/2018:11:52:59 -0300] "GET /cormun/servlet/hpexe_return? HTTP/1.1" 200 1039
186.10.12.250 - - [10/Sep/2018:11:52:59 -0300] "GET /cormun/servlet/trlicenciaspermisosadjuntos?14570360,20180910000000,L, HTTP/1.1" 200 6872
186.10.12.250 - - [10/Sep/2018:11:52:59 -0300] "GET /cormun/servlet/trlicenciaspermisosadjuntos?14570360,20180910000000,L, HTTP/1.1" 200 6868
186.10.12.250 - - [10/Sep/2018:11:53:05 -0300] "GET /cormun/servlet/trlicencias? HTTP/1.1" 200 12276
186.10.12.250 - - [10/Sep/2018:11:53:05 -0300] "GET /cormun/servlet/trlicencias? HTTP/1.1" 200 12274
192.168.10.96 - - [10/Sep/2018:11:53:08 -0300] "POST /digitalizacion/servlet/trdocumentos?8879de801ed882ed2a92393f5ab7d3a6,,gx-no-cache=1536590959154 HTTP/1.1" 200 7112
186.103.132.155 - - [10/Sep/2018:11:53:08 -0300] "POST /cormun/servlet/trlicencias?5cbcd6ef778e040a66fc961e77464a52,,gx-no-cache=1536591109643 HTTP/1.1" 200 9491
186.103.132.155 - - [10/Sep/2018:11:53:08 -0300] "GET /cormun/static/Shared/jqueryui/images/ui-bg_highlight-soft_100_c6c2c8_1x100.png HTTP/1.1" 404 1117
200.111.122.170 - - [10/Sep/2018:11:53:08 -0300] "GET /cormun/static/Shared/jqueryui/images/ui-icons_82798d_256x240.png HTTP/1.1" 404 1089
186.67.203.186 - - [10/Sep/2018:11:53:08 -0300] "GET /cormun/static/Shared/jqueryui/images/ui-icons_8d78a5_256x240.png HTTP/1.1" 404 1089
190.151.100.218 - - [10/Sep/2018:11:53:08 -0300] "GET /cormun/static/Shared/jqueryui/images/ui-bg_flat_55_fafafa_40x100.png HTTP/1.1" 404 1097
201.215.248.160 - - [10/Sep/2018:11:53:09 -0300] "GET /cormun/servlet/prfichaempleado?,MD,,gxPopupLevel%3D0%3B HTTP/1.1" 200 9382
201.215.248.160 - - [10/Sep/2018:11:53:19 -0300] "POST /cormun/servlet/prfichaempleado?dbe822ba88936660662ed6269261b2f2,,MD,,gxPopupLevel%3D0%3B,gx-no-cache=1536594968234 HTTP/1.1" 200 3185
186.67.203.186 - - [10/Sep/2018:11:53:28 -0300] "GET /cormun/servlet/trsolicitudot? HTTP/1.1" 200 7238
186.67.203.186 - - [10/Sep/2018:11:53:28 -0300] "GET /cormun/servlet/trsolicitudot? HTTP/1.1" 200 7238
186.103.132.155 - - [10/Sep/2018:11:53:31 -0300] "GET /cormun/servlet/solicitudot?INS,0,0, HTTP/1.1" 200 14695
186.103.132.155 - - [10/Sep/2018:11:53:32 -0300] "GET /cormun/servlet/solicitudot?INS,0,0, HTTP/1.1" 200 14700
190.151.100.218 - - [10/Sep/2018:11:53:36 -0300] "GET /cormun/servlet/prfichaempleado?,MD,,gxPopupLevel%3D0%3B HTTP/1.1" 200 9347
186.103.159.189 - - [10/Sep/2018:11:53:50 -0300] "GET /cormun/servlet/trpermisosgoce? HTTP/1.1" 200 6108
190.151.100.218 - - [10/Sep/2018:11:53:50 -0300] "POST /cormun/servlet/prfichaempleado?5cbcd6ef778e040a66fc961e77464a52,,MD,,gxPopupLevel%3D0%3B,gx-no-cache=1536591152322 HTTP/1.1" 200 3426
186.103.159.189 - - [10/Sep/2018:11:53:52 -0300] "GET /cormun/servlet/trpermisosgoce? HTTP/1.1" 200 6108
186.103.159.189 - - [10/Sep/2018:11:53:52 -0300] "GET /cormun/servlet/hlogin HTTP/1.1" 200 1740
190.151.100.218 - - [10/Sep/2018:11:53:55 -0300] "POST /cormun/servlet/solicitudot?gx-no-cache=1536591156617 HTTP/1.1" 200 3429
190.151.100.218 - - [10/Sep/2018:11:53:55 -0300] "POST /cormun/servlet/solicitudot?5cbcd6ef778e040a66fc961e77464a52,INS,0,0,,gx-no-cache=1536591156862 HTTP/1.1" 200 11501
190.151.100.218 - - [10/Sep/2018:11:53:55 -0300] "GET /cormun/servlet/solicitudot?3c24e01d5876e5e893dcc452ba4a821cfc0a879725e515cb2ab50dbe7e5b3de0127bf0c545c8fed31018e31e904b353f,gx-no-cache=1536591157207 HTTP/1.1" 200 30
192.168.10.96 - - [10/Sep/2018:11:53:59 -0300] "GET /digitalizacion/servlet/wbadjunto?10614,PU HTTP/1.1" 302 -
192.168.10.96 - - [10/Sep/2018:11:53:59 -0300] "GET /digitalizacion/PublicTempStorage/1162944.tmp HTTP/1.1" 200 881746
201.215.248.160 - - [10/Sep/2018:11:54:03 -0300] "POST /cormun/servlet/licenciaspermisos?dbe822ba88936660662ed6269261b2f2,INS,0,,,,gx-no-cache=1536595011638 HTTP/1.1" 200 93
201.215.248.160 - - [10/Sep/2018:11:54:03 -0300] "GET /cormun/servlet/hpexe_return? HTTP/1.1" 200 1010
201.215.248.160 - - [10/Sep/2018:11:54:03 -0300] "GET /cormun/servlet/trlicencias? HTTP/1.1" 200 11371
201.215.248.160 - - [10/Sep/2018:11:54:04 -0300] "GET /cormun/servlet/trlicencias? HTTP/1.1" 200 11365
190.151.100.218 - - [10/Sep/2018:11:54:06 -0300] "GET /cormun/servlet/solicitudot?3c24e01d5876e5e893dcc452ba4a821c8a80729c3b00c7d807a8e306b1841a5a8006c80449007018e0164382a03a4f8d2ac1742772e224540fe1c1fa8020ac51,gx-no-cache=1536591168297 HTTP/1.1" 200 30
190.151.100.218 - - [10/Sep/2018:11:54:06 -0300] "GET /cormun/servlet/solicitudot?3c24e01d5876e5e893dcc452ba4a821c2ad1a5582b8ace739bf405d54503b699,gx-no-cache=1536591168352 HTTP/1.1" 200 51
190.151.100.218 - - [10/Sep/2018:11:54:06 -0300] "POST /cormun/servlet/solicitudot?gx-no-cache=1536591168433 HTTP/1.1" 200 255
190.151.100.218 - - [10/Sep/2018:11:54:06 -0300] "GET /cormun/servlet/solicitudot?3c24e01d5876e5e893dcc452ba4a821c342b4a9283004b9869adb3c127c4df616dde1d475ecd5c2992e7ded5a03c712056dd21a35944ff5a5ddf05dc60eca7c759a8fc09752322a6f51da10b07480ebde4a2adc2294599f5348ddde8e97445bcb67c8d8e1c98162f17cea9cb77e7004d7874834509cb2b679a9eb4a16715563d8d1604f851fcfed74053e5393d94f259c0a945356e445999795214c586b43f9fd39449f8f6157cdbb3a5ecb21094f3c956b2a33ee2e1e0cc01335fcd7b5ef0554aa68fbdd0c26d7b935005552976a254f9833df5cd14962e1c32fc68dedc2ef15a25252344ea03ce201ff8eb8f4c57c0ed14fb86c3abcabbd444fed9ff39731e2f28855e9e867c038d3362e5a3fa1975ce4208fe0be604ccea4c21b0bfcc63721358c298ea908b4fdc20252efeee227635ca9f141857a8f5611de751a635e69f94a73fe3207a6f16b837899144751abc38ddbe0e1a25ef188d984d7b632cde7c9566c9291694cb81eaeacdba84d17c525d2a59e86fd51330b4dce2bb8b59f3fd,gx-no-cache=1536591168496 HTTP/1.1" 200 30
190.151.100.218 - - [10/Sep/2018:11:54:06 -0300] "POST /cormun/servlet/solicitudot?gx-no-cache=1536591168557 HTTP/1.1" 200 30
190.151.100.218 - - [10/Sep/2018:11:54:06 -0300] "POST /cormun/servlet/solicitudot?gx-no-cache=1536591168627 HTTP/1.1" 200 1269
190.151.100.218 - - [10/Sep/2018:11:54:07 -0300] "POST /cormun/servlet/solicitudot?gx-no-cache=1536591168727 HTTP/1.1" 200 38
190.151.100.218 - - [10/Sep/2018:11:54:07 -0300] "GET /cormun/servlet/solicitudot?3c24e01d5876e5e893dcc452ba4a821c78096a3fd05e7b3b984dcf1f1353bfe202174995e7f467c9b55a3d399871cbe453e8c94a6d627f87c4c845ff6708f3d8f97bb162e80f0d02509d59e5395bb6536abcb9a90819412d01cbb3ea2a3a092c6f72a8e72a431e5457fe1ca9a94366dd,gx-no-cache=1536591168800 HTTP/1.1" 200 149
190.151.100.218 - - [10/Sep/2018:11:54:07 -0300] "GET /cormun/static/Shared/jqueryui/images/ui-bg_highlight-soft_100_c6c2c8_1x100.png HTTP/1.1" 404 1117
200.111.122.170 - - [10/Sep/2018:11:54:07 -0300] "GET /cormun/static/Shared/jqueryui/images/ui-icons_82798d_256x240.png HTTP/1.1" 404 1089
190.151.100.218 - - [10/Sep/2018:11:54:07 -0300] "GET /cormun/static/Shared/jqueryui/images/ui-bg_flat_55_fafafa_40x100.png HTTP/1.1" 404 1097
200.72.197.82 - - [10/Sep/2018:11:54:07 -0300] "GET /cormun/static/Shared/jqueryui/images/ui-icons_8d78a5_256x240.png HTTP/1.1" 404 1089
186.10.12.250 - - [10/Sep/2018:11:54:07 -0300] "POST /cormun/servlet/solicitudot?gx-no-cache=1536591168898 HTTP/1.1" 200 59
186.103.159.189 - - [10/Sep/2018:11:54:12 -0300] "POST /cormun/servlet/hlogin?952b2fd3d3b326a430fa930612c15982,gx-no-cache=1536591173408 HTTP/1.1" 200 451
186.103.159.189 - - [10/Sep/2018:11:54:17 -0300] "POST /cormun/servlet/hlogin?952b2fd3d3b326a430fa930612c15982,gx-no-cache=1536591178859 HTTP/1.1" 200 90
186.103.159.189 - - [10/Sep/2018:11:54:17 -0300] "GET /cormun/servlet/hpexe_link HTTP/1.1" 200 950
186.103.159.189 - - [10/Sep/2018:11:54:17 -0300] "GET /cormun/servlet/hhome HTTP/1.1" 200 4267
186.103.159.189 - - [10/Sep/2018:11:54:19 -0300] "GET /cormun/servlet/hhome HTTP/1.1" 200 4263
186.103.159.189 - - [10/Sep/2018:11:54:19 -0300] "GET /cormun/static/SmoothNavMenu/resources/images/right.gif HTTP/1.1" 200 860
186.103.159.189 - - [10/Sep/2018:11:54:24 -0300] "GET /cormun/servlet/trautorizarpermisogoce? HTTP/1.1" 200 8960
186.103.159.189 - - [10/Sep/2018:11:54:24 -0300] "GET /cormun/static/gxcfg.js?20177612165975 HTTP/1.1" 200 953
186.103.159.189 - - [10/Sep/2018:11:54:24 -0300] "GET /cormun/static/trautorizarpermisogoce.js?2017761217384 HTTP/1.1" 200 34948
186.103.159.189 - - [10/Sep/2018:11:54:25 -0300] "GET /cormun/servlet/trautorizarpermisogoce? HTTP/1.1" 200 8958
192.168.10.96 - - [10/Sep/2018:11:54:40 -0300] "POST /digitalizacion/servlet/trdocumentos?8879de801ed882ed2a92393f5ab7d3a6,,gx-no-cache=1536591049365 HTTP/1.1" 200 6505
200.111.122.170 - - [10/Sep/2018:11:54:40 -0300] "POST /cormun/servlet/solicitudot?gx-no-cache=1536591202112 HTTP/1.1" 200 30
200.111.122.170 - - [10/Sep/2018:11:54:43 -0300] "GET /cormun/servlet/prcontratosol?17058015,,,,,MD,,gxPopupLevel%3D0%3B HTTP/1.1" 200 8480
200.111.122.170 - - [10/Sep/2018:11:54:43 -0300] "GET /cormun/static/gxcfg.js?201761413223964 HTTP/1.1" 200 953
200.111.122.170 - - [10/Sep/2018:11:54:43 -0300] "GET /cormun/static/prcontratosol.js?201761413224174 HTTP/1.1" 200 15806
200.111.122.170 - - [10/Sep/2018:11:54:48 -0300] "POST /cormun/servlet/solicitudot?gx-no-cache=1536591210543 HTTP/1.1" 200 1269
200.111.122.170 - - [10/Sep/2018:11:54:48 -0300] "POST /cormun/servlet/solicitudot?gx-no-cache=1536591210638 HTTP/1.1" 200 38
200.111.122.170 - - [10/Sep/2018:11:54:49 -0300] "GET /cormun/servlet/solicitudot?3c24e01d5876e5e893dcc452ba4a821c78096a3fd05e7b3b984dcf1f1353bfe202174995e7f467c9b55a3d399871cbe453e8c94a6d627f87c4c845ff6708f3d8f97bb162e80f0d02509d59e5395bb6536abcb9a90819412d01cbb3ea2a3a092c6f72a8e72a431e5457fe1ca9a94366dd,gx-no-cache=1536591210688 HTTP/1.1" 200 149
200.111.122.170 - - [10/Sep/2018:11:54:49 -0300] "POST /cormun/servlet/solicitudot?gx-no-cache=1536591210839 HTTP/1.1" 200 55
200.111.122.170 - - [10/Sep/2018:11:54:49 -0300] "GET /cormun/servlet/solicitudot?3c24e01d5876e5e893dcc452ba4a821c69a5ea8602d687de97a2aedcab3091f97f13a71a58d4bdbd8eb736b2f9b65dda6c2e2c20ca8d258c1b9190ffb96cc2c3a72cef233c3d81dbfba758e8eb1e522c502e30b1982ab00f0a79a023eddb24a105df879ab7d5cb35403bdcca645aa3ff8074847eec341ec5db2ba1dae92841377cc62e4096214d462e14b367efdb9db69b611e0cec7690a4367176fbcaaf66af,gx-no-cache=1536591210953 HTTP/1.1" 200 29
200.111.122.170 - - [10/Sep/2018:11:54:49 -0300] "GET /cormun/servlet/solicitudot?3c24e01d5876e5e893dcc452ba4a821ccbc5ed2b8aa2e30d7a0135082834f76ce477a818e5aa40cf8ea1d00627d20ee4,gx-no-cache=1536591211002 HTTP/1.1" 200 134
200.111.122.170 - - [10/Sep/2018:11:54:49 -0300] "GET /cormun/static/Shared/jqueryui/images/ui-bg_flat_55_994d53_40x100.png HTTP/1.1" 404 1097
186.10.12.250 - - [10/Sep/2018:11:54:49 -0300] "GET /cormun/static/Shared/jqueryui/images/ui-icons_ebccce_256x240.png HTTP/1.1" 404 1089
201.215.248.160 - - [10/Sep/2018:11:54:53 -0300] "GET /cormun/servlet/alicenciaprn?16881995,L,20180910000000,PU HTTP/1.1" 200 1589
186.103.159.189 - - [10/Sep/2018:11:55:02 -0300] "POST /cormun/servlet/trautorizarpermisogoce?952b2fd3d3b326a430fa930612c15982,,gx-no-cache=1536591224077 HTTP/1.1" 200 5971
186.103.159.189 - - [10/Sep/2018:11:55:02 -0300] "GET /cormun/static/Shared/jqueryui/images/ui-bg_highlight-soft_100_c6c2c8_1x100.png HTTP/1.1" 404 1117
186.103.159.189 - - [10/Sep/2018:11:55:03 -0300] "GET /cormun/static/Shared/jqueryui/images/ui-icons_82798d_256x240.png HTTP/1.1" 404 1089
186.103.159.189 - - [10/Sep/2018:11:55:03 -0300] "GET /cormun/static/Shared/jqueryui/images/ui-bg_flat_55_fafafa_40x100.png HTTP/1.1" 404 1097
186.103.159.189 - - [10/Sep/2018:11:55:03 -0300] "GET /cormun/static/Shared/jqueryui/images/ui-icons_8d78a5_256x240.png HTTP/1.1" 404 1089
186.103.159.189 - - [10/Sep/2018:11:55:04 -0300] "POST /cormun/servlet/trautorizarpermisogoce?952b2fd3d3b326a430fa930612c15982,,gx-no-cache=1536591225444 HTTP/1.1" 200 5735
186.103.159.189 - - [10/Sep/2018:11:55:05 -0300] "POST /cormun/servlet/trautorizarpermisogoce?952b2fd3d3b326a430fa930612c15982,,gx-no-cache=1536591226802 HTTP/1.1" 200 5500
186.103.159.189 - - [10/Sep/2018:11:55:06 -0300] "POST /cormun/servlet/trautorizarpermisogoce?952b2fd3d3b326a430fa930612c15982,,gx-no-cache=1536591227771 HTTP/1.1" 200 5216
186.10.12.250 - - [10/Sep/2018:11:55:07 -0300] "GET /cormun/static/menuarrow.gif HTTP/1.1" 404 1015
186.103.159.189 - - [10/Sep/2018:11:55:08 -0300] "POST /cormun/servlet/trautorizarpermisogoce?952b2fd3d3b326a430fa930612c15982,,gx-no-cache=1536591229437 HTTP/1.1" 200 4461
192.168.10.96 - - [10/Sep/2018:11:55:29 -0300] "POST /digitalizacion/servlet/trdocumentos?8879de801ed882ed2a92393f5ab7d3a6,,gx-no-cache=1536591100030 HTTP/1.1" 200 7112
200.111.122.170 - - [10/Sep/2018:11:55:32 -0300] "GET /cormun/servlet/solicitudot?3c24e01d5876e5e893dcc452ba4a821cfcc61aa6617f75c10896bb7e9ded58af98889dd6c41304435ac3fa4258962f8c,gx-no-cache=1536591253633 HTTP/1.1" 200 30
200.111.122.170 - - [10/Sep/2018:11:55:32 -0300] "POST /cormun/servlet/solicitudot?gx-no-cache=1536591253821 HTTP/1.1" 200 33
192.168.10.96 - - [10/Sep/2018:11:55:34 -0300] "GET /digitalizacion/servlet/wbadjunto?10614,PU HTTP/1.1" 302 -
192.168.10.96 - - [10/Sep/2018:11:55:34 -0300] "GET /digitalizacion/PublicTempStorage/1642405.tmp HTTP/1.1" 200 881746
192.168.10.89 - - [10/Sep/2018:11:55:54 -0300] "GET /digitalizacion/servlet/wblogin? HTTP/1.1" 200 2311
192.168.10.89 - - [10/Sep/2018:11:55:54 -0300] "GET /digitalizacion/static/wblogin.js?201842010284433 HTTP/1.1" 304 -
192.168.10.89 - - [10/Sep/2018:11:55:54 -0300] "GET /digitalizacion/servlet/wblogin? HTTP/1.1" 200 2323
186.103.159.46 - - [10/Sep/2018:11:56:02 -0300] "GET /cormun/servlet/hlogin HTTP/1.1" 200 1729
186.10.12.250 - - [10/Sep/2018:11:56:09 -0300] "GET /cormun/servlet/prsolicitudot?17058015,,,,,MD,,gxPopupLevel%3D0%3B HTTP/1.1" 200 6182
186.10.12.250 - - [10/Sep/2018:11:56:09 -0300] "GET /cormun/static/gxcfg.js?2017111422591492 HTTP/1.1" 200 953
186.10.12.250 - - [10/Sep/2018:11:56:09 -0300] "GET /cormun/static/prsolicitudot.js?2017111422591715 HTTP/1.1" 200 13680
192.168.10.89 - - [10/Sep/2018:11:56:11 -0300] "POST /digitalizacion/servlet/wblogin?429b40e621606fc1541dbdf557573e75,,gx-no-cache=1536591142807 HTTP/1.1" 200 65
192.168.10.89 - - [10/Sep/2018:11:56:11 -0300] "GET /digitalizacion/servlet/hhome HTTP/1.1" 200 2826
192.168.10.89 - - [10/Sep/2018:11:56:11 -0300] "GET /digitalizacion/servlet/hhome HTTP/1.1" 200 2825
186.103.159.46 - - [10/Sep/2018:11:56:13 -0300] "POST /cormun/servlet/hlogin?07ef17c91547fecdd72565fd718237d3,gx-no-cache=1536594890690 HTTP/1.1" 200 90
186.10.12.250 - - [10/Sep/2018:11:56:13 -0300] "POST /cormun/servlet/solicitudot?gx-no-cache=1536591295262 HTTP/1.1" 200 1269
186.10.12.250 - - [10/Sep/2018:11:56:13 -0300] "POST /cormun/servlet/solicitudot?gx-no-cache=1536591295306 HTTP/1.1" 200 41
186.103.159.46 - - [10/Sep/2018:11:56:13 -0300] "GET /cormun/servlet/hpexe_link HTTP/1.1" 200 956
186.10.12.250 - - [10/Sep/2018:11:56:13 -0300] "GET /cormun/servlet/solicitudot?3c24e01d5876e5e893dcc452ba4a821c78096a3fd05e7b3b984dcf1f1353bfe202174995e7f467c9b55a3d399871cbe453e8c94a6d627f87c4c845ff6708f3d8f97bb162e80f0d02509d59e5395bb6536abcb9a90819412d01cbb3ea2a3a092c6f72a8e72a431e5457fe1ca9a94366dd,gx-no-cache=1536591295355 HTTP/1.1" 200 149
186.10.12.250 - - [10/Sep/2018:11:56:13 -0300] "POST /cormun/servlet/solicitudot?gx-no-cache=1536591295404 HTTP/1.1" 200 55
186.10.12.250 - - [10/Sep/2018:11:56:13 -0300] "GET /cormun/servlet/solicitudot?3c24e01d5876e5e893dcc452ba4a821c7b3e1379ac453cbe33bc5c5c2193d2447b42eec69e06d4ad1ca25a30e285f1b3,gx-no-cache=1536591295470 HTTP/1.1" 200 134
186.103.159.46 - - [10/Sep/2018:11:56:13 -0300] "GET /cormun/servlet/hhome HTTP/1.1" 200 4023
186.103.159.46 - - [10/Sep/2018:11:56:15 -0300] "GET /cormun/servlet/hhome HTTP/1.1" 200 4019
192.168.10.89 - - [10/Sep/2018:11:56:20 -0300] "GET /digitalizacion/servlet/trclase? HTTP/1.1" 200 5163
192.168.10.89 - - [10/Sep/2018:11:56:20 -0300] "GET /digitalizacion/static/gxcfg.js?201862111121437 HTTP/1.1" 200 954
192.168.10.89 - - [10/Sep/2018:11:56:20 -0300] "GET /digitalizacion/static/trclase.js?201862111121742 HTTP/1.1" 200 13126
192.168.10.89 - - [10/Sep/2018:11:56:20 -0300] "GET /digitalizacion/static/Resources/PXToolsGridNew.png HTTP/1.1" 200 427
192.168.10.89 - - [10/Sep/2018:11:56:20 -0300] "GET /digitalizacion//static/Resources/PXToolsGridUpdate.png HTTP/1.1" 200 470
192.168.10.89 - - [10/Sep/2018:11:56:20 -0300] "GET /digitalizacion//static/Resources/PXToolsGridDelete.png HTTP/1.1" 200 538
192.168.10.89 - - [10/Sep/2018:11:56:20 -0300] "GET /digitalizacion/servlet/trclase? HTTP/1.1" 200 5163
186.103.159.46 - - [10/Sep/2018:11:56:20 -0300] "GET /cormun/servlet/trsolicitudot? HTTP/1.1" 200 7241
186.103.159.46 - - [10/Sep/2018:11:56:22 -0300] "GET /cormun/servlet/trsolicitudot? HTTP/1.1" 200 7240
192.168.10.89 - - [10/Sep/2018:11:56:23 -0300] "GET /digitalizacion/servlet/trdocumentos? HTTP/1.1" 200 9948
192.168.10.89 - - [10/Sep/2018:11:56:23 -0300] "GET /digitalizacion/servlet/trdocumentos? HTTP/1.1" 200 9947
192.168.10.89 - - [10/Sep/2018:11:56:23 -0300] "POST /digitalizacion/servlet/trdocumentos?gx-no-cache=1536591155508 HTTP/1.1" 200 449
192.168.10.89 - - [10/Sep/2018:11:56:23 -0300] "POST /digitalizacion/servlet/trdocumentos?gx-no-cache=1536591155549 HTTP/1.1" 200 78
186.103.159.46 - - [10/Sep/2018:11:56:25 -0300] "GET /cormun/servlet/solicitudot?INS,0,0, HTTP/1.1" 200 14696
186.103.159.46 - - [10/Sep/2018:11:56:27 -0300] "GET /cormun/servlet/solicitudot?INS,0,0, HTTP/1.1" 200 14701
192.168.10.89 - - [10/Sep/2018:11:56:28 -0300] "POST /digitalizacion/servlet/trdocumentos?gx-no-cache=1536591159891 HTTP/1.1" 200 237
192.168.10.89 - - [10/Sep/2018:11:56:34 -0300] "POST /digitalizacion/servlet/trdocumentos?429b40e621606fc1541dbdf557573e75,,gx-no-cache=1536591165589 HTTP/1.1" 200 3664
190.151.100.218 - - [10/Sep/2018:11:56:35 -0300] "GET /cormun/servlet/solicitudot?3c24e01d5876e5e893dcc452ba4a821cfcc61aa6617f75c10896bb7e9ded58af98889dd6c41304435ac3fa4258962f8c,gx-no-cache=1536591316959 HTTP/1.1" 200 30
190.151.100.218 - - [10/Sep/2018:11:56:35 -0300] "POST /cormun/servlet/solicitudot?gx-no-cache=1536591317246 HTTP/1.1" 200 33
190.151.100.218 - - [10/Sep/2018:11:56:36 -0300] "POST /cormun/servlet/solicitudot?5cbcd6ef778e040a66fc961e77464a52,INS,0,0,,gx-no-cache=1536591317453 HTTP/1.1" 200 93
190.151.100.218 - - [10/Sep/2018:11:56:36 -0300] "GET /cormun/servlet/hpexe_return? HTTP/1.1" 200 1004
192.168.10.89 - - [10/Sep/2018:11:56:36 -0300] "GET /digitalizacion/servlet/wbadjunto?10613,PU HTTP/1.1" 302 -
190.151.100.218 - - [10/Sep/2018:11:56:36 -0300] "GET /cormun/servlet/trsolicitudot HTTP/1.1" 200 8627
192.168.10.89 - - [10/Sep/2018:11:56:36 -0300] "GET /digitalizacion/PublicTempStorage/2635606.tmp HTTP/1.1" 200 899310
190.151.100.218 - - [10/Sep/2018:11:56:37 -0300] "GET /cormun/servlet/trsolicitudot HTTP/1.1" 200 8623
192.168.10.89 - - [10/Sep/2018:11:56:40 -0300] "GET /digitalizacion/servlet/wbadjunto?10614,PU HTTP/1.1" 302 -
192.168.10.89 - - [10/Sep/2018:11:56:40 -0300] "GET /digitalizacion/PublicTempStorage/4331158.tmp HTTP/1.1" 200 881746
190.151.100.218 - - [10/Sep/2018:11:56:41 -0300] "POST /cormun/servlet/trsolicitudot?5cbcd6ef778e040a66fc961e77464a52,gx-no-cache=1536591322637 HTTP/1.1" 200 4506
190.151.100.218 - - [10/Sep/2018:11:56:41 -0300] "GET /cormun/static/Shared/jqueryui/images/ui-bg_highlight-soft_100_c6c2c8_1x100.png HTTP/1.1" 404 1117
200.111.122.170 - - [10/Sep/2018:11:56:41 -0300] "GET /cormun/static/Shared/jqueryui/images/ui-icons_82798d_256x240.png HTTP/1.1" 404 1089
190.151.100.218 - - [10/Sep/2018:11:56:41 -0300] "GET /cormun/static/Shared/jqueryui/images/ui-bg_flat_55_fafafa_40x100.png HTTP/1.1" 404 1097
186.10.12.250 - - [10/Sep/2018:11:56:41 -0300] "GET /cormun/static/Shared/jqueryui/images/ui-icons_8d78a5_256x240.png HTTP/1.1" 404 1089
190.151.100.218 - - [10/Sep/2018:11:56:41 -0300] "POST /cormun/servlet/trsolicitudot?5cbcd6ef778e040a66fc961e77464a52,gx-no-cache=1536591322929 HTTP/1.1" 200 4281
186.103.159.46 - - [10/Sep/2018:11:56:46 -0300] "POST /cormun/servlet/solicitudot?gx-no-cache=1536594923175 HTTP/1.1" 200 3432
186.103.159.46 - - [10/Sep/2018:11:56:46 -0300] "POST /cormun/servlet/solicitudot?07ef17c91547fecdd72565fd718237d3,INS,0,0,,gx-no-cache=1536594923581 HTTP/1.1" 200 11514
192.168.10.89 - - [10/Sep/2018:11:56:50 -0300] "GET /digitalizacion/servlet/wblogin? HTTP/1.1" 200 2356
192.168.10.96 - - [10/Sep/2018:11:56:51 -0300] "POST /digitalizacion/servlet/trdocumentos?8879de801ed882ed2a92393f5ab7d3a6,,gx-no-cache=1536591180577 HTTP/1.1" 200 6505
200.72.197.82 - - [10/Sep/2018:11:57:05 -0300] "GET /cormun/servlet/hlogin HTTP/1.1" 200 1734
186.103.161.206 - - [10/Sep/2018:11:57:33 -0300] "POST /cormun/servlet/hlogin?5cbcd6ef778e040a66fc961e77464a52,gx-no-cache=1536591374864 HTTP/1.1" 200 90
186.103.161.206 - - [10/Sep/2018:11:57:33 -0300] "GET /cormun/servlet/hpexe_link HTTP/1.1" 200 948
186.103.161.206 - - [10/Sep/2018:11:57:33 -0300] "GET /cormun/servlet/hhome HTTP/1.1" 200 4260
200.72.197.82 - - [10/Sep/2018:11:57:33 -0300] "GET /cormun/static/SmoothNavMenu/resources/images/right.gif HTTP/1.1" 200 860
186.103.161.206 - - [10/Sep/2018:11:57:34 -0300] "GET /cormun/servlet/hhome HTTP/1.1" 200 4256
200.72.197.82 - - [10/Sep/2018:11:57:37 -0300] "GET /cormun/servlet/trautorizarsolicitud? HTTP/1.1" 200 8746
200.72.197.82 - - [10/Sep/2018:11:57:37 -0300] "GET /cormun/static/gxcfg.js?2017111423403364 HTTP/1.1" 200 953
200.72.197.82 - - [10/Sep/2018:11:57:38 -0300] "GET /cormun/servlet/trautorizarsolicitud? HTTP/1.1" 200 8744
186.67.203.186 - - [10/Sep/2018:11:57:40 -0300] "POST /cormun/servlet/trautorizarsolicitud?5cbcd6ef778e040a66fc961e77464a52,,gx-no-cache=1536591381772 HTTP/1.1" 200 4673
186.67.203.186 - - [10/Sep/2018:11:57:40 -0300] "GET /cormun/static/Shared/jqueryui/images/ui-bg_highlight-soft_100_c6c2c8_1x100.png HTTP/1.1" 404 1117
200.111.122.170 - - [10/Sep/2018:11:57:40 -0300] "GET /cormun/static/Shared/jqueryui/images/ui-bg_flat_55_fafafa_40x100.png HTTP/1.1" 404 1097
186.103.161.206 - - [10/Sep/2018:11:57:40 -0300] "GET /cormun/static/Shared/jqueryui/images/ui-icons_82798d_256x240.png HTTP/1.1" 404 1089
186.67.203.186 - - [10/Sep/2018:11:57:40 -0300] "GET /cormun/static/Shared/jqueryui/images/ui-icons_8d78a5_256x240.png HTTP/1.1" 404 1089
186.10.12.250 - - [10/Sep/2018:11:57:40 -0300] "POST /cormun/servlet/trautorizarsolicitud?5cbcd6ef778e040a66fc961e77464a52,,gx-no-cache=1536591382072 HTTP/1.1" 200 4449
186.103.159.46 - - [10/Sep/2018:11:57:51 -0300] "GET /cormun/servlet/solicitudot?430e8b5e48cb1367f7c8bbfeda8df5db756a422c66703bf6b348861ab6d7d59b88ac74b5bd2f401c4436a4e3842655d2,gx-no-cache=1536594988261 HTTP/1.1" 200 30
186.103.159.46 - - [10/Sep/2018:11:57:51 -0300] "GET /cormun/servlet/solicitudot?430e8b5e48cb1367f7c8bbfeda8df5db5432fd3a8dfc90e0cd0c1355e59015c5b395e4459215fb0276d4092b65657cc6,gx-no-cache=1536594988363 HTTP/1.1" 200 30
186.103.159.46 - - [10/Sep/2018:11:57:51 -0300] "GET /cormun/servlet/solicitudot?430e8b5e48cb1367f7c8bbfeda8df5db9e572f2baecb8ed0288f0f37f5ba6d2e,gx-no-cache=1536594988419 HTTP/1.1" 200 51
186.103.159.46 - - [10/Sep/2018:11:57:51 -0300] "POST /cormun/servlet/solicitudot?gx-no-cache=1536594988486 HTTP/1.1" 200 255
186.103.159.46 - - [10/Sep/2018:11:57:51 -0300] "GET /cormun/servlet/solicitudot?430e8b5e48cb1367f7c8bbfeda8df5db60bab5c68b2999eb87db659dd1d699b021a23fdb96f07eaaff2d349193792fedaa2a94cd896ebb5c24e24f905a9d59a72d0b26a7bc01e045d57db5f43e4a02c2fd31892a8e9632b3c484ad8d51ae0b28e1701843662c177e6464f042ba95359f0c24d6ae45aa33d46afcab5a894a3b86bd85e0d87a738d7481275c798855bd7ed336d9b5c3629633a7e0c892be1f85ec3ba153345b4ead2db7ffa6c32f0864e3130c1c376a5c5e79f6fa02246c2ef5a581ba9845a1241a081d5ef057d1ef1f909c8fff5abbe29fc6de4c3ebc179a6fa44414080f6d30ac78aededfa0b31255230f24e94bdbea03455872c18ac8d9ae6215814b0131c2826972ba2f9de621e979171f3678b2ade2ac53bb181b0e1b7b55fcfb6eb3d6eee21571c083a099985269b7d12405b9c56efce4167506d7fec2e7cd79f69540c0d82efaeee3ba7ec6ffeee2dd3558e742a976a1f847088c1d502a218df0a086cade528363f582d2226d4783dd2b508b21c890904dabdcce907550,gx-no-cache=1536594988577 HTTP/1.1" 200 30
186.10.12.250 - - [10/Sep/2018:11:57:52 -0300] "GET /cormun/servlet/hlogin HTTP/1.1" 200 1742
153.168.171.160 - - [10/Sep/2018:11:58:08 -0300] "GET / HTTP/1.1" 200 11217
186.103.159.46 - - [10/Sep/2018:12:00:00 -0300] "POST /cormun/servlet/solicitudot?gx-no-cache=1536595117995 HTTP/1.1" 200 30
186.103.159.46 - - [10/Sep/2018:12:00:00 -0300] "POST /cormun/servlet/solicitudot?gx-no-cache=1536595118107 HTTP/1.1" 200 1269
186.103.159.46 - - [10/Sep/2018:12:00:01 -0300] "POST /cormun/servlet/solicitudot?gx-no-cache=1536595118212 HTTP/1.1" 200 38
186.103.159.46 - - [10/Sep/2018:12:00:01 -0300] "GET /cormun/servlet/solicitudot?430e8b5e48cb1367f7c8bbfeda8df5db1c2e4b503ae1f5420bdbe79b8ef687f8fecc2a37d9a0c560d27bea5469bf198661c9fda9edbd21ac60bc656984ddaa402899a5606dbf8ddc03412663a63fa378236ac5695c91a2dfe88270d753654285e5115dc54ec8a45fccbca6f5b34f9f4d,gx-no-cache=1536595118273 HTTP/1.1" 200 149
186.103.159.46 - - [10/Sep/2018:12:00:01 -0300] "GET /cormun/static/Shared/jqueryui/images/ui-bg_highlight-soft_100_c6c2c8_1x100.png HTTP/1.1" 404 1117
186.103.159.46 - - [10/Sep/2018:12:00:01 -0300] "GET /cormun/static/Shared/jqueryui/images/ui-icons_82798d_256x240.png HTTP/1.1" 404 1089
186.103.159.46 - - [10/Sep/2018:12:00:01 -0300] "GET /cormun/static/Shared/jqueryui/images/ui-bg_flat_55_fafafa_40x100.png HTTP/1.1" 404 1097
186.103.159.46 - - [10/Sep/2018:12:00:01 -0300] "GET /cormun/static/Shared/jqueryui/images/ui-icons_8d78a5_256x240.png HTTP/1.1" 404 1089
186.103.159.46 - - [10/Sep/2018:12:00:01 -0300] "POST /cormun/servlet/solicitudot?gx-no-cache=1536595118465 HTTP/1.1" 200 59
186.103.159.46 - - [10/Sep/2018:12:01:48 -0300] "POST /cormun/servlet/solicitudot?gx-no-cache=1536595224496 HTTP/1.1" 200 30
186.103.159.46 - - [10/Sep/2018:12:01:48 -0300] "POST /cormun/servlet/solicitudot?gx-no-cache=1536595225611 HTTP/1.1" 200 1269
186.103.159.46 - - [10/Sep/2018:12:01:48 -0300] "POST /cormun/servlet/solicitudot?gx-no-cache=1536595225987 HTTP/1.1" 200 38
186.103.159.46 - - [10/Sep/2018:12:01:49 -0300] "GET /cormun/servlet/solicitudot?430e8b5e48cb1367f7c8bbfeda8df5db1c2e4b503ae1f5420bdbe79b8ef687f8fecc2a37d9a0c560d27bea5469bf198661c9fda9edbd21ac60bc656984ddaa402899a5606dbf8ddc03412663a63fa378236ac5695c91a2dfe88270d753654285e5115dc54ec8a45fccbca6f5b34f9f4d,gx-no-cache=1536595226143 HTTP/1.1" 200 149
186.103.159.46 - - [10/Sep/2018:12:01:52 -0300] "POST /cormun/servlet/solicitudot?gx-no-cache=1536595226335 HTTP/1.1" 200 55
186.103.159.46 - - [10/Sep/2018:12:03:10 -0300] "POST /cormun/servlet/solicitudot?gx-no-cache=1536595307598 HTTP/1.1" 200 30
186.103.159.46 - - [10/Sep/2018:12:03:10 -0300] "POST /cormun/servlet/solicitudot?gx-no-cache=1536595307878 HTTP/1.1" 200 1269
186.103.159.46 - - [10/Sep/2018:12:03:11 -0300] "POST /cormun/servlet/solicitudot?gx-no-cache=1536595308168 HTTP/1.1" 200 38
186.103.159.46 - - [10/Sep/2018:12:03:11 -0300] "GET /cormun/servlet/solicitudot?430e8b5e48cb1367f7c8bbfeda8df5db1c2e4b503ae1f5420bdbe79b8ef687f8fecc2a37d9a0c560d27bea5469bf198661c9fda9edbd21ac60bc656984ddaa402899a5606dbf8ddc03412663a63fa378236ac5695c91a2dfe88270d753654285e5115dc54ec8a45fccbca6f5b34f9f4d,gx-no-cache=1536595308297 HTTP/1.1" 200 149
186.103.159.46 - - [10/Sep/2018:12:03:11 -0300] "POST /cormun/servlet/solicitudot?gx-no-cache=1536595308428 HTTP/1.1" 200 55
186.103.159.46 - - [10/Sep/2018:12:03:11 -0300] "GET /cormun/servlet/solicitudot?430e8b5e48cb1367f7c8bbfeda8df5db4fb1ecbcd2901ba7cd3b69c380f01d1cd0a67fedf3eae0e0efec42c55ed2ba891140dd26b4abc4a11932a5ce4020ff92cff4e63b23a77fe2e30a1f4839cbb12146fd88790953562b66dbb84d094321ae5a236479f036e177ca2c4220a1e15333368b1ce3f50cd6f1f062b9c453d0291e8bcf5586ff6478655b9b7877f0eb360af1b5e510436ef8e98378b1544736a1a1,gx-no-cache=1536595308538 HTTP/1.1" 200 29
186.103.159.46 - - [10/Sep/2018:12:03:11 -0300] "GET /cormun/servlet/solicitudot?430e8b5e48cb1367f7c8bbfeda8df5dbd5798ac80f0f3dbc155e7b4809282fad,gx-no-cache=1536595308637 HTTP/1.1" 200 30
186.103.159.46 - - [10/Sep/2018:12:03:11 -0300] "POST /cormun/servlet/solicitudot?gx-no-cache=1536595308733 HTTP/1.1" 200 30
186.103.159.46 - - [10/Sep/2018:12:05:11 -0300] "POST /cormun/servlet/solicitudot?07ef17c91547fecdd72565fd718237d3,INS,0,0,,gx-no-cache=1536595428473 HTTP/1.1" 200 93
186.103.159.46 - - [10/Sep/2018:12:05:11 -0300] "GET /cormun/servlet/hpexe_return? HTTP/1.1" 200 1012
186.103.159.46 - - [10/Sep/2018:12:05:12 -0300] "GET /cormun/servlet/trsolicitudot HTTP/1.1" 200 7244
186.103.159.46 - - [10/Sep/2018:12:05:14 -0300] "GET /cormun/servlet/trsolicitudot HTTP/1.1" 200 7240
186.103.159.46 - - [10/Sep/2018:12:05:18 -0300] "GET /cormun/servlet/solicitudot?INS,0,0, HTTP/1.1" 200 14696
186.103.159.46 - - [10/Sep/2018:12:05:20 -0300] "GET /cormun/servlet/solicitudot?INS,0,0, HTTP/1.1" 200 14701
186.103.159.46 - - [10/Sep/2018:12:05:38 -0300] "POST /cormun/servlet/solicitudot?gx-no-cache=1536595455959 HTTP/1.1" 200 3465
186.103.159.46 - - [10/Sep/2018:12:05:39 -0300] "POST /cormun/servlet/solicitudot?07ef17c91547fecdd72565fd718237d3,INS,0,0,,gx-no-cache=1536595456289 HTTP/1.1" 200 11544
186.103.159.46 - - [10/Sep/2018:12:05:44 -0300] "GET /cormun/servlet/solicitudot?430e8b5e48cb1367f7c8bbfeda8df5db9f6b78bb71495fdac6275ff312b7341888ac74b5bd2f401c4436a4e3842655d2,gx-no-cache=1536595461925 HTTP/1.1" 200 30
186.103.159.46 - - [10/Sep/2018:12:05:44 -0300] "GET /cormun/servlet/solicitudot?430e8b5e48cb1367f7c8bbfeda8df5db6c37aba4668a8c126ba92ec8d3b0b8b5aae716387a81d7d89e065e33a139f645d2e27c2c69960e647759a14541d852c2,gx-no-cache=1536595462009 HTTP/1.1" 200 30
186.103.159.46 - - [10/Sep/2018:12:05:44 -0300] "GET /cormun/servlet/solicitudot?430e8b5e48cb1367f7c8bbfeda8df5db758dcf4057afcbb14ef0bfdc8a3d8426,gx-no-cache=1536595462070 HTTP/1.1" 200 53
186.103.159.46 - - [10/Sep/2018:12:05:44 -0300] "POST /cormun/servlet/solicitudot?gx-no-cache=1536595462162 HTTP/1.1" 200 255
186.103.159.46 - - [10/Sep/2018:12:05:45 -0300] "GET /cormun/servlet/solicitudot?430e8b5e48cb1367f7c8bbfeda8df5db60bab5c68b2999eb87db659dd1d699b021a23fdb96f07eaaff2d349193792fedaa2a94cd896ebb5c24e24f905a9d59a72d0b26a7bc01e045d57db5f43e4a02c2fd31892a8e9632b3c484ad8d51ae0b28e1701843662c177e6464f042ba95359f0c24d6ae45aa33d46afcab5a894a3b86bd85e0d87a738d7481275c798855bd7ed336d9b5c3629633a7e0c892be1f85ec3ba153345b4ead2db7ffa6c32f0864e3130c1c376a5c5e79f6fa02246c2ef5a581ba9845a1241a081d5ef057d1ef1f909c8fff5abbe29fc6de4c3ebc179a6fa44414080f6d30ac78aededfa0b31255230f24e94bdbea03455872c18ac8d9ae6215814b0131c2826972ba2f9de621e979171f3678b2ade2ac53bb181b0e1b7b55fcfb6eb3d6eee21571c083a099985269b7d12405b9c56efce4167506d7fec2e7cd79f69540c0d82efaeee3ba7ec6ffeee2dd3558e742a976a1f847088c1d502a218df0a086cade528363f582d2226d4783dd2b508b21c890904dabdcce907550,gx-no-cache=1536595462244 HTTP/1.1" 200 30
186.103.159.46 - - [10/Sep/2018:12:06:12 -0300] "POST /cormun/servlet/solicitudot?07ef17c91547fecdd72565fd718237d3,INS,0,0,,gx-no-cache=1536595489218 HTTP/1.1" 200 93
186.103.159.46 - - [10/Sep/2018:12:06:12 -0300] "GET /cormun/servlet/hpexe_return? HTTP/1.1" 200 1012
186.103.159.46 - - [10/Sep/2018:12:06:12 -0300] "GET /cormun/servlet/trsolicitudot HTTP/1.1" 200 7244
186.103.159.46 - - [10/Sep/2018:12:06:15 -0300] "GET /cormun/servlet/trsolicitudot HTTP/1.1" 200 7240
40.77.167.93 - - [10/Sep/2018:12:07:08 -0300] "GET /cormun/static/Resources/Spanish/PXTools.css?167811 HTTP/1.1" 200 89042
40.77.167.93 - - [10/Sep/2018:12:07:08 -0300] "GET /cormun/static/hpexe_return.js?2016101716175153 HTTP/1.1" 200 1633
40.77.167.112 - - [10/Sep/2018:12:10:11 -0300] "GET /cormun/servlet/licenciaspermisos?INS,0,,, HTTP/1.1" 200 6815
112.117.113.121 - - [10/Sep/2018:12:15:34 -0300] "GET / HTTP/1.1" 200 11217
123.179.7.46 - - [10/Sep/2018:12:15:36 -0300] "GET /english/ HTTP/1.1" 404 977
150.255.84.165 - - [10/Sep/2018:12:15:37 -0300] "CONNECT cn.bing.com:443 HTTP/1.1" 400 -
123.163.114.178 - - [10/Sep/2018:12:15:37 -0300] "GET / HTTP/1.1" 200 11217
125.84.179.119 - - [10/Sep/2018:12:15:38 -0300] "CONNECT www.voanews.com:443 HTTP/1.1" 400 -
124.88.64.199 - - [10/Sep/2018:12:15:39 -0300] "CONNECT www.baidu.com:443 HTTP/1.1" 400 -
186.67.172.234 - - [10/Sep/2018:12:16:57 -0300] "GET /cormun/servlet/hlogin HTTP/1.1" 200 1722
186.67.172.234 - - [10/Sep/2018:12:17:06 -0300] "POST /cormun/servlet/hlogin?045922c5d08267cd6d623c80755a0573,gx-no-cache=1536592546057 HTTP/1.1" 200 90
186.67.172.234 - - [10/Sep/2018:12:17:06 -0300] "GET /cormun/servlet/hpexe_link HTTP/1.1" 200 951
186.67.172.234 - - [10/Sep/2018:12:17:06 -0300] "GET /cormun/servlet/hhome HTTP/1.1" 200 4329
186.67.172.234 - - [10/Sep/2018:12:17:06 -0300] "GET /cormun/servlet/hhome HTTP/1.1" 200 4327
186.67.172.234 - - [10/Sep/2018:12:17:12 -0300] "GET /cormun/servlet/trsolicitudot? HTTP/1.1" 200 8914
186.67.172.234 - - [10/Sep/2018:12:17:12 -0300] "GET /cormun/servlet/trsolicitudot? HTTP/1.1" 200 8913
186.67.172.234 - - [10/Sep/2018:12:17:14 -0300] "GET /cormun/servlet/solicitudot?INS,0,0, HTTP/1.1" 200 14996
186.67.172.234 - - [10/Sep/2018:12:17:15 -0300] "GET /cormun/servlet/solicitudot?INS,0,0, HTTP/1.1" 200 15001
186.67.172.234 - - [10/Sep/2018:12:17:27 -0300] "POST /cormun/servlet/solicitudot?gx-no-cache=1536592567578 HTTP/1.1" 200 3435
186.67.172.234 - - [10/Sep/2018:12:17:28 -0300] "POST /cormun/servlet/solicitudot?045922c5d08267cd6d623c80755a0573,INS,0,0,,gx-no-cache=1536592567878 HTTP/1.1" 200 11767
186.67.172.234 - - [10/Sep/2018:12:17:37 -0300] "GET /cormun/servlet/solicitudot?b82988245adece44926774b4572d560d30fb7ee0639151e8918b146ef8c5ac37671b50df13fd5aee2008ffefeca63b84,gx-no-cache=1536592577058 HTTP/1.1" 200 30
186.67.172.234 - - [10/Sep/2018:12:17:37 -0300] "GET /cormun/servlet/solicitudot?b82988245adece44926774b4572d560d4ad880fc9dc70769193af06a5013ea8f620ea5e55d882d48b884cd8d7a2e31e31cf77318c5e7fddb8da96e29f7dafe37,gx-no-cache=1536592577137 HTTP/1.1" 200 30
186.67.172.234 - - [10/Sep/2018:12:17:37 -0300] "GET /cormun/servlet/solicitudot?b82988245adece44926774b4572d560da42b7f8dc148331eb1f32a75e8e6338d,gx-no-cache=1536592577161 HTTP/1.1" 200 51
186.67.172.234 - - [10/Sep/2018:12:17:37 -0300] "POST /cormun/servlet/solicitudot?gx-no-cache=1536592577187 HTTP/1.1" 200 255
186.67.172.234 - - [10/Sep/2018:12:17:37 -0300] "GET /cormun/servlet/solicitudot?b82988245adece44926774b4572d560d977798cea2d63028b3024aac47a2df0c7292e4852a74f30a945f606f69972704f0a1cf07ba08a94e2d71657ecdc2ad7650701f08e0a911be4d380a722817d6a554d4bffea287966d39c68cadf1b62de7a9f9759a19f0ef3af98c2a728aae753375e8d78183e4b55d58c95bc7563fa79a807e2a4790230d80c3e25122b0033990f75b139bf8aef79d8cb93b285e431e9ce0f262047fed4d78ee0eac583cceaf71e6bdeb8650a3492f6351ab7f0e8e92bc9d6447bb05a5e9563203b5c4068afdf952be784fe92f1c78236cce48d5348d37c74cd825fe03e309fc07359fb0989ce5cf40ee341e1de554865af6949679777f9b0446fddc58d22cfd7bfca35bf405987c72dbf909fbee7d66ca601e67cd17274eaf8c9ba18044fb8f15d2ee26ca807f9ba334b29d53a06736f51518b7525ed8ef76af91ef44c9cab991381e278134d87924b7cefa1f12919f35103b6827991a489ced1ec2bc0ec535ac65c6b67f613d09666c5ffe5cce1c5b5b6fbed194df73,gx-no-cache=1536592577278 HTTP/1.1" 200 30
186.67.172.234 - - [10/Sep/2018:12:17:40 -0300] "POST /cormun/servlet/solicitudot?gx-no-cache=1536592579828 HTTP/1.1" 200 30
186.67.172.234 - - [10/Sep/2018:12:17:41 -0300] "GET /cormun/servlet/prcontratosol?11231871,,,,,MD,,gxPopupLevel%3D0%3B HTTP/1.1" 200 9385
186.67.172.234 - - [10/Sep/2018:12:17:46 -0300] "POST /cormun/servlet/solicitudot?gx-no-cache=1536592586638 HTTP/1.1" 200 1351
186.67.172.234 - - [10/Sep/2018:12:17:46 -0300] "GET /cormun/static/Shared/jqueryui/images/ui-bg_highlight-soft_100_c6c2c8_1x100.png HTTP/1.1" 404 1117
186.67.172.234 - - [10/Sep/2018:12:17:46 -0300] "GET /cormun/static/Shared/jqueryui/images/ui-icons_82798d_256x240.png HTTP/1.1" 404 1089
186.67.172.234 - - [10/Sep/2018:12:17:46 -0300] "GET /cormun/static/Shared/jqueryui/images/ui-icons_ebccce_256x240.png HTTP/1.1" 404 1089
186.67.172.234 - - [10/Sep/2018:12:17:46 -0300] "GET /cormun/static/Shared/jqueryui/images/ui-bg_flat_55_994d53_40x100.png HTTP/1.1" 404 1097
186.67.172.234 - - [10/Sep/2018:12:17:47 -0300] "POST /cormun/servlet/solicitudot?gx-no-cache=1536592586806 HTTP/1.1" 200 117
186.67.172.234 - - [10/Sep/2018:12:17:47 -0300] "GET /cormun/servlet/solicitudot?b82988245adece44926774b4572d560d92a9e1b2862802f87a1c8ee157e81211f1109babe96f93370a7772985ebb784aa336e6fa8a053e87e06818bbadfd00ce042acb98b531d7f5a6b297a509e6c6767463c5bbd137faa712c1c247b88bad5ddc19a465822f787231a225bfcd471ded,gx-no-cache=1536592586850 HTTP/1.1" 200 149
186.67.172.234 - - [10/Sep/2018:12:17:47 -0300] "GET /cormun/static/Shared/jqueryui/images/ui-icons_8d78a5_256x240.png HTTP/1.1" 404 1089
186.67.172.234 - - [10/Sep/2018:12:17:47 -0300] "GET /cormun/static/Shared/jqueryui/images/ui-bg_flat_55_fafafa_40x100.png HTTP/1.1" 404 1097
186.67.172.234 - - [10/Sep/2018:12:17:47 -0300] "POST /cormun/servlet/solicitudot?gx-no-cache=1536592586887 HTTP/1.1" 200 79
186.67.172.234 - - [10/Sep/2018:12:17:47 -0300] "GET /cormun/servlet/solicitudot?b82988245adece44926774b4572d560d8752b4d049fba01270731579f6a792bb5a9fa6b9786b81bb8b73fea88176a19333ec4d55922e80f64987be615bff0ae9884b50f550900cc58861e587bc68d74f9915d1530502336a54abfb0485bdd8251bcb476314b4dfb4887c673b6d599a22c600a4e8854ccc8914773c9c8a847037b11edf1a51ab0954dc7309941387d4c14133131773a8f126e3d7456405ed8afb4015606b033255554ba0638e12c122cd96ce6fe8a68bcc0a00f2fa4b9f13a67b7f165f29783af3d9bf6c2b1634e6596b,gx-no-cache=1536592586920 HTTP/1.1" 200 29
186.67.172.234 - - [10/Sep/2018:12:17:47 -0300] "GET /cormun/servlet/solicitudot?b82988245adece44926774b4572d560dc5e765ed93d60f853cf22cbf6ac168f611132aa229a2a3e2ac3e540509ed00e8,gx-no-cache=1536592586946 HTTP/1.1" 200 134
200.111.191.210 - - [10/Sep/2018:12:17:48 -0300] "GET /cormun/servlet/permisogoce?INS,0,,, HTTP/1.1" 200 6084
200.111.191.210 - - [10/Sep/2018:12:17:49 -0300] "GET /cormun/servlet/hlogin HTTP/1.1" 200 1741
200.111.191.210 - - [10/Sep/2018:12:17:49 -0300] "GET /cormun/servlet/permisogoce?INS,0,,, HTTP/1.1" 200 6078
200.111.191.210 - - [10/Sep/2018:12:17:53 -0300] "POST /cormun/servlet/hlogin?f2eb74c788f76b579b4f648e7d85c502,gx-no-cache=1536592623117 HTTP/1.1" 200 90
200.111.191.210 - - [10/Sep/2018:12:17:53 -0300] "GET /cormun/servlet/hpexe_link HTTP/1.1" 200 959
200.111.191.210 - - [10/Sep/2018:12:17:53 -0300] "GET /cormun/servlet/permisogoce?INS,0,,, HTTP/1.1" 200 6650
200.111.191.210 - - [10/Sep/2018:12:17:54 -0300] "GET /cormun/servlet/permisogoce?INS,0,,, HTTP/1.1" 200 6648
200.111.191.210 - - [10/Sep/2018:12:17:58 -0300] "GET /cormun/servlet/permisogoce?056b8e8bbc024225c0e9efaea6d67fde8b2b063fe12f8385d525123b3d5973fdbc2ef51a98c928e77e38daba2fc69559aee204ac6869a744243a2a9ba30b1c51,gx-no-cache=1536592628558 HTTP/1.1" 200 81
200.111.191.210 - - [10/Sep/2018:12:18:02 -0300] "GET /cormun/servlet/permisogoce?056b8e8bbc024225c0e9efaea6d67fde86ca9886ac62306084e10454754525ab9579efb0f735dc7c97bf0b42eec468f5c0aa0bca96fe4bb6e8c711e9ccd71ebb,gx-no-cache=1536592631881 HTTP/1.1" 200 47
186.67.172.234 - - [10/Sep/2018:12:18:10 -0300] "GET /cormun/servlet/prlicenciaspermisos?15993133,L,,MD,,gxPopupLevel%3D0%3B HTTP/1.1" 200 5588
200.111.191.210 - - [10/Sep/2018:12:18:20 -0300] "POST /cormun/servlet/permisogoce?f2eb74c788f76b579b4f648e7d85c502,INS,0,,,,gx-no-cache=1536592649554 HTTP/1.1" 200 93
200.111.191.210 - - [10/Sep/2018:12:18:20 -0300] "GET /cormun/servlet/hpexe_return? HTTP/1.1" 200 1003
200.111.191.210 - - [10/Sep/2018:12:18:20 -0300] "GET /cormun/servlet/hhome HTTP/1.1" 200 3987
200.111.191.210 - - [10/Sep/2018:12:18:20 -0300] "GET /cormun/servlet/hhome HTTP/1.1" 200 3983
186.67.172.234 - - [10/Sep/2018:12:18:20 -0300] "POST /cormun/servlet/solicitudot?gx-no-cache=1536592620401 HTTP/1.1" 200 1268
200.111.191.210 - - [10/Sep/2018:12:18:24 -0300] "GET /cormun/servlet/trpermisosgoce? HTTP/1.1" 200 16156
200.111.191.210 - - [10/Sep/2018:12:18:24 -0300] "GET /cormun/servlet/trpermisosgoce? HTTP/1.1" 200 16155
200.111.191.210 - - [10/Sep/2018:12:18:27 -0300] "GET /cormun/servlet/apermisogoceprn?13944984,P,20180910121405,PU HTTP/1.1" 200 1674
186.67.172.234 - - [10/Sep/2018:12:18:28 -0300] "POST /cormun/servlet/solicitudot?gx-no-cache=1536592628144 HTTP/1.1" 200 41
