186.103.159.204 - - [10/Sep/2018:08:22:10 -0300] "GET /cormun/static/Resources/PXToolsLoginTop.png HTTP/1.1" 200 1337
186.103.159.204 - - [10/Sep/2018:08:22:10 -0300] "GET /cormun/static/Resources/PXToolsLoginBackground.png HTTP/1.1" 200 1164
186.103.159.204 - - [10/Sep/2018:08:22:10 -0300] "GET /cormun/static/Resources/PXToolsFooterBackground2.png HTTP/1.1" 200 1172
186.103.159.204 - - [10/Sep/2018:08:22:11 -0300] "GET /cormun/static/Resources/PXToolsButtonLeft21.png HTTP/1.1" 200 1287
186.79.4.124 - - [10/Sep/2018:08:22:11 -0300] "GET /cormun/servlet/solicitudot?INS,0,0, HTTP/1.1" 200 14647
186.79.4.124 - - [10/Sep/2018:08:22:12 -0300] "GET /cormun/servlet/solicitudot?INS,0,0, HTTP/1.1" 200 14652
186.103.159.44 - - [10/Sep/2018:08:22:14 -0300] "GET /cormun/servlet/trlicencias? HTTP/1.1" 200 13010
186.103.159.44 - - [10/Sep/2018:08:22:14 -0300] "GET /cormun/static/gxui/gxui-all.css?110300 HTTP/1.1" 200 2179
186.103.159.44 - - [10/Sep/2018:08:22:14 -0300] "GET /cormun/static/calendar-system.css?75620 HTTP/1.1" 200 5572
186.103.159.44 - - [10/Sep/2018:08:22:14 -0300] "GET /cormun/static/gxcfg.js?20176272054169 HTTP/1.1" 200 953
186.103.159.44 - - [10/Sep/2018:08:22:14 -0300] "GET /cormun/static/calendar-setup.js?85251 HTTP/1.1" 200 2588
186.103.159.44 - - [10/Sep/2018:08:22:15 -0300] "GET /cormun/static/calendar.js?85251 HTTP/1.1" 200 26246
186.103.159.44 - - [10/Sep/2018:08:22:15 -0300] "GET /cormun/static/calendar-es.js?85251 HTTP/1.1" 200 1901
186.103.159.44 - - [10/Sep/2018:08:22:15 -0300] "GET /cormun/static/Resources/PXTools/calendar.png HTTP/1.1" 200 1306
186.103.159.44 - - [10/Sep/2018:08:22:15 -0300] "GET /cormun/static/gxdec.js?85251 HTTP/1.1" 200 19579
186.103.159.44 - - [10/Sep/2018:08:22:15 -0300] "GET /cormun/static/trlicencias.js?20176272054837 HTTP/1.1" 200 41883
186.103.159.44 - - [10/Sep/2018:08:22:15 -0300] "GET /cormun/static/Resources/PXToolsDataSearch.png HTTP/1.1" 200 419
186.103.159.44 - - [10/Sep/2018:08:22:15 -0300] "GET /cormun/static/Resources/PXToolsGridFirstDisabled.gif HTTP/1.1" 200 100
186.103.159.44 - - [10/Sep/2018:08:22:15 -0300] "GET /cormun/static/Resources/PXToolsGridNextDisabled.gif HTTP/1.1" 200 90
186.103.159.44 - - [10/Sep/2018:08:22:15 -0300] "GET /cormun/static/Resources/Spanish/PXTools.css?17315867 HTTP/1.1" 200 89042
186.103.159.44 - - [10/Sep/2018:08:22:15 -0300] "GET /cormun/static/Resources/PXToolsGridLastDisabled.gif HTTP/1.1" 200 98
186.103.159.44 - - [10/Sep/2018:08:22:15 -0300] "GET /cormun/static/Resources/PXToolsActionExcel.png HTTP/1.1" 200 3187
186.103.159.44 - - [10/Sep/2018:08:22:15 -0300] "GET /cormun/static/Resources/PXToolsGridNew.png HTTP/1.1" 200 2949
186.103.159.44 - - [10/Sep/2018:08:22:15 -0300] "GET /cormun/static/Resources/PXToolsGridPreviousDisabled.gif HTTP/1.1" 200 90
186.103.159.44 - - [10/Sep/2018:08:22:15 -0300] "GET /cormun/static/Resources/PXToolsGridPage.gif HTTP/1.1" 200 725
186.103.159.44 - - [10/Sep/2018:08:22:16 -0300] "GET /cormun/static/Shared/ext/resources/css/ext-all.css?205870 HTTP/1.1" 200 416045
186.103.159.44 - - [10/Sep/2018:08:22:17 -0300] "GET /cormun/static/Resources/asc.gif HTTP/1.1" 200 67
186.103.159.44 - - [10/Sep/2018:08:22:17 -0300] "GET /cormun/static/Resources/desc.gif HTTP/1.1" 200 65
186.103.159.44 - - [10/Sep/2018:08:22:17 -0300] "GET /cormun//static/Resources/PXToolsGridDisplay.png HTTP/1.1" 200 362
186.103.159.44 - - [10/Sep/2018:08:22:17 -0300] "GET /cormun//static/Resources/PXToolsHeaderFavorites.png HTTP/1.1" 200 2744
186.103.159.44 - - [10/Sep/2018:08:22:17 -0300] "GET /cormun//static/Resources/PXTools/ActionInsert.png HTTP/1.1" 200 1482
186.103.159.44 - - [10/Sep/2018:08:22:17 -0300] "GET /cormun//static/Resources/PXToolsActionDisabled.gif HTTP/1.1" 200 53
186.103.159.44 - - [10/Sep/2018:08:22:17 -0300] "GET /cormun//static/Resources/PXToolsActionPrint.png HTTP/1.1" 200 3317
186.103.159.44 - - [10/Sep/2018:08:22:17 -0300] "GET /cormun//static/Resources/PXToolsHeaderHelp.png HTTP/1.1" 200 4055
186.103.159.44 - - [10/Sep/2018:08:22:18 -0300] "GET /cormun/static/Shared/ext/resources/themes/images/default/panel/bg-headersPanel.png HTTP/1.1" 200 255
186.103.159.44 - - [10/Sep/2018:08:22:18 -0300] "GET /cormun/static/Shared/ext/resources/themes/images/default/tools/tool-sprites.gif HTTP/1.1" 200 5434
186.103.159.204 - - [10/Sep/2018:08:22:23 -0300] "POST /cormun/servlet/hlogin?9d0e5462dccb4d9ff561d25c556426a2,gx-no-cache=1536578461452 HTTP/1.1" 200 90
186.103.159.44 - - [10/Sep/2018:08:22:23 -0300] "GET /cormun/servlet/licenciaspermisos?INS,0,,, HTTP/1.1" 200 7788
186.103.159.204 - - [10/Sep/2018:08:22:23 -0300] "GET /cormun/servlet/hpexe_link HTTP/1.1" 200 949
186.79.4.124 - - [10/Sep/2018:08:22:23 -0300] "POST /cormun/servlet/solicitudot?gx-no-cache=1536578460501 HTTP/1.1" 200 20
186.103.159.44 - - [10/Sep/2018:08:22:23 -0300] "GET /cormun/static/gxcfg.js?201762917281167 HTTP/1.1" 200 953
186.103.159.44 - - [10/Sep/2018:08:22:23 -0300] "GET /cormun/static/Resources/prompt.gif HTTP/1.1" 200 902
186.103.159.204 - - [10/Sep/2018:08:22:24 -0300] "GET /cormun/static/gxcfg.js?20177612121792 HTTP/1.1" 200 953
186.103.159.204 - - [10/Sep/2018:08:22:24 -0300] "GET /cormun/servlet/trsolicitudot HTTP/1.1" 200 7304
186.103.159.44 - - [10/Sep/2018:08:22:24 -0300] "GET /cormun/static/licenciaspermisos.js?201762917281260 HTTP/1.1" 200 37491
186.79.4.124 - - [10/Sep/2018:08:22:25 -0300] "POST /cormun/servlet/solicitudot?85348146220934ebf20e287e792c876d,INS,0,0,,gx-no-cache=1536578463691 HTTP/1.1" 500 10
186.103.159.204 - - [10/Sep/2018:08:22:25 -0300] "GET /cormun/servlet/trsolicitudot HTTP/1.1" 200 7303
186.103.159.204 - - [10/Sep/2018:08:22:32 -0300] "GET /cormun/servlet/trlicencias? HTTP/1.1" 200 10420
186.103.159.204 - - [10/Sep/2018:08:22:33 -0300] "GET /cormun/static/gxcfg.js?20176272054169 HTTP/1.1" 304 -
186.103.159.204 - - [10/Sep/2018:08:22:33 -0300] "GET /cormun/servlet/trlicencias? HTTP/1.1" 200 10430
186.103.159.182 - - [10/Sep/2018:08:22:34 -0300] "GET /cormun/servlet/hlogin HTTP/1.1" 200 1721
186.79.4.124 - - [10/Sep/2018:08:22:39 -0300] "GET /cormun/servlet/hlogin HTTP/1.1" 200 1723
186.103.159.204 - - [10/Sep/2018:08:22:42 -0300] "GET /cormun/servlet/licenciaspermisos?INS,0,,, HTTP/1.1" 200 7803
186.103.159.204 - - [10/Sep/2018:08:22:42 -0300] "GET /cormun/static/gxcfg.js?201762917281167 HTTP/1.1" 304 -
186.103.159.204 - - [10/Sep/2018:08:22:43 -0300] "GET /cormun/servlet/licenciaspermisos?INS,0,,, HTTP/1.1" 200 7811
186.103.159.44 - - [10/Sep/2018:08:22:55 -0300] "GET /cormun/servlet/licenciaspermisos?b160149c6cd1abede225bf3dcb54a90cbb355b69fc564a13269a707395ed3aed0030abfc468d0fbe9a012aa1627ab589,gx-no-cache=1536578495330 HTTP/1.1" 200 107
186.103.159.44 - - [10/Sep/2018:08:22:57 -0300] "POST /cormun/servlet/licenciaspermisos?02923924a4b3e8fdd8fc11074963b3bc,INS,0,,,,gx-no-cache=1536578495585 HTTP/1.1" 200 4958
186.103.159.182 - - [10/Sep/2018:08:23:07 -0300] "POST /cormun/servlet/hlogin?673ae9372e22c446292e68903874506d,gx-no-cache=1536578509665 HTTP/1.1" 200 90
186.103.159.182 - - [10/Sep/2018:08:23:08 -0300] "GET /cormun/servlet/hpexe_link HTTP/1.1" 200 945
186.103.159.182 - - [10/Sep/2018:08:23:08 -0300] "GET /cormun/servlet/hhome HTTP/1.1" 200 4332
186.103.159.182 - - [10/Sep/2018:08:23:08 -0300] "GET /cormun/static/hmpwkw03.js?20189613443875 HTTP/1.1" 200 3965
186.103.159.182 - - [10/Sep/2018:08:23:10 -0300] "GET /cormun/servlet/hhome HTTP/1.1" 200 4331
186.103.159.204 - - [10/Sep/2018:08:23:16 -0300] "GET /cormun/servlet/prfichaempleado?,MD,,gxPopupLevel%3D0%3B HTTP/1.1" 200 9335
186.103.159.204 - - [10/Sep/2018:08:23:38 -0300] "POST /cormun/servlet/prfichaempleado?9d0e5462dccb4d9ff561d25c556426a2,,MD,,gxPopupLevel%3D0%3B,gx-no-cache=1536578534290 HTTP/1.1" 200 3423
186.103.159.204 - - [10/Sep/2018:08:23:46 -0300] "GET /cormun/servlet/licenciaspermisos?9d35cdd26b7eb870e4d92fb8abfce5c456f3273f47101a437ac37b1393135d6e3d256eb9b3eae2cd917642496b1e4ea1,gx-no-cache=1536578544828 HTTP/1.1" 200 74
186.103.159.204 - - [10/Sep/2018:08:23:48 -0300] "POST /cormun/servlet/licenciaspermisos?9d0e5462dccb4d9ff561d25c556426a2,INS,0,,,,gx-no-cache=1536578544979 HTTP/1.1" 200 4954
186.103.159.204 - - [10/Sep/2018:08:24:32 -0300] "GET /cormun/static/menuarrow.gif HTTP/1.1" 404 1015
186.103.159.182 - - [10/Sep/2018:08:26:27 -0300] "GET /cormun/servlet/trsolicitudot? HTTP/1.1" 200 7547
186.103.159.182 - - [10/Sep/2018:08:26:29 -0300] "GET /cormun/servlet/trsolicitudot? HTTP/1.1" 200 7546
186.103.159.182 - - [10/Sep/2018:08:26:38 -0300] "GET /cormun/servlet/solicitudot?INS,0,0, HTTP/1.1" 200 15005
186.103.159.182 - - [10/Sep/2018:08:26:38 -0300] "GET /cormun/static/gxcfg.js?2018371111666 HTTP/1.1" 200 953
186.103.159.182 - - [10/Sep/2018:08:26:39 -0300] "GET /cormun/static/solicitudot.js?201837111193 HTTP/1.1" 200 72045
186.103.159.182 - - [10/Sep/2018:08:26:41 -0300] "GET /cormun/servlet/solicitudot?INS,0,0, HTTP/1.1" 200 15011
186.79.4.124 - - [10/Sep/2018:08:26:51 -0300] "POST /cormun/servlet/hlogin?8bf98d296bd5a3f6c73713af9b10ae66,gx-no-cache=1536578731364 HTTP/1.1" 200 90
186.79.4.124 - - [10/Sep/2018:08:26:52 -0300] "GET /cormun/servlet/hpexe_link HTTP/1.1" 200 952
186.79.4.124 - - [10/Sep/2018:08:26:53 -0300] "GET /cormun/servlet/hhome HTTP/1.1" 200 3969
186.79.4.124 - - [10/Sep/2018:08:26:54 -0300] "GET /cormun/servlet/hhome HTTP/1.1" 200 3965
186.79.4.124 - - [10/Sep/2018:08:27:02 -0300] "GET /cormun/servlet/trsolicitudot? HTTP/1.1" 200 7180
186.103.159.44 - - [10/Sep/2018:08:27:03 -0300] "GET /cormun/servlet/licenciaspermisos?b160149c6cd1abede225bf3dcb54a90cfee71b72fe880121c7c272fdff721a96ca33309984172231d27f730d4b80c8a97cae6746f2b7325a69e115c97a8df7de3aa3c2adda96138e3988955111abaa31d52e87acf12c1e1a08b7988eb9d246b9cf9cc510f76271108c4783e5899bdc977d38790eefeb6470e4924902edfe571954ad3a40baf3e4f7433e6c2df95f1acd9ba79ad7310f3a71ded98290ae3151d3d4b0b2a54f0397e7683d01f225ae89c5,gx-no-cache=1536578742221 HTTP/1.1" 200 30
186.79.4.124 - - [10/Sep/2018:08:27:03 -0300] "GET /cormun/servlet/trsolicitudot? HTTP/1.1" 200 7180
186.103.159.44 - - [10/Sep/2018:08:27:03 -0300] "GET /cormun/servlet/licenciaspermisos?b160149c6cd1abede225bf3dcb54a90c079009f9a88d36bc065d30643e563cd68c36bf2715366d57d7f9251d0b2dcd9e9afeb031dc994d6f482b5ce4093f544218cb8d6b9eaa5e58758328963ff0faedc02359615f6174150bf108ba29ad1f4952551e4338b724cef755155af6653f86064b77888a85ef28e4fbd086367cedec59528986d4d67efb3adf9a5ef042b4971b8dd843f1772aa280671d006f65a2eb8d29f90059964dd9b967b93d8d43afba,gx-no-cache=1536578743035 HTTP/1.1" 200 29
186.79.4.124 - - [10/Sep/2018:08:27:05 -0300] "GET /cormun/servlet/solicitudot?INS,0,0, HTTP/1.1" 200 14650
186.79.4.124 - - [10/Sep/2018:08:27:06 -0300] "GET /cormun/servlet/solicitudot?INS,0,0, HTTP/1.1" 200 14655
186.103.159.44 - - [10/Sep/2018:08:27:06 -0300] "POST /cormun/servlet/licenciaspermisos?02923924a4b3e8fdd8fc11074963b3bc,INS,0,,,,gx-no-cache=1536578743723 HTTP/1.1" 200 93
186.103.159.44 - - [10/Sep/2018:08:27:06 -0300] "GET /cormun/servlet/hpexe_return? HTTP/1.1" 200 1007
186.103.159.44 - - [10/Sep/2018:08:27:07 -0300] "GET /cormun/static/gxcfg.js?2016101716175148 HTTP/1.1" 200 953
186.103.159.44 - - [10/Sep/2018:08:27:07 -0300] "GET /cormun/static/hpexe_return.js?2016101716175153 HTTP/1.1" 200 1633
186.103.159.44 - - [10/Sep/2018:08:27:07 -0300] "GET /cormun/static/Resources/Spanish/PXTools.css?167811 HTTP/1.1" 200 89042
186.103.159.44 - - [10/Sep/2018:08:27:08 -0300] "GET /cormun/servlet/trlicencias HTTP/1.1" 200 13479
186.103.159.44 - - [10/Sep/2018:08:27:08 -0300] "GET /cormun//static/Resources/PXToolsGridDelete.png HTTP/1.1" 200 357
186.103.159.44 - - [10/Sep/2018:08:27:09 -0300] "GET /cormun//static/Resources/PXToolsGridUpdate.png HTTP/1.1" 200 2984
186.103.159.182 - - [10/Sep/2018:08:27:11 -0300] "POST /cormun/servlet/solicitudot?gx-no-cache=1536578746506 HTTP/1.1" 200 20
186.79.4.124 - - [10/Sep/2018:08:27:13 -0300] "GET /cormun/servlet/hlogin HTTP/1.1" 200 1729
186.79.4.124 - - [10/Sep/2018:08:27:13 -0300] "GET /cormun/static/gxtimezone.js?85251 HTTP/1.1" 200 5781
186.79.4.124 - - [10/Sep/2018:08:27:13 -0300] "GET /cormun/static/gxcfg.js?20177612122725 HTTP/1.1" 200 953
186.79.4.124 - - [10/Sep/2018:08:27:13 -0300] "GET /cormun/static/messages.spa.js?85251 HTTP/1.1" 200 30736
186.79.4.124 - - [10/Sep/2018:08:27:13 -0300] "GET /cormun/static/Resources/ComunLogin.png HTTP/1.1" 200 17326
186.79.4.124 - - [10/Sep/2018:08:27:13 -0300] "GET /cormun/static/hlogin.js?20177612122738 HTTP/1.1" 200 2136
186.79.4.124 - - [10/Sep/2018:08:27:14 -0300] "GET /cormun/static/Resources/Spanish/PXTools.css?1155365 HTTP/1.1" 200 89042
186.79.4.124 - - [10/Sep/2018:08:27:14 -0300] "GET /cormun/static/gxgral.js?85251 HTTP/1.1" 200 384558
186.79.4.124 - - [10/Sep/2018:08:27:15 -0300] "GET /cormun/static/Resources/PXToolsLoginBottom.png HTTP/1.1" 200 1389
186.79.4.124 - - [10/Sep/2018:08:27:15 -0300] "GET /cormun/static/Resources/PXToolsLoginBackground.png HTTP/1.1" 200 1164
186.79.4.124 - - [10/Sep/2018:08:27:15 -0300] "GET /cormun/static/Resources/PXToolsButtonLeft21.png HTTP/1.1" 200 1287
186.79.4.124 - - [10/Sep/2018:08:27:15 -0300] "GET /cormun/static/Resources/PXToolsButtonRight21.png HTTP/1.1" 200 1283
186.79.4.124 - - [10/Sep/2018:08:27:15 -0300] "GET /cormun/static/Resources/PXToolsButtonBackground2.png HTTP/1.1" 200 1181
186.79.4.124 - - [10/Sep/2018:08:27:15 -0300] "GET /cormun/static/Resources/PXToolsLoginTop.png HTTP/1.1" 200 1337
186.79.4.124 - - [10/Sep/2018:08:27:15 -0300] "GET /cormun/static/Resources/indicator.gif HTTP/1.1" 200 1553
186.79.4.124 - - [10/Sep/2018:08:27:15 -0300] "GET /cormun/servlet/hlogin HTTP/1.1" 200 1732
186.79.4.124 - - [10/Sep/2018:08:27:15 -0300] "GET /favicon.ico HTTP/1.1" 200 21630
186.103.159.182 - - [10/Sep/2018:08:27:17 -0300] "POST /cormun/servlet/solicitudot?673ae9372e22c446292e68903874506d,INS,0,0,,gx-no-cache=1536578753578 HTTP/1.1" 500 10
186.103.159.182 - - [10/Sep/2018:08:27:18 -0300] "GET /cormun/servlet/solicitudot?2c47e1d9f50fae34b4ad120adae3e70394678d9aa0066e4daaf05bbf68ee1612af0f6817207dcb452999af565d63a606,gx-no-cache=1536578760472 HTTP/1.1" 200 20
186.79.4.124 - - [10/Sep/2018:08:27:18 -0300] "POST /cormun/servlet/hlogin?9b71f81cca506bdd56d283ff05786d64,gx-no-cache=1536578758304 HTTP/1.1" 200 90
186.79.4.124 - - [10/Sep/2018:08:27:18 -0300] "GET /cormun/servlet/hpexe_link HTTP/1.1" 200 954
186.79.4.124 - - [10/Sep/2018:08:27:19 -0300] "GET /cormun/static/hpexe_link.js?20177612121795 HTTP/1.1" 200 625
186.79.4.124 - - [10/Sep/2018:08:27:19 -0300] "GET /cormun/static/gxcfg.js?20177612121792 HTTP/1.1" 200 953
186.79.4.124 - - [10/Sep/2018:08:27:19 -0300] "GET /cormun/servlet/hhome HTTP/1.1" 200 4244
186.79.4.124 - - [10/Sep/2018:08:27:19 -0300] "GET /cormun/static/SmoothNavMenu/resources/ddsmoothmenu-v.css?1012540 HTTP/1.1" 200 1188
186.79.4.124 - - [10/Sep/2018:08:27:19 -0300] "GET /cormun/static/SmoothNavMenu/resources/ddsmoothmenu.css?1012540 HTTP/1.1" 200 2223
186.79.4.124 - - [10/Sep/2018:08:27:19 -0300] "GET /cormun/static/scaMessage/css/jquery.pnotify.default.css?1716380 HTTP/1.1" 200 1707
186.79.4.124 - - [10/Sep/2018:08:27:19 -0300] "GET /cormun/static/gxcfg.js?20175251212442 HTTP/1.1" 200 953
186.79.4.124 - - [10/Sep/2018:08:27:19 -0300] "GET /cormun/static/Shared/jqueryui/jquery-ui.min.css?1245370 HTTP/1.1" 200 30288
186.79.4.124 - - [10/Sep/2018:08:27:19 -0300] "GET /cormun/static/PXToolsJavascripts/pexe_autoreload.js HTTP/1.1" 200 1762
186.79.4.124 - - [10/Sep/2018:08:27:19 -0300] "GET /cormun/static/PXToolsJavascripts/pexe_cookies.js HTTP/1.1" 200 792
186.79.4.124 - - [10/Sep/2018:08:27:19 -0300] "GET /cormun/static/PXToolsJavascripts/pexe_grid.js HTTP/1.1" 200 7559
186.79.4.124 - - [10/Sep/2018:08:27:19 -0300] "GET /cormun/static/PXToolsJavascripts/pexe_windows.js HTTP/1.1" 200 15207
186.79.4.124 - - [10/Sep/2018:08:27:19 -0300] "GET /cormun/static/Resources/Spanish/PXTools.css?11423723 HTTP/1.1" 200 89042
186.79.4.124 - - [10/Sep/2018:08:27:19 -0300] "GET /cormun/static/PXToolsJavascripts/pexe_griddivfix.js HTTP/1.1" 200 6644
186.79.4.124 - - [10/Sep/2018:08:27:19 -0300] "GET /cormun/static/PXToolsJavascripts/pexe_link.js HTTP/1.1" 200 5671
186.79.4.124 - - [10/Sep/2018:08:27:19 -0300] "GET /cormun/static/PXToolsJavascripts/pexe_menus.js HTTP/1.1" 200 1286
186.79.4.124 - - [10/Sep/2018:08:27:19 -0300] "GET /cormun/static/PXToolsJavascripts/pexe_menudivfix.js HTTP/1.1" 200 333
186.79.4.124 - - [10/Sep/2018:08:27:19 -0300] "GET /cormun/static/PXToolsJavascripts/pexe_layers.js HTTP/1.1" 200 4114
186.79.4.124 - - [10/Sep/2018:08:27:19 -0300] "GET /cormun/static/PXToolsJavascripts/pexe_oav.js HTTP/1.1" 200 645
186.79.4.124 - - [10/Sep/2018:08:27:19 -0300] "GET /cormun/static/PXToolsJavascripts/pexe_oavdivfix.js HTTP/1.1" 200 639
186.79.4.124 - - [10/Sep/2018:08:27:19 -0300] "GET /cormun/static/PXToolsJavascripts/pexe_picture.js HTTP/1.1" 200 689
186.79.4.124 - - [10/Sep/2018:08:27:19 -0300] "GET /cormun/static/PXToolsJavascripts/pexe_popup.js HTTP/1.1" 200 13458
186.79.4.124 - - [10/Sep/2018:08:27:20 -0300] "GET /cormun/static/PXToolsJavascripts/pexe_scrolldiv.js HTTP/1.1" 200 4138
186.79.4.124 - - [10/Sep/2018:08:27:20 -0300] "GET /cormun/static/PXToolsJavascripts/pexe_tabs.js HTTP/1.1" 200 3748
186.79.4.124 - - [10/Sep/2018:08:27:20 -0300] "GET /cormun/static/PXToolsJavascripts/PXToolsJavascriptsRender.js HTTP/1.1" 200 367
186.79.4.124 - - [10/Sep/2018:08:27:20 -0300] "GET /cormun/static/Resources/logo4.png HTTP/1.1" 200 6582
186.79.4.124 - - [10/Sep/2018:08:27:20 -0300] "GET /cormun/static/Resources/PXToolsHeaderActionsLeft.png HTTP/1.1" 200 1118
186.79.4.124 - - [10/Sep/2018:08:27:20 -0300] "GET /cormun/static/RunJS/RunJS.js HTTP/1.1" 200 288
186.79.4.124 - - [10/Sep/2018:08:27:20 -0300] "GET /cormun/static/PXToolsJavascripts/pexe_tabdivfix.js HTTP/1.1" 200 876
186.79.4.124 - - [10/Sep/2018:08:27:20 -0300] "GET /cormun/static/PXToolsJavascripts/pexe_upload.js HTTP/1.1" 200 1423
186.79.4.124 - - [10/Sep/2018:08:27:20 -0300] "GET /cormun/static/Shared/ext/locale/ext-lang-en.js HTTP/1.1" 200 10940
186.79.4.124 - - [10/Sep/2018:08:27:20 -0300] "GET /cormun/static/hhome.js?20175251212450 HTTP/1.1" 200 777
186.79.4.124 - - [10/Sep/2018:08:27:20 -0300] "GET /cormun/static/hwchdr01.js?201752511465785 HTTP/1.1" 200 1183
186.79.4.124 - - [10/Sep/2018:08:27:20 -0300] "GET /cormun/static/hpexe_recentlink.js?20177611595044 HTTP/1.1" 200 2144
186.79.4.124 - - [10/Sep/2018:08:27:20 -0300] "GET /cormun/static/Resources/PXToolsHeaderSecurity.png HTTP/1.1" 200 4166
186.79.4.124 - - [10/Sep/2018:08:27:20 -0300] "GET /cormun/static/Resources/PXToolsHeaderBackground2.png HTTP/1.1" 200 1174
186.79.4.124 - - [10/Sep/2018:08:27:20 -0300] "GET /cormun/static/gxui/gxui-all.js HTTP/1.1" 200 107772
186.79.4.124 - - [10/Sep/2018:08:27:20 -0300] "GET /cormun/static/Resources/PXToolsDataTitle.png HTTP/1.1" 200 1173
186.79.4.124 - - [10/Sep/2018:08:27:21 -0300] "GET /cormun/static/Resources/PXToolsHeaderLogin.png HTTP/1.1" 200 4279
186.79.4.124 - - [10/Sep/2018:08:27:21 -0300] "GET /cormun/static/Resources/PXToolsHeaderPreferences.png HTTP/1.1" 200 4189
186.79.4.124 - - [10/Sep/2018:08:27:21 -0300] "GET /cormun/static/Resources/PXToolsFooterBackground2.png HTTP/1.1" 200 1172
186.79.4.124 - - [10/Sep/2018:08:27:21 -0300] "GET /cormun/static/Resources/PXToolsHeaderHome.png HTTP/1.1" 200 4147
186.79.4.124 - - [10/Sep/2018:08:27:21 -0300] "GET /cormun/static/Resources/PXToolsHeaderActionsBackground.png HTTP/1.1" 200 484
186.79.4.124 - - [10/Sep/2018:08:27:21 -0300] "GET /cormun/static/Resources/PXToolsHeaderActionsRight.png HTTP/1.1" 200 1201
186.79.4.124 - - [10/Sep/2018:08:27:21 -0300] "GET /cormun/static/hpexe_messagecontroller.js?20177611595012 HTTP/1.1" 200 870
186.79.4.124 - - [10/Sep/2018:08:27:21 -0300] "GET /cormun/static/hpexe_messagepopupcomponent.js?20161017169425 HTTP/1.1" 200 605
186.79.4.124 - - [10/Sep/2018:08:27:21 -0300] "GET /cormun/static/hpexe_messagegenexuscomponent.js?201752511465344 HTTP/1.1" 200 587
186.79.4.124 - - [10/Sep/2018:08:27:21 -0300] "GET /cormun/static/Shared/jquery/jquery-1.4.2.min.js HTTP/1.1" 200 72174
186.79.4.124 - - [10/Sep/2018:08:27:21 -0300] "GET /cormun/static/hpexe_scripts.js?201752511465715 HTTP/1.1" 200 1544
186.79.4.124 - - [10/Sep/2018:08:27:21 -0300] "GET /cormun/static/cmcontrolpreferences.js?201752511465670 HTTP/1.1" 200 1375
186.79.4.124 - - [10/Sep/2018:08:27:21 -0300] "GET /cormun/static/SmoothNavMenu/resources/ddsmoothmenu.js HTTP/1.1" 200 12712
186.79.4.124 - - [10/Sep/2018:08:27:21 -0300] "GET /cormun/static/SmoothNavMenu/resources/SmoothNavMenuRender.js HTTP/1.1" 200 5951
186.79.4.124 - - [10/Sep/2018:08:27:22 -0300] "GET /cormun/static/scaMessage/js/jquery.pnotify.min.js HTTP/1.1" 200 13038
186.79.4.124 - - [10/Sep/2018:08:27:22 -0300] "GET /cormun/static/scaMessage/scaMessageRender.js HTTP/1.1" 200 11977
186.79.4.124 - - [10/Sep/2018:08:27:22 -0300] "GET /cormun/static/hmpwkw03.js?20189613443875 HTTP/1.1" 200 3965
186.79.4.124 - - [10/Sep/2018:08:27:23 -0300] "GET /cormun/static/Shared/jqueryui/jquery-ui.min.js HTTP/1.1" 200 240427
40.77.195.241 - - [10/Sep/2018:08:27:23 -0300] "GET /cormun/static/gxui/gxui-all.css?120300 HTTP/1.1" 200 2179
40.77.195.241 - - [10/Sep/2018:08:27:23 -0300] "GET /cormun/static/Shared/ext/resources/css/ext-all.css?215870 HTTP/1.1" 200 416045
40.77.195.241 - - [10/Sep/2018:08:27:23 -0300] "GET /cormun/static/calendar-system.css?85620 HTTP/1.1" 200 5572
186.79.4.124 - - [10/Sep/2018:08:27:24 -0300] "GET /cormun/static/Shared/jquery/jquery-1.10.2.min.js HTTP/1.1" 200 273199
40.77.195.241 - - [10/Sep/2018:08:27:25 -0300] "GET /cormun/static/Resources/Spanish/PXTools.css?1255365 HTTP/1.1" 200 89042
40.77.195.241 - - [10/Sep/2018:08:27:25 -0300] "GET /cormun/static/Shared/jqueryui/jquery-ui.min.css?1245370 HTTP/1.1" 200 30288
186.79.4.124 - - [10/Sep/2018:08:27:26 -0300] "GET /cormun/static/Shared/ext/ext-all.js HTTP/1.1" 200 1289687
40.77.195.241 - - [10/Sep/2018:08:27:26 -0300] "GET /cormun/static/SmoothNavMenu/resources/ddsmoothmenu.css?1012540 HTTP/1.1" 200 2223
186.79.4.124 - - [10/Sep/2018:08:27:26 -0300] "GET /cormun/static/SmoothNavMenu/resources/images/down.gif HTTP/1.1" 200 854
186.79.4.124 - - [10/Sep/2018:08:27:26 -0300] "GET /cormun/servlet/hhome HTTP/1.1" 200 4240
186.79.4.124 - - [10/Sep/2018:08:27:26 -0300] "GET /cormun/static/SmoothNavMenu/resources/images/right.gif HTTP/1.1" 200 860
40.77.195.241 - - [10/Sep/2018:08:27:28 -0300] "GET /cormun/static/SmoothNavMenu/resources/ddsmoothmenu-v.css?1012540 HTTP/1.1" 200 1188
40.77.195.241 - - [10/Sep/2018:08:27:29 -0300] "GET /cormun/static/scaMessage/css/jquery.pnotify.default.css?1716380 HTTP/1.1" 200 1707
40.77.195.241 - - [10/Sep/2018:08:27:30 -0300] "GET /cormun/static/calendar.js?85251 HTTP/1.1" 200 26246
186.79.4.124 - - [10/Sep/2018:08:27:30 -0300] "GET /cormun/servlet/trautorizarsolicitud? HTTP/1.1" 200 7353
186.79.4.124 - - [10/Sep/2018:08:27:30 -0300] "GET /cormun/static/gxui/gxui-all.css?120300 HTTP/1.1" 200 2179
186.79.4.124 - - [10/Sep/2018:08:27:30 -0300] "GET /cormun/static/calendar-system.css?85620 HTTP/1.1" 200 5572
186.79.4.124 - - [10/Sep/2018:08:27:31 -0300] "GET /cormun/static/gxcfg.js?2017111423403364 HTTP/1.1" 200 953
40.77.195.241 - - [10/Sep/2018:08:27:31 -0300] "GET /cormun/static/calendar-setup.js?85251 HTTP/1.1" 200 2588
186.79.4.124 - - [10/Sep/2018:08:27:31 -0300] "GET /cormun/static/calendar.js?85251 HTTP/1.1" 200 26246
186.79.4.124 - - [10/Sep/2018:08:27:31 -0300] "GET /cormun/static/calendar-setup.js?85251 HTTP/1.1" 200 2588
186.79.4.124 - - [10/Sep/2018:08:27:31 -0300] "GET /cormun/static/calendar-es.js?85251 HTTP/1.1" 200 1901
40.77.195.241 - - [10/Sep/2018:08:27:31 -0300] "GET /cormun/static/calendar-es.js?85251 HTTP/1.1" 200 1901
186.79.4.124 - - [10/Sep/2018:08:27:31 -0300] "GET /cormun/static/Resources/Spanish/PXTools.css?1255365 HTTP/1.1" 200 89042
186.79.4.124 - - [10/Sep/2018:08:27:31 -0300] "GET /cormun/static/Resources/PXTools/calendar.png HTTP/1.1" 200 1306
186.79.4.124 - - [10/Sep/2018:08:27:32 -0300] "GET /cormun/static/Resources/PXToolsDataSearch.png HTTP/1.1" 200 419
186.79.4.124 - - [10/Sep/2018:08:27:32 -0300] "GET /cormun/static/gxdec.js?85251 HTTP/1.1" 200 19579
186.79.4.124 - - [10/Sep/2018:08:27:32 -0300] "GET /cormun/static/Resources/PXToolsGridFirstDisabled.gif HTTP/1.1" 200 100
186.79.4.124 - - [10/Sep/2018:08:27:32 -0300] "GET /cormun/static/Resources/PXToolsGridPreviousDisabled.gif HTTP/1.1" 200 90
186.79.4.124 - - [10/Sep/2018:08:27:32 -0300] "GET /cormun/static/Resources/PXToolsGridNextDisabled.gif HTTP/1.1" 200 90
186.79.4.124 - - [10/Sep/2018:08:27:33 -0300] "GET /cormun/static/Resources/PXToolsGridLastDisabled.gif HTTP/1.1" 200 98
186.79.4.124 - - [10/Sep/2018:08:27:33 -0300] "GET /cormun/static/Resources/PXToolsGridPage.gif HTTP/1.1" 200 725
186.79.4.124 - - [10/Sep/2018:08:27:33 -0300] "GET /cormun/static/trautorizarsolicitud.js?201711142340425 HTTP/1.1" 200 53910
186.79.4.124 - - [10/Sep/2018:08:27:33 -0300] "GET /cormun/static/Resources/PXToolsActionExcel.png HTTP/1.1" 200 3187
40.77.195.241 - - [10/Sep/2018:08:27:33 -0300] "GET /cormun/static/gxui/gxui-all.js HTTP/1.1" 200 107772
200.111.191.210 - - [10/Sep/2018:08:27:35 -0300] "GET /cormun/servlet/trpermisosgoce? HTTP/1.1" 200 6111
200.111.191.210 - - [10/Sep/2018:08:27:35 -0300] "GET /cormun/static/hmpwkw03.js?20189613443875 HTTP/1.1" 304 -
200.111.191.210 - - [10/Sep/2018:08:27:35 -0300] "GET /cormun/servlet/hlogin HTTP/1.1" 200 1740
200.111.191.210 - - [10/Sep/2018:08:27:35 -0300] "GET /cormun/servlet/trpermisosgoce? HTTP/1.1" 200 6108
200.111.191.210 - - [10/Sep/2018:08:27:35 -0300] "GET /cormun/static/gxcfg.js?20177612122725 HTTP/1.1" 304 -
186.103.159.44 - - [10/Sep/2018:08:27:36 -0300] "POST /cormun/servlet/trlicencias?02923924a4b3e8fdd8fc11074963b3bc,gx-no-cache=1536578752238 HTTP/1.1" 500 10
186.79.4.124 - - [10/Sep/2018:08:27:36 -0300] "POST /cormun/servlet/solicitudot?gx-no-cache=1536578775191 HTTP/1.1" 200 20
40.77.195.241 - - [10/Sep/2018:08:27:36 -0300] "GET /cormun/static/RunJS/RunJS.js HTTP/1.1" 200 288
40.77.195.241 - - [10/Sep/2018:08:27:37 -0300] "GET /cormun/static/PXToolsJavascripts/pexe_autoreload.js HTTP/1.1" 200 1762
186.79.4.124 - - [10/Sep/2018:08:27:37 -0300] "GET /cormun/static/Shared/ext/resources/css/ext-all.css?215870 HTTP/1.1" 200 416045
40.77.195.241 - - [10/Sep/2018:08:27:37 -0300] "GET /cormun/static/PXToolsJavascripts/pexe_cookies.js HTTP/1.1" 200 792
40.77.195.241 - - [10/Sep/2018:08:27:38 -0300] "GET /cormun/static/PXToolsJavascripts/pexe_windows.js HTTP/1.1" 200 15207
186.79.4.124 - - [10/Sep/2018:08:27:38 -0300] "GET /cormun/static/Resources/asc.gif HTTP/1.1" 200 67
186.79.4.124 - - [10/Sep/2018:08:27:38 -0300] "GET /cormun/static/Resources/desc.gif HTTP/1.1" 200 65
186.79.4.124 - - [10/Sep/2018:08:27:38 -0300] "GET /cormun/servlet/trautorizarsolicitud? HTTP/1.1" 200 7352
186.79.4.124 - - [10/Sep/2018:08:27:38 -0300] "GET /cormun/static/Shared/ext/resources/themes/images/default/panel/bg-headersPanel.png HTTP/1.1" 200 255
186.79.4.124 - - [10/Sep/2018:08:27:38 -0300] "GET /cormun/static/Shared/ext/resources/themes/images/default/tools/tool-sprites.gif HTTP/1.1" 200 5434
186.79.4.124 - - [10/Sep/2018:08:27:39 -0300] "POST /cormun/servlet/solicitudot?8bf98d296bd5a3f6c73713af9b10ae66,INS,0,0,,gx-no-cache=1536578776651 HTTP/1.1" 500 10
40.77.195.241 - - [10/Sep/2018:08:27:39 -0300] "GET /cormun/static/PXToolsJavascripts/pexe_grid.js HTTP/1.1" 200 7559
40.77.195.241 - - [10/Sep/2018:08:27:39 -0300] "GET /cormun/static/PXToolsJavascripts/pexe_griddivfix.js HTTP/1.1" 200 6644
40.77.195.241 - - [10/Sep/2018:08:27:40 -0300] "GET /cormun/static/Shared/ext/ext-all.js HTTP/1.1" 200 1289687
40.77.195.241 - - [10/Sep/2018:08:27:40 -0300] "GET /cormun/static/PXToolsJavascripts/pexe_menudivfix.js HTTP/1.1" 200 333
40.77.195.241 - - [10/Sep/2018:08:27:41 -0300] "GET /cormun/static/PXToolsJavascripts/pexe_menus.js HTTP/1.1" 200 1286
40.77.195.241 - - [10/Sep/2018:08:27:41 -0300] "GET /cormun/static/PXToolsJavascripts/pexe_layers.js HTTP/1.1" 200 4114
200.111.191.210 - - [10/Sep/2018:08:27:41 -0300] "POST /cormun/servlet/hlogin?f578ebbfe58cfc0e5ff57557b5e12261,gx-no-cache=1536578811142 HTTP/1.1" 200 90
200.111.191.210 - - [10/Sep/2018:08:27:41 -0300] "GET /cormun/servlet/hpexe_link HTTP/1.1" 200 957
40.77.195.241 - - [10/Sep/2018:08:27:42 -0300] "GET /cormun/static/PXToolsJavascripts/pexe_oav.js HTTP/1.1" 200 645
200.111.191.210 - - [10/Sep/2018:08:27:42 -0300] "GET /cormun/servlet/trpermisosgoce HTTP/1.1" 200 15710
40.77.195.241 - - [10/Sep/2018:08:27:42 -0300] "GET /cormun/static/PXToolsJavascripts/pexe_oavdivfix.js HTTP/1.1" 200 639
200.111.191.210 - - [10/Sep/2018:08:27:42 -0300] "GET /cormun/servlet/trpermisosgoce HTTP/1.1" 200 15708
40.77.195.241 - - [10/Sep/2018:08:27:42 -0300] "GET /cormun/static/PXToolsJavascripts/pexe_picture.js HTTP/1.1" 200 689
40.77.195.241 - - [10/Sep/2018:08:27:43 -0300] "GET /cormun/static/PXToolsJavascripts/pexe_popup.js HTTP/1.1" 200 13458
40.77.195.241 - - [10/Sep/2018:08:27:44 -0300] "GET /cormun/static/PXToolsJavascripts/pexe_scrolldiv.js HTTP/1.1" 200 4138
186.79.4.124 - - [10/Sep/2018:08:27:44 -0300] "POST /cormun/servlet/trautorizarsolicitud?9b71f81cca506bdd56d283ff05786d64,,gx-no-cache=1536578782989 HTTP/1.1" 200 4479
40.77.195.241 - - [10/Sep/2018:08:27:45 -0300] "GET /cormun/static/PXToolsJavascripts/pexe_tabdivfix.js HTTP/1.1" 200 876
40.77.195.241 - - [10/Sep/2018:08:27:45 -0300] "GET /cormun/static/PXToolsJavascripts/pexe_tabs.js HTTP/1.1" 200 3748
40.77.195.241 - - [10/Sep/2018:08:27:46 -0300] "GET /cormun/static/PXToolsJavascripts/pexe_upload.js HTTP/1.1" 200 1423
40.77.195.241 - - [10/Sep/2018:08:27:46 -0300] "GET /cormun/static/PXToolsJavascripts/PXToolsJavascriptsRender.js HTTP/1.1" 200 367
186.79.4.124 - - [10/Sep/2018:08:27:47 -0300] "GET /cormun/static/menuarrow.gif HTTP/1.1" 404 1015
40.77.195.241 - - [10/Sep/2018:08:27:47 -0300] "GET /cormun/static/Shared/ext/locale/ext-lang-en.js HTTP/1.1" 200 10940
40.77.195.241 - - [10/Sep/2018:08:27:48 -0300] "GET /cormun/static/Resources/logo4.png HTTP/1.1" 200 6582
40.77.195.241 - - [10/Sep/2018:08:27:49 -0300] "GET /cormun/static/Resources/PXToolsHeaderActionsLeft.png HTTP/1.1" 200 1118
40.77.195.241 - - [10/Sep/2018:08:27:49 -0300] "GET /cormun/static/Resources/PXToolsHeaderHome.png HTTP/1.1" 200 4147
40.77.195.241 - - [10/Sep/2018:08:27:50 -0300] "GET /cormun/static/Resources/PXToolsHeaderLogin.png HTTP/1.1" 200 4279
40.77.195.241 - - [10/Sep/2018:08:27:51 -0300] "GET /cormun/static/gxdec.js?85251 HTTP/1.1" 200 19579
186.79.4.124 - - [10/Sep/2018:08:27:51 -0300] "GET /cormun/servlet/hlogin HTTP/1.1" 200 1725
40.77.195.241 - - [10/Sep/2018:08:27:52 -0300] "GET /cormun/static/Resources/PXToolsHeaderPreferences.png HTTP/1.1" 200 4189
40.77.195.241 - - [10/Sep/2018:08:27:52 -0300] "GET /cormun/static/Resources/PXToolsHeaderSecurity.png HTTP/1.1" 200 4166
40.77.195.241 - - [10/Sep/2018:08:27:53 -0300] "GET /cormun/static/trsolicitudot.js?201711142259839 HTTP/1.1" 200 54041
186.79.4.124 - - [10/Sep/2018:08:27:53 -0300] "POST /cormun/servlet/hlogin?bbb6bf6c1faee7e220512ccf97a5adca,gx-no-cache=1536578793531 HTTP/1.1" 200 90
186.79.4.124 - - [10/Sep/2018:08:27:54 -0300] "POST /cormun/servlet/trautorizarsolicitud?9b71f81cca506bdd56d283ff05786d64,,gx-no-cache=1536578790888 HTTP/1.1" 200 4481
186.79.4.124 - - [10/Sep/2018:08:27:54 -0300] "GET /cormun/servlet/hpexe_link HTTP/1.1" 200 954
186.79.4.124 - - [10/Sep/2018:08:27:54 -0300] "GET /cormun/servlet/hhome HTTP/1.1" 200 3973
40.77.195.241 - - [10/Sep/2018:08:27:55 -0300] "GET /cormun/static/Resources/PXToolsHeaderActionsRight.png HTTP/1.1" 200 1201
40.77.195.241 - - [10/Sep/2018:08:27:56 -0300] "GET /cormun/static/Resources/PXTools/calendar.png HTTP/1.1" 200 1306
186.79.4.124 - - [10/Sep/2018:08:27:56 -0300] "GET /cormun/servlet/hhome HTTP/1.1" 200 3969
40.77.195.241 - - [10/Sep/2018:08:27:56 -0300] "GET /cormun/static/hwchdr01.js?201752511465785 HTTP/1.1" 200 1183
40.77.195.241 - - [10/Sep/2018:08:27:57 -0300] "GET /cormun/static/Resources/PXToolsGridNew.png HTTP/1.1" 200 2949
40.77.195.241 - - [10/Sep/2018:08:27:57 -0300] "GET /cormun/static/hpexe_recentlink.js?20177611595044 HTTP/1.1" 200 2144
40.77.195.241 - - [10/Sep/2018:08:27:58 -0300] "GET /cormun/static/hpexe_scripts.js?201752511465715 HTTP/1.1" 200 1544
186.79.4.124 - - [10/Sep/2018:08:27:58 -0300] "GET /cormun/servlet/trsolicitudot? HTTP/1.1" 200 7183
40.77.195.241 - - [10/Sep/2018:08:27:58 -0300] "GET /cormun/static/hpexe_messagecontroller.js?20177611595012 HTTP/1.1" 200 870
40.77.195.241 - - [10/Sep/2018:08:27:59 -0300] "GET /cormun/static/hpexe_messagepopupcomponent.js?20161017169425 HTTP/1.1" 200 605
186.79.4.124 - - [10/Sep/2018:08:27:59 -0300] "GET /cormun/servlet/trsolicitudot? HTTP/1.1" 200 7183
40.77.195.241 - - [10/Sep/2018:08:27:59 -0300] "GET /cormun/static/hpexe_messagegenexuscomponent.js?201752511465344 HTTP/1.1" 200 587
40.77.195.241 - - [10/Sep/2018:08:28:00 -0300] "GET /cormun/static/cmcontrolpreferences.js?201752511465670 HTTP/1.1" 200 1375
40.77.195.241 - - [10/Sep/2018:08:28:01 -0300] "GET /cormun/static/Shared/jquery/jquery-1.4.2.min.js HTTP/1.1" 200 72174
186.79.4.124 - - [10/Sep/2018:08:28:01 -0300] "GET /cormun/servlet/solicitudot?INS,0,0, HTTP/1.1" 200 14653
186.79.4.124 - - [10/Sep/2018:08:28:02 -0300] "GET /cormun/servlet/solicitudot?INS,0,0, HTTP/1.1" 200 14658
40.77.195.241 - - [10/Sep/2018:08:28:05 -0300] "GET /cormun/static/Shared/jquery/jquery-1.10.2.min.js HTTP/1.1" 200 273199
109.94.126.227 - - [10/Sep/2018:08:28:07 -0300] "GET / HTTP/1.1" 200 11217
40.77.195.241 - - [10/Sep/2018:08:28:08 -0300] "GET /cormun/static/Shared/jqueryui/jquery-ui.min.js HTTP/1.1" 200 240427
40.77.195.241 - - [10/Sep/2018:08:28:09 -0300] "GET /cormun/static/SmoothNavMenu/resources/ddsmoothmenu.js HTTP/1.1" 200 12712
40.77.195.241 - - [10/Sep/2018:08:28:10 -0300] "GET /cormun/static/SmoothNavMenu/resources/SmoothNavMenuRender.js HTTP/1.1" 200 5951
40.77.195.241 - - [10/Sep/2018:08:28:11 -0300] "GET /cormun/static/scaMessage/js/jquery.pnotify.min.js HTTP/1.1" 200 13038
40.77.195.241 - - [10/Sep/2018:08:28:12 -0300] "GET /cormun/static/scaMessage/scaMessageRender.js HTTP/1.1" 200 11977
40.77.195.241 - - [10/Sep/2018:08:28:12 -0300] "GET /cormun/static/hmpwkw03.js?20189613443875 HTTP/1.1" 200 3965
40.77.195.241 - - [10/Sep/2018:08:28:13 -0300] "GET /cormun/static/Resources/PXToolsFooterBackground2.png HTTP/1.1" 200 1172
40.77.195.241 - - [10/Sep/2018:08:28:13 -0300] "GET /cormun/static/Resources/PXToolsHeaderActionsBackground.png HTTP/1.1" 200 484
40.77.195.241 - - [10/Sep/2018:08:28:14 -0300] "GET /cormun/static/Resources/PXToolsDataSearch.png HTTP/1.1" 200 419
186.79.4.124 - - [10/Sep/2018:08:28:17 -0300] "POST /cormun/servlet/solicitudot?gx-no-cache=1536578815410 HTTP/1.1" 200 20
186.103.159.44 - - [10/Sep/2018:08:28:18 -0300] "GET /cormun/servlet/hlogin HTTP/1.1" 200 1718
186.79.4.124 - - [10/Sep/2018:08:28:20 -0300] "POST /cormun/servlet/solicitudot?bbb6bf6c1faee7e220512ccf97a5adca,INS,0,0,,gx-no-cache=1536578817475 HTTP/1.1" 500 10
186.79.4.124 - - [10/Sep/2018:08:28:34 -0300] "GET /cormun/servlet/hlogin HTTP/1.1" 200 1718
186.79.4.124 - - [10/Sep/2018:08:28:38 -0300] "POST /cormun/servlet/hlogin?32ebd140ed6a0ae3b2fdb638d77977a6,gx-no-cache=1536578838587 HTTP/1.1" 200 90
186.79.4.124 - - [10/Sep/2018:08:28:39 -0300] "GET /cormun/servlet/hpexe_link HTTP/1.1" 200 947
186.79.4.124 - - [10/Sep/2018:08:28:39 -0300] "GET /cormun/servlet/hhome HTTP/1.1" 200 3963
186.79.4.124 - - [10/Sep/2018:08:28:40 -0300] "GET /cormun/servlet/hhome HTTP/1.1" 200 3959
186.103.159.204 - - [10/Sep/2018:08:28:44 -0300] "GET /cormun/servlet/licenciaspermisos?9d35cdd26b7eb870e4d92fb8abfce5c46460182d316971b0fd952ff48358a55f939899b6617f433a663911090745d97fe2cad0a1c5eb6debf06a531bf89f4a66ad442af1e7fc883da11967105357571b464f097331e9af25b56feb1f004114055f897feac858f0ca1c1afa8be5869ab152ee8325aaa7fc1e35d8b4781a9bf7280edc98ca23ad228ab2b9aad8afc5353bfea83d7aaee39ca9f5a8231a07a02139172e7e80935a49ce301729943ed7b64d75424f8c7d36168a2c694637432cc3420a6c4e97ed386955fefe1bd9e3966e1509dd89bf619d54566b5b789e5fd69455,gx-no-cache=1536578842144 HTTP/1.1" 200 30
186.103.159.44 - - [10/Sep/2018:08:28:46 -0300] "POST /cormun/servlet/hlogin?6aaddb2a995a8285452abc8d02c25a4c,gx-no-cache=1536578845054 HTTP/1.1" 200 90
186.103.159.182 - - [10/Sep/2018:08:28:46 -0300] "GET /cormun/servlet/solicitudot?INS,0,0, HTTP/1.1" 200 15005
186.79.4.124 - - [10/Sep/2018:08:28:47 -0300] "GET /cormun/servlet/trsolicitudot? HTTP/1.1" 200 7175
186.103.159.44 - - [10/Sep/2018:08:28:47 -0300] "GET /cormun/servlet/hpexe_link HTTP/1.1" 200 947
186.79.4.124 - - [10/Sep/2018:08:28:47 -0300] "GET /cormun/servlet/trsolicitudot? HTTP/1.1" 200 7174
186.103.159.44 - - [10/Sep/2018:08:28:47 -0300] "GET /cormun/servlet/hhome HTTP/1.1" 200 4254
186.103.159.182 - - [10/Sep/2018:08:28:48 -0300] "GET /cormun/servlet/solicitudot?INS,0,0, HTTP/1.1" 200 15010
186.103.159.182 - - [10/Sep/2018:08:28:48 -0300] "GET /favicon.ico HTTP/1.1" 200 21630
186.79.4.124 - - [10/Sep/2018:08:28:50 -0300] "GET /cormun/servlet/solicitudot?INS,0,0, HTTP/1.1" 200 14645
186.79.4.124 - - [10/Sep/2018:08:28:51 -0300] "GET /cormun/servlet/solicitudot?INS,0,0, HTTP/1.1" 200 14650
186.103.159.44 - - [10/Sep/2018:08:28:51 -0300] "GET /cormun/servlet/trlicencias? HTTP/1.1" 200 13462
186.103.159.44 - - [10/Sep/2018:08:28:58 -0300] "GET /cormun/servlet/trlicenciaspermisosadjuntos?8269735,20180910000000,L, HTTP/1.1" 200 6602
186.103.159.44 - - [10/Sep/2018:08:28:58 -0300] "GET /cormun/static/gxcfg.js?20177612163414 HTTP/1.1" 200 953
186.103.159.44 - - [10/Sep/2018:08:28:58 -0300] "GET /cormun/static/trlicenciaspermisosadjuntos.js?20177612163719 HTTP/1.1" 200 21036
186.103.159.182 - - [10/Sep/2018:08:28:59 -0300] "POST /cormun/servlet/solicitudot?gx-no-cache=1536578861257 HTTP/1.1" 200 20
186.103.159.182 - - [10/Sep/2018:08:29:00 -0300] "POST /cormun/servlet/solicitudot?673ae9372e22c446292e68903874506d,INS,0,0,,gx-no-cache=1536578861667 HTTP/1.1" 500 10
186.103.159.182 - - [10/Sep/2018:08:29:00 -0300] "GET /cormun/servlet/solicitudot?2c47e1d9f50fae34b4ad120adae3e70394678d9aa0066e4daaf05bbf68ee1612af0f6817207dcb452999af565d63a606,gx-no-cache=1536578862804 HTTP/1.1" 200 20
186.103.159.44 - - [10/Sep/2018:08:29:07 -0300] "GET /cormun/servlet/licenciaspermisosadjuntos?INS,8269735,L,20180910000000,, HTTP/1.1" 200 5902
186.103.159.44 - - [10/Sep/2018:08:29:07 -0300] "GET /cormun/static/gxcfg.js?2017761263592 HTTP/1.1" 200 953
186.103.159.44 - - [10/Sep/2018:08:29:07 -0300] "HEAD /cormun/static/about:blank HTTP/1.1" 404 -
186.103.159.44 - - [10/Sep/2018:08:29:07 -0300] "GET /cormun/static/licenciaspermisosadjuntos.js?201776126362 HTTP/1.1" 200 8760
186.103.159.182 - - [10/Sep/2018:08:29:10 -0300] "GET /cormun/servlet/hlogin HTTP/1.1" 200 1721
186.79.4.124 - - [10/Sep/2018:08:29:35 -0300] "POST /cormun/servlet/solicitudot?gx-no-cache=1536578893177 HTTP/1.1" 200 20
186.79.4.124 - - [10/Sep/2018:08:29:38 -0300] "POST /cormun/servlet/solicitudot?32ebd140ed6a0ae3b2fdb638d77977a6,INS,0,0,,gx-no-cache=1536578895682 HTTP/1.1" 500 10
186.79.4.124 - - [10/Sep/2018:08:29:52 -0300] "GET /cormun/servlet/hlogin HTTP/1.1" 200 1718
186.79.4.124 - - [10/Sep/2018:08:29:57 -0300] "POST /cormun/servlet/hlogin?9c7bde1f8e2ba10f230b40365bbfc2d5,gx-no-cache=1536578914780 HTTP/1.1" 200 90
186.103.159.204 - - [10/Sep/2018:08:29:58 -0300] "GET /cormun/servlet/licenciaspermisos?9d35cdd26b7eb870e4d92fb8abfce5c429ebf490ad9c6a72d7d341bf1612a76767117a8aa16638cb71c3f3dffa2b6316529e20e7372dd500bd04cfc213e86e9c4c04e06ed44d672412bb8294b2a597a78b5f37ca90092adb5cca301114eae1d21d4b5cfae6fdcd182e8485e09a0d2ff025b2d70782358e3c6bbc6667b511b21fa6fdc0c10b3b223d7074188e930202dcef5bc20f79615bc1d70918c39213318b277288304a01c1048c246748e75233c5b884844afa6e274482b9467218ccd7d344424d66a8054a943c64db82796607c993ed93d650229134221a8d619c367d3c,gx-no-cache=1536578916392 HTTP/1.1" 200 29
186.103.159.204 - - [10/Sep/2018:08:29:59 -0300] "POST /cormun/servlet/licenciaspermisos?9d0e5462dccb4d9ff561d25c556426a2,INS,0,,,,gx-no-cache=1536578916623 HTTP/1.1" 200 93
186.103.159.204 - - [10/Sep/2018:08:29:59 -0300] "GET /cormun/servlet/hpexe_return? HTTP/1.1" 200 1006
186.103.159.204 - - [10/Sep/2018:08:30:00 -0300] "GET /cormun/static/Resources/Spanish/PXTools.css?167811 HTTP/1.1" 200 89042
186.103.159.204 - - [10/Sep/2018:08:30:01 -0300] "GET /cormun/servlet/trlicencias HTTP/1.1" 200 10811
186.103.159.204 - - [10/Sep/2018:08:30:02 -0300] "GET /cormun/servlet/trlicencias HTTP/1.1" 200 10823
186.103.159.204 - - [10/Sep/2018:08:30:09 -0300] "POST /cormun/servlet/trlicencias?9d0e5462dccb4d9ff561d25c556426a2,gx-no-cache=1536578925850 HTTP/1.1" 200 8275
186.103.159.204 - - [10/Sep/2018:08:30:09 -0300] "GET /cormun/static/Shared/jqueryui/images/ui-icons_82798d_256x240.png HTTP/1.1" 404 1089
186.103.159.204 - - [10/Sep/2018:08:30:09 -0300] "GET /cormun/static/Shared/jqueryui/images/ui-bg_flat_55_fafafa_40x100.png HTTP/1.1" 404 1097
186.79.4.124 - - [10/Sep/2018:08:30:09 -0300] "GET /cormun/servlet/hpexe_link HTTP/1.1" 200 946
186.103.159.204 - - [10/Sep/2018:08:30:09 -0300] "GET /cormun/static/Shared/jqueryui/images/ui-bg_highlight-soft_100_c6c2c8_1x100.png HTTP/1.1" 404 1117
186.103.159.204 - - [10/Sep/2018:08:30:10 -0300] "GET /cormun/static/Shared/jqueryui/images/ui-icons_8d78a5_256x240.png HTTP/1.1" 404 1089
186.79.4.124 - - [10/Sep/2018:08:30:14 -0300] "GET /cormun/servlet/hlogin HTTP/1.1" 200 1723
186.79.4.124 - - [10/Sep/2018:08:30:20 -0300] "POST /cormun/servlet/hlogin?d5cc162b500c025718bfdd2d23bbce86,gx-no-cache=1536578938160 HTTP/1.1" 200 90
186.79.4.124 - - [10/Sep/2018:08:30:20 -0300] "GET /cormun/servlet/hpexe_link HTTP/1.1" 200 954
186.79.4.124 - - [10/Sep/2018:08:30:20 -0300] "GET /cormun/servlet/hhome HTTP/1.1" 200 3973
186.79.4.124 - - [10/Sep/2018:08:30:22 -0300] "GET /cormun/servlet/hhome HTTP/1.1" 200 3970
186.103.159.204 - - [10/Sep/2018:08:30:23 -0300] "GET /cormun/servlet/trlicenciaspermisosadjuntos?8205549,20180910000000,L, HTTP/1.1" 200 6611
186.79.4.124 - - [10/Sep/2018:08:30:23 -0300] "GET /cormun/servlet/hlogin HTTP/1.1" 200 1723
186.103.159.204 - - [10/Sep/2018:08:30:23 -0300] "GET /cormun/static/gxcfg.js?20177612163414 HTTP/1.1" 304 -
186.103.159.204 - - [10/Sep/2018:08:30:24 -0300] "GET /cormun/servlet/trlicenciaspermisosadjuntos?8205549,20180910000000,L, HTTP/1.1" 200 6612
186.79.4.124 - - [10/Sep/2018:08:30:26 -0300] "POST /cormun/servlet/hlogin?d5cc162b500c025718bfdd2d23bbce86,gx-no-cache=1536578946460 HTTP/1.1" 200 90
186.79.4.124 - - [10/Sep/2018:08:30:27 -0300] "GET /cormun/servlet/hpexe_link HTTP/1.1" 200 954
192.168.10.96 - - [10/Sep/2018:08:30:27 -0300] "GET /cormun/servlet/trsolicitudgral? HTTP/1.1" 200 13366
192.168.10.96 - - [10/Sep/2018:08:30:27 -0300] "GET /cormun/static/gxcfg.js?201813119461163 HTTP/1.1" 200 953
192.168.10.96 - - [10/Sep/2018:08:30:27 -0300] "GET /cormun/static/calendar-setup.js?85251 HTTP/1.1" 200 2588
192.168.10.96 - - [10/Sep/2018:08:30:27 -0300] "GET /cormun/static/calendar-es.js?85251 HTTP/1.1" 200 1901
192.168.10.96 - - [10/Sep/2018:08:30:27 -0300] "GET /cormun/static/calendar.js?85251 HTTP/1.1" 200 26246
192.168.10.96 - - [10/Sep/2018:08:30:27 -0300] "GET /cormun/static/gxdec.js?85251 HTTP/1.1" 200 19579
192.168.10.96 - - [10/Sep/2018:08:30:27 -0300] "GET /cormun/static/trsolicitudgral.js?201813119462015 HTTP/1.1" 200 55173
186.79.4.124 - - [10/Sep/2018:08:30:27 -0300] "GET /cormun/servlet/hhome HTTP/1.1" 200 3973
186.79.4.124 - - [10/Sep/2018:08:30:28 -0300] "GET /cormun/servlet/hhome HTTP/1.1" 200 3970
192.168.10.96 - - [10/Sep/2018:08:30:28 -0300] "GET /cormun/servlet/trsolicitudgral? HTTP/1.1" 200 13364
186.79.4.124 - - [10/Sep/2018:08:30:33 -0300] "GET /cormun/servlet/trsolicitudot? HTTP/1.1" 200 7184
186.103.159.44 - - [10/Sep/2018:08:30:38 -0300] "POST /cormun/servlet/licenciaspermisosadjuntos?6aaddb2a995a8285452abc8d02c25a4c,INS,8269735,L,20180910000000,, HTTP/1.1" 200 116
186.103.159.44 - - [10/Sep/2018:08:30:38 -0300] "GET /cormun/servlet/hpexe_return? HTTP/1.1" 200 1035
186.103.159.44 - - [10/Sep/2018:08:30:39 -0300] "GET /cormun/servlet/trlicenciaspermisosadjuntos?8269735,20180910000000,L, HTTP/1.1" 200 7142
186.103.159.44 - - [10/Sep/2018:08:30:42 -0300] "GET /cormun/PublicTempStorage/licencia_medica_rosa_diaz3607722.pdf HTTP/1.1" 200 1026132
186.79.4.124 - - [10/Sep/2018:08:30:42 -0300] "GET /cormun/servlet/trsolicitudot? HTTP/1.1" 200 7183
186.103.159.44 - - [10/Sep/2018:08:30:54 -0300] "GET /cormun/PublicTempStorage/licencia_medica_rosa_diaz3607722.pdf HTTP/1.1" 200 1026132
186.103.159.204 - - [10/Sep/2018:08:31:32 -0300] "GET /cormun/servlet/licenciaspermisosadjuntos?INS,8205549,L,20180910000000,, HTTP/1.1" 200 5911
186.103.159.204 - - [10/Sep/2018:08:31:33 -0300] "GET /cormun/static/gxcfg.js?2017761263592 HTTP/1.1" 304 -
186.103.159.204 - - [10/Sep/2018:08:31:33 -0300] "GET /cormun/static/about:blank HTTP/1.1" 404 1011
186.103.159.204 - - [10/Sep/2018:08:31:33 -0300] "GET /cormun/servlet/licenciaspermisosadjuntos?INS,8205549,L,20180910000000,, HTTP/1.1" 200 5900
186.103.159.182 - - [10/Sep/2018:08:32:13 -0300] "POST /cormun/servlet/hlogin?673ae9372e22c446292e68903874506d,gx-no-cache=1536579055577 HTTP/1.1" 200 90
186.103.159.182 - - [10/Sep/2018:08:32:13 -0300] "GET /cormun/servlet/hpexe_link HTTP/1.1" 200 958
186.103.159.182 - - [10/Sep/2018:08:32:14 -0300] "GET /cormun/servlet/solicitudot?INS,0,0, HTTP/1.1" 200 15005
186.103.159.182 - - [10/Sep/2018:08:32:16 -0300] "GET /cormun/servlet/solicitudot?INS,0,0, HTTP/1.1" 200 15009
186.103.159.182 - - [10/Sep/2018:08:32:23 -0300] "GET /cormun/servlet/prfichaempleado?,MD,,gxPopupLevel%3D0%3B HTTP/1.1" 200 9417
186.103.159.204 - - [10/Sep/2018:08:32:26 -0300] "POST /cormun/servlet/licenciaspermisosadjuntos?9d0e5462dccb4d9ff561d25c556426a2,INS,8205549,L,20180910000000,, HTTP/1.1" 200 116
186.103.159.204 - - [10/Sep/2018:08:32:26 -0300] "GET /cormun/servlet/hpexe_return? HTTP/1.1" 200 1035
186.103.159.204 - - [10/Sep/2018:08:32:28 -0300] "GET /cormun/static/Resources/Spanish/PXTools.css?167811 HTTP/1.1" 200 89042
186.103.159.204 - - [10/Sep/2018:08:32:29 -0300] "GET /cormun/servlet/trlicenciaspermisosadjuntos?8205549,20180910000000,L, HTTP/1.1" 200 7132
186.103.159.204 - - [10/Sep/2018:08:32:30 -0300] "GET /cormun/servlet/trlicenciaspermisosadjuntos?8205549,20180910000000,L, HTTP/1.1" 200 7128
192.168.10.96 - - [10/Sep/2018:08:32:36 -0300] "GET /cormun/servlet/trsolicitudot? HTTP/1.1" 200 9351
192.168.10.96 - - [10/Sep/2018:08:32:36 -0300] "GET /cormun/static/gxcfg.js?2017111422585916 HTTP/1.1" 200 953
192.168.10.96 - - [10/Sep/2018:08:32:37 -0300] "GET /cormun/servlet/trsolicitudot? HTTP/1.1" 200 9350
186.103.159.204 - - [10/Sep/2018:08:32:42 -0300] "GET /cormun/PublicTempStorage/licencia_sara_valdivia9530353.pdf HTTP/1.1" 200 2208493
186.103.159.204 - - [10/Sep/2018:08:32:50 -0300] "GET /cormun/servlet/hpexe_return? HTTP/1.1" 200 1048
186.103.159.204 - - [10/Sep/2018:08:32:51 -0300] "GET /cormun/static/Resources/Spanish/PXTools.css?167811 HTTP/1.1" 200 89042
192.168.10.96 - - [10/Sep/2018:08:32:51 -0300] "POST /cormun/servlet/trsolicitudot?08a6ffd3bbfbf4b6bfd40f5a682e052c,,gx-no-cache=1536578942929 HTTP/1.1" 200 106
192.168.10.96 - - [10/Sep/2018:08:32:51 -0300] "GET /cormun/servlet/solicitudot?UPD,2018,12043, HTTP/1.1" 500 10
186.103.159.204 - - [10/Sep/2018:08:32:53 -0300] "GET /cormun/servlet/trlicencias?gx-no-cache=1536578925850 HTTP/1.1" 200 10821
186.103.159.204 - - [10/Sep/2018:08:32:54 -0300] "GET /cormun/servlet/trlicencias?gx-no-cache=1536578925850 HTTP/1.1" 200 10825
186.103.159.204 - - [10/Sep/2018:08:33:00 -0300] "POST /cormun/servlet/trlicencias?9d0e5462dccb4d9ff561d25c556426a2,gx-no-cache=1536578925850,gx-no-cache=1536579095073 HTTP/1.1" 200 8152
186.103.159.204 - - [10/Sep/2018:08:33:00 -0300] "GET /cormun/static/Shared/jqueryui/images/ui-bg_highlight-soft_100_c6c2c8_1x100.png HTTP/1.1" 404 1117
186.103.159.204 - - [10/Sep/2018:08:33:00 -0300] "GET /cormun/static/Shared/jqueryui/images/ui-icons_82798d_256x240.png HTTP/1.1" 404 1089
186.103.159.204 - - [10/Sep/2018:08:33:00 -0300] "GET /cormun/static/Shared/jqueryui/images/ui-bg_flat_55_fafafa_40x100.png HTTP/1.1" 404 1097
186.103.159.204 - - [10/Sep/2018:08:33:00 -0300] "GET /cormun/static/Shared/jqueryui/images/ui-icons_8d78a5_256x240.png HTTP/1.1" 404 1089
186.103.159.182 - - [10/Sep/2018:08:33:02 -0300] "POST /cormun/servlet/prfichaempleado?673ae9372e22c446292e68903874506d,,MD,,gxPopupLevel%3D0%3B,gx-no-cache=1536579104271 HTTP/1.1" 200 4807
186.103.159.204 - - [10/Sep/2018:08:33:05 -0300] "GET /cormun/servlet/alicenciaprn?18647240,L,20180907000000,PU HTTP/1.1" 200 1541
186.103.159.182 - - [10/Sep/2018:08:33:05 -0300] "POST /cormun/servlet/prfichaempleado?673ae9372e22c446292e68903874506d,,MD,,gxPopupLevel%3D0%3B,gx-no-cache=1536579108142 HTTP/1.1" 200 3182
186.103.157.42 - - [10/Sep/2018:08:33:08 -0300] "POST /cormun/servlet/hlogin?c43455b44e6904503008f08db87441bd,gx-no-cache=1536579156549 HTTP/1.1" 440 972
186.103.157.42 - - [10/Sep/2018:08:33:10 -0300] "GET /cormun/servlet/hlogin HTTP/1.1" 200 1738
186.103.157.42 - - [10/Sep/2018:08:33:10 -0300] "GET /cormun/static/gxcfg.js?20177612122725 HTTP/1.1" 304 -
186.103.157.42 - - [10/Sep/2018:08:33:11 -0300] "GET /cormun/servlet/hlogin HTTP/1.1" 200 1738
186.103.159.182 - - [10/Sep/2018:08:33:12 -0300] "POST /cormun/servlet/solicitudot?gx-no-cache=1536579111498 HTTP/1.1" 200 20
186.103.159.182 - - [10/Sep/2018:08:33:13 -0300] "POST /cormun/servlet/solicitudot?673ae9372e22c446292e68903874506d,INS,0,0,,gx-no-cache=1536579115240 HTTP/1.1" 500 10
186.103.159.204 - - [10/Sep/2018:08:33:15 -0300] "GET /cormun/servlet/alicenciaprn?8205549,L,20180910000000,PU HTTP/1.1" 200 1547
186.103.159.182 - - [10/Sep/2018:08:33:33 -0300] "GET /cormun/servlet/hlogin HTTP/1.1" 200 1721
186.103.159.204 - - [10/Sep/2018:08:33:46 -0300] "GET /cormun/servlet/alicenciaprn?18647240,L,20180907000000,PU HTTP/1.1" 200 1541
