192.168.10.89 - - [10/Sep/2018:14:58:55 -0300] "POST /cormun/servlet/trfunciones?19215b03d51b4098d11a9c5e6b1d8838,gx-no-cache=1536602106768 HTTP/1.1" 200 4481
192.168.10.89 - - [10/Sep/2018:14:58:58 -0300] "POST /cormun/servlet/trfunciones?19215b03d51b4098d11a9c5e6b1d8838,gx-no-cache=1536602109896 HTTP/1.1" 200 5439
192.168.10.89 - - [10/Sep/2018:14:59:00 -0300] "GET /cormun/servlet/trfuncionproyecto?1,109,EDUCA, HTTP/1.1" 200 7431
192.168.10.89 - - [10/Sep/2018:14:59:02 -0300] "POST /cormun/servlet/trfuncionproyecto?19215b03d51b4098d11a9c5e6b1d8838,1,109,EDUCA,,gx-no-cache=1536602114523 HTTP/1.1" 200 90
192.168.10.89 - - [10/Sep/2018:14:59:03 -0300] "GET /cormun/servlet/hpexe_link HTTP/1.1" 200 986
192.168.10.89 - - [10/Sep/2018:14:59:03 -0300] "GET /cormun/servlet/trfunciones?gx-no-cache=1536602109896 HTTP/1.1" 200 8030
192.168.10.89 - - [10/Sep/2018:14:59:05 -0300] "GET /cormun/servlet/trfuncionproyecto?1,042,EDUCA, HTTP/1.1" 200 7507
192.168.10.89 - - [10/Sep/2018:14:59:08 -0300] "POST /cormun/servlet/trfuncionproyecto?19215b03d51b4098d11a9c5e6b1d8838,1,042,EDUCA,,gx-no-cache=1536602120216 HTTP/1.1" 200 90
192.168.10.89 - - [10/Sep/2018:14:59:08 -0300] "GET /cormun/servlet/hpexe_link HTTP/1.1" 200 986
192.168.10.89 - - [10/Sep/2018:14:59:08 -0300] "GET /cormun/servlet/trfunciones?gx-no-cache=1536602109896 HTTP/1.1" 200 8030
192.168.10.89 - - [10/Sep/2018:14:59:12 -0300] "POST /cormun/servlet/trfunciones?19215b03d51b4098d11a9c5e6b1d8838,gx-no-cache=1536602109896,gx-no-cache=1536602124212 HTTP/1.1" 200 8033
192.168.10.89 - - [10/Sep/2018:14:59:17 -0300] "POST /cormun/servlet/trfunciones?19215b03d51b4098d11a9c5e6b1d8838,gx-no-cache=1536602109896,gx-no-cache=1536602129519 HTTP/1.1" 200 5931
192.168.10.89 - - [10/Sep/2018:14:59:21 -0300] "POST /cormun/servlet/trfunciones?19215b03d51b4098d11a9c5e6b1d8838,gx-no-cache=1536602109896,gx-no-cache=1536602133179 HTTP/1.1" 200 5098
192.168.10.89 - - [10/Sep/2018:14:59:25 -0300] "GET /cormun/servlet/hlogin HTTP/1.1" 200 1755
200.72.197.82 - - [10/Sep/2018:14:59:46 -0300] "GET /cormun/servlet/hlogin HTTP/1.1" 200 1741
201.215.248.34 - - [10/Sep/2018:15:02:13 -0300] "GET /cormun/servlet/hlogin HTTP/1.1" 200 1724
201.215.248.34 - - [10/Sep/2018:15:02:21 -0300] "POST /cormun/servlet/hlogin?591102e0e02bd009a5834da5397367dd,gx-no-cache=1536602460985 HTTP/1.1" 200 431
201.215.248.34 - - [10/Sep/2018:15:02:26 -0300] "POST /cormun/servlet/hlogin?591102e0e02bd009a5834da5397367dd,gx-no-cache=1536602466444 HTTP/1.1" 200 90
201.215.248.34 - - [10/Sep/2018:15:02:26 -0300] "GET /cormun/servlet/hpexe_link HTTP/1.1" 200 951
201.215.248.34 - - [10/Sep/2018:15:02:27 -0300] "GET /cormun/servlet/hhome HTTP/1.1" 200 4319
201.215.248.34 - - [10/Sep/2018:15:02:28 -0300] "GET /cormun/servlet/hhome HTTP/1.1" 200 4316
201.215.248.34 - - [10/Sep/2018:15:02:31 -0300] "GET /cormun/servlet/trlicencias? HTTP/1.1" 200 16105
201.215.248.34 - - [10/Sep/2018:15:02:33 -0300] "GET /cormun/servlet/trlicencias? HTTP/1.1" 200 16102
186.103.159.183 - - [10/Sep/2018:15:06:57 -0300] "GET /cormun/servlet/hlogin HTTP/1.1" 200 1722
186.103.159.183 - - [10/Sep/2018:15:06:58 -0300] "GET /cormun/static/gxcfg.js?20177612122725 HTTP/1.1" 304 -
186.103.159.183 - - [10/Sep/2018:15:07:01 -0300] "POST /cormun/servlet/hlogin?b4a72a149f7e49f7c9a84ebec1508623,gx-no-cache=1536602740311 HTTP/1.1" 200 90
186.103.159.183 - - [10/Sep/2018:15:07:01 -0300] "GET /cormun/servlet/hpexe_link HTTP/1.1" 200 950
186.103.159.183 - - [10/Sep/2018:15:07:01 -0300] "GET /cormun/static/gxcfg.js?20177612121792 HTTP/1.1" 304 -
186.103.159.183 - - [10/Sep/2018:15:07:01 -0300] "GET /cormun/servlet/hhome HTTP/1.1" 200 4281
186.103.159.183 - - [10/Sep/2018:15:07:01 -0300] "GET /cormun/static/gxcfg.js?20175251212442 HTTP/1.1" 304 -
186.103.159.183 - - [10/Sep/2018:15:07:03 -0300] "GET /cormun/servlet/hhome HTTP/1.1" 200 4277
186.103.159.183 - - [10/Sep/2018:15:07:09 -0300] "GET /cormun/servlet/trsolicitudot? HTTP/1.1" 200 7497
186.103.159.183 - - [10/Sep/2018:15:07:10 -0300] "GET /cormun/servlet/trsolicitudot? HTTP/1.1" 200 7496
186.103.159.183 - - [10/Sep/2018:15:08:17 -0300] "GET /cormun/servlet/solicitudot?INS,0,0, HTTP/1.1" 200 14962
186.103.159.183 - - [10/Sep/2018:15:08:18 -0300] "GET /cormun/servlet/solicitudot?INS,0,0, HTTP/1.1" 200 14967
192.168.10.96 - - [10/Sep/2018:15:08:20 -0300] "POST /cormun/servlet/hlogin?63dbe4734d4996bf1544bbc0433805ef,gx-no-cache=1536602672447 HTTP/1.1" 440 972
192.168.10.96 - - [10/Sep/2018:15:08:22 -0300] "GET /cormun/servlet/hlogin HTTP/1.1" 200 1733
186.103.159.183 - - [10/Sep/2018:15:08:41 -0300] "POST /cormun/servlet/solicitudot?gx-no-cache=1536602840690 HTTP/1.1" 200 3326
186.103.159.183 - - [10/Sep/2018:15:08:42 -0300] "POST /cormun/servlet/solicitudot?b4a72a149f7e49f7c9a84ebec1508623,INS,0,0,,gx-no-cache=1536602841171 HTTP/1.1" 200 11644
192.168.10.96 - - [10/Sep/2018:15:08:42 -0300] "POST /cormun/servlet/hlogin?63e747f859a5e12eb4831eb477c96fda,gx-no-cache=1536602694487 HTTP/1.1" 200 445
186.103.159.183 - - [10/Sep/2018:15:08:44 -0300] "GET /cormun/servlet/solicitudot?f9086763a23aa4b3b0cec6f2f7034fb85ddb445b9e10c7ae2cb768d32adc3bcbb27c492cbccdc23a05cee0a05fa56d38,gx-no-cache=1536602843763 HTTP/1.1" 200 30
192.168.10.96 - - [10/Sep/2018:15:08:49 -0300] "POST /cormun/servlet/hlogin?63e747f859a5e12eb4831eb477c96fda,gx-no-cache=1536602701172 HTTP/1.1" 200 90
192.168.10.96 - - [10/Sep/2018:15:08:49 -0300] "GET /cormun/servlet/hpexe_link HTTP/1.1" 200 953
192.168.10.96 - - [10/Sep/2018:15:08:49 -0300] "GET /cormun/servlet/hhome HTTP/1.1" 200 4021
192.168.10.96 - - [10/Sep/2018:15:08:50 -0300] "GET /cormun/servlet/hhome HTTP/1.1" 200 4018
192.168.10.96 - - [10/Sep/2018:15:08:52 -0300] "GET /cormun/servlet/trsolicitudot? HTTP/1.1" 200 7237
192.168.10.96 - - [10/Sep/2018:15:08:52 -0300] "GET /cormun/servlet/trsolicitudot? HTTP/1.1" 200 7236
201.215.248.34 - - [10/Sep/2018:15:08:54 -0300] "GET /cormun/servlet/hlogin HTTP/1.1" 200 1738
192.168.10.96 - - [10/Sep/2018:15:08:55 -0300] "GET /cormun/servlet/solicitudot?INS,0,0, HTTP/1.1" 200 14703
192.168.10.96 - - [10/Sep/2018:15:08:55 -0300] "GET /cormun/static/gxcfg.js?20189101114418 HTTP/1.1" 200 953
192.168.10.96 - - [10/Sep/2018:15:08:55 -0300] "GET /cormun/static/solicitudot.js?20189101114718 HTTP/1.1" 200 71883
192.168.10.96 - - [10/Sep/2018:15:08:55 -0300] "GET /cormun/servlet/solicitudot?INS,0,0, HTTP/1.1" 200 14708
192.168.10.96 - - [10/Sep/2018:15:08:57 -0300] "GET /cormun/static/Resources/resize.gif HTTP/1.1" 200 77
192.168.10.96 - - [10/Sep/2018:15:08:58 -0300] "GET /cormun/servlet/prfichaempleado?,MD,,gxPopupLevel%3D0%3B HTTP/1.1" 200 9299
192.168.10.96 - - [10/Sep/2018:15:08:58 -0300] "GET /cormun/static/gxcfg.js?20177612134814 HTTP/1.1" 200 953
192.168.10.96 - - [10/Sep/2018:15:08:58 -0300] "GET /cormun/static/prfichaempleado.js?20177612134999 HTTP/1.1" 200 16006
192.168.10.96 - - [10/Sep/2018:15:09:07 -0300] "POST /cormun/servlet/solicitudot?gx-no-cache=1536602719064 HTTP/1.1" 200 3463
192.168.10.96 - - [10/Sep/2018:15:09:07 -0300] "POST /cormun/servlet/solicitudot?63e747f859a5e12eb4831eb477c96fda,INS,0,0,,gx-no-cache=1536602719220 HTTP/1.1" 200 11545
192.168.10.96 - - [10/Sep/2018:15:09:10 -0300] "GET /cormun/servlet/solicitudot?2cac49c76fb24a2e6dd7dd5f7c8df92cbbe911f1d49b36c1bcede48e50824264b0a5fba198f19b218ee126bda776efa6,gx-no-cache=1536602721597 HTTP/1.1" 200 30
192.168.10.96 - - [10/Sep/2018:15:09:10 -0300] "GET /cormun/servlet/solicitudot?2cac49c76fb24a2e6dd7dd5f7c8df92c1a015c73aa4c0ae0481306ebd929be9313c7be14ec1f1c8338a2c87047d7ac350056906539d351544b5aba782bbeb8af,gx-no-cache=1536602721648 HTTP/1.1" 200 30
192.168.10.96 - - [10/Sep/2018:15:09:10 -0300] "GET /cormun/servlet/solicitudot?2cac49c76fb24a2e6dd7dd5f7c8df92ce2f5e0c0b117a2e9e367850e3f1ee0be,gx-no-cache=1536602721668 HTTP/1.1" 200 51
192.168.10.96 - - [10/Sep/2018:15:09:10 -0300] "POST /cormun/servlet/solicitudot?gx-no-cache=1536602721689 HTTP/1.1" 200 240
192.168.10.96 - - [10/Sep/2018:15:09:10 -0300] "GET /cormun/servlet/solicitudot?2cac49c76fb24a2e6dd7dd5f7c8df92c0b35333976a84fcee2ca8fca6e7ef1657bce2544a6a770b91476ac1598b45066ad94d93f7a0f6612b837246733c8fa08cc69af3c143b4aa3bf09558460d69d5351a2a984724415109972c905fef898d7858c9f2a0c816aff186cb196c114fef657120fc5f1644c1cbb29eed09448978f2717221b0358ee1fe232b2c42b271e4042f92298ddf33505de994b6345e7f664f9dd5f04f96b6346b0bce8c209ed2bf5fb572739434fcdd24b3224755f3bb0d61680bab7c6d84b16d89d54346189758fe935eb1de8308e08de55541406ceef1132c56d8d9f31ff3a3d09cee4cb8eb88416b4b9108c13e38a6975ac88b952235914919a42983da55d8ab8b616cac1210d3a6bcbc84e36948342ed88bb6782b337f13d675570e04a98f138a1b7cddc316a3561dddbab11d873325c918d329bebfd5a5a6327d29df03a9bb0197c6060efe8a991946ec40a47466aefdfb3a421b37180c896d9f1351273f30d20a6a7dce3df621ea96d6c6b40f21a2e2108b522d39e,gx-no-cache=1536602721713 HTTP/1.1" 200 30
186.103.159.44 - - [10/Sep/2018:15:09:21 -0300] "POST /cormun/servlet/solicitudot?gx-no-cache=1536602881505 HTTP/1.1" 440 972
186.103.159.44 - - [10/Sep/2018:15:09:22 -0300] "GET /cormun/servlet/solicitudot?INS,0,0, HTTP/1.1" 200 13913
186.103.159.44 - - [10/Sep/2018:15:09:22 -0300] "GET /cormun/static/gxcfg.js?20189101114418 HTTP/1.1" 304 -
186.103.159.44 - - [10/Sep/2018:15:09:22 -0300] "GET /cormun/static/solicitudot.js?20189101114718 HTTP/1.1" 304 -
186.103.159.44 - - [10/Sep/2018:15:09:23 -0300] "GET /cormun/servlet/hlogin HTTP/1.1" 200 1746
192.168.10.96 - - [10/Sep/2018:15:09:40 -0300] "GET /cormun/servlet/hlogin HTTP/1.1" 200 1746
186.103.159.44 - - [10/Sep/2018:15:09:40 -0300] "POST /cormun/servlet/hlogin?8fc9d1f3b307d61a2b307e00cf2a1bd9,gx-no-cache=1536602901107 HTTP/1.1" 200 90
186.103.159.44 - - [10/Sep/2018:15:09:40 -0300] "GET /cormun/servlet/hpexe_link HTTP/1.1" 200 963
186.103.159.44 - - [10/Sep/2018:15:09:41 -0300] "GET /cormun/servlet/solicitudot?INS,0,0, HTTP/1.1" 200 14767
186.103.159.44 - - [10/Sep/2018:15:10:10 -0300] "POST /cormun/servlet/solicitudot?gx-no-cache=1536602930506 HTTP/1.1" 200 3326
186.103.159.44 - - [10/Sep/2018:15:10:10 -0300] "POST /cormun/servlet/solicitudot?8fc9d1f3b307d61a2b307e00cf2a1bd9,INS,0,0,,gx-no-cache=1536602930824 HTTP/1.1" 200 11378
186.103.159.44 - - [10/Sep/2018:15:10:26 -0300] "POST /cormun/servlet/solicitudot?gx-no-cache=1536602946209 HTTP/1.1" 200 3463
186.103.159.44 - - [10/Sep/2018:15:10:26 -0300] "POST /cormun/servlet/solicitudot?8fc9d1f3b307d61a2b307e00cf2a1bd9,INS,0,0,,gx-no-cache=1536602946581 HTTP/1.1" 200 11551
186.103.159.44 - - [10/Sep/2018:15:10:35 -0300] "GET /cormun/servlet/solicitudot?7ea5ec07e91a3c8b6d83bfd33924b1f76667f7a33200105ea2fb05476e6fe090150e62521fc6088df3ad235548c8d137,gx-no-cache=1536602955585 HTTP/1.1" 200 30
186.103.159.44 - - [10/Sep/2018:15:10:35 -0300] "GET /cormun/servlet/solicitudot?7ea5ec07e91a3c8b6d83bfd33924b1f79adf01146008a3e33d092b9d6b0d9d818ecdce26e5713fd7f769cc0da02b36d89a357c81a2e7a14d5cf53c98f284d510,gx-no-cache=1536602955628 HTTP/1.1" 200 30
186.103.159.44 - - [10/Sep/2018:15:10:35 -0300] "GET /cormun/servlet/solicitudot?7ea5ec07e91a3c8b6d83bfd33924b1f781e43ed215f67a395d7831a4da0661c5,gx-no-cache=1536602955659 HTTP/1.1" 200 51
186.103.159.44 - - [10/Sep/2018:15:10:35 -0300] "POST /cormun/servlet/solicitudot?gx-no-cache=1536602955716 HTTP/1.1" 200 240
186.103.159.44 - - [10/Sep/2018:15:10:35 -0300] "GET /cormun/servlet/solicitudot?7ea5ec07e91a3c8b6d83bfd33924b1f726ae9e005ca0d9a7053bff66f3b32f073ba3e1d040af0e713b406befba4de354881886925d4a1afc03af9ed31660dbaaf98bc804c6c32ec2a8fdb3cd5dcb8cb2d4fbd5f500ba51d39765172e78852c52a1d4d373864f34689e2bb2c7ab2c242ea75e70ecb8cbadde80b85b6b4be1bc9bd503bf4dca0c9fa23787eeaa151a270abcc7d3188848bb6dddc93b004972275df5a15c5ba512ca3d20b5e47bcd25113772126ad8387cc12c3b1ac63d74a7da765b5ef3d675634fda67ebf290589d1129b9879496ad829d4a532545a25b67ecd5b8b307ff2c4f6daea7d030c30fcd0876276859590d8d36ea94bf61b948815448809e576db3afabe299ea9e4d5ae7f3749bc70db1c7e02988f2154c37ad4b926288dd28b91567a991a3597d1a2e63c953d7864bc6a037f53e3f1f9de917de39c03f825eb6ad43c31df93dee4214961508825589c0a56f50b7a71422c40de8210eb38d66ee1ff29f888b985cf07264379fa16eb21639c8d40052ec47408a478ba7,gx-no-cache=1536602955755 HTTP/1.1" 200 30
186.103.159.44 - - [10/Sep/2018:15:10:37 -0300] "POST /cormun/servlet/solicitudot?gx-no-cache=1536602957591 HTTP/1.1" 200 30
186.103.159.44 - - [10/Sep/2018:15:10:39 -0300] "POST /cormun/servlet/solicitudot?gx-no-cache=1536602959887 HTTP/1.1" 200 30
186.103.159.44 - - [10/Sep/2018:15:10:41 -0300] "POST /cormun/servlet/solicitudot?gx-no-cache=1536602962089 HTTP/1.1" 200 1267
186.103.159.44 - - [10/Sep/2018:15:10:42 -0300] "POST /cormun/servlet/solicitudot?gx-no-cache=1536602962233 HTTP/1.1" 200 38
186.103.159.44 - - [10/Sep/2018:15:10:51 -0300] "GET /cormun/servlet/solicitudot?7ea5ec07e91a3c8b6d83bfd33924b1f7754c736e15d1a8332a1254ffcdae43aa0b28265510e58cd99ac8b1c96adae293abbab5831a1beb2c2f4992a35e10046d3d4910509179b583b80d7be5d40be627411fbb9ba296ea5206246650b2d87f6aa7c889141ad2515b80d21280316021d8,gx-no-cache=1536602971897 HTTP/1.1" 200 110
186.103.159.44 - - [10/Sep/2018:15:10:52 -0300] "POST /cormun/servlet/solicitudot?gx-no-cache=1536602972253 HTTP/1.1" 200 110
186.103.159.183 - - [10/Sep/2018:15:11:28 -0300] "GET /cormun/servlet/solicitudot?f9086763a23aa4b3b0cec6f2f7034fb89ac2e09780b6eb92621382aafdcca206389e34507f8b3ee6643891acfd08c0b9127cfce8b38dc03cb5f344b6ce5e9525,gx-no-cache=1536603007366 HTTP/1.1" 200 30
186.103.159.183 - - [10/Sep/2018:15:11:28 -0300] "GET /cormun/servlet/solicitudot?f9086763a23aa4b3b0cec6f2f7034fb8859df1aa38b5d2681a9549730e2bf767,gx-no-cache=1536603007696 HTTP/1.1" 200 29
186.103.159.183 - - [10/Sep/2018:15:11:28 -0300] "POST /cormun/servlet/solicitudot?gx-no-cache=1536603007741 HTTP/1.1" 200 297
186.103.159.183 - - [10/Sep/2018:15:11:28 -0300] "GET /cormun/servlet/solicitudot?f9086763a23aa4b3b0cec6f2f7034fb8b55dc85a20af326b0ae087eabd2c1d6563cd9b937f446a817fd4b6d38383fa96f89ee91a99bd8ee3325ae9c1dee5bf597bf75367d4353f1b9c6c28a5568681ab01a1c4c84400030ac74dbce8376cd042def6686807eca0c1aec56f1b473ff9f978cb870e07f114667e074422427edd069e13f0429121e4244fa0dbcbf35489c9dfc5f595722b76593e9dc33bfe886889f6b2119a6798d584a5bee16b410e6df879a8cd3b6843e8f7ef1ca94c7598f01347d41ceb962e521793959ecfe4085aea0096c7e167478e722daf79b3f49336fd197e76d72dafd79b24d5ab7a82cb20f0ded2af0cfe75c7b853f038b28c29080db2c4f6a95383743fbc5fa434428453afed4b9ceeff0a5b0e73c943d5db37a20e4fc4c9443e541d6af5e3e9161248d20f07d94237b5aa4aefd7cde0fef073a9480298e2689cabf36935e32303c071a8213875d3daf02617d5bd01e8bb0c13eff8c325a1820dad4525771b6c82386a3fcc0453696a0fca5dc9ae9664311a8d2abaed9c701e404034649545b15fb7c7eb28,gx-no-cache=1536603007792 HTTP/1.1" 200 30
186.103.159.183 - - [10/Sep/2018:15:11:36 -0300] "POST /cormun/servlet/solicitudot?gx-no-cache=1536603016030 HTTP/1.1" 200 30
186.103.159.183 - - [10/Sep/2018:15:11:38 -0300] "POST /cormun/servlet/solicitudot?gx-no-cache=1536603017653 HTTP/1.1" 200 1265
186.103.159.183 - - [10/Sep/2018:15:11:38 -0300] "POST /cormun/servlet/solicitudot?gx-no-cache=1536603017710 HTTP/1.1" 200 38
186.103.159.44 - - [10/Sep/2018:15:12:19 -0300] "GET /cormun/servlet/solicitudot?7ea5ec07e91a3c8b6d83bfd33924b1f7619d1aabed74a69144d49ceb69c8b9a79fd8f28ca516c38bebdc8dad18feb6c46304c8131ba6ad988dd7eea2868fa618b9fe509567f298fcb6af08055c60e8823f7ee25b7c3ec62e6ebcc0ca83d24d5dc1e235c4990a7e340ca633f35d85df33,gx-no-cache=1536603059007 HTTP/1.1" 200 29
186.103.159.44 - - [10/Sep/2018:15:12:19 -0300] "GET /cormun/static/menuarrow.gif HTTP/1.1" 404 1015
186.103.159.44 - - [10/Sep/2018:15:12:22 -0300] "GET /cormun/servlet/solicitudot?7ea5ec07e91a3c8b6d83bfd33924b1f780c2107f43fe0d10eb0ca80c281f0891040da0a866574eaed8f634ee85147c9a,gx-no-cache=1536603062788 HTTP/1.1" 200 30
186.103.159.44 - - [10/Sep/2018:15:12:28 -0300] "POST /cormun/servlet/solicitudot?gx-no-cache=1536603068380 HTTP/1.1" 200 30
186.103.159.183 - - [10/Sep/2018:15:12:30 -0300] "GET /cormun/static/Resources/resize.gif HTTP/1.1" 200 77
186.103.159.183 - - [10/Sep/2018:15:12:30 -0300] "GET /cormun/servlet/prbanco?,MD,,gxPopupLevel%3D0%3B HTTP/1.1" 200 6641
186.103.159.183 - - [10/Sep/2018:15:12:30 -0300] "GET /cormun/static/Resources/PXToolsMenuSearch.png HTTP/1.1" 200 2914
186.103.159.183 - - [10/Sep/2018:15:12:30 -0300] "GET /cormun/static/gxcfg.js?20181161016094 HTTP/1.1" 200 953
186.103.159.183 - - [10/Sep/2018:15:12:30 -0300] "GET /cormun/static/Resources/PXToolsMenuSearchCancel.png HTTP/1.1" 200 2972
186.103.159.183 - - [10/Sep/2018:15:12:30 -0300] "GET /cormun/static/menusearch.js?201610171694467 HTTP/1.1" 200 1424
186.103.159.183 - - [10/Sep/2018:15:12:30 -0300] "GET /cormun/static/hmpwkw011.js?20177612121862 HTTP/1.1" 200 1968
186.103.159.183 - - [10/Sep/2018:15:12:30 -0300] "GET /cormun/static/prbanco.js?2018116101633 HTTP/1.1" 200 10693
186.103.159.183 - - [10/Sep/2018:15:12:46 -0300] "GET /cormun/servlet/solicitudot?f9086763a23aa4b3b0cec6f2f7034fb85985b29e4393d71575a3ccaad49d89fe,gx-no-cache=1536603085039 HTTP/1.1" 200 53
186.103.159.183 - - [10/Sep/2018:15:13:00 -0300] "POST /cormun/servlet/solicitudot?b4a72a149f7e49f7c9a84ebec1508623,INS,0,0,,gx-no-cache=1536603099681 HTTP/1.1" 200 11859
186.103.159.183 - - [10/Sep/2018:15:13:00 -0300] "GET /cormun/static/Shared/jqueryui/images/ui-bg_highlight-soft_100_c6c2c8_1x100.png HTTP/1.1" 404 1117
186.103.159.183 - - [10/Sep/2018:15:13:00 -0300] "GET /cormun/static/Shared/jqueryui/images/ui-icons_82798d_256x240.png HTTP/1.1" 404 1089
186.103.159.183 - - [10/Sep/2018:15:13:00 -0300] "GET /cormun/static/Shared/jqueryui/images/ui-icons_8d78a5_256x240.png HTTP/1.1" 404 1089
186.103.159.183 - - [10/Sep/2018:15:13:00 -0300] "GET /cormun/static/Shared/jqueryui/images/ui-bg_flat_55_fafafa_40x100.png HTTP/1.1" 404 1097
186.103.159.44 - - [10/Sep/2018:15:16:27 -0300] "POST /cormun/servlet/solicitudot?8fc9d1f3b307d61a2b307e00cf2a1bd9,INS,0,0,,gx-no-cache=1536603307363 HTTP/1.1" 200 93
186.103.159.44 - - [10/Sep/2018:15:16:27 -0300] "GET /cormun/servlet/hpexe_return? HTTP/1.1" 200 1008
186.103.159.44 - - [10/Sep/2018:15:16:27 -0300] "GET /cormun/servlet/hhome HTTP/1.1" 200 4262
186.103.159.44 - - [10/Sep/2018:15:16:35 -0300] "GET /cormun/servlet/trsolicitudot? HTTP/1.1" 200 8827
186.103.159.44 - - [10/Sep/2018:15:16:36 -0300] "GET /cormun//static/Resources/PXToolsRemoveAllAction.png HTTP/1.1" 200 3558
186.103.159.44 - - [10/Sep/2018:15:16:36 -0300] "GET /cormun//static/Resources/PXToolsActionView.png HTTP/1.1" 200 2995
186.103.159.44 - - [10/Sep/2018:15:16:39 -0300] "GET /cormun/servlet/solicitudot?INS,0,0, HTTP/1.1" 200 14934
186.103.159.44 - - [10/Sep/2018:15:16:52 -0300] "POST /cormun/servlet/solicitudot?gx-no-cache=1536603333067 HTTP/1.1" 200 3463
186.103.159.44 - - [10/Sep/2018:15:16:53 -0300] "POST /cormun/servlet/solicitudot?8fc9d1f3b307d61a2b307e00cf2a1bd9,INS,0,0,,gx-no-cache=1536603333384 HTTP/1.1" 200 11751
186.103.159.44 - - [10/Sep/2018:15:16:56 -0300] "GET /cormun/servlet/solicitudot?7ea5ec07e91a3c8b6d83bfd33924b1f76667f7a33200105ea2fb05476e6fe090150e62521fc6088df3ad235548c8d137,gx-no-cache=1536603336615 HTTP/1.1" 200 30
186.103.159.44 - - [10/Sep/2018:15:16:56 -0300] "GET /cormun/servlet/solicitudot?7ea5ec07e91a3c8b6d83bfd33924b1f79adf01146008a3e33d092b9d6b0d9d818ecdce26e5713fd7f769cc0da02b36d89a357c81a2e7a14d5cf53c98f284d510,gx-no-cache=1536603336655 HTTP/1.1" 200 30
186.103.159.44 - - [10/Sep/2018:15:16:56 -0300] "GET /cormun/servlet/solicitudot?7ea5ec07e91a3c8b6d83bfd33924b1f781e43ed215f67a395d7831a4da0661c5,gx-no-cache=1536603336687 HTTP/1.1" 200 51
186.103.159.44 - - [10/Sep/2018:15:16:56 -0300] "POST /cormun/servlet/solicitudot?gx-no-cache=1536603336722 HTTP/1.1" 200 240
186.103.159.44 - - [10/Sep/2018:15:16:56 -0300] "GET /cormun/servlet/solicitudot?7ea5ec07e91a3c8b6d83bfd33924b1f726ae9e005ca0d9a7053bff66f3b32f073ba3e1d040af0e713b406befba4de354881886925d4a1afc03af9ed31660dbaaf98bc804c6c32ec2a8fdb3cd5dcb8cb2d4fbd5f500ba51d39765172e78852c52a1d4d373864f34689e2bb2c7ab2c242ea75e70ecb8cbadde80b85b6b4be1bc9bd503bf4dca0c9fa23787eeaa151a270abcc7d3188848bb6dddc93b004972275df5a15c5ba512ca3d20b5e47bcd25113772126ad8387cc12c3b1ac63d74a7da765b5ef3d675634fda67ebf290589d1129b9879496ad829d4a532545a25b67ecd5b8b307ff2c4f6daea7d030c30fcd0876276859590d8d36ea94bf61b948815448809e576db3afabe299ea9e4d5ae7f3749bc70db1c7e02988f2154c37ad4b926288dd28b91567a991a3597d1a2e63c953d7864bc6a037f53e3f1f9de917de39c03f825eb6ad43c31df93dee4214961508825589c0a56f50b7a71422c40de8210eb38d66ee1ff29f888b985cf07264379fa16eb21639c8d40052ec47408a478ba7,gx-no-cache=1536603336780 HTTP/1.1" 200 30
186.103.159.44 - - [10/Sep/2018:15:16:56 -0300] "POST /cormun/servlet/solicitudot?gx-no-cache=1536603337131 HTTP/1.1" 200 30
186.103.159.44 - - [10/Sep/2018:15:16:56 -0300] "POST /cormun/servlet/solicitudot?gx-no-cache=1536603337189 HTTP/1.1" 200 1267
186.103.159.44 - - [10/Sep/2018:15:16:56 -0300] "POST /cormun/servlet/solicitudot?gx-no-cache=1536603337249 HTTP/1.1" 200 38
186.103.159.44 - - [10/Sep/2018:15:16:57 -0300] "GET /cormun/servlet/solicitudot?7ea5ec07e91a3c8b6d83bfd33924b1f7754c736e15d1a8332a1254ffcdae43aa0b28265510e58cd99ac8b1c96adae293abbab5831a1beb2c2f4992a35e10046d3d4910509179b583b80d7be5d40be627411fbb9ba296ea5206246650b2d87f6aa7c889141ad2515b80d21280316021d8,gx-no-cache=1536603337278 HTTP/1.1" 200 110
186.103.159.44 - - [10/Sep/2018:15:16:57 -0300] "POST /cormun/servlet/solicitudot?gx-no-cache=1536603337636 HTTP/1.1" 200 110
186.103.159.44 - - [10/Sep/2018:15:16:57 -0300] "GET /cormun/servlet/solicitudot?7ea5ec07e91a3c8b6d83bfd33924b1f7619d1aabed74a69144d49ceb69c8b9a79fd8f28ca516c38bebdc8dad18feb6c46304c8131ba6ad988dd7eea2868fa618b9fe509567f298fcb6af08055c60e8823f7ee25b7c3ec62e6ebcc0ca83d24d5dc1e235c4990a7e340ca633f35d85df33,gx-no-cache=1536603337707 HTTP/1.1" 200 29
186.103.159.44 - - [10/Sep/2018:15:16:57 -0300] "GET /cormun/servlet/solicitudot?7ea5ec07e91a3c8b6d83bfd33924b1f720e6b311ba9c4f43fc4fcee82fa975e8,gx-no-cache=1536603338052 HTTP/1.1" 200 30
186.103.159.44 - - [10/Sep/2018:15:16:57 -0300] "POST /cormun/servlet/solicitudot?gx-no-cache=1536603338082 HTTP/1.1" 200 30
186.103.159.183 - - [10/Sep/2018:15:17:19 -0300] "POST /cormun/servlet/solicitudot?gx-no-cache=1536603358282 HTTP/1.1" 200 3398
186.103.159.183 - - [10/Sep/2018:15:17:19 -0300] "POST /cormun/servlet/solicitudot?b4a72a149f7e49f7c9a84ebec1508623,INS,0,0,,gx-no-cache=1536603358425 HTTP/1.1" 200 11871
186.103.159.183 - - [10/Sep/2018:15:17:19 -0300] "GET /cormun/servlet/solicitudot?f9086763a23aa4b3b0cec6f2f7034fb85ddb445b9e10c7ae2cb768d32adc3bcbef8bbd3de4d74a7a993ddbaf4f5422f6,gx-no-cache=1536603358943 HTTP/1.1" 200 30
186.103.159.183 - - [10/Sep/2018:15:17:19 -0300] "GET /cormun/servlet/solicitudot?f9086763a23aa4b3b0cec6f2f7034fb89ac2e09780b6eb92621382aafdcca206389e34507f8b3ee6643891acfd08c0b98add252622ac46a4640e0146197f69a8,gx-no-cache=1536603358976 HTTP/1.1" 200 30
186.103.159.183 - - [10/Sep/2018:15:17:19 -0300] "GET /cormun/servlet/solicitudot?f9086763a23aa4b3b0cec6f2f7034fb8a8b7e1be7058137a8daff977988b088c4f3044a457fc798b6533d3d12c43294778c4c0ed4b23e46a0613d95cc5e29e5f,gx-no-cache=1536603359004 HTTP/1.1" 200 53
186.103.159.183 - - [10/Sep/2018:15:17:19 -0300] "POST /cormun/servlet/solicitudot?gx-no-cache=1536603359042 HTTP/1.1" 200 297
186.103.159.183 - - [10/Sep/2018:15:17:20 -0300] "GET /cormun/servlet/solicitudot?f9086763a23aa4b3b0cec6f2f7034fb8b55dc85a20af326b0ae087eabd2c1d6563cd9b937f446a817fd4b6d38383fa96f89ee91a99bd8ee3325ae9c1dee5bf597bf75367d4353f1b9c6c28a5568681ab01a1c4c84400030ac74dbce8376cd042def6686807eca0c1aec56f1b473ff9f978cb870e07f114667e074422427edd069e13f0429121e4244fa0dbcbf35489c9dfc5f595722b76593e9dc33bfe886889f6b2119a6798d584a5bee16b410e6df879a8cd3b6843e8f7ef1ca94c7598f01347d41ceb962e521793959ecfe4085aea0096c7e167478e722daf79b3f49336fd197e76d72dafd79b24d5ab7a82cb20f0ded2af0cfe75c7b853f038b28c29080db2c4f6a95383743fbc5fa434428453afed4b9ceeff0a5b0e73c943d5db37a20e4fc4c9443e541d6af5e3e9161248d20f07d94237b5aa4aefd7cde0fef073a9480298e2689cabf36935e32303c071a8213875d3daf02617d5bd01e8bb0c13eff8c325a1820dad4525771b6c82386a3fcc4be83de8124c59cdfcb28afb2d9d1208ed9c701e404034649545b15fb7c7eb28,gx-no-cache=1536603359080 HTTP/1.1" 200 30
186.103.159.183 - - [10/Sep/2018:15:17:20 -0300] "POST /cormun/servlet/solicitudot?gx-no-cache=1536603359436 HTTP/1.1" 200 30
186.103.159.183 - - [10/Sep/2018:15:17:20 -0300] "POST /cormun/servlet/solicitudot?gx-no-cache=1536603359475 HTTP/1.1" 200 1265
186.103.159.183 - - [10/Sep/2018:15:17:20 -0300] "POST /cormun/servlet/solicitudot?gx-no-cache=1536603359532 HTTP/1.1" 200 38
201.215.248.34 - - [10/Sep/2018:15:18:07 -0300] "POST /cormun/servlet/hlogin?591102e0e02bd009a5834da5397367dd,gx-no-cache=1536603406970 HTTP/1.1" 200 90
201.215.248.34 - - [10/Sep/2018:15:18:07 -0300] "GET /cormun/servlet/hpexe_link HTTP/1.1" 200 956
201.215.248.34 - - [10/Sep/2018:15:18:08 -0300] "GET /cormun/servlet/trlicencias HTTP/1.1" 200 16219
201.215.248.34 - - [10/Sep/2018:15:18:10 -0300] "GET /cormun/servlet/trlicencias HTTP/1.1" 200 16209
201.215.248.34 - - [10/Sep/2018:15:18:27 -0300] "GET /cormun/servlet/trcontratounov2? HTTP/1.1" 200 17617
201.215.248.34 - - [10/Sep/2018:15:18:28 -0300] "GET /cormun/static/gxcfg.js?201752512124396 HTTP/1.1" 200 953
201.215.248.34 - - [10/Sep/2018:15:18:28 -0300] "GET /cormun/static/Resources/PXToolsAddSelectedAction.png HTTP/1.1" 200 3660
201.215.248.34 - - [10/Sep/2018:15:18:28 -0300] "GET /cormun/static/trcontratounov2.js?201752512125146 HTTP/1.1" 200 38486
192.168.10.96 - - [10/Sep/2018:15:18:29 -0300] "POST /cormun/servlet/hlogin?63e747f859a5e12eb4831eb477c96fda,gx-no-cache=1536603281111 HTTP/1.1" 200 90
192.168.10.96 - - [10/Sep/2018:15:18:29 -0300] "GET /cormun/servlet/hpexe_link HTTP/1.1" 200 953
192.168.10.96 - - [10/Sep/2018:15:18:29 -0300] "GET /cormun/servlet/hhome HTTP/1.1" 200 4763
201.215.248.34 - - [10/Sep/2018:15:18:29 -0300] "GET /cormun/servlet/trcontratounov2? HTTP/1.1" 200 17586
192.168.10.96 - - [10/Sep/2018:15:18:30 -0300] "GET /cormun/servlet/hhome HTTP/1.1" 200 4759
192.168.10.96 - - [10/Sep/2018:15:18:33 -0300] "GET /cormun/servlet/trsolicitudgral? HTTP/1.1" 200 13770
192.168.10.96 - - [10/Sep/2018:15:18:34 -0300] "GET /cormun/servlet/trsolicitudgral? HTTP/1.1" 200 13768
192.168.10.96 - - [10/Sep/2018:15:18:35 -0300] "GET /cormun/servlet/trsolicitudot? HTTP/1.1" 200 9978
192.168.10.96 - - [10/Sep/2018:15:18:36 -0300] "GET /cormun/servlet/trsolicitudot? HTTP/1.1" 200 9978
192.168.10.96 - - [10/Sep/2018:15:18:39 -0300] "GET /cormun/servlet/solicitudot?INS,0,0, HTTP/1.1" 200 15452
192.168.10.96 - - [10/Sep/2018:15:18:40 -0300] "GET /cormun/servlet/solicitudot?INS,0,0, HTTP/1.1" 200 15457
201.215.248.34 - - [10/Sep/2018:15:18:40 -0300] "POST /cormun/servlet/trcontratounov2?591102e0e02bd009a5834da5397367dd,,gx-no-cache=1536603440008 HTTP/1.1" 200 17321
201.215.248.34 - - [10/Sep/2018:15:18:42 -0300] "GET /cormun/static/Resources/PXToolsGridPrevious.gif HTTP/1.1" 200 369
201.215.248.34 - - [10/Sep/2018:15:18:42 -0300] "GET /cormun/static/Resources/PXToolsGridFirst.gif HTTP/1.1" 200 379
192.168.10.96 - - [10/Sep/2018:15:18:45 -0300] "POST /cormun/servlet/solicitudot?gx-no-cache=1536603296933 HTTP/1.1" 200 3383
192.168.10.96 - - [10/Sep/2018:15:18:45 -0300] "GET /cormun/static/Shared/jqueryui/images/ui-bg_flat_55_994d53_40x100.png HTTP/1.1" 404 1097
192.168.10.96 - - [10/Sep/2018:15:18:45 -0300] "GET /cormun/static/Shared/jqueryui/images/ui-icons_82798d_256x240.png HTTP/1.1" 404 1089
192.168.10.96 - - [10/Sep/2018:15:18:45 -0300] "GET /cormun/static/Shared/jqueryui/images/ui-bg_highlight-soft_100_c6c2c8_1x100.png HTTP/1.1" 404 1117
192.168.10.96 - - [10/Sep/2018:15:18:45 -0300] "GET /cormun/static/Shared/jqueryui/images/ui-icons_ebccce_256x240.png HTTP/1.1" 404 1089
192.168.10.96 - - [10/Sep/2018:15:18:45 -0300] "GET /cormun/servlet/solicitudot?2cac49c76fb24a2e6dd7dd5f7c8df92c141a598e45fe20a8fbc057c2b18812fc,gx-no-cache=1536603297066 HTTP/1.1" 200 111
192.168.10.96 - - [10/Sep/2018:15:18:45 -0300] "GET /cormun/servlet/solicitudot?2cac49c76fb24a2e6dd7dd5f7c8df92c258e3061d301bdeaeb8662524a1c1c0d,gx-no-cache=1536603297096 HTTP/1.1" 200 94
192.168.10.96 - - [10/Sep/2018:15:18:45 -0300] "GET /cormun/servlet/solicitudot?2cac49c76fb24a2e6dd7dd5f7c8df92cf4d224761edd4fcff227dd74c7abfe09,gx-no-cache=1536603297116 HTTP/1.1" 200 29
192.168.10.96 - - [10/Sep/2018:15:18:46 -0300] "GET /cormun/servlet/solicitudot?2cac49c76fb24a2e6dd7dd5f7c8df92c466f53ae419185a036d8bf8267f7107c6dc2374cd9f71b2e351fa51ee475332723c282e11b5d3e52d4c9ec8aace07ea4cf2ad9d16b4cd14bcb65584fa90b7c26eec756aa0260a9a536cc5f70c6361cfcdb0f95a2592d12dca1a8a50ceeeac1f5d55e077ec1e72f6f13e4338e0f3f59630010f9f36ce9ecc078258ec65d92d5a608a34b4d682c7c3d671ec4b6e5011da50cf8370962ea5b46df1a3dc893ab7945fb4037f7eddd3c232977eaf65488943b2853cd5acf4f6374a6e63ca8df9bb867c00a70d84dedeb02190a1483a17d0869299daf42cf26cee857b4e84e5cdfd5b757e24e7dcccf739766dad51cf2cb58081a37c5499d723c376c22fab57231c843f1dade4f608a1385ac347f58bdb67d2b54e854b1016e995b4631de172765ddf085f166d9abb3d2979b635810fd0f0b0438d228b770f40c5b8292517249900191,gx-no-cache=1536603298536 HTTP/1.1" 200 240
192.168.10.96 - - [10/Sep/2018:15:18:48 -0300] "GET /cormun/servlet/solicitudot?2cac49c76fb24a2e6dd7dd5f7c8df92c0b35333976a84fcee2ca8fca6e7ef1657bce2544a6a770b91476ac1598b45066ad94d93f7a0f6612b837246733c8fa08cc69af3c143b4aa3bf09558460d69d5351a2a984724415109972c905fef898d7858c9f2a0c816aff186cb196c114fef657120fc5f1644c1cbb29eed09448978f2717221b0358ee1fe232b2c42b271e4042f92298ddf33505de994b6345e7f664f9dd5f04f96b6346b0bce8c209ed2bf5fb572739434fcdd24b3224755f3bb0d61680bab7c6d84b16d89d54346189758fe935eb1de8308e08de55541406ceef1132c56d8d9f31ff3a3d09cee4cb8eb88416b4b9108c13e38a6975ac88b952235914919a42983da55d8ab8b616cac1210d3a6bcbc84e36948342ed88bb6782b337f13d675570e04a98f138a1b7cddc316a3561dddbab11d873325c918d329bebfd5a5a6327d29df03a9bb0197c6060efe8a991946ec40a47466aefdfb3a421b37180c896d9f1351273f30d20a6a7dce3df621ea96d6c6b40f21a2e2108b522d39e,gx-no-cache=1536603300190 HTTP/1.1" 200 30
186.103.159.44 - - [10/Sep/2018:15:19:10 -0300] "POST /cormun/servlet/solicitudot?gx-no-cache=1536603471052 HTTP/1.1" 200 30
192.168.10.96 - - [10/Sep/2018:15:19:16 -0300] "GET /cormun/servlet/trsolicitudgral? HTTP/1.1" 200 13774
192.168.10.96 - - [10/Sep/2018:15:19:16 -0300] "GET /cormun/servlet/trsolicitudgral? HTTP/1.1" 200 13768
186.103.159.44 - - [10/Sep/2018:15:19:18 -0300] "POST /cormun/servlet/solicitudot?gx-no-cache=1536603479124 HTTP/1.1" 200 1267
186.103.159.44 - - [10/Sep/2018:15:19:18 -0300] "POST /cormun/servlet/solicitudot?gx-no-cache=1536603479182 HTTP/1.1" 200 38
186.103.159.44 - - [10/Sep/2018:15:19:24 -0300] "GET /cormun/servlet/solicitudot?7ea5ec07e91a3c8b6d83bfd33924b1f7754c736e15d1a8332a1254ffcdae43aa0b28265510e58cd99ac8b1c96adae293abbab5831a1beb2c2f4992a35e10046d3d4910509179b583b80d7be5d40be627411fbb9ba296ea5206246650b2d87f6aa7c889141ad2515b80d21280316021d8,gx-no-cache=1536603484261 HTTP/1.1" 200 110
186.103.159.44 - - [10/Sep/2018:15:19:24 -0300] "POST /cormun/servlet/solicitudot?gx-no-cache=1536603484637 HTTP/1.1" 200 110
201.215.248.34 - - [10/Sep/2018:15:19:29 -0300] "GET /cormun/servlet/trlicencias? HTTP/1.1" 200 16210
201.215.248.34 - - [10/Sep/2018:15:19:31 -0300] "GET /cormun/servlet/trlicencias? HTTP/1.1" 200 16349
201.215.248.34 - - [10/Sep/2018:15:19:38 -0300] "GET /cormun/servlet/licenciaspermisos?INS,0,,, HTTP/1.1" 200 7854
201.215.248.34 - - [10/Sep/2018:15:19:38 -0300] "GET /cormun/static/gxcfg.js?201762917281167 HTTP/1.1" 200 953
201.215.248.34 - - [10/Sep/2018:15:19:39 -0300] "GET /cormun/servlet/licenciaspermisos?INS,0,,, HTTP/1.1" 200 7862
201.215.248.34 - - [10/Sep/2018:15:19:50 -0300] "GET /cormun/servlet/licenciaspermisos?c38ae884950b39f073accc8352891c94b184a86da78f66e2cf71f93bb7f2666bde7d1c82e48073c2336d21d935ba11c1,gx-no-cache=1536603510429 HTTP/1.1" 200 77
201.215.248.34 - - [10/Sep/2018:15:19:50 -0300] "POST /cormun/servlet/licenciaspermisos?591102e0e02bd009a5834da5397367dd,INS,0,,,,gx-no-cache=1536603510530 HTTP/1.1" 200 4959
201.215.248.34 - - [10/Sep/2018:15:20:04 -0300] "GET /cormun/static/menuarrow.gif HTTP/1.1" 404 1015
186.103.159.183 - - [10/Sep/2018:15:20:15 -0300] "GET /cormun/servlet/solicitudot?f9086763a23aa4b3b0cec6f2f7034fb8d6fecf3865a7f5c94e778f4f652a1f5ed0e397ffa580bbdc2e5fd5117d415b310290e53baaf5d8aaba3c0e7b1d3cd886e983bbf7f5888d717b43a860c403745233c6058acfa01000ff5df283e4f903a5bca849ab24af4448fd0ed4f17ecb6288,gx-no-cache=1536603534787 HTTP/1.1" 200 110
207.46.13.149 - - [10/Sep/2018:15:21:17 -0300] "GET /cormun/servlet/trsolicitudot?_escaped_fragment_= HTTP/1.1" 200 6434
186.103.159.183 - - [10/Sep/2018:15:21:24 -0300] "POST /cormun/servlet/solicitudot?gx-no-cache=1536603604065 HTTP/1.1" 200 64
186.103.159.183 - - [10/Sep/2018:15:21:31 -0300] "POST /cormun/servlet/solicitudot?gx-no-cache=1536603611046 HTTP/1.1" 200 64
186.103.159.183 - - [10/Sep/2018:15:21:45 -0300] "GET /cormun/servlet/solicitudot?f9086763a23aa4b3b0cec6f2f7034fb863f1627cb1ad2dc3fc512e3b211e019d2a2be41708c56ca35e9cdbacd5275b2c806a0f4d484e17064204f9fc6c48d673cf44885308179eb555c83f6625c5eb5727aaca42ea4e51512980a747ed3f00fe6912cf016d6493af012d5ae0b88fcb2b,gx-no-cache=1536603624670 HTTP/1.1" 200 29
186.103.159.183 - - [10/Sep/2018:15:21:45 -0300] "GET /cormun/static/menuarrow.gif HTTP/1.1" 404 1015
186.103.159.183 - - [10/Sep/2018:15:21:51 -0300] "GET /cormun/servlet/solicitudot?f9086763a23aa4b3b0cec6f2f7034fb86988dbf7f5073046b3320b7f1b52bab0d2b4c13ca8bee77714ec1a3d48bf1122,gx-no-cache=1536603630584 HTTP/1.1" 200 30
186.103.159.183 - - [10/Sep/2018:15:21:58 -0300] "GET /cormun/servlet/solicitudot?f9086763a23aa4b3b0cec6f2f7034fb86988dbf7f5073046b3320b7f1b52bab01bde63c74e0c700bf27e1fa63ef6ca1e,gx-no-cache=1536603637979 HTTP/1.1" 200 30
186.103.159.183 - - [10/Sep/2018:15:22:05 -0300] "POST /cormun/servlet/solicitudot?gx-no-cache=1536603645108 HTTP/1.1" 200 30
186.103.159.183 - - [10/Sep/2018:15:23:01 -0300] "POST /cormun/servlet/solicitudot?b4a72a149f7e49f7c9a84ebec1508623,INS,0,0,,gx-no-cache=1536603700627 HTTP/1.1" 200 93
186.103.159.183 - - [10/Sep/2018:15:23:01 -0300] "GET /cormun/servlet/hpexe_return? HTTP/1.1" 200 1005
186.103.159.183 - - [10/Sep/2018:15:23:01 -0300] "GET /cormun/static/gxcfg.js?2016101716175148 HTTP/1.1" 200 953
186.103.159.183 - - [10/Sep/2018:15:23:01 -0300] "GET /cormun/static/hpexe_return.js?2016101716175153 HTTP/1.1" 200 1633
186.103.159.183 - - [10/Sep/2018:15:23:01 -0300] "GET /cormun/static/Resources/Spanish/PXTools.css?167811 HTTP/1.1" 200 89042
186.103.159.183 - - [10/Sep/2018:15:23:02 -0300] "GET /cormun/servlet/trsolicitudot HTTP/1.1" 200 8861
186.103.159.183 - - [10/Sep/2018:15:23:02 -0300] "GET /cormun/static/gxcfg.js?2017111422585916 HTTP/1.1" 304 -
186.103.159.183 - - [10/Sep/2018:15:23:02 -0300] "GET /cormun/servlet/trsolicitudot HTTP/1.1" 200 8857
186.103.159.44 - - [10/Sep/2018:15:23:14 -0300] "GET /cormun/servlet/hlogin HTTP/1.1" 200 1722
186.103.159.44 - - [10/Sep/2018:15:23:34 -0300] "POST /cormun/servlet/hlogin?8fc9d1f3b307d61a2b307e00cf2a1bd9,gx-no-cache=1536603735147 HTTP/1.1" 200 90
186.103.159.44 - - [10/Sep/2018:15:23:35 -0300] "GET /cormun/servlet/hpexe_link HTTP/1.1" 200 963
186.103.159.44 - - [10/Sep/2018:15:23:35 -0300] "GET /cormun/servlet/solicitudot?INS,0,0, HTTP/1.1" 200 14935
186.103.159.44 - - [10/Sep/2018:15:23:47 -0300] "POST /cormun/servlet/solicitudot?gx-no-cache=1536603747012 HTTP/1.1" 200 3463
186.103.159.44 - - [10/Sep/2018:15:23:48 -0300] "POST /cormun/servlet/solicitudot?8fc9d1f3b307d61a2b307e00cf2a1bd9,INS,0,0,,gx-no-cache=1536603748284 HTTP/1.1" 200 11751
201.215.248.34 - - [10/Sep/2018:15:23:52 -0300] "GET /cormun/servlet/licenciaspermisos?c38ae884950b39f073accc8352891c9415807ef2394e7a2a77366f40a4bdc5af09ed9ee623dd3df143f5303c1bb6a7840b5dacccfbc0a82bc366b8aefb8492d5296508ef469ed45f44e56f9fc3c6a87cec885fdb9b4412d7c7faec6633e7566a65a3c22092e8ba4d95c3f42be9e8eebf8b35d80e56bec9f915a3ba631446a878dcfec329f7a29b935d38ee85838644c275250d50401a83586af6ce272429436ca5bbd289cc5a27d84139bd13bfa5e3bb64873c902a7a78c6027b54d0460955fb3235a9e3e8379c26c9fd9a51f74645d7536d9f7cb23dbadfa6c1d3cec2592f96,gx-no-cache=1536603752020 HTTP/1.1" 200 30
201.215.248.34 - - [10/Sep/2018:15:23:53 -0300] "POST /cormun/servlet/licenciaspermisos?591102e0e02bd009a5834da5397367dd,INS,0,,,,gx-no-cache=1536603752319 HTTP/1.1" 200 5041
201.215.248.34 - - [10/Sep/2018:15:24:02 -0300] "GET /cormun/servlet/licenciaspermisos?c38ae884950b39f073accc8352891c9426c53627431659c9782538459ee6fb105f97c934e65f232b1d4ba3f13d62cf48c737bc4ccab7826d524a687f8f55569ab0cf5753b36ecc28d2d77c19f8413eab7ab18aae3d2434bbeb9eec888a2abbdf0f5dd86b80f525fab4510b90e99539bed5ec5bf1a6cb385388da962afc33afe7ab7ece8788d5a3618d8711036695fe3869651bb96bf3b35989dad1fd0b2113447ef213a5416504b8921d0bb7c9f2fefed7e5344c5eb0f323fd33d8bfe28d1ea2253bbe174b544da16b249572cdd5d0948631a7c8fbb081f96100e53c73d4f6d1b67215f85acd5bf26cd9e3e5fb2fe7dd,gx-no-cache=1536603762450 HTTP/1.1" 200 56
201.215.248.34 - - [10/Sep/2018:15:24:03 -0300] "POST /cormun/servlet/licenciaspermisos?591102e0e02bd009a5834da5397367dd,INS,0,,,,gx-no-cache=1536603762646 HTTP/1.1" 200 93
201.215.248.34 - - [10/Sep/2018:15:24:03 -0300] "GET /cormun/servlet/hpexe_return? HTTP/1.1" 200 1013
201.215.248.34 - - [10/Sep/2018:15:24:04 -0300] "GET /cormun/servlet/trlicencias HTTP/1.1" 200 16601
186.103.159.183 - - [10/Sep/2018:15:24:04 -0300] "POST /cormun/servlet/trsolicitudot?b4a72a149f7e49f7c9a84ebec1508623,gx-no-cache=1536603763126 HTTP/1.1" 200 4580
201.215.248.34 - - [10/Sep/2018:15:24:05 -0300] "GET /cormun/servlet/trlicencias HTTP/1.1" 200 16587
186.79.53.139 - - [10/Sep/2018:15:24:09 -0300] "GET /cormun/servlet/trlicenciaspermisosadjuntos?7755097,20180910000000,L, HTTP/1.1" 200 6666
186.103.159.183 - - [10/Sep/2018:15:24:09 -0300] "GET /cormun/servlet/solicitudot?INS,0,0, HTTP/1.1" 200 14959
186.103.159.183 - - [10/Sep/2018:15:24:09 -0300] "GET /cormun/static/gxcfg.js?20189101114418 HTTP/1.1" 304 -
186.103.159.183 - - [10/Sep/2018:15:24:09 -0300] "GET /cormun/static/solicitudot.js?20189101114718 HTTP/1.1" 304 -
186.103.159.183 - - [10/Sep/2018:15:24:10 -0300] "GET /cormun/servlet/solicitudot?INS,0,0, HTTP/1.1" 200 14964
186.79.53.139 - - [10/Sep/2018:15:24:10 -0300] "GET /cormun/servlet/trlicenciaspermisosadjuntos?7755097,20180910000000,L, HTTP/1.1" 200 6667
186.79.53.139 - - [10/Sep/2018:15:24:12 -0300] "GET /cormun/servlet/licenciaspermisosadjuntos?INS,7755097,L,20180910000000,, HTTP/1.1" 200 5968
186.79.53.139 - - [10/Sep/2018:15:24:12 -0300] "GET /cormun/static/gxcfg.js?2017761263592 HTTP/1.1" 200 953
186.103.159.183 - - [10/Sep/2018:15:24:18 -0300] "POST /cormun/servlet/solicitudot?gx-no-cache=1536603777142 HTTP/1.1" 200 3326
186.103.159.183 - - [10/Sep/2018:15:24:18 -0300] "POST /cormun/servlet/solicitudot?b4a72a149f7e49f7c9a84ebec1508623,INS,0,0,,gx-no-cache=1536603777487 HTTP/1.1" 200 11638
186.79.53.139 - - [10/Sep/2018:15:24:18 -0300] "GET /cormun/static/about:blank HTTP/1.1" 404 1011
186.79.53.139 - - [10/Sep/2018:15:24:19 -0300] "GET /cormun/servlet/licenciaspermisosadjuntos?INS,7755097,L,20180910000000,, HTTP/1.1" 200 5956
186.103.159.183 - - [10/Sep/2018:15:24:21 -0300] "GET /cormun/servlet/solicitudot?f9086763a23aa4b3b0cec6f2f7034fb851038123c64082cb4cb90f6c50b80ddd,gx-no-cache=1536603781068 HTTP/1.1" 200 111
186.103.159.183 - - [10/Sep/2018:15:24:21 -0300] "GET /cormun/static/Shared/jqueryui/images/ui-bg_highlight-soft_100_c6c2c8_1x100.png HTTP/1.1" 404 1117
186.103.159.183 - - [10/Sep/2018:15:24:21 -0300] "GET /cormun/static/Shared/jqueryui/images/ui-icons_82798d_256x240.png HTTP/1.1" 404 1089
186.103.159.183 - - [10/Sep/2018:15:24:21 -0300] "GET /cormun/static/Shared/jqueryui/images/ui-bg_flat_55_994d53_40x100.png HTTP/1.1" 404 1097
186.103.159.183 - - [10/Sep/2018:15:24:21 -0300] "GET /cormun/static/Shared/jqueryui/images/ui-icons_ebccce_256x240.png HTTP/1.1" 404 1089
186.103.159.183 - - [10/Sep/2018:15:24:31 -0300] "POST /cormun/servlet/solicitudot?gx-no-cache=1536603790909 HTTP/1.1" 200 3326
186.103.159.183 - - [10/Sep/2018:15:24:33 -0300] "POST /cormun/servlet/solicitudot?b4a72a149f7e49f7c9a84ebec1508623,INS,0,0,,gx-no-cache=1536603791170 HTTP/1.1" 200 11706
186.103.159.183 - - [10/Sep/2018:15:24:33 -0300] "GET /cormun/servlet/solicitudot?f9086763a23aa4b3b0cec6f2f7034fb81a42d56f97ce6e30420cabede2f91c31179f8e6bb790c0f1b5b7f61f2a4ad4c6,gx-no-cache=1536603792588 HTTP/1.1" 200 111
201.215.248.34 - - [10/Sep/2018:15:24:33 -0300] "POST /cormun/servlet/licenciaspermisosadjuntos?591102e0e02bd009a5834da5397367dd,INS,7755097,L,20180910000000,, HTTP/1.1" 200 116
201.215.248.34 - - [10/Sep/2018:15:24:33 -0300] "GET /cormun/servlet/hpexe_return? HTTP/1.1" 200 1041
201.215.248.34 - - [10/Sep/2018:15:24:34 -0300] "GET /cormun/servlet/trlicenciaspermisosadjuntos?7755097,20180910000000,L, HTTP/1.1" 200 7179
201.215.248.34 - - [10/Sep/2018:15:24:35 -0300] "GET /cormun/servlet/trlicenciaspermisosadjuntos?7755097,20180910000000,L, HTTP/1.1" 200 7177
201.215.248.34 - - [10/Sep/2018:15:24:37 -0300] "POST /cormun/servlet/trlicenciaspermisosadjuntos?591102e0e02bd009a5834da5397367dd,7755097,20180910000000,L,,gx-no-cache=1536603797090 HTTP/1.1" 200 90
201.215.248.34 - - [10/Sep/2018:15:24:37 -0300] "GET /cormun/servlet/hpexe_link HTTP/1.1" 200 982
201.215.248.34 - - [10/Sep/2018:15:24:38 -0300] "GET /cormun/servlet/trlicencias HTTP/1.1" 200 16734
186.103.159.183 - - [10/Sep/2018:15:24:39 -0300] "GET /cormun/servlet/solicitudot?f9086763a23aa4b3b0cec6f2f7034fb8680f4ec2e2cec9068432055e23ae7a72b27c492cbccdc23a05cee0a05fa56d38,gx-no-cache=1536603798465 HTTP/1.1" 200 111
201.215.248.34 - - [10/Sep/2018:15:24:39 -0300] "GET /cormun/servlet/trlicencias HTTP/1.1" 200 16732
201.215.248.34 - - [10/Sep/2018:15:24:43 -0300] "GET /cormun/servlet/alicenciaprn?7755097,L,20180910000000,PU HTTP/1.1" 200 1620
186.103.159.183 - - [10/Sep/2018:15:25:00 -0300] "POST /cormun/servlet/solicitudot?gx-no-cache=1536603819114 HTTP/1.1" 200 3332
186.103.159.183 - - [10/Sep/2018:15:25:01 -0300] "POST /cormun/servlet/solicitudot?b4a72a149f7e49f7c9a84ebec1508623,INS,0,0,,gx-no-cache=1536603819556 HTTP/1.1" 200 11767
186.103.159.183 - - [10/Sep/2018:15:25:04 -0300] "GET /cormun/servlet/solicitudot?f9086763a23aa4b3b0cec6f2f7034fb85ddb445b9e10c7ae2cb768d32adc3bcbb27c492cbccdc23a05cee0a05fa56d38,gx-no-cache=1536603824029 HTTP/1.1" 200 30
201.215.248.34 - - [10/Sep/2018:15:25:07 -0300] "POST /cormun/servlet/trlicencias?591102e0e02bd009a5834da5397367dd,gx-no-cache=1536603826184 HTTP/1.1" 200 14360
201.215.248.34 - - [10/Sep/2018:15:25:08 -0300] "GET /cormun/static/Shared/jqueryui/images/ui-bg_highlight-soft_100_c6c2c8_1x100.png HTTP/1.1" 404 1117
201.215.248.34 - - [10/Sep/2018:15:25:08 -0300] "GET /cormun/static/Shared/jqueryui/images/ui-icons_82798d_256x240.png HTTP/1.1" 404 1089
201.215.248.34 - - [10/Sep/2018:15:25:08 -0300] "GET /cormun/static/Shared/jqueryui/images/ui-bg_flat_55_fafafa_40x100.png HTTP/1.1" 404 1097
186.79.53.139 - - [10/Sep/2018:15:25:08 -0300] "GET /cormun/static/Shared/jqueryui/images/ui-icons_8d78a5_256x240.png HTTP/1.1" 404 1089
186.103.159.44 - - [10/Sep/2018:15:25:11 -0300] "GET /cormun/servlet/solicitudot?7ea5ec07e91a3c8b6d83bfd33924b1f76667f7a33200105ea2fb05476e6fe090150e62521fc6088df3ad235548c8d137,gx-no-cache=1536603831801 HTTP/1.1" 200 30
186.103.159.44 - - [10/Sep/2018:15:25:11 -0300] "GET /cormun/servlet/solicitudot?7ea5ec07e91a3c8b6d83bfd33924b1f79adf01146008a3e33d092b9d6b0d9d818ecdce26e5713fd7f769cc0da02b36d89a357c81a2e7a14d5cf53c98f284d510,gx-no-cache=1536603831997 HTTP/1.1" 200 30
186.103.159.44 - - [10/Sep/2018:15:25:11 -0300] "GET /cormun/servlet/solicitudot?7ea5ec07e91a3c8b6d83bfd33924b1f781e43ed215f67a395d7831a4da0661c5,gx-no-cache=1536603832111 HTTP/1.1" 200 51
186.103.159.44 - - [10/Sep/2018:15:25:12 -0300] "POST /cormun/servlet/solicitudot?gx-no-cache=1536603832233 HTTP/1.1" 200 240
186.103.159.44 - - [10/Sep/2018:15:25:12 -0300] "GET /cormun/servlet/solicitudot?7ea5ec07e91a3c8b6d83bfd33924b1f726ae9e005ca0d9a7053bff66f3b32f073ba3e1d040af0e713b406befba4de354881886925d4a1afc03af9ed31660dbaaf98bc804c6c32ec2a8fdb3cd5dcb8cb2d4fbd5f500ba51d39765172e78852c52a1d4d373864f34689e2bb2c7ab2c242ea75e70ecb8cbadde80b85b6b4be1bc9bd503bf4dca0c9fa23787eeaa151a270abcc7d3188848bb6dddc93b004972275df5a15c5ba512ca3d20b5e47bcd25113772126ad8387cc12c3b1ac63d74a7da765b5ef3d675634fda67ebf290589d1129b9879496ad829d4a532545a25b67ecd5b8b307ff2c4f6daea7d030c30fcd0876276859590d8d36ea94bf61b948815448809e576db3afabe299ea9e4d5ae7f3749bc70db1c7e02988f2154c37ad4b926288dd28b91567a991a3597d1a2e63c953d7864bc6a037f53e3f1f9de917de39c03f825eb6ad43c31df93dee4214961508825589c0a56f50b7a71422c40de8210eb38d66ee1ff29f888b985cf07264379fa16eb21639c8d40052ec47408a478ba7,gx-no-cache=1536603832362 HTTP/1.1" 200 30
186.103.159.183 - - [10/Sep/2018:15:25:14 -0300] "GET /cormun/servlet/trautorizarsolicitud? HTTP/1.1" 200 7402
186.103.159.44 - - [10/Sep/2018:15:25:15 -0300] "POST /cormun/servlet/solicitudot?gx-no-cache=1536603835258 HTTP/1.1" 200 30
186.103.159.183 - - [10/Sep/2018:15:25:15 -0300] "GET /cormun/static/gxcfg.js?2017111423403364 HTTP/1.1" 200 953
186.103.159.183 - - [10/Sep/2018:15:25:15 -0300] "GET /cormun/static/trautorizarsolicitud.js?201711142340425 HTTP/1.1" 200 53910
186.103.159.183 - - [10/Sep/2018:15:25:16 -0300] "GET /cormun/servlet/trautorizarsolicitud? HTTP/1.1" 200 7397
186.103.159.44 - - [10/Sep/2018:15:25:17 -0300] "POST /cormun/servlet/solicitudot?gx-no-cache=1536603837262 HTTP/1.1" 200 1267
186.103.159.44 - - [10/Sep/2018:15:25:17 -0300] "POST /cormun/servlet/solicitudot?gx-no-cache=1536603837464 HTTP/1.1" 200 38
186.103.159.44 - - [10/Sep/2018:15:25:21 -0300] "GET /cormun/servlet/solicitudot?7ea5ec07e91a3c8b6d83bfd33924b1f7754c736e15d1a8332a1254ffcdae43aa0b28265510e58cd99ac8b1c96adae293abbab5831a1beb2c2f4992a35e10046d3d4910509179b583b80d7be5d40be627411fbb9ba296ea5206246650b2d87f6aa7c889141ad2515b80d21280316021d8,gx-no-cache=1536603841343 HTTP/1.1" 200 110
186.103.159.44 - - [10/Sep/2018:15:25:21 -0300] "POST /cormun/servlet/solicitudot?gx-no-cache=1536603841891 HTTP/1.1" 200 110
186.103.159.183 - - [10/Sep/2018:15:25:27 -0300] "POST /cormun/servlet/trautorizarsolicitud?b4a72a149f7e49f7c9a84ebec1508623,,gx-no-cache=1536603846044 HTTP/1.1" 200 5835
186.103.159.183 - - [10/Sep/2018:15:25:32 -0300] "GET /cormun/servlet/trsolicitudot? HTTP/1.1" 200 7535
186.103.159.183 - - [10/Sep/2018:15:25:32 -0300] "GET /cormun/servlet/trsolicitudot? HTTP/1.1" 200 7534
186.103.159.183 - - [10/Sep/2018:15:25:37 -0300] "GET /cormun/servlet/solicitudot?INS,0,0, HTTP/1.1" 200 14960
186.103.159.183 - - [10/Sep/2018:15:25:38 -0300] "GET /cormun/servlet/solicitudot?INS,0,0, HTTP/1.1" 200 14965
186.103.159.183 - - [10/Sep/2018:15:25:48 -0300] "POST /cormun/servlet/solicitudot?gx-no-cache=1536603867273 HTTP/1.1" 200 3326
186.103.159.183 - - [10/Sep/2018:15:25:48 -0300] "POST /cormun/servlet/solicitudot?b4a72a149f7e49f7c9a84ebec1508623,INS,0,0,,gx-no-cache=1536603867765 HTTP/1.1" 200 11643
186.103.159.183 - - [10/Sep/2018:15:25:53 -0300] "GET /cormun/servlet/solicitudot?f9086763a23aa4b3b0cec6f2f7034fb85ddb445b9e10c7ae2cb768d32adc3bcbb27c492cbccdc23a05cee0a05fa56d38,gx-no-cache=1536603873341 HTTP/1.1" 200 30
186.103.159.44 - - [10/Sep/2018:15:26:09 -0300] "GET /cormun/servlet/solicitudot?7ea5ec07e91a3c8b6d83bfd33924b1f7619d1aabed74a69144d49ceb69c8b9a79fd8f28ca516c38bebdc8dad18feb6c46304c8131ba6ad988dd7eea2868fa618b9fe509567f298fcb6af08055c60e8823f7ee25b7c3ec62e6ebcc0ca83d24d5dc1e235c4990a7e340ca633f35d85df33,gx-no-cache=1536603889777 HTTP/1.1" 200 29
186.103.159.44 - - [10/Sep/2018:15:26:10 -0300] "GET /cormun/static/menuarrow.gif HTTP/1.1" 404 1015
186.103.159.44 - - [10/Sep/2018:15:26:12 -0300] "GET /cormun/servlet/solicitudot?7ea5ec07e91a3c8b6d83bfd33924b1f780c2107f43fe0d10eb0ca80c281f0891040da0a866574eaed8f634ee85147c9a,gx-no-cache=1536603893207 HTTP/1.1" 200 30
186.103.159.44 - - [10/Sep/2018:15:26:17 -0300] "POST /cormun/servlet/solicitudot?gx-no-cache=1536603897757 HTTP/1.1" 200 30
186.103.159.44 - - [10/Sep/2018:15:26:27 -0300] "POST /cormun/servlet/solicitudot?8fc9d1f3b307d61a2b307e00cf2a1bd9,INS,0,0,,gx-no-cache=1536603907133 HTTP/1.1" 200 93
186.103.159.44 - - [10/Sep/2018:15:26:27 -0300] "GET /cormun/servlet/hpexe_return? HTTP/1.1" 200 1007
186.103.159.44 - - [10/Sep/2018:15:26:27 -0300] "GET /cormun/servlet/trsolicitudot HTTP/1.1" 200 9134
186.103.159.44 - - [10/Sep/2018:15:26:48 -0300] "POST /cormun/servlet/trsolicitudot?8fc9d1f3b307d61a2b307e00cf2a1bd9,gx-no-cache=1536603928464 HTTP/1.1" 200 106
186.103.159.44 - - [10/Sep/2018:15:26:48 -0300] "GET /cormun/servlet/solicitudot?UPD,2018,12157, HTTP/1.1" 200 15555
186.103.159.44 - - [10/Sep/2018:15:26:50 -0300] "POST /cormun/servlet/solicitudot?gx-no-cache=1536603930218 HTTP/1.1" 200 3477
186.103.159.44 - - [10/Sep/2018:15:26:50 -0300] "POST /cormun/servlet/solicitudot?8fc9d1f3b307d61a2b307e00cf2a1bd9,UPD,2018,12157,,gx-no-cache=1536603930539 HTTP/1.1" 200 11908
186.103.159.44 - - [10/Sep/2018:15:26:50 -0300] "GET /cormun/servlet/solicitudot?7ea5ec07e91a3c8b6d83bfd33924b1f76667f7a33200105ea2fb05476e6fe0909c454fac0367176248aa46d00dd32688,gx-no-cache=1536603930773 HTTP/1.1" 200 30
186.103.159.44 - - [10/Sep/2018:15:26:50 -0300] "GET /cormun/servlet/solicitudot?7ea5ec07e91a3c8b6d83bfd33924b1f79adf01146008a3e33d092b9d6b0d9d818ecdce26e5713fd7f769cc0da02b36d8f414765590dcc55a5f10e8d26a80d204,gx-no-cache=1536603930855 HTTP/1.1" 200 30
186.103.159.44 - - [10/Sep/2018:15:26:50 -0300] "GET /cormun/servlet/solicitudot?7ea5ec07e91a3c8b6d83bfd33924b1f78588dc3363f5e2e87dece69664c186809bba8a275e0ede63aa1318c8ddb5c7999164a99de2113c0168c53657860b1cca,gx-no-cache=1536603930883 HTTP/1.1" 200 51
186.103.159.44 - - [10/Sep/2018:15:26:50 -0300] "POST /cormun/servlet/solicitudot?gx-no-cache=1536603930917 HTTP/1.1" 200 241
