186.103.159.189 - - [10/Sep/2018:10:14:18 -0300] "GET /cormun/servlet/hpexe_link HTTP/1.1" 200 984
186.103.159.189 - - [10/Sep/2018:10:14:19 -0300] "GET /cormun/servlet/trpermisosgoce HTTP/1.1" 200 13286
186.103.159.189 - - [10/Sep/2018:10:14:20 -0300] "GET /cormun/servlet/trpermisosgoce HTTP/1.1" 200 13279
186.103.159.189 - - [10/Sep/2018:10:14:34 -0300] "POST /cormun/servlet/trpermisosgoce?0e146584dd4b9f10900060f9393741de,gx-no-cache=1536585194894 HTTP/1.1" 200 10327
186.103.159.189 - - [10/Sep/2018:10:14:34 -0300] "GET /cormun/static/Shared/jqueryui/images/ui-bg_highlight-soft_100_c6c2c8_1x100.png HTTP/1.1" 404 1117
186.103.159.189 - - [10/Sep/2018:10:14:34 -0300] "GET /cormun/static/Shared/jqueryui/images/ui-icons_82798d_256x240.png HTTP/1.1" 404 1089
186.103.159.189 - - [10/Sep/2018:10:14:34 -0300] "GET /cormun/static/Shared/jqueryui/images/ui-icons_8d78a5_256x240.png HTTP/1.1" 404 1089
186.103.159.189 - - [10/Sep/2018:10:14:34 -0300] "GET /cormun/static/Shared/jqueryui/images/ui-bg_flat_55_fafafa_40x100.png HTTP/1.1" 404 1097
186.103.159.189 - - [10/Sep/2018:10:14:38 -0300] "POST /cormun/servlet/trpermisosgoce?0e146584dd4b9f10900060f9393741de,gx-no-cache=1536585199679 HTTP/1.1" 200 10323
186.103.159.189 - - [10/Sep/2018:10:14:40 -0300] "POST /cormun/servlet/trpermisosgoce?0e146584dd4b9f10900060f9393741de,gx-no-cache=1536585201605 HTTP/1.1" 200 10318
186.103.159.189 - - [10/Sep/2018:10:14:41 -0300] "POST /cormun/servlet/trpermisosgoce?0e146584dd4b9f10900060f9393741de,gx-no-cache=1536585203024 HTTP/1.1" 200 10317
186.103.156.166 - - [10/Sep/2018:10:14:45 -0300] "GET /cormun/servlet/hhome HTTP/1.1" 200 3411
186.103.156.166 - - [10/Sep/2018:10:14:45 -0300] "GET /cormun/static/hmpwkw03.js?20189613443875 HTTP/1.1" 304 -
186.103.156.166 - - [10/Sep/2018:10:14:46 -0300] "GET /cormun/servlet/hlogin HTTP/1.1" 200 1734
186.103.156.166 - - [10/Sep/2018:10:14:46 -0300] "GET /cormun/servlet/hhome HTTP/1.1" 200 3421
186.103.156.166 - - [10/Sep/2018:10:14:46 -0300] "GET /cormun/static/gxcfg.js?20177612122725 HTTP/1.1" 304 -
186.103.159.189 - - [10/Sep/2018:10:14:47 -0300] "POST /cormun/servlet/trpermisosgoce?0e146584dd4b9f10900060f9393741de,gx-no-cache=1536585208574 HTTP/1.1" 200 10304
186.103.159.189 - - [10/Sep/2018:10:14:51 -0300] "POST /cormun/servlet/trpermisosgoce?0e146584dd4b9f10900060f9393741de,gx-no-cache=1536585212237 HTTP/1.1" 200 10305
186.103.156.166 - - [10/Sep/2018:10:14:59 -0300] "POST /cormun/servlet/hlogin?d53bd98e22ccd0a912487ab4159a8871,gx-no-cache=1536588816840 HTTP/1.1" 200 90
186.103.156.166 - - [10/Sep/2018:10:14:59 -0300] "GET /cormun/servlet/hpexe_link HTTP/1.1" 200 952
186.103.156.166 - - [10/Sep/2018:10:14:59 -0300] "GET /cormun/servlet/hhome HTTP/1.1" 200 3922
186.103.156.166 - - [10/Sep/2018:10:15:00 -0300] "GET /cormun/servlet/hhome HTTP/1.1" 200 3918
186.103.156.166 - - [10/Sep/2018:10:15:06 -0300] "GET /cormun/servlet/trpermisosgoce? HTTP/1.1" 200 10232
186.103.156.166 - - [10/Sep/2018:10:15:06 -0300] "GET /cormun/servlet/trpermisosgoce? HTTP/1.1" 200 10223
186.103.156.166 - - [10/Sep/2018:10:15:10 -0300] "GET /cormun/servlet/permisogoce?INS,0,,, HTTP/1.1" 200 6753
186.103.156.166 - - [10/Sep/2018:10:15:10 -0300] "GET /cormun/servlet/permisogoce?INS,0,,, HTTP/1.1" 200 6752
186.103.156.166 - - [10/Sep/2018:10:15:37 -0300] "GET /cormun/servlet/permisogoce?2b0ca4e5ac9ad49234f8899ff0c6e0f150b423019f37fe19ea524c34c76f2fd538e124acf4b2c6cf9c584d44f65d7e666cc6adb840132c711f83328c01644406,gx-no-cache=1536588855205 HTTP/1.1" 200 85
186.103.156.166 - - [10/Sep/2018:10:15:40 -0300] "GET /cormun/static/menuarrow.gif HTTP/1.1" 404 1015
186.67.203.186 - - [10/Sep/2018:10:15:42 -0300] "GET /cormun/servlet/hlogin HTTP/1.1" 200 1723
78.108.177.51 - - [10/Sep/2018:10:15:47 -0300] "GET / HTTP/1.0" 200 11197
186.67.203.186 - - [10/Sep/2018:10:15:48 -0300] "POST /cormun/servlet/hlogin?e8a1c76f3c532a5bf7763ecd13db44f4,gx-no-cache=1536585269701 HTTP/1.1" 200 90
186.67.203.186 - - [10/Sep/2018:10:15:48 -0300] "GET /cormun/servlet/hpexe_link HTTP/1.1" 200 949
186.67.203.186 - - [10/Sep/2018:10:15:48 -0300] "GET /cormun/servlet/hhome HTTP/1.1" 200 4027
186.67.203.186 - - [10/Sep/2018:10:15:49 -0300] "GET /cormun/servlet/hhome HTTP/1.1" 200 4023
186.103.156.166 - - [10/Sep/2018:10:15:50 -0300] "GET /cormun/servlet/permisogoce?2b0ca4e5ac9ad49234f8899ff0c6e0f123a55133ecb3834b67ecac674ef62b048b03c7f3759bc65ad4e7578e14add8ca67bd65f77687095ce1468a3f6241e18c,gx-no-cache=1536588868145 HTTP/1.1" 200 47
190.151.100.218 - - [10/Sep/2018:10:15:52 -0300] "GET /cormun/servlet/trlicencias? HTTP/1.1" 200 11720
190.151.100.218 - - [10/Sep/2018:10:15:53 -0300] "GET /cormun/servlet/trlicencias? HTTP/1.1" 200 11718
186.103.161.206 - - [10/Sep/2018:10:15:57 -0300] "GET /cormun/servlet/hlogin HTTP/1.1" 200 1733
186.103.156.166 - - [10/Sep/2018:10:16:24 -0300] "POST /cormun/servlet/permisogoce?d53bd98e22ccd0a912487ab4159a8871,INS,0,,,,gx-no-cache=1536588901867 HTTP/1.1" 200 93
186.103.156.166 - - [10/Sep/2018:10:16:24 -0300] "GET /cormun/servlet/hpexe_return? HTTP/1.1" 200 1011
186.103.156.166 - - [10/Sep/2018:10:16:25 -0300] "GET /cormun/servlet/trpermisosgoce HTTP/1.1" 200 10477
186.103.156.166 - - [10/Sep/2018:10:16:25 -0300] "GET /cormun/servlet/trpermisosgoce HTTP/1.1" 200 10472
186.103.156.166 - - [10/Sep/2018:10:16:35 -0300] "GET /cormun/servlet/apermisogoceprn?16493213,P,20180910101121,PU HTTP/1.1" 200 1653
40.77.167.93 - - [10/Sep/2018:10:17:03 -0300] "GET /cormun/servlet/hpexe_return HTTP/1.1" 200 1032
186.103.159.46 - - [10/Sep/2018:10:17:57 -0300] "GET /cormun/servlet/trpermisosadjuntos?6895385,20180907131610,P, HTTP/1.1" 200 5535
186.103.159.46 - - [10/Sep/2018:10:17:57 -0300] "GET /cormun/static/gxcfg.js?201762817193957 HTTP/1.1" 200 953
186.103.159.46 - - [10/Sep/2018:10:18:00 -0300] "GET /cormun/servlet/trpermisosadjuntos?6895385,20180907131610,P, HTTP/1.1" 200 5532
186.103.159.46 - - [10/Sep/2018:10:18:00 -0300] "GET /cormun/servlet/hlogin HTTP/1.1" 200 1768
186.103.159.46 - - [10/Sep/2018:10:18:09 -0300] "POST /cormun/servlet/hlogin?9012c10f82033066a4761b2e918e81d7,gx-no-cache=1536589006092 HTTP/1.1" 200 90
186.103.159.46 - - [10/Sep/2018:10:18:09 -0300] "GET /cormun/servlet/hpexe_link HTTP/1.1" 200 986
186.103.159.46 - - [10/Sep/2018:10:18:09 -0300] "GET /cormun/servlet/trpermisosadjuntos?6895385,20180907131610,P, HTTP/1.1" 200 6151
186.103.159.46 - - [10/Sep/2018:10:18:11 -0300] "GET /cormun/servlet/trpermisosadjuntos?6895385,20180907131610,P, HTTP/1.1" 200 6149
186.103.159.46 - - [10/Sep/2018:10:18:14 -0300] "GET /cormun/servlet/trpermisosgoce? HTTP/1.1" 200 13512
186.103.159.46 - - [10/Sep/2018:10:18:16 -0300] "GET /cormun/servlet/trpermisosgoce? HTTP/1.1" 200 13502
186.103.159.46 - - [10/Sep/2018:10:18:26 -0300] "GET /cormun/servlet/trpermisosadjuntos?6895385,20180907131610,P, HTTP/1.1" 200 6149
186.103.159.46 - - [10/Sep/2018:10:18:28 -0300] "GET /cormun/servlet/trpermisosadjuntos?6895385,20180907131610,P, HTTP/1.1" 200 6149
186.103.159.46 - - [10/Sep/2018:10:18:31 -0300] "GET /cormun/servlet/permisosadjuntos?INS,6895385,P,20180907131610,, HTTP/1.1" 200 5662
186.103.159.46 - - [10/Sep/2018:10:18:31 -0300] "GET /cormun/static/gxcfg.js?201762717441171 HTTP/1.1" 200 953
186.103.159.46 - - [10/Sep/2018:10:18:32 -0300] "GET /cormun/static/about:blank HTTP/1.1" 404 1011
186.103.159.46 - - [10/Sep/2018:10:18:32 -0300] "GET /cormun/servlet/permisosadjuntos?INS,6895385,P,20180907131610,, HTTP/1.1" 200 5652
186.103.156.166 - - [10/Sep/2018:10:18:46 -0300] "GET /cormun/servlet/permisogoce?INS,0,,, HTTP/1.1" 200 6752
186.103.156.166 - - [10/Sep/2018:10:18:47 -0300] "GET /cormun/servlet/permisogoce?INS,0,,, HTTP/1.1" 200 6752
186.103.156.166 - - [10/Sep/2018:10:18:51 -0300] "GET /cormun/servlet/permisogoce?2b0ca4e5ac9ad49234f8899ff0c6e0f1162dcced0dcf88da8f2e1bbd6266cb05442cea380818a772e9b8e0fc6062b738,gx-no-cache=1536589049455 HTTP/1.1" 200 223
186.103.156.166 - - [10/Sep/2018:10:18:51 -0300] "GET /cormun/static/Shared/jqueryui/images/ui-icons_82798d_256x240.png HTTP/1.1" 404 1089
186.103.156.166 - - [10/Sep/2018:10:18:51 -0300] "GET /cormun/static/Shared/jqueryui/images/ui-bg_highlight-soft_100_c6c2c8_1x100.png HTTP/1.1" 404 1117
186.103.156.166 - - [10/Sep/2018:10:18:51 -0300] "GET /cormun/static/Shared/jqueryui/images/ui-bg_flat_55_994d53_40x100.png HTTP/1.1" 404 1097
186.103.156.166 - - [10/Sep/2018:10:18:51 -0300] "GET /cormun/static/Shared/jqueryui/images/ui-icons_ebccce_256x240.png HTTP/1.1" 404 1089
186.103.159.46 - - [10/Sep/2018:10:18:53 -0300] "POST /cormun/servlet/permisosadjuntos?9012c10f82033066a4761b2e918e81d7,INS,6895385,P,20180907131610,, HTTP/1.1" 200 116
186.103.159.46 - - [10/Sep/2018:10:18:54 -0300] "GET /cormun/servlet/hpexe_return? HTTP/1.1" 200 1040
186.103.159.46 - - [10/Sep/2018:10:18:54 -0300] "GET /cormun/servlet/trpermisosadjuntos?6895385,20180907131610,P, HTTP/1.1" 200 6722
186.103.159.46 - - [10/Sep/2018:10:18:56 -0300] "GET /cormun/servlet/trpermisosadjuntos?6895385,20180907131610,P, HTTP/1.1" 200 6719
186.103.159.46 - - [10/Sep/2018:10:19:00 -0300] "GET /cormun/servlet/trpermisosgoce? HTTP/1.1" 200 13531
186.103.159.46 - - [10/Sep/2018:10:19:02 -0300] "GET /cormun/servlet/trpermisosgoce? HTTP/1.1" 200 13495
186.103.159.46 - - [10/Sep/2018:10:19:07 -0300] "GET /cormun/servlet/trpermisosadjuntos?12515025,20180906110500,P, HTTP/1.1" 200 6155
186.103.156.166 - - [10/Sep/2018:10:19:10 -0300] "GET /cormun/servlet/permisogoce?2b0ca4e5ac9ad49234f8899ff0c6e0f1bd52b11851720ca092eef6b2c9c98c7e38e124acf4b2c6cf9c584d44f65d7e666cc6adb840132c711f83328c01644406,gx-no-cache=1536589067522 HTTP/1.1" 200 77
186.103.159.46 - - [10/Sep/2018:10:19:10 -0300] "GET /cormun/servlet/trpermisosadjuntos?12515025,20180906110500,P, HTTP/1.1" 200 6155
186.103.156.166 - - [10/Sep/2018:10:19:12 -0300] "GET /cormun/static/menuarrow.gif HTTP/1.1" 404 1015
186.103.159.46 - - [10/Sep/2018:10:19:14 -0300] "GET /cormun/servlet/permisosadjuntos?INS,12515025,P,20180906110500,, HTTP/1.1" 200 5666
186.103.159.46 - - [10/Sep/2018:10:19:15 -0300] "GET /cormun/static/about:blank HTTP/1.1" 404 1011
186.103.159.46 - - [10/Sep/2018:10:19:16 -0300] "GET /cormun/servlet/permisosadjuntos?INS,12515025,P,20180906110500,, HTTP/1.1" 200 5656
186.103.156.166 - - [10/Sep/2018:10:19:19 -0300] "GET /cormun/servlet/permisogoce?2b0ca4e5ac9ad49234f8899ff0c6e0f1725342965a57db2a997f26912a32c94bb9409458117fe81f7c755568370a3b1867bd65f77687095ce1468a3f6241e18c,gx-no-cache=1536589076566 HTTP/1.1" 200 47
186.103.156.166 - - [10/Sep/2018:10:19:27 -0300] "POST /cormun/servlet/permisogoce?d53bd98e22ccd0a912487ab4159a8871,INS,0,,,,gx-no-cache=1536589084884 HTTP/1.1" 200 93
186.103.156.166 - - [10/Sep/2018:10:19:27 -0300] "GET /cormun/servlet/hpexe_return? HTTP/1.1" 200 1011
186.103.156.166 - - [10/Sep/2018:10:19:27 -0300] "GET /cormun/servlet/trpermisosgoce HTTP/1.1" 200 10731
186.103.156.166 - - [10/Sep/2018:10:19:28 -0300] "GET /cormun/servlet/trpermisosgoce HTTP/1.1" 200 10733
186.103.159.46 - - [10/Sep/2018:10:19:29 -0300] "POST /cormun/servlet/permisosadjuntos?9012c10f82033066a4761b2e918e81d7,INS,12515025,P,20180906110500,, HTTP/1.1" 200 116
186.103.159.46 - - [10/Sep/2018:10:19:29 -0300] "GET /cormun/servlet/hpexe_return? HTTP/1.1" 200 1041
186.103.159.46 - - [10/Sep/2018:10:19:29 -0300] "GET /cormun/servlet/trpermisosadjuntos?12515025,20180906110500,P, HTTP/1.1" 200 6721
186.103.159.46 - - [10/Sep/2018:10:19:31 -0300] "GET /cormun/servlet/trpermisosadjuntos?12515025,20180906110500,P, HTTP/1.1" 200 6717
186.103.156.166 - - [10/Sep/2018:10:19:34 -0300] "GET /cormun/servlet/apermisogoceprn?17522628,P,20180910101458,PU HTTP/1.1" 200 1661
186.103.159.46 - - [10/Sep/2018:10:19:37 -0300] "GET /cormun/servlet/trpermisosgoce? HTTP/1.1" 200 13514
186.103.159.46 - - [10/Sep/2018:10:19:39 -0300] "GET /cormun/servlet/trpermisosgoce? HTTP/1.1" 200 13489
186.103.159.46 - - [10/Sep/2018:10:19:52 -0300] "GET /cormun/servlet/trpermisosadjuntos?10481995,20180905153351,P, HTTP/1.1" 200 6154
186.103.159.46 - - [10/Sep/2018:10:19:53 -0300] "GET /cormun/servlet/trpermisosadjuntos?10481995,20180905153351,P, HTTP/1.1" 200 6154
186.103.159.46 - - [10/Sep/2018:10:19:58 -0300] "GET /cormun/servlet/permisosadjuntos?INS,10481995,P,20180905153351,, HTTP/1.1" 200 5664
186.103.159.46 - - [10/Sep/2018:10:20:00 -0300] "GET /cormun/static/about:blank HTTP/1.1" 404 1011
186.103.159.46 - - [10/Sep/2018:10:20:00 -0300] "GET /cormun/servlet/permisosadjuntos?INS,10481995,P,20180905153351,, HTTP/1.1" 200 5655
186.103.159.44 - - [10/Sep/2018:10:20:00 -0300] "GET /cormun/servlet/hlogin HTTP/1.1" 200 1715
186.103.159.44 - - [10/Sep/2018:10:20:11 -0300] "POST /cormun/servlet/hlogin?e080386c89d32ca1131dac8aea3236fe,gx-no-cache=1536585531455 HTTP/1.1" 200 90
186.103.159.44 - - [10/Sep/2018:10:20:11 -0300] "GET /cormun/servlet/hpexe_link HTTP/1.1" 200 946
186.103.159.44 - - [10/Sep/2018:10:20:11 -0300] "GET /cormun/servlet/hhome HTTP/1.1" 200 4251
186.103.159.46 - - [10/Sep/2018:10:20:12 -0300] "POST /cormun/servlet/permisosadjuntos?9012c10f82033066a4761b2e918e81d7,INS,10481995,P,20180905153351,, HTTP/1.1" 200 116
186.103.159.46 - - [10/Sep/2018:10:20:12 -0300] "GET /cormun/servlet/hpexe_return? HTTP/1.1" 200 1041
186.103.159.46 - - [10/Sep/2018:10:20:13 -0300] "GET /cormun/servlet/trpermisosadjuntos?10481995,20180905153351,P, HTTP/1.1" 200 6731
186.103.159.46 - - [10/Sep/2018:10:20:15 -0300] "GET /cormun/servlet/trpermisosadjuntos?10481995,20180905153351,P, HTTP/1.1" 200 6727
186.103.159.46 - - [10/Sep/2018:10:20:18 -0300] "GET /cormun/servlet/trpermisosgoce? HTTP/1.1" 200 13508
186.103.159.44 - - [10/Sep/2018:10:20:19 -0300] "GET /cormun/servlet/trlicencias? HTTP/1.1" 200 13601
186.103.159.46 - - [10/Sep/2018:10:20:20 -0300] "GET /cormun/servlet/trpermisosgoce? HTTP/1.1" 200 13518
186.103.159.46 - - [10/Sep/2018:10:20:27 -0300] "GET /cormun/servlet/trpermisosadjuntos?9569964,20180904160041,P, HTTP/1.1" 200 6151
186.103.159.46 - - [10/Sep/2018:10:20:29 -0300] "GET /cormun/servlet/trpermisosadjuntos?9569964,20180904160041,P, HTTP/1.1" 200 6151
186.103.159.46 - - [10/Sep/2018:10:20:32 -0300] "GET /cormun/servlet/permisosadjuntos?INS,9569964,P,20180904160041,, HTTP/1.1" 200 5661
186.103.159.46 - - [10/Sep/2018:10:20:33 -0300] "GET /cormun/static/about:blank HTTP/1.1" 404 1011
186.103.159.46 - - [10/Sep/2018:10:20:33 -0300] "GET /cormun/servlet/permisosadjuntos?INS,9569964,P,20180904160041,, HTTP/1.1" 200 5651
186.103.159.46 - - [10/Sep/2018:10:20:43 -0300] "POST /cormun/servlet/permisosadjuntos?9012c10f82033066a4761b2e918e81d7,INS,9569964,P,20180904160041,, HTTP/1.1" 200 116
186.103.159.46 - - [10/Sep/2018:10:20:44 -0300] "GET /cormun/servlet/hpexe_return? HTTP/1.1" 200 1039
186.103.159.46 - - [10/Sep/2018:10:20:44 -0300] "GET /cormun/servlet/trpermisosadjuntos?9569964,20180904160041,P, HTTP/1.1" 200 6719
186.103.159.46 - - [10/Sep/2018:10:20:46 -0300] "GET /cormun/servlet/trpermisosadjuntos?9569964,20180904160041,P, HTTP/1.1" 200 6716
186.103.159.44 - - [10/Sep/2018:10:20:50 -0300] "GET /cormun/servlet/licenciaspermisos?INS,0,,, HTTP/1.1" 200 7790
186.103.159.46 - - [10/Sep/2018:10:20:51 -0300] "GET /cormun/servlet/trpermisosgoce? HTTP/1.1" 200 13509
186.103.159.46 - - [10/Sep/2018:10:20:52 -0300] "GET /cormun/servlet/trpermisosgoce? HTTP/1.1" 200 13497
186.103.159.44 - - [10/Sep/2018:10:21:01 -0300] "GET /cormun/servlet/licenciaspermisos?053b4b50aaf5e05ccffb03479b68ab81c4b96328a3afadca5f25f6d5089ea18f412fbb330a041551edddd5a9ae5601bf,gx-no-cache=1536585581033 HTTP/1.1" 200 97
186.103.159.44 - - [10/Sep/2018:10:21:01 -0300] "POST /cormun/servlet/licenciaspermisos?e080386c89d32ca1131dac8aea3236fe,INS,0,,,,gx-no-cache=1536585581115 HTTP/1.1" 200 4956
186.103.159.46 - - [10/Sep/2018:10:21:05 -0300] "GET /cormun/servlet/trpermisosadjuntos?6895385,20180907131738,P, HTTP/1.1" 200 6150
186.103.159.46 - - [10/Sep/2018:10:21:06 -0300] "GET /cormun/servlet/trpermisosadjuntos?6895385,20180907131738,P, HTTP/1.1" 200 6150
186.103.159.46 - - [10/Sep/2018:10:21:08 -0300] "GET /cormun/servlet/permisosadjuntos?INS,6895385,P,20180907131738,, HTTP/1.1" 200 5659
186.103.159.46 - - [10/Sep/2018:10:21:08 -0300] "GET /cormun/static/about:blank HTTP/1.1" 404 1011
186.103.159.46 - - [10/Sep/2018:10:21:09 -0300] "GET /cormun/servlet/permisosadjuntos?INS,6895385,P,20180907131738,, HTTP/1.1" 200 5650
186.103.159.46 - - [10/Sep/2018:10:21:20 -0300] "POST /cormun/servlet/permisosadjuntos?9012c10f82033066a4761b2e918e81d7,INS,6895385,P,20180907131738,, HTTP/1.1" 200 116
186.103.159.46 - - [10/Sep/2018:10:21:20 -0300] "GET /cormun/servlet/hpexe_return? HTTP/1.1" 200 1041
186.103.159.46 - - [10/Sep/2018:10:21:21 -0300] "GET /cormun/servlet/trpermisosadjuntos?6895385,20180907131738,P, HTTP/1.1" 200 6717
186.103.159.46 - - [10/Sep/2018:10:21:22 -0300] "GET /cormun/servlet/trpermisosadjuntos?6895385,20180907131738,P, HTTP/1.1" 200 6714
186.103.159.46 - - [10/Sep/2018:10:21:26 -0300] "GET /cormun/servlet/trpermisosgoce? HTTP/1.1" 200 13515
186.103.159.46 - - [10/Sep/2018:10:21:27 -0300] "GET /cormun/servlet/trpermisosgoce? HTTP/1.1" 200 13498
186.103.159.46 - - [10/Sep/2018:10:21:34 -0300] "GET /cormun/servlet/trpermisosadjuntos?9517647,20180907131414,P, HTTP/1.1" 200 6167
186.103.159.46 - - [10/Sep/2018:10:21:37 -0300] "GET /cormun/servlet/trpermisosadjuntos?9517647,20180907131414,P, HTTP/1.1" 200 6167
186.103.159.46 - - [10/Sep/2018:10:21:39 -0300] "GET /cormun/servlet/permisosadjuntos?INS,9517647,P,20180907131414,, HTTP/1.1" 200 5676
186.103.159.46 - - [10/Sep/2018:10:21:42 -0300] "GET /cormun/static/about:blank HTTP/1.1" 404 1011
186.103.159.46 - - [10/Sep/2018:10:21:42 -0300] "GET /cormun/servlet/permisosadjuntos?INS,9517647,P,20180907131414,, HTTP/1.1" 200 5666
186.103.159.46 - - [10/Sep/2018:10:21:52 -0300] "POST /cormun/servlet/permisosadjuntos?9012c10f82033066a4761b2e918e81d7,INS,9517647,P,20180907131414,, HTTP/1.1" 200 116
186.103.159.46 - - [10/Sep/2018:10:21:52 -0300] "GET /cormun/servlet/hpexe_return? HTTP/1.1" 200 1040
186.103.159.46 - - [10/Sep/2018:10:21:53 -0300] "GET /cormun/servlet/trpermisosadjuntos?9517647,20180907131414,P, HTTP/1.1" 200 6738
186.103.159.46 - - [10/Sep/2018:10:21:54 -0300] "GET /cormun/servlet/trpermisosadjuntos?9517647,20180907131414,P, HTTP/1.1" 200 6735
186.103.159.46 - - [10/Sep/2018:10:22:00 -0300] "GET /cormun/servlet/trpermisosgoce? HTTP/1.1" 200 13530
186.103.159.46 - - [10/Sep/2018:10:22:02 -0300] "GET /cormun/servlet/trpermisosgoce? HTTP/1.1" 200 13505
186.103.159.46 - - [10/Sep/2018:10:22:14 -0300] "GET /cormun/servlet/trpermisosadjuntos?15993773,20180830165913,P, HTTP/1.1" 200 6149
186.103.159.46 - - [10/Sep/2018:10:22:15 -0300] "GET /cormun/servlet/trpermisosadjuntos?15993773,20180830165913,P, HTTP/1.1" 200 6149
186.103.159.46 - - [10/Sep/2018:10:22:17 -0300] "GET /cormun/servlet/permisosadjuntos?INS,15993773,P,20180830165913,, HTTP/1.1" 200 5662
186.103.159.46 - - [10/Sep/2018:10:22:18 -0300] "GET /cormun/static/about:blank HTTP/1.1" 404 1011
186.103.159.46 - - [10/Sep/2018:10:22:19 -0300] "GET /cormun/servlet/permisosadjuntos?INS,15993773,P,20180830165913,, HTTP/1.1" 200 5652
186.103.159.46 - - [10/Sep/2018:10:22:33 -0300] "POST /cormun/servlet/permisosadjuntos?9012c10f82033066a4761b2e918e81d7,INS,15993773,P,20180830165913,, HTTP/1.1" 200 116
186.103.159.46 - - [10/Sep/2018:10:22:33 -0300] "GET /cormun/servlet/hpexe_return? HTTP/1.1" 200 1042
186.103.159.46 - - [10/Sep/2018:10:22:33 -0300] "GET /cormun/servlet/trpermisosadjuntos?15993773,20180830165913,P, HTTP/1.1" 200 6720
186.103.159.46 - - [10/Sep/2018:10:22:35 -0300] "GET /cormun/servlet/trpermisosadjuntos?15993773,20180830165913,P, HTTP/1.1" 200 6716
186.103.159.46 - - [10/Sep/2018:10:22:38 -0300] "GET /cormun/servlet/trpermisosgoce? HTTP/1.1" 200 13495
186.103.159.46 - - [10/Sep/2018:10:22:40 -0300] "GET /cormun/servlet/trpermisosgoce? HTTP/1.1" 200 13508
186.103.159.44 - - [10/Sep/2018:10:22:40 -0300] "GET /cormun/servlet/licenciaspermisos?053b4b50aaf5e05ccffb03479b68ab8130fe1808518a7df373680d71bdaf480892e84f3e7d96fc64a0861c9a4e2a2703114de6e6d1a97c240078f49c9591315e1e4d61f54e7bc187344060f0be787545e962ca941fc95be947ae42450efbf8a6ec3c61b193b5261d5c25927bbf0d98470c146f79c7fbf572c4aecbb3015dc01782031e5b1c0bada2514ca6c31d8c87c7ab74a4d879a8fe1381c3778e61f349cf2fdd70da1ed641831d18fa8a7fecbccd,gx-no-cache=1536585680492 HTTP/1.1" 200 30
186.103.159.44 - - [10/Sep/2018:10:22:41 -0300] "POST /cormun/servlet/licenciaspermisos?e080386c89d32ca1131dac8aea3236fe,INS,0,,,,gx-no-cache=1536585680869 HTTP/1.1" 200 5028
186.103.159.44 - - [10/Sep/2018:10:22:48 -0300] "GET /cormun/servlet/licenciaspermisos?053b4b50aaf5e05ccffb03479b68ab812b4637c965ecda5962e83465b7e666025c4eeb25767268d3cebede598146ad24d94feb1f90fbd5fd44df6422daec1e81536b098839b0a8e81e55e5cdf0d7198d7972dc13d41b4b286e59796ff6aca9f61eeec65c5037304fe74cdfabb721490833584b89f3bd1ef7c74cf88c17e8107e580916e392b711b93289a52b6a165ff56ae85d5c2b86aadc0e9fc1eb86a0cb99070a8dc5a9acea74848e48d5a7372b3cf1575e22cadcf2bd4a8bce854a22bc11371ae79987ceab34d9d50690c572140b414f3ef87ca8e120cb60f382803528bb6f811de3ef39dc9c476a35beebaf61d0,gx-no-cache=1536585687742 HTTP/1.1" 200 57
186.103.159.44 - - [10/Sep/2018:10:22:49 -0300] "POST /cormun/servlet/licenciaspermisos?e080386c89d32ca1131dac8aea3236fe,INS,0,,,,gx-no-cache=1536585689600 HTTP/1.1" 200 93
186.103.159.44 - - [10/Sep/2018:10:22:49 -0300] "GET /cormun/servlet/hpexe_return? HTTP/1.1" 200 1007
186.103.159.44 - - [10/Sep/2018:10:22:50 -0300] "GET /cormun/servlet/trlicencias HTTP/1.1" 200 13912
186.103.159.44 - - [10/Sep/2018:10:22:54 -0300] "GET /cormun/servlet/alicenciaprn?15103895,L,20180910000000,PU HTTP/1.1" 200 1592
186.103.159.44 - - [10/Sep/2018:10:23:08 -0300] "GET /cormun/servlet/trlicenciaspermisosadjuntos?15103895,20180910000000,L, HTTP/1.1" 200 6602
186.103.159.44 - - [10/Sep/2018:10:23:10 -0300] "GET /cormun/servlet/licenciaspermisosadjuntos?INS,15103895,L,20180910000000,, HTTP/1.1" 200 5901
186.103.159.44 - - [10/Sep/2018:10:23:11 -0300] "HEAD /cormun/static/about:blank HTTP/1.1" 404 -
186.10.12.250 - - [10/Sep/2018:10:23:20 -0300] "GET /cormun/servlet/hlogin HTTP/1.1" 200 1723
186.103.159.44 - - [10/Sep/2018:10:23:21 -0300] "POST /cormun/servlet/licenciaspermisosadjuntos?e080386c89d32ca1131dac8aea3236fe,INS,15103895,L,20180910000000,, HTTP/1.1" 200 116
186.103.159.44 - - [10/Sep/2018:10:23:21 -0300] "GET /cormun/servlet/hpexe_return? HTTP/1.1" 200 1035
186.103.159.44 - - [10/Sep/2018:10:23:22 -0300] "GET /cormun/servlet/trlicenciaspermisosadjuntos?15103895,20180910000000,L, HTTP/1.1" 200 7145
186.10.12.250 - - [10/Sep/2018:10:23:22 -0300] "POST /cormun/servlet/hlogin?e8a1c76f3c532a5bf7763ecd13db44f4,gx-no-cache=1536585724236 HTTP/1.1" 200 90
186.10.12.250 - - [10/Sep/2018:10:23:22 -0300] "GET /cormun/servlet/hpexe_link HTTP/1.1" 200 953
186.10.12.250 - - [10/Sep/2018:10:23:23 -0300] "GET /cormun/servlet/trlicencias HTTP/1.1" 200 11720
186.103.159.189 - - [10/Sep/2018:10:23:23 -0300] "GET /cormun/servlet/apermisogoceprn?17311966,P,20180904081758,PU HTTP/1.1" 200 1626
186.10.12.250 - - [10/Sep/2018:10:23:24 -0300] "GET /cormun/servlet/trlicencias HTTP/1.1" 200 11718
186.103.159.44 - - [10/Sep/2018:10:23:24 -0300] "GET /cormun/PublicTempStorage/licencia_medica_carlos_cantillana2931450.pdf HTTP/1.1" 200 1105911
186.103.159.44 - - [10/Sep/2018:10:23:24 -0300] "GET /cormun/PublicTempStorage/licencia_medica_carlos_cantillana2931450.pdf HTTP/1.1" 200 1105911
186.103.159.44 - - [10/Sep/2018:10:23:25 -0300] "GET /cormun/servlet/trlicencias? HTTP/1.1" 200 13911
200.111.122.170 - - [10/Sep/2018:10:23:30 -0300] "GET /cormun/servlet/trsolicitudot? HTTP/1.1" 200 7239
186.103.159.44 - - [10/Sep/2018:10:23:30 -0300] "POST /cormun/servlet/trlicencias?e080386c89d32ca1131dac8aea3236fe,,gx-no-cache=1536585729689 HTTP/1.1" 200 11523
200.111.122.170 - - [10/Sep/2018:10:23:31 -0300] "GET /cormun/servlet/trsolicitudot? HTTP/1.1" 200 7239
186.103.159.44 - - [10/Sep/2018:10:23:31 -0300] "GET /cormun/static/Shared/jqueryui/images/ui-icons_8d78a5_256x240.png HTTP/1.1" 404 1089
186.103.159.44 - - [10/Sep/2018:10:23:31 -0300] "GET /cormun/static/Shared/jqueryui/images/ui-bg_flat_55_fafafa_40x100.png HTTP/1.1" 404 1097
186.103.159.44 - - [10/Sep/2018:10:23:31 -0300] "GET /cormun/static/Shared/jqueryui/images/ui-icons_82798d_256x240.png HTTP/1.1" 404 1089
186.103.159.44 - - [10/Sep/2018:10:23:31 -0300] "GET /cormun/static/Shared/jqueryui/images/ui-bg_highlight-soft_100_c6c2c8_1x100.png HTTP/1.1" 404 1117
186.10.12.250 - - [10/Sep/2018:10:23:33 -0300] "GET /cormun/servlet/solicitudot?INS,0,0, HTTP/1.1" 200 14695
186.10.12.250 - - [10/Sep/2018:10:23:33 -0300] "GET /cormun/static/gxcfg.js?2018371111666 HTTP/1.1" 200 953
186.10.12.250 - - [10/Sep/2018:10:23:34 -0300] "GET /cormun/static/solicitudot.js?201837111193 HTTP/1.1" 200 72045
186.10.12.250 - - [10/Sep/2018:10:23:34 -0300] "GET /cormun/servlet/solicitudot?INS,0,0, HTTP/1.1" 200 14700
186.10.12.250 - - [10/Sep/2018:10:23:38 -0300] "GET /cormun/static/Resources/resize.gif HTTP/1.1" 200 77
186.103.161.206 - - [10/Sep/2018:10:23:38 -0300] "GET /cormun/servlet/prfichaempleado?,MD,,gxPopupLevel%3D0%3B HTTP/1.1" 200 9349
186.103.159.46 - - [10/Sep/2018:10:23:52 -0300] "GET /cormun/servlet/trpermisosingoce? HTTP/1.1" 200 7770
186.103.159.46 - - [10/Sep/2018:10:23:52 -0300] "GET /cormun/static/gxcfg.js?201742714253516 HTTP/1.1" 200 953
186.103.159.46 - - [10/Sep/2018:10:23:52 -0300] "GET /cormun/static/Resources/Spanish/PXTools.css?11294912 HTTP/1.1" 200 89042
186.103.159.46 - - [10/Sep/2018:10:23:52 -0300] "GET /cormun/static/trpermisosingoce.js?201742714253970 HTTP/1.1" 200 34472
186.103.159.46 - - [10/Sep/2018:10:23:54 -0300] "GET /cormun/servlet/trpermisosingoce? HTTP/1.1" 200 7770
186.103.159.46 - - [10/Sep/2018:10:24:08 -0300] "GET /cormun/servlet/trpermisosingoceadjunto?316,15938440, HTTP/1.1" 200 6131
200.72.197.82 - - [10/Sep/2018:10:24:08 -0300] "POST /cormun/servlet/prfichaempleado?e8a1c76f3c532a5bf7763ecd13db44f4,,MD,,gxPopupLevel%3D0%3B,gx-no-cache=1536585769702 HTTP/1.1" 200 3186
186.103.159.46 - - [10/Sep/2018:10:24:08 -0300] "GET /cormun/static/gxcfg.js?2017761217146 HTTP/1.1" 200 953
186.103.159.46 - - [10/Sep/2018:10:24:08 -0300] "GET /cormun/static/trpermisosingoceadjunto.js?20177612171634 HTTP/1.1" 200 16925
186.103.159.46 - - [10/Sep/2018:10:24:09 -0300] "GET /cormun/servlet/trpermisosingoceadjunto?316,15938440, HTTP/1.1" 200 6131
200.72.197.82 - - [10/Sep/2018:10:24:12 -0300] "POST /cormun/servlet/prfichaempleado?e8a1c76f3c532a5bf7763ecd13db44f4,,MD,,gxPopupLevel%3D0%3B,gx-no-cache=1536585773933 HTTP/1.1" 200 3186
66.249.83.205 - - [10/Sep/2018:10:24:13 -0300] "GET /cormun/servlet/hlogin HTTP/1.1" 200 1720
66.249.83.207 - - [10/Sep/2018:10:24:13 -0300] "GET /cormun/servlet/hlogin?_escaped_fragment_= HTTP/1.1" 200 1718
186.103.159.46 - - [10/Sep/2018:10:24:14 -0300] "GET /cormun/servlet/permisosingoceadjunto?INS,316,, HTTP/1.1" 200 5434
186.103.159.46 - - [10/Sep/2018:10:24:14 -0300] "GET /cormun/static/gxcfg.js?201752511552178 HTTP/1.1" 200 953
186.103.159.46 - - [10/Sep/2018:10:24:14 -0300] "GET /cormun/static/permisosingoceadjunto.js?201752511552188 HTTP/1.1" 200 6883
186.103.159.46 - - [10/Sep/2018:10:24:16 -0300] "GET /cormun/static/about:blank HTTP/1.1" 404 1011
186.103.159.46 - - [10/Sep/2018:10:24:16 -0300] "GET /cormun/servlet/permisosingoceadjunto?INS,316,, HTTP/1.1" 200 5421
186.103.159.46 - - [10/Sep/2018:10:24:16 -0300] "GET /cormun/servlet/permisosingoceadjunto?0d9a64517b050d71bb6402ccb84033e76e9fb021cffec009bbad22aca155f42d,gx-no-cache=1536589373861 HTTP/1.1" 200 26
200.72.197.82 - - [10/Sep/2018:10:24:28 -0300] "GET /cormun/servlet/trsolicitudot? HTTP/1.1" 200 7240
200.72.197.82 - - [10/Sep/2018:10:24:28 -0300] "GET /cormun/servlet/trsolicitudot? HTTP/1.1" 200 7239
186.67.203.186 - - [10/Sep/2018:10:24:31 -0300] "GET /cormun/servlet/solicitudot?INS,0,0, HTTP/1.1" 200 14694
186.67.203.186 - - [10/Sep/2018:10:24:32 -0300] "GET /cormun/servlet/solicitudot?INS,0,0, HTTP/1.1" 200 14699
186.103.159.46 - - [10/Sep/2018:10:24:34 -0300] "POST /cormun/servlet/permisosingoceadjunto?9012c10f82033066a4761b2e918e81d7,INS,316,, HTTP/1.1" 200 116
186.103.159.46 - - [10/Sep/2018:10:24:35 -0300] "GET /cormun/servlet/hpexe_return? HTTP/1.1" 200 1031
186.103.159.46 - - [10/Sep/2018:10:24:35 -0300] "GET /cormun/servlet/trpermisosingoceadjunto?316,15938440, HTTP/1.1" 200 6575
186.10.12.250 - - [10/Sep/2018:10:24:36 -0300] "GET /cormun/servlet/prfichaempleado?,MD,,gxPopupLevel%3D0%3B HTTP/1.1" 200 9349
186.103.159.46 - - [10/Sep/2018:10:24:37 -0300] "GET /cormun/servlet/trpermisosingoceadjunto?316,15938440, HTTP/1.1" 200 6572
186.103.159.46 - - [10/Sep/2018:10:24:45 -0300] "GET /cormun/servlet/trpermisosgoce? HTTP/1.1" 200 13530
186.103.159.46 - - [10/Sep/2018:10:24:47 -0300] "GET /cormun/servlet/trpermisosgoce? HTTP/1.1" 200 13494
186.10.12.250 - - [10/Sep/2018:10:24:53 -0300] "POST /cormun/servlet/prfichaempleado?e8a1c76f3c532a5bf7763ecd13db44f4,,MD,,gxPopupLevel%3D0%3B,gx-no-cache=1536585814895 HTTP/1.1" 200 3186
186.10.12.250 - - [10/Sep/2018:10:24:55 -0300] "POST /cormun/servlet/prfichaempleado?e8a1c76f3c532a5bf7763ecd13db44f4,,MD,,gxPopupLevel%3D0%3B,gx-no-cache=1536585816702 HTTP/1.1" 200 3186
186.10.12.250 - - [10/Sep/2018:10:24:56 -0300] "POST /cormun/servlet/prfichaempleado?e8a1c76f3c532a5bf7763ecd13db44f4,,MD,,gxPopupLevel%3D0%3B,gx-no-cache=1536585818261 HTTP/1.1" 200 3186
186.103.156.166 - - [10/Sep/2018:10:25:18 -0300] "GET /cormun/servlet/trpermisosadjuntos?16493213,20180910101121,P, HTTP/1.1" 200 6240
186.103.156.166 - - [10/Sep/2018:10:25:19 -0300] "GET /cormun/servlet/trpermisosadjuntos?16493213,20180910101121,P, HTTP/1.1" 200 6240
186.103.156.166 - - [10/Sep/2018:10:25:21 -0300] "GET /cormun/servlet/permisosadjuntos?INS,16493213,P,20180910101121,, HTTP/1.1" 200 5569
186.103.156.166 - - [10/Sep/2018:10:25:21 -0300] "GET /cormun/static/about:blank HTTP/1.1" 404 1011
186.103.156.166 - - [10/Sep/2018:10:25:21 -0300] "GET /cormun/servlet/permisosadjuntos?INS,16493213,P,20180910101121,, HTTP/1.1" 200 5559
186.103.159.46 - - [10/Sep/2018:10:26:07 -0300] "GET /cormun/servlet/trpermisosadjuntos?9014931,20180830165752,P, HTTP/1.1" 200 6160
186.103.159.46 - - [10/Sep/2018:10:26:09 -0300] "GET /cormun/servlet/trpermisosadjuntos?9014931,20180830165752,P, HTTP/1.1" 200 6160
186.103.159.46 - - [10/Sep/2018:10:26:11 -0300] "GET /cormun/servlet/permisosadjuntos?INS,9014931,P,20180830165752,, HTTP/1.1" 200 5672
186.103.159.46 - - [10/Sep/2018:10:26:11 -0300] "GET /cormun/static/about:blank HTTP/1.1" 404 1011
186.103.159.46 - - [10/Sep/2018:10:26:13 -0300] "GET /cormun/servlet/permisosadjuntos?INS,9014931,P,20180830165752,, HTTP/1.1" 200 5662
186.103.159.46 - - [10/Sep/2018:10:26:38 -0300] "POST /cormun/servlet/permisosadjuntos?9012c10f82033066a4761b2e918e81d7,INS,9014931,P,20180830165752,, HTTP/1.1" 200 116
186.103.159.46 - - [10/Sep/2018:10:26:38 -0300] "GET /cormun/servlet/hpexe_return? HTTP/1.1" 200 1041
186.103.159.46 - - [10/Sep/2018:10:26:39 -0300] "GET /cormun/servlet/trpermisosadjuntos?9014931,20180830165752,P, HTTP/1.1" 200 6741
186.103.159.46 - - [10/Sep/2018:10:26:40 -0300] "GET /cormun/servlet/trpermisosadjuntos?9014931,20180830165752,P, HTTP/1.1" 200 6736
186.103.159.46 - - [10/Sep/2018:10:26:45 -0300] "GET /cormun/servlet/trpermisosgoce? HTTP/1.1" 200 13517
186.103.159.46 - - [10/Sep/2018:10:26:46 -0300] "GET /cormun/servlet/trpermisosgoce? HTTP/1.1" 200 13494
186.103.159.46 - - [10/Sep/2018:10:26:55 -0300] "GET /cormun/servlet/trpermisosadjuntos?17235429,20180907133811,P, HTTP/1.1" 200 6165
186.103.159.46 - - [10/Sep/2018:10:26:58 -0300] "GET /cormun/servlet/trpermisosadjuntos?17235429,20180907133811,P, HTTP/1.1" 200 6166
186.103.159.46 - - [10/Sep/2018:10:27:00 -0300] "GET /cormun/servlet/permisosadjuntos?INS,17235429,P,20180907133811,, HTTP/1.1" 200 5674
186.103.159.46 - - [10/Sep/2018:10:27:00 -0300] "GET /cormun/static/about:blank HTTP/1.1" 404 1011
186.103.159.46 - - [10/Sep/2018:10:27:01 -0300] "GET /cormun/servlet/permisosadjuntos?INS,17235429,P,20180907133811,, HTTP/1.1" 200 5664
186.103.159.46 - - [10/Sep/2018:10:27:12 -0300] "POST /cormun/servlet/permisosadjuntos?9012c10f82033066a4761b2e918e81d7,INS,17235429,P,20180907133811,, HTTP/1.1" 200 116
186.103.159.46 - - [10/Sep/2018:10:27:12 -0300] "GET /cormun/servlet/hpexe_return? HTTP/1.1" 200 1041
186.10.12.250 - - [10/Sep/2018:10:27:13 -0300] "POST /cormun/servlet/solicitudot?gx-no-cache=1536585954309 HTTP/1.1" 200 20
186.103.159.46 - - [10/Sep/2018:10:27:13 -0300] "GET /cormun/servlet/trpermisosadjuntos?17235429,20180907133811,P, HTTP/1.1" 200 6741
186.10.12.250 - - [10/Sep/2018:10:27:13 -0300] "POST /cormun/servlet/solicitudot?e8a1c76f3c532a5bf7763ecd13db44f4,INS,0,0,,gx-no-cache=1536585954934 HTTP/1.1" 500 10
186.103.159.46 - - [10/Sep/2018:10:27:14 -0300] "GET /cormun/servlet/trpermisosadjuntos?17235429,20180907133811,P, HTTP/1.1" 200 6738
186.103.159.46 - - [10/Sep/2018:10:27:18 -0300] "GET /cormun/servlet/trpermisosgoce? HTTP/1.1" 200 13508
186.103.159.46 - - [10/Sep/2018:10:27:21 -0300] "GET /cormun/servlet/trpermisosgoce? HTTP/1.1" 200 13504
200.111.122.170 - - [10/Sep/2018:10:27:22 -0300] "GET /cormun/servlet/hlogin HTTP/1.1" 200 1723
200.111.122.170 - - [10/Sep/2018:10:27:24 -0300] "POST /cormun/servlet/hlogin?e8a1c76f3c532a5bf7763ecd13db44f4,gx-no-cache=1536585966205 HTTP/1.1" 200 90
200.111.122.170 - - [10/Sep/2018:10:27:24 -0300] "GET /cormun/servlet/hpexe_link HTTP/1.1" 200 960
200.111.122.170 - - [10/Sep/2018:10:27:25 -0300] "GET /cormun/servlet/prfichaempleado?,MD, HTTP/1.1" 200 9346
186.103.159.46 - - [10/Sep/2018:10:27:28 -0300] "GET /cormun/servlet/trpermisosadjuntos?9187329,20180830165455,P, HTTP/1.1" 200 6158
200.111.122.170 - - [10/Sep/2018:10:27:29 -0300] "GET /cormun/servlet/hlogin HTTP/1.1" 200 1741
186.103.159.46 - - [10/Sep/2018:10:27:31 -0300] "GET /cormun/servlet/trpermisosadjuntos?9187329,20180830165455,P, HTTP/1.1" 200 6158
200.111.122.170 - - [10/Sep/2018:10:27:31 -0300] "POST /cormun/servlet/hlogin?e8a1c76f3c532a5bf7763ecd13db44f4,gx-no-cache=1536585972988 HTTP/1.1" 200 90
200.111.122.170 - - [10/Sep/2018:10:27:31 -0300] "GET /cormun/servlet/hpexe_link HTTP/1.1" 200 960
200.111.122.170 - - [10/Sep/2018:10:27:32 -0300] "GET /cormun/servlet/prfichaempleado?,MD, HTTP/1.1" 200 9346
186.103.159.46 - - [10/Sep/2018:10:27:33 -0300] "GET /cormun/servlet/permisosadjuntos?INS,9187329,P,20180830165455,, HTTP/1.1" 200 5670
186.103.159.46 - - [10/Sep/2018:10:27:33 -0300] "GET /cormun/static/about:blank HTTP/1.1" 404 1011
186.103.159.46 - - [10/Sep/2018:10:27:35 -0300] "GET /cormun/servlet/permisosadjuntos?INS,9187329,P,20180830165455,, HTTP/1.1" 200 5660
186.103.156.166 - - [10/Sep/2018:10:27:40 -0300] "POST /cormun/servlet/permisosadjuntos?d53bd98e22ccd0a912487ab4159a8871,INS,16493213,P,20180910101121,, HTTP/1.1" 200 116
186.103.156.166 - - [10/Sep/2018:10:27:40 -0300] "GET /cormun/servlet/hpexe_return? HTTP/1.1" 200 1037
186.103.156.166 - - [10/Sep/2018:10:27:41 -0300] "GET /cormun/servlet/trpermisosadjuntos?16493213,20180910101121,P, HTTP/1.1" 200 6710
186.103.156.166 - - [10/Sep/2018:10:27:42 -0300] "GET /cormun/servlet/trpermisosadjuntos?16493213,20180910101121,P, HTTP/1.1" 200 6707
200.111.122.170 - - [10/Sep/2018:10:27:42 -0300] "POST /cormun/servlet/prfichaempleado?e8a1c76f3c532a5bf7763ecd13db44f4,,MD,,gx-no-cache=1536585984533 HTTP/1.1" 200 3174
200.111.122.170 - - [10/Sep/2018:10:27:44 -0300] "POST /cormun/servlet/prfichaempleado?e8a1c76f3c532a5bf7763ecd13db44f4,,MD,,gx-no-cache=1536585985933 HTTP/1.1" 200 3174
186.103.159.46 - - [10/Sep/2018:10:27:51 -0300] "POST /cormun/servlet/permisosadjuntos?9012c10f82033066a4761b2e918e81d7,INS,9187329,P,20180830165455,, HTTP/1.1" 200 116
186.103.159.46 - - [10/Sep/2018:10:27:51 -0300] "GET /cormun/servlet/hpexe_return? HTTP/1.1" 200 1041
186.103.156.166 - - [10/Sep/2018:10:27:51 -0300] "POST /cormun/servlet/trpermisosadjuntos?d53bd98e22ccd0a912487ab4159a8871,16493213,20180910101121,P,,gx-no-cache=1536589588854 HTTP/1.1" 200 90
186.103.156.166 - - [10/Sep/2018:10:27:51 -0300] "GET /cormun/servlet/hpexe_link HTTP/1.1" 200 982
186.103.156.166 - - [10/Sep/2018:10:27:51 -0300] "GET /cormun/servlet/trpermisosgoce HTTP/1.1" 200 10728
186.103.159.46 - - [10/Sep/2018:10:27:51 -0300] "GET /cormun/servlet/trpermisosadjuntos?9187329,20180830165455,P, HTTP/1.1" 200 6732
186.103.156.166 - - [10/Sep/2018:10:27:52 -0300] "GET /cormun/servlet/trpermisosgoce HTTP/1.1" 200 10732
186.103.159.46 - - [10/Sep/2018:10:27:53 -0300] "GET /cormun/servlet/trpermisosadjuntos?9187329,20180830165455,P, HTTP/1.1" 200 6732
200.111.122.170 - - [10/Sep/2018:10:27:53 -0300] "GET /cormun/servlet/hlogin HTTP/1.1" 200 1723
200.111.122.170 - - [10/Sep/2018:10:27:55 -0300] "POST /cormun/servlet/hlogin?e8a1c76f3c532a5bf7763ecd13db44f4,gx-no-cache=1536585996851 HTTP/1.1" 200 90
200.111.122.170 - - [10/Sep/2018:10:27:55 -0300] "GET /cormun/servlet/hpexe_link HTTP/1.1" 200 960
200.111.122.170 - - [10/Sep/2018:10:27:56 -0300] "GET /cormun/servlet/prfichaempleado?,MD, HTTP/1.1" 200 9346
186.103.159.46 - - [10/Sep/2018:10:27:56 -0300] "GET /cormun/servlet/trpermisosgoce? HTTP/1.1" 200 13497
186.103.159.46 - - [10/Sep/2018:10:27:58 -0300] "GET /cormun/servlet/trpermisosgoce? HTTP/1.1" 200 13500
200.111.122.170 - - [10/Sep/2018:10:28:01 -0300] "POST /cormun/servlet/acontrolpreferencessavestate?None,CA-L%2FE,true HTTP/1.1" 200 35
186.103.156.166 - - [10/Sep/2018:10:28:02 -0300] "POST /cormun/servlet/trpermisosgoce?d53bd98e22ccd0a912487ab4159a8871,gx-no-cache=1536589599974 HTTP/1.1" 200 8022
186.103.156.166 - - [10/Sep/2018:10:28:02 -0300] "GET /cormun/static/Shared/jqueryui/images/ui-bg_highlight-soft_100_c6c2c8_1x100.png HTTP/1.1" 404 1117
186.103.156.166 - - [10/Sep/2018:10:28:02 -0300] "GET /cormun/static/Shared/jqueryui/images/ui-icons_82798d_256x240.png HTTP/1.1" 404 1089
186.103.156.166 - - [10/Sep/2018:10:28:02 -0300] "GET /cormun/static/Shared/jqueryui/images/ui-bg_flat_55_fafafa_40x100.png HTTP/1.1" 404 1097
186.103.156.166 - - [10/Sep/2018:10:28:02 -0300] "GET /cormun/static/Shared/jqueryui/images/ui-icons_8d78a5_256x240.png HTTP/1.1" 404 1089
200.111.122.170 - - [10/Sep/2018:10:28:04 -0300] "GET /cormun/servlet/hlogin HTTP/1.1" 200 1741
200.111.122.170 - - [10/Sep/2018:10:28:08 -0300] "POST /cormun/servlet/hlogin?e8a1c76f3c532a5bf7763ecd13db44f4,gx-no-cache=1536586009916 HTTP/1.1" 200 90
200.111.122.170 - - [10/Sep/2018:10:28:08 -0300] "GET /cormun/servlet/hpexe_link HTTP/1.1" 200 960
186.103.159.46 - - [10/Sep/2018:10:28:09 -0300] "GET /cormun/servlet/trpermisosadjuntos?8527596,20180830165637,P, HTTP/1.1" 200 6152
200.111.122.170 - - [10/Sep/2018:10:28:09 -0300] "GET /cormun/servlet/prfichaempleado?,MD, HTTP/1.1" 200 9349
186.103.159.46 - - [10/Sep/2018:10:28:11 -0300] "GET /cormun/servlet/trpermisosadjuntos?8527596,20180830165637,P, HTTP/1.1" 200 6153
186.103.159.46 - - [10/Sep/2018:10:28:13 -0300] "GET /cormun/servlet/permisosadjuntos?INS,8527596,P,20180830165637,, HTTP/1.1" 200 5664
186.103.159.46 - - [10/Sep/2018:10:28:13 -0300] "GET /cormun/static/about:blank HTTP/1.1" 404 1011
186.103.159.46 - - [10/Sep/2018:10:28:14 -0300] "GET /cormun/servlet/permisosadjuntos?INS,8527596,P,20180830165637,, HTTP/1.1" 200 5656
200.111.122.170 - - [10/Sep/2018:10:28:24 -0300] "POST /cormun/servlet/acontrolpreferencessavestate?None,CA-L%2FE,true HTTP/1.1" 200 35
200.111.122.170 - - [10/Sep/2018:10:28:26 -0300] "POST /cormun/servlet/acontrolpreferencessavestate?None,CA-L%2FE,true HTTP/1.1" 200 35
186.103.159.46 - - [10/Sep/2018:10:28:34 -0300] "POST /cormun/servlet/permisosadjuntos?9012c10f82033066a4761b2e918e81d7,INS,8527596,P,20180830165637,, HTTP/1.1" 200 116
186.103.159.46 - - [10/Sep/2018:10:28:34 -0300] "GET /cormun/servlet/hpexe_return? HTTP/1.1" 200 1040
186.103.159.46 - - [10/Sep/2018:10:28:34 -0300] "GET /cormun/servlet/trpermisosadjuntos?8527596,20180830165637,P, HTTP/1.1" 200 6732
186.103.159.46 - - [10/Sep/2018:10:28:36 -0300] "GET /cormun/servlet/trpermisosadjuntos?8527596,20180830165637,P, HTTP/1.1" 200 6729
186.103.159.46 - - [10/Sep/2018:10:28:42 -0300] "GET /cormun/servlet/trpermisosgoce? HTTP/1.1" 200 13513
186.103.159.46 - - [10/Sep/2018:10:28:44 -0300] "GET /cormun/servlet/trpermisosgoce? HTTP/1.1" 200 13496
186.103.156.166 - - [10/Sep/2018:10:28:44 -0300] "GET /cormun/servlet/trpermisosadjuntos?17522628,20180910101458,P, HTTP/1.1" 200 6234
186.103.156.166 - - [10/Sep/2018:10:28:45 -0300] "GET /cormun/servlet/trpermisosadjuntos?17522628,20180910101458,P, HTTP/1.1" 200 6234
200.111.122.170 - - [10/Sep/2018:10:28:45 -0300] "POST /cormun/servlet/prfichaempleado?e8a1c76f3c532a5bf7763ecd13db44f4,,MD,,gx-no-cache=1536586046763 HTTP/1.1" 200 3412
200.111.122.170 - - [10/Sep/2018:10:28:47 -0300] "POST /cormun/servlet/prfichaempleado?e8a1c76f3c532a5bf7763ecd13db44f4,,MD,,gx-no-cache=1536586048730 HTTP/1.1" 200 3412
186.103.156.166 - - [10/Sep/2018:10:28:48 -0300] "GET /cormun/servlet/permisosadjuntos?INS,17522628,P,20180910101458,, HTTP/1.1" 200 5560
186.103.156.166 - - [10/Sep/2018:10:28:48 -0300] "GET /cormun/static/about:blank HTTP/1.1" 404 1011
186.103.156.166 - - [10/Sep/2018:10:28:48 -0300] "GET /cormun/servlet/permisosadjuntos?INS,17522628,P,20180910101458,, HTTP/1.1" 200 5547
186.103.159.46 - - [10/Sep/2018:10:28:51 -0300] "GET /cormun/servlet/trpermisosadjuntos?13300331,20180906110627,P, HTTP/1.1" 200 6159
186.103.159.46 - - [10/Sep/2018:10:28:54 -0300] "GET /cormun/servlet/trpermisosadjuntos?13300331,20180906110627,P, HTTP/1.1" 200 6159
186.103.159.46 - - [10/Sep/2018:10:28:56 -0300] "GET /cormun/servlet/permisosadjuntos?INS,13300331,P,20180906110627,, HTTP/1.1" 200 5669
186.103.159.46 - - [10/Sep/2018:10:28:57 -0300] "GET /cormun/static/about:blank HTTP/1.1" 404 1011
186.103.159.46 - - [10/Sep/2018:10:28:58 -0300] "GET /cormun/servlet/permisosadjuntos?INS,13300331,P,20180906110627,, HTTP/1.1" 200 5659
201.215.248.34 - - [10/Sep/2018:10:29:01 -0300] "GET /cormun/servlet/trautorizarsolicitud? HTTP/1.1" 200 6304
201.215.248.34 - - [10/Sep/2018:10:29:01 -0300] "GET /cormun/static/hmpwkw03.js?20189613443875 HTTP/1.1" 304 -
201.215.248.34 - - [10/Sep/2018:10:29:02 -0300] "GET /cormun/servlet/trautorizarsolicitud? HTTP/1.1" 200 6298
186.79.53.139 - - [10/Sep/2018:10:29:02 -0300] "GET /cormun/servlet/hlogin HTTP/1.1" 200 1736
186.79.53.139 - - [10/Sep/2018:10:29:02 -0300] "GET /cormun/static/gxcfg.js?20177612122725 HTTP/1.1" 304 -
186.103.159.46 - - [10/Sep/2018:10:29:11 -0300] "POST /cormun/servlet/permisosadjuntos?9012c10f82033066a4761b2e918e81d7,INS,13300331,P,20180906110627,, HTTP/1.1" 200 116
186.103.159.46 - - [10/Sep/2018:10:29:12 -0300] "GET /cormun/servlet/hpexe_return? HTTP/1.1" 200 1041
186.103.159.46 - - [10/Sep/2018:10:29:12 -0300] "GET /cormun/servlet/trpermisosadjuntos?13300331,20180906110627,P, HTTP/1.1" 200 6737
186.103.159.46 - - [10/Sep/2018:10:29:14 -0300] "GET /cormun/servlet/trpermisosadjuntos?13300331,20180906110627,P, HTTP/1.1" 200 6734
186.10.12.250 - - [10/Sep/2018:10:29:14 -0300] "GET /cormun/servlet/hlogin HTTP/1.1" 200 1741
186.79.53.139 - - [10/Sep/2018:10:29:15 -0300] "POST /cormun/servlet/hlogin?3c9f5c61a3974cebcab1075a170b7fc4,gx-no-cache=1536586074910 HTTP/1.1" 200 90
186.79.53.139 - - [10/Sep/2018:10:29:15 -0300] "GET /cormun/servlet/hpexe_link HTTP/1.1" 200 954
186.79.53.139 - - [10/Sep/2018:10:29:16 -0300] "GET /cormun/servlet/trautorizarsolicitud HTTP/1.1" 200 7246
186.10.12.250 - - [10/Sep/2018:10:29:17 -0300] "POST /cormun/servlet/hlogin?e8a1c76f3c532a5bf7763ecd13db44f4,gx-no-cache=1536586078737 HTTP/1.1" 200 90
186.10.12.250 - - [10/Sep/2018:10:29:17 -0300] "GET /cormun/servlet/hpexe_link HTTP/1.1" 200 960
186.79.53.139 - - [10/Sep/2018:10:29:17 -0300] "GET /cormun/servlet/trautorizarsolicitud HTTP/1.1" 200 7245
186.103.159.46 - - [10/Sep/2018:10:29:18 -0300] "GET /cormun/servlet/trpermisosgoce? HTTP/1.1" 200 13510
186.10.12.250 - - [10/Sep/2018:10:29:18 -0300] "GET /cormun/servlet/prfichaempleado?,MD, HTTP/1.1" 200 9346
186.103.159.46 - - [10/Sep/2018:10:29:20 -0300] "GET /cormun/servlet/trpermisosgoce? HTTP/1.1" 200 13503
201.215.248.34 - - [10/Sep/2018:10:29:21 -0300] "POST /cormun/servlet/trautorizarsolicitud?3c9f5c61a3974cebcab1075a170b7fc4,gx-no-cache=1536586081648 HTTP/1.1" 200 4199
186.103.159.46 - - [10/Sep/2018:10:29:27 -0300] "GET /cormun/servlet/trpermisosadjuntos?15731592,20180905164808,P, HTTP/1.1" 200 6155
186.10.12.250 - - [10/Sep/2018:10:29:27 -0300] "GET /cormun/servlet/prfichaempleado?,MD, HTTP/1.1" 200 9346
186.103.159.46 - - [10/Sep/2018:10:29:30 -0300] "GET /cormun/servlet/trpermisosadjuntos?15731592,20180905164808,P, HTTP/1.1" 200 6155
186.10.12.250 - - [10/Sep/2018:10:29:31 -0300] "GET /cormun/servlet/hlogin HTTP/1.1" 200 1723
186.103.159.46 - - [10/Sep/2018:10:29:32 -0300] "GET /cormun/servlet/permisosadjuntos?INS,15731592,P,20180905164808,, HTTP/1.1" 200 5666
186.103.159.46 - - [10/Sep/2018:10:29:34 -0300] "GET /cormun/static/about:blank HTTP/1.1" 404 1011
186.103.159.46 - - [10/Sep/2018:10:29:34 -0300] "GET /cormun/servlet/permisosadjuntos?INS,15731592,P,20180905164808,, HTTP/1.1" 200 5655
186.103.159.46 - - [10/Sep/2018:10:29:47 -0300] "POST /cormun/servlet/permisosadjuntos?9012c10f82033066a4761b2e918e81d7,INS,15731592,P,20180905164808,, HTTP/1.1" 200 116
186.103.159.46 - - [10/Sep/2018:10:29:47 -0300] "GET /cormun/servlet/hpexe_return? HTTP/1.1" 200 1042
186.103.159.46 - - [10/Sep/2018:10:29:47 -0300] "GET /cormun/servlet/trpermisosadjuntos?15731592,20180905164808,P, HTTP/1.1" 200 6725
186.103.159.46 - - [10/Sep/2018:10:29:49 -0300] "GET /cormun/servlet/trpermisosadjuntos?15731592,20180905164808,P, HTTP/1.1" 200 6722
186.103.159.46 - - [10/Sep/2018:10:29:52 -0300] "GET /cormun/servlet/trpermisosgoce? HTTP/1.1" 200 13486
186.103.159.46 - - [10/Sep/2018:10:29:54 -0300] "GET /cormun/servlet/trpermisosgoce? HTTP/1.1" 200 13507
186.103.159.46 - - [10/Sep/2018:10:30:01 -0300] "GET /cormun/servlet/trpermisosadjuntos?9999971,20180906110749,P, HTTP/1.1" 200 6151
186.103.159.46 - - [10/Sep/2018:10:30:04 -0300] "GET /cormun/servlet/trpermisosadjuntos?9999971,20180906110749,P, HTTP/1.1" 200 6151
186.103.159.46 - - [10/Sep/2018:10:30:08 -0300] "GET /cormun/servlet/permisosadjuntos?INS,9999971,P,20180906110749,, HTTP/1.1" 200 5660
186.103.159.46 - - [10/Sep/2018:10:30:08 -0300] "GET /cormun/static/about:blank HTTP/1.1" 404 1011
186.103.159.46 - - [10/Sep/2018:10:30:09 -0300] "GET /cormun/servlet/permisosadjuntos?INS,9999971,P,20180906110749,, HTTP/1.1" 200 5650
186.103.159.46 - - [10/Sep/2018:10:30:21 -0300] "POST /cormun/servlet/permisosadjuntos?9012c10f82033066a4761b2e918e81d7,INS,9999971,P,20180906110749,, HTTP/1.1" 200 116
186.103.159.46 - - [10/Sep/2018:10:30:21 -0300] "GET /cormun/servlet/hpexe_return? HTTP/1.1" 200 1038
186.103.159.46 - - [10/Sep/2018:10:30:22 -0300] "GET /cormun/servlet/trpermisosadjuntos?9999971,20180906110749,P, HTTP/1.1" 200 6723
186.103.159.46 - - [10/Sep/2018:10:30:23 -0300] "GET /cormun/servlet/trpermisosadjuntos?9999971,20180906110749,P, HTTP/1.1" 200 6719
186.103.159.46 - - [10/Sep/2018:10:30:31 -0300] "GET /cormun/servlet/trpermisosgoce? HTTP/1.1" 200 13511
186.103.159.46 - - [10/Sep/2018:10:30:33 -0300] "GET /cormun/servlet/trpermisosgoce? HTTP/1.1" 200 13503
186.103.159.46 - - [10/Sep/2018:10:30:44 -0300] "POST /cormun/servlet/trpermisosgoce?9012c10f82033066a4761b2e918e81d7,,gx-no-cache=1536589760776 HTTP/1.1" 200 10663
186.103.159.46 - - [10/Sep/2018:10:30:44 -0300] "GET /cormun/static/Shared/jqueryui/images/ui-bg_highlight-soft_100_c6c2c8_1x100.png HTTP/1.1" 404 1117
186.103.159.46 - - [10/Sep/2018:10:30:44 -0300] "GET /cormun/static/Shared/jqueryui/images/ui-icons_82798d_256x240.png HTTP/1.1" 404 1089
186.103.159.46 - - [10/Sep/2018:10:30:44 -0300] "GET /cormun/static/Shared/jqueryui/images/ui-bg_flat_55_fafafa_40x100.png HTTP/1.1" 404 1097
186.103.159.46 - - [10/Sep/2018:10:30:44 -0300] "GET /cormun/static/Shared/jqueryui/images/ui-icons_8d78a5_256x240.png HTTP/1.1" 404 1089
186.103.159.46 - - [10/Sep/2018:10:30:55 -0300] "POST /cormun/servlet/trpermisosgoce?9012c10f82033066a4761b2e918e81d7,,gx-no-cache=1536589772479 HTTP/1.1" 200 10651
186.103.159.46 - - [10/Sep/2018:10:31:03 -0300] "POST /cormun/servlet/trpermisosgoce?9012c10f82033066a4761b2e918e81d7,,gx-no-cache=1536589779764 HTTP/1.1" 200 10649
186.103.156.166 - - [10/Sep/2018:10:31:03 -0300] "POST /cormun/servlet/permisosadjuntos?d53bd98e22ccd0a912487ab4159a8871,INS,17522628,P,20180910101458,, HTTP/1.1" 200 116
186.103.156.166 - - [10/Sep/2018:10:31:04 -0300] "GET /cormun/servlet/hpexe_return? HTTP/1.1" 200 1038
186.103.156.166 - - [10/Sep/2018:10:31:04 -0300] "GET /cormun/servlet/trpermisosadjuntos?17522628,20180910101458,P, HTTP/1.1" 200 6702
186.103.156.166 - - [10/Sep/2018:10:31:05 -0300] "GET /cormun/servlet/trpermisosadjuntos?17522628,20180910101458,P, HTTP/1.1" 200 6700
186.103.156.166 - - [10/Sep/2018:10:31:07 -0300] "POST /cormun/servlet/trpermisosadjuntos?d53bd98e22ccd0a912487ab4159a8871,17522628,20180910101458,P,,gx-no-cache=1536589785291 HTTP/1.1" 200 90
186.103.156.166 - - [10/Sep/2018:10:31:07 -0300] "GET /cormun/servlet/hpexe_link HTTP/1.1" 200 1004
186.103.159.46 - - [10/Sep/2018:10:31:08 -0300] "POST /cormun/servlet/trpermisosgoce?9012c10f82033066a4761b2e918e81d7,,gx-no-cache=1536589784773 HTTP/1.1" 200 10649
186.103.156.166 - - [10/Sep/2018:10:31:08 -0300] "GET /cormun/servlet/trpermisosgoce?gx-no-cache=1536589599974 HTTP/1.1" 200 10732
186.103.156.166 - - [10/Sep/2018:10:31:08 -0300] "GET /cormun/servlet/trpermisosgoce?gx-no-cache=1536589599974 HTTP/1.1" 200 10702
186.103.156.166 - - [10/Sep/2018:10:31:15 -0300] "POST /cormun/servlet/trpermisosgoce?d53bd98e22ccd0a912487ab4159a8871,gx-no-cache=1536589599974,gx-no-cache=1536589792922 HTTP/1.1" 200 8004
186.103.156.166 - - [10/Sep/2018:10:31:15 -0300] "GET /cormun/static/Shared/jqueryui/images/ui-bg_highlight-soft_100_c6c2c8_1x100.png HTTP/1.1" 404 1117
186.103.156.166 - - [10/Sep/2018:10:31:15 -0300] "GET /cormun/static/Shared/jqueryui/images/ui-icons_82798d_256x240.png HTTP/1.1" 404 1089
