186.79.254.72 - - [07/Sep/2018:09:59:28 -0300] "GET /cormun/servlet/hhome HTTP/1.1" 200 3958
186.79.254.72 - - [07/Sep/2018:09:59:31 -0300] "GET /cormun/servlet/trsolicitudot? HTTP/1.1" 200 7172
186.79.254.72 - - [07/Sep/2018:09:59:31 -0300] "GET /cormun/servlet/trsolicitudot? HTTP/1.1" 200 7172
186.79.254.72 - - [07/Sep/2018:09:59:34 -0300] "GET /cormun/servlet/solicitudot?INS,0,0, HTTP/1.1" 200 14644
186.103.159.204 - - [07/Sep/2018:09:59:35 -0300] "GET /cormun/static/menuarrow.gif HTTP/1.1" 404 1015
186.79.254.72 - - [07/Sep/2018:09:59:35 -0300] "GET /cormun/servlet/solicitudot?INS,0,0, HTTP/1.1" 200 14649
186.79.254.72 - - [07/Sep/2018:09:59:50 -0300] "POST /cormun/servlet/solicitudot?gx-no-cache=1536325114649 HTTP/1.1" 200 20
186.79.254.72 - - [07/Sep/2018:09:59:50 -0300] "POST /cormun/servlet/solicitudot?7cf2fb910059a95145da3d12a6885bdb,INS,0,0,,gx-no-cache=1536325115072 HTTP/1.1" 500 10
186.79.254.72 - - [07/Sep/2018:09:59:51 -0300] "GET /cormun/servlet/solicitudot?c9c4f460736abff6ee8de031b4ae6d6ecbfe6a4902a9ebfa53854de0eda48c6919c8a00549bc6e16df488aa5f4699582,gx-no-cache=1536325115472 HTTP/1.1" 200 20
186.79.254.72 - - [07/Sep/2018:10:00:05 -0300] "GET /cormun/servlet/hlogin HTTP/1.1" 200 1723
186.79.254.72 - - [07/Sep/2018:10:00:08 -0300] "POST /cormun/servlet/hlogin?1eb74f512bbfeb4eef46cb5078e9410d,gx-no-cache=1536325133020 HTTP/1.1" 200 90
186.79.254.72 - - [07/Sep/2018:10:00:08 -0300] "GET /cormun/servlet/hpexe_link HTTP/1.1" 200 951
186.79.254.72 - - [07/Sep/2018:10:00:09 -0300] "GET /cormun/servlet/hhome HTTP/1.1" 200 3957
186.79.254.72 - - [07/Sep/2018:10:00:09 -0300] "GET /cormun/servlet/hhome HTTP/1.1" 200 3953
186.79.254.72 - - [07/Sep/2018:10:00:12 -0300] "GET /cormun/servlet/trsolicitudot? HTTP/1.1" 200 7168
186.79.254.72 - - [07/Sep/2018:10:00:13 -0300] "GET /cormun/servlet/trsolicitudot? HTTP/1.1" 200 7167
186.79.254.72 - - [07/Sep/2018:10:00:17 -0300] "GET /cormun/servlet/solicitudot?INS,0,0, HTTP/1.1" 200 14639
186.79.254.72 - - [07/Sep/2018:10:00:18 -0300] "GET /cormun/servlet/solicitudot?INS,0,0, HTTP/1.1" 200 14644
200.54.247.70 - - [07/Sep/2018:10:00:48 -0300] "GET /cormun/servlet/hlogin HTTP/1.1" 200 1715
200.54.247.70 - - [07/Sep/2018:10:00:48 -0300] "GET /cormun/static/gxtimezone.js?85251 HTTP/1.1" 200 5781
200.54.247.70 - - [07/Sep/2018:10:00:48 -0300] "GET /cormun/static/gxcfg.js?20177612122725 HTTP/1.1" 200 953
200.54.247.70 - - [07/Sep/2018:10:00:48 -0300] "GET /cormun/static/hlogin.js?20177612122738 HTTP/1.1" 200 2136
200.54.247.70 - - [07/Sep/2018:10:00:48 -0300] "GET /cormun/static/Resources/Spanish/PXTools.css?1155365 HTTP/1.1" 200 89042
200.54.247.70 - - [07/Sep/2018:10:00:48 -0300] "GET /cormun/static/Resources/ComunLogin.png HTTP/1.1" 200 17326
200.54.247.70 - - [07/Sep/2018:10:00:48 -0300] "GET /cormun/static/messages.spa.js?85251 HTTP/1.1" 200 30736
200.54.247.70 - - [07/Sep/2018:10:00:48 -0300] "GET /cormun/static/gxgral.js?85251 HTTP/1.1" 200 384558
200.54.247.70 - - [07/Sep/2018:10:00:48 -0300] "GET /cormun/static/Resources/indicator.gif HTTP/1.1" 200 1553
186.79.254.72 - - [07/Sep/2018:10:00:49 -0300] "POST /cormun/servlet/solicitudot?gx-no-cache=1536325173190 HTTP/1.1" 200 20
186.79.254.72 - - [07/Sep/2018:10:00:50 -0300] "POST /cormun/servlet/solicitudot?1eb74f512bbfeb4eef46cb5078e9410d,INS,0,0,,gx-no-cache=1536325174198 HTTP/1.1" 500 10
186.79.254.72 - - [07/Sep/2018:10:00:50 -0300] "GET /cormun/servlet/solicitudot?6e8978b64ce4b0057184b50b4c22b246728cbc687ddea38bd877a2107b1ff88bf7d5d33f35b71a4d1ec01ce02272d281,gx-no-cache=1536325174691 HTTP/1.1" 200 20
200.54.247.70 - - [07/Sep/2018:10:01:01 -0300] "POST /cormun/servlet/hlogin?81c1dc050874fbd4ae23640434f43755,gx-no-cache=1536325179105 HTTP/1.1" 200 90
200.54.247.70 - - [07/Sep/2018:10:01:01 -0300] "GET /cormun/servlet/hpexe_link HTTP/1.1" 200 947
200.54.247.70 - - [07/Sep/2018:10:01:01 -0300] "GET /cormun/servlet/hhome HTTP/1.1" 200 4314
200.54.247.70 - - [07/Sep/2018:10:01:01 -0300] "GET /cormun/static/hmpwkw03.js?20189613443875 HTTP/1.1" 200 3965
200.54.247.70 - - [07/Sep/2018:10:01:05 -0300] "GET /cormun/servlet/trlicencias? HTTP/1.1" 200 18051
186.79.254.72 - - [07/Sep/2018:10:01:23 -0300] "GET /cormun/servlet/hlogin HTTP/1.1" 200 1722
186.79.254.72 - - [07/Sep/2018:10:01:23 -0300] "GET /cormun/servlet/hlogin HTTP/1.1" 200 1722
186.79.254.72 - - [07/Sep/2018:10:01:26 -0300] "POST /cormun/servlet/hlogin?240353581fa3d4fbd99be8a78bc96d02,gx-no-cache=1536325210333 HTTP/1.1" 200 90
186.79.254.72 - - [07/Sep/2018:10:01:26 -0300] "GET /cormun/servlet/hpexe_link HTTP/1.1" 200 951
186.79.254.72 - - [07/Sep/2018:10:01:26 -0300] "GET /cormun/servlet/hhome HTTP/1.1" 200 3956
186.79.254.72 - - [07/Sep/2018:10:01:27 -0300] "GET /cormun/servlet/hhome HTTP/1.1" 200 3953
186.79.254.72 - - [07/Sep/2018:10:01:36 -0300] "GET /cormun/servlet/trsolicitudot? HTTP/1.1" 200 7166
186.79.254.72 - - [07/Sep/2018:10:01:37 -0300] "GET /cormun/servlet/trsolicitudot? HTTP/1.1" 200 7166
186.79.254.72 - - [07/Sep/2018:10:01:46 -0300] "GET /cormun/servlet/trsolicitudcuentarbd? HTTP/1.1" 200 6674
186.79.254.72 - - [07/Sep/2018:10:01:46 -0300] "GET /cormun/static/gxcfg.js?20183619402487 HTTP/1.1" 200 953
186.79.254.72 - - [07/Sep/2018:10:01:46 -0300] "GET /cormun/static/trsolicitudcuentarbd.js?2018361940291 HTTP/1.1" 200 29350
186.79.254.72 - - [07/Sep/2018:10:01:47 -0300] "GET /cormun/servlet/trsolicitudcuentarbd? HTTP/1.1" 200 6673
186.79.254.72 - - [07/Sep/2018:10:01:48 -0300] "POST /cormun/servlet/acontrolpreferencessavestate?None,CD-12,true HTTP/1.1" 200 35
186.103.159.204 - - [07/Sep/2018:10:01:49 -0300] "GET /cormun/servlet/licenciaspermisos?1f012a267fffc947a97971740d7b4e68de7e0d28c8183feedc3ecb19d3b6099b23600fa6978cad0238b043102a5a1bedf0861150226488677cfb714028d6335191f9bb9c644872d0b36c76d84364c157f00335ae340e0dfdba06f9a49cd14250dca3ee30dd4800fcbebe52c491fca5e7b596316f27cba215fe9ff6a6c27f035594b796a09ee6f89d413730efb08172dc9231714f65b85dae56d48fc5787caae1d93b7aff9a9fa6fd904661a0fbece42b,gx-no-cache=1536325228364 HTTP/1.1" 200 30
186.103.159.204 - - [07/Sep/2018:10:01:49 -0300] "GET /cormun/servlet/licenciaspermisos?1f012a267fffc947a97971740d7b4e6827e4a3c3c1bb14284582c4612db8828b317719e305d626626628802e2d7a42f35a0e1beb76f98bb7a2f701437df326a9747874de743b2f48fa8ff8dce2f10b3f2dc750e32419e7fe77538eee835afc42d7dfc8cb1fb9938431579ecbfab72a66551bf774af5f1fc47677b8a3739b96267f7499128dea7dccdab2a967124bd9e7f6b4e74801aa203523a75be9a72d7350e101daa72a4971c51f7f13866c90e402,gx-no-cache=1536325228653 HTTP/1.1" 200 29
186.103.159.204 - - [07/Sep/2018:10:01:50 -0300] "POST /cormun/servlet/licenciaspermisos?dc7f42eeaaddff92d14fcd44030ce593,INS,0,,,,gx-no-cache=1536325229291 HTTP/1.1" 200 93
186.103.159.204 - - [07/Sep/2018:10:01:50 -0300] "GET /cormun/servlet/hpexe_return? HTTP/1.1" 200 1012
186.103.159.204 - - [07/Sep/2018:10:01:50 -0300] "GET /cormun/static/gxcfg.js?2016101716175148 HTTP/1.1" 200 953
186.103.159.204 - - [07/Sep/2018:10:01:50 -0300] "GET /cormun/static/hpexe_return.js?2016101716175153 HTTP/1.1" 200 1633
186.103.159.204 - - [07/Sep/2018:10:01:50 -0300] "GET /cormun/static/Resources/Spanish/PXTools.css?167811 HTTP/1.1" 200 89042
186.103.159.204 - - [07/Sep/2018:10:01:50 -0300] "GET /cormun/servlet/trlicencias HTTP/1.1" 200 9243
186.103.159.204 - - [07/Sep/2018:10:01:51 -0300] "GET /cormun/servlet/trlicencias HTTP/1.1" 200 9238
186.79.254.72 - - [07/Sep/2018:10:01:56 -0300] "GET /cormun/servlet/trsolicitudot? HTTP/1.1" 200 7176
186.79.254.72 - - [07/Sep/2018:10:01:56 -0300] "GET /cormun/servlet/trsolicitudot? HTTP/1.1" 200 7175
186.79.254.72 - - [07/Sep/2018:10:02:01 -0300] "GET /cormun/servlet/solicitudot?INS,0,0, HTTP/1.1" 200 14648
186.79.254.72 - - [07/Sep/2018:10:02:02 -0300] "GET /cormun/servlet/solicitudot?INS,0,0, HTTP/1.1" 200 14653
186.103.159.187 - - [07/Sep/2018:10:02:04 -0300] "GET /cormun/servlet/hhome HTTP/1.1" 200 3411
186.103.159.187 - - [07/Sep/2018:10:02:05 -0300] "GET /cormun/static/hmpwkw03.js?20189613443875 HTTP/1.1" 200 3965
186.103.159.187 - - [07/Sep/2018:10:02:06 -0300] "GET /cormun/servlet/hhome HTTP/1.1" 200 3421
186.103.159.187 - - [07/Sep/2018:10:02:06 -0300] "GET /cormun/servlet/hlogin HTTP/1.1" 200 1732
186.103.159.187 - - [07/Sep/2018:10:02:06 -0300] "GET /cormun/static/hlogin.js?20177612122738 HTTP/1.1" 200 2136
186.103.159.187 - - [07/Sep/2018:10:02:06 -0300] "GET /cormun/static/gxcfg.js?20177612122725 HTTP/1.1" 200 953
186.103.159.204 - - [07/Sep/2018:10:02:09 -0300] "GET /cormun/servlet/trlicenciaspermisosadjuntos?18647240,20180907000000,L, HTTP/1.1" 200 6620
186.103.159.204 - - [07/Sep/2018:10:02:09 -0300] "GET /cormun/static/gxcfg.js?20177612163414 HTTP/1.1" 200 953
186.103.159.204 - - [07/Sep/2018:10:02:09 -0300] "GET /cormun/static/trlicenciaspermisosadjuntos.js?20177612163719 HTTP/1.1" 200 21036
186.103.159.204 - - [07/Sep/2018:10:02:09 -0300] "GET /cormun/servlet/trlicenciaspermisosadjuntos?18647240,20180907000000,L, HTTP/1.1" 200 6620
186.103.159.204 - - [07/Sep/2018:10:02:10 -0300] "POST /cormun/servlet/acontrolpreferencessavestate?None,DALLENDE,true HTTP/1.1" 200 35
186.103.159.204 - - [07/Sep/2018:10:02:16 -0300] "GET /cormun/servlet/licenciaspermisosadjuntos?INS,18647240,L,20180907000000,, HTTP/1.1" 200 5922
186.103.159.204 - - [07/Sep/2018:10:02:16 -0300] "GET /cormun/static/gxcfg.js?2017761263592 HTTP/1.1" 200 953
186.103.159.204 - - [07/Sep/2018:10:02:16 -0300] "GET /cormun/static/licenciaspermisosadjuntos.js?201776126362 HTTP/1.1" 200 8760
186.103.159.204 - - [07/Sep/2018:10:02:16 -0300] "GET /cormun/static/about:blank HTTP/1.1" 404 1011
186.103.159.204 - - [07/Sep/2018:10:02:17 -0300] "GET /cormun/servlet/licenciaspermisosadjuntos?INS,18647240,L,20180907000000,, HTTP/1.1" 200 5910
186.79.254.72 - - [07/Sep/2018:10:02:19 -0300] "POST /cormun/servlet/solicitudot?gx-no-cache=1536325263662 HTTP/1.1" 200 20
186.79.254.72 - - [07/Sep/2018:10:02:20 -0300] "POST /cormun/servlet/solicitudot?240353581fa3d4fbd99be8a78bc96d02,INS,0,0,,gx-no-cache=1536325264168 HTTP/1.1" 500 10
186.103.159.187 - - [07/Sep/2018:10:02:32 -0300] "POST /cormun/servlet/hlogin?d8a8bf0e05ac2a5413519cf6d65b1917,gx-no-cache=1536328902396 HTTP/1.1" 200 90
186.103.159.187 - - [07/Sep/2018:10:02:32 -0300] "GET /cormun/servlet/hpexe_link HTTP/1.1" 200 952
186.103.159.187 - - [07/Sep/2018:10:02:33 -0300] "GET /cormun/servlet/hhome HTTP/1.1" 200 3970
186.103.159.187 - - [07/Sep/2018:10:02:34 -0300] "GET /cormun/servlet/hhome HTTP/1.1" 200 3966
186.79.254.72 - - [07/Sep/2018:10:02:35 -0300] "GET /cormun/servlet/hlogin HTTP/1.1" 200 1722
186.79.254.72 - - [07/Sep/2018:10:02:38 -0300] "POST /cormun/servlet/hlogin?240353581fa3d4fbd99be8a78bc96d02,gx-no-cache=1536325282977 HTTP/1.1" 200 90
186.79.254.72 - - [07/Sep/2018:10:02:38 -0300] "GET /cormun/servlet/hpexe_link HTTP/1.1" 200 962
186.79.254.72 - - [07/Sep/2018:10:02:38 -0300] "GET /cormun/servlet/solicitudot?INS,0,0, HTTP/1.1" 200 14649
186.79.254.72 - - [07/Sep/2018:10:02:39 -0300] "GET /cormun/servlet/solicitudot?INS,0,0, HTTP/1.1" 200 14653
186.103.159.204 - - [07/Sep/2018:10:02:46 -0300] "POST /cormun/servlet/licenciaspermisosadjuntos?dc7f42eeaaddff92d14fcd44030ce593,INS,18647240,L,20180907000000,, HTTP/1.1" 200 116
186.103.159.204 - - [07/Sep/2018:10:02:46 -0300] "GET /cormun/servlet/hpexe_return? HTTP/1.1" 200 1043
186.103.159.204 - - [07/Sep/2018:10:02:46 -0300] "GET /cormun/static/Resources/Spanish/PXTools.css?167811 HTTP/1.1" 200 89042
186.103.159.187 - - [07/Sep/2018:10:02:46 -0300] "GET /cormun/servlet/trsolicitudot? HTTP/1.1" 200 7182
186.103.159.187 - - [07/Sep/2018:10:02:46 -0300] "GET /cormun/static/gxui/gxui-all.css?120300 HTTP/1.1" 200 2179
186.103.159.187 - - [07/Sep/2018:10:02:46 -0300] "GET /cormun/static/calendar-system.css?85620 HTTP/1.1" 200 5572
186.103.159.187 - - [07/Sep/2018:10:02:46 -0300] "GET /cormun/static/Resources/Spanish/PXTools.css?1255365 HTTP/1.1" 200 89042
186.103.159.187 - - [07/Sep/2018:10:02:47 -0300] "GET /cormun/static/gxcfg.js?2017111422585916 HTTP/1.1" 200 953
186.103.159.204 - - [07/Sep/2018:10:02:47 -0300] "GET /cormun/servlet/trlicenciaspermisosadjuntos?18647240,20180907000000,L, HTTP/1.1" 200 7149
186.103.159.187 - - [07/Sep/2018:10:02:47 -0300] "GET /cormun/static/Shared/ext/resources/css/ext-all.css?215870 HTTP/1.1" 200 416045
186.103.159.187 - - [07/Sep/2018:10:02:47 -0300] "GET /cormun/static/trsolicitudot.js?201711142259839 HTTP/1.1" 200 54041
186.103.159.204 - - [07/Sep/2018:10:02:47 -0300] "GET /cormun/static/gxcfg.js?20177612163414 HTTP/1.1" 200 953
186.103.159.204 - - [07/Sep/2018:10:02:48 -0300] "GET /cormun/servlet/trlicenciaspermisosadjuntos?18647240,20180907000000,L, HTTP/1.1" 200 7145
186.103.159.187 - - [07/Sep/2018:10:02:48 -0300] "GET /cormun/servlet/trsolicitudot? HTTP/1.1" 200 7182
186.79.254.72 - - [07/Sep/2018:10:02:49 -0300] "GET /cormun/servlet/hlogin HTTP/1.1" 200 1722
186.79.254.72 - - [07/Sep/2018:10:02:51 -0300] "POST /cormun/servlet/hlogin?240353581fa3d4fbd99be8a78bc96d02,gx-no-cache=1536325296148 HTTP/1.1" 200 90
186.79.254.72 - - [07/Sep/2018:10:02:51 -0300] "GET /cormun/servlet/hpexe_link HTTP/1.1" 200 962
186.79.254.72 - - [07/Sep/2018:10:02:52 -0300] "GET /cormun/servlet/solicitudot?INS,0,0, HTTP/1.1" 200 14651
186.79.254.72 - - [07/Sep/2018:10:02:53 -0300] "GET /cormun/servlet/solicitudot?INS,0,0, HTTP/1.1" 200 14654
186.103.159.187 - - [07/Sep/2018:10:02:55 -0300] "GET /cormun/servlet/solicitudot?INS,0,0, HTTP/1.1" 200 14650
186.103.159.187 - - [07/Sep/2018:10:02:55 -0300] "GET /cormun/static/gxcfg.js?2018371111666 HTTP/1.1" 200 953
186.103.159.187 - - [07/Sep/2018:10:02:55 -0300] "GET /cormun/static/solicitudot.js?201837111193 HTTP/1.1" 200 72045
186.103.159.187 - - [07/Sep/2018:10:02:56 -0300] "GET /cormun/servlet/solicitudot?INS,0,0, HTTP/1.1" 200 14654
186.79.254.72 - - [07/Sep/2018:10:03:12 -0300] "POST /cormun/servlet/solicitudot?gx-no-cache=1536325316266 HTTP/1.1" 200 20
186.79.254.72 - - [07/Sep/2018:10:03:12 -0300] "POST /cormun/servlet/solicitudot?240353581fa3d4fbd99be8a78bc96d02,INS,0,0,,gx-no-cache=1536325316787 HTTP/1.1" 500 10
186.103.159.187 - - [07/Sep/2018:10:03:13 -0300] "POST /cormun/servlet/solicitudot?gx-no-cache=1536328943088 HTTP/1.1" 200 20
186.103.159.187 - - [07/Sep/2018:10:03:13 -0300] "POST /cormun/servlet/solicitudot?d8a8bf0e05ac2a5413519cf6d65b1917,INS,0,0,,gx-no-cache=1536328943208 HTTP/1.1" 500 10
186.103.159.187 - - [07/Sep/2018:10:03:13 -0300] "GET /cormun/servlet/solicitudot?949bf3864506da4a9089fe21016186d59087d7d8e708447f3a334b2a67776f99,gx-no-cache=1536328943314 HTTP/1.1" 200 20
186.103.159.187 - - [07/Sep/2018:10:03:13 -0300] "GET /cormun/servlet/solicitudot?949bf3864506da4a9089fe21016186d5e28f484a34def0aa25c990def7f8044e,gx-no-cache=1536328943381 HTTP/1.1" 200 20
186.103.159.187 - - [07/Sep/2018:10:03:13 -0300] "GET /cormun/servlet/solicitudot?949bf3864506da4a9089fe21016186d551a61c869320422d3d76ade44ac0efbc,gx-no-cache=1536328943424 HTTP/1.1" 200 20
186.103.159.187 - - [07/Sep/2018:10:03:13 -0300] "GET /cormun/servlet/solicitudot?949bf3864506da4a9089fe21016186d56ee93494236229a741d093894de06f1054facfdc086b1697c1aff5be8d681f7067c9c33b1689eb19ee90ba8cacb9394ead2ee2d9b9e798a03e3f644b44be7a502b2a77adc996cc2b6fcaf5ca887023f416811e8a70df41676e67982699f430a2ae5dbdee4fb726d687dbd0dce71d4bc8680bc437e8e3da78d01566dae3816f0c068496a13aab54207d75e4743345236b7037ec5172313c77218a4a35382fa134bda6ce148b5e51b60827596125525a9cc87711c96f5473210dd20517db8cd0e5fe7cc188eba304b26169f84dfed7237062253168bed5cb31c98a332c5fd8655e3a8782342f36ee9fe70f3e2689ed33a20c3cba32bf478ccad4ab6dfaa3a93d05b5bb3c6865fddfcd01d7fe52b77c9a109c85a84270c4f42eb7f1c1443dfa86c8ea8c11a727be2125aa6d22cc451c578b22749e3258c76c2dc7898598dbb28fc6,gx-no-cache=1536328943508 HTTP/1.1" 200 20
186.103.159.204 - - [07/Sep/2018:10:03:15 -0300] "GET /cormun/PublicTempStorage/licencia_camila_castillo_c6545068.pdf HTTP/1.1" 200 2227774
186.103.159.187 - - [07/Sep/2018:10:03:21 -0300] "GET /cormun/servlet/trsolicitudot? HTTP/1.1" 200 7182
186.103.159.187 - - [07/Sep/2018:10:03:23 -0300] "GET /cormun/servlet/trsolicitudot? HTTP/1.1" 200 7182
186.103.159.204 - - [07/Sep/2018:10:03:31 -0300] "GET /cormun/servlet/hpexe_return? HTTP/1.1" 200 1034
186.103.159.204 - - [07/Sep/2018:10:03:31 -0300] "GET /cormun/static/Resources/Spanish/PXTools.css?167811 HTTP/1.1" 200 89042
186.103.159.204 - - [07/Sep/2018:10:03:31 -0300] "GET /cormun/static/gxcfg.js?2016101716175148 HTTP/1.1" 200 953
186.103.159.187 - - [07/Sep/2018:10:03:31 -0300] "GET /cormun/servlet/solicitudot?INS,0,0, HTTP/1.1" 200 14650
186.103.159.204 - - [07/Sep/2018:10:03:31 -0300] "GET /cormun/servlet/trlicencias HTTP/1.1" 200 9248
186.103.159.204 - - [07/Sep/2018:10:03:32 -0300] "GET /cormun/servlet/trlicencias HTTP/1.1" 200 9243
186.103.159.187 - - [07/Sep/2018:10:03:32 -0300] "GET /cormun/servlet/solicitudot?INS,0,0, HTTP/1.1" 200 14654
186.79.254.72 - - [07/Sep/2018:10:03:33 -0300] "GET /cormun/servlet/hlogin HTTP/1.1" 200 1722
186.103.159.204 - - [07/Sep/2018:10:03:42 -0300] "POST /cormun/servlet/trlicencias?dc7f42eeaaddff92d14fcd44030ce593,gx-no-cache=1536325341262 HTTP/1.1" 200 6512
186.103.159.204 - - [07/Sep/2018:10:03:42 -0300] "GET /cormun/static/Shared/jqueryui/images/ui-bg_highlight-soft_100_c6c2c8_1x100.png HTTP/1.1" 404 1117
186.103.159.204 - - [07/Sep/2018:10:03:42 -0300] "GET /cormun/static/Shared/jqueryui/images/ui-icons_82798d_256x240.png HTTP/1.1" 404 1089
186.103.159.204 - - [07/Sep/2018:10:03:42 -0300] "GET /cormun/static/Shared/jqueryui/images/ui-bg_flat_55_fafafa_40x100.png HTTP/1.1" 404 1097
186.103.159.204 - - [07/Sep/2018:10:03:42 -0300] "GET /cormun/static/Shared/jqueryui/images/ui-icons_8d78a5_256x240.png HTTP/1.1" 404 1089
186.79.254.72 - - [07/Sep/2018:10:03:42 -0300] "POST /cormun/servlet/hlogin?240353581fa3d4fbd99be8a78bc96d02,gx-no-cache=1536325346742 HTTP/1.1" 200 90
186.79.254.72 - - [07/Sep/2018:10:03:42 -0300] "GET /cormun/servlet/hpexe_link HTTP/1.1" 200 962
186.79.254.72 - - [07/Sep/2018:10:03:42 -0300] "GET /cormun/servlet/solicitudot?INS,0,0, HTTP/1.1" 200 14651
186.79.254.72 - - [07/Sep/2018:10:03:43 -0300] "GET /cormun/servlet/solicitudot?INS,0,0, HTTP/1.1" 200 14654
186.103.159.187 - - [07/Sep/2018:10:04:09 -0300] "POST /cormun/servlet/solicitudot?gx-no-cache=1536328998657 HTTP/1.1" 200 20
186.103.159.187 - - [07/Sep/2018:10:04:09 -0300] "POST /cormun/servlet/solicitudot?d8a8bf0e05ac2a5413519cf6d65b1917,INS,0,0,,gx-no-cache=1536328998784 HTTP/1.1" 500 10
186.79.254.72 - - [07/Sep/2018:10:04:09 -0300] "POST /cormun/servlet/solicitudot?gx-no-cache=1536325373422 HTTP/1.1" 200 20
186.79.254.72 - - [07/Sep/2018:10:04:09 -0300] "POST /cormun/servlet/solicitudot?240353581fa3d4fbd99be8a78bc96d02,INS,0,0,,gx-no-cache=1536325373880 HTTP/1.1" 500 10
186.79.254.72 - - [07/Sep/2018:10:04:18 -0300] "GET /cormun/servlet/hlogin HTTP/1.1" 200 1722
186.103.159.187 - - [07/Sep/2018:10:04:20 -0300] "GET /cormun/servlet/trsolicitudot? HTTP/1.1" 200 7182
186.79.254.72 - - [07/Sep/2018:10:04:21 -0300] "POST /cormun/servlet/hlogin?240353581fa3d4fbd99be8a78bc96d02,gx-no-cache=1536325385443 HTTP/1.1" 200 90
186.79.254.72 - - [07/Sep/2018:10:04:21 -0300] "GET /cormun/servlet/hpexe_link HTTP/1.1" 200 962
186.79.254.72 - - [07/Sep/2018:10:04:21 -0300] "GET /cormun/servlet/solicitudot?INS,0,0, HTTP/1.1" 200 14650
186.103.159.187 - - [07/Sep/2018:10:04:22 -0300] "GET /cormun/servlet/trsolicitudot? HTTP/1.1" 200 7182
186.79.254.72 - - [07/Sep/2018:10:04:22 -0300] "GET /cormun/servlet/solicitudot?INS,0,0, HTTP/1.1" 200 14654
186.103.159.187 - - [07/Sep/2018:10:04:28 -0300] "GET /cormun/servlet/solicitudot?INS,0,0, HTTP/1.1" 200 14649
186.103.159.187 - - [07/Sep/2018:10:04:29 -0300] "GET /cormun/servlet/solicitudot?INS,0,0, HTTP/1.1" 200 14654
186.103.159.187 - - [07/Sep/2018:10:04:44 -0300] "POST /cormun/servlet/solicitudot?d8a8bf0e05ac2a5413519cf6d65b1917,INS,0,0,,gx-no-cache=1536329034244 HTTP/1.1" 500 10
186.103.159.187 - - [07/Sep/2018:10:04:58 -0300] "GET /cormun/servlet/trsolicitudot? HTTP/1.1" 200 7182
186.103.159.187 - - [07/Sep/2018:10:04:59 -0300] "GET /cormun/servlet/trsolicitudot? HTTP/1.1" 200 7182
186.103.159.187 - - [07/Sep/2018:10:05:02 -0300] "GET /cormun/servlet/solicitudot?INS,0,0, HTTP/1.1" 200 14649
186.103.159.187 - - [07/Sep/2018:10:05:03 -0300] "GET /cormun/servlet/solicitudot?INS,0,0, HTTP/1.1" 200 14654
186.103.159.187 - - [07/Sep/2018:10:05:19 -0300] "POST /cormun/servlet/solicitudot?gx-no-cache=1536329069044 HTTP/1.1" 200 20
186.103.159.187 - - [07/Sep/2018:10:05:19 -0300] "POST /cormun/servlet/solicitudot?d8a8bf0e05ac2a5413519cf6d65b1917,INS,0,0,,gx-no-cache=1536329069187 HTTP/1.1" 500 10
186.103.159.187 - - [07/Sep/2018:10:05:22 -0300] "GET /cormun/servlet/solicitudot?INS,0,0, HTTP/1.1" 200 14649
186.103.159.187 - - [07/Sep/2018:10:05:23 -0300] "GET /cormun/servlet/solicitudot?INS,0,0, HTTP/1.1" 200 14654
186.103.159.187 - - [07/Sep/2018:10:05:27 -0300] "GET /cormun/servlet/prfichaempleado?,MD,,gxPopupLevel%3D0%3B HTTP/1.1" 200 9276
186.103.159.187 - - [07/Sep/2018:10:05:40 -0300] "POST /cormun/servlet/prfichaempleado?d8a8bf0e05ac2a5413519cf6d65b1917,,MD,,gxPopupLevel%3D0%3B,gx-no-cache=1536329090010 HTTP/1.1" 200 5151
186.79.254.72 - - [07/Sep/2018:10:05:45 -0300] "POST /cormun/servlet/solicitudot?gx-no-cache=1536325469707 HTTP/1.1" 200 20
186.79.254.72 - - [07/Sep/2018:10:05:46 -0300] "POST /cormun/servlet/solicitudot?240353581fa3d4fbd99be8a78bc96d02,INS,0,0,,gx-no-cache=1536325470186 HTTP/1.1" 500 10
200.111.191.210 - - [07/Sep/2018:10:06:00 -0300] "GET /cormun/servlet/trpermisosgoce? HTTP/1.1" 200 6107
200.111.191.210 - - [07/Sep/2018:10:06:00 -0300] "GET /cormun/static/hmpwkw03.js?20189613443875 HTTP/1.1" 304 -
200.111.191.210 - - [07/Sep/2018:10:06:01 -0300] "GET /cormun/servlet/hlogin HTTP/1.1" 200 1738
200.111.191.210 - - [07/Sep/2018:10:06:01 -0300] "GET /cormun/servlet/trpermisosgoce? HTTP/1.1" 200 6107
200.111.191.210 - - [07/Sep/2018:10:06:01 -0300] "GET /cormun/static/gxcfg.js?20177612122725 HTTP/1.1" 304 -
191.17.13.1 - - [07/Sep/2018:10:06:03 -0300] "GET / HTTP/1.1" 200 11217
200.111.191.210 - - [07/Sep/2018:10:06:05 -0300] "POST /cormun/servlet/hlogin?42d61105321dffe4edd9f842538db115,gx-no-cache=1536325510814 HTTP/1.1" 200 90
200.111.191.210 - - [07/Sep/2018:10:06:05 -0300] "GET /cormun/servlet/hpexe_link HTTP/1.1" 200 955
200.111.191.210 - - [07/Sep/2018:10:06:05 -0300] "GET /cormun/servlet/trpermisosgoce HTTP/1.1" 200 17033
200.111.191.210 - - [07/Sep/2018:10:06:06 -0300] "GET /cormun/servlet/trpermisosgoce HTTP/1.1" 200 17021
200.111.191.210 - - [07/Sep/2018:10:06:07 -0300] "GET /cormun/servlet/permisogoce?INS,0,,, HTTP/1.1" 200 6825
200.111.191.210 - - [07/Sep/2018:10:06:08 -0300] "GET /cormun/servlet/permisogoce?INS,0,,, HTTP/1.1" 200 6824
200.111.191.210 - - [07/Sep/2018:10:06:12 -0300] "GET /cormun/servlet/permisogoce?f666e92aabd0eb787205de27698a30b97d7a71c0f3035d01c07010cac6822f92235f2b467be987e07f98ad72fc698559,gx-no-cache=1536325516998 HTTP/1.1" 200 72
200.111.191.210 - - [07/Sep/2018:10:06:15 -0300] "GET /cormun/servlet/permisogoce?f666e92aabd0eb787205de27698a30b9e30e2f9eebf241c2c67075155aafe558c5f226835cadbcc8e4ffbca24c755a44a47675cbd1209373d81536feda9ad157,gx-no-cache=1536325520714 HTTP/1.1" 200 47
186.79.254.72 - - [07/Sep/2018:10:06:20 -0300] "GET /cormun/servlet/hlogin HTTP/1.1" 200 1715
186.103.159.187 - - [07/Sep/2018:10:06:21 -0300] "POST /cormun/servlet/solicitudot?gx-no-cache=1536329131139 HTTP/1.1" 200 20
186.103.159.187 - - [07/Sep/2018:10:06:21 -0300] "POST /cormun/servlet/solicitudot?d8a8bf0e05ac2a5413519cf6d65b1917,INS,0,0,,gx-no-cache=1536329131349 HTTP/1.1" 500 10
200.111.191.210 - - [07/Sep/2018:10:06:22 -0300] "POST /cormun/servlet/permisogoce?42d61105321dffe4edd9f842538db115,INS,0,,,,gx-no-cache=1536325526639 HTTP/1.1" 200 93
200.111.191.210 - - [07/Sep/2018:10:06:22 -0300] "GET /cormun/servlet/hpexe_return? HTTP/1.1" 200 1009
200.111.191.210 - - [07/Sep/2018:10:06:22 -0300] "GET /cormun/servlet/trpermisosgoce HTTP/1.1" 200 17267
186.79.254.72 - - [07/Sep/2018:10:06:23 -0300] "POST /cormun/servlet/hlogin?2382b40ff7c7000b97502ad1234462c8,gx-no-cache=1536325507580 HTTP/1.1" 200 90
186.79.254.72 - - [07/Sep/2018:10:06:23 -0300] "GET /cormun/servlet/hpexe_link HTTP/1.1" 200 946
200.111.191.210 - - [07/Sep/2018:10:06:23 -0300] "GET /cormun/servlet/trpermisosgoce HTTP/1.1" 200 17259
186.79.254.72 - - [07/Sep/2018:10:06:23 -0300] "GET /cormun/servlet/hhome HTTP/1.1" 200 3963
186.79.254.72 - - [07/Sep/2018:10:06:24 -0300] "GET /cormun/servlet/hhome HTTP/1.1" 200 3960
186.103.159.187 - - [07/Sep/2018:10:06:25 -0300] "GET /cormun/servlet/solicitudot?INS,0,0, HTTP/1.1" 200 14650
200.111.191.210 - - [07/Sep/2018:10:06:26 -0300] "GET /cormun/servlet/apermisogoceprn?8259312,P,20180907100220,PU HTTP/1.1" 200 1653
186.103.159.187 - - [07/Sep/2018:10:06:26 -0300] "GET /cormun/servlet/solicitudot?INS,0,0, HTTP/1.1" 200 14655
186.103.159.187 - - [07/Sep/2018:10:06:26 -0300] "GET /favicon.ico HTTP/1.1" 200 21630
186.103.159.187 - - [07/Sep/2018:10:06:31 -0300] "POST /cormun/servlet/solicitudot?gx-no-cache=1536329140846 HTTP/1.1" 200 20
186.103.159.187 - - [07/Sep/2018:10:06:31 -0300] "POST /cormun/servlet/solicitudot?d8a8bf0e05ac2a5413519cf6d65b1917,INS,0,0,,gx-no-cache=1536329141206 HTTP/1.1" 500 10
186.79.254.72 - - [07/Sep/2018:10:06:35 -0300] "GET /cormun/servlet/trsolicitudot? HTTP/1.1" 200 7172
200.111.191.210 - - [07/Sep/2018:10:06:35 -0300] "GET /cormun/servlet/permisogoce?INS,0,,, HTTP/1.1" 200 6825
200.111.191.210 - - [07/Sep/2018:10:06:36 -0300] "GET /cormun/servlet/permisogoce?INS,0,,, HTTP/1.1" 200 6827
186.79.254.72 - - [07/Sep/2018:10:06:36 -0300] "GET /cormun/servlet/trsolicitudot? HTTP/1.1" 200 7171
186.79.254.72 - - [07/Sep/2018:10:06:40 -0300] "GET /cormun/servlet/solicitudot?INS,0,0, HTTP/1.1" 200 14644
186.79.254.72 - - [07/Sep/2018:10:06:41 -0300] "GET /cormun/servlet/solicitudot?INS,0,0, HTTP/1.1" 200 14649
186.103.159.187 - - [07/Sep/2018:10:06:41 -0300] "GET /cormun/servlet/solicitudot?INS,0,0, HTTP/1.1" 200 14650
200.111.191.210 - - [07/Sep/2018:10:06:41 -0300] "GET /cormun/servlet/permisogoce?f666e92aabd0eb787205de27698a30b97d7a71c0f3035d01c07010cac6822f92235f2b467be987e07f98ad72fc698559,gx-no-cache=1536325546480 HTTP/1.1" 200 70
186.103.159.187 - - [07/Sep/2018:10:06:42 -0300] "GET /cormun/servlet/solicitudot?INS,0,0, HTTP/1.1" 200 14655
186.103.159.187 - - [07/Sep/2018:10:06:42 -0300] "GET /favicon.ico HTTP/1.1" 200 21630
186.103.159.187 - - [07/Sep/2018:10:06:46 -0300] "GET /cormun/servlet/prfichaempleado?,MD,,gxPopupLevel%3D0%3B HTTP/1.1" 200 9276
186.103.159.187 - - [07/Sep/2018:10:06:53 -0300] "POST /cormun/servlet/prfichaempleado?d8a8bf0e05ac2a5413519cf6d65b1917,,MD,,gxPopupLevel%3D0%3B,gx-no-cache=1536329163459 HTTP/1.1" 200 5151
186.79.254.72 - - [07/Sep/2018:10:06:56 -0300] "POST /cormun/servlet/solicitudot?gx-no-cache=1536325540463 HTTP/1.1" 200 20
186.79.254.72 - - [07/Sep/2018:10:06:56 -0300] "POST /cormun/servlet/solicitudot?2382b40ff7c7000b97502ad1234462c8,INS,0,0,,gx-no-cache=1536325540886 HTTP/1.1" 500 10
186.103.159.187 - - [07/Sep/2018:10:07:01 -0300] "POST /cormun/servlet/prfichaempleado?d8a8bf0e05ac2a5413519cf6d65b1917,,MD,,gxPopupLevel%3D0%3B,gx-no-cache=1536329171628 HTTP/1.1" 200 3187
186.103.159.187 - - [07/Sep/2018:10:07:04 -0300] "POST /cormun/servlet/prfichaempleado?d8a8bf0e05ac2a5413519cf6d65b1917,,MD,,gxPopupLevel%3D0%3B,gx-no-cache=1536329174344 HTTP/1.1" 200 5151
186.79.254.72 - - [07/Sep/2018:10:07:19 -0300] "GET /cormun/servlet/hlogin HTTP/1.1" 200 1714
186.103.159.187 - - [07/Sep/2018:10:07:21 -0300] "GET /cormun/servlet/prfichaempleado?,MD,,gxPopupLevel%3D0%3B HTTP/1.1" 200 9276
186.79.254.72 - - [07/Sep/2018:10:07:23 -0300] "POST /cormun/servlet/hlogin?f3935980ee8617e957db3e5216aaf222,gx-no-cache=1536325567441 HTTP/1.1" 200 90
186.79.254.72 - - [07/Sep/2018:10:07:23 -0300] "GET /cormun/servlet/hpexe_link HTTP/1.1" 200 945
186.79.254.72 - - [07/Sep/2018:10:07:23 -0300] "GET /cormun/servlet/hhome HTTP/1.1" 200 3963
186.79.254.72 - - [07/Sep/2018:10:07:24 -0300] "GET /cormun/servlet/hhome HTTP/1.1" 200 3960
186.79.254.72 - - [07/Sep/2018:10:07:27 -0300] "GET /cormun/servlet/trsolicitudot? HTTP/1.1" 200 7172
186.79.254.72 - - [07/Sep/2018:10:07:27 -0300] "GET /cormun/servlet/trsolicitudot? HTTP/1.1" 200 7172
186.79.254.72 - - [07/Sep/2018:10:07:35 -0300] "GET /cormun/servlet/solicitudot?INS,0,0, HTTP/1.1" 200 14645
186.79.254.72 - - [07/Sep/2018:10:07:36 -0300] "GET /cormun/servlet/solicitudot?INS,0,0, HTTP/1.1" 200 14649
186.103.159.187 - - [07/Sep/2018:10:07:41 -0300] "POST /cormun/servlet/prfichaempleado?d8a8bf0e05ac2a5413519cf6d65b1917,,MD,,gxPopupLevel%3D0%3B,gx-no-cache=1536329210587 HTTP/1.1" 200 5873
186.103.159.187 - - [07/Sep/2018:10:07:59 -0300] "POST /cormun/servlet/solicitudot?d8a8bf0e05ac2a5413519cf6d65b1917,INS,0,0,,gx-no-cache=1536329228917 HTTP/1.1" 500 10
186.79.254.72 - - [07/Sep/2018:10:08:04 -0300] "POST /cormun/servlet/solicitudot?gx-no-cache=1536325608654 HTTP/1.1" 200 20
186.79.254.72 - - [07/Sep/2018:10:08:05 -0300] "POST /cormun/servlet/solicitudot?f3935980ee8617e957db3e5216aaf222,INS,0,0,,gx-no-cache=1536325609082 HTTP/1.1" 500 10
186.79.254.72 - - [07/Sep/2018:10:08:05 -0300] "GET /cormun/servlet/solicitudot?6157961a68ba06d97a1507618902e5b2b520712b3c3a2b6a5f4ca77f121c5d32063bea81aa3d889ccae0003187b09d4e,gx-no-cache=1536325609538 HTTP/1.1" 200 20
186.103.159.187 - - [07/Sep/2018:10:08:08 -0300] "GET /cormun/servlet/solicitudot?INS,0,0, HTTP/1.1" 200 14651
186.103.159.187 - - [07/Sep/2018:10:08:10 -0300] "GET /cormun/servlet/solicitudot?INS,0,0, HTTP/1.1" 200 14655
186.103.159.187 - - [07/Sep/2018:10:08:10 -0300] "GET /favicon.ico HTTP/1.1" 200 21630
186.79.254.72 - - [07/Sep/2018:10:08:12 -0300] "GET /cormun/servlet/trsolicitudot? HTTP/1.1" 200 7172
186.79.254.72 - - [07/Sep/2018:10:08:13 -0300] "GET /cormun/servlet/trsolicitudot? HTTP/1.1" 200 7172
186.103.159.187 - - [07/Sep/2018:10:08:13 -0300] "GET /cormun/servlet/prfichaempleado?,MD,,gxPopupLevel%3D0%3B HTTP/1.1" 200 9276
186.79.254.72 - - [07/Sep/2018:10:08:21 -0300] "GET /cormun/servlet/solicitudot?INS,0,0, HTTP/1.1" 200 14646
186.103.159.187 - - [07/Sep/2018:10:08:22 -0300] "POST /cormun/servlet/prfichaempleado?d8a8bf0e05ac2a5413519cf6d65b1917,,MD,,gxPopupLevel%3D0%3B,gx-no-cache=1536329251663 HTTP/1.1" 200 3420
186.79.254.72 - - [07/Sep/2018:10:08:22 -0300] "GET /cormun/servlet/solicitudot?INS,0,0, HTTP/1.1" 200 14651
186.103.159.187 - - [07/Sep/2018:10:08:27 -0300] "POST /cormun/servlet/solicitudot?gx-no-cache=1536329257068 HTTP/1.1" 200 20
186.103.159.187 - - [07/Sep/2018:10:08:27 -0300] "POST /cormun/servlet/solicitudot?d8a8bf0e05ac2a5413519cf6d65b1917,INS,0,0,,gx-no-cache=1536329257201 HTTP/1.1" 500 10
186.103.159.187 - - [07/Sep/2018:10:08:27 -0300] "GET /cormun/servlet/solicitudot?949bf3864506da4a9089fe21016186d5c630793db983a63af48591ffa75add6089fbc73ab2f90fd8974e88cff675cdc3,gx-no-cache=1536329257284 HTTP/1.1" 200 20
186.79.254.72 - - [07/Sep/2018:10:08:41 -0300] "GET /cormun/static/Resources/resize.gif HTTP/1.1" 200 77
186.79.254.72 - - [07/Sep/2018:10:08:41 -0300] "GET /cormun/servlet/prbanco?,MD,,gxPopupLevel%3D0%3B HTTP/1.1" 200 6564
186.79.254.72 - - [07/Sep/2018:10:08:42 -0300] "GET /cormun/static/gxcfg.js?20181161016094 HTTP/1.1" 200 953
186.79.254.72 - - [07/Sep/2018:10:08:42 -0300] "GET /cormun/static/prbanco.js?2018116101633 HTTP/1.1" 200 10693
186.103.159.187 - - [07/Sep/2018:10:08:42 -0300] "GET /cormun/servlet/solicitudot?INS,0,0, HTTP/1.1" 200 14651
186.103.159.187 - - [07/Sep/2018:10:08:43 -0300] "GET /cormun/servlet/solicitudot?INS,0,0, HTTP/1.1" 200 14655
186.103.159.187 - - [07/Sep/2018:10:08:43 -0300] "GET /favicon.ico HTTP/1.1" 200 21630
186.79.254.72 - - [07/Sep/2018:10:08:46 -0300] "POST /cormun/servlet/solicitudot?gx-no-cache=1536325650927 HTTP/1.1" 200 20
186.79.254.72 - - [07/Sep/2018:10:08:47 -0300] "POST /cormun/servlet/solicitudot?f3935980ee8617e957db3e5216aaf222,INS,0,0,,gx-no-cache=1536325651324 HTTP/1.1" 500 10
186.79.254.72 - - [07/Sep/2018:10:08:47 -0300] "GET /cormun/servlet/solicitudot?6157961a68ba06d97a1507618902e5b2b520712b3c3a2b6a5f4ca77f121c5d32063bea81aa3d889ccae0003187b09d4e,gx-no-cache=1536325651747 HTTP/1.1" 200 20
186.79.254.72 - - [07/Sep/2018:10:08:47 -0300] "GET /cormun/servlet/solicitudot?6157961a68ba06d97a1507618902e5b2879349d6989c36c85157ecc0757f21d2,gx-no-cache=1536325651836 HTTP/1.1" 200 20
186.79.254.72 - - [07/Sep/2018:10:08:54 -0300] "GET /cormun/servlet/trsolicitudot? HTTP/1.1" 200 7172
186.79.254.72 - - [07/Sep/2018:10:08:54 -0300] "GET /cormun/servlet/trsolicitudot? HTTP/1.1" 200 7172
186.79.254.72 - - [07/Sep/2018:10:08:57 -0300] "GET /cormun/servlet/solicitudot?INS,0,0, HTTP/1.1" 200 14645
186.79.254.72 - - [07/Sep/2018:10:08:57 -0300] "GET /cormun/servlet/solicitudot?INS,0,0, HTTP/1.1" 200 14649
186.79.254.72 - - [07/Sep/2018:10:09:03 -0300] "POST /cormun/servlet/solicitudot?gx-no-cache=1536325667472 HTTP/1.1" 200 20
186.79.254.72 - - [07/Sep/2018:10:09:03 -0300] "POST /cormun/servlet/solicitudot?f3935980ee8617e957db3e5216aaf222,INS,0,0,,gx-no-cache=1536325667969 HTTP/1.1" 500 10
186.79.254.72 - - [07/Sep/2018:10:09:04 -0300] "GET /cormun/servlet/solicitudot?6157961a68ba06d97a1507618902e5b214ba89e08b1572be68206e0c8651d654,gx-no-cache=1536325668406 HTTP/1.1" 200 20
186.79.254.72 - - [07/Sep/2018:10:09:04 -0300] "GET /cormun/servlet/solicitudot?6157961a68ba06d97a1507618902e5b2879349d6989c36c85157ecc0757f21d2,gx-no-cache=1536325668599 HTTP/1.1" 200 20
186.79.254.72 - - [07/Sep/2018:10:09:35 -0300] "GET /cormun/servlet/hlogin HTTP/1.1" 200 1721
186.79.254.72 - - [07/Sep/2018:10:09:39 -0300] "POST /cormun/servlet/hlogin?bbfff0c82db4c78c9851b87809f1bb0e,gx-no-cache=1536325704100 HTTP/1.1" 200 90
186.79.254.72 - - [07/Sep/2018:10:09:39 -0300] "GET /cormun/servlet/hpexe_link HTTP/1.1" 200 952
186.79.254.72 - - [07/Sep/2018:10:09:40 -0300] "GET /cormun/servlet/hhome HTTP/1.1" 200 3970
186.79.254.72 - - [07/Sep/2018:10:09:40 -0300] "GET /cormun/servlet/hhome HTTP/1.1" 200 3966
186.79.254.72 - - [07/Sep/2018:10:09:47 -0300] "GET /cormun/servlet/trsolicitudot? HTTP/1.1" 200 7180
186.79.254.72 - - [07/Sep/2018:10:09:47 -0300] "GET /cormun/servlet/trsolicitudot? HTTP/1.1" 200 7179
186.79.254.72 - - [07/Sep/2018:10:09:50 -0300] "GET /cormun/servlet/solicitudot?INS,0,0, HTTP/1.1" 200 14652
186.79.254.72 - - [07/Sep/2018:10:09:50 -0300] "GET /cormun/servlet/solicitudot?INS,0,0, HTTP/1.1" 200 14657
186.79.254.72 - - [07/Sep/2018:10:10:14 -0300] "POST /cormun/servlet/solicitudot?gx-no-cache=1536325737785 HTTP/1.1" 200 20
186.79.254.72 - - [07/Sep/2018:10:10:14 -0300] "POST /cormun/servlet/solicitudot?bbfff0c82db4c78c9851b87809f1bb0e,INS,0,0,,gx-no-cache=1536325738663 HTTP/1.1" 500 10
186.79.254.72 - - [07/Sep/2018:10:10:19 -0300] "GET /cormun/servlet/trsolicitudot? HTTP/1.1" 200 7180
186.79.254.72 - - [07/Sep/2018:10:10:20 -0300] "GET /cormun/servlet/trsolicitudot? HTTP/1.1" 200 7179
186.79.254.72 - - [07/Sep/2018:10:10:22 -0300] "GET /cormun/servlet/solicitudot?INS,0,0, HTTP/1.1" 200 14652
186.79.254.72 - - [07/Sep/2018:10:10:23 -0300] "GET /cormun/servlet/solicitudot?INS,0,0, HTTP/1.1" 200 14657
186.79.254.72 - - [07/Sep/2018:10:10:39 -0300] "GET /cormun/servlet/prbanco?,MD,,gxPopupLevel%3D0%3B HTTP/1.1" 200 6571
186.79.254.72 - - [07/Sep/2018:10:10:43 -0300] "POST /cormun/servlet/solicitudot?gx-no-cache=1536325767583 HTTP/1.1" 200 20
186.79.254.72 - - [07/Sep/2018:10:10:43 -0300] "POST /cormun/servlet/solicitudot?bbfff0c82db4c78c9851b87809f1bb0e,INS,0,0,,gx-no-cache=1536325768027 HTTP/1.1" 500 10
186.79.254.72 - - [07/Sep/2018:10:10:44 -0300] "GET /cormun/servlet/solicitudot?fbcf821e57b1615af00fb1f8f804fd612f6e57ea329d367af8266b0e3f04ae9b2d10b52dc95819f0e268e9e105330879,gx-no-cache=1536325768438 HTTP/1.1" 200 20
186.79.254.72 - - [07/Sep/2018:10:10:44 -0300] "GET /cormun/servlet/solicitudot?fbcf821e57b1615af00fb1f8f804fd6144fc2790907584bbd2cfafc55ef06310,gx-no-cache=1536325768559 HTTP/1.1" 200 20
186.79.254.72 - - [07/Sep/2018:10:11:44 -0300] "GET /cormun/servlet/hlogin HTTP/1.1" 200 1717
186.79.254.72 - - [07/Sep/2018:10:11:46 -0300] "POST /cormun/servlet/hlogin?4fd1bda282ece4844fe5c79bf77bf47e,gx-no-cache=1536325830660 HTTP/1.1" 200 90
186.79.254.72 - - [07/Sep/2018:10:11:46 -0300] "GET /cormun/servlet/hpexe_link HTTP/1.1" 200 946
186.79.254.72 - - [07/Sep/2018:10:11:46 -0300] "GET /cormun/servlet/hhome HTTP/1.1" 200 3965
186.79.254.72 - - [07/Sep/2018:10:11:47 -0300] "GET /cormun/servlet/hhome HTTP/1.1" 200 3961
186.79.254.72 - - [07/Sep/2018:10:11:50 -0300] "GET /cormun/servlet/trsolicitudot? HTTP/1.1" 200 7173
186.79.254.72 - - [07/Sep/2018:10:11:50 -0300] "GET /cormun/servlet/trsolicitudot? HTTP/1.1" 200 7172
186.79.254.72 - - [07/Sep/2018:10:11:53 -0300] "GET /cormun/servlet/solicitudot?INS,0,0, HTTP/1.1" 200 14645
186.79.254.72 - - [07/Sep/2018:10:11:54 -0300] "GET /cormun/servlet/solicitudot?INS,0,0, HTTP/1.1" 200 14649
192.168.10.89 - - [07/Sep/2018:10:12:47 -0300] "GET /cormun/servlet/hlogin HTTP/1.1" 200 1719
192.168.10.89 - - [07/Sep/2018:10:12:47 -0300] "GET /cormun/static/gxcfg.js?20177612122725 HTTP/1.1" 200 953
192.168.10.89 - - [07/Sep/2018:10:12:47 -0300] "GET /cormun/static/hlogin.js?20177612122738 HTTP/1.1" 200 2136
192.168.10.89 - - [07/Sep/2018:10:13:04 -0300] "POST /cormun/servlet/hlogin?70a6314a9b097575e84ed2ad3400ab21,gx-no-cache=1536325756805 HTTP/1.1" 200 90
192.168.10.89 - - [07/Sep/2018:10:13:04 -0300] "GET /cormun/servlet/hpexe_link HTTP/1.1" 200 951
192.168.10.89 - - [07/Sep/2018:10:13:04 -0300] "GET /cormun/servlet/hhome HTTP/1.1" 200 4965
192.168.10.89 - - [07/Sep/2018:10:13:04 -0300] "GET /cormun/static/hmpwkw03.js?20189613443875 HTTP/1.1" 200 3965
192.168.10.89 - - [07/Sep/2018:10:13:08 -0300] "GET /cormun/servlet/trsolicitudgral? HTTP/1.1" 200 14588
196.52.43.99 - - [07/Sep/2018:10:13:36 -0300] "GET / HTTP/1.0" 200 11197
192.168.10.89 - - [07/Sep/2018:10:13:44 -0300] "GET /cormun/servlet/hlogin HTTP/1.1" 200 1738
186.67.172.234 - - [07/Sep/2018:10:16:40 -0300] "GET /cormun/servlet/hlogin HTTP/1.1" 200 1737
157.55.39.152 - - [07/Sep/2018:10:16:50 -0300] "GET /cormun/servlet/trlicenciaspermisoslog?18647240,L,20180419000000,_escaped_fragment_%3D HTTP/1.1" 200 5333
186.10.12.250 - - [07/Sep/2018:10:22:28 -0300] "GET /cormun/servlet/hlogin HTTP/1.1" 200 1722
186.10.12.250 - - [07/Sep/2018:10:22:28 -0300] "GET /cormun/static/gxcfg.js?20177612122725 HTTP/1.1" 200 953
186.10.12.250 - - [07/Sep/2018:10:22:28 -0300] "GET /cormun/static/hlogin.js?20177612122738 HTTP/1.1" 200 2136
186.10.12.250 - - [07/Sep/2018:10:22:28 -0300] "GET /cormun/servlet/hlogin HTTP/1.1" 200 1732
186.10.12.250 - - [07/Sep/2018:10:22:29 -0300] "GET /favicon.ico HTTP/1.1" 200 21630
190.151.100.218 - - [07/Sep/2018:10:22:59 -0300] "POST /cormun/servlet/hlogin?98497b8f96fe2d0f9c683d1de778a1bf,gx-no-cache=1536326498690 HTTP/1.1" 200 90
190.151.100.218 - - [07/Sep/2018:10:22:59 -0300] "GET /cormun/servlet/hpexe_link HTTP/1.1" 200 952
190.151.100.218 - - [07/Sep/2018:10:22:59 -0300] "GET /cormun/servlet/hhome HTTP/1.1" 200 4297
186.67.203.186 - - [07/Sep/2018:10:23:00 -0300] "GET /cormun/static/hmpwkw03.js?20189613443875 HTTP/1.1" 200 3965
186.67.203.186 - - [07/Sep/2018:10:23:00 -0300] "GET /cormun/servlet/hhome HTTP/1.1" 200 4293
190.151.100.218 - - [07/Sep/2018:10:24:11 -0300] "GET /cormun/servlet/trpermisosgoce? HTTP/1.1" 200 10926
190.151.100.218 - - [07/Sep/2018:10:24:12 -0300] "GET /cormun/servlet/trpermisosgoce? HTTP/1.1" 200 10924
190.151.100.218 - - [07/Sep/2018:10:24:15 -0300] "GET /cormun/servlet/permisogoce?INS,0,,, HTTP/1.1" 200 7156
190.151.100.218 - - [07/Sep/2018:10:24:15 -0300] "GET /cormun/static/gxcfg.js?201776126440 HTTP/1.1" 200 953
200.72.197.82 - - [07/Sep/2018:10:24:15 -0300] "GET /cormun/static/Resources/prompt.gif HTTP/1.1" 200 902
186.103.132.155 - - [07/Sep/2018:10:24:15 -0300] "GET /cormun/static/permisogoce.js?2017761264459 HTTP/1.1" 200 27897
186.103.132.155 - - [07/Sep/2018:10:24:16 -0300] "GET /cormun/servlet/permisogoce?INS,0,,, HTTP/1.1" 200 7156
186.10.12.250 - - [07/Sep/2018:10:24:23 -0300] "GET /cormun/static/Resources/resize.gif HTTP/1.1" 200 77
186.103.161.206 - - [07/Sep/2018:10:24:23 -0300] "GET /cormun/servlet/prfichaempleado?,MD,,gxPopupLevel%3D0%3B HTTP/1.1" 200 9372
186.10.12.250 - - [07/Sep/2018:10:24:23 -0300] "GET /cormun/static/Resources/PXToolsMenuSearch.png HTTP/1.1" 200 2914
186.103.161.206 - - [07/Sep/2018:10:24:23 -0300] "GET /cormun/static/gxcfg.js?20177612134814 HTTP/1.1" 200 953
186.103.161.206 - - [07/Sep/2018:10:24:24 -0300] "GET /cormun/static/Resources/PXToolsMenuSearchCancel.png HTTP/1.1" 200 2972
186.103.161.206 - - [07/Sep/2018:10:24:24 -0300] "GET /cormun/static/prfichaempleado.js?20177612134999 HTTP/1.1" 200 16006
186.10.12.250 - - [07/Sep/2018:10:24:24 -0300] "GET /cormun/static/hmpwkw011.js?20177612121862 HTTP/1.1" 200 1968
186.10.12.250 - - [07/Sep/2018:10:24:24 -0300] "GET /cormun/static/menusearch.js?201610171694467 HTTP/1.1" 200 1424
186.10.12.250 - - [07/Sep/2018:10:24:33 -0300] "POST /cormun/servlet/prfichaempleado?98497b8f96fe2d0f9c683d1de778a1bf,,MD,,gxPopupLevel%3D0%3B,gx-no-cache=1536326593059 HTTP/1.1" 200 3185
186.10.12.250 - - [07/Sep/2018:10:24:57 -0300] "GET /cormun/servlet/hlogin HTTP/1.1" 200 1726
186.10.12.250 - - [07/Sep/2018:10:24:57 -0300] "GET /cormun/static/gxcfg.js?20177612122725 HTTP/1.1" 304 -
186.10.12.250 - - [07/Sep/2018:10:24:59 -0300] "POST /cormun/servlet/hlogin?8e4cfcb8305cdc693c4029c325e7df0a,gx-no-cache=1536326622532 HTTP/1.1" 200 90
186.10.12.250 - - [07/Sep/2018:10:24:59 -0300] "GET /cormun/servlet/hpexe_link HTTP/1.1" 200 951
186.10.12.250 - - [07/Sep/2018:10:24:59 -0300] "GET /cormun/servlet/hhome HTTP/1.1" 200 4230
186.10.12.250 - - [07/Sep/2018:10:25:00 -0300] "GET /cormun/static/hmpwkw03.js?20189613443875 HTTP/1.1" 304 -
186.10.12.250 - - [07/Sep/2018:10:25:00 -0300] "GET /cormun/servlet/hhome HTTP/1.1" 200 4228
186.10.12.250 - - [07/Sep/2018:10:25:04 -0300] "GET /cormun/servlet/trpermisosgoce? HTTP/1.1" 200 10322
186.10.12.250 - - [07/Sep/2018:10:25:05 -0300] "GET /cormun/servlet/trpermisosgoce? HTTP/1.1" 200 10320
186.10.12.250 - - [07/Sep/2018:10:25:13 -0300] "GET /cormun/servlet/permisogoce?INS,0,,, HTTP/1.1" 200 7073
186.10.12.250 - - [07/Sep/2018:10:25:14 -0300] "GET /cormun/servlet/permisogoce?INS,0,,, HTTP/1.1" 200 7073
186.10.12.250 - - [07/Sep/2018:10:26:00 -0300] "GET /cormun/servlet/permisogoce?305c2cfbdab662ad19f64758a3e7c76551fe3b648ce918f65d67da17518d7a182438f13d1bab974e6728a0b3304a5698ba798510e4bc38a6f85b15a4edc07cdc,gx-no-cache=1536326667652 HTTP/1.1" 200 82
186.10.12.250 - - [07/Sep/2018:10:26:00 -0300] "GET /cormun/servlet/trpermisosgoce? HTTP/1.1" 200 10322
200.72.197.82 - - [07/Sep/2018:10:26:00 -0300] "GET /cormun/static/menuarrow.gif HTTP/1.1" 404 1015
186.10.12.250 - - [07/Sep/2018:10:26:01 -0300] "GET /cormun/servlet/trpermisosgoce? HTTP/1.1" 200 10318
200.72.197.82 - - [07/Sep/2018:10:26:01 -0300] "GET /cormun/servlet/prfichaempleado?,MD,,gxPopupLevel%3D0%3B HTTP/1.1" 200 9307
200.111.122.170 - - [07/Sep/2018:10:26:04 -0300] "GET /cormun/servlet/permisogoce?INS,0,,, HTTP/1.1" 200 7073
200.111.122.170 - - [07/Sep/2018:10:26:04 -0300] "GET /cormun/servlet/permisogoce?INS,0,,, HTTP/1.1" 200 7073
186.103.161.206 - - [07/Sep/2018:10:26:31 -0300] "GET /cormun/servlet/permisogoce?6cb81be44ae8f270c3503d3e0586e8785ae152c66d058f344a2fd0a948fcf82fd97e0fba8bff662729a713b65b1029d8bcebf159c648d74a360d54dfca914df6,gx-no-cache=1536326710786 HTTP/1.1" 200 72
186.103.132.155 - - [07/Sep/2018:10:26:38 -0300] "GET /cormun/servlet/permisogoce?305c2cfbdab662ad19f64758a3e7c76551fe3b648ce918f65d67da17518d7a182438f13d1bab974e6728a0b3304a5698ba798510e4bc38a6f85b15a4edc07cdc,gx-no-cache=1536326702828 HTTP/1.1" 200 82
186.10.12.250 - - [07/Sep/2018:10:26:38 -0300] "GET /cormun/static/menuarrow.gif HTTP/1.1" 404 1015
186.103.132.155 - - [07/Sep/2018:10:26:38 -0300] "GET /cormun/servlet/trpermisosgoce? HTTP/1.1" 200 10321
186.103.132.155 - - [07/Sep/2018:10:26:39 -0300] "GET /cormun/servlet/trpermisosgoce? HTTP/1.1" 200 10321
186.103.132.155 - - [07/Sep/2018:10:26:44 -0300] "GET /cormun/servlet/permisogoce?6cb81be44ae8f270c3503d3e0586e878770de5f93a469be130c3f3e7d01714be5b539d70e590a6ea22a4720949c6c1e2a960919ff3b685c63e26f96a181a20b2,gx-no-cache=1536326723983 HTTP/1.1" 200 47
186.103.132.155 - - [07/Sep/2018:10:26:54 -0300] "POST /cormun/servlet/permisogoce?98497b8f96fe2d0f9c683d1de778a1bf,INS,0,,,,gx-no-cache=1536326732959 HTTP/1.1" 200 93
186.103.132.155 - - [07/Sep/2018:10:26:54 -0300] "GET /cormun/servlet/hpexe_return? HTTP/1.1" 200 1010
186.103.132.155 - - [07/Sep/2018:10:26:54 -0300] "GET /cormun/servlet/trpermisosgoce HTTP/1.1" 200 11197
186.103.132.155 - - [07/Sep/2018:10:26:55 -0300] "GET /cormun/servlet/trpermisosgoce HTTP/1.1" 200 11175
186.10.12.250 - - [07/Sep/2018:10:26:56 -0300] "GET /cormun/servlet/permisogoce?INS,0,,, HTTP/1.1" 200 7073
186.10.12.250 - - [07/Sep/2018:10:26:57 -0300] "GET /cormun/servlet/permisogoce?INS,0,,, HTTP/1.1" 200 7073
186.67.172.234 - - [07/Sep/2018:10:26:57 -0300] "GET /cormun/servlet/hlogin HTTP/1.1" 200 1723
186.67.172.234 - - [07/Sep/2018:10:26:58 -0300] "GET /cormun/static/gxcfg.js?20177612122725 HTTP/1.1" 200 953
186.67.172.234 - - [07/Sep/2018:10:26:58 -0300] "GET /cormun/static/hlogin.js?20177612122738 HTTP/1.1" 200 2136
186.67.172.234 - - [07/Sep/2018:10:26:58 -0300] "GET /cormun/servlet/hlogin HTTP/1.1" 200 1734
200.72.197.82 - - [07/Sep/2018:10:27:03 -0300] "GET /cormun/servlet/apermisogoceprn?14554224,P,20180907102028,PU HTTP/1.1" 200 1641
186.67.172.234 - - [07/Sep/2018:10:27:06 -0300] "POST /cormun/servlet/hlogin?8f6404a12a24ddc6961b2d835a67a228,gx-no-cache=1536326745894 HTTP/1.1" 200 90
186.67.172.234 - - [07/Sep/2018:10:27:06 -0300] "GET /cormun/servlet/hpexe_link HTTP/1.1" 200 952
186.67.172.234 - - [07/Sep/2018:10:27:06 -0300] "GET /cormun/servlet/hhome HTTP/1.1" 200 4331
186.67.172.234 - - [07/Sep/2018:10:27:07 -0300] "GET /cormun/static/hmpwkw03.js?20189613443875 HTTP/1.1" 200 3965
186.67.172.234 - - [07/Sep/2018:10:27:07 -0300] "GET /cormun/servlet/hhome HTTP/1.1" 200 4328
186.10.12.250 - - [07/Sep/2018:10:27:09 -0300] "GET /cormun/servlet/permisogoce?305c2cfbdab662ad19f64758a3e7c76551fe3b648ce918f65d67da17518d7a182438f13d1bab974e6728a0b3304a5698ba798510e4bc38a6f85b15a4edc07cdc,gx-no-cache=1536326752521 HTTP/1.1" 200 82
186.10.12.250 - - [07/Sep/2018:10:27:12 -0300] "GET /cormun/static/menuarrow.gif HTTP/1.1" 404 1015
186.67.172.234 - - [07/Sep/2018:10:27:15 -0300] "GET /cormun/servlet/trsolicitudot? HTTP/1.1" 200 8914
186.67.172.234 - - [07/Sep/2018:10:27:15 -0300] "GET /cormun/servlet/trsolicitudot? HTTP/1.1" 200 8912
186.67.172.234 - - [07/Sep/2018:10:27:18 -0300] "GET /cormun/servlet/solicitudot?INS,0,0, HTTP/1.1" 200 14998
186.67.172.234 - - [07/Sep/2018:10:27:18 -0300] "GET /cormun/static/gxcfg.js?2018371111666 HTTP/1.1" 200 953
186.10.12.250 - - [07/Sep/2018:10:27:18 -0300] "GET /cormun/servlet/permisogoce?305c2cfbdab662ad19f64758a3e7c76576aca8a9f3aa7438407aa82f44dce66f1f26f60870d8bbb72429d2440ea16f177d4856b39181ef2231d5caa232a9dbc4,gx-no-cache=1536326761650 HTTP/1.1" 200 47
186.67.172.234 - - [07/Sep/2018:10:27:18 -0300] "GET /cormun/static/solicitudot.js?201837111193 HTTP/1.1" 200 72045
186.67.172.234 - - [07/Sep/2018:10:27:19 -0300] "GET /cormun/servlet/solicitudot?INS,0,0, HTTP/1.1" 200 15003
186.10.12.250 - - [07/Sep/2018:10:27:21 -0300] "POST /cormun/servlet/permisogoce?8e4cfcb8305cdc693c4029c325e7df0a,INS,0,,,,gx-no-cache=1536326763766 HTTP/1.1" 200 93
186.10.12.250 - - [07/Sep/2018:10:27:21 -0300] "GET /cormun/servlet/hpexe_return? HTTP/1.1" 200 1011
186.10.12.250 - - [07/Sep/2018:10:27:22 -0300] "GET /cormun/servlet/trpermisosgoce HTTP/1.1" 200 10591
186.10.12.250 - - [07/Sep/2018:10:27:22 -0300] "GET /cormun/servlet/trpermisosgoce HTTP/1.1" 200 10584
200.111.122.170 - - [07/Sep/2018:10:27:25 -0300] "GET /cormun/servlet/apermisogoceprn?16925386,P,20180907102309,PU HTTP/1.1" 200 1672
186.67.172.234 - - [07/Sep/2018:10:27:56 -0300] "POST /cormun/servlet/solicitudot?gx-no-cache=1536326795428 HTTP/1.1" 200 20
186.67.172.234 - - [07/Sep/2018:10:27:56 -0300] "POST /cormun/servlet/solicitudot?8f6404a12a24ddc6961b2d835a67a228,INS,0,0,,gx-no-cache=1536326795566 HTTP/1.1" 500 10
186.67.172.234 - - [07/Sep/2018:10:28:06 -0300] "GET /cormun/servlet/hlogin HTTP/1.1" 200 1723
186.67.172.234 - - [07/Sep/2018:10:28:14 -0300] "POST /cormun/servlet/hlogin?8f6404a12a24ddc6961b2d835a67a228,gx-no-cache=1536326813926 HTTP/1.1" 200 90
186.67.172.234 - - [07/Sep/2018:10:28:14 -0300] "GET /cormun/servlet/hpexe_link HTTP/1.1" 200 964
186.67.172.234 - - [07/Sep/2018:10:28:14 -0300] "GET /cormun/servlet/solicitudot?INS,0,0, HTTP/1.1" 200 14999
186.67.172.234 - - [07/Sep/2018:10:28:15 -0300] "GET /cormun/servlet/solicitudot?INS,0,0, HTTP/1.1" 200 15003
186.67.172.234 - - [07/Sep/2018:10:28:29 -0300] "POST /cormun/servlet/solicitudot?gx-no-cache=1536326828896 HTTP/1.1" 200 20
186.67.172.234 - - [07/Sep/2018:10:28:29 -0300] "POST /cormun/servlet/solicitudot?8f6404a12a24ddc6961b2d835a67a228,INS,0,0,,gx-no-cache=1536326829027 HTTP/1.1" 500 10
186.103.159.189 - - [07/Sep/2018:10:30:00 -0300] "GET /cormun/servlet/hlogin HTTP/1.1" 200 1721
186.103.159.189 - - [07/Sep/2018:10:30:00 -0300] "GET /cormun/static/gxtimezone.js?85251 HTTP/1.1" 200 5781
186.103.159.189 - - [07/Sep/2018:10:30:00 -0300] "GET /cormun/static/Resources/ComunLogin.png HTTP/1.1" 200 17326
186.103.159.189 - - [07/Sep/2018:10:30:00 -0300] "GET /cormun/static/messages.spa.js?85251 HTTP/1.1" 200 30736
186.103.159.189 - - [07/Sep/2018:10:30:00 -0300] "GET /cormun/static/Resources/Spanish/PXTools.css?1155365 HTTP/1.1" 200 89042
186.103.159.189 - - [07/Sep/2018:10:30:00 -0300] "GET /cormun/static/hlogin.js?20177612122738 HTTP/1.1" 200 2136
186.103.159.189 - - [07/Sep/2018:10:30:01 -0300] "GET /cormun/static/gxgral.js?85251 HTTP/1.1" 200 384558
186.103.159.189 - - [07/Sep/2018:10:30:01 -0300] "GET /cormun/static/gxcfg.js?20177612122725 HTTP/1.1" 200 953
