201.215.248.34 - - [05/Sep/2018:09:24:35 -0300] "GET /cormun/servlet/solicitudot?a19ff7bf1cd7877bc047286b5f751f685eb7b3bea77eb243a7afb4076ab0eb333aac7ae9c843b087c6d71f5534c1299a806a6dc15a558d17c09cb7c9397174b8,gx-no-cache=1536150197338 HTTP/1.1" 200 30
201.215.248.34 - - [05/Sep/2018:09:24:35 -0300] "GET /cormun/servlet/solicitudot?a19ff7bf1cd7877bc047286b5f751f681c760a2855164be824e96c54533f23b473ff02f7ee23d5f5289c56e48ce4cf2a03672f049776b9b3c703af1cc80dfd1e,gx-no-cache=1536150197414 HTTP/1.1" 200 53
201.215.248.34 - - [05/Sep/2018:09:24:36 -0300] "POST /cormun/servlet/solicitudot?gx-no-cache=1536150197755 HTTP/1.1" 200 254
201.215.248.34 - - [05/Sep/2018:09:24:36 -0300] "GET /cormun/servlet/solicitudot?a19ff7bf1cd7877bc047286b5f751f6838037607bec24472cc49681b0d70ced1bdd75d1172156546333c81474e16bad172a44fb86aeef737dd704a2223f72ae8d8a37f9e2ccc46a64366b123dcae50f69711516e4fe933ecb2226ebc9013ee16e57e28512855f3d883f403d4aa065a67e855a9253b72f476f218671ed3d07a56263321f9658169a81da82067326b78af6b0b5e74b5a1bb6ba96319763fc67bd03bf978555b2a22a954e49d70005e93be079368960b4e51a29e7ea48b3646cedd775ad7ed0f4715f6747e5f0428c7be13a2e0fb3e90b633f39adcf0082a9f41d347959a666960dc5e9ccc7beaf33491fbe7f0967c1f6dc94b6fb9bfc0d74329b4691af9452c48c82e1c40d2c2692557596f01ffdaebdd90cba86ae113e38a99259bfd750ae12306f44e826a664a2f2849687ac237c59b530563fe5d53b2627fc0d6e4bdc1587870fc9c45493d8729cde5d2d3634cda76017d68d4e8ad5220a250975192a9509c09d79a4184a87aad211427317361815c688fd61625ec9aef869e,gx-no-cache=1536150197840 HTTP/1.1" 200 30
201.215.248.34 - - [05/Sep/2018:09:24:36 -0300] "POST /cormun/servlet/solicitudot?gx-no-cache=1536150198167 HTTP/1.1" 200 30
186.103.159.182 - - [05/Sep/2018:09:24:37 -0300] "POST /cormun/servlet/trcontratosolicitud?4a5e8ea006835d758da696631c5da2dc,,gx-no-cache=1536150198955 HTTP/1.1" 200 5141
201.215.248.34 - - [05/Sep/2018:09:24:37 -0300] "POST /cormun/servlet/solicitudot?gx-no-cache=1536150198802 HTTP/1.1" 200 1374
201.215.248.34 - - [05/Sep/2018:09:24:37 -0300] "POST /cormun/servlet/solicitudot?gx-no-cache=1536150198909 HTTP/1.1" 200 41
201.215.248.34 - - [05/Sep/2018:09:24:38 -0300] "GET /cormun/servlet/solicitudot?a19ff7bf1cd7877bc047286b5f751f685e48441595d3544403b3110f449c0c23c7d9fa0b2edd0013e88dcd97d9bd177f091244d1060d16eb9991ea0dfbb25a09784581346b8785efe67a3820eabf271b07abac9982337162888c217c3eb9588d3b1d6e325b53e00c00ecc6d713751a989b79eaf16a10260cde4dd0214ca4a889d39e5b5aa0cce62f9d907646d0ae8a5b183b78ddeb75c1c9aca5faf9446ad796,gx-no-cache=1536150200490 HTTP/1.1" 200 29
201.215.248.34 - - [05/Sep/2018:09:24:39 -0300] "POST /cormun/servlet/solicitudot?gx-no-cache=1536150200582 HTTP/1.1" 200 1357
201.215.248.34 - - [05/Sep/2018:09:24:39 -0300] "POST /cormun/servlet/solicitudot?gx-no-cache=1536150200687 HTTP/1.1" 200 1257
201.215.248.34 - - [05/Sep/2018:09:24:39 -0300] "GET /cormun/servlet/solicitudot?a19ff7bf1cd7877bc047286b5f751f6835d0645ad720d6d545923eeb641c2c731ca7e5bfe00f5da6c9b2680f828a8f9f,gx-no-cache=1536150200813 HTTP/1.1" 200 30
201.215.248.34 - - [05/Sep/2018:09:24:39 -0300] "GET /cormun/static/menuarrow.gif HTTP/1.1" 404 1015
201.215.248.34 - - [05/Sep/2018:09:24:42 -0300] "POST /cormun/servlet/solicitudot?gx-no-cache=1536150203769 HTTP/1.1" 200 1357
201.215.248.34 - - [05/Sep/2018:09:24:42 -0300] "POST /cormun/servlet/solicitudot?gx-no-cache=1536150203898 HTTP/1.1" 200 1257
201.215.248.34 - - [05/Sep/2018:09:24:45 -0300] "POST /cormun/servlet/solicitudot?gx-no-cache=1536150207109 HTTP/1.1" 200 30
201.215.248.34 - - [05/Sep/2018:09:24:46 -0300] "POST /cormun/servlet/solicitudot?5b2ca529e58e3abdf671ec744f83a42c,UPD,2018,12137,,gx-no-cache=1536150207466 HTTP/1.1" 200 93
201.215.248.34 - - [05/Sep/2018:09:24:46 -0300] "GET /cormun/servlet/hpexe_return? HTTP/1.1" 200 1012
201.215.248.34 - - [05/Sep/2018:09:24:47 -0300] "GET /cormun/servlet/trsolicitudot HTTP/1.1" 200 8812
201.215.248.34 - - [05/Sep/2018:09:24:48 -0300] "GET /cormun/servlet/trsolicitudot HTTP/1.1" 200 8809
186.79.78.140 - - [05/Sep/2018:09:24:53 -0300] "GET /cormun/servlet/vesolicitudot?2018,12137,, HTTP/1.1" 200 8608
201.215.248.34 - - [05/Sep/2018:09:24:56 -0300] "GET /cormun/static/gxcfg.js?2017111422591385 HTTP/1.1" 200 953
186.67.164.142 - - [05/Sep/2018:09:24:59 -0300] "POST /cormun/servlet/solicitudot?gx-no-cache=1536150220258 HTTP/1.1" 200 1357
186.67.164.142 - - [05/Sep/2018:09:24:59 -0300] "POST /cormun/servlet/solicitudot?gx-no-cache=1536150220430 HTTP/1.1" 200 1258
186.67.164.142 - - [05/Sep/2018:09:24:59 -0300] "GET /cormun/servlet/solicitudot?56b3bcf9141657f3faba31a29cac33f3b52167cdcc427370d5e086fba1986021c2a8ea965ba6fcf3065179fa7083f52e,gx-no-cache=1536150220491 HTTP/1.1" 200 30
186.67.164.142 - - [05/Sep/2018:09:24:59 -0300] "POST /cormun/servlet/solicitudot?gx-no-cache=1536150220529 HTTP/1.1" 200 30
186.67.164.142 - - [05/Sep/2018:09:25:00 -0300] "POST /cormun/servlet/solicitudot?a802fcb071b419987f49f9c8aeadc1fa,UPD,2018,12138,,gx-no-cache=1536150220569 HTTP/1.1" 200 93
186.67.164.142 - - [05/Sep/2018:09:25:00 -0300] "GET /cormun/servlet/hpexe_return? HTTP/1.1" 200 1013
186.67.164.142 - - [05/Sep/2018:09:25:00 -0300] "GET /cormun/servlet/trsolicitudot HTTP/1.1" 200 11287
201.215.248.34 - - [05/Sep/2018:09:25:00 -0300] "GET /cormun/pexe_scrolldiv.js HTTP/1.1" 404 1009
201.215.248.34 - - [05/Sep/2018:09:25:00 -0300] "GET /cormun/static/Resources/PXToolsTabFirstSelected.png HTTP/1.1" 200 1259
201.215.248.34 - - [05/Sep/2018:09:25:00 -0300] "GET /cormun/static/Resources/PXToolsTabLastUnselected.png HTTP/1.1" 200 1291
186.79.78.140 - - [05/Sep/2018:09:25:00 -0300] "GET /cormun/static/Resources/PXToolsTabPrevious.gif HTTP/1.1" 200 172
201.215.248.34 - - [05/Sep/2018:09:25:00 -0300] "GET /cormun/static/Resources/PXToolsTabNext.gif HTTP/1.1" 200 168
186.67.164.142 - - [05/Sep/2018:09:25:01 -0300] "GET /cormun/servlet/trsolicitudot HTTP/1.1" 200 11283
201.215.248.34 - - [05/Sep/2018:09:25:01 -0300] "GET /cormun/static/hpexe_tabsview.js?201610171694228 HTTP/1.1" 200 1661
186.79.78.140 - - [05/Sep/2018:09:25:01 -0300] "GET /cormun/static/hwcviewtabs.js?20177611594913 HTTP/1.1" 200 1074
201.215.248.34 - - [05/Sep/2018:09:25:01 -0300] "GET /cormun/static/tbsolicitudot01.js?2017111422581186 HTTP/1.1" 200 30566
186.79.78.140 - - [05/Sep/2018:09:25:01 -0300] "GET /cormun/static/vesolicitudot.js?2017111422591449 HTTP/1.1" 200 6091
186.79.78.140 - - [05/Sep/2018:09:25:02 -0300] "GET /cormun/static/calendar-system.css HTTP/1.1" 200 5572
201.215.248.34 - - [05/Sep/2018:09:25:02 -0300] "GET /cormun/static/Resources/PXToolsTabBackSelected.png HTTP/1.1" 200 1157
186.79.78.140 - - [05/Sep/2018:09:25:02 -0300] "GET /cormun/static/Resources/PXToolsTabBackUnselected.png HTTP/1.1" 200 1175
201.215.248.34 - - [05/Sep/2018:09:25:02 -0300] "GET /cormun/static/Resources/PXToolsTabSelectedUnselected.png HTTP/1.1" 200 1428
201.215.248.34 - - [05/Sep/2018:09:25:02 -0300] "GET /cormun/servlet/vesolicitudot?2018,12137,, HTTP/1.1" 200 8607
201.215.248.34 - - [05/Sep/2018:09:25:02 -0300] "GET /cormun/static/Resources/PXToolsTabUnselectedUnselected.png HTTP/1.1" 200 1459
186.67.164.142 - - [05/Sep/2018:09:25:05 -0300] "POST /cormun/servlet/trsolicitudot?a802fcb071b419987f49f9c8aeadc1fa,gx-no-cache=1536150226378 HTTP/1.1" 200 8653
186.67.164.142 - - [05/Sep/2018:09:25:05 -0300] "GET /cormun/static/Shared/jqueryui/images/ui-bg_highlight-soft_100_c6c2c8_1x100.png HTTP/1.1" 404 1117
186.67.164.142 - - [05/Sep/2018:09:25:05 -0300] "GET /cormun/static/Shared/jqueryui/images/ui-icons_82798d_256x240.png HTTP/1.1" 404 1089
186.67.164.142 - - [05/Sep/2018:09:25:05 -0300] "GET /cormun/static/Shared/jqueryui/images/ui-icons_8d78a5_256x240.png HTTP/1.1" 404 1089
186.67.164.142 - - [05/Sep/2018:09:25:05 -0300] "GET /cormun/static/Shared/jqueryui/images/ui-bg_flat_55_fafafa_40x100.png HTTP/1.1" 404 1097
201.215.248.34 - - [05/Sep/2018:09:25:38 -0300] "POST /cormun/servlet/vesolicitudot?5b2ca529e58e3abdf671ec744f83a42c,2018,12137,,,gx-no-cache=1536150259333 HTTP/1.1" 200 90
201.215.248.34 - - [05/Sep/2018:09:25:38 -0300] "GET /cormun/servlet/hpexe_link HTTP/1.1" 200 963
201.215.248.34 - - [05/Sep/2018:09:25:38 -0300] "GET /cormun/servlet/trsolicitudot HTTP/1.1" 200 8809
201.215.248.34 - - [05/Sep/2018:09:25:40 -0300] "GET /cormun/servlet/trsolicitudot HTTP/1.1" 200 8809
201.215.248.34 - - [05/Sep/2018:09:25:43 -0300] "POST /cormun/servlet/trsolicitudot?5b2ca529e58e3abdf671ec744f83a42c,gx-no-cache=1536150264564 HTTP/1.1" 200 106
201.215.248.34 - - [05/Sep/2018:09:25:43 -0300] "GET /cormun/servlet/solicitudot?UPD,2018,12137, HTTP/1.1" 200 15512
201.215.248.34 - - [05/Sep/2018:09:25:44 -0300] "GET /cormun/servlet/solicitudot?UPD,2018,12137, HTTP/1.1" 200 15521
186.79.78.140 - - [05/Sep/2018:09:25:45 -0300] "POST /cormun/servlet/solicitudot?gx-no-cache=1536150266687 HTTP/1.1" 200 3393
186.79.78.140 - - [05/Sep/2018:09:25:46 -0300] "POST /cormun/servlet/solicitudot?5b2ca529e58e3abdf671ec744f83a42c,UPD,2018,12137,,gx-no-cache=1536150267365 HTTP/1.1" 200 11777
186.79.78.140 - - [05/Sep/2018:09:25:46 -0300] "GET /cormun/servlet/solicitudot?a19ff7bf1cd7877bc047286b5f751f68a89765f6f0f653bfd1b173ae53020e3c7308a6dc782ffa90b9c09d1b6b57f684,gx-no-cache=1536150268395 HTTP/1.1" 200 30
186.79.78.140 - - [05/Sep/2018:09:25:47 -0300] "GET /cormun/servlet/solicitudot?a19ff7bf1cd7877bc047286b5f751f685eb7b3bea77eb243a7afb4076ab0eb333aac7ae9c843b087c6d71f5534c1299a806a6dc15a558d17c09cb7c9397174b8,gx-no-cache=1536150268591 HTTP/1.1" 200 30
186.79.78.140 - - [05/Sep/2018:09:25:47 -0300] "GET /cormun/servlet/solicitudot?a19ff7bf1cd7877bc047286b5f751f681c760a2855164be824e96c54533f23b473ff02f7ee23d5f5289c56e48ce4cf2a03672f049776b9b3c703af1cc80dfd1e,gx-no-cache=1536150268816 HTTP/1.1" 200 53
186.79.78.140 - - [05/Sep/2018:09:25:47 -0300] "POST /cormun/servlet/solicitudot?gx-no-cache=1536150269077 HTTP/1.1" 200 254
186.79.78.140 - - [05/Sep/2018:09:25:47 -0300] "GET /cormun/servlet/solicitudot?a19ff7bf1cd7877bc047286b5f751f6838037607bec24472cc49681b0d70ced1bdd75d1172156546333c81474e16bad172a44fb86aeef737dd704a2223f72ae8d8a37f9e2ccc46a64366b123dcae50f69711516e4fe933ecb2226ebc9013ee16e57e28512855f3d883f403d4aa065a67e855a9253b72f476f218671ed3d07a56263321f9658169a81da82067326b78af6b0b5e74b5a1bb6ba96319763fc67bd03bf978555b2a22a954e49d70005e93be079368960b4e51a29e7ea48b3646cedd775ad7ed0f4715f6747e5f0428c7be13a2e0fb3e90b633f39adcf0082a9f41d347959a666960dc5e9ccc7beaf33491fbe7f0967c1f6dc94b6fb9bfc0d74329b4691af9452c48c82e1c40d2c2692557596f01ffdaebdd90cba86ae113e38a99259bfd750ae12306f44e826a664a2f2849687ac237c59b530563fe5d53b2627fc0d6e4bdc1587870fc9c45493d8729cde5d2d3634cda76017d68d4e8ad5220a250975192a9509c09d79a4184a87aad211427317361815c688fd61625ec9aef869e,gx-no-cache=1536150269366 HTTP/1.1" 200 30
186.79.78.140 - - [05/Sep/2018:09:25:48 -0300] "POST /cormun/servlet/solicitudot?gx-no-cache=1536150270186 HTTP/1.1" 200 30
186.79.78.140 - - [05/Sep/2018:09:25:49 -0300] "POST /cormun/servlet/solicitudot?gx-no-cache=1536150270412 HTTP/1.1" 200 1374
186.79.78.140 - - [05/Sep/2018:09:25:49 -0300] "POST /cormun/servlet/solicitudot?gx-no-cache=1536150270669 HTTP/1.1" 200 41
186.79.78.140 - - [05/Sep/2018:09:25:50 -0300] "GET /cormun/servlet/solicitudot?a19ff7bf1cd7877bc047286b5f751f685e48441595d3544403b3110f449c0c23c7d9fa0b2edd0013e88dcd97d9bd177f091244d1060d16eb9991ea0dfbb25a09784581346b8785efe67a3820eabf271b07abac9982337162888c217c3eb9588d3b1d6e325b53e00c00ecc6d713751a989b79eaf16a10260cde4dd0214ca4a889d39e5b5aa0cce62f9d907646d0ae8a5b183b78ddeb75c1c9aca5faf9446ad796,gx-no-cache=1536150272186 HTTP/1.1" 200 29
186.79.78.140 - - [05/Sep/2018:09:25:50 -0300] "POST /cormun/servlet/solicitudot?gx-no-cache=1536150272343 HTTP/1.1" 200 1357
186.79.78.140 - - [05/Sep/2018:09:25:51 -0300] "POST /cormun/servlet/solicitudot?gx-no-cache=1536150272578 HTTP/1.1" 200 1257
186.79.78.140 - - [05/Sep/2018:09:25:51 -0300] "GET /cormun/servlet/solicitudot?a19ff7bf1cd7877bc047286b5f751f6835d0645ad720d6d545923eeb641c2c731ca7e5bfe00f5da6c9b2680f828a8f9f,gx-no-cache=1536150272785 HTTP/1.1" 200 30
186.79.78.140 - - [05/Sep/2018:09:25:51 -0300] "POST /cormun/servlet/solicitudot?gx-no-cache=1536150272956 HTTP/1.1" 200 30
186.79.78.140 - - [05/Sep/2018:09:26:01 -0300] "POST /cormun/servlet/solicitudot?5b2ca529e58e3abdf671ec744f83a42c,UPD,2018,12137,,gx-no-cache=1536150282072 HTTP/1.1" 200 93
186.79.78.140 - - [05/Sep/2018:09:26:01 -0300] "GET /cormun/servlet/hpexe_return? HTTP/1.1" 200 1012
186.79.78.140 - - [05/Sep/2018:09:26:01 -0300] "GET /cormun/servlet/trsolicitudot HTTP/1.1" 200 8812
186.79.78.140 - - [05/Sep/2018:09:26:03 -0300] "GET /cormun/servlet/trsolicitudot HTTP/1.1" 200 8809
186.79.78.140 - - [05/Sep/2018:09:26:05 -0300] "GET /cormun/servlet/vesolicitudot?2018,12137,, HTTP/1.1" 200 8608
186.79.78.140 - - [05/Sep/2018:09:26:05 -0300] "GET /cormun/pexe_scrolldiv.js HTTP/1.1" 404 1009
186.79.78.140 - - [05/Sep/2018:09:26:06 -0300] "GET /cormun/servlet/vesolicitudot?2018,12137,, HTTP/1.1" 200 8608
186.103.157.235 - - [05/Sep/2018:09:26:23 -0300] "GET /cormun/servlet/hlogin HTTP/1.1" 200 1722
186.103.159.182 - - [05/Sep/2018:09:26:32 -0300] "POST /cormun/servlet/trcontratosolicitud?4a5e8ea006835d758da696631c5da2dc,,gx-no-cache=1536150314185 HTTP/1.1" 200 5118
186.79.78.140 - - [05/Sep/2018:09:26:48 -0300] "POST /cormun/servlet/vesolicitudot?5b2ca529e58e3abdf671ec744f83a42c,2018,12137,,,gx-no-cache=1536150329805 HTTP/1.1" 200 90
186.79.78.140 - - [05/Sep/2018:09:26:49 -0300] "GET /cormun/servlet/hpexe_link HTTP/1.1" 200 963
186.79.78.140 - - [05/Sep/2018:09:26:49 -0300] "GET /cormun/servlet/trsolicitudot HTTP/1.1" 200 8809
186.79.78.140 - - [05/Sep/2018:09:26:50 -0300] "GET /cormun/servlet/trsolicitudot HTTP/1.1" 200 8809
200.72.197.82 - - [05/Sep/2018:09:26:53 -0300] "GET /cormun/servlet/hlogin HTTP/1.1" 200 1715
200.72.197.82 - - [05/Sep/2018:09:26:54 -0300] "POST /cormun/servlet/hlogin?4646781bce4269c344c12c48e0ad0934,gx-no-cache=1536150334577 HTTP/1.1" 200 90
200.72.197.82 - - [05/Sep/2018:09:26:55 -0300] "GET /cormun/servlet/hpexe_link HTTP/1.1" 200 947
201.215.248.34 - - [05/Sep/2018:09:26:55 -0300] "POST /cormun/servlet/trsolicitudot?5b2ca529e58e3abdf671ec744f83a42c,gx-no-cache=1536150336480 HTTP/1.1" 200 6079
200.72.197.82 - - [05/Sep/2018:09:26:55 -0300] "GET /cormun/servlet/hhome HTTP/1.1" 200 3994
201.215.248.34 - - [05/Sep/2018:09:26:55 -0300] "GET /cormun/static/Shared/jqueryui/images/ui-bg_highlight-soft_100_c6c2c8_1x100.png HTTP/1.1" 404 1117
201.215.248.34 - - [05/Sep/2018:09:26:55 -0300] "GET /cormun/static/Shared/jqueryui/images/ui-icons_82798d_256x240.png HTTP/1.1" 404 1089
201.215.248.34 - - [05/Sep/2018:09:26:55 -0300] "GET /cormun/static/Shared/jqueryui/images/ui-bg_flat_55_fafafa_40x100.png HTTP/1.1" 404 1097
201.215.248.34 - - [05/Sep/2018:09:26:55 -0300] "GET /cormun/static/Shared/jqueryui/images/ui-icons_8d78a5_256x240.png HTTP/1.1" 404 1089
200.72.197.82 - - [05/Sep/2018:09:26:55 -0300] "GET /cormun/servlet/hhome HTTP/1.1" 200 3990
200.72.197.82 - - [05/Sep/2018:09:27:01 -0300] "GET /cormun/servlet/trlicencias? HTTP/1.1" 200 11430
200.72.197.82 - - [05/Sep/2018:09:27:02 -0300] "GET /cormun/servlet/trlicencias? HTTP/1.1" 200 11428
201.215.248.34 - - [05/Sep/2018:09:27:39 -0300] "POST /cormun/servlet/trsolicitudot?5b2ca529e58e3abdf671ec744f83a42c,gx-no-cache=1536150380612 HTTP/1.1" 200 107
201.215.248.34 - - [05/Sep/2018:09:27:39 -0300] "GET /cormun/servlet/trsolicitudadjuntos?2018,12137, HTTP/1.1" 200 6332
201.215.248.34 - - [05/Sep/2018:09:27:39 -0300] "GET /cormun/static/gxcfg.js?20177612135366 HTTP/1.1" 200 953
201.215.248.34 - - [05/Sep/2018:09:27:39 -0300] "GET /cormun/static/trsolicitudadjuntos.js?20177612135632 HTTP/1.1" 200 17922
201.215.248.34 - - [05/Sep/2018:09:27:40 -0300] "GET /cormun/servlet/trsolicitudadjuntos?2018,12137, HTTP/1.1" 200 6332
201.215.248.34 - - [05/Sep/2018:09:27:43 -0300] "GET /cormun/servlet/solicitudotadjuntos?INS,2018,12137,,1, HTTP/1.1" 200 6280
201.215.248.34 - - [05/Sep/2018:09:27:43 -0300] "GET /cormun/static/gxcfg.js?2017761244068 HTTP/1.1" 200 953
201.215.248.34 - - [05/Sep/2018:09:27:43 -0300] "GET /cormun/static/solicitudotadjuntos.js?2017761244086 HTTP/1.1" 200 11771
201.215.248.34 - - [05/Sep/2018:09:27:43 -0300] "GET /cormun/static/about:blank HTTP/1.1" 404 1011
201.215.248.34 - - [05/Sep/2018:09:27:44 -0300] "GET /cormun/servlet/solicitudotadjuntos?INS,2018,12137,,1, HTTP/1.1" 200 6274
201.215.248.34 - - [05/Sep/2018:09:27:45 -0300] "GET /cormun/servlet/solicitudotadjuntos?a19ff7bf1cd7877bc047286b5f751f686da1d16b20ae61c5f23fcbfd3074f06942d78d7291d67f690e09f3a77b4afcd2,gx-no-cache=1536150386681 HTTP/1.1" 200 30
201.215.248.34 - - [05/Sep/2018:09:27:45 -0300] "POST /cormun/servlet/solicitudotadjuntos?5b2ca529e58e3abdf671ec744f83a42c,INS,2018,12137,,1,,gx-no-cache=1536150387092 HTTP/1.1" 200 4022
201.215.248.34 - - [05/Sep/2018:09:27:48 -0300] "POST /cormun/servlet/solicitudotadjuntos?gx-no-cache=1536150390292 HTTP/1.1" 200 26
201.215.248.34 - - [05/Sep/2018:09:28:02 -0300] "GET /cormun/servlet/solicitudotadjuntos?a19ff7bf1cd7877bc047286b5f751f6830fbf4592797d8a480744a99be929c12,gx-no-cache=1536150403733 HTTP/1.1" 200 30
201.215.248.34 - - [05/Sep/2018:09:28:02 -0300] "GET /cormun/servlet/solicitudotadjuntos?a19ff7bf1cd7877bc047286b5f751f6830fbf4592797d8a480744a99be929c12,gx-no-cache=1536150403782 HTTP/1.1" 200 30
201.215.248.34 - - [05/Sep/2018:09:28:02 -0300] "POST /cormun/servlet/solicitudotadjuntos?5b2ca529e58e3abdf671ec744f83a42c,INS,2018,12137,,1, HTTP/1.1" 200 116
201.215.248.34 - - [05/Sep/2018:09:28:02 -0300] "GET /cormun/servlet/hpexe_return? HTTP/1.1" 200 1025
201.215.248.34 - - [05/Sep/2018:09:28:03 -0300] "GET /cormun/servlet/trsolicitudadjuntos?2018,12137, HTTP/1.1" 200 8895
201.215.248.34 - - [05/Sep/2018:09:28:04 -0300] "GET /cormun/servlet/trsolicitudadjuntos?2018,12137, HTTP/1.1" 200 8892
201.215.248.34 - - [05/Sep/2018:09:28:06 -0300] "GET /cormun/servlet/solicitudotadjuntos?INS,2018,12137,,1, HTTP/1.1" 200 6280
201.215.248.34 - - [05/Sep/2018:09:28:07 -0300] "GET /cormun/static/about:blank HTTP/1.1" 404 1011
186.79.78.140 - - [05/Sep/2018:09:28:07 -0300] "GET /cormun/servlet/solicitudotadjuntos?INS,2018,12137,,1, HTTP/1.1" 200 6274
186.79.78.140 - - [05/Sep/2018:09:28:08 -0300] "GET /cormun/servlet/solicitudotadjuntos?a19ff7bf1cd7877bc047286b5f751f686da1d16b20ae61c5f23fcbfd3074f06942d78d7291d67f690e09f3a77b4afcd2,gx-no-cache=1536150409524 HTTP/1.1" 200 30
186.79.78.140 - - [05/Sep/2018:09:28:08 -0300] "POST /cormun/servlet/solicitudotadjuntos?5b2ca529e58e3abdf671ec744f83a42c,INS,2018,12137,,1,,gx-no-cache=1536150409708 HTTP/1.1" 200 4022
186.79.78.140 - - [05/Sep/2018:09:28:19 -0300] "POST /cormun/servlet/solicitudotadjuntos?gx-no-cache=1536150420785 HTTP/1.1" 200 26
186.79.78.140 - - [05/Sep/2018:09:28:27 -0300] "GET /cormun/servlet/solicitudotadjuntos?a19ff7bf1cd7877bc047286b5f751f6830fbf4592797d8a480744a99be929c12,gx-no-cache=1536150429162 HTTP/1.1" 200 30
186.79.78.140 - - [05/Sep/2018:09:28:27 -0300] "GET /cormun/servlet/solicitudotadjuntos?a19ff7bf1cd7877bc047286b5f751f6830fbf4592797d8a480744a99be929c12,gx-no-cache=1536150429352 HTTP/1.1" 200 30
186.79.78.140 - - [05/Sep/2018:09:28:33 -0300] "POST /cormun/servlet/solicitudotadjuntos?5b2ca529e58e3abdf671ec744f83a42c,INS,2018,12137,,1, HTTP/1.1" 200 116
186.79.78.140 - - [05/Sep/2018:09:28:36 -0300] "GET /cormun/servlet/hpexe_return? HTTP/1.1" 200 1025
186.79.78.140 - - [05/Sep/2018:09:28:37 -0300] "GET /cormun/servlet/trsolicitudadjuntos?2018,12137, HTTP/1.1" 200 9105
186.79.78.140 - - [05/Sep/2018:09:28:39 -0300] "GET /cormun/servlet/trsolicitudadjuntos?2018,12137, HTTP/1.1" 200 9101
186.79.78.140 - - [05/Sep/2018:09:28:41 -0300] "GET /cormun/servlet/solicitudotadjuntos?INS,2018,12137,,1, HTTP/1.1" 200 6280
186.79.78.140 - - [05/Sep/2018:09:28:42 -0300] "GET /cormun/static/about:blank HTTP/1.1" 404 1011
186.79.78.140 - - [05/Sep/2018:09:28:43 -0300] "GET /cormun/servlet/solicitudotadjuntos?INS,2018,12137,,1, HTTP/1.1" 200 6274
186.79.78.140 - - [05/Sep/2018:09:28:45 -0300] "GET /cormun/servlet/solicitudotadjuntos?a19ff7bf1cd7877bc047286b5f751f686da1d16b20ae61c5f23fcbfd3074f06942d78d7291d67f690e09f3a77b4afcd2,gx-no-cache=1536150445172 HTTP/1.1" 200 30
186.79.78.140 - - [05/Sep/2018:09:28:45 -0300] "POST /cormun/servlet/solicitudotadjuntos?5b2ca529e58e3abdf671ec744f83a42c,INS,2018,12137,,1,,gx-no-cache=1536150446740 HTTP/1.1" 200 4022
186.79.78.140 - - [05/Sep/2018:09:28:48 -0300] "POST /cormun/servlet/solicitudotadjuntos?gx-no-cache=1536150450208 HTTP/1.1" 200 26
186.67.164.142 - - [05/Sep/2018:09:28:52 -0300] "POST /cormun/servlet/trsolicitudot?a802fcb071b419987f49f9c8aeadc1fa,gx-no-cache=1536150452361 HTTP/1.1" 200 106
186.67.164.142 - - [05/Sep/2018:09:28:52 -0300] "GET /cormun/servlet/trsolicitudadjuntos?2018,12138, HTTP/1.1" 200 6080
186.67.164.142 - - [05/Sep/2018:09:28:52 -0300] "GET /cormun/static/gxcfg.js?20177612135366 HTTP/1.1" 200 953
186.67.164.142 - - [05/Sep/2018:09:28:52 -0300] "GET /cormun/static/trsolicitudadjuntos.js?20177612135632 HTTP/1.1" 200 17922
186.67.164.142 - - [05/Sep/2018:09:28:52 -0300] "GET /cormun/servlet/trsolicitudadjuntos?2018,12138, HTTP/1.1" 200 6080
186.67.164.142 - - [05/Sep/2018:09:28:54 -0300] "GET /cormun/servlet/solicitudotadjuntos?INS,2018,12138,,1, HTTP/1.1" 200 6024
186.67.164.142 - - [05/Sep/2018:09:28:55 -0300] "GET /cormun/static/gxcfg.js?2017761244068 HTTP/1.1" 200 953
186.67.164.142 - - [05/Sep/2018:09:28:55 -0300] "GET /cormun/static/solicitudotadjuntos.js?2017761244086 HTTP/1.1" 200 11771
186.67.164.142 - - [05/Sep/2018:09:28:55 -0300] "GET /cormun/static/about:blank HTTP/1.1" 404 1011
186.79.78.140 - - [05/Sep/2018:09:28:55 -0300] "GET /cormun/servlet/solicitudotadjuntos?a19ff7bf1cd7877bc047286b5f751f6830fbf4592797d8a480744a99be929c12,gx-no-cache=1536150456899 HTTP/1.1" 200 30
186.67.164.142 - - [05/Sep/2018:09:28:55 -0300] "GET /cormun/servlet/solicitudotadjuntos?INS,2018,12138,,1, HTTP/1.1" 200 6017
186.79.78.140 - - [05/Sep/2018:09:28:55 -0300] "GET /cormun/servlet/solicitudotadjuntos?a19ff7bf1cd7877bc047286b5f751f6830fbf4592797d8a480744a99be929c12,gx-no-cache=1536150457081 HTTP/1.1" 200 30
186.67.164.142 - - [05/Sep/2018:09:28:55 -0300] "GET /cormun/servlet/solicitudotadjuntos?56b3bcf9141657f3faba31a29cac33f38c270d61c8cde2e21b89c87090e4ff3543b32b83d9fb4eb955de050781663e21,gx-no-cache=1536150456618 HTTP/1.1" 200 30
186.67.164.142 - - [05/Sep/2018:09:28:55 -0300] "POST /cormun/servlet/solicitudotadjuntos?a802fcb071b419987f49f9c8aeadc1fa,INS,2018,12138,,1,,gx-no-cache=1536150456653 HTTP/1.1" 200 3838
186.67.164.142 - - [05/Sep/2018:09:28:58 -0300] "POST /cormun/servlet/solicitudotadjuntos?gx-no-cache=1536150458917 HTTP/1.1" 200 26
186.79.78.140 - - [05/Sep/2018:09:29:00 -0300] "POST /cormun/servlet/solicitudotadjuntos?5b2ca529e58e3abdf671ec744f83a42c,INS,2018,12137,,1, HTTP/1.1" 200 116
186.79.78.140 - - [05/Sep/2018:09:29:00 -0300] "GET /cormun/servlet/hpexe_return? HTTP/1.1" 200 1025
186.79.78.140 - - [05/Sep/2018:09:29:00 -0300] "GET /cormun/servlet/trsolicitudadjuntos?2018,12137, HTTP/1.1" 200 9274
186.79.78.140 - - [05/Sep/2018:09:29:02 -0300] "GET /cormun/servlet/trsolicitudadjuntos?2018,12137, HTTP/1.1" 200 9272
201.215.248.34 - - [05/Sep/2018:09:29:04 -0300] "GET /cormun/servlet/solicitudotadjuntos?INS,2018,12137,,1, HTTP/1.1" 200 6280
201.215.248.34 - - [05/Sep/2018:09:29:04 -0300] "GET /cormun/static/about:blank HTTP/1.1" 404 1011
201.215.248.34 - - [05/Sep/2018:09:29:05 -0300] "GET /cormun/servlet/solicitudotadjuntos?INS,2018,12137,,1, HTTP/1.1" 200 6274
201.215.248.34 - - [05/Sep/2018:09:29:06 -0300] "GET /cormun/servlet/solicitudotadjuntos?a19ff7bf1cd7877bc047286b5f751f686da1d16b20ae61c5f23fcbfd3074f06942d78d7291d67f690e09f3a77b4afcd2,gx-no-cache=1536150467615 HTTP/1.1" 200 30
201.215.248.34 - - [05/Sep/2018:09:29:06 -0300] "POST /cormun/servlet/solicitudotadjuntos?5b2ca529e58e3abdf671ec744f83a42c,INS,2018,12137,,1,,gx-no-cache=1536150467658 HTTP/1.1" 200 4022
201.215.248.34 - - [05/Sep/2018:09:29:11 -0300] "POST /cormun/servlet/solicitudotadjuntos?gx-no-cache=1536150473249 HTTP/1.1" 200 26
201.215.248.34 - - [05/Sep/2018:09:29:17 -0300] "GET /cormun/servlet/solicitudotadjuntos?a19ff7bf1cd7877bc047286b5f751f6830fbf4592797d8a480744a99be929c12,gx-no-cache=1536150478811 HTTP/1.1" 200 30
201.215.248.34 - - [05/Sep/2018:09:29:17 -0300] "GET /cormun/servlet/solicitudotadjuntos?a19ff7bf1cd7877bc047286b5f751f6830fbf4592797d8a480744a99be929c12,gx-no-cache=1536150478848 HTTP/1.1" 200 30
201.215.248.34 - - [05/Sep/2018:09:29:18 -0300] "POST /cormun/servlet/solicitudotadjuntos?5b2ca529e58e3abdf671ec744f83a42c,INS,2018,12137,,1, HTTP/1.1" 200 116
201.215.248.34 - - [05/Sep/2018:09:29:18 -0300] "GET /cormun/servlet/hpexe_return? HTTP/1.1" 200 1025
201.215.248.34 - - [05/Sep/2018:09:29:19 -0300] "GET /cormun/servlet/trsolicitudadjuntos?2018,12137, HTTP/1.1" 200 9504
201.215.248.34 - - [05/Sep/2018:09:29:20 -0300] "GET /cormun/servlet/trsolicitudadjuntos?2018,12137, HTTP/1.1" 200 9501
201.215.248.34 - - [05/Sep/2018:09:29:23 -0300] "GET /cormun/servlet/solicitudotadjuntos?INS,2018,12137,,1, HTTP/1.1" 200 6280
201.215.248.34 - - [05/Sep/2018:09:29:24 -0300] "GET /cormun/static/about:blank HTTP/1.1" 404 1011
201.215.248.34 - - [05/Sep/2018:09:29:24 -0300] "GET /cormun/servlet/solicitudotadjuntos?INS,2018,12137,,1, HTTP/1.1" 200 6274
201.215.248.34 - - [05/Sep/2018:09:29:24 -0300] "GET /cormun/servlet/solicitudotadjuntos?a19ff7bf1cd7877bc047286b5f751f686da1d16b20ae61c5f23fcbfd3074f06942d78d7291d67f690e09f3a77b4afcd2,gx-no-cache=1536150486536 HTTP/1.1" 200 30
201.215.248.34 - - [05/Sep/2018:09:29:25 -0300] "POST /cormun/servlet/solicitudotadjuntos?5b2ca529e58e3abdf671ec744f83a42c,INS,2018,12137,,1,,gx-no-cache=1536150486822 HTTP/1.1" 200 4022
186.67.164.142 - - [05/Sep/2018:09:29:25 -0300] "GET /cormun/servlet/solicitudotadjuntos?56b3bcf9141657f3faba31a29cac33f3d0763fabb2dc970f0f13fb409cf0dc41,gx-no-cache=1536150486381 HTTP/1.1" 200 30
186.67.164.142 - - [05/Sep/2018:09:29:25 -0300] "GET /cormun/servlet/solicitudotadjuntos?56b3bcf9141657f3faba31a29cac33f3d0763fabb2dc970f0f13fb409cf0dc41,gx-no-cache=1536150486418 HTTP/1.1" 200 30
186.67.164.142 - - [05/Sep/2018:09:29:26 -0300] "POST /cormun/servlet/solicitudotadjuntos?a802fcb071b419987f49f9c8aeadc1fa,INS,2018,12138,,1, HTTP/1.1" 200 116
186.67.164.142 - - [05/Sep/2018:09:29:26 -0300] "GET /cormun/servlet/hpexe_return? HTTP/1.1" 200 1025
186.67.164.142 - - [05/Sep/2018:09:29:27 -0300] "GET /cormun/servlet/trsolicitudadjuntos?2018,12138, HTTP/1.1" 200 8679
186.67.164.142 - - [05/Sep/2018:09:29:27 -0300] "GET /cormun/servlet/trsolicitudadjuntos?2018,12138, HTTP/1.1" 200 8675
201.215.248.34 - - [05/Sep/2018:09:29:29 -0300] "POST /cormun/servlet/solicitudotadjuntos?gx-no-cache=1536150491186 HTTP/1.1" 200 26
186.67.164.142 - - [05/Sep/2018:09:29:30 -0300] "GET /cormun/servlet/solicitudotadjuntos?INS,2018,12138,,1, HTTP/1.1" 200 6024
186.67.164.142 - - [05/Sep/2018:09:29:30 -0300] "GET /cormun/static/about:blank HTTP/1.1" 404 1011
186.67.164.142 - - [05/Sep/2018:09:29:30 -0300] "GET /cormun/servlet/solicitudotadjuntos?INS,2018,12138,,1, HTTP/1.1" 200 6017
186.67.164.142 - - [05/Sep/2018:09:29:31 -0300] "GET /cormun/servlet/solicitudotadjuntos?56b3bcf9141657f3faba31a29cac33f38c270d61c8cde2e21b89c87090e4ff3543b32b83d9fb4eb955de050781663e21,gx-no-cache=1536150491910 HTTP/1.1" 200 30
186.67.164.142 - - [05/Sep/2018:09:29:31 -0300] "POST /cormun/servlet/solicitudotadjuntos?a802fcb071b419987f49f9c8aeadc1fa,INS,2018,12138,,1,,gx-no-cache=1536150491956 HTTP/1.1" 200 3838
186.67.164.142 - - [05/Sep/2018:09:29:33 -0300] "POST /cormun/servlet/solicitudotadjuntos?gx-no-cache=1536150494175 HTTP/1.1" 200 26
201.215.248.34 - - [05/Sep/2018:09:29:34 -0300] "GET /cormun/servlet/solicitudotadjuntos?a19ff7bf1cd7877bc047286b5f751f6830fbf4592797d8a480744a99be929c12,gx-no-cache=1536150496483 HTTP/1.1" 200 30
201.215.248.34 - - [05/Sep/2018:09:29:34 -0300] "GET /cormun/servlet/solicitudotadjuntos?a19ff7bf1cd7877bc047286b5f751f6830fbf4592797d8a480744a99be929c12,gx-no-cache=1536150496527 HTTP/1.1" 200 30
201.215.248.34 - - [05/Sep/2018:09:29:35 -0300] "POST /cormun/servlet/solicitudotadjuntos?5b2ca529e58e3abdf671ec744f83a42c,INS,2018,12137,,1, HTTP/1.1" 200 116
201.215.248.34 - - [05/Sep/2018:09:29:35 -0300] "GET /cormun/servlet/hpexe_return? HTTP/1.1" 200 1025
201.215.248.34 - - [05/Sep/2018:09:29:36 -0300] "GET /cormun/servlet/trsolicitudadjuntos?2018,12137, HTTP/1.1" 200 9733
201.215.248.34 - - [05/Sep/2018:09:29:37 -0300] "GET /cormun/servlet/trsolicitudadjuntos?2018,12137, HTTP/1.1" 200 9731
186.67.164.142 - - [05/Sep/2018:09:29:38 -0300] "GET /cormun/servlet/solicitudotadjuntos?56b3bcf9141657f3faba31a29cac33f3d0763fabb2dc970f0f13fb409cf0dc41,gx-no-cache=1536150499430 HTTP/1.1" 200 30
186.67.164.142 - - [05/Sep/2018:09:29:39 -0300] "GET /cormun/servlet/solicitudotadjuntos?56b3bcf9141657f3faba31a29cac33f3d0763fabb2dc970f0f13fb409cf0dc41,gx-no-cache=1536150499544 HTTP/1.1" 200 30
186.67.164.142 - - [05/Sep/2018:09:29:39 -0300] "POST /cormun/servlet/solicitudotadjuntos?a802fcb071b419987f49f9c8aeadc1fa,INS,2018,12138,,1, HTTP/1.1" 200 116
186.67.164.142 - - [05/Sep/2018:09:29:39 -0300] "GET /cormun/servlet/hpexe_return? HTTP/1.1" 200 1025
201.215.248.34 - - [05/Sep/2018:09:29:39 -0300] "GET /cormun/servlet/solicitudotadjuntos?INS,2018,12137,,1, HTTP/1.1" 200 6280
186.67.164.142 - - [05/Sep/2018:09:29:40 -0300] "GET /cormun/servlet/trsolicitudadjuntos?2018,12138, HTTP/1.1" 200 8904
186.67.164.142 - - [05/Sep/2018:09:29:41 -0300] "GET /cormun/servlet/trsolicitudadjuntos?2018,12138, HTTP/1.1" 200 8901
201.215.248.34 - - [05/Sep/2018:09:29:42 -0300] "GET /cormun/static/about:blank HTTP/1.1" 404 1011
201.215.248.34 - - [05/Sep/2018:09:29:42 -0300] "GET /cormun/servlet/solicitudotadjuntos?INS,2018,12137,,1, HTTP/1.1" 200 6274
201.215.248.34 - - [05/Sep/2018:09:29:42 -0300] "GET /cormun/servlet/solicitudotadjuntos?a19ff7bf1cd7877bc047286b5f751f686da1d16b20ae61c5f23fcbfd3074f06942d78d7291d67f690e09f3a77b4afcd2,gx-no-cache=1536150504329 HTTP/1.1" 200 30
201.215.248.34 - - [05/Sep/2018:09:29:42 -0300] "POST /cormun/servlet/solicitudotadjuntos?5b2ca529e58e3abdf671ec744f83a42c,INS,2018,12137,,1,,gx-no-cache=1536150504394 HTTP/1.1" 200 4022
186.67.164.142 - - [05/Sep/2018:09:29:42 -0300] "GET /cormun/servlet/solicitudotadjuntos?INS,2018,12138,,1, HTTP/1.1" 200 6024
186.67.164.142 - - [05/Sep/2018:09:29:43 -0300] "GET /cormun/static/about:blank HTTP/1.1" 404 1011
186.67.164.142 - - [05/Sep/2018:09:29:43 -0300] "GET /cormun/servlet/solicitudotadjuntos?INS,2018,12138,,1, HTTP/1.1" 200 6017
186.67.164.142 - - [05/Sep/2018:09:29:44 -0300] "GET /cormun/servlet/solicitudotadjuntos?56b3bcf9141657f3faba31a29cac33f38c270d61c8cde2e21b89c87090e4ff3543b32b83d9fb4eb955de050781663e21,gx-no-cache=1536150504739 HTTP/1.1" 200 30
186.67.164.142 - - [05/Sep/2018:09:29:44 -0300] "POST /cormun/servlet/solicitudotadjuntos?a802fcb071b419987f49f9c8aeadc1fa,INS,2018,12138,,1,,gx-no-cache=1536150504765 HTTP/1.1" 200 3838
201.215.248.34 - - [05/Sep/2018:09:29:45 -0300] "POST /cormun/servlet/solicitudotadjuntos?gx-no-cache=1536150507313 HTTP/1.1" 200 26
186.67.164.142 - - [05/Sep/2018:09:29:47 -0300] "POST /cormun/servlet/solicitudotadjuntos?gx-no-cache=1536150508175 HTTP/1.1" 200 26
201.215.248.34 - - [05/Sep/2018:09:29:50 -0300] "GET /cormun/servlet/solicitudotadjuntos?a19ff7bf1cd7877bc047286b5f751f6830fbf4592797d8a480744a99be929c12,gx-no-cache=1536150512315 HTTP/1.1" 200 30
201.215.248.34 - - [05/Sep/2018:09:29:50 -0300] "GET /cormun/servlet/solicitudotadjuntos?a19ff7bf1cd7877bc047286b5f751f6830fbf4592797d8a480744a99be929c12,gx-no-cache=1536150512364 HTTP/1.1" 200 30
201.215.248.34 - - [05/Sep/2018:09:29:51 -0300] "POST /cormun/servlet/solicitudotadjuntos?5b2ca529e58e3abdf671ec744f83a42c,INS,2018,12137,,1, HTTP/1.1" 200 116
201.215.248.34 - - [05/Sep/2018:09:29:51 -0300] "GET /cormun/servlet/hpexe_return? HTTP/1.1" 200 1025
201.215.248.34 - - [05/Sep/2018:09:29:51 -0300] "GET /cormun/servlet/trsolicitudadjuntos?2018,12137, HTTP/1.1" 200 9963
186.67.164.142 - - [05/Sep/2018:09:29:52 -0300] "GET /cormun/servlet/solicitudotadjuntos?56b3bcf9141657f3faba31a29cac33f3d0763fabb2dc970f0f13fb409cf0dc41,gx-no-cache=1536150513442 HTTP/1.1" 200 30
186.67.164.142 - - [05/Sep/2018:09:29:52 -0300] "GET /cormun/servlet/solicitudotadjuntos?56b3bcf9141657f3faba31a29cac33f3d0763fabb2dc970f0f13fb409cf0dc41,gx-no-cache=1536150513468 HTTP/1.1" 200 30
201.215.248.34 - - [05/Sep/2018:09:29:53 -0300] "GET /cormun/servlet/trsolicitudadjuntos?2018,12137, HTTP/1.1" 200 9958
186.67.164.142 - - [05/Sep/2018:09:29:53 -0300] "POST /cormun/servlet/solicitudotadjuntos?a802fcb071b419987f49f9c8aeadc1fa,INS,2018,12138,,1, HTTP/1.1" 200 116
186.67.164.142 - - [05/Sep/2018:09:29:53 -0300] "GET /cormun/servlet/hpexe_return? HTTP/1.1" 200 1025
186.67.164.142 - - [05/Sep/2018:09:29:54 -0300] "GET /cormun/servlet/trsolicitudadjuntos?2018,12138, HTTP/1.1" 200 9099
186.67.164.142 - - [05/Sep/2018:09:29:55 -0300] "GET /cormun/servlet/trsolicitudadjuntos?2018,12138, HTTP/1.1" 200 9095
186.67.164.142 - - [05/Sep/2018:09:29:56 -0300] "GET /cormun/servlet/solicitudotadjuntos?INS,2018,12138,,1, HTTP/1.1" 200 6024
186.79.78.140 - - [05/Sep/2018:09:29:56 -0300] "POST /cormun/servlet/trsolicitudadjuntos?5b2ca529e58e3abdf671ec744f83a42c,2018,12137,,gx-no-cache=1536150517908 HTTP/1.1" 200 90
186.79.78.140 - - [05/Sep/2018:09:29:57 -0300] "GET /cormun/servlet/hpexe_link HTTP/1.1" 200 987
186.67.164.142 - - [05/Sep/2018:09:29:57 -0300] "GET /cormun/static/about:blank HTTP/1.1" 404 1011
186.67.164.142 - - [05/Sep/2018:09:29:57 -0300] "GET /cormun/servlet/solicitudotadjuntos?INS,2018,12138,,1, HTTP/1.1" 200 6017
186.79.78.140 - - [05/Sep/2018:09:29:57 -0300] "GET /cormun/servlet/trsolicitudot?gx-no-cache=1536150336480 HTTP/1.1" 200 8809
186.67.164.142 - - [05/Sep/2018:09:29:57 -0300] "GET /cormun/servlet/solicitudotadjuntos?56b3bcf9141657f3faba31a29cac33f38c270d61c8cde2e21b89c87090e4ff3543b32b83d9fb4eb955de050781663e21,gx-no-cache=1536150518657 HTTP/1.1" 200 30
186.67.164.142 - - [05/Sep/2018:09:29:58 -0300] "POST /cormun/servlet/solicitudotadjuntos?a802fcb071b419987f49f9c8aeadc1fa,INS,2018,12138,,1,,gx-no-cache=1536150518710 HTTP/1.1" 200 3838
186.79.78.140 - - [05/Sep/2018:09:29:59 -0300] "GET /cormun/servlet/trsolicitudot?gx-no-cache=1536150336480 HTTP/1.1" 200 8831
186.67.164.142 - - [05/Sep/2018:09:30:01 -0300] "POST /cormun/servlet/solicitudotadjuntos?gx-no-cache=1536150522007 HTTP/1.1" 200 26
186.79.78.140 - - [05/Sep/2018:09:30:04 -0300] "POST /cormun/servlet/trsolicitudot?5b2ca529e58e3abdf671ec744f83a42c,gx-no-cache=1536150336480,gx-no-cache=1536150525190 HTTP/1.1" 200 4677
186.79.78.140 - - [05/Sep/2018:09:30:04 -0300] "GET /cormun/static/Shared/jqueryui/images/ui-bg_highlight-soft_100_c6c2c8_1x100.png HTTP/1.1" 404 1117
201.215.248.34 - - [05/Sep/2018:09:30:04 -0300] "GET /cormun/static/Shared/jqueryui/images/ui-icons_82798d_256x240.png HTTP/1.1" 404 1089
201.215.248.34 - - [05/Sep/2018:09:30:04 -0300] "GET /cormun/static/Shared/jqueryui/images/ui-bg_flat_55_fafafa_40x100.png HTTP/1.1" 404 1097
201.215.248.34 - - [05/Sep/2018:09:30:04 -0300] "GET /cormun/static/Shared/jqueryui/images/ui-icons_8d78a5_256x240.png HTTP/1.1" 404 1089
201.215.248.34 - - [05/Sep/2018:09:30:04 -0300] "POST /cormun/servlet/trsolicitudot?5b2ca529e58e3abdf671ec744f83a42c,gx-no-cache=1536150336480,gx-no-cache=1536150526361 HTTP/1.1" 200 4454
186.79.78.140 - - [05/Sep/2018:09:30:07 -0300] "GET /cormun/servlet/solicitudot?INS,0,0, HTTP/1.1" 200 13745
186.67.164.142 - - [05/Sep/2018:09:30:08 -0300] "GET /cormun/servlet/solicitudotadjuntos?56b3bcf9141657f3faba31a29cac33f3d0763fabb2dc970f0f13fb409cf0dc41,gx-no-cache=1536150529362 HTTP/1.1" 200 30
186.67.164.142 - - [05/Sep/2018:09:30:08 -0300] "GET /cormun/servlet/solicitudotadjuntos?56b3bcf9141657f3faba31a29cac33f3d0763fabb2dc970f0f13fb409cf0dc41,gx-no-cache=1536150529409 HTTP/1.1" 200 30
186.79.78.140 - - [05/Sep/2018:09:30:09 -0300] "GET /cormun/servlet/solicitudot?INS,0,0, HTTP/1.1" 200 13728
186.67.164.142 - - [05/Sep/2018:09:30:09 -0300] "POST /cormun/servlet/solicitudotadjuntos?a802fcb071b419987f49f9c8aeadc1fa,INS,2018,12138,,1, HTTP/1.1" 200 116
186.67.164.142 - - [05/Sep/2018:09:30:09 -0300] "GET /cormun/servlet/hpexe_return? HTTP/1.1" 200 1025
186.67.164.142 - - [05/Sep/2018:09:30:10 -0300] "GET /cormun/servlet/trsolicitudadjuntos?2018,12138, HTTP/1.1" 200 9315
186.67.164.142 - - [05/Sep/2018:09:30:11 -0300] "GET /cormun/servlet/trsolicitudadjuntos?2018,12138, HTTP/1.1" 200 9317
186.67.164.142 - - [05/Sep/2018:09:30:13 -0300] "GET /cormun/servlet/solicitudotadjuntos?INS,2018,12138,,1, HTTP/1.1" 200 6024
186.67.164.142 - - [05/Sep/2018:09:30:13 -0300] "GET /cormun/static/about:blank HTTP/1.1" 404 1011
186.67.164.142 - - [05/Sep/2018:09:30:13 -0300] "GET /cormun/servlet/solicitudotadjuntos?INS,2018,12138,,1, HTTP/1.1" 200 6017
201.215.248.34 - - [05/Sep/2018:09:30:13 -0300] "GET /cormun/servlet/trlicencias? HTTP/1.1" 200 15883
186.67.164.142 - - [05/Sep/2018:09:30:14 -0300] "GET /cormun/servlet/solicitudotadjuntos?56b3bcf9141657f3faba31a29cac33f38c270d61c8cde2e21b89c87090e4ff3543b32b83d9fb4eb955de050781663e21,gx-no-cache=1536150534723 HTTP/1.1" 200 30
186.67.164.142 - - [05/Sep/2018:09:30:14 -0300] "POST /cormun/servlet/solicitudotadjuntos?a802fcb071b419987f49f9c8aeadc1fa,INS,2018,12138,,1,,gx-no-cache=1536150534752 HTTP/1.1" 200 3838
201.215.248.34 - - [05/Sep/2018:09:30:15 -0300] "GET /cormun/servlet/trlicencias? HTTP/1.1" 200 15876
186.67.164.142 - - [05/Sep/2018:09:30:16 -0300] "POST /cormun/servlet/solicitudotadjuntos?gx-no-cache=1536150537022 HTTP/1.1" 200 26
186.67.164.142 - - [05/Sep/2018:09:30:22 -0300] "GET /cormun/servlet/solicitudotadjuntos?56b3bcf9141657f3faba31a29cac33f3d0763fabb2dc970f0f13fb409cf0dc41,gx-no-cache=1536150543481 HTTP/1.1" 200 30
186.67.164.142 - - [05/Sep/2018:09:30:22 -0300] "GET /cormun/servlet/solicitudotadjuntos?56b3bcf9141657f3faba31a29cac33f3d0763fabb2dc970f0f13fb409cf0dc41,gx-no-cache=1536150543533 HTTP/1.1" 200 30
186.67.164.142 - - [05/Sep/2018:09:30:23 -0300] "POST /cormun/servlet/solicitudotadjuntos?a802fcb071b419987f49f9c8aeadc1fa,INS,2018,12138,,1, HTTP/1.1" 200 116
186.67.164.142 - - [05/Sep/2018:09:30:23 -0300] "GET /cormun/servlet/hpexe_return? HTTP/1.1" 200 1025
186.67.164.142 - - [05/Sep/2018:09:30:24 -0300] "GET /cormun/servlet/trsolicitudadjuntos?2018,12138, HTTP/1.1" 200 9584
186.67.164.142 - - [05/Sep/2018:09:30:25 -0300] "GET /cormun/servlet/trsolicitudadjuntos?2018,12138, HTTP/1.1" 200 9578
186.67.164.142 - - [05/Sep/2018:09:30:27 -0300] "GET /cormun/servlet/solicitudotadjuntos?INS,2018,12138,,1, HTTP/1.1" 200 6024
186.67.164.142 - - [05/Sep/2018:09:30:27 -0300] "GET /cormun/static/about:blank HTTP/1.1" 404 1011
186.67.164.142 - - [05/Sep/2018:09:30:27 -0300] "GET /cormun/servlet/solicitudotadjuntos?INS,2018,12138,,1, HTTP/1.1" 200 6017
186.67.164.142 - - [05/Sep/2018:09:30:28 -0300] "GET /cormun/servlet/solicitudotadjuntos?56b3bcf9141657f3faba31a29cac33f38c270d61c8cde2e21b89c87090e4ff3543b32b83d9fb4eb955de050781663e21,gx-no-cache=1536150548895 HTTP/1.1" 200 30
186.67.164.142 - - [05/Sep/2018:09:30:28 -0300] "POST /cormun/servlet/solicitudotadjuntos?a802fcb071b419987f49f9c8aeadc1fa,INS,2018,12138,,1,,gx-no-cache=1536150548933 HTTP/1.1" 200 3838
186.67.164.142 - - [05/Sep/2018:09:30:31 -0300] "POST /cormun/servlet/solicitudotadjuntos?gx-no-cache=1536150552109 HTTP/1.1" 200 26
186.79.78.140 - - [05/Sep/2018:09:30:36 -0300] "GET /cormun/servlet/trsolicitudot? HTTP/1.1" 200 7446
186.79.78.140 - - [05/Sep/2018:09:30:37 -0300] "GET /cormun/servlet/trsolicitudot? HTTP/1.1" 200 7446
186.67.164.142 - - [05/Sep/2018:09:30:37 -0300] "GET /cormun/servlet/solicitudotadjuntos?56b3bcf9141657f3faba31a29cac33f3d0763fabb2dc970f0f13fb409cf0dc41,gx-no-cache=1536150558140 HTTP/1.1" 200 30
186.67.164.142 - - [05/Sep/2018:09:30:37 -0300] "GET /cormun/servlet/solicitudotadjuntos?56b3bcf9141657f3faba31a29cac33f3d0763fabb2dc970f0f13fb409cf0dc41,gx-no-cache=1536150558156 HTTP/1.1" 200 30
186.67.164.142 - - [05/Sep/2018:09:30:38 -0300] "POST /cormun/servlet/solicitudotadjuntos?a802fcb071b419987f49f9c8aeadc1fa,INS,2018,12138,,1, HTTP/1.1" 200 116
186.67.164.142 - - [05/Sep/2018:09:30:38 -0300] "GET /cormun/servlet/hpexe_return? HTTP/1.1" 200 1025
186.67.164.142 - - [05/Sep/2018:09:30:38 -0300] "GET /cormun/servlet/trsolicitudadjuntos?2018,12138, HTTP/1.1" 200 9803
201.215.248.34 - - [05/Sep/2018:09:30:40 -0300] "GET /cormun/servlet/solicitudot?INS,0,0, HTTP/1.1" 200 13723
186.67.164.142 - - [05/Sep/2018:09:30:40 -0300] "GET /cormun/servlet/trsolicitudadjuntos?2018,12138, HTTP/1.1" 200 9798
201.215.248.34 - - [05/Sep/2018:09:30:41 -0300] "GET /cormun/servlet/solicitudot?INS,0,0, HTTP/1.1" 200 13728
186.67.164.142 - - [05/Sep/2018:09:30:44 -0300] "POST /cormun/servlet/trsolicitudadjuntos?a802fcb071b419987f49f9c8aeadc1fa,2018,12138,,gx-no-cache=1536150565410 HTTP/1.1" 200 90
186.67.164.142 - - [05/Sep/2018:09:30:44 -0300] "GET /cormun/servlet/hpexe_link HTTP/1.1" 200 988
186.67.164.142 - - [05/Sep/2018:09:30:45 -0300] "GET /cormun/servlet/trsolicitudot?gx-no-cache=1536150226378 HTTP/1.1" 200 11284
186.67.164.142 - - [05/Sep/2018:09:30:45 -0300] "GET /cormun/servlet/trsolicitudot?gx-no-cache=1536150226378 HTTP/1.1" 200 11303
186.67.164.142 - - [05/Sep/2018:09:30:56 -0300] "POST /cormun/servlet/trsolicitudot?a802fcb071b419987f49f9c8aeadc1fa,gx-no-cache=1536150226378,gx-no-cache=1536150576889 HTTP/1.1" 200 8435
186.67.164.142 - - [05/Sep/2018:09:30:56 -0300] "GET /cormun/static/Shared/jqueryui/images/ui-bg_highlight-soft_100_c6c2c8_1x100.png HTTP/1.1" 404 1117
186.67.164.142 - - [05/Sep/2018:09:30:56 -0300] "GET /cormun/static/Shared/jqueryui/images/ui-icons_82798d_256x240.png HTTP/1.1" 404 1089
186.67.164.142 - - [05/Sep/2018:09:30:56 -0300] "GET /cormun/static/Shared/jqueryui/images/ui-bg_flat_55_fafafa_40x100.png HTTP/1.1" 404 1097
186.67.164.142 - - [05/Sep/2018:09:30:56 -0300] "GET /cormun/static/Shared/jqueryui/images/ui-icons_8d78a5_256x240.png HTTP/1.1" 404 1089
186.67.164.142 - - [05/Sep/2018:09:30:56 -0300] "POST /cormun/servlet/trsolicitudot?a802fcb071b419987f49f9c8aeadc1fa,gx-no-cache=1536150226378,gx-no-cache=1536150577313 HTTP/1.1" 200 8379
186.79.78.140 - - [05/Sep/2018:09:31:05 -0300] "POST /cormun/servlet/solicitudot?gx-no-cache=1536150586480 HTTP/1.1" 200 3326
186.79.78.140 - - [05/Sep/2018:09:31:06 -0300] "POST /cormun/servlet/solicitudot?5b2ca529e58e3abdf671ec744f83a42c,INS,0,0,,gx-no-cache=1536150587275 HTTP/1.1" 200 10534
186.79.78.140 - - [05/Sep/2018:09:31:09 -0300] "GET /cormun/servlet/solicitudot?a19ff7bf1cd7877bc047286b5f751f689f5ae3a55e3aac083065594dcf663a8f78194ff4a52500b62fd2905d0dc3e4a5,gx-no-cache=1536150591227 HTTP/1.1" 200 30
186.103.159.44 - - [05/Sep/2018:09:31:10 -0300] "GET /cormun/servlet/licenciaspermisos?291ce37c4b809a6f46b4be3f23fed94e4baff7e3613ac4eb872372bb01d27c83c8be0052f524835eebc543f6b260f5d6e8c8e04bd4a002ca82bfd6d5b9748d7a2018e3afe4b35b28715c9dcd171bf8cd4dc87aff4a4227c034a7a895bd8ed52fb19694ff20a266f38f1e413389900368e9c592a0b5d0478af24358c31501e2d53cecc33a4a08c363106271afa49e49707d883cadab61e8e98dee6b0ffe56d4d9c832d6b93e4d65909a0de55fe732a6e656be446bcf2fac4ebc60b5c238b6aab933cee0962ff0955a8a9e95fa229f59167761905819c4ff1f5c304f84fb5148bc,gx-no-cache=1536150591881 HTTP/1.1" 200 30
186.103.159.44 - - [05/Sep/2018:09:31:10 -0300] "POST /cormun/servlet/licenciaspermisos?e15a7f5fd92bb58097cda93ca901fdb0,INS,0,,,,gx-no-cache=1536150592238 HTTP/1.1" 200 4965
186.103.159.44 - - [05/Sep/2018:09:31:18 -0300] "GET /cormun/servlet/licenciaspermisos?291ce37c4b809a6f46b4be3f23fed94ed79652c62be47086ef12c6bf3b79bcda6079749bd37062ab7269e29c1cbad682fbc526f59ca37bdc7281fbdee8aadb14e7122f22c8f9f89e7203b6323f111822007ebe08c5a37e9164df493cbe256c8b53b1ef8360e7fcb3790741941945c0d38582f1d87cc496eecc642dedd2cb9b5da860db41f41255c2a607741583f287b8088cfdaa1893c6c7cef0199cce68be281c661e52bea443b8884852ace0e820def2dc2e9f7c3b6470cc661749043a6f14e45196ac4446620ed3130c39bbb5640dfa052e33954b55c7f5a3978dc5a8eee8f0d5e9061d704c138a902427ff7f447d,gx-no-cache=1536150600257 HTTP/1.1" 200 61
186.103.159.44 - - [05/Sep/2018:09:31:21 -0300] "POST /cormun/servlet/licenciaspermisos?e15a7f5fd92bb58097cda93ca901fdb0,INS,0,,,,gx-no-cache=1536150603281 HTTP/1.1" 200 93
186.103.159.44 - - [05/Sep/2018:09:31:21 -0300] "GET /cormun/servlet/hpexe_return? HTTP/1.1" 200 1006
186.103.159.44 - - [05/Sep/2018:09:31:21 -0300] "GET /cormun/static/gxcfg.js?2016101716175148 HTTP/1.1" 200 953
186.103.159.44 - - [05/Sep/2018:09:31:21 -0300] "GET /cormun/static/hpexe_return.js?2016101716175153 HTTP/1.1" 200 1633
186.103.159.44 - - [05/Sep/2018:09:31:21 -0300] "GET /cormun/static/Resources/Spanish/PXTools.css?167811 HTTP/1.1" 200 89042
186.103.159.44 - - [05/Sep/2018:09:31:22 -0300] "GET /cormun/servlet/trlicencias HTTP/1.1" 200 13036
186.103.159.44 - - [05/Sep/2018:09:31:22 -0300] "GET /cormun//static/Resources/PXToolsGridUpdate.png HTTP/1.1" 200 2984
186.103.159.44 - - [05/Sep/2018:09:31:22 -0300] "GET /cormun//static/Resources/PXToolsGridDelete.png HTTP/1.1" 200 357
186.103.159.44 - - [05/Sep/2018:09:31:26 -0300] "GET /cormun/servlet/alicenciaprn?18951327,L,20180905000000,PU HTTP/1.1" 200 1624
186.103.159.44 - - [05/Sep/2018:09:32:02 -0300] "GET /cormun/servlet/trlicenciaspermisosadjuntos?18951327,20180905000000,L, HTTP/1.1" 200 6521
186.103.159.44 - - [05/Sep/2018:09:32:02 -0300] "GET /cormun/static/gxcfg.js?20177612163414 HTTP/1.1" 200 953
186.103.159.44 - - [05/Sep/2018:09:32:02 -0300] "GET /cormun/static/trlicenciaspermisosadjuntos.js?20177612163719 HTTP/1.1" 200 21036
186.103.159.44 - - [05/Sep/2018:09:32:05 -0300] "GET /cormun/servlet/licenciaspermisosadjuntos?INS,18951327,L,20180905000000,, HTTP/1.1" 200 5822
186.103.159.44 - - [05/Sep/2018:09:32:05 -0300] "GET /cormun/static/gxcfg.js?2017761263592 HTTP/1.1" 200 953
186.103.159.44 - - [05/Sep/2018:09:32:05 -0300] "GET /cormun/static/licenciaspermisosadjuntos.js?201776126362 HTTP/1.1" 200 8760
186.103.159.44 - - [05/Sep/2018:09:32:05 -0300] "HEAD /cormun/static/about:blank HTTP/1.1" 404 -
186.103.159.44 - - [05/Sep/2018:09:32:20 -0300] "POST /cormun/servlet/licenciaspermisosadjuntos?e15a7f5fd92bb58097cda93ca901fdb0,INS,18951327,L,20180905000000,, HTTP/1.1" 200 116
186.103.159.44 - - [05/Sep/2018:09:32:20 -0300] "GET /cormun/servlet/hpexe_return? HTTP/1.1" 200 1036
186.103.159.44 - - [05/Sep/2018:09:32:20 -0300] "GET /cormun/servlet/trlicenciaspermisosadjuntos?18951327,20180905000000,L, HTTP/1.1" 200 7043
186.103.159.44 - - [05/Sep/2018:09:32:21 -0300] "GET /cormun/PublicTempStorage/licencia_medica_eliana_cid7723678.pdf HTTP/1.1" 200 1100345
186.103.159.44 - - [05/Sep/2018:09:32:22 -0300] "GET /cormun/PublicTempStorage/licencia_medica_eliana_cid7723678.pdf HTTP/1.1" 200 1100345
186.103.159.44 - - [05/Sep/2018:09:32:51 -0300] "GET /cormun/servlet/trlicencias? HTTP/1.1" 200 13032
186.103.159.44 - - [05/Sep/2018:09:32:56 -0300] "POST /cormun/servlet/trlicencias?e15a7f5fd92bb58097cda93ca901fdb0,,gx-no-cache=1536150698115 HTTP/1.1" 200 10403
186.103.159.44 - - [05/Sep/2018:09:32:57 -0300] "GET /cormun/static/Shared/jqueryui/images/ui-bg_flat_55_fafafa_40x100.png HTTP/1.1" 404 1097
186.103.159.44 - - [05/Sep/2018:09:32:57 -0300] "GET /cormun/static/Shared/jqueryui/images/ui-icons_82798d_256x240.png HTTP/1.1" 404 1089
186.103.159.44 - - [05/Sep/2018:09:32:57 -0300] "GET /cormun/static/Shared/jqueryui/images/ui-bg_highlight-soft_100_c6c2c8_1x100.png HTTP/1.1" 404 1117
186.103.159.44 - - [05/Sep/2018:09:32:57 -0300] "GET /cormun/static/Shared/jqueryui/images/ui-icons_8d78a5_256x240.png HTTP/1.1" 404 1089
186.79.78.140 - - [05/Sep/2018:09:33:07 -0300] "GET /cormun/servlet/prbanco?,MD,,gxPopupLevel%3D0%3B HTTP/1.1" 200 6679
186.79.78.140 - - [05/Sep/2018:09:33:25 -0300] "GET /cormun/servlet/solicitudot?a19ff7bf1cd7877bc047286b5f751f68dde67902b251e0c0eb56a2c514f5b8bc360970828d90aa2f8dc0f5d7f203ef3c,gx-no-cache=1536150726793 HTTP/1.1" 200 30
186.79.78.140 - - [05/Sep/2018:09:33:33 -0300] "GET /cormun/servlet/solicitudot?a19ff7bf1cd7877bc047286b5f751f681c3f2d009054f1bb869cf115c9166e0d,gx-no-cache=1536150735230 HTTP/1.1" 200 43
186.79.78.140 - - [05/Sep/2018:09:33:34 -0300] "POST /cormun/servlet/solicitudot?gx-no-cache=1536150736067 HTTP/1.1" 200 297
186.79.78.140 - - [05/Sep/2018:09:33:42 -0300] "GET /cormun/servlet/solicitudot?a19ff7bf1cd7877bc047286b5f751f6838037607bec24472cc49681b0d70ced127ad24177fcfeb0b9a054fdf8c4a6b3172a44fb86aeef737dd704a2223f72ae8d8a37f9e2ccc46a64366b123dcae50f69711516e4fe933ecb2226ebc9013ee16e57e28512855f3d883f403d4aa065a67e855a9253b72f476f218671ed3d07a56263321f9658169a81da82067326b78af6b0b5e74b5a1bb6ba96319763fc67bd03bf978555b2a22a954e49d70005e93be079368960b4e51a29e7ea48b3646cedd775ad7ed0f4715f6747e5f0428c7be13a2e0fb3e90b633f39adcf0082a9f41d347959a666960dc5e9ccc7beaf33491fbae6900371f819ea54f28d5a149f9c116691af9452c48c82e1c40d2c2692557595e12aa4e9af030a73f2dff3910c0c890a48affa850a297669a9588836fff81dad520ce666b10e003e0241e161e8f81c44742e7f132510267bdb7ba5217cfaa1c762e0035df4f22fc579387e76581a2ed0b630a7b3747dfa512cbb8ccde2d85951ed79fd00b23178f7d2219a612dad0c64a208590c7004f1334ef014de4656da7,gx-no-cache=1536150744114 HTTP/1.1" 200 30
186.79.78.140 - - [05/Sep/2018:09:33:50 -0300] "POST /cormun/servlet/solicitudot?gx-no-cache=1536150752431 HTTP/1.1" 200 30
186.79.78.140 - - [05/Sep/2018:09:34:32 -0300] "GET /cormun/servlet/prlicenciaspermisos?17107585,L,,MD,,gxPopupLevel%3D0%3B HTTP/1.1" 200 5824
186.79.78.140 - - [05/Sep/2018:09:34:32 -0300] "GET /cormun/static/gxcfg.js?20176272053834 HTTP/1.1" 200 953
186.79.78.140 - - [05/Sep/2018:09:34:32 -0300] "GET /cormun/static/prlicenciaspermisos.js?20176272054050 HTTP/1.1" 200 13379
186.79.78.140 - - [05/Sep/2018:09:34:36 -0300] "POST /cormun/servlet/solicitudot?gx-no-cache=1536150798079 HTTP/1.1" 200 1376
186.79.78.140 - - [05/Sep/2018:09:34:45 -0300] "POST /cormun/servlet/solicitudot?gx-no-cache=1536150807260 HTTP/1.1" 200 30
