186.79.78.140 - - [05/Sep/2018:09:18:46 -0300] "POST /cormun/servlet/solicitudot?gx-no-cache=1536149848250 HTTP/1.1" 200 255
192.168.10.96 - - [05/Sep/2018:09:18:48 -0300] "GET /cormun/servlet/trsolicitudgral? HTTP/1.1" 200 10636
192.168.10.96 - - [05/Sep/2018:09:18:48 -0300] "GET /cormun/servlet/trsolicitudgral? HTTP/1.1" 200 10635
186.79.78.140 - - [05/Sep/2018:09:18:49 -0300] "GET /cormun/servlet/solicitudot?a19ff7bf1cd7877bc047286b5f751f6838037607bec24472cc49681b0d70ced1bdd75d1172156546333c81474e16bad172a44fb86aeef737dd704a2223f72ae8d8a37f9e2ccc46a64366b123dcae50f69711516e4fe933ecb2226ebc9013ee16e57e28512855f3d883f403d4aa065a67e855a9253b72f476f218671ed3d07a56263321f9658169a81da82067326b78af6b0b5e74b5a1bb6ba96319763fc67bd03bf978555b2a22a954e49d70005e93be079368960b4e51a29e7ea48b3646cedd775ad7ed0f4715f6747e5f0428c7be13a2e0fb3e90b633f39adcf0082a9f41d347959a666960dc5e9ccc7beaf33491fbe7f0967c1f6dc94b6fb9bfc0d74329b4691af9452c48c82e1c40d2c2692557596f01ffdaebdd90cba86ae113e38a99259bfd750ae12306f44e826a664a2f2849687ac237c59b530563fe5d53b2627fc0d6e4bdc1587870fc9c45493d8729cde5d2d3634cda76017d68d4e8ad5220a250975192a9509c09d79a4184a87aad2114461152cc388f489b762e3cc637e88308,gx-no-cache=1536149851080 HTTP/1.1" 200 30
192.168.10.96 - - [05/Sep/2018:09:18:50 -0300] "GET /cormun/servlet/solicitudgral3?UPD,2018,12037, HTTP/1.1" 200 13927
192.168.10.96 - - [05/Sep/2018:09:18:50 -0300] "GET /cormun/static/gxcfg.js?20181911363991 HTTP/1.1" 200 953
192.168.10.96 - - [05/Sep/2018:09:18:50 -0300] "GET /cormun/static/solicitudgral3.js?20181911364079 HTTP/1.1" 200 45896
192.168.10.96 - - [05/Sep/2018:09:18:51 -0300] "GET /cormun/servlet/solicitudgral3?UPD,2018,12037, HTTP/1.1" 200 13938
192.168.10.96 - - [05/Sep/2018:09:18:51 -0300] "POST /cormun/servlet/solicitudgral3?gx-no-cache=1536149704975 HTTP/1.1" 200 4177
192.168.10.96 - - [05/Sep/2018:09:18:51 -0300] "GET /cormun/static/Shared/jqueryui/images/ui-icons_ebccce_256x240.png HTTP/1.1" 404 1089
192.168.10.96 - - [05/Sep/2018:09:18:51 -0300] "GET /cormun/static/Shared/jqueryui/images/ui-bg_flat_55_994d53_40x100.png HTTP/1.1" 404 1097
192.168.10.96 - - [05/Sep/2018:09:18:51 -0300] "GET /cormun/static/Shared/jqueryui/images/ui-bg_highlight-soft_100_c6c2c8_1x100.png HTTP/1.1" 404 1117
192.168.10.96 - - [05/Sep/2018:09:18:51 -0300] "GET /cormun/static/Shared/jqueryui/images/ui-icons_82798d_256x240.png HTTP/1.1" 404 1089
192.168.10.96 - - [05/Sep/2018:09:18:52 -0300] "GET /cormun/servlet/solicitudgral3?e09fcaaac53a9398a1540b745a10614258043aa0201b88acf6fd2289b21eb1dd787e65684e621fced228ecde4e89c70ade2b6afea5cd44d1580eae9bae97a560a6682eede8e462983a4652bc50bcb28c9e024745b5e4094ed06ecf2135b9741b289591d5f4f88d2c539b461b851f298c9d3918a92ad208029531617d6268043a9c19f720ac912c783d8a755c7b907222bfdc66206806a1907d7cb18aa897bc0a9db7f1cc99ad8d220ed8837da0b9fe755b052775b3784483ef003742456ceaa43907ab5b60f9021a874ce8b291f731cf8b786fd44077f302aaf3ec5b1a62e1b752f928b3993e8a9a884c014ccfae4a63680499e1739c697fdc2424d8ea3644beefb2d6775d209af6c953ca62fd67693ab25a34dc64c04d71f142ee212cb610922168854995d660a95bf499ec3bcbc2e6e096b71364a3af5c075b08403dab04baebaadfd2ad85e8be3639848e2b7340af,gx-no-cache=1536149705315 HTTP/1.1" 200 240
192.168.10.96 - - [05/Sep/2018:09:18:52 -0300] "POST /cormun/servlet/solicitudgral3?gx-no-cache=1536149705355 HTTP/1.1" 200 1440
192.168.10.96 - - [05/Sep/2018:09:18:52 -0300] "GET /cormun/servlet/solicitudgral3?e09fcaaac53a9398a1540b745a106142543099a39f095a0ecf4e7fca2b68921a291e960c0488389626e540f49bc840a5f9e218ab128b5b58dcee3f51f42c592ffcb04b17623fab3fe6470efbf263bd1a9846299f34b30cb254c82723e527d1eff021b260c29776a5364eb4e0f01928d655af6542e4c5769e973e7ffb254380d9,gx-no-cache=1536149705458 HTTP/1.1" 200 41
192.168.10.96 - - [05/Sep/2018:09:19:03 -0300] "POST /cormun/servlet/solicitudgral3?501c86a589956c5d6219c93348f15577,UPD,2018,12037,,gx-no-cache=1536149716238 HTTP/1.1" 200 93
192.168.10.96 - - [05/Sep/2018:09:19:03 -0300] "GET /cormun/servlet/hpexe_return? HTTP/1.1" 200 1014
192.168.10.96 - - [05/Sep/2018:09:19:03 -0300] "GET /cormun/servlet/trsolicitudgral HTTP/1.1" 200 10639
192.168.10.96 - - [05/Sep/2018:09:19:03 -0300] "GET /cormun/servlet/trsolicitudgral HTTP/1.1" 200 10635
186.79.78.140 - - [05/Sep/2018:09:19:04 -0300] "POST /cormun/servlet/solicitudot?gx-no-cache=1536149865657 HTTP/1.1" 200 30
186.79.78.140 - - [05/Sep/2018:09:19:06 -0300] "POST /cormun/servlet/solicitudot?gx-no-cache=1536149867836 HTTP/1.1" 200 1374
186.79.78.140 - - [05/Sep/2018:09:19:06 -0300] "POST /cormun/servlet/solicitudot?gx-no-cache=1536149868065 HTTP/1.1" 200 38
192.168.10.96 - - [05/Sep/2018:09:19:13 -0300] "GET /cormun/servlet/solicitudgral3?UPD,2018,12037, HTTP/1.1" 200 13927
192.168.10.96 - - [05/Sep/2018:09:19:13 -0300] "GET /cormun/servlet/solicitudgral3?UPD,2018,12037, HTTP/1.1" 200 13938
192.168.10.96 - - [05/Sep/2018:09:19:13 -0300] "POST /cormun/servlet/solicitudgral3?gx-no-cache=1536149727114 HTTP/1.1" 200 4177
192.168.10.96 - - [05/Sep/2018:09:19:14 -0300] "GET /cormun/static/Shared/jqueryui/images/ui-bg_highlight-soft_100_c6c2c8_1x100.png HTTP/1.1" 404 1117
192.168.10.96 - - [05/Sep/2018:09:19:14 -0300] "GET /cormun/static/Shared/jqueryui/images/ui-icons_82798d_256x240.png HTTP/1.1" 404 1089
192.168.10.96 - - [05/Sep/2018:09:19:14 -0300] "GET /cormun/static/Shared/jqueryui/images/ui-bg_flat_55_994d53_40x100.png HTTP/1.1" 404 1097
192.168.10.96 - - [05/Sep/2018:09:19:14 -0300] "GET /cormun/static/Shared/jqueryui/images/ui-icons_ebccce_256x240.png HTTP/1.1" 404 1089
192.168.10.96 - - [05/Sep/2018:09:19:14 -0300] "GET /cormun/servlet/solicitudgral3?e09fcaaac53a9398a1540b745a10614258043aa0201b88acf6fd2289b21eb1dd787e65684e621fced228ecde4e89c70ade2b6afea5cd44d1580eae9bae97a560a6682eede8e462983a4652bc50bcb28c9e024745b5e4094ed06ecf2135b9741b289591d5f4f88d2c539b461b851f298c9d3918a92ad208029531617d6268043a9c19f720ac912c783d8a755c7b907222bfdc66206806a1907d7cb18aa897bc0a9db7f1cc99ad8d220ed8837da0b9fe755b052775b3784483ef003742456ceaa43907ab5b60f9021a874ce8b291f731cf8b786fd44077f302aaf3ec5b1a62e1b752f928b3993e8a9a884c014ccfae4a63680499e1739c697fdc2424d8ea3644beefb2d6775d209af6c953ca62fd67693ab25a34dc64c04d71f142ee212cb610922168854995d660a95bf499ec3bcbc2e6e096b71364a3af5c075b08403dab04baebaadfd2ad85e8be3639848e2b7340af,gx-no-cache=1536149727245 HTTP/1.1" 200 240
192.168.10.96 - - [05/Sep/2018:09:19:14 -0300] "POST /cormun/servlet/solicitudgral3?gx-no-cache=1536149727364 HTTP/1.1" 200 1440
192.168.10.96 - - [05/Sep/2018:09:19:14 -0300] "GET /cormun/servlet/solicitudgral3?e09fcaaac53a9398a1540b745a106142543099a39f095a0ecf4e7fca2b68921a291e960c0488389626e540f49bc840a5f9e218ab128b5b58dcee3f51f42c592ffcb04b17623fab3fe6470efbf263bd1a9846299f34b30cb254c82723e527d1eff021b260c29776a5364eb4e0f01928d655af6542e4c5769e973e7ffb254380d9,gx-no-cache=1536149727466 HTTP/1.1" 200 41
192.168.10.96 - - [05/Sep/2018:09:19:14 -0300] "POST /cormun/servlet/solicitudgral3?501c86a589956c5d6219c93348f15577,UPD,2018,12037,,gx-no-cache=1536149728025 HTTP/1.1" 200 12341
192.168.10.96 - - [05/Sep/2018:09:19:14 -0300] "GET /cormun/servlet/solicitudgral3?e09fcaaac53a9398a1540b745a10614255c0f7935d011376067bd10210c8a984a6f77963420ad92c48ccc32cd9cb1722dd87addf72dd2b39aa3882aef133840cde15a5c18f16fee24e3205edc7310637fae49476b2cca3e31afd82d414a812839210a0a3e117614091fe9cb1051edb7ea7f581852770a8e375e01063a214ff59fab803ca8b049cb09599a446fc5fc2fa766648736c923d6c18877dbc90688810,gx-no-cache=1536149728202 HTTP/1.1" 200 29
192.168.10.96 - - [05/Sep/2018:09:19:15 -0300] "POST /cormun/servlet/solicitudgral3?gx-no-cache=1536149728229 HTTP/1.1" 200 1334
192.168.10.96 - - [05/Sep/2018:09:19:15 -0300] "POST /cormun/servlet/solicitudgral3?gx-no-cache=1536149728278 HTTP/1.1" 200 1258
192.168.10.96 - - [05/Sep/2018:09:19:20 -0300] "GET /cormun/servlet/solicitudgral3?e09fcaaac53a9398a1540b745a106142daa70009d18d4a5e52217edb011154b5674fd066eb6c4f286ad6726e0c4275173d69a84f2f610db30cdb992bb73777d6de2b6afea5cd44d1580eae9bae97a5602bbfc4ba9e63161c93fbf7fdbc90ed98572f3a6cf6b285076fa7f51a9912ab045741743700e401e55a28fab875328c75,gx-no-cache=1536149733757 HTTP/1.1" 200 30
192.168.10.96 - - [05/Sep/2018:09:19:20 -0300] "POST /cormun/servlet/solicitudgral3?501c86a589956c5d6219c93348f15577,UPD,2018,12037,,gx-no-cache=1536149733775 HTTP/1.1" 200 12643
192.168.10.96 - - [05/Sep/2018:09:19:26 -0300] "GET /cormun/servlet/wbsecusr01? HTTP/1.1" 200 4333
192.168.10.96 - - [05/Sep/2018:09:19:26 -0300] "GET /cormun/static/gxcfg.js?201610171618599 HTTP/1.1" 200 953
192.168.10.96 - - [05/Sep/2018:09:19:26 -0300] "GET /cormun/static/Resources/PXToolsMenuSearch.png HTTP/1.1" 200 2914
192.168.10.96 - - [05/Sep/2018:09:19:26 -0300] "GET /cormun/static/Resources/PXToolsMenuSearchCancel.png HTTP/1.1" 200 2972
192.168.10.96 - - [05/Sep/2018:09:19:26 -0300] "GET /cormun/static/menusearch.js?201610171694467 HTTP/1.1" 200 1424
192.168.10.96 - - [05/Sep/2018:09:19:26 -0300] "GET /cormun/static/hmpwkw011.js?20177612121862 HTTP/1.1" 200 1968
192.168.10.96 - - [05/Sep/2018:09:19:26 -0300] "GET /cormun/static/wbsecusr01.js?2016101716185938 HTTP/1.1" 200 4681
192.168.10.96 - - [05/Sep/2018:09:19:31 -0300] "GET /cormun/servlet/hhome HTTP/1.1" 200 4716
192.168.10.96 - - [05/Sep/2018:09:19:31 -0300] "GET /cormun/servlet/hhome HTTP/1.1" 200 4715
192.168.10.96 - - [05/Sep/2018:09:19:37 -0300] "GET /cormun/servlet/trsolicitudgral? HTTP/1.1" 200 10638
192.168.10.96 - - [05/Sep/2018:09:19:38 -0300] "GET /cormun/servlet/trsolicitudgral? HTTP/1.1" 200 10635
186.103.159.44 - - [05/Sep/2018:09:19:38 -0300] "GET /cormun/servlet/licenciaspermisos?291ce37c4b809a6f46b4be3f23fed94e6c62cde5a3a0a84045ddcadb950730a7cd28d27bce513fd8201155377c4225b7,gx-no-cache=1536149900315 HTTP/1.1" 200 97
186.103.159.44 - - [05/Sep/2018:09:19:38 -0300] "POST /cormun/servlet/licenciaspermisos?e15a7f5fd92bb58097cda93ca901fdb0,INS,0,,,,gx-no-cache=1536149900379 HTTP/1.1" 200 4889
192.168.10.96 - - [05/Sep/2018:09:19:38 -0300] "GET /cormun/servlet/hlogin HTTP/1.1" 200 1736
192.168.10.96 - - [05/Sep/2018:09:19:45 -0300] "POST /cormun/servlet/hlogin?501c86a589956c5d6219c93348f15577,gx-no-cache=1536149758356 HTTP/1.1" 200 90
192.168.10.96 - - [05/Sep/2018:09:19:45 -0300] "GET /cormun/servlet/hpexe_link HTTP/1.1" 200 955
192.168.10.96 - - [05/Sep/2018:09:19:45 -0300] "GET /cormun/servlet/trsolicitudgral HTTP/1.1" 200 10637
192.168.10.96 - - [05/Sep/2018:09:19:45 -0300] "GET /cormun/servlet/trsolicitudgral HTTP/1.1" 200 10635
192.168.10.96 - - [05/Sep/2018:09:19:54 -0300] "GET /cormun/servlet/hlogin HTTP/1.1" 200 1734
192.168.10.96 - - [05/Sep/2018:09:20:05 -0300] "POST /cormun/servlet/hlogin?501c86a589956c5d6219c93348f15577,gx-no-cache=1536149778729 HTTP/1.1" 200 90
192.168.10.96 - - [05/Sep/2018:09:20:05 -0300] "GET /cormun/servlet/hpexe_link HTTP/1.1" 200 949
192.168.10.96 - - [05/Sep/2018:09:20:05 -0300] "GET /cormun/servlet/hhome HTTP/1.1" 200 4194
192.168.10.96 - - [05/Sep/2018:09:20:05 -0300] "GET /cormun/servlet/hhome HTTP/1.1" 200 4190
192.168.10.96 - - [05/Sep/2018:09:20:08 -0300] "GET /cormun/servlet/trsolicitudot? HTTP/1.1" 200 8851
192.168.10.96 - - [05/Sep/2018:09:20:08 -0300] "GET /cormun/servlet/trsolicitudot? HTTP/1.1" 200 8851
201.215.248.34 - - [05/Sep/2018:09:20:09 -0300] "GET /cormun/servlet/solicitudot?a19ff7bf1cd7877bc047286b5f751f68b1b1ec27a62f00bfc631958623eba909ae8e6731bc27937e16483e40604275947cedf2ee9e105fe10073d34150a5be4e7ca32307ced7bf91969fbaa7bac6ba12d39e5b5aa0cce62f9d907646d0ae8a5b183b78ddeb75c1c9aca5faf9446ad796,gx-no-cache=1536149930688 HTTP/1.1" 200 29
201.215.248.34 - - [05/Sep/2018:09:20:09 -0300] "POST /cormun/servlet/solicitudot?gx-no-cache=1536149931011 HTTP/1.1" 200 1357
201.215.248.34 - - [05/Sep/2018:09:20:09 -0300] "POST /cormun/servlet/solicitudot?gx-no-cache=1536149931134 HTTP/1.1" 200 1254
192.168.10.96 - - [05/Sep/2018:09:20:10 -0300] "POST /cormun/servlet/trsolicitudot?501c86a589956c5d6219c93348f15577,,gx-no-cache=1536149783782 HTTP/1.1" 200 106
192.168.10.96 - - [05/Sep/2018:09:20:10 -0300] "GET /cormun/servlet/solicitudot?UPD,2018,12037, HTTP/1.1" 200 14175
192.168.10.96 - - [05/Sep/2018:09:20:10 -0300] "GET /cormun/static/gxcfg.js?201812313224582 HTTP/1.1" 200 953
192.168.10.96 - - [05/Sep/2018:09:20:10 -0300] "GET /cormun/static/solicitudot.js?201812313224831 HTTP/1.1" 200 72336
192.168.10.96 - - [05/Sep/2018:09:20:11 -0300] "GET /cormun/servlet/solicitudot?UPD,2018,12037, HTTP/1.1" 200 14184
192.168.10.96 - - [05/Sep/2018:09:20:11 -0300] "POST /cormun/servlet/solicitudot?gx-no-cache=1536149784869 HTTP/1.1" 200 3460
192.168.10.96 - - [05/Sep/2018:09:20:11 -0300] "POST /cormun/servlet/solicitudot?501c86a589956c5d6219c93348f15577,UPD,2018,12037,,gx-no-cache=1536149785010 HTTP/1.1" 200 10710
192.168.10.96 - - [05/Sep/2018:09:20:12 -0300] "GET /cormun/servlet/solicitudot?e09fcaaac53a9398a1540b745a1061423a9740db7ecda51b10354ec8fb6d6413cb729bb168e600e88e693a4640e627b8,gx-no-cache=1536149785231 HTTP/1.1" 200 30
192.168.10.96 - - [05/Sep/2018:09:20:12 -0300] "GET /cormun/servlet/solicitudot?e09fcaaac53a9398a1540b745a106142841e4111eb2fdaa6d1540d7f77b78f83ffc0309768aa3a9411a90925fdb84371,gx-no-cache=1536149785276 HTTP/1.1" 200 30
192.168.10.96 - - [05/Sep/2018:09:20:12 -0300] "GET /cormun/servlet/solicitudot?e09fcaaac53a9398a1540b745a10614254fae2eff311d37bb101533193da80c569a61a70856866b74d5e77c374c54b0d35b4294852ccd3379edbc32f1996395a,gx-no-cache=1536149785302 HTTP/1.1" 200 53
192.168.10.96 - - [05/Sep/2018:09:20:12 -0300] "POST /cormun/servlet/solicitudot?gx-no-cache=1536149785330 HTTP/1.1" 200 240
192.168.10.96 - - [05/Sep/2018:09:20:12 -0300] "GET /cormun/servlet/solicitudot?e09fcaaac53a9398a1540b745a106142fb41e62d894aa573ee4bf43e5de28925af39a37aceb2c06e5bc682b480e929fdb98d95ae39c258dba1607680efc4fcd7049dba4cb8b91414633e2e9e9e53de943ef3e6db6afc79a733b2ea42ecbe8bae9b0d26da3ecbbf02b4ac1e32f3c2e1a300cf1593fca3665c74618724ef64cf248c8d27dc7668a4a383d5ac4de444213fa57509d15f029e4dbdcc642158a164b6c9cec1cb9f8c50f8a92135551219f5ba0b470fd35a3d89275b22bb7cb5d67da282de596b00af46468bde5a72c6fb4182e3e79f3671e46d01d84b9fe66f01091e7424540bc479fd77ba0fdb48bae7d0082428081a02ba831007b7020c68cb0211d4c5efc7c9e9b2187442ee99c25fd2cac37f335da3d300711cdc5270e8ec7aa9c3bfa398abe85b100bab4325e3215a782035298302f4abea22f9d6fedfd9e1616549dca8616cf41c09a49146530f5c8045c4f91c1aa2ab18e9ce19239337f8fbd5dd23c32205673d4fc4973ad1203e09b9ef1138f170f856df667ac7979759b6,gx-no-cache=1536149785362 HTTP/1.1" 200 30
192.168.10.96 - - [05/Sep/2018:09:20:12 -0300] "POST /cormun/servlet/solicitudot?gx-no-cache=1536149785395 HTTP/1.1" 200 30
192.168.10.96 - - [05/Sep/2018:09:20:12 -0300] "POST /cormun/servlet/solicitudot?gx-no-cache=1536149785443 HTTP/1.1" 200 216
192.168.10.96 - - [05/Sep/2018:09:20:12 -0300] "POST /cormun/servlet/solicitudot?gx-no-cache=1536149785530 HTTP/1.1" 200 41
192.168.10.96 - - [05/Sep/2018:09:20:12 -0300] "GET /cormun/servlet/solicitudot?e09fcaaac53a9398a1540b745a10614255c0f7935d011376067bd10210c8a984a6f77963420ad92c48ccc32cd9cb1722dd87addf72dd2b39aa3882aef133840cde15a5c18f16fee24e3205edc7310637fae49476b2cca3e31afd82d414a812839210a0a3e117614091fe9cb1051edb7ea7f581852770a8e375e01063a214ff59fab803ca8b049cb09599a446fc5fc2fa766648736c923d6c18877dbc90688810,gx-no-cache=1536149785589 HTTP/1.1" 200 29
192.168.10.96 - - [05/Sep/2018:09:20:12 -0300] "GET /cormun/servlet/solicitudot?e09fcaaac53a9398a1540b745a10614211d8be03411cd34c96fedcb7088ae0b3a6f77963420ad92c48ccc32cd9cb17224158c51ddb057dcc39f3c82e67b4d6943112c7d0bd85cfcf42dde35ac93559262f2af2b92336679a9b06fac48a97c5909a389c443a282767f889b6d3cd6f9f84be3cdc2095b33921db67178b13649dbd161b82bbeb7165bef172ec8f0a45721ffdf70aa11887dce73e3a5aa4d027ed505479d24dc3ebd0bc1281c504963fe636f1399566ce74f5e9e433cf63c3be8b2d44b9891e4319daa5a77c228d130900c1a6c455655654f9c9fa9b9abbbbabca91dd5bbb804eaa2889ea7eabcbc9e44a883f4096b49e3908e2042fbdc35924332eba26979e907b289dd380d9b122fb7751d225acf6921ff03e31654cf3e7832f9081653e903568f5d57f0a08a269c3b98c6a55c5f68c050d42319aa4971d15306537da8068f16744bec5cb249975872f78f3c87a8c5247c90f2587c2fb25f94a07b82b7faa49c670bccbe14c8ff4dfef5019a829d348774e5e53f8eb24c3e3c230a05fa77af9867f034d7e3f3763a259c4b3f4e207a14b8853c8b09e5fc6af3da7b7abd678a2eb78be5597e2a6f69f21dd579d61c94d30543629f9f713b6e191854bcb1f7ef838aafa807f336f0aee2511a6dbcd853ff529b3df4529ead82a94767b824280dbbfb1b322f2f8d356f4da7a5701d2ffcf452c9fba5abd9f3dacbdc2142a30d0cc70dceeecf149a793188045,gx-no-cache=1536149785617 HTTP/1.1" 200 197
192.168.10.96 - - [05/Sep/2018:09:20:12 -0300] "GET /cormun/servlet/solicitudot?b6c7b9eedbd5f364af2737107510f5befc49693a810ebcf812aab3c8877ad66cd5f00be3b09cc9a7b4c4b164a0318f65de2b6afea5cd44d1580eae9bae97a560816dc0f86f9dc7494da838eb99b7859b,gx-no-cache=1536149785646 HTTP/1.1" 200 55
192.168.10.96 - - [05/Sep/2018:09:20:12 -0300] "GET /cormun/servlet/solicitudot?e09fcaaac53a9398a1540b745a106142489cade6ad3d811f9953088137ab9be7147397f7ace719876b1de22ee6241c79,gx-no-cache=1536149785667 HTTP/1.1" 200 134
192.168.10.96 - - [05/Sep/2018:09:20:12 -0300] "GET /cormun/static/Shared/jqueryui/images/ui-bg_highlight-soft_100_c6c2c8_1x100.png HTTP/1.1" 404 1117
192.168.10.96 - - [05/Sep/2018:09:20:12 -0300] "GET /cormun/static/Shared/jqueryui/images/ui-icons_82798d_256x240.png HTTP/1.1" 404 1089
192.168.10.96 - - [05/Sep/2018:09:20:12 -0300] "GET /cormun/static/Shared/jqueryui/images/ui-bg_flat_55_994d53_40x100.png HTTP/1.1" 404 1097
192.168.10.96 - - [05/Sep/2018:09:20:12 -0300] "GET /cormun/static/Shared/jqueryui/images/ui-icons_ebccce_256x240.png HTTP/1.1" 404 1089
192.168.10.96 - - [05/Sep/2018:09:20:12 -0300] "POST /cormun/servlet/solicitudot?gx-no-cache=1536149785703 HTTP/1.1" 200 34
192.168.10.96 - - [05/Sep/2018:09:20:23 -0300] "GET /cormun/servlet/solicitudot?e09fcaaac53a9398a1540b745a106142dd1cf309bd08b3d5505de4af288dd94e97a9ca0677a55b70cc0b626205ae970b,gx-no-cache=1536149796986 HTTP/1.1" 200 30
192.168.10.96 - - [05/Sep/2018:09:20:32 -0300] "POST /cormun/servlet/solicitudot?gx-no-cache=1536149805507 HTTP/1.1" 200 120
201.215.248.34 - - [05/Sep/2018:09:20:33 -0300] "GET /cormun/static/menuarrow.gif HTTP/1.1" 404 1015
201.215.248.34 - - [05/Sep/2018:09:20:36 -0300] "GET /cormun/servlet/solicitudot?a19ff7bf1cd7877bc047286b5f751f6835d0645ad720d6d545923eeb641c2c731ca7e5bfe00f5da6c9b2680f828a8f9f,gx-no-cache=1536149957875 HTTP/1.1" 200 30
192.168.10.96 - - [05/Sep/2018:09:20:41 -0300] "GET /cormun/static/Resources/resize.gif HTTP/1.1" 200 77
192.168.10.96 - - [05/Sep/2018:09:20:41 -0300] "GET /cormun/servlet/prlicenciaspermisos?7730073,L,,MD,,gxPopupLevel%3D0%3B HTTP/1.1" 200 7833
192.168.10.96 - - [05/Sep/2018:09:20:41 -0300] "GET /cormun/static/gxcfg.js?20176272053834 HTTP/1.1" 200 953
192.168.10.96 - - [05/Sep/2018:09:20:41 -0300] "GET /cormun/static/prlicenciaspermisos.js?20176272054050 HTTP/1.1" 200 13379
201.215.248.34 - - [05/Sep/2018:09:20:42 -0300] "POST /cormun/servlet/solicitudot?gx-no-cache=1536149964390 HTTP/1.1" 200 30
192.168.10.96 - - [05/Sep/2018:09:20:45 -0300] "POST /cormun/servlet/solicitudot?gx-no-cache=1536149818515 HTTP/1.1" 200 41
192.168.10.96 - - [05/Sep/2018:09:20:45 -0300] "GET /cormun/servlet/solicitudot?e09fcaaac53a9398a1540b745a10614211d8be03411cd34c96fedcb7088ae0b3a6f77963420ad92c48ccc32cd9cb17224158c51ddb057dcc39f3c82e67b4d6943112c7d0bd85cfcf42dde35ac93559262f2af2b92336679a9b06fac48a97c5909a389c443a282767f889b6d3cd6f9f84be3cdc2095b33921db67178b13649dbd161b82bbeb7165bef172ec8f0a45721ffdf70aa11887dce73e3a5aa4d027ed505479d24dc3ebd0bc1281c504963fe636f1399566ce74f5e9e433cf63c3be8b2d44b9891e4319daa5a77c228d130900c1a6c455655654f9c9fa9b9abbbbabca91dd5bbb804eaa2889ea7eabcbc9e44a883f4096b49e3908e2042fbdc35924332eba26979e907b289dd380d9b122fb7751d225acf6921ff03e31654cf3e7832f9081653e903568f5d57f0a08a269c3b98c6a55c5f68c050d42319aa4971d15306537da8068f16744bec5cb249975872f78f3c87a8c5247c90f2587c2fb25f94a07b82b7faa49c670bccbe14c8ff4dfef5019a829d348774e5e53f8eb24c3e3c230a05fa77af9867f034d7e3f3763a259c4b3f4e207a14b8853c8b09e5fc6af3da7b7abd678a2eb78be5597e2a6f69f21dd579d61c94d30543629f9f713b6e191854bcb1f7ef838aafa807f336f0aee2511a6dbcd853ff529b3df4529ead82a94767b824280dbbfb1b322f2f8d356f4da7a5701d2ffcf452c9fba5abd9f3dacbdc2142a30d0cc70dceeecf149a793188045,gx-no-cache=1536149818562 HTTP/1.1" 200 197
192.168.10.96 - - [05/Sep/2018:09:20:45 -0300] "GET /cormun/servlet/solicitudot?b6c7b9eedbd5f364af2737107510f5befc49693a810ebcf812aab3c8877ad66cd5f00be3b09cc9a7b4c4b164a0318f65de2b6afea5cd44d1580eae9bae97a560816dc0f86f9dc7494da838eb99b7859b,gx-no-cache=1536149818644 HTTP/1.1" 200 55
192.168.10.96 - - [05/Sep/2018:09:20:52 -0300] "POST /cormun/servlet/solicitudot?501c86a589956c5d6219c93348f15577,UPD,2018,12037,,gx-no-cache=1536149825527 HTTP/1.1" 200 93
192.168.10.96 - - [05/Sep/2018:09:20:52 -0300] "GET /cormun/servlet/hpexe_return? HTTP/1.1" 200 1012
192.168.10.96 - - [05/Sep/2018:09:20:52 -0300] "GET /cormun/servlet/trsolicitudot HTTP/1.1" 200 8853
192.168.10.96 - - [05/Sep/2018:09:20:52 -0300] "GET /cormun/servlet/trsolicitudot HTTP/1.1" 200 8851
192.168.10.96 - - [05/Sep/2018:09:20:58 -0300] "POST /cormun/servlet/trsolicitudot?501c86a589956c5d6219c93348f15577,gx-no-cache=1536149831875 HTTP/1.1" 200 4711
192.168.10.96 - - [05/Sep/2018:09:20:58 -0300] "GET /cormun/static/Shared/jqueryui/images/ui-icons_82798d_256x240.png HTTP/1.1" 404 1089
192.168.10.96 - - [05/Sep/2018:09:20:58 -0300] "GET /cormun/static/Shared/jqueryui/images/ui-bg_highlight-soft_100_c6c2c8_1x100.png HTTP/1.1" 404 1117
192.168.10.96 - - [05/Sep/2018:09:20:58 -0300] "GET /cormun/static/Shared/jqueryui/images/ui-bg_flat_55_fafafa_40x100.png HTTP/1.1" 404 1097
192.168.10.96 - - [05/Sep/2018:09:20:58 -0300] "GET /cormun/static/Shared/jqueryui/images/ui-icons_8d78a5_256x240.png HTTP/1.1" 404 1089
192.168.10.96 - - [05/Sep/2018:09:20:58 -0300] "POST /cormun/servlet/trsolicitudot?501c86a589956c5d6219c93348f15577,gx-no-cache=1536149832060 HTTP/1.1" 200 4450
192.168.10.96 - - [05/Sep/2018:09:21:01 -0300] "GET /cormun/servlet/trautorizarsolicitud? HTTP/1.1" 200 8743
192.168.10.96 - - [05/Sep/2018:09:21:01 -0300] "GET /cormun/static/gxcfg.js?2017111423403364 HTTP/1.1" 200 953
192.168.10.96 - - [05/Sep/2018:09:21:01 -0300] "GET /cormun/static/trautorizarsolicitud.js?201711142340425 HTTP/1.1" 200 53910
192.168.10.96 - - [05/Sep/2018:09:21:01 -0300] "GET /cormun/servlet/trautorizarsolicitud? HTTP/1.1" 200 8743
192.168.10.96 - - [05/Sep/2018:09:21:03 -0300] "POST /cormun/servlet/trautorizarsolicitud?501c86a589956c5d6219c93348f15577,,gx-no-cache=1536149836666 HTTP/1.1" 200 4641
192.168.10.96 - - [05/Sep/2018:09:21:03 -0300] "GET /cormun/static/Shared/jqueryui/images/ui-bg_highlight-soft_100_c6c2c8_1x100.png HTTP/1.1" 404 1117
192.168.10.96 - - [05/Sep/2018:09:21:03 -0300] "GET /cormun/static/Shared/jqueryui/images/ui-icons_82798d_256x240.png HTTP/1.1" 404 1089
192.168.10.96 - - [05/Sep/2018:09:21:03 -0300] "GET /cormun/static/Shared/jqueryui/images/ui-bg_flat_55_fafafa_40x100.png HTTP/1.1" 404 1097
192.168.10.96 - - [05/Sep/2018:09:21:03 -0300] "GET /cormun/static/Shared/jqueryui/images/ui-icons_8d78a5_256x240.png HTTP/1.1" 404 1089
192.168.10.96 - - [05/Sep/2018:09:21:03 -0300] "POST /cormun/servlet/trautorizarsolicitud?501c86a589956c5d6219c93348f15577,,gx-no-cache=1536149836914 HTTP/1.1" 200 4383
186.67.164.142 - - [05/Sep/2018:09:21:06 -0300] "GET /cormun/servlet/trsolicitudot? HTTP/1.1" 200 10973
186.67.164.142 - - [05/Sep/2018:09:21:07 -0300] "GET /cormun/servlet/trsolicitudot? HTTP/1.1" 200 10973
192.168.10.96 - - [05/Sep/2018:09:21:07 -0300] "GET /cormun/servlet/wbsecusr01? HTTP/1.1" 200 4217
192.168.10.96 - - [05/Sep/2018:09:21:09 -0300] "GET /cormun/servlet/hlogin HTTP/1.1" 200 1733
186.67.164.142 - - [05/Sep/2018:09:21:14 -0300] "POST /cormun/servlet/trsolicitudot?a802fcb071b419987f49f9c8aeadc1fa,,gx-no-cache=1536149994683 HTTP/1.1" 200 8081
192.168.10.96 - - [05/Sep/2018:09:21:15 -0300] "POST /cormun/servlet/hlogin?501c86a589956c5d6219c93348f15577,gx-no-cache=1536149848467 HTTP/1.1" 200 90
192.168.10.96 - - [05/Sep/2018:09:21:15 -0300] "GET /cormun/servlet/hpexe_link HTTP/1.1" 200 949
192.168.10.96 - - [05/Sep/2018:09:21:15 -0300] "GET /cormun/servlet/hhome HTTP/1.1" 200 4716
192.168.10.96 - - [05/Sep/2018:09:21:15 -0300] "GET /cormun/servlet/hhome HTTP/1.1" 200 4715
186.67.164.142 - - [05/Sep/2018:09:21:16 -0300] "POST /cormun/servlet/trsolicitudot?a802fcb071b419987f49f9c8aeadc1fa,,gx-no-cache=1536149997581 HTTP/1.1" 200 8080
192.168.10.96 - - [05/Sep/2018:09:21:17 -0300] "GET /cormun/servlet/trsolicitudgral? HTTP/1.1" 200 9224
192.168.10.96 - - [05/Sep/2018:09:21:18 -0300] "GET /cormun/servlet/trsolicitudgral? HTTP/1.1" 200 9222
186.67.164.142 - - [05/Sep/2018:09:21:19 -0300] "GET /cormun/servlet/solicitudot?INS,0,0, HTTP/1.1" 200 13476
186.67.164.142 - - [05/Sep/2018:09:21:19 -0300] "GET /cormun/static/gxcfg.js?201812313224582 HTTP/1.1" 200 953
186.67.164.142 - - [05/Sep/2018:09:21:19 -0300] "GET /cormun/servlet/solicitudot?INS,0,0, HTTP/1.1" 200 13481
192.168.10.96 - - [05/Sep/2018:09:21:22 -0300] "POST /cormun/servlet/trsolicitudgral?501c86a589956c5d6219c93348f15577,,gx-no-cache=1536149855301 HTTP/1.1" 200 7337
192.168.10.96 - - [05/Sep/2018:09:21:24 -0300] "GET /cormun/servlet/solicitudgral3?UPD,2018,12037, HTTP/1.1" 200 13926
192.168.10.96 - - [05/Sep/2018:09:21:24 -0300] "GET /cormun/servlet/solicitudgral3?UPD,2018,12037, HTTP/1.1" 200 13937
192.168.10.96 - - [05/Sep/2018:09:21:25 -0300] "POST /cormun/servlet/solicitudgral3?gx-no-cache=1536149858573 HTTP/1.1" 200 4177
192.168.10.96 - - [05/Sep/2018:09:21:25 -0300] "GET /cormun/static/Shared/jqueryui/images/ui-bg_highlight-soft_100_c6c2c8_1x100.png HTTP/1.1" 404 1117
192.168.10.96 - - [05/Sep/2018:09:21:25 -0300] "GET /cormun/static/Shared/jqueryui/images/ui-icons_82798d_256x240.png HTTP/1.1" 404 1089
192.168.10.96 - - [05/Sep/2018:09:21:25 -0300] "GET /cormun/static/Shared/jqueryui/images/ui-icons_ebccce_256x240.png HTTP/1.1" 404 1089
192.168.10.96 - - [05/Sep/2018:09:21:25 -0300] "GET /cormun/static/Shared/jqueryui/images/ui-bg_flat_55_994d53_40x100.png HTTP/1.1" 404 1097
192.168.10.96 - - [05/Sep/2018:09:21:25 -0300] "GET /cormun/servlet/solicitudgral3?e09fcaaac53a9398a1540b745a10614258043aa0201b88acf6fd2289b21eb1dd787e65684e621fced228ecde4e89c70ade2b6afea5cd44d1580eae9bae97a560a6682eede8e462983a4652bc50bcb28c9e024745b5e4094ed06ecf2135b9741b289591d5f4f88d2c539b461b851f298c9d3918a92ad208029531617d6268043a9c19f720ac912c783d8a755c7b907222bfdc66206806a1907d7cb18aa897bc0a9db7f1cc99ad8d220ed8837da0b9fe755b052775b3784483ef003742456ceaa43907ab5b60f9021a874ce8b291f731cf8b786fd44077f302aaf3ec5b1a62e1b752f928b3993e8a9a884c014ccfae4a63680499e1739c697fdc2424d8ea3644beefb2d6775d209af6c953ca62fd67693ab25a34dc64c04d71f142ee212cb610922168854995d660a95bf499ec3bcbc2e6e096b71364a3af5c075b08403dab04baebaadfd2ad85e8be3639848e2b7340af,gx-no-cache=1536149858707 HTTP/1.1" 200 240
192.168.10.96 - - [05/Sep/2018:09:21:25 -0300] "POST /cormun/servlet/solicitudgral3?gx-no-cache=1536149858738 HTTP/1.1" 200 1440
192.168.10.96 - - [05/Sep/2018:09:21:25 -0300] "GET /cormun/servlet/solicitudgral3?e09fcaaac53a9398a1540b745a106142543099a39f095a0ecf4e7fca2b68921a291e960c0488389626e540f49bc840a5f9e218ab128b5b58dcee3f51f42c592ffcb04b17623fab3fe6470efbf263bd1a9846299f34b30cb254c82723e527d1eff021b260c29776a5364eb4e0f01928d655af6542e4c5769e973e7ffb254380d9,gx-no-cache=1536149858842 HTTP/1.1" 200 41
192.168.10.96 - - [05/Sep/2018:09:21:27 -0300] "POST /cormun/servlet/solicitudgral3?501c86a589956c5d6219c93348f15577,UPD,2018,12037,,gx-no-cache=1536149860277 HTTP/1.1" 200 12344
192.168.10.96 - - [05/Sep/2018:09:21:27 -0300] "GET /cormun/servlet/solicitudgral3?e09fcaaac53a9398a1540b745a10614255c0f7935d011376067bd10210c8a984a6f77963420ad92c48ccc32cd9cb1722dd87addf72dd2b39aa3882aef133840cde15a5c18f16fee24e3205edc7310637fae49476b2cca3e31afd82d414a812839210a0a3e117614091fe9cb1051edb7ea7f581852770a8e375e01063a214ff59fab803ca8b049cb09599a446fc5fc2fa766648736c923d6c18877dbc90688810,gx-no-cache=1536149860545 HTTP/1.1" 200 29
192.168.10.96 - - [05/Sep/2018:09:21:27 -0300] "POST /cormun/servlet/solicitudgral3?gx-no-cache=1536149860562 HTTP/1.1" 200 1334
192.168.10.96 - - [05/Sep/2018:09:21:27 -0300] "POST /cormun/servlet/solicitudgral3?gx-no-cache=1536149860606 HTTP/1.1" 200 1258
186.103.156.166 - - [05/Sep/2018:09:21:37 -0300] "POST /cormun/servlet/licenciaspermisosadjuntos?c6d45a80bff922c4a0d0e1abc1c56015,INS,17080289,L,20180905000000,, HTTP/1.1" 200 116
186.103.156.166 - - [05/Sep/2018:09:21:38 -0300] "GET /cormun/servlet/hpexe_return? HTTP/1.1" 200 1040
186.103.156.166 - - [05/Sep/2018:09:21:38 -0300] "GET /cormun/servlet/trlicenciaspermisosadjuntos?17080289,20180905000000,L, HTTP/1.1" 200 6712
186.103.156.166 - - [05/Sep/2018:09:21:39 -0300] "GET /cormun/servlet/trlicenciaspermisosadjuntos?17080289,20180905000000,L, HTTP/1.1" 200 6709
192.168.10.96 - - [05/Sep/2018:09:21:40 -0300] "GET /cormun/servlet/solicitudgral3?e09fcaaac53a9398a1540b745a106142daa70009d18d4a5e52217edb011154b5674fd066eb6c4f286ad6726e0c4275173d69a84f2f610db30cdb992bb73777d6de2b6afea5cd44d1580eae9bae97a5602bbfc4ba9e63161c93fbf7fdbc90ed98572f3a6cf6b285076fa7f51a9912ab045741743700e401e55a28fab875328c75,gx-no-cache=1536149873445 HTTP/1.1" 200 30
192.168.10.96 - - [05/Sep/2018:09:21:40 -0300] "POST /cormun/servlet/solicitudgral3?501c86a589956c5d6219c93348f15577,UPD,2018,12037,,gx-no-cache=1536149873466 HTTP/1.1" 200 12647
201.215.248.34 - - [05/Sep/2018:09:21:40 -0300] "POST /cormun/servlet/solicitudot?5b2ca529e58e3abdf671ec744f83a42c,INS,0,0,,gx-no-cache=1536150021759 HTTP/1.1" 200 93
201.215.248.34 - - [05/Sep/2018:09:21:40 -0300] "GET /cormun/servlet/hpexe_return? HTTP/1.1" 200 1004
201.215.248.34 - - [05/Sep/2018:09:21:41 -0300] "GET /cormun/servlet/trsolicitudot HTTP/1.1" 200 8812
192.168.10.96 - - [05/Sep/2018:09:21:41 -0300] "POST /cormun/servlet/solicitudgral3?501c86a589956c5d6219c93348f15577,UPD,2018,12037,,gx-no-cache=1536149874659 HTTP/1.1" 200 12711
192.168.10.96 - - [05/Sep/2018:09:21:41 -0300] "POST /cormun/servlet/solicitudgral3?501c86a589956c5d6219c93348f15577,UPD,2018,12037,,gx-no-cache=1536149874923 HTTP/1.1" 200 12765
201.215.248.34 - - [05/Sep/2018:09:21:42 -0300] "GET /cormun/servlet/trsolicitudot HTTP/1.1" 200 8808
186.67.164.142 - - [05/Sep/2018:09:21:43 -0300] "POST /cormun/servlet/solicitudot?gx-no-cache=1536150024218 HTTP/1.1" 200 3326
186.67.164.142 - - [05/Sep/2018:09:21:43 -0300] "POST /cormun/servlet/solicitudot?a802fcb071b419987f49f9c8aeadc1fa,INS,0,0,,gx-no-cache=1536150024425 HTTP/1.1" 200 10340
186.103.156.166 - - [05/Sep/2018:09:21:44 -0300] "POST /cormun/servlet/trlicenciaspermisosadjuntos?c6d45a80bff922c4a0d0e1abc1c56015,17080289,20180905000000,L,,gx-no-cache=1536153618108 HTTP/1.1" 200 90
186.103.156.166 - - [05/Sep/2018:09:21:45 -0300] "GET /cormun/servlet/hpexe_link HTTP/1.1" 200 982
192.168.10.96 - - [05/Sep/2018:09:21:46 -0300] "POST /cormun/servlet/solicitudgral3?501c86a589956c5d6219c93348f15577,UPD,2018,12037,,gx-no-cache=1536149879534 HTTP/1.1" 200 90
192.168.10.96 - - [05/Sep/2018:09:21:46 -0300] "GET /cormun/servlet/hpexe_link HTTP/1.1" 200 971
186.103.156.166 - - [05/Sep/2018:09:21:46 -0300] "GET /cormun/servlet/trlicencias HTTP/1.1" 200 12324
192.168.10.96 - - [05/Sep/2018:09:21:46 -0300] "GET /cormun/servlet/trsolicitudgral? HTTP/1.1" 200 10639
192.168.10.96 - - [05/Sep/2018:09:21:47 -0300] "GET /cormun/servlet/trsolicitudgral? HTTP/1.1" 200 10637
201.215.248.34 - - [05/Sep/2018:09:21:47 -0300] "GET /cormun/servlet/trcontratounov2? HTTP/1.1" 200 17590
186.103.156.166 - - [05/Sep/2018:09:21:49 -0300] "GET /cormun/servlet/trlicencias HTTP/1.1" 200 12349
201.215.248.34 - - [05/Sep/2018:09:21:49 -0300] "GET /cormun/servlet/trcontratounov2? HTTP/1.1" 200 17590
186.67.164.142 - - [05/Sep/2018:09:21:50 -0300] "GET /cormun/servlet/solicitudot?56b3bcf9141657f3faba31a29cac33f3c27eaa00b01ee2889f21918a3027f30f9653f1ab7aa3e73a6a555d18eb8510df,gx-no-cache=1536150031412 HTTP/1.1" 200 30
192.168.10.96 - - [05/Sep/2018:09:21:52 -0300] "GET /cormun/servlet/hlogin HTTP/1.1" 200 1736
186.103.159.182 - - [05/Sep/2018:09:22:02 -0300] "GET /cormun/servlet/hlogin HTTP/1.1" 200 1728
186.103.159.182 - - [05/Sep/2018:09:22:02 -0300] "GET /favicon.ico HTTP/1.1" 200 21630
192.168.10.96 - - [05/Sep/2018:09:22:05 -0300] "POST /cormun/servlet/hlogin?501c86a589956c5d6219c93348f15577,gx-no-cache=1536149899067 HTTP/1.1" 200 90
192.168.10.96 - - [05/Sep/2018:09:22:05 -0300] "GET /cormun/servlet/hpexe_link HTTP/1.1" 200 955
186.103.156.166 - - [05/Sep/2018:09:22:05 -0300] "POST /cormun/servlet/trlicencias?c6d45a80bff922c4a0d0e1abc1c56015,gx-no-cache=1536153638437 HTTP/1.1" 200 9987
192.168.10.96 - - [05/Sep/2018:09:22:06 -0300] "GET /cormun/servlet/trsolicitudgral HTTP/1.1" 200 10639
186.103.156.166 - - [05/Sep/2018:09:22:06 -0300] "GET /cormun/static/Shared/jqueryui/images/ui-bg_highlight-soft_100_c6c2c8_1x100.png HTTP/1.1" 404 1117
186.103.156.166 - - [05/Sep/2018:09:22:06 -0300] "GET /cormun/static/Shared/jqueryui/images/ui-icons_82798d_256x240.png HTTP/1.1" 404 1089
186.103.156.166 - - [05/Sep/2018:09:22:06 -0300] "GET /cormun/static/Shared/jqueryui/images/ui-bg_flat_55_fafafa_40x100.png HTTP/1.1" 404 1097
186.103.156.166 - - [05/Sep/2018:09:22:06 -0300] "GET /cormun/static/Shared/jqueryui/images/ui-icons_8d78a5_256x240.png HTTP/1.1" 404 1089
192.168.10.96 - - [05/Sep/2018:09:22:06 -0300] "GET /cormun/servlet/trsolicitudgral HTTP/1.1" 200 10637
192.168.10.96 - - [05/Sep/2018:09:22:13 -0300] "GET /cormun/servlet/vesolicitudgral?2018,12037,, HTTP/1.1" 200 9267
192.168.10.96 - - [05/Sep/2018:09:22:13 -0300] "GET /cormun/pexe_scrolldiv.js HTTP/1.1" 404 1009
192.168.10.96 - - [05/Sep/2018:09:22:13 -0300] "GET /cormun/pexe_scrolldiv.js HTTP/1.1" 404 1009
192.168.10.96 - - [05/Sep/2018:09:22:13 -0300] "GET /cormun/servlet/vesolicitudgral?2018,12037,, HTTP/1.1" 200 9267
186.103.159.182 - - [05/Sep/2018:09:22:13 -0300] "POST /cormun/servlet/hlogin?4a5e8ea006835d758da696631c5da2dc,gx-no-cache=1536150055739 HTTP/1.1" 200 439
192.168.10.96 - - [05/Sep/2018:09:22:15 -0300] "GET /cormun/servlet/vesolicitudgral?2018,12037,,SolicitudOTAdjuntos HTTP/1.1" 200 11466
192.168.10.96 - - [05/Sep/2018:09:22:15 -0300] "GET /cormun/pexe_scrolldiv.js HTTP/1.1" 404 1009
192.168.10.96 - - [05/Sep/2018:09:22:15 -0300] "GET /cormun/pexe_scrolldiv.js HTTP/1.1" 404 1009
192.168.10.96 - - [05/Sep/2018:09:22:15 -0300] "GET /cormun/servlet/vesolicitudgral?2018,12037,,SolicitudOTAdjuntos HTTP/1.1" 200 11469
192.168.10.96 - - [05/Sep/2018:09:22:16 -0300] "POST /cormun/servlet/acontrolpreferencessavestate?None,DZAMUDIO,true HTTP/1.1" 200 35
192.168.10.96 - - [05/Sep/2018:09:22:19 -0300] "POST /cormun/servlet/vesolicitudgral?501c86a589956c5d6219c93348f15577,2018,12037,,SolicitudOTAdjuntos,gx-no-cache=1536149912758 HTTP/1.1" 200 90
192.168.10.96 - - [05/Sep/2018:09:22:19 -0300] "GET /cormun/servlet/hpexe_link HTTP/1.1" 200 977
192.168.10.96 - - [05/Sep/2018:09:22:19 -0300] "GET /cormun/servlet/trsolicitudgral HTTP/1.1" 200 10639
192.168.10.96 - - [05/Sep/2018:09:22:20 -0300] "GET /cormun/servlet/trsolicitudgral HTTP/1.1" 200 10637
186.103.159.182 - - [05/Sep/2018:09:22:21 -0300] "POST /cormun/servlet/hlogin?4a5e8ea006835d758da696631c5da2dc,gx-no-cache=1536150063840 HTTP/1.1" 200 439
192.168.10.96 - - [05/Sep/2018:09:22:21 -0300] "GET /cormun/servlet/trsolicitudgral? HTTP/1.1" 200 10637
192.168.10.96 - - [05/Sep/2018:09:22:22 -0300] "GET /cormun/servlet/trsolicitudgral? HTTP/1.1" 200 10637
186.103.156.166 - - [05/Sep/2018:09:22:22 -0300] "GET /cormun/servlet/trpermisosgoce? HTTP/1.1" 200 10209
186.103.156.166 - - [05/Sep/2018:09:22:23 -0300] "GET /cormun/servlet/trpermisosgoce? HTTP/1.1" 200 10209
186.79.78.140 - - [05/Sep/2018:09:22:23 -0300] "POST /cormun/servlet/trcontratounov2?5b2ca529e58e3abdf671ec744f83a42c,,gx-no-cache=1536150063360 HTTP/1.1" 200 17504
192.168.10.96 - - [05/Sep/2018:09:22:25 -0300] "POST /cormun/servlet/trsolicitudgral?501c86a589956c5d6219c93348f15577,,gx-no-cache=1536149919078 HTTP/1.1" 200 8300
192.168.10.96 - - [05/Sep/2018:09:22:28 -0300] "GET /cormun/servlet/trsolicitudgral? HTTP/1.1" 200 11574
192.168.10.96 - - [05/Sep/2018:09:22:28 -0300] "GET /cormun/servlet/trsolicitudgral? HTTP/1.1" 200 11574
186.79.78.140 - - [05/Sep/2018:09:22:33 -0300] "POST /cormun/servlet/trcontratounov2?5b2ca529e58e3abdf671ec744f83a42c,,gx-no-cache=1536150072709 HTTP/1.1" 200 17291
186.103.159.182 - - [05/Sep/2018:09:22:36 -0300] "POST /cormun/servlet/hlogin?4a5e8ea006835d758da696631c5da2dc,gx-no-cache=1536150078544 HTTP/1.1" 200 90
186.103.159.182 - - [05/Sep/2018:09:22:36 -0300] "GET /cormun/servlet/hpexe_link HTTP/1.1" 200 951
186.103.159.182 - - [05/Sep/2018:09:22:36 -0300] "GET /cormun/servlet/hhome HTTP/1.1" 200 4263
186.103.159.182 - - [05/Sep/2018:09:22:37 -0300] "GET /cormun/servlet/hhome HTTP/1.1" 200 4259
186.103.156.166 - - [05/Sep/2018:09:22:40 -0300] "GET /cormun/servlet/hlogin HTTP/1.1" 200 1736
186.103.159.182 - - [05/Sep/2018:09:22:43 -0300] "GET /cormun/servlet/trcontratosolicitud? HTTP/1.1" 200 14792
186.103.159.182 - - [05/Sep/2018:09:22:43 -0300] "GET /cormun/static/gxcfg.js?20177612214014 HTTP/1.1" 200 953
186.103.159.182 - - [05/Sep/2018:09:22:44 -0300] "GET /cormun//static/Resources/PXToolsGridNew.png HTTP/1.1" 200 2949
186.103.159.182 - - [05/Sep/2018:09:22:44 -0300] "GET /cormun/servlet/trcontratosolicitud? HTTP/1.1" 200 14783
186.79.78.140 - - [05/Sep/2018:09:22:48 -0300] "GET /cormun/servlet/trsolicitudot? HTTP/1.1" 200 8809
186.79.78.140 - - [05/Sep/2018:09:22:50 -0300] "GET /cormun/servlet/trsolicitudot? HTTP/1.1" 200 8808
186.103.159.44 - - [05/Sep/2018:09:22:51 -0300] "GET /cormun/static/menuarrow.gif HTTP/1.1" 404 1015
186.79.78.140 - - [05/Sep/2018:09:23:01 -0300] "POST /cormun/servlet/trsolicitudot?5b2ca529e58e3abdf671ec744f83a42c,,gx-no-cache=1536150101643 HTTP/1.1" 200 106
186.79.78.140 - - [05/Sep/2018:09:23:01 -0300] "GET /cormun/servlet/solicitudot?UPD,2018,12137, HTTP/1.1" 200 15513
186.103.159.182 - - [05/Sep/2018:09:23:02 -0300] "POST /cormun/servlet/trcontratosolicitud?4a5e8ea006835d758da696631c5da2dc,,gx-no-cache=1536150104469 HTTP/1.1" 200 5118
186.79.78.140 - - [05/Sep/2018:09:23:03 -0300] "GET /cormun/servlet/solicitudot?UPD,2018,12137, HTTP/1.1" 200 15522
201.215.248.34 - - [05/Sep/2018:09:23:03 -0300] "POST /cormun/servlet/solicitudot?gx-no-cache=1536150105252 HTTP/1.1" 200 3393
201.215.248.34 - - [05/Sep/2018:09:23:04 -0300] "POST /cormun/servlet/solicitudot?5b2ca529e58e3abdf671ec744f83a42c,UPD,2018,12137,,gx-no-cache=1536150105507 HTTP/1.1" 200 11776
186.67.164.142 - - [05/Sep/2018:09:23:04 -0300] "GET /cormun/servlet/solicitudot?56b3bcf9141657f3faba31a29cac33f3f7e930fd60955a78a65327e81e8eafe5dd17b3510b3b939f50097ee59f5350a99653f1ab7aa3e73a6a555d18eb8510df,gx-no-cache=1536150104784 HTTP/1.1" 200 30
186.67.164.142 - - [05/Sep/2018:09:23:04 -0300] "GET /cormun/servlet/solicitudot?56b3bcf9141657f3faba31a29cac33f36c41d7f541d33399e08c372b99e2e816,gx-no-cache=1536150104831 HTTP/1.1" 200 29
201.215.248.34 - - [05/Sep/2018:09:23:04 -0300] "GET /cormun/servlet/solicitudot?a19ff7bf1cd7877bc047286b5f751f68a89765f6f0f653bfd1b173ae53020e3c7308a6dc782ffa90b9c09d1b6b57f684,gx-no-cache=1536150105852 HTTP/1.1" 200 30
201.215.248.34 - - [05/Sep/2018:09:23:04 -0300] "GET /cormun/servlet/solicitudot?a19ff7bf1cd7877bc047286b5f751f685eb7b3bea77eb243a7afb4076ab0eb333aac7ae9c843b087c6d71f5534c1299a806a6dc15a558d17c09cb7c9397174b8,gx-no-cache=1536150105944 HTTP/1.1" 200 30
201.215.248.34 - - [05/Sep/2018:09:23:04 -0300] "GET /cormun/servlet/solicitudot?a19ff7bf1cd7877bc047286b5f751f681c760a2855164be824e96c54533f23b473ff02f7ee23d5f5289c56e48ce4cf2a03672f049776b9b3c703af1cc80dfd1e,gx-no-cache=1536150106008 HTTP/1.1" 200 53
201.215.248.34 - - [05/Sep/2018:09:23:04 -0300] "POST /cormun/servlet/solicitudot?gx-no-cache=1536150106075 HTTP/1.1" 200 254
201.215.248.34 - - [05/Sep/2018:09:23:04 -0300] "GET /cormun/servlet/solicitudot?a19ff7bf1cd7877bc047286b5f751f6838037607bec24472cc49681b0d70ced1bdd75d1172156546333c81474e16bad172a44fb86aeef737dd704a2223f72ae8d8a37f9e2ccc46a64366b123dcae50f69711516e4fe933ecb2226ebc9013ee16e57e28512855f3d883f403d4aa065a67e855a9253b72f476f218671ed3d07a56263321f9658169a81da82067326b78af6b0b5e74b5a1bb6ba96319763fc67bd03bf978555b2a22a954e49d70005e93be079368960b4e51a29e7ea48b3646cedd775ad7ed0f4715f6747e5f0428c7be13a2e0fb3e90b633f39adcf0082a9f41d347959a666960dc5e9ccc7beaf33491fbe7f0967c1f6dc94b6fb9bfc0d74329b4691af9452c48c82e1c40d2c2692557596f01ffdaebdd90cba86ae113e38a99259bfd750ae12306f44e826a664a2f2849687ac237c59b530563fe5d53b2627fc0d6e4bdc1587870fc9c45493d8729cde5d2d3634cda76017d68d4e8ad5220a250975192a9509c09d79a4184a87aad211427317361815c688fd61625ec9aef869e,gx-no-cache=1536150106148 HTTP/1.1" 200 30
201.215.248.34 - - [05/Sep/2018:09:23:04 -0300] "POST /cormun/servlet/solicitudot?gx-no-cache=1536150106209 HTTP/1.1" 200 30
201.215.248.34 - - [05/Sep/2018:09:23:04 -0300] "POST /cormun/servlet/solicitudot?gx-no-cache=1536150106296 HTTP/1.1" 200 1374
201.215.248.34 - - [05/Sep/2018:09:23:05 -0300] "POST /cormun/servlet/solicitudot?gx-no-cache=1536150106840 HTTP/1.1" 200 41
186.67.164.142 - - [05/Sep/2018:09:23:06 -0300] "POST /cormun/servlet/solicitudot?gx-no-cache=1536150106709 HTTP/1.1" 200 255
186.67.164.142 - - [05/Sep/2018:09:23:07 -0300] "GET /cormun/servlet/solicitudot?56b3bcf9141657f3faba31a29cac33f3becd623d33afc0d30d20b583b4c8f400196744810487ca9292fcb6a173df1de1e7ab383be74154a518016819b379d271951b987630c4ad7e3cce92086538c6fc8d4431d071ad5b66a5775894b85486e44934d373bc9b5556547ae7cdbfa00db5865aed5e796c4d8a45a0ee08464048bfd23a7f5133f1c49382f3e716830e4b846a5263a93da40eef5de29806d75ca6290c70a509a59f7b011d0527b1646b85bf1fffeccf2324277e74e02451504d685d9f4afe7ae75568f9836b78e834b94617beb2515d26e3094f10029112c72be466dfa79ce2f3084f4c5d28a447d579859b4e830143f94408c0bd2e54780dbb194e77821dd90ed3df7656f21759c21cece45f3bd0a7244d970f6392ac4a1fcbd760ce8c79fbbb128fa3c7f4263684f2a92d15cf68354fe24b14d41a845c3208bbc831c6248ae088738a7d7853c2e9704296c7c18b3d4edc8aa76af7cfbf9332040f145fa22f234111393ef9bb431a80160fb7a2b88385b4fe909b153efe197bb5d8,gx-no-cache=1536150108274 HTTP/1.1" 200 30
186.67.164.142 - - [05/Sep/2018:09:23:11 -0300] "POST /cormun/servlet/solicitudot?gx-no-cache=1536150112507 HTTP/1.1" 200 30
186.67.164.142 - - [05/Sep/2018:09:23:13 -0300] "POST /cormun/servlet/solicitudot?gx-no-cache=1536150114008 HTTP/1.1" 200 1374
186.67.164.142 - - [05/Sep/2018:09:23:13 -0300] "POST /cormun/servlet/solicitudot?gx-no-cache=1536150114094 HTTP/1.1" 200 38
186.67.164.142 - - [05/Sep/2018:09:23:23 -0300] "GET /cormun/servlet/solicitudot?56b3bcf9141657f3faba31a29cac33f3d4fc008e1a917b714bead88698d9af106a29e7fa275ff206b2dc8ac8e9fac948afb38f9ff2b1e5678bd049e6075f452048fbf49692e10c5b0b5c113737e8ba46c30a97079f0f4353bbd6d871414af3e6f60cea8781c27a6aad6cb43ad077fd94,gx-no-cache=1536150124221 HTTP/1.1" 200 29
186.67.164.142 - - [05/Sep/2018:09:23:23 -0300] "POST /cormun/servlet/solicitudot?gx-no-cache=1536150124270 HTTP/1.1" 200 1357
186.67.164.142 - - [05/Sep/2018:09:23:23 -0300] "POST /cormun/servlet/solicitudot?gx-no-cache=1536150124330 HTTP/1.1" 200 1254
201.215.248.34 - - [05/Sep/2018:09:23:34 -0300] "POST /cormun/servlet/solicitudot?gx-no-cache=1536150135889 HTTP/1.1" 200 30
201.215.248.34 - - [05/Sep/2018:09:23:43 -0300] "POST /cormun/servlet/solicitudot?gx-no-cache=1536150143983 HTTP/1.1" 200 30
201.215.248.34 - - [05/Sep/2018:09:23:53 -0300] "POST /cormun/servlet/solicitudot?gx-no-cache=1536150153680 HTTP/1.1" 200 30
186.67.164.142 - - [05/Sep/2018:09:23:54 -0300] "POST /cormun/servlet/solicitudot?gx-no-cache=1536150154923 HTTP/1.1" 200 1357
186.67.164.142 - - [05/Sep/2018:09:23:54 -0300] "POST /cormun/servlet/solicitudot?gx-no-cache=1536150155189 HTTP/1.1" 200 1258
186.67.164.142 - - [05/Sep/2018:09:23:54 -0300] "GET /cormun/static/menuarrow.gif HTTP/1.1" 404 1015
186.67.164.142 - - [05/Sep/2018:09:23:57 -0300] "POST /cormun/servlet/solicitudot?gx-no-cache=1536150158548 HTTP/1.1" 200 1357
186.67.164.142 - - [05/Sep/2018:09:23:58 -0300] "POST /cormun/servlet/solicitudot?gx-no-cache=1536150158673 HTTP/1.1" 200 1258
201.215.248.34 - - [05/Sep/2018:09:23:58 -0300] "POST /cormun/servlet/solicitudot?5b2ca529e58e3abdf671ec744f83a42c,UPD,2018,12137,,gx-no-cache=1536150159809 HTTP/1.1" 200 93
201.215.248.34 - - [05/Sep/2018:09:23:58 -0300] "GET /cormun/servlet/hpexe_return? HTTP/1.1" 200 1012
201.215.248.34 - - [05/Sep/2018:09:23:59 -0300] "GET /cormun/servlet/trsolicitudot HTTP/1.1" 200 8812
201.215.248.34 - - [05/Sep/2018:09:24:01 -0300] "GET /cormun/servlet/trsolicitudot HTTP/1.1" 200 8808
186.67.164.142 - - [05/Sep/2018:09:24:01 -0300] "GET /cormun/servlet/solicitudot?56b3bcf9141657f3faba31a29cac33f3b52167cdcc427370d5e086fba1986021c2a8ea965ba6fcf3065179fa7083f52e,gx-no-cache=1536150162123 HTTP/1.1" 200 30
186.79.78.140 - - [05/Sep/2018:09:24:03 -0300] "GET /cormun/servlet/trlicencias? HTTP/1.1" 200 15877
186.79.78.140 - - [05/Sep/2018:09:24:05 -0300] "GET /cormun/servlet/trlicencias? HTTP/1.1" 200 15876
186.67.164.142 - - [05/Sep/2018:09:24:06 -0300] "POST /cormun/servlet/solicitudot?gx-no-cache=1536150166942 HTTP/1.1" 200 30
186.67.164.142 - - [05/Sep/2018:09:24:13 -0300] "POST /cormun/servlet/solicitudot?a802fcb071b419987f49f9c8aeadc1fa,INS,0,0,,gx-no-cache=1536150173514 HTTP/1.1" 200 93
186.67.164.142 - - [05/Sep/2018:09:24:13 -0300] "GET /cormun/servlet/hpexe_return? HTTP/1.1" 200 1007
186.67.164.142 - - [05/Sep/2018:09:24:13 -0300] "GET /cormun/servlet/trsolicitudot? HTTP/1.1" 200 11282
186.67.164.142 - - [05/Sep/2018:09:24:14 -0300] "GET /cormun/servlet/trsolicitudot? HTTP/1.1" 200 11278
186.67.164.142 - - [05/Sep/2018:09:24:26 -0300] "POST /cormun/servlet/trsolicitudot?a802fcb071b419987f49f9c8aeadc1fa,,gx-no-cache=1536150187166 HTTP/1.1" 200 105
186.67.164.142 - - [05/Sep/2018:09:24:26 -0300] "GET /cormun/servlet/solicitudot?UPD,2018,12138, HTTP/1.1" 200 15214
186.67.164.142 - - [05/Sep/2018:09:24:27 -0300] "GET /cormun/servlet/solicitudot?UPD,2018,12138, HTTP/1.1" 200 15224
201.215.248.34 - - [05/Sep/2018:09:24:27 -0300] "GET /cormun/servlet/trsolicitudot? HTTP/1.1" 200 8808
186.67.164.142 - - [05/Sep/2018:09:24:27 -0300] "POST /cormun/servlet/solicitudot?gx-no-cache=1536150188493 HTTP/1.1" 200 3381
186.67.164.142 - - [05/Sep/2018:09:24:28 -0300] "POST /cormun/servlet/solicitudot?a802fcb071b419987f49f9c8aeadc1fa,UPD,2018,12138,,gx-no-cache=1536150188637 HTTP/1.1" 200 11556
186.67.164.142 - - [05/Sep/2018:09:24:28 -0300] "GET /cormun/servlet/solicitudot?56b3bcf9141657f3faba31a29cac33f3c27eaa00b01ee2889f21918a3027f30f057c68807859464135d312f1c74de6ed,gx-no-cache=1536150188864 HTTP/1.1" 200 30
186.67.164.142 - - [05/Sep/2018:09:24:28 -0300] "GET /cormun/servlet/solicitudot?56b3bcf9141657f3faba31a29cac33f3f7e930fd60955a78a65327e81e8eafe5dd17b3510b3b939f50097ee59f5350a9057c68807859464135d312f1c74de6ed,gx-no-cache=1536150188898 HTTP/1.1" 200 30
186.67.164.142 - - [05/Sep/2018:09:24:28 -0300] "GET /cormun/servlet/solicitudot?56b3bcf9141657f3faba31a29cac33f36c41d7f541d33399e08c372b99e2e816,gx-no-cache=1536150188926 HTTP/1.1" 200 29
186.67.164.142 - - [05/Sep/2018:09:24:28 -0300] "POST /cormun/servlet/solicitudot?gx-no-cache=1536150188958 HTTP/1.1" 200 254
186.67.164.142 - - [05/Sep/2018:09:24:28 -0300] "GET /cormun/servlet/solicitudot?56b3bcf9141657f3faba31a29cac33f3becd623d33afc0d30d20b583b4c8f400196744810487ca9292fcb6a173df1de1e7ab383be74154a518016819b379d271951b987630c4ad7e3cce92086538c6fc8d4431d071ad5b66a5775894b85486e44934d373bc9b5556547ae7cdbfa00db5865aed5e796c4d8a45a0ee08464048bfd23a7f5133f1c49382f3e716830e4b846a5263a93da40eef5de29806d75ca6290c70a509a59f7b011d0527b1646b85bf1fffeccf2324277e74e02451504d685d9f4afe7ae75568f9836b78e834b94617beb2515d26e3094f10029112c72be466dfa79ce2f3084f4c5d28a447d579859b4e830143f94408c0bd2e54780dbb194e77821dd90ed3df7656f21759c21cece45f3bd0a7244d970f6392ac4a1fcbd760ce8c79fbbb128fa3c7f4263684f2a92d15cf68354fe24b14d41a845c3208bbc831c6248ae088738a7d7853c2e9704296c7c18b3d4edc8aa76af7cfbf9332040f145fa22f234111393ef9bb431a80160fbb874d5cde22ca75bf187cfa7734ba12,gx-no-cache=1536150188998 HTTP/1.1" 200 30
186.67.164.142 - - [05/Sep/2018:09:24:28 -0300] "POST /cormun/servlet/solicitudot?gx-no-cache=1536150189028 HTTP/1.1" 200 30
186.67.164.142 - - [05/Sep/2018:09:24:28 -0300] "POST /cormun/servlet/solicitudot?gx-no-cache=1536150189066 HTTP/1.1" 200 1374
186.67.164.142 - - [05/Sep/2018:09:24:28 -0300] "POST /cormun/servlet/solicitudot?gx-no-cache=1536150189123 HTTP/1.1" 200 41
201.215.248.34 - - [05/Sep/2018:09:24:28 -0300] "GET /cormun/servlet/trsolicitudot? HTTP/1.1" 200 8808
186.67.164.142 - - [05/Sep/2018:09:24:31 -0300] "GET /cormun/servlet/solicitudot?56b3bcf9141657f3faba31a29cac33f3a6bc803fa0edb7c1fb8f0b19bc374b084af36e86751cc6a6c65a6ad682524b3e57a38b96f33d628d9e42da7807dec2b9d4987f02b8dc20a15a772ddf3002f0a8a57b761d93dfdd128a38b74176ce5ae7fd9d40e33017ea609b85a889dd70bc559fc81122ff9f82add333ba008b021db2fcc0e40e3dd5d090c02bb92399e96a5a29de85ff3e05fd35ed7ce4e92bfaf49be7cddf0fe1254e0f587dc1594b2357cfbcb385f467ad417da30a282a184b346ff759ac21e26ee226bba69e911eac5cb7,gx-no-cache=1536150191737 HTTP/1.1" 200 30
201.215.248.34 - - [05/Sep/2018:09:24:31 -0300] "POST /cormun/servlet/trsolicitudot?5b2ca529e58e3abdf671ec744f83a42c,,gx-no-cache=1536150193223 HTTP/1.1" 200 106
201.215.248.34 - - [05/Sep/2018:09:24:32 -0300] "GET /cormun/servlet/solicitudot?UPD,2018,12137, HTTP/1.1" 200 15513
201.215.248.34 - - [05/Sep/2018:09:24:33 -0300] "GET /cormun/servlet/solicitudot?UPD,2018,12137, HTTP/1.1" 200 15522
201.215.248.34 - - [05/Sep/2018:09:24:34 -0300] "POST /cormun/servlet/solicitudot?gx-no-cache=1536150195743 HTTP/1.1" 200 3393
201.215.248.34 - - [05/Sep/2018:09:24:34 -0300] "POST /cormun/servlet/solicitudot?5b2ca529e58e3abdf671ec744f83a42c,UPD,2018,12137,,gx-no-cache=1536150196365 HTTP/1.1" 200 11776
201.215.248.34 - - [05/Sep/2018:09:24:35 -0300] "GET /cormun/servlet/solicitudot?a19ff7bf1cd7877bc047286b5f751f68a89765f6f0f653bfd1b173ae53020e3c7308a6dc782ffa90b9c09d1b6b57f684,gx-no-cache=1536150197262 HTTP/1.1" 200 30
