200.111.191.210 - - [04/Sep/2018:11:40:55 -0300] "GET /cormun/servlet/hpexe_return? HTTP/1.1" 200 1042
200.111.191.210 - - [04/Sep/2018:11:40:55 -0300] "GET /cormun/servlet/trlicenciaspermisosadjuntos?8265182,20180904000000,L, HTTP/1.1" 200 6771
200.111.191.210 - - [04/Sep/2018:11:40:55 -0300] "GET /cormun/servlet/trlicenciaspermisosadjuntos?8265182,20180904000000,L, HTTP/1.1" 200 6768
200.111.191.210 - - [04/Sep/2018:11:41:21 -0300] "GET /cormun/PublicTempStorage/0814006245236.PDF HTTP/1.1" 200 685513
200.111.191.210 - - [04/Sep/2018:11:41:25 -0300] "GET /cormun/servlet/trlicenciaspermisosadjuntos?8265182,20180904000000,L, HTTP/1.1" 200 6771
200.111.191.210 - - [04/Sep/2018:11:41:26 -0300] "GET /cormun/servlet/trlicenciaspermisosadjuntos?8265182,20180904000000,L, HTTP/1.1" 200 6768
200.111.191.210 - - [04/Sep/2018:11:41:29 -0300] "GET /cormun/servlet/trlicencias? HTTP/1.1" 200 14298
200.111.191.210 - - [04/Sep/2018:11:41:30 -0300] "GET /cormun/servlet/trlicencias? HTTP/1.1" 200 14289
200.111.191.210 - - [04/Sep/2018:11:41:32 -0300] "POST /cormun/servlet/trlicencias?f614cd8f4d056082bbb97d3fb691ee07,,gx-no-cache=1536072032524 HTTP/1.1" 200 11753
200.111.191.210 - - [04/Sep/2018:11:41:32 -0300] "GET /cormun/static/Shared/jqueryui/images/ui-icons_82798d_256x240.png HTTP/1.1" 404 1089
200.111.191.210 - - [04/Sep/2018:11:41:32 -0300] "GET /cormun/static/Shared/jqueryui/images/ui-bg_highlight-soft_100_c6c2c8_1x100.png HTTP/1.1" 404 1117
200.111.191.210 - - [04/Sep/2018:11:41:32 -0300] "GET /cormun/static/Shared/jqueryui/images/ui-bg_flat_55_fafafa_40x100.png HTTP/1.1" 404 1097
200.111.191.210 - - [04/Sep/2018:11:41:32 -0300] "GET /cormun/static/Shared/jqueryui/images/ui-icons_8d78a5_256x240.png HTTP/1.1" 404 1089
186.67.203.186 - - [04/Sep/2018:11:43:55 -0300] "GET /cormun/servlet/hlogin HTTP/1.1" 200 1721
200.111.191.210 - - [04/Sep/2018:11:44:10 -0300] "GET /cormun/servlet/trpermisosgoce? HTTP/1.1" 200 16684
200.111.191.210 - - [04/Sep/2018:11:44:11 -0300] "GET /cormun/servlet/trpermisosgoce? HTTP/1.1" 200 16684
200.111.191.210 - - [04/Sep/2018:11:44:33 -0300] "GET /cormun/servlet/trpermisosgoce? HTTP/1.1" 200 16684
200.111.191.210 - - [04/Sep/2018:11:44:33 -0300] "GET /cormun/servlet/trpermisosgoce? HTTP/1.1" 200 16684
200.111.191.210 - - [04/Sep/2018:11:44:37 -0300] "GET /cormun/servlet/trpermisosadjuntos?15995742,20180903083841,P, HTTP/1.1" 200 6265
200.111.191.210 - - [04/Sep/2018:11:44:37 -0300] "GET /cormun/servlet/trpermisosadjuntos?15995742,20180903083841,P, HTTP/1.1" 200 6265
200.111.122.170 - - [04/Sep/2018:11:44:38 -0300] "POST /cormun/servlet/hlogin?277dceb726e54fa6acbbeea4a8dc55a9,gx-no-cache=1536072200907 HTTP/1.1" 200 90
200.111.191.210 - - [04/Sep/2018:11:44:38 -0300] "GET /cormun/servlet/permisosadjuntos?INS,15995742,P,20180903083841,, HTTP/1.1" 200 5595
200.111.122.170 - - [04/Sep/2018:11:44:38 -0300] "GET /cormun/servlet/hpexe_link HTTP/1.1" 200 948
200.111.191.210 - - [04/Sep/2018:11:44:38 -0300] "GET /cormun/static/about:blank HTTP/1.1" 404 1011
200.111.122.170 - - [04/Sep/2018:11:44:38 -0300] "GET /cormun/servlet/hhome HTTP/1.1" 200 4236
200.111.191.210 - - [04/Sep/2018:11:44:39 -0300] "GET /cormun/servlet/permisosadjuntos?INS,15995742,P,20180903083841,, HTTP/1.1" 200 5585
200.111.122.170 - - [04/Sep/2018:11:44:39 -0300] "GET /cormun/servlet/hhome HTTP/1.1" 200 4232
200.111.191.210 - - [04/Sep/2018:11:44:45 -0300] "POST /cormun/servlet/permisosadjuntos?f614cd8f4d056082bbb97d3fb691ee07,INS,15995742,P,20180903083841,, HTTP/1.1" 200 116
200.111.191.210 - - [04/Sep/2018:11:44:45 -0300] "GET /cormun/servlet/hpexe_return? HTTP/1.1" 200 1038
200.111.191.210 - - [04/Sep/2018:11:44:45 -0300] "GET /cormun/servlet/trpermisosadjuntos?15995742,20180903083841,P, HTTP/1.1" 200 6729
200.111.191.210 - - [04/Sep/2018:11:44:46 -0300] "GET /cormun/servlet/trpermisosadjuntos?15995742,20180903083841,P, HTTP/1.1" 200 6721
200.111.191.210 - - [04/Sep/2018:11:44:48 -0300] "GET /cormun/servlet/trpermisosgoce? HTTP/1.1" 200 16685
200.111.191.210 - - [04/Sep/2018:11:44:49 -0300] "GET /cormun/servlet/trpermisosgoce? HTTP/1.1" 200 16684
200.111.191.210 - - [04/Sep/2018:11:44:52 -0300] "POST /cormun/servlet/trpermisosgoce?f614cd8f4d056082bbb97d3fb691ee07,,gx-no-cache=1536072232814 HTTP/1.1" 200 13828
200.111.191.210 - - [04/Sep/2018:11:44:52 -0300] "GET /cormun/static/Shared/jqueryui/images/ui-bg_highlight-soft_100_c6c2c8_1x100.png HTTP/1.1" 404 1117
200.111.191.210 - - [04/Sep/2018:11:44:53 -0300] "GET /cormun/static/Shared/jqueryui/images/ui-icons_8d78a5_256x240.png HTTP/1.1" 404 1089
200.111.191.210 - - [04/Sep/2018:11:44:53 -0300] "GET /cormun/static/Shared/jqueryui/images/ui-icons_82798d_256x240.png HTTP/1.1" 404 1089
200.111.191.210 - - [04/Sep/2018:11:44:53 -0300] "GET /cormun/static/Shared/jqueryui/images/ui-bg_flat_55_fafafa_40x100.png HTTP/1.1" 404 1097
200.111.122.170 - - [04/Sep/2018:11:44:53 -0300] "GET /cormun/servlet/trautorizarsolicitud? HTTP/1.1" 200 9132
200.111.122.170 - - [04/Sep/2018:11:44:53 -0300] "GET /cormun/servlet/trautorizarsolicitud? HTTP/1.1" 200 9131
200.111.191.210 - - [04/Sep/2018:11:44:58 -0300] "GET /cormun/servlet/trpermisosadjuntos?9984335,20180903103907,P, HTTP/1.1" 200 6268
200.111.191.210 - - [04/Sep/2018:11:44:58 -0300] "GET /cormun/servlet/trpermisosadjuntos?9984335,20180903103907,P, HTTP/1.1" 200 6268
200.111.191.210 - - [04/Sep/2018:11:44:59 -0300] "GET /cormun/servlet/permisosadjuntos?INS,9984335,P,20180903103907,, HTTP/1.1" 200 5596
200.111.191.210 - - [04/Sep/2018:11:44:59 -0300] "GET /cormun/static/about:blank HTTP/1.1" 404 1011
200.111.191.210 - - [04/Sep/2018:11:45:00 -0300] "GET /cormun/servlet/permisosadjuntos?INS,9984335,P,20180903103907,, HTTP/1.1" 200 5586
186.103.132.155 - - [04/Sep/2018:11:45:08 -0300] "GET /cormun/servlet/veautorizarsolicitud?2018,12002,, HTTP/1.1" 200 8657
186.103.132.155 - - [04/Sep/2018:11:45:08 -0300] "GET /cormun/static/gxcfg.js?2017111423404691 HTTP/1.1" 304 -
200.72.197.82 - - [04/Sep/2018:11:45:08 -0300] "GET /cormun/pexe_scrolldiv.js HTTP/1.1" 404 1009
186.103.132.155 - - [04/Sep/2018:11:45:09 -0300] "GET /cormun/static/veautorizarsolicitud.js?2017111423404756 HTTP/1.1" 304 -
186.10.12.250 - - [04/Sep/2018:11:45:09 -0300] "GET /cormun/static/tbautorizarsolicitud01.js?2017111423392092 HTTP/1.1" 304 -
200.111.191.210 - - [04/Sep/2018:11:45:09 -0300] "POST /cormun/servlet/permisosadjuntos?f614cd8f4d056082bbb97d3fb691ee07,INS,9984335,P,20180903103907,, HTTP/1.1" 200 116
186.10.12.250 - - [04/Sep/2018:11:45:09 -0300] "GET /cormun/servlet/veautorizarsolicitud?2018,12002,, HTTP/1.1" 200 8656
200.111.191.210 - - [04/Sep/2018:11:45:09 -0300] "GET /cormun/servlet/hpexe_return? HTTP/1.1" 200 1038
200.111.191.210 - - [04/Sep/2018:11:45:09 -0300] "GET /cormun/servlet/trpermisosadjuntos?9984335,20180903103907,P, HTTP/1.1" 200 6730
200.111.191.210 - - [04/Sep/2018:11:45:10 -0300] "GET /cormun/servlet/trpermisosadjuntos?9984335,20180903103907,P, HTTP/1.1" 200 6727
200.111.191.210 - - [04/Sep/2018:11:45:14 -0300] "GET /cormun/servlet/trpermisosgoce? HTTP/1.1" 200 16674
200.111.191.210 - - [04/Sep/2018:11:45:14 -0300] "GET /cormun/servlet/trpermisosgoce? HTTP/1.1" 200 16660
200.111.191.210 - - [04/Sep/2018:11:45:16 -0300] "POST /cormun/servlet/trpermisosgoce?f614cd8f4d056082bbb97d3fb691ee07,,gx-no-cache=1536072257448 HTTP/1.1" 200 13813
200.111.191.210 - - [04/Sep/2018:11:45:17 -0300] "GET /cormun/static/Shared/jqueryui/images/ui-bg_highlight-soft_100_c6c2c8_1x100.png HTTP/1.1" 404 1117
200.111.191.210 - - [04/Sep/2018:11:45:17 -0300] "GET /cormun/static/Shared/jqueryui/images/ui-bg_flat_55_fafafa_40x100.png HTTP/1.1" 404 1097
200.111.191.210 - - [04/Sep/2018:11:45:17 -0300] "GET /cormun/static/Shared/jqueryui/images/ui-icons_8d78a5_256x240.png HTTP/1.1" 404 1089
200.111.191.210 - - [04/Sep/2018:11:45:17 -0300] "GET /cormun/static/Shared/jqueryui/images/ui-icons_82798d_256x240.png HTTP/1.1" 404 1089
200.111.191.210 - - [04/Sep/2018:11:45:18 -0300] "GET /cormun/servlet/trpermisosadjuntos?18645771,20180903153421,P, HTTP/1.1" 200 6268
200.111.191.210 - - [04/Sep/2018:11:45:19 -0300] "GET /cormun/servlet/trpermisosadjuntos?18645771,20180903153421,P, HTTP/1.1" 200 6269
200.111.191.210 - - [04/Sep/2018:11:45:20 -0300] "GET /cormun/servlet/permisosadjuntos?INS,18645771,P,20180903153421,, HTTP/1.1" 200 5598
200.111.191.210 - - [04/Sep/2018:11:45:21 -0300] "GET /cormun/static/about:blank HTTP/1.1" 404 1011
200.111.191.210 - - [04/Sep/2018:11:45:21 -0300] "GET /cormun/servlet/permisosadjuntos?INS,18645771,P,20180903153421,, HTTP/1.1" 200 5588
186.103.132.155 - - [04/Sep/2018:11:45:25 -0300] "POST /cormun/servlet/veautorizarsolicitud?277dceb726e54fa6acbbeea4a8dc55a9,2018,12002,,,gx-no-cache=1536072247489 HTTP/1.1" 200 93
186.103.132.155 - - [04/Sep/2018:11:45:25 -0300] "GET /cormun/servlet/hpexe_return? HTTP/1.1" 200 1014
186.103.132.155 - - [04/Sep/2018:11:45:25 -0300] "GET /cormun/static/gxcfg.js?2016101716175148 HTTP/1.1" 304 -
186.103.132.155 - - [04/Sep/2018:11:45:25 -0300] "GET /cormun/servlet/trautorizarsolicitud HTTP/1.1" 200 9135
186.103.132.155 - - [04/Sep/2018:11:45:26 -0300] "GET /cormun/servlet/trautorizarsolicitud HTTP/1.1" 200 9130
200.111.191.210 - - [04/Sep/2018:11:45:27 -0300] "POST /cormun/servlet/permisosadjuntos?f614cd8f4d056082bbb97d3fb691ee07,INS,18645771,P,20180903153421,, HTTP/1.1" 200 116
200.111.191.210 - - [04/Sep/2018:11:45:27 -0300] "GET /cormun/servlet/hpexe_return? HTTP/1.1" 200 1038
200.111.191.210 - - [04/Sep/2018:11:45:27 -0300] "GET /cormun/servlet/trpermisosadjuntos?18645771,20180903153421,P, HTTP/1.1" 200 6731
200.111.191.210 - - [04/Sep/2018:11:45:28 -0300] "GET /cormun/servlet/trpermisosadjuntos?18645771,20180903153421,P, HTTP/1.1" 200 6728
200.111.191.210 - - [04/Sep/2018:11:45:32 -0300] "GET /cormun/servlet/trpermisosgoce? HTTP/1.1" 200 16647
200.111.191.210 - - [04/Sep/2018:11:45:32 -0300] "GET /cormun/servlet/trpermisosgoce? HTTP/1.1" 200 16633
200.111.191.210 - - [04/Sep/2018:11:45:35 -0300] "POST /cormun/servlet/trpermisosgoce?f614cd8f4d056082bbb97d3fb691ee07,,gx-no-cache=1536072276257 HTTP/1.1" 200 13814
200.111.191.210 - - [04/Sep/2018:11:45:36 -0300] "GET /cormun/static/Shared/jqueryui/images/ui-bg_highlight-soft_100_c6c2c8_1x100.png HTTP/1.1" 404 1117
200.111.191.210 - - [04/Sep/2018:11:45:36 -0300] "GET /cormun/static/Shared/jqueryui/images/ui-bg_flat_55_fafafa_40x100.png HTTP/1.1" 404 1097
200.111.191.210 - - [04/Sep/2018:11:45:36 -0300] "GET /cormun/static/Shared/jqueryui/images/ui-icons_8d78a5_256x240.png HTTP/1.1" 404 1089
200.111.191.210 - - [04/Sep/2018:11:45:36 -0300] "GET /cormun/static/Shared/jqueryui/images/ui-icons_82798d_256x240.png HTTP/1.1" 404 1089
186.10.12.250 - - [04/Sep/2018:11:45:36 -0300] "GET /cormun/servlet/veautorizarsolicitud?2018,12134,, HTTP/1.1" 200 8565
186.10.12.250 - - [04/Sep/2018:11:45:37 -0300] "GET /cormun/pexe_scrolldiv.js HTTP/1.1" 404 1009
186.10.12.250 - - [04/Sep/2018:11:45:37 -0300] "GET /cormun/servlet/veautorizarsolicitud?2018,12134,, HTTP/1.1" 200 8564
200.111.191.210 - - [04/Sep/2018:11:45:39 -0300] "GET /cormun/servlet/trpermisosadjuntos?9528102,20180903155637,P, HTTP/1.1" 200 6271
200.111.191.210 - - [04/Sep/2018:11:45:39 -0300] "GET /cormun/servlet/trpermisosadjuntos?9528102,20180903155637,P, HTTP/1.1" 200 6271
200.111.191.210 - - [04/Sep/2018:11:45:41 -0300] "GET /cormun/servlet/permisosadjuntos?INS,9528102,P,20180903155637,, HTTP/1.1" 200 5598
200.111.191.210 - - [04/Sep/2018:11:45:41 -0300] "GET /cormun/static/about:blank HTTP/1.1" 404 1011
200.111.191.210 - - [04/Sep/2018:11:45:41 -0300] "GET /cormun/servlet/permisosadjuntos?INS,9528102,P,20180903155637,, HTTP/1.1" 200 5589
186.10.12.250 - - [04/Sep/2018:11:45:54 -0300] "GET /cormun/servlet/trautorizarsolicitud? HTTP/1.1" 200 9130
186.10.12.250 - - [04/Sep/2018:11:45:54 -0300] "GET /cormun/servlet/trautorizarsolicitud? HTTP/1.1" 200 9131
200.111.191.210 - - [04/Sep/2018:11:45:55 -0300] "POST /cormun/servlet/permisosadjuntos?f614cd8f4d056082bbb97d3fb691ee07,INS,9528102,P,20180903155637,, HTTP/1.1" 200 116
200.111.191.210 - - [04/Sep/2018:11:45:55 -0300] "GET /cormun/servlet/hpexe_return? HTTP/1.1" 200 1038
200.111.191.210 - - [04/Sep/2018:11:45:56 -0300] "GET /cormun/servlet/trpermisosadjuntos?9528102,20180903155637,P, HTTP/1.1" 200 6731
200.111.191.210 - - [04/Sep/2018:11:45:56 -0300] "GET /cormun/servlet/trpermisosadjuntos?9528102,20180903155637,P, HTTP/1.1" 200 6727
200.111.191.210 - - [04/Sep/2018:11:45:59 -0300] "GET /cormun/servlet/trpermisosgoce? HTTP/1.1" 200 16641
200.111.191.210 - - [04/Sep/2018:11:46:00 -0300] "GET /cormun/servlet/trpermisosgoce? HTTP/1.1" 200 16625
200.111.191.210 - - [04/Sep/2018:11:46:04 -0300] "POST /cormun/servlet/trpermisosgoce?f614cd8f4d056082bbb97d3fb691ee07,,gx-no-cache=1536072305024 HTTP/1.1" 200 13817
200.111.191.210 - - [04/Sep/2018:11:46:04 -0300] "GET /cormun/static/Shared/jqueryui/images/ui-bg_highlight-soft_100_c6c2c8_1x100.png HTTP/1.1" 404 1117
200.111.191.210 - - [04/Sep/2018:11:46:04 -0300] "GET /cormun/static/Shared/jqueryui/images/ui-bg_flat_55_fafafa_40x100.png HTTP/1.1" 404 1097
200.111.191.210 - - [04/Sep/2018:11:46:04 -0300] "GET /cormun/static/Shared/jqueryui/images/ui-icons_8d78a5_256x240.png HTTP/1.1" 404 1089
200.111.191.210 - - [04/Sep/2018:11:46:04 -0300] "GET /cormun/static/Shared/jqueryui/images/ui-icons_82798d_256x240.png HTTP/1.1" 404 1089
201.215.248.160 - - [04/Sep/2018:11:46:06 -0300] "GET /cormun/servlet/trpermisosgoce? HTTP/1.1" 200 6115
201.215.248.160 - - [04/Sep/2018:11:46:08 -0300] "GET /cormun/servlet/trpermisosgoce? HTTP/1.1" 200 6111
201.215.248.160 - - [04/Sep/2018:11:46:08 -0300] "GET /cormun/servlet/hlogin HTTP/1.1" 200 1745
200.111.191.210 - - [04/Sep/2018:11:46:14 -0300] "GET /cormun/servlet/trpermisosadjuntos?12961880,20180830160542,P, HTTP/1.1" 200 6272
200.111.191.210 - - [04/Sep/2018:11:46:14 -0300] "GET /cormun/servlet/trpermisosadjuntos?12961880,20180830160542,P, HTTP/1.1" 200 6271
200.111.191.210 - - [04/Sep/2018:11:46:15 -0300] "GET /cormun/servlet/permisosadjuntos?INS,12961880,P,20180830160542,, HTTP/1.1" 200 5604
200.111.191.210 - - [04/Sep/2018:11:46:15 -0300] "GET /cormun/static/about:blank HTTP/1.1" 404 1011
200.111.191.210 - - [04/Sep/2018:11:46:16 -0300] "GET /cormun/servlet/permisosadjuntos?INS,12961880,P,20180830160542,, HTTP/1.1" 200 5595
201.215.248.160 - - [04/Sep/2018:11:46:21 -0300] "POST /cormun/servlet/hlogin?b62ed458ea4b2903c73060c999792d6f,gx-no-cache=1536072545930 HTTP/1.1" 200 90
201.215.248.160 - - [04/Sep/2018:11:46:22 -0300] "GET /cormun/servlet/hpexe_link HTTP/1.1" 200 961
200.111.191.210 - - [04/Sep/2018:11:46:22 -0300] "POST /cormun/servlet/permisosadjuntos?f614cd8f4d056082bbb97d3fb691ee07,INS,12961880,P,20180830160542,, HTTP/1.1" 200 116
200.111.191.210 - - [04/Sep/2018:11:46:22 -0300] "GET /cormun/servlet/hpexe_return? HTTP/1.1" 200 1038
200.111.191.210 - - [04/Sep/2018:11:46:22 -0300] "GET /cormun/servlet/trpermisosadjuntos?12961880,20180830160542,P, HTTP/1.1" 200 6734
201.215.248.160 - - [04/Sep/2018:11:46:22 -0300] "GET /cormun/servlet/trpermisosgoce HTTP/1.1" 200 11852
200.111.191.210 - - [04/Sep/2018:11:46:22 -0300] "GET /cormun/servlet/trpermisosadjuntos?12961880,20180830160542,P, HTTP/1.1" 200 6729
201.215.248.160 - - [04/Sep/2018:11:46:23 -0300] "GET /cormun/servlet/trpermisosgoce HTTP/1.1" 200 11851
186.103.161.206 - - [04/Sep/2018:11:46:27 -0300] "POST /cormun/servlet/trautorizarsolicitud?277dceb726e54fa6acbbeea4a8dc55a9,,gx-no-cache=1536072309748 HTTP/1.1" 200 4414
200.111.191.210 - - [04/Sep/2018:11:46:28 -0300] "GET /cormun/servlet/trpermisosgoce? HTTP/1.1" 200 16628
200.111.191.210 - - [04/Sep/2018:11:46:28 -0300] "GET /cormun/servlet/trpermisosgoce? HTTP/1.1" 200 16615
200.111.191.210 - - [04/Sep/2018:11:46:30 -0300] "POST /cormun/servlet/trpermisosgoce?f614cd8f4d056082bbb97d3fb691ee07,,gx-no-cache=1536072331051 HTTP/1.1" 200 13764
200.111.191.210 - - [04/Sep/2018:11:46:30 -0300] "GET /cormun/static/Shared/jqueryui/images/ui-bg_highlight-soft_100_c6c2c8_1x100.png HTTP/1.1" 404 1117
200.111.191.210 - - [04/Sep/2018:11:46:31 -0300] "GET /cormun/static/Shared/jqueryui/images/ui-icons_8d78a5_256x240.png HTTP/1.1" 404 1089
200.111.191.210 - - [04/Sep/2018:11:46:31 -0300] "GET /cormun/static/Shared/jqueryui/images/ui-bg_flat_55_fafafa_40x100.png HTTP/1.1" 404 1097
200.111.191.210 - - [04/Sep/2018:11:46:31 -0300] "GET /cormun/static/Shared/jqueryui/images/ui-icons_82798d_256x240.png HTTP/1.1" 404 1089
186.103.161.206 - - [04/Sep/2018:11:46:31 -0300] "GET /cormun/static/menuarrow.gif HTTP/1.1" 404 1015
201.215.248.160 - - [04/Sep/2018:11:46:33 -0300] "GET /cormun/servlet/trpermisosadjuntos?16252974,20180903095955,P, HTTP/1.1" 200 6305
201.215.248.160 - - [04/Sep/2018:11:46:34 -0300] "GET /cormun/servlet/trpermisosadjuntos?16252974,20180903095955,P, HTTP/1.1" 200 6304
186.103.161.206 - - [04/Sep/2018:11:46:34 -0300] "POST /cormun/servlet/trautorizarsolicitud?277dceb726e54fa6acbbeea4a8dc55a9,,gx-no-cache=1536072316428 HTTP/1.1" 200 4413
201.215.248.160 - - [04/Sep/2018:11:46:36 -0300] "GET /cormun/servlet/permisosadjuntos?INS,16252974,P,20180903095955,, HTTP/1.1" 200 5634
201.215.248.160 - - [04/Sep/2018:11:46:36 -0300] "GET /cormun/static/about:blank HTTP/1.1" 404 1011
201.215.248.160 - - [04/Sep/2018:11:46:37 -0300] "GET /cormun/servlet/permisosadjuntos?INS,16252974,P,20180903095955,, HTTP/1.1" 200 5625
186.103.161.206 - - [04/Sep/2018:11:46:39 -0300] "POST /cormun/servlet/trautorizarsolicitud?277dceb726e54fa6acbbeea4a8dc55a9,,gx-no-cache=1536072321210 HTTP/1.1" 200 6173
186.103.161.206 - - [04/Sep/2018:11:46:48 -0300] "GET /cormun/servlet/veautorizarsolicitud?2018,12134,, HTTP/1.1" 200 8565
186.103.161.206 - - [04/Sep/2018:11:46:48 -0300] "GET /cormun/pexe_scrolldiv.js HTTP/1.1" 404 1009
201.215.248.160 - - [04/Sep/2018:11:46:48 -0300] "POST /cormun/servlet/permisosadjuntos?b62ed458ea4b2903c73060c999792d6f,INS,16252974,P,20180903095955,, HTTP/1.1" 200 116
201.215.248.160 - - [04/Sep/2018:11:46:48 -0300] "GET /cormun/servlet/hpexe_return? HTTP/1.1" 200 1043
201.215.248.160 - - [04/Sep/2018:11:46:48 -0300] "GET /cormun/servlet/trpermisosadjuntos?16252974,20180903095955,P, HTTP/1.1" 200 6817
186.103.161.206 - - [04/Sep/2018:11:46:48 -0300] "GET /cormun/servlet/veautorizarsolicitud?2018,12134,, HTTP/1.1" 200 8564
201.215.248.160 - - [04/Sep/2018:11:46:49 -0300] "GET /cormun/servlet/trpermisosadjuntos?16252974,20180903095955,P, HTTP/1.1" 200 6812
186.67.203.186 - - [04/Sep/2018:11:47:16 -0300] "POST /cormun/servlet/veautorizarsolicitud?277dceb726e54fa6acbbeea4a8dc55a9,2018,12134,,,gx-no-cache=1536072358310 HTTP/1.1" 200 93
186.67.203.186 - - [04/Sep/2018:11:47:16 -0300] "GET /cormun/servlet/hpexe_return? HTTP/1.1" 200 1016
186.67.203.186 - - [04/Sep/2018:11:47:16 -0300] "GET /cormun/servlet/trautorizarsolicitud? HTTP/1.1" 200 9135
186.67.203.186 - - [04/Sep/2018:11:47:17 -0300] "GET /cormun/servlet/trautorizarsolicitud? HTTP/1.1" 200 9131
186.67.203.186 - - [04/Sep/2018:11:47:20 -0300] "GET /cormun/servlet/veautorizarsolicitud?2018,12002,, HTTP/1.1" 200 8657
190.151.100.218 - - [04/Sep/2018:11:47:21 -0300] "GET /cormun/pexe_scrolldiv.js HTTP/1.1" 404 1009
186.67.203.186 - - [04/Sep/2018:11:47:22 -0300] "GET /cormun/servlet/veautorizarsolicitud?2018,12002,, HTTP/1.1" 200 8656
201.215.248.160 - - [04/Sep/2018:11:47:23 -0300] "GET /cormun/servlet/trpermisosgoce? HTTP/1.1" 200 11851
201.215.248.160 - - [04/Sep/2018:11:47:24 -0300] "GET /cormun/servlet/trpermisosgoce? HTTP/1.1" 200 11851
201.215.248.160 - - [04/Sep/2018:11:47:31 -0300] "GET /cormun/servlet/trpermisosadjuntos?18649084,20180903160417,P, HTTP/1.1" 200 6305
201.215.248.160 - - [04/Sep/2018:11:47:31 -0300] "GET /cormun/servlet/trpermisosadjuntos?18649084,20180903160417,P, HTTP/1.1" 200 6306
201.215.248.160 - - [04/Sep/2018:11:47:33 -0300] "GET /cormun/servlet/permisosadjuntos?INS,18649084,P,20180903160417,, HTTP/1.1" 200 5636
201.215.248.160 - - [04/Sep/2018:11:47:33 -0300] "GET /cormun/static/about:blank HTTP/1.1" 404 1011
201.215.248.160 - - [04/Sep/2018:11:47:34 -0300] "GET /cormun/servlet/permisosadjuntos?INS,18649084,P,20180903160417,, HTTP/1.1" 200 5626
201.215.248.160 - - [04/Sep/2018:11:47:42 -0300] "POST /cormun/servlet/permisosadjuntos?b62ed458ea4b2903c73060c999792d6f,INS,18649084,P,20180903160417,, HTTP/1.1" 200 116
201.215.248.160 - - [04/Sep/2018:11:47:42 -0300] "GET /cormun/servlet/hpexe_return? HTTP/1.1" 200 1044
201.215.248.160 - - [04/Sep/2018:11:47:43 -0300] "GET /cormun/servlet/trpermisosadjuntos?18649084,20180903160417,P, HTTP/1.1" 200 6809
201.215.248.160 - - [04/Sep/2018:11:47:43 -0300] "GET /cormun/servlet/trpermisosadjuntos?18649084,20180903160417,P, HTTP/1.1" 200 6805
186.103.132.155 - - [04/Sep/2018:11:47:44 -0300] "POST /cormun/servlet/veautorizarsolicitud?277dceb726e54fa6acbbeea4a8dc55a9,2018,12002,,,gx-no-cache=1536072386506 HTTP/1.1" 200 93
186.103.132.155 - - [04/Sep/2018:11:47:44 -0300] "GET /cormun/servlet/hpexe_return? HTTP/1.1" 200 1014
186.103.132.155 - - [04/Sep/2018:11:47:44 -0300] "GET /cormun/servlet/trautorizarsolicitud HTTP/1.1" 200 9135
186.103.132.155 - - [04/Sep/2018:11:47:45 -0300] "GET /cormun/servlet/trautorizarsolicitud HTTP/1.1" 200 9130
201.215.248.160 - - [04/Sep/2018:11:47:49 -0300] "GET /cormun/servlet/trpermisosgoce? HTTP/1.1" 200 11862
201.215.248.160 - - [04/Sep/2018:11:47:50 -0300] "GET /cormun/servlet/trpermisosgoce? HTTP/1.1" 200 11851
201.215.248.160 - - [04/Sep/2018:11:47:56 -0300] "GET /cormun/servlet/trpermisosadjuntos?12572811,20180904102240,P, HTTP/1.1" 200 6307
201.215.248.160 - - [04/Sep/2018:11:47:57 -0300] "GET /cormun/servlet/trpermisosadjuntos?12572811,20180904102240,P, HTTP/1.1" 200 6307
201.215.248.160 - - [04/Sep/2018:11:48:00 -0300] "GET /cormun/servlet/permisosadjuntos?INS,12572811,P,20180904102240,, HTTP/1.1" 200 5637
200.72.197.82 - - [04/Sep/2018:11:48:00 -0300] "POST /cormun/servlet/trautorizarsolicitud?277dceb726e54fa6acbbeea4a8dc55a9,gx-no-cache=1536072403150 HTTP/1.1" 200 116
200.72.197.82 - - [04/Sep/2018:11:48:01 -0300] "GET /cormun/servlet/solicitudotlog?INS,2018,12134,0,REC, HTTP/1.1" 200 6053
201.215.248.160 - - [04/Sep/2018:11:48:01 -0300] "GET /cormun/static/about:blank HTTP/1.1" 404 1011
186.67.203.186 - - [04/Sep/2018:11:48:01 -0300] "GET /cormun/static/solicitudotlog.js?2017761245655 HTTP/1.1" 200 8934
200.72.197.82 - - [04/Sep/2018:11:48:01 -0300] "GET /cormun/static/gxcfg.js?2017761245646 HTTP/1.1" 200 953
201.215.248.160 - - [04/Sep/2018:11:48:01 -0300] "GET /cormun/servlet/permisosadjuntos?INS,12572811,P,20180904102240,, HTTP/1.1" 200 5626
186.67.203.186 - - [04/Sep/2018:11:48:02 -0300] "GET /cormun/servlet/solicitudotlog?INS,2018,12134,0,REC, HTTP/1.1" 200 6054
200.72.197.82 - - [04/Sep/2018:11:48:02 -0300] "GET /cormun/servlet/solicitudotlog?5e08e0e36ea737abf5ad24aabb53fdd86378ba80dea8010c88e365606beab19f8f9d30e108b5c8ac9dfbd89f43a74f1146ef88cecbeb69abe102b01437d253610813ad4603c7bc711129cb648dd98d3bc1f40ce40f9865d8f183ab131905badf05f783c21670051fa02137a69f49b1112f5f7e92938f42ffe8a335944b6f60593d7c3a12a6c6b2d24e943f662f73d0ee1ab43f8f27d01f13545c3eabef6e7e48,gx-no-cache=1536072404774 HTTP/1.1" 200 94
201.215.248.160 - - [04/Sep/2018:11:48:10 -0300] "POST /cormun/servlet/permisosadjuntos?b62ed458ea4b2903c73060c999792d6f,INS,12572811,P,20180904102240,, HTTP/1.1" 200 116
201.215.248.160 - - [04/Sep/2018:11:48:10 -0300] "GET /cormun/servlet/hpexe_return? HTTP/1.1" 200 1043
201.215.248.160 - - [04/Sep/2018:11:48:10 -0300] "GET /cormun/servlet/trpermisosadjuntos?12572811,20180904102240,P, HTTP/1.1" 200 6810
201.215.248.160 - - [04/Sep/2018:11:48:11 -0300] "GET /cormun/servlet/trpermisosadjuntos?12572811,20180904102240,P, HTTP/1.1" 200 6807
201.215.248.160 - - [04/Sep/2018:11:48:14 -0300] "GET /cormun/servlet/trpermisosgoce? HTTP/1.1" 200 11851
201.215.248.160 - - [04/Sep/2018:11:48:15 -0300] "GET /cormun/servlet/trpermisosgoce? HTTP/1.1" 200 11851
186.103.161.206 - - [04/Sep/2018:11:48:34 -0300] "POST /cormun/servlet/solicitudotlog?277dceb726e54fa6acbbeea4a8dc55a9,INS,2018,12134,0,REC,,gx-no-cache=1536072435987 HTTP/1.1" 200 93
186.103.161.206 - - [04/Sep/2018:11:48:34 -0300] "GET /cormun/servlet/hpexe_return? HTTP/1.1" 200 1025
186.103.161.206 - - [04/Sep/2018:11:48:34 -0300] "GET /cormun/servlet/trautorizarsolicitud HTTP/1.1" 200 8705
186.103.161.206 - - [04/Sep/2018:11:48:35 -0300] "GET /cormun/servlet/trautorizarsolicitud HTTP/1.1" 200 8701
200.111.122.170 - - [04/Sep/2018:11:48:37 -0300] "GET /cormun/servlet/hlogin HTTP/1.1" 200 1719
201.215.248.160 - - [04/Sep/2018:11:48:37 -0300] "POST /cormun/servlet/trpermisosgoce?b62ed458ea4b2903c73060c999792d6f,,gx-no-cache=1536072680564 HTTP/1.1" 200 8880
201.215.248.160 - - [04/Sep/2018:11:48:38 -0300] "GET /cormun/static/Shared/jqueryui/images/ui-bg_highlight-soft_100_c6c2c8_1x100.png HTTP/1.1" 404 1117
201.215.248.160 - - [04/Sep/2018:11:48:38 -0300] "GET /cormun/static/Shared/jqueryui/images/ui-icons_82798d_256x240.png HTTP/1.1" 404 1089
201.215.248.160 - - [04/Sep/2018:11:48:38 -0300] "GET /cormun/static/Shared/jqueryui/images/ui-bg_flat_55_fafafa_40x100.png HTTP/1.1" 404 1097
201.215.248.160 - - [04/Sep/2018:11:48:38 -0300] "GET /cormun/static/Shared/jqueryui/images/ui-icons_8d78a5_256x240.png HTTP/1.1" 404 1089
200.111.122.170 - - [04/Sep/2018:11:48:38 -0300] "GET /cormun/servlet/hlogin HTTP/1.1" 200 1730
200.111.122.170 - - [04/Sep/2018:11:48:39 -0300] "POST /cormun/servlet/hlogin?15c347b089c25eaa9a9aa4d5189a390f,gx-no-cache=1536072440051 HTTP/1.1" 200 90
200.111.122.170 - - [04/Sep/2018:11:48:39 -0300] "GET /cormun/servlet/hpexe_link HTTP/1.1" 200 952
200.111.122.170 - - [04/Sep/2018:11:48:39 -0300] "GET /cormun/servlet/hhome HTTP/1.1" 200 3998
200.111.122.170 - - [04/Sep/2018:11:48:40 -0300] "GET /cormun/servlet/hhome HTTP/1.1" 200 3995
200.72.197.82 - - [04/Sep/2018:11:48:43 -0300] "GET /cormun/servlet/trvisualizadoreventos? HTTP/1.1" 200 6731
200.111.122.170 - - [04/Sep/2018:11:48:44 -0300] "GET /cormun/servlet/trvisualizadoreventos? HTTP/1.1" 200 6731
201.215.248.160 - - [04/Sep/2018:11:48:49 -0300] "POST /cormun/servlet/trpermisosgoce?b62ed458ea4b2903c73060c999792d6f,,gx-no-cache=1536072693190 HTTP/1.1" 200 8871
186.10.12.250 - - [04/Sep/2018:11:48:50 -0300] "GET /cormun/servlet/trsolicitudot? HTTP/1.1" 200 8627
186.10.12.250 - - [04/Sep/2018:11:48:51 -0300] "GET /cormun/servlet/trsolicitudot? HTTP/1.1" 200 8626
190.151.100.218 - - [04/Sep/2018:11:48:55 -0300] "POST /cormun/servlet/trautorizarsolicitud?277dceb726e54fa6acbbeea4a8dc55a9,gx-no-cache=1536072456594 HTTP/1.1" 200 116
190.151.100.218 - - [04/Sep/2018:11:48:55 -0300] "GET /cormun/servlet/solicitudotlog?INS,2018,12002,0,ANU, HTTP/1.1" 200 6056
190.151.100.218 - - [04/Sep/2018:11:48:55 -0300] "GET /cormun/servlet/solicitudotlog?INS,2018,12002,0,ANU, HTTP/1.1" 200 6056
186.67.203.186 - - [04/Sep/2018:11:48:56 -0300] "GET /cormun/servlet/solicitudotlog?5e08e0e36ea737abf5ad24aabb53fdd8d67087fc304385b075dc20b8a34dc4198f9d30e108b5c8ac9dfbd89f43a74f1146ef88cecbeb69abe102b01437d253610813ad4603c7bc711129cb648dd98d3bc1f40ce40f9865d8f183ab131905badf05f783c21670051fa02137a69f49b1112f5f7e92938f42ffe8a335944b6f60593d7c3a12a6c6b2d24e943f662f73d0ee1ab43f8f27d01f13545c3eabef6e7e48,gx-no-cache=1536072458652 HTTP/1.1" 200 94
186.10.12.250 - - [04/Sep/2018:11:48:58 -0300] "POST /cormun/servlet/trsolicitudot?15c347b089c25eaa9a9aa4d5189a390f,,gx-no-cache=1536072458820 HTTP/1.1" 200 106
186.10.12.250 - - [04/Sep/2018:11:48:58 -0300] "GET /cormun/servlet/solicitudot?UPD,2018,12134, HTTP/1.1" 200 15310
186.103.132.155 - - [04/Sep/2018:11:48:58 -0300] "GET /cormun/static/gxcfg.js?201812313224582 HTTP/1.1" 200 953
186.103.132.155 - - [04/Sep/2018:11:48:59 -0300] "GET /cormun/servlet/solicitudot?UPD,2018,12134, HTTP/1.1" 200 15319
186.10.12.250 - - [04/Sep/2018:11:48:59 -0300] "POST /cormun/servlet/solicitudot?gx-no-cache=1536072460267 HTTP/1.1" 200 3422
186.10.12.250 - - [04/Sep/2018:11:49:01 -0300] "POST /cormun/servlet/solicitudot?15c347b089c25eaa9a9aa4d5189a390f,UPD,2018,12134,,gx-no-cache=1536072460558 HTTP/1.1" 200 11587
186.10.12.250 - - [04/Sep/2018:11:49:01 -0300] "GET /cormun/servlet/solicitudot?80b30c9e08eb0559b22188691b855b8d98d875035dbab3ef6932e1433cd42c5a66d84835ad3013c00d58eeaaa454c160,gx-no-cache=1536072461652 HTTP/1.1" 200 30
186.10.12.250 - - [04/Sep/2018:11:49:01 -0300] "GET /cormun/servlet/solicitudot?80b30c9e08eb0559b22188691b855b8de7c1b2e8752fc53a33246e77f79bc2287b6afd8a3438de7f0d455e9838533d07167f8f4c837a69007391e52e59f55e37,gx-no-cache=1536072461762 HTTP/1.1" 200 30
186.10.12.250 - - [04/Sep/2018:11:49:01 -0300] "GET /cormun/servlet/solicitudot?80b30c9e08eb0559b22188691b855b8d825b42239cf6bf9b93cd65c61e8a538b27c617162c0fdc3352e415205485fa3a59efa2c86f169a029b8366dcee1641fe,gx-no-cache=1536072461903 HTTP/1.1" 200 53
201.215.248.160 - - [04/Sep/2018:11:49:02 -0300] "POST /cormun/servlet/trpermisosgoce?b62ed458ea4b2903c73060c999792d6f,,gx-no-cache=1536072705889 HTTP/1.1" 200 8820
186.10.12.250 - - [04/Sep/2018:11:49:02 -0300] "POST /cormun/servlet/solicitudot?gx-no-cache=1536072462987 HTTP/1.1" 200 295
186.10.12.250 - - [04/Sep/2018:11:49:02 -0300] "GET /cormun/servlet/solicitudot?80b30c9e08eb0559b22188691b855b8d51ae50362b4764c3ba3a46f4f4c0e48310828d99346775ab7c8346f97cfee1dfcebcfa1074e4938535d76931d785364c1e111b2015e1559caecac21c00287e3df2e1fcbf3024ba0b8114afc49eb5c9acb86eb5b3db703dc785c0b2d88d52c9ce9acb0696dfd9a89138239785a8e8431566837b3fef504289f350ea1b8ada57d78c4bed20880ce60b30affa7640163e10c7ca4ffe45e8d4f09861e118abddf64cdbe5e349c4d7c8a1a8fb95d1551658a2f9045bacf6ff579a4c4ee401919a4c1e181fa39357d21488302628bf2ea5c9e6276afa3e0cac9044cf282ff8b9cf3801b36f320e2f1c5ccc72e8d79714a8cfbd0b840bfd5c9b2a9398f69b2ff685ead79180acfa155007caf465f01168c2026de0cb41f91491a5d5f464d57c7580fccd34cd612900d541f73a1a0ea4347a97315b84c04a3ed284669772d5929558801484d2603f0247d0ce248dcd1fc3bc5eb205ae6584600a236493cf29576029bfd819120e5390556f731c66d04a69111d8bae135eb1d8f6ba2e3bf994ded8ba0872,gx-no-cache=1536072463143 HTTP/1.1" 200 30
186.10.12.250 - - [04/Sep/2018:11:49:02 -0300] "POST /cormun/servlet/solicitudot?gx-no-cache=1536072463259 HTTP/1.1" 200 30
186.10.12.250 - - [04/Sep/2018:11:49:03 -0300] "POST /cormun/servlet/solicitudot?gx-no-cache=1536072463407 HTTP/1.1" 200 1374
186.10.12.250 - - [04/Sep/2018:11:49:03 -0300] "POST /cormun/servlet/solicitudot?gx-no-cache=1536072463588 HTTP/1.1" 200 41
186.103.161.206 - - [04/Sep/2018:11:49:10 -0300] "GET /cormun/servlet/solicitudot?80b30c9e08eb0559b22188691b855b8de40ce8dc0d235d11ef79a78cc54e4c5143545bade477be6ebf0661aa3dec7909697efd09cd62d78fef2cd5c198bba1bc0f30fcae32cf35653ee1c1284028a7f8a3b8e548da05db0ed27db7693fd7e06af8943dd86bccede2ba76c1c6bce12dc9,gx-no-cache=1536072470843 HTTP/1.1" 200 29
186.103.161.206 - - [04/Sep/2018:11:49:10 -0300] "POST /cormun/servlet/solicitudot?gx-no-cache=1536072470945 HTTP/1.1" 200 1356
186.103.161.206 - - [04/Sep/2018:11:49:10 -0300] "POST /cormun/servlet/solicitudot?gx-no-cache=1536072471079 HTTP/1.1" 200 1257
201.215.248.160 - - [04/Sep/2018:11:49:16 -0300] "GET /cormun/servlet/trlicencias? HTTP/1.1" 200 10774
201.215.248.160 - - [04/Sep/2018:11:49:17 -0300] "GET /cormun/servlet/trlicencias? HTTP/1.1" 200 10773
200.111.122.170 - - [04/Sep/2018:11:49:27 -0300] "POST /cormun/servlet/solicitudotlog?277dceb726e54fa6acbbeea4a8dc55a9,INS,2018,12002,0,ANU,,gx-no-cache=1536072489110 HTTP/1.1" 200 93
200.111.122.170 - - [04/Sep/2018:11:49:27 -0300] "GET /cormun/servlet/hpexe_return? HTTP/1.1" 200 1025
200.111.122.170 - - [04/Sep/2018:11:49:27 -0300] "GET /cormun/servlet/trautorizarsolicitud HTTP/1.1" 200 7353
200.111.122.170 - - [04/Sep/2018:11:49:27 -0300] "GET /cormun/servlet/trautorizarsolicitud HTTP/1.1" 200 7349
200.111.191.210 - - [04/Sep/2018:11:49:30 -0300] "GET /cormun/servlet/trpermisosadjuntos?9528102,20180903155531,P, HTTP/1.1" 200 6270
200.111.191.210 - - [04/Sep/2018:11:49:30 -0300] "GET /cormun/servlet/trpermisosadjuntos?9528102,20180903155531,P, HTTP/1.1" 200 6271
186.10.12.250 - - [04/Sep/2018:11:49:30 -0300] "GET /cormun/servlet/hlogin HTTP/1.1" 200 1741
186.103.132.155 - - [04/Sep/2018:11:49:34 -0300] "GET /cormun/servlet/solicitudot?80b30c9e08eb0559b22188691b855b8db8d58170c524d18cc772688668a93202513f723c06ea224e72434ed62a8388a8,gx-no-cache=1536072494587 HTTP/1.1" 200 30
186.103.132.155 - - [04/Sep/2018:11:49:34 -0300] "POST /cormun/servlet/solicitudot?gx-no-cache=1536072494657 HTTP/1.1" 200 34
200.72.197.82 - - [04/Sep/2018:11:50:08 -0300] "GET /cormun/servlet/solicitudot?80b30c9e08eb0559b22188691b855b8db8d58170c524d18cc772688668a93202c09c5ade3a87846273aa9d353e22aba5,gx-no-cache=1536072529246 HTTP/1.1" 200 30
200.72.197.82 - - [04/Sep/2018:11:50:09 -0300] "POST /cormun/servlet/solicitudot?gx-no-cache=1536072529434 HTTP/1.1" 200 34
200.72.197.82 - - [04/Sep/2018:11:50:09 -0300] "POST /cormun/servlet/solicitudot?15c347b089c25eaa9a9aa4d5189a390f,UPD,2018,12134,,gx-no-cache=1536072529592 HTTP/1.1" 200 93
200.72.197.82 - - [04/Sep/2018:11:50:09 -0300] "GET /cormun/servlet/hpexe_return? HTTP/1.1" 200 1014
186.10.12.250 - - [04/Sep/2018:11:50:09 -0300] "GET /cormun/static/gxcfg.js?2016101716175148 HTTP/1.1" 200 953
200.72.197.82 - - [04/Sep/2018:11:50:09 -0300] "GET /cormun/static/Resources/Spanish/PXTools.css?167811 HTTP/1.1" 200 89042
200.72.197.82 - - [04/Sep/2018:11:50:10 -0300] "GET /cormun/servlet/trsolicitudot HTTP/1.1" 200 8625
200.72.197.82 - - [04/Sep/2018:11:50:10 -0300] "GET /cormun/servlet/trsolicitudot HTTP/1.1" 200 8621
200.72.197.82 - - [04/Sep/2018:11:50:15 -0300] "POST /cormun/servlet/trsolicitudot?15c347b089c25eaa9a9aa4d5189a390f,gx-no-cache=1536072535377 HTTP/1.1" 200 4498
200.72.197.82 - - [04/Sep/2018:11:50:15 -0300] "GET /cormun/static/Shared/jqueryui/images/ui-bg_highlight-soft_100_c6c2c8_1x100.png HTTP/1.1" 404 1117
186.10.12.250 - - [04/Sep/2018:11:50:15 -0300] "GET /cormun/static/Shared/jqueryui/images/ui-icons_82798d_256x240.png HTTP/1.1" 404 1089
200.72.197.82 - - [04/Sep/2018:11:50:15 -0300] "GET /cormun/static/Shared/jqueryui/images/ui-bg_flat_55_fafafa_40x100.png HTTP/1.1" 404 1097
186.10.12.250 - - [04/Sep/2018:11:50:15 -0300] "POST /cormun/servlet/trsolicitudot?15c347b089c25eaa9a9aa4d5189a390f,gx-no-cache=1536072535818 HTTP/1.1" 200 4255
200.72.197.82 - - [04/Sep/2018:11:50:15 -0300] "GET /cormun/static/Shared/jqueryui/images/ui-icons_8d78a5_256x240.png HTTP/1.1" 404 1089
186.103.159.182 - - [04/Sep/2018:11:50:19 -0300] "GET /cormun/servlet/hlogin HTTP/1.1" 200 1730
186.103.159.182 - - [04/Sep/2018:11:50:21 -0300] "GET /cormun/servlet/hlogin HTTP/1.1" 200 1734
186.10.12.250 - - [04/Sep/2018:11:50:27 -0300] "POST /cormun/servlet/hlogin?277dceb726e54fa6acbbeea4a8dc55a9,gx-no-cache=1536072549322 HTTP/1.1" 200 90
186.10.12.250 - - [04/Sep/2018:11:50:27 -0300] "GET /cormun/servlet/hpexe_link HTTP/1.1" 200 960
186.10.12.250 - - [04/Sep/2018:11:50:27 -0300] "GET /cormun/servlet/trautorizarsolicitud HTTP/1.1" 200 8743
186.10.12.250 - - [04/Sep/2018:11:50:27 -0300] "GET /cormun/servlet/trautorizarsolicitud HTTP/1.1" 200 8742
190.151.100.218 - - [04/Sep/2018:11:50:30 -0300] "GET /cormun/servlet/trautorizarsolicitud? HTTP/1.1" 200 8742
190.151.100.218 - - [04/Sep/2018:11:50:31 -0300] "GET /cormun/servlet/trautorizarsolicitud? HTTP/1.1" 200 8742
186.67.203.186 - - [04/Sep/2018:11:50:35 -0300] "GET /cormun/servlet/veautorizarsolicitud?2018,12134,, HTTP/1.1" 200 8600
186.67.203.186 - - [04/Sep/2018:11:50:35 -0300] "GET /cormun/pexe_scrolldiv.js HTTP/1.1" 404 1009
186.67.203.186 - - [04/Sep/2018:11:50:35 -0300] "GET /cormun/servlet/veautorizarsolicitud?2018,12134,, HTTP/1.1" 200 8599
201.215.248.160 - - [04/Sep/2018:11:51:31 -0300] "GET /cormun/servlet/trpermisosgoce? HTTP/1.1" 200 11775
186.103.159.182 - - [04/Sep/2018:11:51:31 -0300] "POST /cormun/servlet/hlogin?a50a2c8b9e2032b47676f2f6c8947295,gx-no-cache=1536072614179 HTTP/1.1" 200 90
186.103.159.182 - - [04/Sep/2018:11:51:32 -0300] "GET /cormun/servlet/hpexe_link HTTP/1.1" 200 956
186.103.159.182 - - [04/Sep/2018:11:51:32 -0300] "GET /cormun/servlet/hhome HTTP/1.1" 200 4264
201.215.248.160 - - [04/Sep/2018:11:51:32 -0300] "GET /cormun/servlet/trpermisosgoce? HTTP/1.1" 200 11775
186.103.159.182 - - [04/Sep/2018:11:51:33 -0300] "GET /cormun/servlet/hhome HTTP/1.1" 200 4260
186.103.132.155 - - [04/Sep/2018:11:51:35 -0300] "POST /cormun/servlet/veautorizarsolicitud?277dceb726e54fa6acbbeea4a8dc55a9,2018,12134,,,gx-no-cache=1536072618181 HTTP/1.1" 200 93
186.103.132.155 - - [04/Sep/2018:11:51:36 -0300] "GET /cormun/servlet/hpexe_return? HTTP/1.1" 200 1014
186.103.132.155 - - [04/Sep/2018:11:51:36 -0300] "GET /cormun/servlet/trautorizarsolicitud HTTP/1.1" 200 8746
186.103.132.155 - - [04/Sep/2018:11:51:36 -0300] "GET /cormun/servlet/trautorizarsolicitud HTTP/1.1" 200 8742
186.103.159.182 - - [04/Sep/2018:11:51:38 -0300] "GET /cormun/servlet/trsolicitudot? HTTP/1.1" 200 8838
186.103.132.155 - - [04/Sep/2018:11:51:39 -0300] "POST /cormun/servlet/trautorizarsolicitud?277dceb726e54fa6acbbeea4a8dc55a9,gx-no-cache=1536072621381 HTTP/1.1" 200 4628
186.103.132.155 - - [04/Sep/2018:11:51:39 -0300] "GET /cormun/static/Shared/jqueryui/images/ui-bg_flat_55_fafafa_40x100.png HTTP/1.1" 404 1097
186.67.203.186 - - [04/Sep/2018:11:51:39 -0300] "GET /cormun/static/Shared/jqueryui/images/ui-icons_82798d_256x240.png HTTP/1.1" 404 1089
186.67.203.186 - - [04/Sep/2018:11:51:40 -0300] "GET /cormun/static/Shared/jqueryui/images/ui-bg_highlight-soft_100_c6c2c8_1x100.png HTTP/1.1" 404 1117
190.151.100.218 - - [04/Sep/2018:11:51:40 -0300] "GET /cormun/static/Shared/jqueryui/images/ui-icons_8d78a5_256x240.png HTTP/1.1" 404 1089
186.67.203.186 - - [04/Sep/2018:11:51:40 -0300] "POST /cormun/servlet/trautorizarsolicitud?277dceb726e54fa6acbbeea4a8dc55a9,gx-no-cache=1536072622355 HTTP/1.1" 200 4384
186.103.159.182 - - [04/Sep/2018:11:51:40 -0300] "GET /cormun/servlet/trsolicitudot? HTTP/1.1" 200 8836
186.103.159.182 - - [04/Sep/2018:11:51:52 -0300] "POST /cormun/servlet/trsolicitudot?a50a2c8b9e2032b47676f2f6c8947295,,gx-no-cache=1536072634942 HTTP/1.1" 200 106
186.103.159.182 - - [04/Sep/2018:11:51:52 -0300] "GET /cormun/servlet/trsolicitudadjuntos?2018,12132, HTTP/1.1" 200 8968
186.103.159.182 - - [04/Sep/2018:11:51:53 -0300] "GET /cormun/static/gxcfg.js?20177612135366 HTTP/1.1" 200 953
186.103.159.182 - - [04/Sep/2018:11:51:53 -0300] "GET /cormun/static/trsolicitudadjuntos.js?20177612135632 HTTP/1.1" 200 17922
186.103.159.182 - - [04/Sep/2018:11:51:54 -0300] "GET /cormun/servlet/trsolicitudadjuntos?2018,12132, HTTP/1.1" 200 8969
186.103.159.182 - - [04/Sep/2018:11:51:56 -0300] "GET /cormun/servlet/solicitudotadjuntos?INS,2018,12132,,1, HTTP/1.1" 200 6308
186.103.159.182 - - [04/Sep/2018:11:51:56 -0300] "GET /cormun/static/solicitudotadjuntos.js?2017761244086 HTTP/1.1" 200 11771
186.103.159.182 - - [04/Sep/2018:11:51:56 -0300] "GET /cormun/static/gxcfg.js?2017761244068 HTTP/1.1" 200 953
186.103.159.182 - - [04/Sep/2018:11:51:58 -0300] "GET /cormun/static/about:blank HTTP/1.1" 404 1011
186.103.159.182 - - [04/Sep/2018:11:51:58 -0300] "GET /cormun/servlet/solicitudotadjuntos?INS,2018,12132,,1, HTTP/1.1" 200 6301
186.103.159.182 - - [04/Sep/2018:11:51:59 -0300] "GET /cormun/servlet/solicitudotadjuntos?51371e63f816785a4c3f399a833ddc1d61866c74c7e4fe73c4844663d383b5a566126ea1413d42c73a9db5a350c4e741,gx-no-cache=1536072641215 HTTP/1.1" 200 30
186.103.159.182 - - [04/Sep/2018:11:51:59 -0300] "POST /cormun/servlet/solicitudotadjuntos?a50a2c8b9e2032b47676f2f6c8947295,INS,2018,12132,,1,,gx-no-cache=1536072642147 HTTP/1.1" 200 3987
186.103.159.182 - - [04/Sep/2018:11:52:03 -0300] "POST /cormun/servlet/solicitudotadjuntos?a50a2c8b9e2032b47676f2f6c8947295,INS,2018,12132,,1,,gx-no-cache=1536072645483 HTTP/1.1" 200 93
186.103.159.182 - - [04/Sep/2018:11:52:03 -0300] "GET /cormun/servlet/hpexe_return? HTTP/1.1" 200 1030
186.103.159.182 - - [04/Sep/2018:11:52:04 -0300] "GET /cormun/servlet/trsolicitudadjuntos?2018,12132, HTTP/1.1" 200 8972
186.103.159.182 - - [04/Sep/2018:11:52:05 -0300] "GET /cormun/servlet/trsolicitudadjuntos?2018,12132, HTTP/1.1" 200 8969
186.103.159.182 - - [04/Sep/2018:11:52:06 -0300] "GET /cormun/servlet/solicitudotadjuntos?DLT,2018,12132,CARNET,0, HTTP/1.1" 200 6298
186.103.159.182 - - [04/Sep/2018:11:52:07 -0300] "GET /cormun/static/Shared/jqueryui/images/ui-bg_highlight-soft_100_c6c2c8_1x100.png HTTP/1.1" 404 1117
186.103.159.182 - - [04/Sep/2018:11:52:07 -0300] "GET /cormun/static/Shared/jqueryui/images/ui-icons_82798d_256x240.png HTTP/1.1" 404 1089
186.103.159.182 - - [04/Sep/2018:11:52:07 -0300] "GET /cormun/static/Shared/jqueryui/images/ui-bg_flat_55_fafafa_40x100.png HTTP/1.1" 404 1097
186.103.159.182 - - [04/Sep/2018:11:52:07 -0300] "GET /cormun/static/Shared/jqueryui/images/ui-icons_8d78a5_256x240.png HTTP/1.1" 404 1089
186.103.159.182 - - [04/Sep/2018:11:52:07 -0300] "GET /cormun/PublicTempStorage/stiven_henao_palomino_-_pasaporte4427971.pdf HTTP/1.1" 200 225494
186.103.159.182 - - [04/Sep/2018:11:52:07 -0300] "GET /cormun/servlet/solicitudotadjuntos?DLT,2018,12132,CARNET,0, HTTP/1.1" 200 6292
186.103.159.182 - - [04/Sep/2018:11:52:09 -0300] "POST /cormun/servlet/solicitudotadjuntos?a50a2c8b9e2032b47676f2f6c8947295,DLT,2018,12132,CARNET,0,,gx-no-cache=1536072651403 HTTP/1.1" 200 93
186.103.159.182 - - [04/Sep/2018:11:52:09 -0300] "GET /cormun/servlet/hpexe_return? HTTP/1.1" 200 1036
186.103.159.182 - - [04/Sep/2018:11:52:09 -0300] "GET /cormun/servlet/trsolicitudadjuntos?2018,12132, HTTP/1.1" 200 6363
186.103.159.182 - - [04/Sep/2018:11:52:10 -0300] "GET /cormun/servlet/trsolicitudadjuntos?2018,12132, HTTP/1.1" 200 6359
186.103.159.182 - - [04/Sep/2018:11:52:11 -0300] "GET /cormun/servlet/solicitudotadjuntos?INS,2018,12132,,1, HTTP/1.1" 200 6308
186.103.159.182 - - [04/Sep/2018:11:52:11 -0300] "GET /cormun/static/about:blank HTTP/1.1" 404 1011
186.103.159.182 - - [04/Sep/2018:11:52:11 -0300] "GET /cormun/servlet/solicitudotadjuntos?INS,2018,12132,,1, HTTP/1.1" 200 6301
186.103.159.182 - - [04/Sep/2018:11:52:12 -0300] "GET /cormun/servlet/solicitudotadjuntos?51371e63f816785a4c3f399a833ddc1d61866c74c7e4fe73c4844663d383b5a566126ea1413d42c73a9db5a350c4e741,gx-no-cache=1536072654664 HTTP/1.1" 200 30
200.111.191.210 - - [04/Sep/2018:11:52:13 -0300] "GET /cormun/servlet/permisosadjuntos?INS,9528102,P,20180903155531,, HTTP/1.1" 200 5599
186.103.159.182 - - [04/Sep/2018:11:52:13 -0300] "POST /cormun/servlet/solicitudotadjuntos?a50a2c8b9e2032b47676f2f6c8947295,INS,2018,12132,,1,,gx-no-cache=1536072654774 HTTP/1.1" 200 3987
200.111.191.210 - - [04/Sep/2018:11:52:13 -0300] "GET /cormun/static/about:blank HTTP/1.1" 404 1011
200.111.191.210 - - [04/Sep/2018:11:52:13 -0300] "GET /cormun/servlet/permisosadjuntos?INS,9528102,P,20180903155531,, HTTP/1.1" 200 5589
186.103.159.182 - - [04/Sep/2018:11:52:14 -0300] "POST /cormun/servlet/solicitudotadjuntos?gx-no-cache=1536072657290 HTTP/1.1" 200 26
200.111.191.210 - - [04/Sep/2018:11:52:21 -0300] "POST /cormun/servlet/permisosadjuntos?f614cd8f4d056082bbb97d3fb691ee07,INS,9528102,P,20180903155531,, HTTP/1.1" 200 116
200.111.191.210 - - [04/Sep/2018:11:52:21 -0300] "GET /cormun/servlet/hpexe_return? HTTP/1.1" 200 1038
200.111.191.210 - - [04/Sep/2018:11:52:21 -0300] "GET /cormun/servlet/trpermisosadjuntos?9528102,20180903155531,P, HTTP/1.1" 200 6733
200.111.191.210 - - [04/Sep/2018:11:52:23 -0300] "GET /cormun/servlet/trpermisosadjuntos?9528102,20180903155531,P, HTTP/1.1" 200 6731
186.103.159.182 - - [04/Sep/2018:11:52:23 -0300] "GET /cormun/servlet/solicitudotadjuntos?51371e63f816785a4c3f399a833ddc1d7546919ede80d795358c2badae8ba447,gx-no-cache=1536072666145 HTTP/1.1" 200 30
186.103.159.182 - - [04/Sep/2018:11:52:23 -0300] "GET /cormun/servlet/solicitudotadjuntos?51371e63f816785a4c3f399a833ddc1d7546919ede80d795358c2badae8ba447,gx-no-cache=1536072666229 HTTP/1.1" 200 30
186.103.159.182 - - [04/Sep/2018:11:52:30 -0300] "POST /cormun/servlet/solicitudotadjuntos?a50a2c8b9e2032b47676f2f6c8947295,INS,2018,12132,,1, HTTP/1.1" 200 116
186.103.159.182 - - [04/Sep/2018:11:52:30 -0300] "GET /cormun/servlet/hpexe_return? HTTP/1.1" 200 1030
186.103.159.182 - - [04/Sep/2018:11:52:30 -0300] "GET /cormun/servlet/trsolicitudadjuntos?2018,12132, HTTP/1.1" 200 8962
186.103.159.182 - - [04/Sep/2018:11:52:31 -0300] "GET /cormun/servlet/trsolicitudadjuntos?2018,12132, HTTP/1.1" 200 8958
186.103.159.182 - - [04/Sep/2018:11:52:32 -0300] "GET /cormun/servlet/solicitudotadjuntos?INS,2018,12132,,1, HTTP/1.1" 200 6308
186.103.159.182 - - [04/Sep/2018:11:52:32 -0300] "GET /cormun/static/about:blank HTTP/1.1" 404 1011
186.103.159.182 - - [04/Sep/2018:11:52:32 -0300] "GET /cormun/servlet/solicitudotadjuntos?INS,2018,12132,,1, HTTP/1.1" 200 6301
200.111.191.210 - - [04/Sep/2018:11:52:32 -0300] "GET /cormun/PublicTempStorage/082702293420.PDF HTTP/1.1" 200 619727
186.103.159.182 - - [04/Sep/2018:11:52:33 -0300] "GET /cormun/servlet/solicitudotadjuntos?51371e63f816785a4c3f399a833ddc1d61866c74c7e4fe73c4844663d383b5a566126ea1413d42c73a9db5a350c4e741,gx-no-cache=1536072675830 HTTP/1.1" 200 30
186.103.159.182 - - [04/Sep/2018:11:52:33 -0300] "POST /cormun/servlet/solicitudotadjuntos?a50a2c8b9e2032b47676f2f6c8947295,INS,2018,12132,,1,,gx-no-cache=1536072675851 HTTP/1.1" 200 3987
186.103.159.182 - - [04/Sep/2018:11:52:34 -0300] "POST /cormun/servlet/solicitudotadjuntos?gx-no-cache=1536072677201 HTTP/1.1" 200 26
200.111.191.210 - - [04/Sep/2018:11:52:37 -0300] "GET /cormun/servlet/trpermisosadjuntos?9528102,20180903155531,P, HTTP/1.1" 200 6734
200.111.191.210 - - [04/Sep/2018:11:52:37 -0300] "GET /cormun/servlet/trpermisosadjuntos?9528102,20180903155531,P, HTTP/1.1" 200 6730
200.111.191.210 - - [04/Sep/2018:11:52:41 -0300] "GET /cormun/servlet/trpermisosgoce? HTTP/1.1" 200 16591
200.111.191.210 - - [04/Sep/2018:11:52:42 -0300] "GET /cormun/servlet/trpermisosgoce? HTTP/1.1" 200 16577
200.111.191.210 - - [04/Sep/2018:11:52:45 -0300] "POST /cormun/servlet/trpermisosgoce?f614cd8f4d056082bbb97d3fb691ee07,,gx-no-cache=1536072705518 HTTP/1.1" 200 13763
200.111.191.210 - - [04/Sep/2018:11:52:45 -0300] "GET /cormun/static/Shared/jqueryui/images/ui-bg_highlight-soft_100_c6c2c8_1x100.png HTTP/1.1" 404 1117
200.111.191.210 - - [04/Sep/2018:11:52:45 -0300] "GET /cormun/static/Shared/jqueryui/images/ui-icons_82798d_256x240.png HTTP/1.1" 404 1089
200.111.191.210 - - [04/Sep/2018:11:52:45 -0300] "GET /cormun/static/Shared/jqueryui/images/ui-bg_flat_55_fafafa_40x100.png HTTP/1.1" 404 1097
200.111.191.210 - - [04/Sep/2018:11:52:45 -0300] "GET /cormun/static/Shared/jqueryui/images/ui-icons_8d78a5_256x240.png HTTP/1.1" 404 1089
186.103.159.182 - - [04/Sep/2018:11:53:30 -0300] "GET /cormun/servlet/solicitudotadjuntos?51371e63f816785a4c3f399a833ddc1d7546919ede80d795358c2badae8ba447,gx-no-cache=1536072732650 HTTP/1.1" 200 30
186.103.159.182 - - [04/Sep/2018:11:53:30 -0300] "GET /cormun/servlet/solicitudotadjuntos?51371e63f816785a4c3f399a833ddc1d7546919ede80d795358c2badae8ba447,gx-no-cache=1536072732676 HTTP/1.1" 200 30
186.103.159.182 - - [04/Sep/2018:11:53:32 -0300] "POST /cormun/servlet/solicitudotadjuntos?a50a2c8b9e2032b47676f2f6c8947295,INS,2018,12132,,1, HTTP/1.1" 200 116
186.103.159.182 - - [04/Sep/2018:11:53:32 -0300] "GET /cormun/servlet/hpexe_return? HTTP/1.1" 200 1030
186.103.159.182 - - [04/Sep/2018:11:53:33 -0300] "GET /cormun/servlet/trsolicitudadjuntos?2018,12132, HTTP/1.1" 200 9202
186.103.159.182 - - [04/Sep/2018:11:53:34 -0300] "GET /cormun/servlet/trsolicitudadjuntos?2018,12132, HTTP/1.1" 200 9199
186.103.159.182 - - [04/Sep/2018:11:53:35 -0300] "GET /cormun/servlet/solicitudotadjuntos?INS,2018,12132,,1, HTTP/1.1" 200 6307
186.103.159.182 - - [04/Sep/2018:11:53:36 -0300] "GET /cormun/static/about:blank HTTP/1.1" 404 1011
186.103.159.182 - - [04/Sep/2018:11:53:36 -0300] "GET /cormun/servlet/solicitudotadjuntos?INS,2018,12132,,1, HTTP/1.1" 200 6300
186.103.159.182 - - [04/Sep/2018:11:53:36 -0300] "GET /cormun/servlet/solicitudotadjuntos?51371e63f816785a4c3f399a833ddc1d61866c74c7e4fe73c4844663d383b5a566126ea1413d42c73a9db5a350c4e741,gx-no-cache=1536072739241 HTTP/1.1" 200 30
186.103.159.182 - - [04/Sep/2018:11:53:37 -0300] "POST /cormun/servlet/solicitudotadjuntos?a50a2c8b9e2032b47676f2f6c8947295,INS,2018,12132,,1,,gx-no-cache=1536072739304 HTTP/1.1" 200 3987
186.103.159.182 - - [04/Sep/2018:11:53:39 -0300] "POST /cormun/servlet/solicitudotadjuntos?gx-no-cache=1536072741354 HTTP/1.1" 200 26
186.103.159.182 - - [04/Sep/2018:11:53:42 -0300] "GET /cormun/servlet/solicitudotadjuntos?51371e63f816785a4c3f399a833ddc1d7546919ede80d795358c2badae8ba447,gx-no-cache=1536072744386 HTTP/1.1" 200 30
186.103.159.182 - - [04/Sep/2018:11:53:42 -0300] "GET /cormun/servlet/solicitudotadjuntos?51371e63f816785a4c3f399a833ddc1d7546919ede80d795358c2badae8ba447,gx-no-cache=1536072744431 HTTP/1.1" 200 30
186.103.159.182 - - [04/Sep/2018:11:53:44 -0300] "POST /cormun/servlet/solicitudotadjuntos?a50a2c8b9e2032b47676f2f6c8947295,INS,2018,12132,,1, HTTP/1.1" 200 116
186.103.159.182 - - [04/Sep/2018:11:53:44 -0300] "GET /cormun/servlet/hpexe_return? HTTP/1.1" 200 1030
186.103.159.182 - - [04/Sep/2018:11:53:44 -0300] "GET /cormun/servlet/trsolicitudadjuntos?2018,12132, HTTP/1.1" 200 9366
186.103.159.182 - - [04/Sep/2018:11:53:45 -0300] "GET /cormun/servlet/trsolicitudadjuntos?2018,12132, HTTP/1.1" 200 9363
186.103.159.182 - - [04/Sep/2018:11:53:46 -0300] "GET /cormun/servlet/solicitudotadjuntos?INS,2018,12132,,1, HTTP/1.1" 200 6308
186.103.159.182 - - [04/Sep/2018:11:53:47 -0300] "GET /cormun/static/about:blank HTTP/1.1" 404 1011
186.103.159.182 - - [04/Sep/2018:11:53:47 -0300] "GET /cormun/servlet/solicitudotadjuntos?INS,2018,12132,,1, HTTP/1.1" 200 6301
186.103.159.182 - - [04/Sep/2018:11:53:48 -0300] "GET /cormun/servlet/solicitudotadjuntos?51371e63f816785a4c3f399a833ddc1d61866c74c7e4fe73c4844663d383b5a566126ea1413d42c73a9db5a350c4e741,gx-no-cache=1536072750427 HTTP/1.1" 200 30
186.103.159.182 - - [04/Sep/2018:11:53:48 -0300] "POST /cormun/servlet/solicitudotadjuntos?a50a2c8b9e2032b47676f2f6c8947295,INS,2018,12132,,1,,gx-no-cache=1536072750495 HTTP/1.1" 200 3988
