186.103.159.189 - - [04/Sep/2018:09:42:21 -0300] "GET /cormun/static/about:blank HTTP/1.1" 404 1011
186.103.159.189 - - [04/Sep/2018:09:42:23 -0300] "GET /cormun/servlet/permisosadjuntos?INS,16884573,P,20180903175223,, HTTP/1.1" 200 5600
186.103.159.189 - - [04/Sep/2018:09:42:42 -0300] "POST /cormun/servlet/permisosadjuntos?65c57f8f3da5b572bd265496493935c1,INS,16884573,P,20180903175223,,,gx-no-cache=1536064880503 HTTP/1.1" 200 90
186.103.159.189 - - [04/Sep/2018:09:42:42 -0300] "GET /cormun/servlet/hpexe_link HTTP/1.1" 200 989
186.103.159.189 - - [04/Sep/2018:09:42:42 -0300] "GET /cormun/servlet/trpermisosadjuntos?16884573,20180903175223,P, HTTP/1.1" 200 6282
186.103.159.189 - - [04/Sep/2018:09:42:44 -0300] "GET /cormun/servlet/trpermisosadjuntos?16884573,20180903175223,P, HTTP/1.1" 200 6280
186.103.159.189 - - [04/Sep/2018:09:42:47 -0300] "POST /cormun/servlet/trpermisosadjuntos?65c57f8f3da5b572bd265496493935c1,16884573,20180903175223,P,,gx-no-cache=1536064885402 HTTP/1.1" 200 90
186.103.159.189 - - [04/Sep/2018:09:42:47 -0300] "GET /cormun/servlet/hpexe_link HTTP/1.1" 200 983
186.103.159.189 - - [04/Sep/2018:09:42:48 -0300] "GET /cormun/servlet/trpermisosgoce? HTTP/1.1" 200 13119
186.103.159.189 - - [04/Sep/2018:09:42:50 -0300] "GET /cormun/servlet/trpermisosgoce? HTTP/1.1" 200 13117
186.103.159.189 - - [04/Sep/2018:09:43:14 -0300] "GET /cormun/servlet/trpermisosadjuntos?9059402,20180831090551,P, HTTP/1.1" 200 6288
186.103.159.189 - - [04/Sep/2018:09:43:16 -0300] "GET /cormun/servlet/trpermisosadjuntos?9059402,20180831090551,P, HTTP/1.1" 200 6288
186.103.159.189 - - [04/Sep/2018:09:43:21 -0300] "GET /cormun/servlet/permisosadjuntos?INS,9059402,P,20180831090551,, HTTP/1.1" 200 5620
186.103.159.189 - - [04/Sep/2018:09:43:22 -0300] "GET /cormun/static/about:blank HTTP/1.1" 404 1011
186.103.159.189 - - [04/Sep/2018:09:43:23 -0300] "GET /cormun/servlet/permisosadjuntos?INS,9059402,P,20180831090551,, HTTP/1.1" 200 5611
186.103.159.189 - - [04/Sep/2018:09:43:56 -0300] "POST /cormun/servlet/permisosadjuntos?65c57f8f3da5b572bd265496493935c1,INS,9059402,P,20180831090551,,,gx-no-cache=1536064953951 HTTP/1.1" 200 90
186.103.159.189 - - [04/Sep/2018:09:43:56 -0300] "GET /cormun/servlet/hpexe_link HTTP/1.1" 200 986
186.103.159.189 - - [04/Sep/2018:09:43:56 -0300] "GET /cormun/servlet/trpermisosadjuntos?9059402,20180831090551,P, HTTP/1.1" 200 6289
186.103.159.189 - - [04/Sep/2018:09:43:58 -0300] "GET /cormun/servlet/trpermisosadjuntos?9059402,20180831090551,P, HTTP/1.1" 200 6288
186.103.159.189 - - [04/Sep/2018:09:44:01 -0300] "POST /cormun/servlet/trpermisosadjuntos?65c57f8f3da5b572bd265496493935c1,9059402,20180831090551,P,,gx-no-cache=1536064959722 HTTP/1.1" 200 90
186.103.159.189 - - [04/Sep/2018:09:44:02 -0300] "GET /cormun/servlet/hpexe_link HTTP/1.1" 200 978
186.103.159.189 - - [04/Sep/2018:09:44:02 -0300] "GET /cormun/servlet/trpermisosgoce HTTP/1.1" 200 13119
186.103.159.189 - - [04/Sep/2018:09:44:04 -0300] "GET /cormun/servlet/trpermisosgoce HTTP/1.1" 200 13117
186.67.203.186 - - [04/Sep/2018:09:45:06 -0300] "POST /cormun/servlet/hlogin?5caf81e69cae24c4962e4c6d8c0e85f6,gx-no-cache=1536065025712 HTTP/1.1" 200 90
186.67.203.186 - - [04/Sep/2018:09:45:07 -0300] "GET /cormun/servlet/hpexe_link HTTP/1.1" 200 961
186.67.203.186 - - [04/Sep/2018:09:45:15 -0300] "GET /cormun/servlet/trlicencias HTTP/1.1" 200 11393
192.168.10.96 - - [04/Sep/2018:09:45:16 -0300] "POST /cormun/servlet/trsolicitudgral?47843db9ad57ecea84bdf2db1edb2ab5,,gx-no-cache=1536064890079 HTTP/1.1" 200 9860
192.168.10.96 - - [04/Sep/2018:09:45:17 -0300] "POST /cormun/servlet/trsolicitudgral?47843db9ad57ecea84bdf2db1edb2ab5,,gx-no-cache=1536064891327 HTTP/1.1" 200 9860
192.168.10.96 - - [04/Sep/2018:09:45:18 -0300] "POST /cormun/servlet/trsolicitudgral?47843db9ad57ecea84bdf2db1edb2ab5,,gx-no-cache=1536064891697 HTTP/1.1" 200 9861
192.168.10.96 - - [04/Sep/2018:09:45:18 -0300] "POST /cormun/servlet/trsolicitudgral?47843db9ad57ecea84bdf2db1edb2ab5,,gx-no-cache=1536064892073 HTTP/1.1" 200 9859
192.168.10.96 - - [04/Sep/2018:09:45:19 -0300] "POST /cormun/servlet/trsolicitudgral?47843db9ad57ecea84bdf2db1edb2ab5,,gx-no-cache=1536064892467 HTTP/1.1" 200 9861
192.168.10.96 - - [04/Sep/2018:09:45:19 -0300] "POST /cormun/servlet/trsolicitudgral?47843db9ad57ecea84bdf2db1edb2ab5,,gx-no-cache=1536064892863 HTTP/1.1" 200 9860
192.168.10.96 - - [04/Sep/2018:09:45:19 -0300] "POST /cormun/servlet/trsolicitudgral?47843db9ad57ecea84bdf2db1edb2ab5,,gx-no-cache=1536064893241 HTTP/1.1" 200 9860
192.168.10.96 - - [04/Sep/2018:09:45:20 -0300] "POST /cormun/servlet/trsolicitudgral?47843db9ad57ecea84bdf2db1edb2ab5,,gx-no-cache=1536064894095 HTTP/1.1" 200 9861
192.168.10.96 - - [04/Sep/2018:09:45:22 -0300] "POST /cormun/servlet/trsolicitudgral?47843db9ad57ecea84bdf2db1edb2ab5,,gx-no-cache=1536064896311 HTTP/1.1" 200 9860
192.168.10.96 - - [04/Sep/2018:09:45:23 -0300] "POST /cormun/servlet/trsolicitudgral?47843db9ad57ecea84bdf2db1edb2ab5,,gx-no-cache=1536064897079 HTTP/1.1" 200 9860
192.168.10.96 - - [04/Sep/2018:09:45:24 -0300] "POST /cormun/servlet/trsolicitudgral?47843db9ad57ecea84bdf2db1edb2ab5,,gx-no-cache=1536064897498 HTTP/1.1" 200 9860
192.168.10.96 - - [04/Sep/2018:09:45:24 -0300] "POST /cormun/servlet/trsolicitudgral?47843db9ad57ecea84bdf2db1edb2ab5,,gx-no-cache=1536064897932 HTTP/1.1" 200 9861
192.168.10.96 - - [04/Sep/2018:09:45:24 -0300] "POST /cormun/servlet/trsolicitudgral?47843db9ad57ecea84bdf2db1edb2ab5,,gx-no-cache=1536064898332 HTTP/1.1" 200 9860
192.168.10.96 - - [04/Sep/2018:09:45:25 -0300] "POST /cormun/servlet/trsolicitudgral?47843db9ad57ecea84bdf2db1edb2ab5,,gx-no-cache=1536064898897 HTTP/1.1" 200 9861
192.168.10.96 - - [04/Sep/2018:09:45:25 -0300] "POST /cormun/servlet/trsolicitudgral?47843db9ad57ecea84bdf2db1edb2ab5,,gx-no-cache=1536064899347 HTTP/1.1" 200 9861
192.168.10.96 - - [04/Sep/2018:09:45:26 -0300] "POST /cormun/servlet/trsolicitudgral?47843db9ad57ecea84bdf2db1edb2ab5,,gx-no-cache=1536064899803 HTTP/1.1" 200 9861
186.103.159.189 - - [04/Sep/2018:09:45:41 -0300] "GET /cormun/servlet/permisogoce?INS,0,,, HTTP/1.1" 200 6812
192.168.10.96 - - [04/Sep/2018:09:45:42 -0300] "POST /cormun/servlet/trsolicitudgral?47843db9ad57ecea84bdf2db1edb2ab5,,gx-no-cache=1536064916097 HTTP/1.1" 200 8096
192.168.10.96 - - [04/Sep/2018:09:45:43 -0300] "POST /cormun/servlet/trsolicitudgral?47843db9ad57ecea84bdf2db1edb2ab5,,gx-no-cache=1536064916471 HTTP/1.1" 200 8096
192.168.10.96 - - [04/Sep/2018:09:45:43 -0300] "POST /cormun/servlet/trsolicitudgral?47843db9ad57ecea84bdf2db1edb2ab5,,gx-no-cache=1536064917143 HTTP/1.1" 200 8096
192.168.10.96 - - [04/Sep/2018:09:45:44 -0300] "POST /cormun/servlet/trsolicitudgral?47843db9ad57ecea84bdf2db1edb2ab5,,gx-no-cache=1536064917472 HTTP/1.1" 200 8093
192.168.10.96 - - [04/Sep/2018:09:45:44 -0300] "POST /cormun/servlet/trsolicitudgral?47843db9ad57ecea84bdf2db1edb2ab5,,gx-no-cache=1536064917788 HTTP/1.1" 200 8096
186.103.159.189 - - [04/Sep/2018:09:45:44 -0300] "GET /cormun/servlet/permisogoce?INS,0,,, HTTP/1.1" 200 6811
186.10.12.250 - - [04/Sep/2018:09:45:44 -0300] "GET /cormun/servlet/trlicencias HTTP/1.1" 200 11391
186.103.159.189 - - [04/Sep/2018:09:45:48 -0300] "GET /cormun/servlet/prfichaempleado?,MD,,gxPopupLevel%3D0%3B HTTP/1.1" 200 9317
192.168.10.96 - - [04/Sep/2018:09:45:59 -0300] "POST /cormun/servlet/trsolicitudgral?47843db9ad57ecea84bdf2db1edb2ab5,,gx-no-cache=1536064933080 HTTP/1.1" 200 9860
192.168.10.96 - - [04/Sep/2018:09:46:00 -0300] "POST /cormun/servlet/trsolicitudgral?47843db9ad57ecea84bdf2db1edb2ab5,,gx-no-cache=1536064933612 HTTP/1.1" 200 9860
186.103.159.189 - - [04/Sep/2018:09:46:00 -0300] "POST /cormun/servlet/prfichaempleado?65c57f8f3da5b572bd265496493935c1,,MD,,gxPopupLevel%3D0%3B,gx-no-cache=1536065078344 HTTP/1.1" 200 3185
192.168.10.96 - - [04/Sep/2018:09:46:01 -0300] "POST /cormun/servlet/trsolicitudgral?47843db9ad57ecea84bdf2db1edb2ab5,,gx-no-cache=1536064934551 HTTP/1.1" 200 9860
192.168.10.96 - - [04/Sep/2018:09:46:01 -0300] "POST /cormun/servlet/trsolicitudgral?47843db9ad57ecea84bdf2db1edb2ab5,,gx-no-cache=1536064935073 HTTP/1.1" 200 9860
192.168.10.96 - - [04/Sep/2018:09:46:02 -0300] "POST /cormun/servlet/trsolicitudgral?47843db9ad57ecea84bdf2db1edb2ab5,,gx-no-cache=1536064935563 HTTP/1.1" 200 9860
192.168.10.96 - - [04/Sep/2018:09:46:02 -0300] "POST /cormun/servlet/trsolicitudgral?47843db9ad57ecea84bdf2db1edb2ab5,,gx-no-cache=1536064936123 HTTP/1.1" 200 9860
200.111.122.170 - - [04/Sep/2018:09:46:13 -0300] "GET /cormun/servlet/alicenciaprn?17503831,L,20180904000000,PU HTTP/1.1" 200 1556
186.103.159.189 - - [04/Sep/2018:09:46:14 -0300] "POST /cormun/servlet/prfichaempleado?65c57f8f3da5b572bd265496493935c1,,MD,,gxPopupLevel%3D0%3B,gx-no-cache=1536065092553 HTTP/1.1" 200 3185
186.103.159.189 - - [04/Sep/2018:09:46:20 -0300] "GET /cormun/servlet/trpermisosgoce? HTTP/1.1" 200 13121
186.103.159.189 - - [04/Sep/2018:09:46:20 -0300] "GET /cormun/servlet/prfichaempleado?,MD,,gxPopupLevel%3D0%3B HTTP/1.1" 200 9317
186.103.159.189 - - [04/Sep/2018:09:46:22 -0300] "GET /cormun/servlet/trpermisosgoce? HTTP/1.1" 200 13121
186.103.159.189 - - [04/Sep/2018:09:46:28 -0300] "GET /cormun/servlet/apermisogoceprn?17311966,P,20180904081758,PU HTTP/1.1" 200 1631
186.103.159.189 - - [04/Sep/2018:09:46:41 -0300] "POST /cormun/servlet/prfichaempleado?65c57f8f3da5b572bd265496493935c1,,MD,,gxPopupLevel%3D0%3B,gx-no-cache=1536065119488 HTTP/1.1" 200 3182
192.168.10.96 - - [04/Sep/2018:09:46:47 -0300] "POST /cormun/servlet/trsolicitudgral?47843db9ad57ecea84bdf2db1edb2ab5,,gx-no-cache=1536064980638 HTTP/1.1" 200 9860
192.168.10.96 - - [04/Sep/2018:09:46:47 -0300] "POST /cormun/servlet/trsolicitudgral?47843db9ad57ecea84bdf2db1edb2ab5,,gx-no-cache=1536064981201 HTTP/1.1" 200 9860
186.103.159.189 - - [04/Sep/2018:09:46:48 -0300] "GET /cormun/servlet/trlicencias? HTTP/1.1" 200 10476
192.168.10.96 - - [04/Sep/2018:09:46:48 -0300] "POST /cormun/servlet/trsolicitudgral?47843db9ad57ecea84bdf2db1edb2ab5,,gx-no-cache=1536064981822 HTTP/1.1" 200 9862
192.168.10.96 - - [04/Sep/2018:09:46:48 -0300] "POST /cormun/servlet/trsolicitudgral?47843db9ad57ecea84bdf2db1edb2ab5,,gx-no-cache=1536064982394 HTTP/1.1" 200 9861
186.103.159.189 - - [04/Sep/2018:09:46:49 -0300] "GET /cormun/servlet/trlicencias? HTTP/1.1" 200 10475
186.103.159.189 - - [04/Sep/2018:09:46:52 -0300] "POST /cormun/servlet/trlicencias?5a787eb99daced88bd23eab4a488de92,,gx-no-cache=1536065133242 HTTP/1.1" 200 7686
186.103.159.189 - - [04/Sep/2018:09:46:52 -0300] "GET /cormun/static/Shared/jqueryui/images/ui-bg_highlight-soft_100_c6c2c8_1x100.png HTTP/1.1" 404 1117
186.103.159.189 - - [04/Sep/2018:09:46:52 -0300] "GET /cormun/static/Shared/jqueryui/images/ui-icons_82798d_256x240.png HTTP/1.1" 404 1089
186.103.159.189 - - [04/Sep/2018:09:46:52 -0300] "GET /cormun/static/Shared/jqueryui/images/ui-bg_flat_55_fafafa_40x100.png HTTP/1.1" 404 1097
186.103.159.189 - - [04/Sep/2018:09:46:52 -0300] "GET /cormun/static/Shared/jqueryui/images/ui-icons_8d78a5_256x240.png HTTP/1.1" 404 1089
186.103.159.189 - - [04/Sep/2018:09:46:57 -0300] "GET /cormun/servlet/trpermisosgoce? HTTP/1.1" 200 13121
186.103.159.189 - - [04/Sep/2018:09:46:59 -0300] "GET /cormun/servlet/trpermisosgoce? HTTP/1.1" 200 13121
186.103.159.189 - - [04/Sep/2018:09:47:00 -0300] "GET /cormun/servlet/prfichaempleado?,MD,,gxPopupLevel%3D0%3B HTTP/1.1" 200 9317
186.103.159.189 - - [04/Sep/2018:09:47:03 -0300] "POST /cormun/servlet/trpermisosgoce?5a787eb99daced88bd23eab4a488de92,,gx-no-cache=1536065144601 HTTP/1.1" 200 10199
186.103.159.189 - - [04/Sep/2018:09:47:04 -0300] "GET /cormun/static/Shared/jqueryui/images/ui-bg_highlight-soft_100_c6c2c8_1x100.png HTTP/1.1" 404 1117
186.103.159.189 - - [04/Sep/2018:09:47:04 -0300] "GET /cormun/static/Shared/jqueryui/images/ui-icons_82798d_256x240.png HTTP/1.1" 404 1089
186.103.159.189 - - [04/Sep/2018:09:47:04 -0300] "GET /cormun/static/Shared/jqueryui/images/ui-bg_flat_55_fafafa_40x100.png HTTP/1.1" 404 1097
186.103.159.189 - - [04/Sep/2018:09:47:04 -0300] "GET /cormun/static/Shared/jqueryui/images/ui-icons_8d78a5_256x240.png HTTP/1.1" 404 1089
186.103.159.189 - - [04/Sep/2018:09:47:07 -0300] "POST /cormun/servlet/trpermisosgoce?5a787eb99daced88bd23eab4a488de92,,gx-no-cache=1536065147816 HTTP/1.1" 200 10199
186.103.159.189 - - [04/Sep/2018:09:47:11 -0300] "POST /cormun/servlet/trpermisosgoce?5a787eb99daced88bd23eab4a488de92,,gx-no-cache=1536065152611 HTTP/1.1" 200 10200
192.168.10.62 - - [04/Sep/2018:09:47:14 -0300] "POST /cormun/servlet/trsolicitudgral?9087f127240a03835b0293df2c84b26e,gx-no-cache=1536065008394 HTTP/1.1" 200 8378
192.168.10.96 - - [04/Sep/2018:09:47:18 -0300] "POST /cormun/servlet/trsolicitudgral?47843db9ad57ecea84bdf2db1edb2ab5,,gx-no-cache=1536065012079 HTTP/1.1" 200 9860
186.103.159.189 - - [04/Sep/2018:09:47:18 -0300] "POST /cormun/servlet/prfichaempleado?65c57f8f3da5b572bd265496493935c1,,MD,,gxPopupLevel%3D0%3B,gx-no-cache=1536065156558 HTTP/1.1" 200 4116
192.168.10.96 - - [04/Sep/2018:09:47:19 -0300] "POST /cormun/servlet/trsolicitudgral?47843db9ad57ecea84bdf2db1edb2ab5,,gx-no-cache=1536065012676 HTTP/1.1" 200 9860
186.103.159.189 - - [04/Sep/2018:09:47:19 -0300] "GET /cormun/static/Shared/jqueryui/images/ui-bg_highlight-soft_100_eae6ea_1x100.png HTTP/1.1" 404 1117
192.168.10.62 - - [04/Sep/2018:09:47:24 -0300] "GET /cormun/servlet/vesolicitudgral?2018,12028,, HTTP/1.1" 200 9037
192.168.10.62 - - [04/Sep/2018:09:47:24 -0300] "GET /cormun/pexe_scrolldiv.js HTTP/1.1" 404 1009
192.168.10.62 - - [04/Sep/2018:09:47:24 -0300] "GET /cormun/pexe_scrolldiv.js HTTP/1.1" 404 1009
192.168.10.62 - - [04/Sep/2018:09:47:25 -0300] "GET /cormun/servlet/vesolicitudgral?2018,12028,, HTTP/1.1" 200 9036
192.168.10.62 - - [04/Sep/2018:09:47:27 -0300] "GET /cormun/servlet/vesolicitudgral?2018,12028,,SolicitudOTLog HTTP/1.1" 200 10267
192.168.10.62 - - [04/Sep/2018:09:47:27 -0300] "GET /cormun/pexe_scrolldiv.js HTTP/1.1" 404 1009
192.168.10.62 - - [04/Sep/2018:09:47:27 -0300] "GET /cormun/pexe_scrolldiv.js HTTP/1.1" 404 1009
192.168.10.62 - - [04/Sep/2018:09:47:27 -0300] "GET /cormun/servlet/vesolicitudgral?2018,12028,,SolicitudOTLog HTTP/1.1" 200 10269
192.168.10.62 - - [04/Sep/2018:09:47:28 -0300] "POST /cormun/servlet/acontrolpreferencessavestate?None,FGONZALEZ,true HTTP/1.1" 200 35
192.168.10.62 - - [04/Sep/2018:09:47:35 -0300] "POST /cormun/servlet/vesolicitudgral?9087f127240a03835b0293df2c84b26e,2018,12028,,SolicitudOTLog,gx-no-cache=1536065028833 HTTP/1.1" 200 90
192.168.10.62 - - [04/Sep/2018:09:47:35 -0300] "GET /cormun/servlet/hpexe_link HTTP/1.1" 200 997
192.168.10.62 - - [04/Sep/2018:09:47:35 -0300] "GET /cormun/servlet/trsolicitudgral?gx-no-cache=1536065008394 HTTP/1.1" 200 11408
192.168.10.62 - - [04/Sep/2018:09:47:35 -0300] "GET /cormun/servlet/trsolicitudgral?gx-no-cache=1536065008394 HTTP/1.1" 200 11428
192.168.10.62 - - [04/Sep/2018:09:47:39 -0300] "GET /cormun/servlet/vesolicitudgral?2018,12028,, HTTP/1.1" 200 9058
192.168.10.62 - - [04/Sep/2018:09:47:39 -0300] "GET /cormun/pexe_scrolldiv.js HTTP/1.1" 404 1009
192.168.10.62 - - [04/Sep/2018:09:47:39 -0300] "GET /cormun/pexe_scrolldiv.js HTTP/1.1" 404 1009
192.168.10.62 - - [04/Sep/2018:09:47:39 -0300] "GET /cormun/servlet/vesolicitudgral?2018,12028,, HTTP/1.1" 200 9036
192.168.10.62 - - [04/Sep/2018:09:47:43 -0300] "GET /cormun/servlet/vesolicitudgral?2018,12028,,SolicitudOTLog HTTP/1.1" 200 10267
192.168.10.62 - - [04/Sep/2018:09:47:43 -0300] "GET /cormun/pexe_scrolldiv.js HTTP/1.1" 404 1009
192.168.10.62 - - [04/Sep/2018:09:47:43 -0300] "GET /cormun/pexe_scrolldiv.js HTTP/1.1" 404 1009
192.168.10.62 - - [04/Sep/2018:09:47:44 -0300] "GET /cormun/servlet/vesolicitudgral?2018,12028,,SolicitudOTLog HTTP/1.1" 200 10269
192.168.10.96 - - [04/Sep/2018:09:47:44 -0300] "POST /cormun/servlet/trsolicitudgral?47843db9ad57ecea84bdf2db1edb2ab5,,gx-no-cache=1536065037599 HTTP/1.1" 200 9859
192.168.10.96 - - [04/Sep/2018:09:47:44 -0300] "POST /cormun/servlet/trsolicitudgral?47843db9ad57ecea84bdf2db1edb2ab5,,gx-no-cache=1536065038171 HTTP/1.1" 200 9860
192.168.10.62 - - [04/Sep/2018:09:47:44 -0300] "POST /cormun/servlet/acontrolpreferencessavestate?None,FGONZALEZ,true HTTP/1.1" 200 35
192.168.10.96 - - [04/Sep/2018:09:47:45 -0300] "POST /cormun/servlet/trsolicitudgral?47843db9ad57ecea84bdf2db1edb2ab5,,gx-no-cache=1536065038769 HTTP/1.1" 200 9860
192.168.10.96 - - [04/Sep/2018:09:47:45 -0300] "POST /cormun/servlet/trsolicitudgral?47843db9ad57ecea84bdf2db1edb2ab5,,gx-no-cache=1536065039396 HTTP/1.1" 200 9860
192.168.10.96 - - [04/Sep/2018:09:47:46 -0300] "POST /cormun/servlet/trsolicitudgral?47843db9ad57ecea84bdf2db1edb2ab5,,gx-no-cache=1536065040011 HTTP/1.1" 200 9860
192.168.10.62 - - [04/Sep/2018:09:47:58 -0300] "POST /cormun/servlet/vesolicitudgral?9087f127240a03835b0293df2c84b26e,2018,12028,,SolicitudOTLog,gx-no-cache=1536065052156 HTTP/1.1" 200 90
192.168.10.62 - - [04/Sep/2018:09:47:58 -0300] "GET /cormun/servlet/hpexe_link HTTP/1.1" 200 997
192.168.10.62 - - [04/Sep/2018:09:47:58 -0300] "GET /cormun/servlet/trsolicitudgral?gx-no-cache=1536065008394 HTTP/1.1" 200 11408
192.168.10.62 - - [04/Sep/2018:09:47:59 -0300] "GET /cormun/servlet/trsolicitudgral?gx-no-cache=1536065008394 HTTP/1.1" 200 11428
192.168.10.96 - - [04/Sep/2018:09:48:01 -0300] "POST /cormun/servlet/trsolicitudgral?47843db9ad57ecea84bdf2db1edb2ab5,,gx-no-cache=1536065055398 HTTP/1.1" 200 9860
192.168.10.96 - - [04/Sep/2018:09:48:02 -0300] "POST /cormun/servlet/trsolicitudgral?47843db9ad57ecea84bdf2db1edb2ab5,,gx-no-cache=1536065056031 HTTP/1.1" 200 9859
192.168.10.96 - - [04/Sep/2018:09:48:03 -0300] "POST /cormun/servlet/trsolicitudgral?47843db9ad57ecea84bdf2db1edb2ab5,,gx-no-cache=1536065056696 HTTP/1.1" 200 9860
192.168.10.96 - - [04/Sep/2018:09:48:03 -0300] "POST /cormun/servlet/trsolicitudgral?47843db9ad57ecea84bdf2db1edb2ab5,,gx-no-cache=1536065057339 HTTP/1.1" 200 9860
186.103.159.189 - - [04/Sep/2018:09:48:04 -0300] "GET /cormun/servlet/prfichaempleado?,MD,,gxPopupLevel%3D0%3B HTTP/1.1" 200 9317
192.168.10.96 - - [04/Sep/2018:09:48:05 -0300] "POST /cormun/servlet/trsolicitudgral?47843db9ad57ecea84bdf2db1edb2ab5,,gx-no-cache=1536065059390 HTTP/1.1" 200 9860
192.168.10.96 - - [04/Sep/2018:09:48:06 -0300] "POST /cormun/servlet/trsolicitudgral?47843db9ad57ecea84bdf2db1edb2ab5,,gx-no-cache=1536065060064 HTTP/1.1" 200 9860
192.168.10.96 - - [04/Sep/2018:09:48:07 -0300] "POST /cormun/servlet/trsolicitudgral?47843db9ad57ecea84bdf2db1edb2ab5,,gx-no-cache=1536065060717 HTTP/1.1" 200 9860
192.168.10.96 - - [04/Sep/2018:09:48:07 -0300] "POST /cormun/servlet/trsolicitudgral?47843db9ad57ecea84bdf2db1edb2ab5,,gx-no-cache=1536065061381 HTTP/1.1" 200 9860
192.168.10.96 - - [04/Sep/2018:09:48:08 -0300] "POST /cormun/servlet/trsolicitudgral?47843db9ad57ecea84bdf2db1edb2ab5,,gx-no-cache=1536065062037 HTTP/1.1" 200 9860
192.168.10.96 - - [04/Sep/2018:09:48:09 -0300] "POST /cormun/servlet/trsolicitudgral?47843db9ad57ecea84bdf2db1edb2ab5,,gx-no-cache=1536065062706 HTTP/1.1" 200 9860
192.168.10.96 - - [04/Sep/2018:09:48:09 -0300] "POST /cormun/servlet/trsolicitudgral?47843db9ad57ecea84bdf2db1edb2ab5,,gx-no-cache=1536065063373 HTTP/1.1" 200 9860
192.168.10.96 - - [04/Sep/2018:09:48:10 -0300] "POST /cormun/servlet/trsolicitudgral?47843db9ad57ecea84bdf2db1edb2ab5,,gx-no-cache=1536065064078 HTTP/1.1" 200 9860
192.168.10.96 - - [04/Sep/2018:09:48:11 -0300] "POST /cormun/servlet/trsolicitudgral?47843db9ad57ecea84bdf2db1edb2ab5,,gx-no-cache=1536065064776 HTTP/1.1" 200 9860
192.168.10.96 - - [04/Sep/2018:09:48:12 -0300] "POST /cormun/servlet/trsolicitudgral?47843db9ad57ecea84bdf2db1edb2ab5,,gx-no-cache=1536065065474 HTTP/1.1" 200 9859
192.168.10.96 - - [04/Sep/2018:09:48:13 -0300] "POST /cormun/servlet/trsolicitudgral?47843db9ad57ecea84bdf2db1edb2ab5,,gx-no-cache=1536065066918 HTTP/1.1" 200 9859
192.168.10.96 - - [04/Sep/2018:09:48:14 -0300] "POST /cormun/servlet/trsolicitudgral?47843db9ad57ecea84bdf2db1edb2ab5,,gx-no-cache=1536065067630 HTTP/1.1" 200 9860
192.168.10.62 - - [04/Sep/2018:09:48:14 -0300] "GET /cormun/servlet/vesolicitudgral?2018,12018,, HTTP/1.1" 200 9097
192.168.10.62 - - [04/Sep/2018:09:48:14 -0300] "GET /cormun/pexe_scrolldiv.js HTTP/1.1" 404 1009
192.168.10.62 - - [04/Sep/2018:09:48:14 -0300] "GET /cormun/pexe_scrolldiv.js HTTP/1.1" 404 1009
192.168.10.62 - - [04/Sep/2018:09:48:14 -0300] "GET /cormun/servlet/vesolicitudgral?2018,12018,, HTTP/1.1" 200 9073
192.168.10.96 - - [04/Sep/2018:09:48:15 -0300] "POST /cormun/servlet/trsolicitudgral?47843db9ad57ecea84bdf2db1edb2ab5,,gx-no-cache=1536065068630 HTTP/1.1" 200 9860
192.168.10.96 - - [04/Sep/2018:09:48:15 -0300] "POST /cormun/servlet/trsolicitudgral?47843db9ad57ecea84bdf2db1edb2ab5,,gx-no-cache=1536065069351 HTTP/1.1" 200 9860
192.168.10.96 - - [04/Sep/2018:09:48:16 -0300] "POST /cormun/servlet/trsolicitudgral?47843db9ad57ecea84bdf2db1edb2ab5,,gx-no-cache=1536065070087 HTTP/1.1" 200 9860
192.168.10.62 - - [04/Sep/2018:09:48:18 -0300] "GET /cormun/servlet/vesolicitudgral?2018,12018,,SolicitudOTLog HTTP/1.1" 200 10256
192.168.10.62 - - [04/Sep/2018:09:48:18 -0300] "GET /cormun/pexe_scrolldiv.js HTTP/1.1" 404 1009
192.168.10.62 - - [04/Sep/2018:09:48:18 -0300] "GET /cormun/pexe_scrolldiv.js HTTP/1.1" 404 1009
192.168.10.62 - - [04/Sep/2018:09:48:19 -0300] "GET /cormun/servlet/vesolicitudgral?2018,12018,,SolicitudOTLog HTTP/1.1" 200 10257
192.168.10.62 - - [04/Sep/2018:09:48:19 -0300] "POST /cormun/servlet/acontrolpreferencessavestate?None,FGONZALEZ,true HTTP/1.1" 200 35
186.103.159.189 - - [04/Sep/2018:09:48:21 -0300] "POST /cormun/servlet/prfichaempleado?65c57f8f3da5b572bd265496493935c1,,MD,,gxPopupLevel%3D0%3B,gx-no-cache=1536065219195 HTTP/1.1" 200 3182
192.168.10.89 - - [04/Sep/2018:09:48:23 -0300] "GET /cormun/servlet/hlogin HTTP/1.1" 200 1749
186.103.159.189 - - [04/Sep/2018:09:48:24 -0300] "POST /cormun/servlet/prfichaempleado?65c57f8f3da5b572bd265496493935c1,,MD,,gxPopupLevel%3D0%3B,gx-no-cache=1536065221787 HTTP/1.1" 200 3182
186.103.159.189 - - [04/Sep/2018:09:48:24 -0300] "POST /cormun/servlet/prfichaempleado?65c57f8f3da5b572bd265496493935c1,,MD,,gxPopupLevel%3D0%3B,gx-no-cache=1536065222703 HTTP/1.1" 200 3182
186.103.159.189 - - [04/Sep/2018:09:48:25 -0300] "POST /cormun/servlet/prfichaempleado?65c57f8f3da5b572bd265496493935c1,,MD,,gxPopupLevel%3D0%3B,gx-no-cache=1536065223464 HTTP/1.1" 200 3182
192.168.10.96 - - [04/Sep/2018:09:48:26 -0300] "POST /cormun/servlet/trsolicitudgral?47843db9ad57ecea84bdf2db1edb2ab5,,gx-no-cache=1536065079567 HTTP/1.1" 200 9860
186.103.159.189 - - [04/Sep/2018:09:48:26 -0300] "POST /cormun/servlet/prfichaempleado?65c57f8f3da5b572bd265496493935c1,,MD,,gxPopupLevel%3D0%3B,gx-no-cache=1536065223963 HTTP/1.1" 200 3182
186.103.159.189 - - [04/Sep/2018:09:48:26 -0300] "POST /cormun/servlet/prfichaempleado?65c57f8f3da5b572bd265496493935c1,,MD,,gxPopupLevel%3D0%3B,gx-no-cache=1536065224284 HTTP/1.1" 200 3182
192.168.10.62 - - [04/Sep/2018:09:48:26 -0300] "GET /cormun/servlet/vesolicitudgral?2018,12018,, HTTP/1.1" 200 9097
186.103.159.189 - - [04/Sep/2018:09:48:26 -0300] "POST /cormun/servlet/prfichaempleado?65c57f8f3da5b572bd265496493935c1,,MD,,gxPopupLevel%3D0%3B,gx-no-cache=1536065224638 HTTP/1.1" 200 3182
192.168.10.96 - - [04/Sep/2018:09:48:26 -0300] "POST /cormun/servlet/trsolicitudgral?47843db9ad57ecea84bdf2db1edb2ab5,,gx-no-cache=1536065080339 HTTP/1.1" 200 9860
192.168.10.62 - - [04/Sep/2018:09:48:27 -0300] "GET /cormun/servlet/vesolicitudgral?2018,12018,, HTTP/1.1" 200 9073
192.168.10.62 - - [04/Sep/2018:09:48:28 -0300] "GET /cormun/servlet/trsolicitudgral?gx-no-cache=1536065008394 HTTP/1.1" 200 11408
192.168.10.62 - - [04/Sep/2018:09:48:28 -0300] "GET /cormun/servlet/trsolicitudgral?gx-no-cache=1536065008394 HTTP/1.1" 200 11428
186.103.159.189 - - [04/Sep/2018:09:48:30 -0300] "POST /cormun/servlet/permisogoce?65c57f8f3da5b572bd265496493935c1,INS,0,,,,gx-no-cache=1536065228039 HTTP/1.1" 200 90
186.103.159.189 - - [04/Sep/2018:09:48:30 -0300] "GET /cormun/servlet/hpexe_link HTTP/1.1" 200 961
186.103.159.189 - - [04/Sep/2018:09:48:30 -0300] "GET /cormun/servlet/trpermisosgoce HTTP/1.1" 200 13119
186.103.159.189 - - [04/Sep/2018:09:48:32 -0300] "GET /cormun/servlet/trpermisosgoce HTTP/1.1" 200 13117
192.168.10.96 - - [04/Sep/2018:09:48:36 -0300] "POST /cormun/servlet/trsolicitudgral?47843db9ad57ecea84bdf2db1edb2ab5,,gx-no-cache=1536065090239 HTTP/1.1" 200 9860
192.168.10.96 - - [04/Sep/2018:09:48:37 -0300] "POST /cormun/servlet/trsolicitudgral?47843db9ad57ecea84bdf2db1edb2ab5,,gx-no-cache=1536065091001 HTTP/1.1" 200 9859
192.168.10.96 - - [04/Sep/2018:09:48:44 -0300] "POST /cormun/servlet/trsolicitudgral?47843db9ad57ecea84bdf2db1edb2ab5,,gx-no-cache=1536065098242 HTTP/1.1" 200 9860
192.168.10.96 - - [04/Sep/2018:09:48:45 -0300] "POST /cormun/servlet/trsolicitudgral?47843db9ad57ecea84bdf2db1edb2ab5,,gx-no-cache=1536065099033 HTTP/1.1" 200 9860
192.168.10.96 - - [04/Sep/2018:09:48:46 -0300] "POST /cormun/servlet/trsolicitudgral?47843db9ad57ecea84bdf2db1edb2ab5,,gx-no-cache=1536065099816 HTTP/1.1" 200 9860
192.168.10.96 - - [04/Sep/2018:09:48:47 -0300] "POST /cormun/servlet/trsolicitudgral?47843db9ad57ecea84bdf2db1edb2ab5,,gx-no-cache=1536065100586 HTTP/1.1" 200 9858
192.168.10.96 - - [04/Sep/2018:09:48:47 -0300] "POST /cormun/servlet/trsolicitudgral?47843db9ad57ecea84bdf2db1edb2ab5,,gx-no-cache=1536065101385 HTTP/1.1" 200 9860
186.103.159.189 - - [04/Sep/2018:09:48:58 -0300] "GET /cormun/servlet/permisogoce?INS,0,,, HTTP/1.1" 200 6812
186.103.159.189 - - [04/Sep/2018:09:48:59 -0300] "GET /cormun/servlet/permisogoce?INS,0,,, HTTP/1.1" 200 6812
186.103.159.189 - - [04/Sep/2018:09:49:10 -0300] "GET /cormun/servlet/prfichaempleado?,MD,,gxPopupLevel%3D0%3B HTTP/1.1" 200 9317
186.103.159.189 - - [04/Sep/2018:09:49:20 -0300] "POST /cormun/servlet/prfichaempleado?65c57f8f3da5b572bd265496493935c1,,MD,,gxPopupLevel%3D0%3B,gx-no-cache=1536065278166 HTTP/1.1" 200 6563
186.103.159.189 - - [04/Sep/2018:09:49:21 -0300] "GET /cormun/static/Resources/PXToolsGridNext.gif HTTP/1.1" 200 369
186.103.159.189 - - [04/Sep/2018:09:49:21 -0300] "GET /cormun/static/Resources/PXToolsGridLast.gif HTTP/1.1" 200 370
192.168.10.96 - - [04/Sep/2018:09:49:25 -0300] "POST /cormun/servlet/trsolicitudgral?47843db9ad57ecea84bdf2db1edb2ab5,,gx-no-cache=1536065139038 HTTP/1.1" 200 9859
192.168.10.96 - - [04/Sep/2018:09:49:26 -0300] "POST /cormun/servlet/trsolicitudgral?47843db9ad57ecea84bdf2db1edb2ab5,,gx-no-cache=1536065139853 HTTP/1.1" 200 9859
192.168.10.96 - - [04/Sep/2018:09:49:27 -0300] "POST /cormun/servlet/trsolicitudgral?47843db9ad57ecea84bdf2db1edb2ab5,,gx-no-cache=1536065140663 HTTP/1.1" 200 9859
192.168.10.96 - - [04/Sep/2018:09:49:28 -0300] "POST /cormun/servlet/trsolicitudgral?47843db9ad57ecea84bdf2db1edb2ab5,,gx-no-cache=1536065141453 HTTP/1.1" 200 9859
192.168.10.96 - - [04/Sep/2018:09:49:38 -0300] "POST /cormun/servlet/trsolicitudgral?47843db9ad57ecea84bdf2db1edb2ab5,,gx-no-cache=1536065151614 HTTP/1.1" 200 9858
192.168.10.96 - - [04/Sep/2018:09:49:39 -0300] "POST /cormun/servlet/trsolicitudgral?47843db9ad57ecea84bdf2db1edb2ab5,,gx-no-cache=1536065152458 HTTP/1.1" 200 9859
192.168.10.96 - - [04/Sep/2018:09:49:39 -0300] "POST /cormun/servlet/trsolicitudgral?47843db9ad57ecea84bdf2db1edb2ab5,,gx-no-cache=1536065153297 HTTP/1.1" 200 9859
192.168.10.96 - - [04/Sep/2018:09:49:40 -0300] "POST /cormun/servlet/trsolicitudgral?47843db9ad57ecea84bdf2db1edb2ab5,,gx-no-cache=1536065154125 HTTP/1.1" 200 9859
192.168.10.96 - - [04/Sep/2018:09:49:41 -0300] "POST /cormun/servlet/trsolicitudgral?47843db9ad57ecea84bdf2db1edb2ab5,,gx-no-cache=1536065154977 HTTP/1.1" 200 9859
186.103.159.189 - - [04/Sep/2018:09:49:42 -0300] "POST /cormun/servlet/prfichaempleado?65c57f8f3da5b572bd265496493935c1,,MD,,gxPopupLevel%3D0%3B,gx-no-cache=1536065299958 HTTP/1.1" 200 3186
192.168.10.96 - - [04/Sep/2018:09:49:42 -0300] "POST /cormun/servlet/trsolicitudgral?47843db9ad57ecea84bdf2db1edb2ab5,,gx-no-cache=1536065155888 HTTP/1.1" 200 9859
186.103.159.189 - - [04/Sep/2018:09:49:52 -0300] "POST /cormun/servlet/prfichaempleado?65c57f8f3da5b572bd265496493935c1,,MD,,gxPopupLevel%3D0%3B,gx-no-cache=1536065310052 HTTP/1.1" 200 3182
186.103.159.189 - - [04/Sep/2018:09:50:02 -0300] "POST /cormun/servlet/prfichaempleado?65c57f8f3da5b572bd265496493935c1,,MD,,gxPopupLevel%3D0%3B,gx-no-cache=1536065319784 HTTP/1.1" 200 3412
192.168.10.96 - - [04/Sep/2018:09:50:05 -0300] "POST /cormun/servlet/trsolicitudgral?47843db9ad57ecea84bdf2db1edb2ab5,,gx-no-cache=1536065178695 HTTP/1.1" 200 9860
192.168.10.96 - - [04/Sep/2018:09:50:06 -0300] "POST /cormun/servlet/trsolicitudgral?47843db9ad57ecea84bdf2db1edb2ab5,,gx-no-cache=1536065179571 HTTP/1.1" 200 9860
192.168.10.96 - - [04/Sep/2018:09:50:07 -0300] "POST /cormun/servlet/trsolicitudgral?47843db9ad57ecea84bdf2db1edb2ab5,,gx-no-cache=1536065180470 HTTP/1.1" 200 9860
192.168.10.96 - - [04/Sep/2018:09:50:07 -0300] "POST /cormun/servlet/trsolicitudgral?47843db9ad57ecea84bdf2db1edb2ab5,,gx-no-cache=1536065181362 HTTP/1.1" 200 9860
192.168.10.96 - - [04/Sep/2018:09:50:08 -0300] "POST /cormun/servlet/trsolicitudgral?47843db9ad57ecea84bdf2db1edb2ab5,,gx-no-cache=1536065182246 HTTP/1.1" 200 9860
192.168.10.96 - - [04/Sep/2018:09:50:09 -0300] "POST /cormun/servlet/trsolicitudgral?47843db9ad57ecea84bdf2db1edb2ab5,,gx-no-cache=1536065183151 HTTP/1.1" 200 9858
192.168.10.96 - - [04/Sep/2018:09:50:10 -0300] "POST /cormun/servlet/trsolicitudgral?47843db9ad57ecea84bdf2db1edb2ab5,,gx-no-cache=1536065184063 HTTP/1.1" 200 9859
192.168.10.96 - - [04/Sep/2018:09:50:11 -0300] "POST /cormun/servlet/trsolicitudgral?47843db9ad57ecea84bdf2db1edb2ab5,,gx-no-cache=1536065185121 HTTP/1.1" 200 9859
186.103.159.189 - - [04/Sep/2018:09:50:15 -0300] "POST /cormun/servlet/permisogoce?65c57f8f3da5b572bd265496493935c1,INS,0,,,,gx-no-cache=1536065333077 HTTP/1.1" 200 90
186.103.159.189 - - [04/Sep/2018:09:50:15 -0300] "GET /cormun/servlet/hpexe_link HTTP/1.1" 200 961
186.103.159.189 - - [04/Sep/2018:09:50:15 -0300] "GET /cormun/servlet/trpermisosgoce HTTP/1.1" 200 13119
192.168.10.96 - - [04/Sep/2018:09:50:31 -0300] "POST /cormun/servlet/trsolicitudgral?47843db9ad57ecea84bdf2db1edb2ab5,,gx-no-cache=1536065205065 HTTP/1.1" 200 9858
192.168.10.96 - - [04/Sep/2018:09:50:32 -0300] "POST /cormun/servlet/trsolicitudgral?47843db9ad57ecea84bdf2db1edb2ab5,,gx-no-cache=1536065206021 HTTP/1.1" 200 9860
192.168.10.96 - - [04/Sep/2018:09:50:33 -0300] "POST /cormun/servlet/trsolicitudgral?47843db9ad57ecea84bdf2db1edb2ab5,,gx-no-cache=1536065206978 HTTP/1.1" 200 9860
192.168.10.96 - - [04/Sep/2018:09:50:34 -0300] "POST /cormun/servlet/trsolicitudgral?47843db9ad57ecea84bdf2db1edb2ab5,,gx-no-cache=1536065207953 HTTP/1.1" 200 9859
192.168.10.96 - - [04/Sep/2018:09:50:36 -0300] "POST /cormun/servlet/trsolicitudgral?47843db9ad57ecea84bdf2db1edb2ab5,,gx-no-cache=1536065209585 HTTP/1.1" 200 9860
192.168.10.96 - - [04/Sep/2018:09:50:37 -0300] "POST /cormun/servlet/trsolicitudgral?47843db9ad57ecea84bdf2db1edb2ab5,,gx-no-cache=1536065210536 HTTP/1.1" 200 9859
192.168.10.96 - - [04/Sep/2018:09:50:40 -0300] "POST /cormun/servlet/trsolicitudgral?47843db9ad57ecea84bdf2db1edb2ab5,,gx-no-cache=1536065214298 HTTP/1.1" 200 8095
192.168.10.96 - - [04/Sep/2018:09:50:41 -0300] "POST /cormun/servlet/trsolicitudgral?47843db9ad57ecea84bdf2db1edb2ab5,,gx-no-cache=1536065214926 HTTP/1.1" 200 8095
192.168.10.96 - - [04/Sep/2018:09:50:42 -0300] "POST /cormun/servlet/trsolicitudgral?47843db9ad57ecea84bdf2db1edb2ab5,,gx-no-cache=1536065215588 HTTP/1.1" 200 8095
192.168.10.96 - - [04/Sep/2018:09:50:42 -0300] "POST /cormun/servlet/trsolicitudgral?47843db9ad57ecea84bdf2db1edb2ab5,,gx-no-cache=1536065216171 HTTP/1.1" 200 8096
192.168.10.62 - - [04/Sep/2018:09:50:43 -0300] "GET /cormun/servlet/vesolicitudgral?2018,11956,, HTTP/1.1" 200 9158
192.168.10.62 - - [04/Sep/2018:09:50:43 -0300] "GET /cormun/pexe_scrolldiv.js HTTP/1.1" 404 1009
192.168.10.62 - - [04/Sep/2018:09:50:43 -0300] "GET /cormun/pexe_scrolldiv.js HTTP/1.1" 404 1009
192.168.10.96 - - [04/Sep/2018:09:50:43 -0300] "POST /cormun/servlet/trsolicitudgral?47843db9ad57ecea84bdf2db1edb2ab5,,gx-no-cache=1536065216758 HTTP/1.1" 200 8096
192.168.10.62 - - [04/Sep/2018:09:50:43 -0300] "GET /cormun/servlet/vesolicitudgral?2018,11956,, HTTP/1.1" 200 9139
192.168.10.96 - - [04/Sep/2018:09:50:43 -0300] "POST /cormun/servlet/trsolicitudgral?47843db9ad57ecea84bdf2db1edb2ab5,,gx-no-cache=1536065217388 HTTP/1.1" 200 8095
192.168.10.62 - - [04/Sep/2018:09:50:45 -0300] "POST /cormun/servlet/vesolicitudgral?9087f127240a03835b0293df2c84b26e,2018,11956,,,gx-no-cache=1536065219403 HTTP/1.1" 200 107
192.168.10.62 - - [04/Sep/2018:09:50:46 -0300] "GET /cormun/servlet/solicitudgral?UPD,2018,11956, HTTP/1.1" 200 13103
192.168.10.62 - - [04/Sep/2018:09:50:46 -0300] "GET /cormun/static/gxcfg.js?20181911354237 HTTP/1.1" 304 -
192.168.10.62 - - [04/Sep/2018:09:50:46 -0300] "GET /cormun/static/solicitudgral.js?20181911354326 HTTP/1.1" 304 -
192.168.10.62 - - [04/Sep/2018:09:50:46 -0300] "GET /cormun/servlet/solicitudgral?UPD,2018,11956, HTTP/1.1" 200 13103
192.168.10.96 - - [04/Sep/2018:09:50:46 -0300] "POST /cormun/servlet/trsolicitudgral?47843db9ad57ecea84bdf2db1edb2ab5,,gx-no-cache=1536065220226 HTTP/1.1" 200 9859
192.168.10.62 - - [04/Sep/2018:09:50:47 -0300] "POST /cormun/servlet/solicitudgral?gx-no-cache=1536065220564 HTTP/1.1" 200 3958
192.168.10.62 - - [04/Sep/2018:09:50:47 -0300] "GET /cormun/servlet/solicitudgral?500ba83c91df6ace352d816551019182e4abf65a1e0fec653c47c3a6526bacc5500d7a860758c2dc2d0b4b638f6238e1559610452636a2872f49ff6c112b9c6057a0c163bc675a4c32640c69a31787f1e689b1183b7df152b2069f55a35113d9ec6c24af9f2dcb58be14dafb26ed79910fe2c479ccf1658e7e02fa1a02f7b127500d16de2e05a065d7b98418cc34813fdca6e49abcde9ee30ea099c4bcb81cfe9cf2bd2a051520ddba7b225cab52356de2f684bd3b920b88e49c89171943a27680ac75e1723acbb508ca841f55aa1104b5af2dc57ff4e75a416f46ef57705db7fc9647a6d37acec64eb42d03c04b2ce6b11c508f6e477a0dabf37831762ef15fea230a57b8c3ab162c0446d2d511bda54cbc381ebf327d3fe5851f8bc465180aec66301d232f45b357bc971e9442640fd2d14199e486cebeda9b30dae78966c45f277d5e71ad804ed143b4b74743c7b8,gx-no-cache=1536065220818 HTTP/1.1" 200 255
192.168.10.62 - - [04/Sep/2018:09:50:47 -0300] "GET /cormun/servlet/solicitudgral?500ba83c91df6ace352d816551019182a903f3515b5aabee84d9803a4d039024102613dab9ade8bbf90189aeec611ca766c1b94705bfbfd8f863e2bed283a89683ac7d2012f71fe3961ecebf08161a016e5dc6beb55230b33808687f85e97ec60418730b06eda34f54c269041a6f47302fad171b6ce59c547bc8daeaff05037a614de8893d2d19ad0a220439721097215f75b5b865220a22d8ce265723cee3025986c4b0eae9d359c2b5d7c7ecc4f88f13f2402b269426d7535ecd9a5d6b31cafaad26555f7cf26d9eeaf36b02cec8f314810f70447331d726a99315608040bcbe113afba2018169e2e1a2253947026525042b98adbbfeecdb3fe6deb9b8cfda472770a967cde2dfade7bbcef21bd44456dc26eb28e7afead641d34199b2de0776b3ab745f2e0f7783c0d077abc96f7cb09a464592010813382140f7b377fd1133e3030ac1f96c67a69380ac26b6f99963319eb020039c62b6561c766fd9a146f139d54a2dba6eb83cc4056e820398acfa5817547193184e41f4767ea653a17ed7ae1c5b7c456d034a80697484f84536f18c6c4c775acc4ddfb49bb9b66d11f10cf753d0c8af5c6d5be6fbf139793ae2,gx-no-cache=1536065221007 HTTP/1.1" 200 48
192.168.10.62 - - [04/Sep/2018:09:50:47 -0300] "POST /cormun/servlet/solicitudgral?9087f127240a03835b0293df2c84b26e,UPD,2018,11956,,gx-no-cache=1536065221053 HTTP/1.1" 200 11959
192.168.10.62 - - [04/Sep/2018:09:50:47 -0300] "GET /cormun/servlet/solicitudgral?500ba83c91df6ace352d816551019182a39a0b0f58019e323ba7942ae2a05bcc81fd432eae12b7b40c6b53e0f8bf2e5671d4053e9cac6125a34bf2b23fb4bfc2b407fc1ca7ffc37a1849ca84ec5f2d40c808a9c0853fa453f38d1bd30274c2219808584d3f2894e603013878842a86303d7567bb379c3a65d6a4a5b9eb4d41aa905fdd9d07d4a97dd1c07dcb18f6b366250c46fb74cd21ce7aa589d243b02809,gx-no-cache=1536065221340 HTTP/1.1" 200 29
192.168.10.62 - - [04/Sep/2018:09:50:47 -0300] "POST /cormun/servlet/solicitudgral?gx-no-cache=1536065221387 HTTP/1.1" 200 1333
192.168.10.96 - - [04/Sep/2018:09:50:47 -0300] "POST /cormun/servlet/trsolicitudgral?47843db9ad57ecea84bdf2db1edb2ab5,,gx-no-cache=1536065221322 HTTP/1.1" 200 9861
192.168.10.62 - - [04/Sep/2018:09:50:47 -0300] "POST /cormun/servlet/solicitudgral?gx-no-cache=1536065221439 HTTP/1.1" 200 1258
192.168.10.62 - - [04/Sep/2018:09:50:48 -0300] "GET /cormun/static/menuarrow.gif HTTP/1.1" 404 1015
192.168.10.96 - - [04/Sep/2018:09:50:49 -0300] "POST /cormun/servlet/trsolicitudgral?47843db9ad57ecea84bdf2db1edb2ab5,,gx-no-cache=1536065222347 HTTP/1.1" 200 9860
192.168.10.62 - - [04/Sep/2018:09:50:53 -0300] "POST /cormun/servlet/solicitudgral?9087f127240a03835b0293df2c84b26e,UPD,2018,11956,,gx-no-cache=1536065226468 HTTP/1.1" 200 93
192.168.10.62 - - [04/Sep/2018:09:50:53 -0300] "GET /cormun/servlet/hpexe_return? HTTP/1.1" 200 1021
192.168.10.62 - - [04/Sep/2018:09:50:53 -0300] "GET /cormun/servlet/vesolicitudgral?2018,11956,, HTTP/1.1" 200 9137
192.168.10.62 - - [04/Sep/2018:09:50:53 -0300] "GET /cormun/pexe_scrolldiv.js HTTP/1.1" 404 1009
192.168.10.62 - - [04/Sep/2018:09:50:53 -0300] "GET /cormun/pexe_scrolldiv.js HTTP/1.1" 404 1009
192.168.10.62 - - [04/Sep/2018:09:50:53 -0300] "GET /cormun/servlet/vesolicitudgral?2018,11956,, HTTP/1.1" 200 9134
192.168.10.62 - - [04/Sep/2018:09:50:57 -0300] "POST /cormun/servlet/vesolicitudgral?9087f127240a03835b0293df2c84b26e,2018,11956,,,gx-no-cache=1536065230885 HTTP/1.1" 200 107
192.168.10.62 - - [04/Sep/2018:09:50:57 -0300] "GET /cormun/servlet/solicitudgral?UPD,2018,11956, HTTP/1.1" 200 13099
192.168.10.62 - - [04/Sep/2018:09:50:58 -0300] "GET /cormun/servlet/solicitudgral?UPD,2018,11956, HTTP/1.1" 200 13099
192.168.10.62 - - [04/Sep/2018:09:50:58 -0300] "POST /cormun/servlet/solicitudgral?gx-no-cache=1536065231885 HTTP/1.1" 200 3958
192.168.10.62 - - [04/Sep/2018:09:50:58 -0300] "GET /cormun/servlet/solicitudgral?500ba83c91df6ace352d816551019182e4abf65a1e0fec653c47c3a6526bacc5500d7a860758c2dc2d0b4b638f6238e1559610452636a2872f49ff6c112b9c6057a0c163bc675a4c32640c69a31787f1e689b1183b7df152b2069f55a35113d9ec6c24af9f2dcb58be14dafb26ed79910fe2c479ccf1658e7e02fa1a02f7b127500d16de2e05a065d7b98418cc34813fdca6e49abcde9ee30ea099c4bcb81cfe9cf2bd2a051520ddba7b225cab52356de2f684bd3b920b88e49c89171943a27680ac75e1723acbb508ca841f55aa1104b5af2dc57ff4e75a416f46ef57705db7fc9647a6d37acec64eb42d03c04b2ce6b11c508f6e477a0dabf37831762ef15fea230a57b8c3ab162c0446d2d511bda54cbc381ebf327d3fe5851f8bc465180aec66301d232f45b357bc971e9442640fd2d14199e486cebeda9b30dae78966c45f277d5e71ad804ed143b4b74743c7b8,gx-no-cache=1536065232063 HTTP/1.1" 200 255
192.168.10.62 - - [04/Sep/2018:09:50:58 -0300] "GET /cormun/servlet/solicitudgral?500ba83c91df6ace352d816551019182a903f3515b5aabee84d9803a4d039024102613dab9ade8bbf90189aeec611ca766c1b94705bfbfd8f863e2bed283a89683ac7d2012f71fe3961ecebf08161a016e5dc6beb55230b33808687f85e97ec60418730b06eda34f54c269041a6f47302fad171b6ce59c547bc8daeaff05037a614de8893d2d19ad0a220439721097215f75b5b865220a22d8ce265723cee3025986c4b0eae9d359c2b5d7c7ecc4f88f13f2402b269426d7535ecd9a5d6b31cafaad26555f7cf26d9eeaf36b02cec8f314810f70447331d726a99315608040bcbe113afba2018169e2e1a2253947026525042b98adbbfeecdb3fe6deb9b8cfda472770a967cde2dfade7bbcef21bd44456dc26eb28e7afead641d34199b2de0776b3ab745f2e0f7783c0d077abc96f7cb09a464592010813382140f7b377fd1133e3030ac1f96c67a69380ac26b6f99963319eb020039c62b6561c766fd9a146f139d54a2dba6eb83cc4056e820398acfa5817547193184e41f4767ea653a17ed7ae1c5b7c456d034a80697484f84536f18c6c4c775acc4ddfb49bb9b66d11f10cf753d0c8af5c6d5be6fbf139793ae2,gx-no-cache=1536065232217 HTTP/1.1" 200 48
192.168.10.62 - - [04/Sep/2018:09:50:58 -0300] "POST /cormun/servlet/solicitudgral?9087f127240a03835b0293df2c84b26e,UPD,2018,11956,,gx-no-cache=1536065232246 HTTP/1.1" 200 11964
192.168.10.62 - - [04/Sep/2018:09:50:58 -0300] "GET /cormun/servlet/solicitudgral?500ba83c91df6ace352d816551019182a39a0b0f58019e323ba7942ae2a05bcc81fd432eae12b7b40c6b53e0f8bf2e5671d4053e9cac6125a34bf2b23fb4bfc2b407fc1ca7ffc37a1849ca84ec5f2d40c808a9c0853fa453f38d1bd30274c2219808584d3f2894e603013878842a86303d7567bb379c3a65d6a4a5b9eb4d41aa905fdd9d07d4a97dd1c07dcb18f6b366250c46fb74cd21ce7aa589d243b02809,gx-no-cache=1536065232431 HTTP/1.1" 200 29
192.168.10.62 - - [04/Sep/2018:09:50:58 -0300] "POST /cormun/servlet/solicitudgral?gx-no-cache=1536065232449 HTTP/1.1" 200 1333
192.168.10.62 - - [04/Sep/2018:09:50:58 -0300] "POST /cormun/servlet/solicitudgral?gx-no-cache=1536065232479 HTTP/1.1" 200 1258
192.168.10.96 - - [04/Sep/2018:09:51:00 -0300] "POST /cormun/servlet/trsolicitudgral?47843db9ad57ecea84bdf2db1edb2ab5,,gx-no-cache=1536065234354 HTTP/1.1" 200 9860
192.168.10.96 - - [04/Sep/2018:09:51:02 -0300] "POST /cormun/servlet/trsolicitudgral?47843db9ad57ecea84bdf2db1edb2ab5,,gx-no-cache=1536065235411 HTTP/1.1" 200 9860
192.168.10.96 - - [04/Sep/2018:09:51:03 -0300] "POST /cormun/servlet/trsolicitudgral?47843db9ad57ecea84bdf2db1edb2ab5,,gx-no-cache=1536065236443 HTTP/1.1" 200 9859
192.168.10.96 - - [04/Sep/2018:09:51:09 -0300] "GET /cormun/servlet/vesolicitudgral?2018,12081,, HTTP/1.1" 200 9229
192.168.10.96 - - [04/Sep/2018:09:51:09 -0300] "GET /cormun/pexe_scrolldiv.js HTTP/1.1" 404 1009
192.168.10.96 - - [04/Sep/2018:09:51:09 -0300] "GET /cormun/pexe_scrolldiv.js HTTP/1.1" 404 1009
192.168.10.96 - - [04/Sep/2018:09:51:10 -0300] "GET /cormun/servlet/vesolicitudgral?2018,12081,, HTTP/1.1" 200 9228
192.168.10.62 - - [04/Sep/2018:09:51:11 -0300] "POST /cormun/servlet/solicitudgral?9087f127240a03835b0293df2c84b26e,UPD,2018,11956,,gx-no-cache=1536065244891 HTTP/1.1" 200 93
192.168.10.62 - - [04/Sep/2018:09:51:11 -0300] "GET /cormun/servlet/hpexe_return? HTTP/1.1" 200 1021
192.168.10.62 - - [04/Sep/2018:09:51:11 -0300] "GET /cormun/servlet/vesolicitudgral?2018,11956,, HTTP/1.1" 200 9149
192.168.10.62 - - [04/Sep/2018:09:51:11 -0300] "GET /cormun/pexe_scrolldiv.js HTTP/1.1" 404 1009
192.168.10.62 - - [04/Sep/2018:09:51:11 -0300] "GET /cormun/pexe_scrolldiv.js HTTP/1.1" 404 1009
192.168.10.96 - - [04/Sep/2018:09:51:11 -0300] "GET /cormun/servlet/vesolicitudgral?2018,12081,,SolicitudOTAdjuntos HTTP/1.1" 200 11436
192.168.10.96 - - [04/Sep/2018:09:51:12 -0300] "GET /cormun/pexe_scrolldiv.js HTTP/1.1" 404 1009
192.168.10.96 - - [04/Sep/2018:09:51:12 -0300] "GET /cormun/pexe_scrolldiv.js HTTP/1.1" 404 1009
192.168.10.62 - - [04/Sep/2018:09:51:12 -0300] "GET /cormun/servlet/vesolicitudgral?2018,11956,, HTTP/1.1" 200 9145
192.168.10.96 - - [04/Sep/2018:09:51:12 -0300] "GET /cormun/servlet/vesolicitudgral?2018,12081,,SolicitudOTAdjuntos HTTP/1.1" 200 11438
192.168.10.96 - - [04/Sep/2018:09:51:13 -0300] "POST /cormun/servlet/acontrolpreferencessavestate?None,DZAMUDIO,true HTTP/1.1" 200 35
192.168.10.62 - - [04/Sep/2018:09:51:13 -0300] "POST /cormun/servlet/vesolicitudgral?9087f127240a03835b0293df2c84b26e,2018,11956,,,gx-no-cache=1536065247061 HTTP/1.1" 200 12130
192.168.10.62 - - [04/Sep/2018:09:51:13 -0300] "GET /cormun/static/Shared/jqueryui/images/ui-icons_82798d_256x240.png HTTP/1.1" 404 1089
192.168.10.62 - - [04/Sep/2018:09:51:13 -0300] "GET /cormun/static/Shared/jqueryui/images/ui-bg_highlight-soft_100_c6c2c8_1x100.png HTTP/1.1" 404 1117
192.168.10.62 - - [04/Sep/2018:09:51:13 -0300] "GET /cormun/static/Shared/jqueryui/images/ui-bg_flat_55_fafafa_40x100.png HTTP/1.1" 404 1097
192.168.10.62 - - [04/Sep/2018:09:51:13 -0300] "GET /cormun/static/Shared/jqueryui/images/ui-icons_8d78a5_256x240.png HTTP/1.1" 404 1089
192.168.10.62 - - [04/Sep/2018:09:51:13 -0300] "POST /cormun/servlet/vesolicitudgral?9087f127240a03835b0293df2c84b26e,2018,11956,,,gx-no-cache=1536065247314 HTTP/1.1" 200 12064
192.168.10.96 - - [04/Sep/2018:09:51:14 -0300] "GET /cormun/PublicTempStorage/cedula_de_identidad435034.pdf HTTP/1.1" 200 112064
192.168.10.62 - - [04/Sep/2018:09:51:18 -0300] "POST /cormun/servlet/vesolicitudgral?9087f127240a03835b0293df2c84b26e,2018,11956,,,gx-no-cache=1536065251587 HTTP/1.1" 200 90
192.168.10.62 - - [04/Sep/2018:09:51:18 -0300] "GET /cormun/servlet/hpexe_link HTTP/1.1" 200 989
192.168.10.62 - - [04/Sep/2018:09:51:18 -0300] "GET /cormun/servlet/trsolicitudgral?gx-no-cache=1536065008394 HTTP/1.1" 200 11425
192.168.10.62 - - [04/Sep/2018:09:51:18 -0300] "GET /cormun/servlet/trsolicitudgral?gx-no-cache=1536065008394 HTTP/1.1" 200 11444
192.168.10.96 - - [04/Sep/2018:09:51:19 -0300] "GET /cormun/servlet/vesolicitudgral?2018,12081,,SolicitudOTAdjuntos HTTP/1.1" 200 11439
192.168.10.96 - - [04/Sep/2018:09:51:20 -0300] "GET /cormun/servlet/vesolicitudgral?2018,12081,,SolicitudOTAdjuntos HTTP/1.1" 200 11440
192.168.10.96 - - [04/Sep/2018:09:51:20 -0300] "POST /cormun/servlet/acontrolpreferencessavestate?None,DZAMUDIO,true HTTP/1.1" 200 35
192.168.10.96 - - [04/Sep/2018:09:51:21 -0300] "GET /cormun/PublicTempStorage/certificado_afiliacion_afp1410085.pdf HTTP/1.1" 200 108531
192.168.10.62 - - [04/Sep/2018:09:51:25 -0300] "GET /cormun/servlet/vesolicitudgral?2018,11955,, HTTP/1.1" 200 9164
192.168.10.96 - - [04/Sep/2018:09:51:25 -0300] "GET /cormun/servlet/vesolicitudgral?2018,12081,,SolicitudOTAdjuntos HTTP/1.1" 200 11437
192.168.10.62 - - [04/Sep/2018:09:51:25 -0300] "GET /cormun/pexe_scrolldiv.js HTTP/1.1" 404 1009
192.168.10.62 - - [04/Sep/2018:09:51:25 -0300] "GET /cormun/pexe_scrolldiv.js HTTP/1.1" 404 1009
192.168.10.62 - - [04/Sep/2018:09:51:25 -0300] "GET /cormun/servlet/vesolicitudgral?2018,11955,, HTTP/1.1" 200 9141
192.168.10.96 - - [04/Sep/2018:09:51:25 -0300] "GET /cormun/servlet/vesolicitudgral?2018,12081,,SolicitudOTAdjuntos HTTP/1.1" 200 11439
192.168.10.96 - - [04/Sep/2018:09:51:26 -0300] "POST /cormun/servlet/acontrolpreferencessavestate?None,DZAMUDIO,true HTTP/1.1" 200 35
192.168.10.96 - - [04/Sep/2018:09:51:27 -0300] "GET /cormun/PublicTempStorage/certificado_afiliacion_fonasa4448428.pdf HTTP/1.1" 200 109705
192.168.10.62 - - [04/Sep/2018:09:51:28 -0300] "POST /cormun/servlet/vesolicitudgral?9087f127240a03835b0293df2c84b26e,2018,11955,,,gx-no-cache=1536065261918 HTTP/1.1" 200 107
192.168.10.62 - - [04/Sep/2018:09:51:28 -0300] "GET /cormun/servlet/solicitudgral?UPD,2018,11955, HTTP/1.1" 200 13110
192.168.10.62 - - [04/Sep/2018:09:51:28 -0300] "GET /cormun/servlet/solicitudgral?UPD,2018,11955, HTTP/1.1" 200 13110
192.168.10.62 - - [04/Sep/2018:09:51:29 -0300] "POST /cormun/servlet/solicitudgral?gx-no-cache=1536065262934 HTTP/1.1" 200 3958
192.168.10.62 - - [04/Sep/2018:09:51:29 -0300] "GET /cormun/servlet/solicitudgral?500ba83c91df6ace352d816551019182e4abf65a1e0fec653c47c3a6526bacc5500d7a860758c2dc2d0b4b638f6238e1559610452636a2872f49ff6c112b9c6057a0c163bc675a4c32640c69a31787f1e689b1183b7df152b2069f55a35113d9ec6c24af9f2dcb58be14dafb26ed79910fe2c479ccf1658e7e02fa1a02f7b127500d16de2e05a065d7b98418cc34813fdca6e49abcde9ee30ea099c4bcb81cfe9cf2bd2a051520ddba7b225cab52356de2f684bd3b920b88e49c89171943a27680ac75e1723acbb508ca841f55aa1104b5af2dc57ff4e75a416f46ef57705db7fc9647a6d37acec64eb42d03c04b2ce6b11c508f6e477a0dabf37831762ef15fea230a57b8c3ab162c0446d2d511bda54cbc381ebf327d3fe5851f8bc465180aec66301d232f45b357bc971e9442640fd2d14199e486cebeda9b30dae78966c45f277d5e71ad804ed143b4b74743c7b8,gx-no-cache=1536065263092 HTTP/1.1" 200 255
192.168.10.62 - - [04/Sep/2018:09:51:29 -0300] "GET /cormun/servlet/solicitudgral?500ba83c91df6ace352d816551019182a903f3515b5aabee84d9803a4d039024102613dab9ade8bbf90189aeec611ca766c1b94705bfbfd8f863e2bed283a89683ac7d2012f71fe3961ecebf08161a016e5dc6beb55230b33808687f85e97ec60418730b06eda34f54c269041a6f47302fad171b6ce59c547bc8daeaff05037a614de8893d2d19ad0a220439721097215f75b5b865220a22d8ce265723cee3025986c4b0eae9d359c2b5d7c7ecc4f88f13f2402b269426d7535ecd9a5d6b31cafaad26555f7cf26d9eeaf36b02cec8f314810f70447331d726a99315608040bcbe113afba2018169e2e1a2253947026525042b98adbbfeecdb3fe6deb9b8cfda472770a967cde2dfade7bbcef21bd44456dc26eb28e7afead641d34199b2de0776b3ab745f2e0f7783c0d077abc96f7cb09a464592010813382140f7b377fd1133e3030ac1f96c67a69380ac26b6f99963319eb020039c62b6561c766fd9a146f139d54a2dba6eb83cc4056e820398acfa5817547193184e41f4767ea653a17ed7ae1c5b7c456d034a80697484f84536f18c6c4c775acc4ddfb49bb9b66d11f10cf753d0c8af5c6d5be6fbf139793ae2,gx-no-cache=1536065263395 HTTP/1.1" 200 48
192.168.10.62 - - [04/Sep/2018:09:51:29 -0300] "POST /cormun/servlet/solicitudgral?9087f127240a03835b0293df2c84b26e,UPD,2018,11955,,gx-no-cache=1536065263414 HTTP/1.1" 200 11964
192.168.10.62 - - [04/Sep/2018:09:51:30 -0300] "GET /cormun/servlet/solicitudgral?500ba83c91df6ace352d816551019182a39a0b0f58019e323ba7942ae2a05bcc81fd432eae12b7b40c6b53e0f8bf2e5671d4053e9cac6125a34bf2b23fb4bfc2b407fc1ca7ffc37a1849ca84ec5f2d40c808a9c0853fa453f38d1bd30274c2219808584d3f2894e603013878842a86303d7567bb379c3a65d6a4a5b9eb4d41aa905fdd9d07d4a97dd1c07dcb18f6b366250c46fb74cd21ce7aa589d243b02809,gx-no-cache=1536065263603 HTTP/1.1" 200 29
192.168.10.62 - - [04/Sep/2018:09:51:30 -0300] "POST /cormun/servlet/solicitudgral?gx-no-cache=1536065263622 HTTP/1.1" 200 1333
192.168.10.62 - - [04/Sep/2018:09:51:30 -0300] "POST /cormun/servlet/solicitudgral?gx-no-cache=1536065263653 HTTP/1.1" 200 1258
192.168.10.62 - - [04/Sep/2018:09:51:30 -0300] "GET /cormun/static/menuarrow.gif HTTP/1.1" 404 1015
192.168.10.62 - - [04/Sep/2018:09:51:31 -0300] "GET /cormun/servlet/solicitudgral?500ba83c91df6ace352d816551019182a903f3515b5aabee84d9803a4d039024102613dab9ade8bbf90189aeec611ca766c1b94705bfbfd8f863e2bed283a89683ac7d2012f71fe3961ecebf08161a016e5dc6beb55230b33808687f85e97ec60418730b06eda34f54c269041a6f47302fad171b6ce59c547bc8daeaff05037a614de8893d2d19ad0a220439721097215f75b5b865220a22d8ce265723cee3025986c4b0eae9d359c2b5d7c7ecc4f88f13f2402b269426d7535ecd9a5d6b31cafaad26555f7cf26d9eeaf36b02cec8f314810f70447331d726a99315608040bcbe113afba2018169e2e1a2253947026525042b98adbbfeecdb3fe6deb9b8cfda472770a967cde2dfade7bbcef21bd44456dc26eb28e7afead641d34199b2de0776b3ab745f2e0f7783c0d077abc96f7cb09a464592010813382140f7b377fd1133e3030ac1f96c67a69380ac26b6f99963319eb020039c62b6561c766fd9a146f139d54a2dba6eb83cc4056e820398acfa5817547193184e41f4767ea653a17ed7ae1c5b7c456d034a80697484f84536f18c6c4c775acc4ddfb49bb9b66d11f1f97168946c68744f70b9d7aad67615714bf57da0c2968c6e7b44a1fb143901c5,gx-no-cache=1536065265154 HTTP/1.1" 200 48
