186.103.159.182 - - [30/Aug/2018:16:59:03 -0300] "GET /cormun/servlet/solicitudot?INS,0,0, HTTP/1.1" 200 13754
186.103.159.182 - - [30/Aug/2018:16:59:04 -0300] "GET /cormun/static/gxcfg.js?201812313224582 HTTP/1.1" 200 953
186.103.159.182 - - [30/Aug/2018:16:59:04 -0300] "GET /cormun/static/Resources/prompt.gif HTTP/1.1" 200 902
186.103.159.182 - - [30/Aug/2018:16:59:04 -0300] "GET /cormun/static/solicitudot.js?201812313224831 HTTP/1.1" 200 72336
186.103.159.182 - - [30/Aug/2018:16:59:05 -0300] "GET /cormun/servlet/solicitudot?INS,0,0, HTTP/1.1" 200 13759
186.103.159.46 - - [30/Aug/2018:16:59:20 -0300] "GET /cormun/servlet/permisogoce?3bed08115d47c96c345bd2667ffea939fd0e87745c349ed8e90acca9369cccb09a6551316a964abdbee3bc2e366f7622b8470a774c20963ab6343d6572767c13,gx-no-cache=1535662679250 HTTP/1.1" 200 48
186.103.159.46 - - [30/Aug/2018:16:59:38 -0300] "POST /cormun/servlet/permisogoce?d924b79aa53004dbb1f77797f3bd5d12,INS,0,,,,gx-no-cache=1535662696754 HTTP/1.1" 200 93
186.103.159.46 - - [30/Aug/2018:16:59:38 -0300] "GET /cormun/servlet/hpexe_return? HTTP/1.1" 200 1013
186.103.159.46 - - [30/Aug/2018:16:59:38 -0300] "GET /cormun/servlet/trpermisosgoce HTTP/1.1" 200 14232
186.103.159.46 - - [30/Aug/2018:16:59:40 -0300] "GET /cormun/servlet/trpermisosgoce HTTP/1.1" 200 14228
186.103.159.46 - - [30/Aug/2018:16:59:46 -0300] "GET /cormun/servlet/apermisogoceprn?9187329,P,20180830165455,PU HTTP/1.1" 200 1651
186.103.159.46 - - [30/Aug/2018:17:00:22 -0300] "GET /cormun/servlet/permisogoce?INS,0,,, HTTP/1.1" 200 6826
186.103.159.46 - - [30/Aug/2018:17:00:24 -0300] "GET /cormun/servlet/permisogoce?INS,0,,, HTTP/1.1" 200 6826
186.103.159.182 - - [30/Aug/2018:17:00:32 -0300] "GET /cormun/servlet/trsolicitudot? HTTP/1.1" 200 7301
186.103.159.182 - - [30/Aug/2018:17:00:33 -0300] "GET /cormun/servlet/trsolicitudot? HTTP/1.1" 200 7301
186.103.159.46 - - [30/Aug/2018:17:00:36 -0300] "GET /cormun/servlet/permisogoce?3bed08115d47c96c345bd2667ffea939dc63c60205b43b15dd86ff00270c297edd7153fae65f60133d9cab0aa9138777,gx-no-cache=1535662755185 HTTP/1.1" 200 80
186.103.159.182 - - [30/Aug/2018:17:00:36 -0300] "POST /cormun/servlet/trsolicitudot?75dd018300413e2334102e540807da25,,gx-no-cache=1535659159488 HTTP/1.1" 200 7220
186.103.159.46 - - [30/Aug/2018:17:00:42 -0300] "GET /cormun/static/menuarrow.gif HTTP/1.1" 404 1015
186.103.159.46 - - [30/Aug/2018:17:00:49 -0300] "GET /cormun/servlet/permisogoce?3bed08115d47c96c345bd2667ffea939195f9b2821c0805534380015a648b74ec5079a569b6c797341c6add160407f43b8470a774c20963ab6343d6572767c13,gx-no-cache=1535662768592 HTTP/1.1" 200 49
186.103.159.46 - - [30/Aug/2018:17:00:54 -0300] "POST /cormun/servlet/permisogoce?d924b79aa53004dbb1f77797f3bd5d12,INS,0,,,,gx-no-cache=1535662772762 HTTP/1.1" 200 93
186.103.159.46 - - [30/Aug/2018:17:00:54 -0300] "GET /cormun/servlet/hpexe_return? HTTP/1.1" 200 1013
186.103.159.46 - - [30/Aug/2018:17:00:54 -0300] "GET /cormun/servlet/trpermisosgoce HTTP/1.1" 200 14421
186.103.159.46 - - [30/Aug/2018:17:00:57 -0300] "GET /cormun/servlet/trpermisosgoce HTTP/1.1" 200 14417
186.103.159.46 - - [30/Aug/2018:17:01:07 -0300] "GET /cormun/servlet/apermisogoceprn?8527596,P,20180830165637,PU HTTP/1.1" 200 1653
186.103.159.46 - - [30/Aug/2018:17:01:37 -0300] "GET /cormun/servlet/permisogoce?INS,0,,, HTTP/1.1" 200 6826
186.103.159.46 - - [30/Aug/2018:17:01:38 -0300] "GET /cormun/servlet/permisogoce?INS,0,,, HTTP/1.1" 200 6826
186.103.159.46 - - [30/Aug/2018:17:01:47 -0300] "GET /cormun/servlet/permisogoce?3bed08115d47c96c345bd2667ffea9392f4ffa5a4819f04a307e9c8415b85d66dd7153fae65f60133d9cab0aa9138777,gx-no-cache=1535662826057 HTTP/1.1" 200 88
186.103.159.46 - - [30/Aug/2018:17:01:51 -0300] "GET /cormun/static/menuarrow.gif HTTP/1.1" 404 1015
186.103.159.46 - - [30/Aug/2018:17:02:09 -0300] "GET /cormun/servlet/permisogoce?3bed08115d47c96c345bd2667ffea939ba8eb7350d30c010933871dc71e78c4f60394becb7aa9dfb67215b8f5d77ee6c5ce3deb0846f466e6e28fb06b4c895e8,gx-no-cache=1535662848150 HTTP/1.1" 200 49
186.103.159.46 - - [30/Aug/2018:17:02:22 -0300] "POST /cormun/servlet/permisogoce?d924b79aa53004dbb1f77797f3bd5d12,INS,0,,,,gx-no-cache=1535662860836 HTTP/1.1" 200 93
186.103.159.46 - - [30/Aug/2018:17:02:22 -0300] "GET /cormun/servlet/hpexe_return? HTTP/1.1" 200 1013
186.103.159.46 - - [30/Aug/2018:17:02:22 -0300] "GET /cormun/servlet/trpermisosgoce HTTP/1.1" 200 14643
186.103.159.46 - - [30/Aug/2018:17:02:24 -0300] "GET /cormun/servlet/trpermisosgoce HTTP/1.1" 200 14639
186.103.159.46 - - [30/Aug/2018:17:02:30 -0300] "GET /cormun/servlet/apermisogoceprn?9014931,P,20180830165752,PU HTTP/1.1" 200 1658
186.103.159.46 - - [30/Aug/2018:17:02:58 -0300] "GET /cormun/servlet/permisogoce?INS,0,,, HTTP/1.1" 200 6826
186.103.159.46 - - [30/Aug/2018:17:03:00 -0300] "GET /cormun/servlet/permisogoce?INS,0,,, HTTP/1.1" 200 6826
186.103.159.46 - - [30/Aug/2018:17:03:13 -0300] "GET /cormun/servlet/permisogoce?3bed08115d47c96c345bd2667ffea939cea0f59d11cbbd17efea2034e0cd2a21d272d4e93524c47ce4c09305e0275cca7fea8ff7c806bd66b9f6691423ecba26,gx-no-cache=1535662912429 HTTP/1.1" 200 78
186.103.159.46 - - [30/Aug/2018:17:03:18 -0300] "GET /cormun/static/menuarrow.gif HTTP/1.1" 404 1015
186.103.159.46 - - [30/Aug/2018:17:03:28 -0300] "GET /cormun/servlet/permisogoce?3bed08115d47c96c345bd2667ffea9395b927fbee23745cd5b2d0d8a9bc4931d6928311012221a45c771e4221fa477ea5fbd2ebafd48155bb3edcd820953f7c3,gx-no-cache=1535662927815 HTTP/1.1" 200 47
186.103.159.46 - - [30/Aug/2018:17:03:32 -0300] "POST /cormun/servlet/permisogoce?d924b79aa53004dbb1f77797f3bd5d12,INS,0,,,,gx-no-cache=1535662931215 HTTP/1.1" 200 93
186.103.159.46 - - [30/Aug/2018:17:03:32 -0300] "GET /cormun/servlet/hpexe_return? HTTP/1.1" 200 1013
186.103.159.46 - - [30/Aug/2018:17:03:33 -0300] "GET /cormun/servlet/trpermisosgoce HTTP/1.1" 200 14874
186.103.159.46 - - [30/Aug/2018:17:03:35 -0300] "GET /cormun/servlet/trpermisosgoce HTTP/1.1" 200 14870
186.103.159.46 - - [30/Aug/2018:17:03:40 -0300] "GET /cormun/servlet/apermisogoceprn?15993773,P,20180830165913,PU HTTP/1.1" 200 1652
192.168.10.89 - - [30/Aug/2018:17:04:42 -0300] "GET /digitalizacion/servlet/wblogin? HTTP/1.1" 200 2308
192.168.10.89 - - [30/Aug/2018:17:04:52 -0300] "POST /digitalizacion/servlet/wblogin?f257665ddbd61dee85a0cae768d4e6f4,,gx-no-cache=1535659267762 HTTP/1.1" 200 65
192.168.10.89 - - [30/Aug/2018:17:04:52 -0300] "GET /digitalizacion/servlet/hhome HTTP/1.1" 200 2823
192.168.10.89 - - [30/Aug/2018:17:04:53 -0300] "GET /digitalizacion/servlet/hhome HTTP/1.1" 200 2821
192.168.10.89 - - [30/Aug/2018:17:04:56 -0300] "GET /digitalizacion/servlet/trdocumentos? HTTP/1.1" 200 9937
192.168.10.89 - - [30/Aug/2018:17:04:57 -0300] "GET /digitalizacion/servlet/trdocumentos? HTTP/1.1" 200 9934
192.168.10.89 - - [30/Aug/2018:17:04:57 -0300] "POST /digitalizacion/servlet/trdocumentos?gx-no-cache=1535659272328 HTTP/1.1" 200 362
192.168.10.89 - - [30/Aug/2018:17:04:57 -0300] "POST /digitalizacion/servlet/trdocumentos?gx-no-cache=1535659272363 HTTP/1.1" 200 78
192.168.10.89 - - [30/Aug/2018:17:05:04 -0300] "POST /digitalizacion/servlet/trdocumentos?gx-no-cache=1535659279374 HTTP/1.1" 200 228
192.168.10.89 - - [30/Aug/2018:17:05:10 -0300] "POST /digitalizacion/servlet/trdocumentos?f257665ddbd61dee85a0cae768d4e6f4,,gx-no-cache=1535659285375 HTTP/1.1" 200 3890
192.168.10.89 - - [30/Aug/2018:17:05:15 -0300] "GET /digitalizacion/servlet/wbadjunto?22401,PU HTTP/1.1" 302 -
192.168.10.89 - - [30/Aug/2018:17:05:15 -0300] "GET /digitalizacion/PublicTempStorage/7250781.tmp HTTP/1.1" 200 963077
192.168.10.89 - - [30/Aug/2018:17:06:30 -0300] "POST /digitalizacion/servlet/trdocumentos?f257665ddbd61dee85a0cae768d4e6f4,,gx-no-cache=1535659364607 HTTP/1.1" 200 3562
192.168.10.89 - - [30/Aug/2018:17:06:31 -0300] "GET /digitalizacion/servlet/wbadjunto?22311,PU HTTP/1.1" 302 -
192.168.10.89 - - [30/Aug/2018:17:06:32 -0300] "GET /digitalizacion/PublicTempStorage/6975265.tmp HTTP/1.1" 200 899310
192.168.10.89 - - [30/Aug/2018:17:06:35 -0300] "GET /digitalizacion/servlet/wbadjunto?22312,PU HTTP/1.1" 302 -
192.168.10.89 - - [30/Aug/2018:17:06:35 -0300] "GET /digitalizacion/PublicTempStorage/9328801.tmp HTTP/1.1" 200 881746
186.103.159.182 - - [30/Aug/2018:17:09:14 -0300] "GET /cormun/servlet/solicitudot?INS,0,0, HTTP/1.1" 200 13754
186.103.159.182 - - [30/Aug/2018:17:09:15 -0300] "GET /cormun/servlet/solicitudot?INS,0,0, HTTP/1.1" 200 13759
186.103.159.182 - - [30/Aug/2018:17:09:48 -0300] "POST /cormun/servlet/solicitudot?gx-no-cache=1535659711445 HTTP/1.1" 200 3432
186.103.159.182 - - [30/Aug/2018:17:09:48 -0300] "POST /cormun/servlet/solicitudot?75dd018300413e2334102e540807da25,INS,0,0,,gx-no-cache=1535659711795 HTTP/1.1" 200 10637
186.103.159.182 - - [30/Aug/2018:17:09:51 -0300] "GET /cormun/servlet/solicitudot?630ed04175fb84bca13163a1d1bfe9744c33b6a9f2abbfa1c417d8ceb4efad0a1416190e8473894a1e2b06bfacc7f72e,gx-no-cache=1535659714261 HTTP/1.1" 200 30
186.103.159.182 - - [30/Aug/2018:17:09:51 -0300] "GET /cormun/servlet/solicitudot?630ed04175fb84bca13163a1d1bfe974044d8bf9b61f03e683c5e6a43fbae70f8a435ddcf1046398c7ece39b9ef451ef1416190e8473894a1e2b06bfacc7f72e,gx-no-cache=1535659714294 HTTP/1.1" 200 30
186.103.159.182 - - [30/Aug/2018:17:09:51 -0300] "GET /cormun/servlet/solicitudot?630ed04175fb84bca13163a1d1bfe974cfb8d29dc4e89d9d32a7191a9553e54d,gx-no-cache=1535659714323 HTTP/1.1" 200 53
186.103.159.182 - - [30/Aug/2018:17:09:51 -0300] "POST /cormun/servlet/solicitudot?gx-no-cache=1535659714358 HTTP/1.1" 200 255
186.103.159.182 - - [30/Aug/2018:17:09:51 -0300] "GET /cormun/servlet/solicitudot?630ed04175fb84bca13163a1d1bfe97485c3f021008cf759410a64f221fe88796e31d2bf3ee0fae38d7f031597061981682ef8fc3c616aad3141c562e607907d1c4eba9816462f9b409dd52f583f6da2676a131897dc075305ddea705267c05023bbe46ab7987f55e3ddd434c4cb06e4b06d119e068607503a7dbdc3e1bf303c1a65a16f25f7f568e38e43ad8c331e423ad5d609479e4b86d5837022a73cc409926c40f00aa78d3208ff7f31883686670e033c7100d394d5f9c24f17f5c52eb91e5554dd0a98517c81a5583e41f3298d2d1d3b42d3e87c0bf45e6744cceb6fd58b6392318bcd0d6ed67492b2f8a9e9c9b49af7be2c685daca9fa21d8c756a09db13d7594a713b6d17cb97b65956521e4e52baf172a0eb446ffdd793e82016cabd3708e5432452b884ccbaa48d9de8a2ab866bfe34680a61293fb741dfaa62efc9d8d1b7ced788a0ae634d7320ea212fc335b2062197852dae36575a1cbe5f160a1b90ac83e7b32b6ce72194123d832cb170b7f7f30dcbeb373682334909c345e,gx-no-cache=1535659714396 HTTP/1.1" 200 30
186.103.159.182 - - [30/Aug/2018:17:09:55 -0300] "POST /cormun/servlet/solicitudot?gx-no-cache=1535659718364 HTTP/1.1" 200 30
186.103.159.182 - - [30/Aug/2018:17:10:00 -0300] "GET /cormun/static/Resources/resize.gif HTTP/1.1" 200 77
186.103.159.182 - - [30/Aug/2018:17:10:00 -0300] "GET /cormun/servlet/prcontratosol?9651124,,,,,MD,,gxPopupLevel%3D0%3B HTTP/1.1" 200 7851
186.103.159.182 - - [30/Aug/2018:17:10:00 -0300] "GET /cormun/static/gxui/gxui-all.css?110300 HTTP/1.1" 200 2179
186.103.159.182 - - [30/Aug/2018:17:10:00 -0300] "GET /cormun/static/calendar-system.css?75620 HTTP/1.1" 200 5572
186.103.159.182 - - [30/Aug/2018:17:10:00 -0300] "GET /cormun/static/gxcfg.js?201761413223964 HTTP/1.1" 200 953
186.103.159.182 - - [30/Aug/2018:17:10:00 -0300] "GET /cormun/static/Resources/PXToolsMenuSearch.png HTTP/1.1" 200 2914
186.103.159.182 - - [30/Aug/2018:17:10:00 -0300] "GET /cormun/static/Resources/PXToolsMenuSearchCancel.png HTTP/1.1" 200 2972
186.103.159.182 - - [30/Aug/2018:17:10:01 -0300] "GET /cormun/static/Shared/ext/resources/css/ext-all.css?205870 HTTP/1.1" 200 416045
186.103.159.182 - - [30/Aug/2018:17:10:01 -0300] "GET /cormun/static/prcontratosol.js?201761413224174 HTTP/1.1" 200 15806
186.103.159.182 - - [30/Aug/2018:17:10:02 -0300] "GET /cormun/static/menusearch.js?201610171694467 HTTP/1.1" 200 1424
186.103.159.182 - - [30/Aug/2018:17:10:02 -0300] "GET /cormun/static/hmpwkw011.js?20177612121862 HTTP/1.1" 200 1968
186.103.159.182 - - [30/Aug/2018:17:10:07 -0300] "POST /cormun/servlet/solicitudot?gx-no-cache=1535659730372 HTTP/1.1" 200 1458
186.103.159.182 - - [30/Aug/2018:17:10:07 -0300] "GET /cormun/static/Shared/jqueryui/images/ui-icons_82798d_256x240.png HTTP/1.1" 404 1089
186.103.159.182 - - [30/Aug/2018:17:10:07 -0300] "GET /cormun/static/Shared/jqueryui/images/ui-bg_flat_55_994d53_40x100.png HTTP/1.1" 404 1097
186.103.159.182 - - [30/Aug/2018:17:10:07 -0300] "GET /cormun/static/Shared/jqueryui/images/ui-icons_ebccce_256x240.png HTTP/1.1" 404 1089
186.103.159.182 - - [30/Aug/2018:17:10:07 -0300] "GET /cormun/static/Shared/jqueryui/images/ui-bg_highlight-soft_100_c6c2c8_1x100.png HTTP/1.1" 404 1117
186.103.159.182 - - [30/Aug/2018:17:10:07 -0300] "POST /cormun/servlet/solicitudot?gx-no-cache=1535659730581 HTTP/1.1" 200 117
186.103.159.182 - - [30/Aug/2018:17:10:07 -0300] "GET /cormun/servlet/solicitudot?630ed04175fb84bca13163a1d1bfe97429dc99c998460109b173a1f577d9e9c49eb54ad0be3cc48ec5a7e39c06168e36d34ad3b2dbcc3ea0d149c0b1d36fc304362eeef15b13d65a4c0c536be2bfdd76b9091351f135fcd7a7b9bd3ff78b09ef84572886bbe7183a41cf820af66fea7ffae014d4445ea930bc12d90230b3e6c282c14e027d4fce6b855986094898057c499f025f47bfd9bc571ed73d4b5c5254,gx-no-cache=1535659730643 HTTP/1.1" 200 29
186.103.159.182 - - [30/Aug/2018:17:10:07 -0300] "GET /cormun/servlet/solicitudot?630ed04175fb84bca13163a1d1bfe974b1df997a8d24d31f8d1e3264d92f69f52c2792c4520269d376144142b5012e3f0a8519def578f3728d03fd22179b3da81ac738aaec3c37fdaf0f8638fa7063c1a3981b97a4b394b84e5a0896a2ef6c3b14ac2bcdc754705d4d43cbec7ed4f641386b53269d2d92339ce36ace811dec080ef6fbf65087e874015e1e115c3622b90e2391656e4381864538faa0b1fb8be081d6214b3f30f9979369c69515e7c0485b316a5090c9ce5de6e71c79cc4e5a9e,gx-no-cache=1535659730696 HTTP/1.1" 200 62
186.103.159.182 - - [30/Aug/2018:17:10:07 -0300] "GET /cormun/servlet/solicitudot?e9cfe02a7ade5bc067eaf588eb0e7a31be2b5dd4dc8a57b6f73ff910c6f75708b212c7168bffa07fa5221e9d40d06c7aa352dbb29689d456cc2fb38fcb3d859897ae52e8e7ccab850ab5b40771672391,gx-no-cache=1535659730732 HTTP/1.1" 200 55
186.103.159.182 - - [30/Aug/2018:17:10:07 -0300] "GET /cormun/servlet/solicitudot?630ed04175fb84bca13163a1d1bfe97425c1660ce7dbae24ab9513dc04017184,gx-no-cache=1535659730794 HTTP/1.1" 200 30
186.103.159.182 - - [30/Aug/2018:17:12:07 -0300] "POST /cormun/servlet/solicitudot?gx-no-cache=1535659850649 HTTP/1.1" 200 30
186.103.159.182 - - [30/Aug/2018:17:12:27 -0300] "GET /cormun/servlet/prfichaempleado?,MD,,gxPopupLevel%3D0%3B HTTP/1.1" 200 9432
186.103.159.182 - - [30/Aug/2018:17:12:28 -0300] "GET /cormun/static/gxcfg.js?20177612134814 HTTP/1.1" 200 953
186.103.159.182 - - [30/Aug/2018:17:12:28 -0300] "GET /cormun/static/prfichaempleado.js?20177612134999 HTTP/1.1" 200 16006
186.103.159.182 - - [30/Aug/2018:17:12:31 -0300] "POST /cormun/servlet/prfichaempleado?75dd018300413e2334102e540807da25,,MD,,gxPopupLevel%3D0%3B,gx-no-cache=1535659874199 HTTP/1.1" 200 5761
186.103.159.182 - - [30/Aug/2018:17:12:36 -0300] "POST /cormun/servlet/prfichaempleado?75dd018300413e2334102e540807da25,,MD,,gxPopupLevel%3D0%3B,gx-no-cache=1535659878974 HTTP/1.1" 200 3417
186.103.159.182 - - [30/Aug/2018:17:12:40 -0300] "POST /cormun/servlet/solicitudot?gx-no-cache=1535659883630 HTTP/1.1" 200 1376
186.103.159.182 - - [30/Aug/2018:17:12:44 -0300] "GET /cormun/servlet/prlicenciaspermisos?12658701,L,,MD,,gxPopupLevel%3D0%3B HTTP/1.1" 200 7874
186.103.159.182 - - [30/Aug/2018:17:12:45 -0300] "GET /cormun/static/gxcfg.js?20176272053834 HTTP/1.1" 200 953
186.103.159.182 - - [30/Aug/2018:17:12:45 -0300] "GET /cormun/static/prlicenciaspermisos.js?20176272054050 HTTP/1.1" 200 13379
186.103.159.182 - - [30/Aug/2018:17:12:45 -0300] "GET /cormun/static/Resources/Spanish/PXTools.css?17315867 HTTP/1.1" 200 89042
186.103.159.182 - - [30/Aug/2018:17:13:15 -0300] "POST /cormun/servlet/solicitudot?gx-no-cache=1535659918870 HTTP/1.1" 200 41
186.103.159.182 - - [30/Aug/2018:17:13:23 -0300] "POST /cormun/servlet/solicitudot?gx-no-cache=1535659926446 HTTP/1.1" 200 1357
186.103.159.182 - - [30/Aug/2018:17:13:23 -0300] "POST /cormun/servlet/solicitudot?gx-no-cache=1535659926493 HTTP/1.1" 200 1258
186.103.159.182 - - [30/Aug/2018:17:13:23 -0300] "GET /cormun/static/menuarrow.gif HTTP/1.1" 404 1015
186.103.159.182 - - [30/Aug/2018:17:13:27 -0300] "POST /cormun/servlet/solicitudot?gx-no-cache=1535659930301 HTTP/1.1" 200 1357
186.103.159.182 - - [30/Aug/2018:17:13:27 -0300] "POST /cormun/servlet/solicitudot?gx-no-cache=1535659930370 HTTP/1.1" 200 1258
186.103.159.182 - - [30/Aug/2018:17:13:29 -0300] "GET /cormun/servlet/solicitudot?630ed04175fb84bca13163a1d1bfe974134cc7b9214e07dae0f81d58d3e85a210daa23586b141d4f346028530bdae372,gx-no-cache=1535659932644 HTTP/1.1" 200 134
186.103.159.182 - - [30/Aug/2018:17:13:29 -0300] "POST /cormun/servlet/solicitudot?gx-no-cache=1535659932681 HTTP/1.1" 200 135
186.103.159.182 - - [30/Aug/2018:17:15:44 -0300] "POST /cormun/servlet/trlicencias?71de030c48aba7bbff65010d56834c1b,gx-no-cache=1535659942632 HTTP/1.1" 440 972
186.103.159.182 - - [30/Aug/2018:17:15:46 -0300] "GET /cormun/servlet/trlicencias HTTP/1.1" 200 6125
186.103.159.182 - - [30/Aug/2018:17:15:49 -0300] "GET /cormun/servlet/trlicencias HTTP/1.1" 200 6125
186.103.159.182 - - [30/Aug/2018:17:15:49 -0300] "GET /cormun/servlet/hlogin HTTP/1.1" 200 1740
186.103.159.182 - - [30/Aug/2018:17:15:52 -0300] "POST /cormun/servlet/hlogin?a12017676e7476abb40a97ce7f86f984,gx-no-cache=1535659950332 HTTP/1.1" 200 90
186.103.159.182 - - [30/Aug/2018:17:15:52 -0300] "GET /cormun/servlet/hpexe_link HTTP/1.1" 200 959
186.103.159.182 - - [30/Aug/2018:17:15:52 -0300] "GET /cormun/servlet/trlicencias HTTP/1.1" 200 14840
186.103.159.182 - - [30/Aug/2018:17:15:55 -0300] "GET /cormun/servlet/trlicencias HTTP/1.1" 200 14889
186.103.159.182 - - [30/Aug/2018:17:16:06 -0300] "GET /cormun/servlet/trlicencias? HTTP/1.1" 200 14829
186.103.159.182 - - [30/Aug/2018:17:16:08 -0300] "GET /cormun/servlet/trlicencias? HTTP/1.1" 200 14829
186.103.159.189 - - [30/Aug/2018:17:16:18 -0300] "GET /cormun/servlet/trautorizarsolicitud? HTTP/1.1" 200 6313
186.103.159.189 - - [30/Aug/2018:17:16:20 -0300] "GET /cormun/servlet/trautorizarsolicitud? HTTP/1.1" 200 6305
186.103.159.189 - - [30/Aug/2018:17:16:20 -0300] "GET /cormun/servlet/hlogin HTTP/1.1" 200 1742
186.103.159.182 - - [30/Aug/2018:17:16:30 -0300] "GET /cormun/servlet/wbsecusr01? HTTP/1.1" 200 4284
186.103.159.182 - - [30/Aug/2018:17:16:31 -0300] "GET /cormun/static/gxcfg.js?201610171618599 HTTP/1.1" 200 953
186.103.159.182 - - [30/Aug/2018:17:16:31 -0300] "GET /cormun/static/Resources/PXToolsMenuSearch.png HTTP/1.1" 200 2914
186.103.159.182 - - [30/Aug/2018:17:16:31 -0300] "GET /cormun/static/Resources/PXToolsMenuSearchCancel.png HTTP/1.1" 200 2972
186.103.159.182 - - [30/Aug/2018:17:16:31 -0300] "GET /cormun/static/menusearch.js?201610171694467 HTTP/1.1" 200 1424
186.103.159.182 - - [30/Aug/2018:17:16:32 -0300] "GET /cormun/static/hmpwkw011.js?20177612121862 HTTP/1.1" 200 1968
186.103.159.182 - - [30/Aug/2018:17:16:32 -0300] "GET /cormun/static/wbsecusr01.js?2016101716185938 HTTP/1.1" 200 4681
186.103.159.189 - - [30/Aug/2018:17:16:33 -0300] "POST /cormun/servlet/hlogin?dee47a9daac1aa5da99436cbd500dd07,gx-no-cache=1535660116498 HTTP/1.1" 200 90
186.103.159.189 - - [30/Aug/2018:17:16:33 -0300] "GET /cormun/servlet/hpexe_link HTTP/1.1" 200 952
186.103.159.189 - - [30/Aug/2018:17:16:34 -0300] "GET /cormun/servlet/hhome HTTP/1.1" 200 3970
186.103.159.189 - - [30/Aug/2018:17:16:35 -0300] "GET /cormun/servlet/hhome HTTP/1.1" 200 3966
186.103.159.182 - - [30/Aug/2018:17:16:39 -0300] "POST /cormun/servlet/wbsecusr01?a12017676e7476abb40a97ce7f86f984,,gx-no-cache=1535659997051 HTTP/1.1" 200 86
186.103.159.182 - - [30/Aug/2018:17:16:39 -0300] "GET /cormun/servlet/hhome? HTTP/1.1" 200 4269
186.103.159.182 - - [30/Aug/2018:17:16:40 -0300] "GET /cormun/servlet/hhome? HTTP/1.1" 200 4268
186.103.159.189 - - [30/Aug/2018:17:16:44 -0300] "GET /cormun/servlet/trvisualizadoreventos? HTTP/1.1" 200 6700
186.103.159.189 - - [30/Aug/2018:17:16:45 -0300] "GET /cormun/servlet/trvisualizadoreventos? HTTP/1.1" 200 6700
186.103.159.182 - - [30/Aug/2018:17:16:45 -0300] "GET /cormun/servlet/trlicencias? HTTP/1.1" 200 15029
186.103.159.189 - - [30/Aug/2018:17:16:47 -0300] "GET /cormun/static/menuarrow.gif HTTP/1.1" 404 1015
186.103.159.182 - - [30/Aug/2018:17:16:48 -0300] "GET /cormun/servlet/trlicencias? HTTP/1.1" 200 15043
186.103.159.189 - - [30/Aug/2018:17:16:52 -0300] "POST /cormun/servlet/trvisualizadoreventos?dee47a9daac1aa5da99436cbd500dd07,,gx-no-cache=1535660134889 HTTP/1.1" 200 3936
186.103.159.189 - - [30/Aug/2018:17:16:54 -0300] "POST /cormun/servlet/trvisualizadoreventos?dee47a9daac1aa5da99436cbd500dd07,,gx-no-cache=1535660137395 HTTP/1.1" 200 4374
93.158.161.6 - - [30/Aug/2018:17:17:21 -0300] "GET /examples/jsp/tagplugin/if.jsp HTTP/1.1" 200 543
186.103.159.189 - - [30/Aug/2018:17:17:33 -0300] "POST /cormun/servlet/trvisualizadoreventos?dee47a9daac1aa5da99436cbd500dd07,,gx-no-cache=1535660176172 HTTP/1.1" 200 4390
186.103.159.189 - - [30/Aug/2018:17:17:54 -0300] "POST /cormun/servlet/trvisualizadoreventos?dee47a9daac1aa5da99436cbd500dd07,,gx-no-cache=1535660197318 HTTP/1.1" 200 4402
186.103.159.189 - - [30/Aug/2018:17:18:24 -0300] "POST /cormun/servlet/trvisualizadoreventos?dee47a9daac1aa5da99436cbd500dd07,,gx-no-cache=1535660226410 HTTP/1.1" 200 4311
186.103.159.189 - - [30/Aug/2018:17:18:47 -0300] "POST /cormun/servlet/trvisualizadoreventos?dee47a9daac1aa5da99436cbd500dd07,,gx-no-cache=1535660249893 HTTP/1.1" 200 3937
186.103.159.189 - - [30/Aug/2018:17:18:50 -0300] "POST /cormun/servlet/trvisualizadoreventos?dee47a9daac1aa5da99436cbd500dd07,,gx-no-cache=1535660253581 HTTP/1.1" 200 3938
186.103.159.189 - - [30/Aug/2018:17:19:01 -0300] "GET /cormun/servlet/trvisualizadoreventos? HTTP/1.1" 200 6706
186.103.159.189 - - [30/Aug/2018:17:19:03 -0300] "GET /cormun/servlet/trvisualizadoreventos? HTTP/1.1" 200 6706
186.103.159.189 - - [30/Aug/2018:17:19:09 -0300] "GET /cormun/servlet/hlogin HTTP/1.1" 200 1720
186.103.159.189 - - [30/Aug/2018:17:19:25 -0300] "POST /cormun/servlet/hlogin?dee47a9daac1aa5da99436cbd500dd07,gx-no-cache=1535660287755 HTTP/1.1" 200 426
192.168.10.54 - - [30/Aug/2018:17:19:25 -0300] "GET /cormun/servlet/hlogin HTTP/1.1" 200 1725
192.168.10.54 - - [30/Aug/2018:17:19:25 -0300] "GET /cormun/servlet/hlogin HTTP/1.1" 200 1733
186.103.159.189 - - [30/Aug/2018:17:19:40 -0300] "POST /cormun/servlet/hlogin?dee47a9daac1aa5da99436cbd500dd07,gx-no-cache=1535660303195 HTTP/1.1" 200 90
186.103.159.189 - - [30/Aug/2018:17:19:40 -0300] "GET /cormun/servlet/hpexe_link HTTP/1.1" 200 952
186.103.159.189 - - [30/Aug/2018:17:19:40 -0300] "GET /cormun/servlet/hhome HTTP/1.1" 200 4180
186.103.159.189 - - [30/Aug/2018:17:19:42 -0300] "GET /cormun/servlet/hhome HTTP/1.1" 200 4176
186.103.159.189 - - [30/Aug/2018:17:19:47 -0300] "GET /cormun/servlet/trvisualizadoreventos? HTTP/1.1" 200 6941
186.103.159.189 - - [30/Aug/2018:17:19:48 -0300] "GET /cormun/servlet/trvisualizadoreventos? HTTP/1.1" 200 6940
186.103.159.189 - - [30/Aug/2018:17:19:53 -0300] "POST /cormun/servlet/trvisualizadoreventos?dee47a9daac1aa5da99436cbd500dd07,,gx-no-cache=1535660316207 HTTP/1.1" 200 4140
186.103.159.189 - - [30/Aug/2018:17:19:57 -0300] "POST /cormun/servlet/trvisualizadoreventos?dee47a9daac1aa5da99436cbd500dd07,,gx-no-cache=1535660320225 HTTP/1.1" 200 4579
192.168.10.54 - - [30/Aug/2018:17:20:01 -0300] "POST /cormun/servlet/hlogin?d2b7c7c0a9b18878f60041c6c125194c,gx-no-cache=1535660176466 HTTP/1.1" 200 90
192.168.10.54 - - [30/Aug/2018:17:20:01 -0300] "GET /cormun/servlet/hpexe_link HTTP/1.1" 200 953
192.168.10.54 - - [30/Aug/2018:17:20:01 -0300] "GET /cormun/servlet/hhome HTTP/1.1" 200 3851
192.168.10.54 - - [30/Aug/2018:17:20:02 -0300] "GET /cormun/servlet/hhome HTTP/1.1" 200 3847
186.103.159.189 - - [30/Aug/2018:17:20:06 -0300] "POST /cormun/servlet/trvisualizadoreventos?dee47a9daac1aa5da99436cbd500dd07,,gx-no-cache=1535660328523 HTTP/1.1" 200 4593
192.168.10.54 - - [30/Aug/2018:17:20:08 -0300] "GET /cormun/servlet/trautorizarot? HTTP/1.1" 200 19995
192.168.10.54 - - [30/Aug/2018:17:20:09 -0300] "GET /cormun/servlet/trautorizarot? HTTP/1.1" 200 19992
186.103.159.189 - - [30/Aug/2018:17:20:18 -0300] "POST /cormun/servlet/trvisualizadoreventos?dee47a9daac1aa5da99436cbd500dd07,,gx-no-cache=1535660341598 HTTP/1.1" 200 4608
186.103.159.189 - - [30/Aug/2018:17:20:26 -0300] "POST /cormun/servlet/trvisualizadoreventos?dee47a9daac1aa5da99436cbd500dd07,,gx-no-cache=1535660349668 HTTP/1.1" 200 4608
186.103.159.182 - - [30/Aug/2018:17:20:29 -0300] "GET /cormun/servlet/solicitudot?630ed04175fb84bca13163a1d1bfe974f394b1868b84a1b138af1189bdd3e5e3cbfe6e9b9e205d08a8b3d73f8686225a,gx-no-cache=1535660352572 HTTP/1.1" 200 30
186.103.159.182 - - [30/Aug/2018:17:20:29 -0300] "POST /cormun/servlet/solicitudot?gx-no-cache=1535660352610 HTTP/1.1" 200 135
186.103.159.189 - - [30/Aug/2018:17:20:31 -0300] "POST /cormun/servlet/trvisualizadoreventos?dee47a9daac1aa5da99436cbd500dd07,,gx-no-cache=1535660353842 HTTP/1.1" 200 4512
186.103.159.189 - - [30/Aug/2018:17:20:37 -0300] "POST /cormun/servlet/trvisualizadoreventos?dee47a9daac1aa5da99436cbd500dd07,,gx-no-cache=1535660360456 HTTP/1.1" 200 4521
192.168.10.54 - - [30/Aug/2018:17:20:43 -0300] "POST /cormun/servlet/trautorizarot?d2b7c7c0a9b18878f60041c6c125194c,,gx-no-cache=1535660218376 HTTP/1.1" 200 5156
192.168.10.54 - - [30/Aug/2018:17:20:45 -0300] "POST /cormun/servlet/trautorizarot?d2b7c7c0a9b18878f60041c6c125194c,,gx-no-cache=1535660220819 HTTP/1.1" 200 5156
186.103.159.182 - - [30/Aug/2018:17:20:48 -0300] "POST /cormun/servlet/solicitudot?gx-no-cache=1535660371432 HTTP/1.1" 200 30
186.103.159.182 - - [30/Aug/2018:17:20:48 -0300] "POST /cormun/servlet/solicitudot?gx-no-cache=1535660371566 HTTP/1.1" 200 1376
186.103.159.182 - - [30/Aug/2018:17:20:49 -0300] "POST /cormun/servlet/solicitudot?gx-no-cache=1535660371981 HTTP/1.1" 200 41
186.103.159.182 - - [30/Aug/2018:17:20:49 -0300] "POST /cormun/servlet/solicitudot?gx-no-cache=1535660372028 HTTP/1.1" 200 1357
186.103.159.182 - - [30/Aug/2018:17:20:49 -0300] "POST /cormun/servlet/solicitudot?gx-no-cache=1535660372090 HTTP/1.1" 200 1258
192.168.10.54 - - [30/Aug/2018:17:20:49 -0300] "POST /cormun/servlet/trautorizarot?d2b7c7c0a9b18878f60041c6c125194c,,gx-no-cache=1535660224633 HTTP/1.1" 200 5156
186.103.159.189 - - [30/Aug/2018:17:20:51 -0300] "GET /cormun/servlet/avisualizareventos?0,0,AAP,20180702,20180830,PU HTTP/1.1" 200 1137
186.103.159.182 - - [30/Aug/2018:17:21:00 -0300] "POST /cormun/servlet/solicitudot?gx-no-cache=1535660383397 HTTP/1.1" 200 135
186.103.159.182 - - [30/Aug/2018:17:21:00 -0300] "POST /cormun/servlet/solicitudot?75dd018300413e2334102e540807da25,INS,0,0,,gx-no-cache=1535660383489 HTTP/1.1" 200 12083
186.103.159.189 - - [30/Aug/2018:17:21:12 -0300] "POST /cormun/servlet/trvisualizadoreventos?dee47a9daac1aa5da99436cbd500dd07,,gx-no-cache=1535660395344 HTTP/1.1" 200 4138
186.103.159.182 - - [30/Aug/2018:17:21:15 -0300] "POST /cormun/servlet/solicitudot?gx-no-cache=1535660398469 HTTP/1.1" 200 135
186.103.159.182 - - [30/Aug/2018:17:21:15 -0300] "POST /cormun/servlet/solicitudot?75dd018300413e2334102e540807da25,INS,0,0,,gx-no-cache=1535660398576 HTTP/1.1" 200 12140
186.103.159.189 - - [30/Aug/2018:17:21:16 -0300] "POST /cormun/servlet/trvisualizadoreventos?dee47a9daac1aa5da99436cbd500dd07,,gx-no-cache=1535660399181 HTTP/1.1" 200 4140
186.103.159.182 - - [30/Aug/2018:17:21:26 -0300] "POST /cormun/servlet/solicitudot?75dd018300413e2334102e540807da25,INS,0,0,,gx-no-cache=1535660409070 HTTP/1.1" 200 12182
186.103.159.182 - - [30/Aug/2018:17:21:44 -0300] "GET /cormun/servlet/trsolicitudot? HTTP/1.1" 200 10306
186.103.159.182 - - [30/Aug/2018:17:21:46 -0300] "GET /cormun/servlet/trsolicitudot? HTTP/1.1" 200 10300
186.103.159.182 - - [30/Aug/2018:17:21:48 -0300] "GET /cormun/servlet/solicitudot?INS,0,0, HTTP/1.1" 200 13751
186.103.159.182 - - [30/Aug/2018:17:21:49 -0300] "GET /cormun/servlet/solicitudot?INS,0,0, HTTP/1.1" 200 13756
186.103.159.182 - - [30/Aug/2018:17:22:03 -0300] "POST /cormun/servlet/solicitudot?gx-no-cache=1535660446368 HTTP/1.1" 200 3432
186.103.159.182 - - [30/Aug/2018:17:22:03 -0300] "POST /cormun/servlet/solicitudot?75dd018300413e2334102e540807da25,INS,0,0,,gx-no-cache=1535660446509 HTTP/1.1" 200 10635
186.103.159.182 - - [30/Aug/2018:17:22:06 -0300] "GET /cormun/servlet/solicitudot?630ed04175fb84bca13163a1d1bfe9744c33b6a9f2abbfa1c417d8ceb4efad0a1416190e8473894a1e2b06bfacc7f72e,gx-no-cache=1535660449598 HTTP/1.1" 200 30
186.103.159.182 - - [30/Aug/2018:17:22:06 -0300] "GET /cormun/servlet/solicitudot?630ed04175fb84bca13163a1d1bfe974044d8bf9b61f03e683c5e6a43fbae70f8a435ddcf1046398c7ece39b9ef451ef1416190e8473894a1e2b06bfacc7f72e,gx-no-cache=1535660449649 HTTP/1.1" 200 30
186.103.159.182 - - [30/Aug/2018:17:22:06 -0300] "GET /cormun/servlet/solicitudot?630ed04175fb84bca13163a1d1bfe974cfb8d29dc4e89d9d32a7191a9553e54d,gx-no-cache=1535660449680 HTTP/1.1" 200 53
186.103.159.182 - - [30/Aug/2018:17:22:06 -0300] "POST /cormun/servlet/solicitudot?gx-no-cache=1535660449735 HTTP/1.1" 200 255
186.103.159.189 - - [30/Aug/2018:17:22:06 -0300] "POST /cormun/servlet/trvisualizadoreventos?dee47a9daac1aa5da99436cbd500dd07,,gx-no-cache=1535660449580 HTTP/1.1" 200 4593
186.103.159.182 - - [30/Aug/2018:17:22:07 -0300] "GET /cormun/servlet/solicitudot?630ed04175fb84bca13163a1d1bfe97485c3f021008cf759410a64f221fe88796e31d2bf3ee0fae38d7f031597061981682ef8fc3c616aad3141c562e607907d1c4eba9816462f9b409dd52f583f6da2676a131897dc075305ddea705267c05023bbe46ab7987f55e3ddd434c4cb06e4b06d119e068607503a7dbdc3e1bf303c1a65a16f25f7f568e38e43ad8c331e423ad5d609479e4b86d5837022a73cc409926c40f00aa78d3208ff7f31883686670e033c7100d394d5f9c24f17f5c52eb91e5554dd0a98517c81a5583e41f3298d2d1d3b42d3e87c0bf45e6744cceb6fd58b6392318bcd0d6ed67492b2f8a9e9c9b49af7be2c685daca9fa21d8c756a09db13d7594a713b6d17cb97b65956521e4e52baf172a0eb446ffdd793e82016cabd3708e5432452b884ccbaa48d9de8a2ab866bfe34680a61293fb741dfaa62efc9d8d1b7ced788a0ae634d7320ea212fc335b2062197852dae36575a1cbe5f160a1b90ac83e7b32b6ce72194123d832cb170b7f7f30dcbeb373682334909c345e,gx-no-cache=1535660449772 HTTP/1.1" 200 30
186.103.159.182 - - [30/Aug/2018:17:22:08 -0300] "POST /cormun/servlet/solicitudot?gx-no-cache=1535660451508 HTTP/1.1" 200 30
186.103.159.182 - - [30/Aug/2018:17:22:12 -0300] "GET /cormun/servlet/prlicenciaspermisos?0,L,,MD,,gxPopupLevel%3D0%3B HTTP/1.1" 200 5285
186.103.159.182 - - [30/Aug/2018:17:22:15 -0300] "POST /cormun/servlet/solicitudot?gx-no-cache=1535660458284 HTTP/1.1" 200 1458
186.103.159.182 - - [30/Aug/2018:17:22:15 -0300] "GET /cormun/static/Shared/jqueryui/images/ui-bg_highlight-soft_100_c6c2c8_1x100.png HTTP/1.1" 404 1117
186.103.159.182 - - [30/Aug/2018:17:22:15 -0300] "GET /cormun/static/Shared/jqueryui/images/ui-icons_82798d_256x240.png HTTP/1.1" 404 1089
186.103.159.182 - - [30/Aug/2018:17:22:15 -0300] "GET /cormun/static/Shared/jqueryui/images/ui-icons_ebccce_256x240.png HTTP/1.1" 404 1089
186.103.159.182 - - [30/Aug/2018:17:22:15 -0300] "GET /cormun/static/Shared/jqueryui/images/ui-bg_flat_55_994d53_40x100.png HTTP/1.1" 404 1097
186.103.159.182 - - [30/Aug/2018:17:22:23 -0300] "GET /cormun/servlet/prfichaempleado?,MD,,gxPopupLevel%3D0%3B HTTP/1.1" 200 9432
186.103.159.182 - - [30/Aug/2018:17:22:29 -0300] "POST /cormun/servlet/prfichaempleado?75dd018300413e2334102e540807da25,,MD,,gxPopupLevel%3D0%3B,gx-no-cache=1535660472079 HTTP/1.1" 200 3417
186.103.159.182 - - [30/Aug/2018:17:22:34 -0300] "GET /cormun/servlet/prlicenciaspermisos?12658701,L,,MD,,gxPopupLevel%3D0%3B HTTP/1.1" 200 7874
186.103.159.182 - - [30/Aug/2018:17:22:37 -0300] "POST /cormun/servlet/solicitudot?gx-no-cache=1535660480306 HTTP/1.1" 200 1376
186.103.159.182 - - [30/Aug/2018:17:22:39 -0300] "POST /cormun/servlet/solicitudot?gx-no-cache=1535660482756 HTTP/1.1" 200 41
186.103.159.182 - - [30/Aug/2018:17:22:39 -0300] "GET /cormun/servlet/solicitudot?630ed04175fb84bca13163a1d1bfe97429dc99c998460109b173a1f577d9e9c49eb54ad0be3cc48ec5a7e39c06168e36d34ad3b2dbcc3ea0d149c0b1d36fc304362eeef15b13d65a4c0c536be2bfdd76b9091351f135fcd7a7b9bd3ff78b09ef84572886bbe7183a41cf820af66fea7ffae014d4445ea930bc12d90230b3e6c282c14e027d4fce6b855986094898057c499f025f47bfd9bc571ed73d4b5c5254,gx-no-cache=1535660482790 HTTP/1.1" 200 29
186.103.159.182 - - [30/Aug/2018:17:22:39 -0300] "POST /cormun/servlet/solicitudot?gx-no-cache=1535660482821 HTTP/1.1" 200 1357
186.103.159.182 - - [30/Aug/2018:17:22:39 -0300] "POST /cormun/servlet/solicitudot?gx-no-cache=1535660482871 HTTP/1.1" 200 1258
192.168.10.54 - - [30/Aug/2018:17:22:40 -0300] "POST /cormun/servlet/trautorizarot?d2b7c7c0a9b18878f60041c6c125194c,,gx-no-cache=1535660335498 HTTP/1.1" 200 5157
186.103.159.182 - - [30/Aug/2018:17:22:41 -0300] "GET /cormun/static/menuarrow.gif HTTP/1.1" 404 1015
186.103.159.182 - - [30/Aug/2018:17:22:43 -0300] "POST /cormun/servlet/solicitudot?gx-no-cache=1535660485990 HTTP/1.1" 200 1357
186.103.159.182 - - [30/Aug/2018:17:22:43 -0300] "POST /cormun/servlet/solicitudot?gx-no-cache=1535660486115 HTTP/1.1" 200 1258
192.168.10.54 - - [30/Aug/2018:17:22:43 -0300] "POST /cormun/servlet/trautorizarot?d2b7c7c0a9b18878f60041c6c125194c,,gx-no-cache=1535660338337 HTTP/1.1" 200 5157
192.168.10.54 - - [30/Aug/2018:17:22:43 -0300] "POST /cormun/servlet/trautorizarot?d2b7c7c0a9b18878f60041c6c125194c,,gx-no-cache=1535660338531 HTTP/1.1" 200 5158
186.103.159.182 - - [30/Aug/2018:17:22:44 -0300] "GET /cormun/servlet/solicitudot?630ed04175fb84bca13163a1d1bfe974f394b1868b84a1b138af1189bdd3e5e3cbfe6e9b9e205d08a8b3d73f8686225a,gx-no-cache=1535660487043 HTTP/1.1" 200 30
186.103.159.189 - - [30/Aug/2018:17:22:47 -0300] "GET /cormun/servlet/trcontratosolicitud? HTTP/1.1" 200 14404
186.103.159.189 - - [30/Aug/2018:17:22:47 -0300] "GET /cormun/static/gxcfg.js?20177612214014 HTTP/1.1" 200 953
186.103.159.189 - - [30/Aug/2018:17:22:47 -0300] "GET /cormun/static/trcontratosolicitud.js?20177612214349 HTTP/1.1" 200 28237
186.103.159.189 - - [30/Aug/2018:17:22:49 -0300] "GET /cormun//static/Resources/PXToolsGridNew.png HTTP/1.1" 200 2949
186.103.159.189 - - [30/Aug/2018:17:22:49 -0300] "GET /cormun/servlet/trcontratosolicitud? HTTP/1.1" 200 14380
186.103.159.182 - - [30/Aug/2018:17:22:53 -0300] "GET /cormun/servlet/prcontratosol?9651124,,,,,MD,,gxPopupLevel%3D0%3B HTTP/1.1" 200 7851
186.103.159.182 - - [30/Aug/2018:17:22:56 -0300] "POST /cormun/servlet/solicitudot?gx-no-cache=1535660499728 HTTP/1.1" 200 1357
186.103.159.182 - - [30/Aug/2018:17:22:56 -0300] "POST /cormun/servlet/solicitudot?gx-no-cache=1535660499780 HTTP/1.1" 200 1258
186.103.159.182 - - [30/Aug/2018:17:22:56 -0300] "GET /cormun/servlet/solicitudot?630ed04175fb84bca13163a1d1bfe9745e8d0b8522f94a9a33b770f91fc34dfc8f0fc062eb9b088cbee1b5e10e82693a,gx-no-cache=1535660499831 HTTP/1.1" 200 134
192.168.10.54 - - [30/Aug/2018:17:23:05 -0300] "POST /cormun/servlet/trautorizarot?d2b7c7c0a9b18878f60041c6c125194c,,gx-no-cache=1535660360514 HTTP/1.1" 200 5157
192.168.10.54 - - [30/Aug/2018:17:23:05 -0300] "POST /cormun/servlet/trautorizarot?d2b7c7c0a9b18878f60041c6c125194c,,gx-no-cache=1535660360873 HTTP/1.1" 200 5159
192.168.10.54 - - [30/Aug/2018:17:23:06 -0300] "POST /cormun/servlet/trautorizarot?d2b7c7c0a9b18878f60041c6c125194c,,gx-no-cache=1535660361881 HTTP/1.1" 200 5158
192.168.10.54 - - [30/Aug/2018:17:23:07 -0300] "POST /cormun/servlet/trautorizarot?d2b7c7c0a9b18878f60041c6c125194c,,gx-no-cache=1535660362144 HTTP/1.1" 200 5157
186.103.159.182 - - [30/Aug/2018:17:23:14 -0300] "GET /cormun/servlet/solicitudot?630ed04175fb84bca13163a1d1bfe974f394b1868b84a1b138af1189bdd3e5e38f0fc062eb9b088cbee1b5e10e82693a,gx-no-cache=1535660517380 HTTP/1.1" 200 30
186.103.159.182 - - [30/Aug/2018:17:23:14 -0300] "POST /cormun/servlet/solicitudot?gx-no-cache=1535660517412 HTTP/1.1" 200 122
192.168.10.54 - - [30/Aug/2018:17:23:15 -0300] "GET /cormun/static/menuarrow.gif HTTP/1.1" 404 1015
186.103.159.189 - - [30/Aug/2018:17:23:18 -0300] "GET /cormun/servlet/trvisualizadoreventos? HTTP/1.1" 200 7379
186.103.159.189 - - [30/Aug/2018:17:23:20 -0300] "GET /cormun/servlet/trvisualizadoreventos? HTTP/1.1" 200 7379
186.103.159.182 - - [30/Aug/2018:17:23:23 -0300] "POST /cormun/servlet/solicitudot?gx-no-cache=1535660526154 HTTP/1.1" 200 32
192.168.10.62 - - [30/Aug/2018:17:23:25 -0300] "POST /cormun/servlet/trconsultaempleado?6d799583a179a390617003f93ce220f8,,gx-no-cache=1535660380874 HTTP/1.1" 200 7745
192.168.10.62 - - [30/Aug/2018:17:23:26 -0300] "GET /cormun/static/Resources/PXToolsGridNext.gif HTTP/1.1" 200 369
192.168.10.62 - - [30/Aug/2018:17:23:26 -0300] "GET /cormun/static/Resources/PXToolsGridLast.gif HTTP/1.1" 200 370
192.168.10.62 - - [30/Aug/2018:17:23:32 -0300] "GET /cormun/servlet/trsolicitudnombre?12911639, HTTP/1.1" 200 8494
192.168.10.62 - - [30/Aug/2018:17:23:33 -0300] "GET /cormun/servlet/trsolicitudnombre?12911639, HTTP/1.1" 200 8497
186.103.159.189 - - [30/Aug/2018:17:23:33 -0300] "POST /cormun/servlet/trvisualizadoreventos?dee47a9daac1aa5da99436cbd500dd07,,gx-no-cache=1535660536507 HTTP/1.1" 200 4533
192.168.10.62 - - [30/Aug/2018:17:23:38 -0300] "GET /cormun/servlet/vesolicitudnombre?2018,7857,, HTTP/1.1" 200 8759
192.168.10.62 - - [30/Aug/2018:17:23:38 -0300] "GET /cormun/pexe_scrolldiv.js HTTP/1.1" 404 1009
192.168.10.62 - - [30/Aug/2018:17:23:38 -0300] "GET /cormun/pexe_scrolldiv.js HTTP/1.1" 404 1009
192.168.10.62 - - [30/Aug/2018:17:23:39 -0300] "GET /cormun/servlet/vesolicitudnombre?2018,7857,, HTTP/1.1" 200 8752
186.103.159.189 - - [30/Aug/2018:17:23:43 -0300] "POST /cormun/servlet/trvisualizadoreventos?dee47a9daac1aa5da99436cbd500dd07,,gx-no-cache=1535660545973 HTTP/1.1" 200 4156
186.103.159.189 - - [30/Aug/2018:17:23:45 -0300] "POST /cormun/servlet/trvisualizadoreventos?dee47a9daac1aa5da99436cbd500dd07,,gx-no-cache=1535660547776 HTTP/1.1" 200 4156
186.103.159.189 - - [30/Aug/2018:17:23:48 -0300] "POST /cormun/servlet/trvisualizadoreventos?dee47a9daac1aa5da99436cbd500dd07,,gx-no-cache=1535660550727 HTTP/1.1" 200 4157
192.168.10.54 - - [30/Aug/2018:17:23:49 -0300] "POST /cormun/servlet/trautorizarot?d2b7c7c0a9b18878f60041c6c125194c,,gx-no-cache=1535660404425 HTTP/1.1" 200 6511
192.168.10.54 - - [30/Aug/2018:17:23:49 -0300] "POST /cormun/servlet/trautorizarot?d2b7c7c0a9b18878f60041c6c125194c,,gx-no-cache=1535660404640 HTTP/1.1" 200 6511
192.168.10.54 - - [30/Aug/2018:17:23:49 -0300] "POST /cormun/servlet/trautorizarot?d2b7c7c0a9b18878f60041c6c125194c,,gx-no-cache=1535660404890 HTTP/1.1" 200 6511
186.103.159.189 - - [30/Aug/2018:17:23:51 -0300] "POST /cormun/servlet/trvisualizadoreventos?dee47a9daac1aa5da99436cbd500dd07,,gx-no-cache=1535660553975 HTTP/1.1" 200 4158
186.103.159.189 - - [30/Aug/2018:17:23:54 -0300] "POST /cormun/servlet/trvisualizadoreventos?dee47a9daac1aa5da99436cbd500dd07,,gx-no-cache=1535660557283 HTTP/1.1" 200 4157
186.103.159.189 - - [30/Aug/2018:17:23:59 -0300] "POST /cormun/servlet/trvisualizadoreventos?dee47a9daac1aa5da99436cbd500dd07,,gx-no-cache=1535660562401 HTTP/1.1" 200 4533
186.103.159.182 - - [30/Aug/2018:17:24:09 -0300] "POST /cormun/servlet/solicitudot?75dd018300413e2334102e540807da25,INS,0,0,,gx-no-cache=1535660572232 HTTP/1.1" 200 93
186.103.159.182 - - [30/Aug/2018:17:24:09 -0300] "GET /cormun/servlet/hpexe_return? HTTP/1.1" 200 1007
186.103.159.182 - - [30/Aug/2018:17:24:09 -0300] "GET /cormun/static/gxcfg.js?2016101716175148 HTTP/1.1" 200 953
186.103.159.182 - - [30/Aug/2018:17:24:09 -0300] "GET /cormun/static/hpexe_return.js?2016101716175153 HTTP/1.1" 200 1633
186.103.159.182 - - [30/Aug/2018:17:24:09 -0300] "GET /cormun/static/Resources/Spanish/PXTools.css?167811 HTTP/1.1" 200 89042
186.103.159.182 - - [30/Aug/2018:17:24:09 -0300] "GET /cormun/servlet/trsolicitudot HTTP/1.1" 200 10736
186.103.159.182 - - [30/Aug/2018:17:24:10 -0300] "GET /cormun/servlet/trsolicitudot HTTP/1.1" 200 10732
186.103.159.182 - - [30/Aug/2018:17:24:16 -0300] "POST /cormun/servlet/trsolicitudot?75dd018300413e2334102e540807da25,gx-no-cache=1535660579633 HTTP/1.1" 200 5692
186.103.159.182 - - [30/Aug/2018:17:24:18 -0300] "GET /cormun/servlet/solicitudot?INS,0,0, HTTP/1.1" 200 13752
186.103.159.182 - - [30/Aug/2018:17:24:19 -0300] "GET /cormun/servlet/solicitudot?INS,0,0, HTTP/1.1" 200 13757
192.168.10.54 - - [30/Aug/2018:17:24:20 -0300] "GET /cormun/servlet/veautorizarot?2018,11937,, HTTP/1.1" 200 8433
192.168.10.54 - - [30/Aug/2018:17:24:20 -0300] "GET /cormun/pexe_scrolldiv.js HTTP/1.1" 404 1009
192.168.10.54 - - [30/Aug/2018:17:24:20 -0300] "GET /cormun/pexe_scrolldiv.js HTTP/1.1" 404 1009
192.168.10.54 - - [30/Aug/2018:17:24:20 -0300] "GET /cormun/servlet/veautorizarot?2018,11937,, HTTP/1.1" 200 8433
186.103.159.182 - - [30/Aug/2018:17:24:31 -0300] "POST /cormun/servlet/solicitudot?gx-no-cache=1535660594225 HTTP/1.1" 200 3475
186.103.159.182 - - [30/Aug/2018:17:24:31 -0300] "POST /cormun/servlet/solicitudot?75dd018300413e2334102e540807da25,INS,0,0,,gx-no-cache=1535660594373 HTTP/1.1" 200 10675
186.103.159.182 - - [30/Aug/2018:17:24:31 -0300] "GET /cormun/servlet/solicitudot?630ed04175fb84bca13163a1d1bfe974de700c98ac63811ddcb04c7f022a0228c412e265511b0aa3aaa098c0eb9ad5f5,gx-no-cache=1535660594531 HTTP/1.1" 200 30
186.103.159.182 - - [30/Aug/2018:17:24:31 -0300] "GET /cormun/servlet/solicitudot?630ed04175fb84bca13163a1d1bfe9747179fae379b4fefbebe24c3a1b4de4563e8aefc2bf0052c440b694fec1d9fad2154d0b6371ec0ef0e7db48300141e674,gx-no-cache=1535660594575 HTTP/1.1" 200 30
186.103.159.182 - - [30/Aug/2018:17:24:31 -0300] "GET /cormun/servlet/solicitudot?630ed04175fb84bca13163a1d1bfe974cfb8d29dc4e89d9d32a7191a9553e54d,gx-no-cache=1535660594605 HTTP/1.1" 200 53
186.103.159.182 - - [30/Aug/2018:17:24:31 -0300] "POST /cormun/servlet/solicitudot?gx-no-cache=1535660594637 HTTP/1.1" 200 240
186.103.159.182 - - [30/Aug/2018:17:24:31 -0300] "GET /cormun/servlet/solicitudot?630ed04175fb84bca13163a1d1bfe97485c3f021008cf759410a64f221fe8879d0b34b500e80fd5f47c836f58134cff4682ef8fc3c616aad3141c562e607907d1c4eba9816462f9b409dd52f583f6da2676a131897dc075305ddea705267c05023bbe46ab7987f55e3ddd434c4cb06e4b06d119e068607503a7dbdc3e1bf303c1a65a16f25f7f568e38e43ad8c331e423ad5d609479e4b86d5837022a73cc409926c40f00aa78d3208ff7f31883686670e033c7100d394d5f9c24f17f5c52eb91e5554dd0a98517c81a5583e41f3298d2d1d3b42d3e87c0bf45e6744cceb6fd58b6392318bcd0d6ed67492b2f8a9e9c9b49af7be2c685daca9fa21d8c756a09db13d7594a713b6d17cb97b65956521e41bba072f6b8344e4f394a449c810cbefd7f3196a11276e84befb88f5e6563dfcc28cfbd189d7c9c6ec8958125403c87f040a4678abcfa849bb95df813e8ddc89ea77b88da7e4c2ab715c7838c4e047a6fdee51c4cca5cfed35ca706353789ec63c536482e867f703559f02c8ba9b1c2f,gx-no-cache=1535660594670 HTTP/1.1" 200 30
186.103.159.182 - - [30/Aug/2018:17:24:32 -0300] "POST /cormun/servlet/solicitudot?gx-no-cache=1535660595000 HTTP/1.1" 200 30
186.103.159.182 - - [30/Aug/2018:17:24:32 -0300] "POST /cormun/servlet/solicitudot?gx-no-cache=1535660595033 HTTP/1.1" 200 1377
186.103.159.182 - - [30/Aug/2018:17:24:32 -0300] "POST /cormun/servlet/solicitudot?gx-no-cache=1535660595087 HTTP/1.1" 200 38
186.103.159.182 - - [30/Aug/2018:17:24:32 -0300] "GET /cormun/servlet/solicitudot?630ed04175fb84bca13163a1d1bfe97429dc99c998460109b173a1f577d9e9c49eb54ad0be3cc48ec5a7e39c06168e36d34ad3b2dbcc3ea0d149c0b1d36fc304362eeef15b13d65a4c0c536be2bfdd76b9091351f135fcd7a7b9bd3ff78b09ef84572886bbe7183a41cf820af66fea7ffae014d4445ea930bc12d90230b3e6c282c14e027d4fce6b855986094898057c499f025f47bfd9bc571ed73d4b5c5254,gx-no-cache=1535660595116 HTTP/1.1" 200 29
186.103.159.182 - - [30/Aug/2018:17:24:32 -0300] "POST /cormun/servlet/solicitudot?gx-no-cache=1535660595153 HTTP/1.1" 200 1357
186.103.159.182 - - [30/Aug/2018:17:24:32 -0300] "POST /cormun/servlet/solicitudot?gx-no-cache=1535660595199 HTTP/1.1" 200 1258
186.103.159.182 - - [30/Aug/2018:17:24:32 -0300] "GET /cormun/servlet/solicitudot?630ed04175fb84bca13163a1d1bfe97425c1660ce7dbae24ab9513dc04017184,gx-no-cache=1535660595241 HTTP/1.1" 200 30
186.103.159.182 - - [30/Aug/2018:17:24:32 -0300] "POST /cormun/servlet/solicitudot?gx-no-cache=1535660595267 HTTP/1.1" 200 30
186.103.159.182 - - [30/Aug/2018:17:24:32 -0300] "GET /cormun/static/menuarrow.gif HTTP/1.1" 404 1015
192.168.10.62 - - [30/Aug/2018:17:24:35 -0300] "POST /cormun/servlet/vesolicitudnombre?6d799583a179a390617003f93ce220f8,2018,7857,,,gx-no-cache=1535660450733 HTTP/1.1" 200 90
192.168.10.62 - - [30/Aug/2018:17:24:35 -0300] "GET /cormun/servlet/hpexe_link HTTP/1.1" 200 973
192.168.10.62 - - [30/Aug/2018:17:24:35 -0300] "GET /cormun/servlet/trsolicitudnombre?12911639, HTTP/1.1" 200 8496
192.168.10.62 - - [30/Aug/2018:17:24:36 -0300] "GET /cormun/servlet/trsolicitudnombre?12911639, HTTP/1.1" 200 8498
186.103.159.182 - - [30/Aug/2018:17:24:36 -0300] "POST /cormun/servlet/solicitudot?gx-no-cache=1535660599795 HTTP/1.1" 200 30
186.103.159.182 - - [30/Aug/2018:17:24:38 -0300] "GET /cormun/servlet/prcontratosol?16494793,,,,,MD,,gxPopupLevel%3D0%3B HTTP/1.1" 200 8775
192.168.10.62 - - [30/Aug/2018:17:24:39 -0300] "POST /cormun/servlet/trsolicitudnombre?6d799583a179a390617003f93ce220f8,12911639,,gx-no-cache=1535660454587 HTTP/1.1" 200 90
192.168.10.62 - - [30/Aug/2018:17:24:39 -0300] "GET /cormun/servlet/hpexe_link HTTP/1.1" 200 972
192.168.10.62 - - [30/Aug/2018:17:24:39 -0300] "GET /cormun/servlet/trconsultaempleado? HTTP/1.1" 200 10143
192.168.10.62 - - [30/Aug/2018:17:24:40 -0300] "GET /cormun/servlet/trconsultaempleado? HTTP/1.1" 200 10141
192.168.10.62 - - [30/Aug/2018:17:24:44 -0300] "POST /cormun/servlet/trconsultaempleado?6d799583a179a390617003f93ce220f8,,gx-no-cache=1535660459081 HTTP/1.1" 200 4809
186.103.159.182 - - [30/Aug/2018:17:24:44 -0300] "POST /cormun/servlet/solicitudot?gx-no-cache=1535660607543 HTTP/1.1" 200 1458
186.103.159.182 - - [30/Aug/2018:17:24:44 -0300] "GET /cormun/static/Shared/jqueryui/images/ui-bg_highlight-soft_100_c6c2c8_1x100.png HTTP/1.1" 404 1117
186.103.159.182 - - [30/Aug/2018:17:24:44 -0300] "GET /cormun/static/Shared/jqueryui/images/ui-icons_82798d_256x240.png HTTP/1.1" 404 1089
186.103.159.182 - - [30/Aug/2018:17:24:44 -0300] "GET /cormun/static/Shared/jqueryui/images/ui-bg_flat_55_994d53_40x100.png HTTP/1.1" 404 1097
186.103.159.182 - - [30/Aug/2018:17:24:44 -0300] "POST /cormun/servlet/solicitudot?gx-no-cache=1535660607688 HTTP/1.1" 200 117
186.103.159.182 - - [30/Aug/2018:17:24:44 -0300] "GET /cormun/static/Shared/jqueryui/images/ui-icons_ebccce_256x240.png HTTP/1.1" 404 1089
186.103.159.182 - - [30/Aug/2018:17:24:45 -0300] "POST /cormun/servlet/solicitudot?gx-no-cache=1535660607882 HTTP/1.1" 200 1357
186.103.159.182 - - [30/Aug/2018:17:24:45 -0300] "POST /cormun/servlet/solicitudot?gx-no-cache=1535660608099 HTTP/1.1" 200 1258
186.103.159.182 - - [30/Aug/2018:17:24:45 -0300] "GET /cormun/servlet/solicitudot?630ed04175fb84bca13163a1d1bfe9745b9b90d22ffac7aac00464c5932dc7d1ddf6df5bb42fd765c5d4fd4e9138987e,gx-no-cache=1535660608161 HTTP/1.1" 200 134
192.168.10.62 - - [30/Aug/2018:17:24:46 -0300] "GET /cormun/servlet/trsolicitudnombre?15523266, HTTP/1.1" 200 10646
192.168.10.62 - - [30/Aug/2018:17:24:47 -0300] "GET /cormun/servlet/trsolicitudnombre?15523266, HTTP/1.1" 200 10650
186.103.159.182 - - [30/Aug/2018:17:24:47 -0300] "GET /cormun/servlet/prfichaempleado?,MD,,gxPopupLevel%3D0%3B HTTP/1.1" 200 9432
192.168.10.62 - - [30/Aug/2018:17:24:49 -0300] "GET /cormun/servlet/vesolicitudnombre?2018,9927,, HTTP/1.1" 200 8767
192.168.10.62 - - [30/Aug/2018:17:24:49 -0300] "GET /cormun/pexe_scrolldiv.js HTTP/1.1" 404 1009
192.168.10.62 - - [30/Aug/2018:17:24:49 -0300] "GET /cormun/pexe_scrolldiv.js HTTP/1.1" 404 1009
192.168.10.62 - - [30/Aug/2018:17:24:50 -0300] "GET /cormun/servlet/vesolicitudnombre?2018,9927,, HTTP/1.1" 200 8760
186.103.159.182 - - [30/Aug/2018:17:24:55 -0300] "POST /cormun/servlet/prfichaempleado?75dd018300413e2334102e540807da25,,MD,,gxPopupLevel%3D0%3B,gx-no-cache=1535660618655 HTTP/1.1" 200 3417
186.103.159.182 - - [30/Aug/2018:17:25:03 -0300] "GET /cormun/servlet/prlicenciaspermisos?12658701,L,,MD,,gxPopupLevel%3D0%3B HTTP/1.1" 200 7874
186.103.159.182 - - [30/Aug/2018:17:25:04 -0300] "POST /cormun/servlet/solicitudot?gx-no-cache=1535660627829 HTTP/1.1" 200 1376
186.103.159.182 - - [30/Aug/2018:17:25:07 -0300] "POST /cormun/servlet/solicitudot?gx-no-cache=1535660630404 HTTP/1.1" 200 41
186.103.159.182 - - [30/Aug/2018:17:25:10 -0300] "POST /cormun/servlet/solicitudot?gx-no-cache=1535660633431 HTTP/1.1" 200 1357
186.103.159.182 - - [30/Aug/2018:17:25:10 -0300] "POST /cormun/servlet/solicitudot?gx-no-cache=1535660633477 HTTP/1.1" 200 1258
186.103.159.182 - - [30/Aug/2018:17:25:16 -0300] "GET /cormun/servlet/solicitudot?630ed04175fb84bca13163a1d1bfe974f394b1868b84a1b138af1189bdd3e5e3cbfe6e9b9e205d08a8b3d73f8686225a,gx-no-cache=1535660639766 HTTP/1.1" 200 30
186.103.159.182 - - [30/Aug/2018:17:25:32 -0300] "POST /cormun/servlet/solicitudot?gx-no-cache=1535660655734 HTTP/1.1" 200 32
186.103.159.182 - - [30/Aug/2018:17:25:40 -0300] "POST /cormun/servlet/solicitudot?75dd018300413e2334102e540807da25,INS,0,0,,gx-no-cache=1535660663656 HTTP/1.1" 200 93
186.103.159.182 - - [30/Aug/2018:17:25:40 -0300] "GET /cormun/servlet/hpexe_return? HTTP/1.1" 200 1029
186.103.159.182 - - [30/Aug/2018:17:25:41 -0300] "GET /cormun/servlet/trsolicitudot?gx-no-cache=1535660579633 HTTP/1.1" 200 9186
186.103.159.182 - - [30/Aug/2018:17:25:42 -0300] "GET /cormun/servlet/trsolicitudot?gx-no-cache=1535660579633 HTTP/1.1" 200 9204
186.103.159.182 - - [30/Aug/2018:17:26:06 -0300] "POST /cormun/servlet/trsolicitudot?75dd018300413e2334102e540807da25,gx-no-cache=1535660579633,gx-no-cache=1535660689457 HTTP/1.1" 200 5727
186.103.159.182 - - [30/Aug/2018:17:26:06 -0300] "GET /cormun/static/Shared/jqueryui/images/ui-bg_highlight-soft_100_c6c2c8_1x100.png HTTP/1.1" 404 1117
186.103.159.182 - - [30/Aug/2018:17:26:06 -0300] "GET /cormun/static/Shared/jqueryui/images/ui-icons_82798d_256x240.png HTTP/1.1" 404 1089
186.103.159.182 - - [30/Aug/2018:17:26:06 -0300] "GET /cormun/static/Shared/jqueryui/images/ui-bg_flat_55_fafafa_40x100.png HTTP/1.1" 404 1097
