190.46.192.47 - - [30/Aug/2018:13:02:34 -0300] "GET /cormun/servlet/puconsultapgoce?0,MD,gxPopupLevel%3D0%3B HTTP/1.1" 200 3726
190.46.192.47 - - [30/Aug/2018:13:02:34 -0300] "GET /cormun/static/gxcfg.js?20176272064833 HTTP/1.1" 200 953
190.46.192.47 - - [30/Aug/2018:13:02:34 -0300] "GET /cormun/pexe_menus.js HTTP/1.1" 404 1001
190.46.192.47 - - [30/Aug/2018:13:02:34 -0300] "GET /cormun/pexe_layers.js HTTP/1.1" 404 1003
190.46.192.47 - - [30/Aug/2018:13:02:34 -0300] "GET /cormun/pexe_link.js HTTP/1.1" 404 999
190.46.192.47 - - [30/Aug/2018:13:02:34 -0300] "GET /cormun/pexe_windows.js HTTP/1.1" 404 1005
190.46.192.47 - - [30/Aug/2018:13:02:34 -0300] "GET /cormun/pexe_grid.js HTTP/1.1" 404 999
190.46.192.47 - - [30/Aug/2018:13:02:34 -0300] "GET /cormun/pexe_griddivfix.js HTTP/1.1" 404 1011
190.46.192.47 - - [30/Aug/2018:13:02:34 -0300] "GET /cormun/pexe_cookies.js HTTP/1.1" 404 1005
190.46.192.47 - - [30/Aug/2018:13:02:34 -0300] "GET /cormun/pexe_picture.js HTTP/1.1" 404 1005
190.46.192.47 - - [30/Aug/2018:13:02:34 -0300] "GET /cormun/pexe_treedivfix.js HTTP/1.1" 404 1011
190.46.192.47 - - [30/Aug/2018:13:02:34 -0300] "GET /cormun/pexe_autoreload.js HTTP/1.1" 404 1011
190.46.192.47 - - [30/Aug/2018:13:02:34 -0300] "GET /cormun/pexe_menudivfix.js HTTP/1.1" 404 1011
190.46.192.47 - - [30/Aug/2018:13:02:34 -0300] "GET /cormun/pexe_tabdivfix.js HTTP/1.1" 404 1009
190.46.192.47 - - [30/Aug/2018:13:02:34 -0300] "GET /cormun/pexe_link.js HTTP/1.1" 404 999
190.46.192.47 - - [30/Aug/2018:13:02:34 -0300] "GET /cormun/static/mpprompt.js?201762717531384 HTTP/1.1" 200 940
190.46.192.47 - - [30/Aug/2018:13:02:34 -0300] "GET /cormun/pexe_cookies.js HTTP/1.1" 404 1005
190.46.192.47 - - [30/Aug/2018:13:02:34 -0300] "GET /cormun/static/puconsultapgoce.js?2017627206511 HTTP/1.1" 200 22470
190.46.192.47 - - [30/Aug/2018:13:02:34 -0300] "GET /cormun/pexe_grid.js HTTP/1.1" 404 999
190.46.192.47 - - [30/Aug/2018:13:02:34 -0300] "GET /cormun/pexe_griddivfix.js HTTP/1.1" 404 1011
190.46.192.47 - - [30/Aug/2018:13:02:34 -0300] "GET /cormun/pexe_picture.js HTTP/1.1" 404 1005
190.46.192.47 - - [30/Aug/2018:13:02:34 -0300] "GET /cormun/pexe_treedivfix.js HTTP/1.1" 404 1011
190.46.192.47 - - [30/Aug/2018:13:02:34 -0300] "GET /cormun/pexe_autoreload.js HTTP/1.1" 404 1011
190.46.192.47 - - [30/Aug/2018:13:02:34 -0300] "GET /cormun/pexe_menudivfix.js HTTP/1.1" 404 1011
190.46.192.47 - - [30/Aug/2018:13:02:34 -0300] "GET /cormun/pexe_tabdivfix.js HTTP/1.1" 404 1009
190.46.192.47 - - [30/Aug/2018:13:02:38 -0300] "POST /cormun/servlet/puconsultapgoce?db14e25a399b96c873ace3cda4d752f5,0,MD,gxPopupLevel%3D0%3B,gx-no-cache=1535644881709 HTTP/1.1" 200 53
190.46.192.47 - - [30/Aug/2018:13:02:44 -0300] "GET /cormun/servlet/prfichaempleado?,MD,,gxPopupLevel%3D0%3B HTTP/1.1" 200 9519
190.46.192.47 - - [30/Aug/2018:13:02:44 -0300] "GET /cormun/static/Resources/PXToolsMenuSearchCancel.png HTTP/1.1" 200 2972
190.46.192.47 - - [30/Aug/2018:13:02:44 -0300] "GET /cormun/static/gxcfg.js?20177612134814 HTTP/1.1" 200 953
190.46.192.47 - - [30/Aug/2018:13:02:44 -0300] "GET /cormun/static/Resources/PXToolsMenuSearch.png HTTP/1.1" 200 2914
190.46.192.47 - - [30/Aug/2018:13:02:44 -0300] "GET /cormun/static/prfichaempleado.js?20177612134999 HTTP/1.1" 200 16006
190.46.192.47 - - [30/Aug/2018:13:02:44 -0300] "GET /cormun/static/hmpwkw011.js?20177612121862 HTTP/1.1" 200 1968
190.46.192.47 - - [30/Aug/2018:13:02:44 -0300] "GET /cormun/static/menusearch.js?201610171694467 HTTP/1.1" 200 1424
201.215.248.34 - - [30/Aug/2018:13:02:46 -0300] "POST /cormun/servlet/licenciaspermisosadjuntos?85f9bae3830417de3e1696f90bc3f623,INS,24698895,L,20180830000000,, HTTP/1.1" 200 116
201.215.248.34 - - [30/Aug/2018:13:02:46 -0300] "GET /cormun/servlet/hpexe_return? HTTP/1.1" 200 1044
201.215.248.34 - - [30/Aug/2018:13:02:46 -0300] "GET /cormun/servlet/trlicenciaspermisosadjuntos?24698895,20180830000000,L, HTTP/1.1" 200 7090
201.215.248.34 - - [30/Aug/2018:13:02:46 -0300] "GET /cormun/servlet/trlicenciaspermisosadjuntos?24698895,20180830000000,L, HTTP/1.1" 200 7086
186.79.244.212 - - [30/Aug/2018:13:02:51 -0300] "POST /cormun/servlet/trlicenciaspermisosadjuntos?85f9bae3830417de3e1696f90bc3f623,24698895,20180830000000,L,,gx-no-cache=1535644893704 HTTP/1.1" 200 90
186.79.244.212 - - [30/Aug/2018:13:02:51 -0300] "GET /cormun/servlet/hpexe_link HTTP/1.1" 200 986
186.79.244.212 - - [30/Aug/2018:13:02:51 -0300] "GET /cormun/servlet/trlicencias HTTP/1.1" 200 15871
186.79.102.206 - - [30/Aug/2018:13:02:52 -0300] "GET /cormun/servlet/solicitudot?8152348754613e891076589f01cda2fba30b9efeaa8d0c136d4f07ab2e2806153b9449311855b63bcfeee88120221588d36136c138fb03489104b430e9ead2a2b504db50118716601b0a0d30377ebeeb7bff49c91b49317a00187af5676a0e50f4194b65f779a62da905a1561a7568ba8390954ae4cf56da311db61c26b1036343e89fae333919a7a1b91d41ca04ec279a4a91e0751ad3965dc817479fcab69e,gx-no-cache=1535644897099 HTTP/1.1" 200 29
186.79.102.206 - - [30/Aug/2018:13:02:52 -0300] "POST /cormun/servlet/solicitudot?gx-no-cache=1535644897236 HTTP/1.1" 200 1357
186.79.244.212 - - [30/Aug/2018:13:02:52 -0300] "GET /cormun/servlet/trlicencias HTTP/1.1" 200 15870
186.79.102.206 - - [30/Aug/2018:13:02:52 -0300] "POST /cormun/servlet/solicitudot?gx-no-cache=1535644897472 HTTP/1.1" 200 1258
190.46.192.47 - - [30/Aug/2018:13:02:53 -0300] "POST /cormun/servlet/prfichaempleado?db14e25a399b96c873ace3cda4d752f5,,MD,,gxPopupLevel%3D0%3B,gx-no-cache=1535644896500 HTTP/1.1" 200 4640
190.46.192.47 - - [30/Aug/2018:13:02:58 -0300] "GET /cormun/servlet/permisogoce?f3295e74c7e916e862371e0c57429013c5851fd0354c99747a59b41668956e48e4c70c4343ff84c5795b63f1b76267da,gx-no-cache=1535644902098 HTTP/1.1" 200 74
201.215.248.34 - - [30/Aug/2018:13:02:59 -0300] "GET /cormun/servlet/alicenciaprn?24698895,L,20180830000000,PU HTTP/1.1" 200 1585
190.46.192.47 - - [30/Aug/2018:13:03:00 -0300] "GET /cormun/static/menuarrow.gif HTTP/1.1" 404 1015
190.46.192.47 - - [30/Aug/2018:13:03:05 -0300] "GET /cormun/servlet/permisogoce?f3295e74c7e916e862371e0c57429013a282c99ebbfd034167117e9db1d21d14910cc4fe3c7637696bc4a9cf7c55620cbe2ea18ebea86170348efc171083582e,gx-no-cache=1535644909335 HTTP/1.1" 200 47
186.79.102.206 - - [30/Aug/2018:13:03:06 -0300] "GET /cormun/servlet/solicitudot?8152348754613e891076589f01cda2fb0814e310764a3ddd874ab096aea0c652362f26374fd9c10922872963fd12ad9a,gx-no-cache=1535644911156 HTTP/1.1" 200 30
190.46.192.47 - - [30/Aug/2018:13:03:11 -0300] "POST /cormun/servlet/permisogoce?db14e25a399b96c873ace3cda4d752f5,INS,0,,,,gx-no-cache=1535644914409 HTTP/1.1" 200 93
190.46.192.47 - - [30/Aug/2018:13:03:11 -0300] "GET /cormun/servlet/hpexe_return? HTTP/1.1" 200 1003
190.46.192.47 - - [30/Aug/2018:13:03:11 -0300] "GET /cormun/servlet/trpermisosgoce HTTP/1.1" 200 12832
190.46.192.47 - - [30/Aug/2018:13:03:12 -0300] "GET /cormun/servlet/trpermisosgoce HTTP/1.1" 200 12827
190.46.192.47 - - [30/Aug/2018:13:03:16 -0300] "GET /cormun/servlet/apermisogoceprn?9567862,P,20180830125847,PU HTTP/1.1" 200 1662
186.79.102.206 - - [30/Aug/2018:13:03:20 -0300] "POST /cormun/servlet/solicitudot?gx-no-cache=1535644925596 HTTP/1.1" 200 30
201.215.248.34 - - [30/Aug/2018:13:03:38 -0300] "POST /cormun/servlet/trlicencias?85f9bae3830417de3e1696f90bc3f623,gx-no-cache=1535644940510 HTTP/1.1" 200 13544
201.215.248.34 - - [30/Aug/2018:13:03:38 -0300] "GET /cormun/static/Shared/jqueryui/images/ui-bg_highlight-soft_100_c6c2c8_1x100.png HTTP/1.1" 404 1117
201.215.248.34 - - [30/Aug/2018:13:03:38 -0300] "GET /cormun/static/Shared/jqueryui/images/ui-icons_82798d_256x240.png HTTP/1.1" 404 1089
201.215.248.34 - - [30/Aug/2018:13:03:38 -0300] "GET /cormun/static/Shared/jqueryui/images/ui-icons_8d78a5_256x240.png HTTP/1.1" 404 1089
201.215.248.34 - - [30/Aug/2018:13:03:38 -0300] "GET /cormun/static/Shared/jqueryui/images/ui-bg_flat_55_fafafa_40x100.png HTTP/1.1" 404 1097
200.54.247.70 - - [30/Aug/2018:13:04:03 -0300] "GET /cormun/servlet/hlogin HTTP/1.1" 200 1723
200.54.247.70 - - [30/Aug/2018:13:04:03 -0300] "GET /cormun/static/Resources/Spanish/PXTools.css?11423723 HTTP/1.1" 304 -
200.54.247.70 - - [30/Aug/2018:13:04:03 -0300] "GET /cormun/static/gxtimezone.js?85251 HTTP/1.1" 304 -
200.54.247.70 - - [30/Aug/2018:13:04:03 -0300] "GET /cormun/static/gxcfg.js?20175251213516 HTTP/1.1" 304 -
200.54.247.70 - - [30/Aug/2018:13:04:03 -0300] "GET /cormun/static/gxgral.js?85251 HTTP/1.1" 304 -
200.54.247.70 - - [30/Aug/2018:13:04:03 -0300] "GET /cormun/static/Resources/ComunLogin.png HTTP/1.1" 304 -
200.54.247.70 - - [30/Aug/2018:13:04:03 -0300] "GET /cormun/static/messages.spa.js?85251 HTTP/1.1" 304 -
200.54.247.70 - - [30/Aug/2018:13:04:03 -0300] "GET /cormun/static/hlogin.js?20175251213537 HTTP/1.1" 304 -
200.54.247.70 - - [30/Aug/2018:13:04:03 -0300] "GET /cormun/static/Resources/PXToolsLoginBackground.png HTTP/1.1" 304 -
200.54.247.70 - - [30/Aug/2018:13:04:03 -0300] "GET /cormun/static/Resources/PXToolsButtonLeft21.png HTTP/1.1" 304 -
200.54.247.70 - - [30/Aug/2018:13:04:03 -0300] "GET /cormun/static/Resources/PXToolsButtonRight21.png HTTP/1.1" 304 -
200.54.247.70 - - [30/Aug/2018:13:04:03 -0300] "GET /cormun/static/Resources/PXToolsButtonBackground2.png HTTP/1.1" 304 -
200.54.247.70 - - [30/Aug/2018:13:04:03 -0300] "GET /cormun/static/Resources/PXToolsLoginBottom.png HTTP/1.1" 304 -
200.54.247.70 - - [30/Aug/2018:13:04:03 -0300] "GET /cormun/static/Resources/PXToolsLoginTop.png HTTP/1.1" 304 -
200.54.247.70 - - [30/Aug/2018:13:04:04 -0300] "GET /cormun/servlet/hlogin HTTP/1.1" 200 1734
200.54.247.70 - - [30/Aug/2018:13:04:04 -0300] "GET /cormun/static/Resources/indicator.gif HTTP/1.1" 304 -
200.54.247.70 - - [30/Aug/2018:13:04:16 -0300] "POST /cormun/servlet/hlogin?a7bf0f1224b75919c3cff15d8a30bbd8,gx-no-cache=1535644979639 HTTP/1.1" 200 90
200.54.247.70 - - [30/Aug/2018:13:04:16 -0300] "GET /cormun/servlet/hpexe_link HTTP/1.1" 200 952
200.54.247.70 - - [30/Aug/2018:13:04:16 -0300] "GET /cormun/static/gxcfg.js?20177612121792 HTTP/1.1" 304 -
200.54.247.70 - - [30/Aug/2018:13:04:16 -0300] "GET /cormun/servlet/hhome HTTP/1.1" 200 4237
200.54.247.70 - - [30/Aug/2018:13:04:16 -0300] "GET /cormun/static/gxcfg.js?20175251212442 HTTP/1.1" 304 -
200.54.247.70 - - [30/Aug/2018:13:04:21 -0300] "GET /cormun/static/gxcfg.js?20176272054169 HTTP/1.1" 200 953
200.54.247.70 - - [30/Aug/2018:13:04:21 -0300] "GET /cormun/servlet/trlicencias? HTTP/1.1" 200 18276
200.54.247.70 - - [30/Aug/2018:13:04:21 -0300] "GET /cormun/static/calendar.js?85251 HTTP/1.1" 304 -
200.54.247.70 - - [30/Aug/2018:13:04:21 -0300] "GET /cormun/static/calendar-setup.js?85251 HTTP/1.1" 304 -
200.54.247.70 - - [30/Aug/2018:13:04:21 -0300] "GET /cormun/static/calendar-es.js?85251 HTTP/1.1" 304 -
200.54.247.70 - - [30/Aug/2018:13:04:22 -0300] "GET /cormun/static/gxdec.js?85251 HTTP/1.1" 304 -
200.54.247.70 - - [30/Aug/2018:13:04:22 -0300] "GET /cormun/static/trlicencias.js?20176272054837 HTTP/1.1" 200 41883
200.54.247.70 - - [30/Aug/2018:13:04:22 -0300] "GET /cormun//static/Resources/PXToolsActionDisabled.gif HTTP/1.1" 200 53
200.54.247.70 - - [30/Aug/2018:13:04:22 -0300] "GET /cormun//static/Resources/PXToolsGridDisplay.png HTTP/1.1" 200 362
200.54.247.70 - - [30/Aug/2018:13:04:22 -0300] "GET /cormun//static/Resources/PXToolsHeaderFavorites.png HTTP/1.1" 200 2744
200.54.247.70 - - [30/Aug/2018:13:04:22 -0300] "GET /cormun//static/Resources/PXToolsHeaderHelp.png HTTP/1.1" 200 4055
200.54.247.70 - - [30/Aug/2018:13:04:22 -0300] "GET /cormun//static/Resources/PXToolsActionPrint.png HTTP/1.1" 200 3317
200.54.247.70 - - [30/Aug/2018:13:04:30 -0300] "GET /cormun/static/menuarrow.gif HTTP/1.1" 404 1015
200.54.247.70 - - [30/Aug/2018:13:04:36 -0300] "POST /cormun/servlet/trlicencias?a7bf0f1224b75919c3cff15d8a30bbd8,,gx-no-cache=1535644999536 HTTP/1.1" 200 7722
186.79.102.206 - - [30/Aug/2018:13:05:06 -0300] "POST /cormun/servlet/solicitudot?70ef75d0bd2eb565c7bafb6f21a4f234,INS,0,0,,gx-no-cache=1535645030694 HTTP/1.1" 200 93
186.79.102.206 - - [30/Aug/2018:13:05:06 -0300] "GET /cormun/servlet/hpexe_return? HTTP/1.1" 200 1005
186.79.102.206 - - [30/Aug/2018:13:05:06 -0300] "GET /cormun/servlet/trsolicitudot HTTP/1.1" 200 8510
186.79.102.206 - - [30/Aug/2018:13:05:07 -0300] "GET /cormun/servlet/trsolicitudot HTTP/1.1" 200 8506
186.79.102.206 - - [30/Aug/2018:13:05:13 -0300] "GET /cormun/servlet/solicitudot?INS,0,0, HTTP/1.1" 200 13427
186.79.102.206 - - [30/Aug/2018:13:05:14 -0300] "GET /cormun/servlet/solicitudot?INS,0,0, HTTP/1.1" 200 13431
200.54.247.70 - - [30/Aug/2018:13:05:19 -0300] "POST /cormun/servlet/solicitudot?gx-no-cache=1535645042440 HTTP/1.1" 200 122
200.54.247.70 - - [30/Aug/2018:13:05:19 -0300] "POST /cormun/servlet/solicitudot?gx-no-cache=1535645042749 HTTP/1.1" 200 1358
200.54.247.70 - - [30/Aug/2018:13:05:19 -0300] "POST /cormun/servlet/solicitudot?gx-no-cache=1535645042798 HTTP/1.1" 200 1258
186.79.102.206 - - [30/Aug/2018:13:05:40 -0300] "POST /cormun/servlet/solicitudot?gx-no-cache=1535645065205 HTTP/1.1" 200 3428
186.79.102.206 - - [30/Aug/2018:13:05:41 -0300] "POST /cormun/servlet/solicitudot?70ef75d0bd2eb565c7bafb6f21a4f234,INS,0,0,,gx-no-cache=1535645065985 HTTP/1.1" 200 10446
186.79.102.206 - - [30/Aug/2018:13:05:45 -0300] "GET /cormun/servlet/solicitudot?8152348754613e891076589f01cda2fbe8b171047faae3e08618528cb9b9507a4de706b527ea6c466c37030b62f58f0e,gx-no-cache=1535645070320 HTTP/1.1" 200 30
186.79.102.206 - - [30/Aug/2018:13:05:45 -0300] "GET /cormun/servlet/solicitudot?8152348754613e891076589f01cda2fb40c8172f5c3ff9d55791423cf5242293a4eb1c61bc913654a07bf41cce1cdde0184eaa1c909f32e77e4dbcdd8f481d38,gx-no-cache=1535645070808 HTTP/1.1" 200 30
186.79.102.206 - - [30/Aug/2018:13:05:46 -0300] "GET /cormun/servlet/solicitudot?8152348754613e891076589f01cda2fbca85ba7f0efb6e1d9f81a86185e201f6,gx-no-cache=1535645071086 HTTP/1.1" 200 51
186.79.102.206 - - [30/Aug/2018:13:05:46 -0300] "POST /cormun/servlet/solicitudot?gx-no-cache=1535645071374 HTTP/1.1" 200 255
186.79.102.206 - - [30/Aug/2018:13:05:46 -0300] "GET /cormun/servlet/solicitudot?8152348754613e891076589f01cda2fb8eb1b47c0151136f8786127cfd30e4aa85d213935aac554247a6712df663da02a6df47c4ed86bc56e284f0027aac1b3490b005066ab8b36e8a7e56aa3b773ef4298e79b0bf786a25b96f5d06e218ad4493ddf06c9bc51e65bcb7a7db1cadfc6749d5709bc42952f6f3e73e8de4a1ade12a2a5cfd2724dd036193b9e91070eabfbee6b24b00c07affed3aa4b53fe2b5a65b506b36c002199aaa04e0fcec2d251f35e6c487c64b96fd7e9d774026b6ac99abf35a613140155b5449f7a3e6d098c5e7905328617fec2bf05d44902d5d884d6089895c0bc9adb2e30f2dc3d35b98115544191cd30d9954e89d46cebe1b5007197672d2629002ab5ac6edc4097149a65bbac1e6ff01eb216193cd950b7630aa1116e1028d6d7321e7387e926936411e6759f2fbf36a50e339aee8e0fca511535bc11e702ecd0e590bb92df7fd8b2187d399f9ede1e02f6beed3896db4765f6f8ad4722a06aa0f57eb2ce36d8cc6fc5c7836772fb65c66c237d6759f0fad031c,gx-no-cache=1535645071631 HTTP/1.1" 200 30
186.79.102.206 - - [30/Aug/2018:13:06:00 -0300] "POST /cormun/servlet/solicitudot?gx-no-cache=1535645085369 HTTP/1.1" 200 30
200.54.247.70 - - [30/Aug/2018:13:06:37 -0300] "POST /cormun/servlet/solicitudot?gx-no-cache=1535645121124 HTTP/1.1" 200 41
200.54.247.70 - - [30/Aug/2018:13:06:37 -0300] "POST /cormun/servlet/solicitudot?gx-no-cache=1535645121181 HTTP/1.1" 200 1358
200.54.247.70 - - [30/Aug/2018:13:06:39 -0300] "POST /cormun/servlet/solicitudot?gx-no-cache=1535645122784 HTTP/1.1" 200 1258
201.215.248.34 - - [30/Aug/2018:13:06:52 -0300] "GET /cormun/servlet/trvisualizadoreventos? HTTP/1.1" 200 6993
201.215.248.34 - - [30/Aug/2018:13:06:52 -0300] "GET /cormun/static/gxcfg.js?20175251251426 HTTP/1.1" 200 953
201.215.248.34 - - [30/Aug/2018:13:06:52 -0300] "GET /cormun/static/Resources/PXToolsActionPrint.png HTTP/1.1" 200 3317
186.79.244.212 - - [30/Aug/2018:13:06:52 -0300] "GET /cormun/static/trvisualizadoreventos.js?20175251251768 HTTP/1.1" 200 19318
186.79.244.212 - - [30/Aug/2018:13:06:54 -0300] "GET /cormun/servlet/trvisualizadoreventos? HTTP/1.1" 200 6993
201.215.248.34 - - [30/Aug/2018:13:06:59 -0300] "GET /cormun/servlet/trlicencias HTTP/1.1" 200 15797
201.215.248.34 - - [30/Aug/2018:13:07:00 -0300] "GET /cormun/servlet/trlicencias HTTP/1.1" 200 15811
186.79.102.206 - - [30/Aug/2018:13:07:03 -0300] "POST /cormun/servlet/solicitudot?gx-no-cache=1535645148443 HTTP/1.1" 200 1377
186.79.102.206 - - [30/Aug/2018:13:07:03 -0300] "POST /cormun/servlet/solicitudot?gx-no-cache=1535645148706 HTTP/1.1" 200 38
186.79.102.206 - - [30/Aug/2018:13:07:03 -0300] "GET /cormun/servlet/solicitudot?8152348754613e891076589f01cda2fba30b9efeaa8d0c136d4f07ab2e2806153b9449311855b63bcfeee88120221588d36136c138fb03489104b430e9ead2a2b504db50118716601b0a0d30377ebeeb7bff49c91b49317a00187af5676a0e50f4194b65f779a62da905a1561a7568ba8390954ae4cf56da311db61c26b1036343e89fae333919a7a1b91d41ca04ec279a4a91e0751ad3965dc817479fcab69e,gx-no-cache=1535645148818 HTTP/1.1" 200 29
186.79.102.206 - - [30/Aug/2018:13:07:03 -0300] "POST /cormun/servlet/solicitudot?gx-no-cache=1535645148914 HTTP/1.1" 200 1357
201.215.248.34 - - [30/Aug/2018:13:07:03 -0300] "GET /cormun/servlet/trautorizarsolicitud? HTTP/1.1" 200 7343
201.215.248.34 - - [30/Aug/2018:13:07:03 -0300] "GET /cormun/static/gxui/gxui-all.css?120300 HTTP/1.1" 200 2179
201.215.248.34 - - [30/Aug/2018:13:07:04 -0300] "GET /cormun/static/calendar-system.css?85620 HTTP/1.1" 200 5572
201.215.248.34 - - [30/Aug/2018:13:07:04 -0300] "GET /cormun/static/gxcfg.js?2017111423403364 HTTP/1.1" 200 953
201.215.248.34 - - [30/Aug/2018:13:07:04 -0300] "GET /cormun/static/Resources/Spanish/PXTools.css?1255365 HTTP/1.1" 200 89042
186.79.102.206 - - [30/Aug/2018:13:07:04 -0300] "POST /cormun/servlet/solicitudot?gx-no-cache=1535645149132 HTTP/1.1" 200 1258
201.215.248.34 - - [30/Aug/2018:13:07:04 -0300] "GET /cormun/static/trautorizarsolicitud.js?201711142340425 HTTP/1.1" 200 53910
201.215.248.34 - - [30/Aug/2018:13:07:04 -0300] "GET /cormun/static/Shared/ext/resources/css/ext-all.css?215870 HTTP/1.1" 200 416045
201.215.248.34 - - [30/Aug/2018:13:07:04 -0300] "GET /cormun/servlet/trautorizarsolicitud? HTTP/1.1" 200 7343
186.79.102.206 - - [30/Aug/2018:13:07:18 -0300] "POST /cormun/servlet/solicitudot?70ef75d0bd2eb565c7bafb6f21a4f234,INS,0,0,,gx-no-cache=1535645163225 HTTP/1.1" 200 11854
186.79.102.206 - - [30/Aug/2018:13:07:19 -0300] "GET /cormun/static/Shared/jqueryui/images/ui-bg_highlight-soft_100_c6c2c8_1x100.png HTTP/1.1" 404 1117
186.79.102.206 - - [30/Aug/2018:13:07:19 -0300] "GET /cormun/static/Shared/jqueryui/images/ui-bg_flat_55_994d53_40x100.png HTTP/1.1" 404 1097
186.79.102.206 - - [30/Aug/2018:13:07:19 -0300] "GET /cormun/static/Shared/jqueryui/images/ui-icons_82798d_256x240.png HTTP/1.1" 404 1089
186.79.102.206 - - [30/Aug/2018:13:07:19 -0300] "GET /cormun/static/Shared/jqueryui/images/ui-icons_ebccce_256x240.png HTTP/1.1" 404 1089
192.168.10.89 - - [30/Aug/2018:13:07:31 -0300] "GET /cormun/servlet/hlogin HTTP/1.1" 200 1715
186.79.102.206 - - [30/Aug/2018:13:07:35 -0300] "GET /cormun/servlet/solicitudot?8152348754613e891076589f01cda2fb0814e310764a3ddd874ab096aea0c652362f26374fd9c10922872963fd12ad9a,gx-no-cache=1535645180782 HTTP/1.1" 200 30
192.168.10.89 - - [30/Aug/2018:13:07:42 -0300] "POST /cormun/servlet/hlogin?81ea8b06779fca923d6f9f48220a2f4e,gx-no-cache=1535645037346 HTTP/1.1" 200 90
192.168.10.89 - - [30/Aug/2018:13:07:42 -0300] "GET /cormun/servlet/hpexe_link HTTP/1.1" 200 947
192.168.10.89 - - [30/Aug/2018:13:07:42 -0300] "GET /cormun/servlet/hhome HTTP/1.1" 200 4922
192.168.10.89 - - [30/Aug/2018:13:07:47 -0300] "GET /cormun/servlet/trsolicitudgral? HTTP/1.1" 200 18579
192.168.10.89 - - [30/Aug/2018:13:07:53 -0300] "POST /cormun/servlet/trsolicitudgral?81ea8b06779fca923d6f9f48220a2f4e,,gx-no-cache=1535645048250 HTTP/1.1" 200 5914
186.79.102.206 - - [30/Aug/2018:13:08:00 -0300] "POST /cormun/servlet/solicitudot?gx-no-cache=1535645205169 HTTP/1.1" 200 135
192.168.10.89 - - [30/Aug/2018:13:08:05 -0300] "GET /cormun/static/menuarrow.gif HTTP/1.1" 404 1015
200.54.247.70 - - [30/Aug/2018:13:08:13 -0300] "GET /cormun/servlet/prlicenciaspermisos?16491379,L,,MD,,gxPopupLevel%3D0%3B HTTP/1.1" 200 6193
200.54.247.70 - - [30/Aug/2018:13:08:13 -0300] "GET /cormun/static/gxcfg.js?20176272053834 HTTP/1.1" 200 953
200.54.247.70 - - [30/Aug/2018:13:08:13 -0300] "GET /cormun/static/prlicenciaspermisos.js?20176272054050 HTTP/1.1" 200 13379
192.168.10.89 - - [30/Aug/2018:13:08:15 -0300] "POST /cormun/servlet/trsolicitudgral?81ea8b06779fca923d6f9f48220a2f4e,,gx-no-cache=1535645070455 HTTP/1.1" 200 7621
200.54.247.70 - - [30/Aug/2018:13:08:22 -0300] "POST /cormun/servlet/solicitudot?gx-no-cache=1535645225478 HTTP/1.1" 200 41
200.54.247.70 - - [30/Aug/2018:13:08:22 -0300] "POST /cormun/servlet/solicitudot?gx-no-cache=1535645225509 HTTP/1.1" 200 1358
200.54.247.70 - - [30/Aug/2018:13:08:22 -0300] "POST /cormun/servlet/solicitudot?gx-no-cache=1535645225552 HTTP/1.1" 200 1258
200.54.247.70 - - [30/Aug/2018:13:08:32 -0300] "POST /cormun/servlet/solicitudot?gx-no-cache=1535645235457 HTTP/1.1" 200 1358
200.54.247.70 - - [30/Aug/2018:13:08:32 -0300] "POST /cormun/servlet/solicitudot?gx-no-cache=1535645235512 HTTP/1.1" 200 1258
186.79.102.206 - - [30/Aug/2018:13:08:40 -0300] "POST /cormun/servlet/solicitudot?gx-no-cache=1535645245312 HTTP/1.1" 200 1357
186.79.102.206 - - [30/Aug/2018:13:08:40 -0300] "POST /cormun/servlet/solicitudot?gx-no-cache=1535645245559 HTTP/1.1" 200 1258
186.79.102.206 - - [30/Aug/2018:13:08:40 -0300] "POST /cormun/servlet/solicitudot?gx-no-cache=1535645245747 HTTP/1.1" 200 30
200.54.247.70 - - [30/Aug/2018:13:09:03 -0300] "POST /cormun/servlet/solicitudot?gx-no-cache=1535645266836 HTTP/1.1" 200 105
192.168.10.96 - - [30/Aug/2018:13:09:20 -0300] "GET /cormun/servlet/trsolicitudgral? HTTP/1.1" 500 10
192.168.10.96 - - [30/Aug/2018:13:09:24 -0300] "GET /cormun/servlet/hlogin HTTP/1.1" 200 1722
192.168.10.96 - - [30/Aug/2018:13:09:24 -0300] "GET /cormun/servlet/hlogin HTTP/1.1" 200 1722
200.54.247.70 - - [30/Aug/2018:13:09:32 -0300] "POST /cormun/servlet/solicitudot?gx-no-cache=1535645295302 HTTP/1.1" 200 1358
200.54.247.70 - - [30/Aug/2018:13:09:32 -0300] "POST /cormun/servlet/solicitudot?gx-no-cache=1535645295481 HTTP/1.1" 200 1258
192.168.10.96 - - [30/Aug/2018:13:09:32 -0300] "POST /cormun/servlet/hlogin?b223e30621a458860f5c42cc665930e8,gx-no-cache=1535645147340 HTTP/1.1" 200 90
192.168.10.96 - - [30/Aug/2018:13:09:32 -0300] "GET /cormun/servlet/hpexe_link HTTP/1.1" 200 954
192.168.10.96 - - [30/Aug/2018:13:09:32 -0300] "GET /cormun/servlet/hhome HTTP/1.1" 200 4725
192.168.10.96 - - [30/Aug/2018:13:09:32 -0300] "GET /cormun/servlet/hhome HTTP/1.1" 200 4721
200.54.247.70 - - [30/Aug/2018:13:09:33 -0300] "POST /cormun/servlet/solicitudot?gx-no-cache=1535645296431 HTTP/1.1" 200 122
200.54.247.70 - - [30/Aug/2018:13:09:33 -0300] "POST /cormun/servlet/solicitudot?cb58aed8341c5f65eade6c3b8d3339d8,INS,0,0,,gx-no-cache=1535645296592 HTTP/1.1" 200 12221
192.168.10.96 - - [30/Aug/2018:13:09:34 -0300] "GET /cormun/servlet/trsolicitudgral? HTTP/1.1" 200 18384
192.168.10.96 - - [30/Aug/2018:13:09:35 -0300] "GET /cormun/servlet/trsolicitudgral? HTTP/1.1" 200 18382
186.79.102.206 - - [30/Aug/2018:13:09:39 -0300] "GET /cormun/servlet/hlogin HTTP/1.1" 200 1724
186.79.102.206 - - [30/Aug/2018:13:09:39 -0300] "GET /cormun/static/gxtimezone.js?85251 HTTP/1.1" 200 5781
186.79.102.206 - - [30/Aug/2018:13:09:39 -0300] "GET /cormun/static/gxcfg.js?20175251213516 HTTP/1.1" 200 953
186.79.102.206 - - [30/Aug/2018:13:09:39 -0300] "GET /cormun/static/messages.spa.js?85251 HTTP/1.1" 200 30736
186.79.102.206 - - [30/Aug/2018:13:09:39 -0300] "GET /cormun/static/Resources/ComunLogin.png HTTP/1.1" 200 17326
186.79.102.206 - - [30/Aug/2018:13:09:39 -0300] "GET /cormun/static/Resources/Spanish/PXTools.css?11423723 HTTP/1.1" 200 89042
186.79.102.206 - - [30/Aug/2018:13:09:40 -0300] "GET /cormun/static/hlogin.js?20175251213537 HTTP/1.1" 200 2136
186.79.102.206 - - [30/Aug/2018:13:09:40 -0300] "GET /cormun/static/gxgral.js?85251 HTTP/1.1" 200 384558
186.79.102.206 - - [30/Aug/2018:13:09:40 -0300] "GET /cormun/static/Resources/PXToolsLoginBottom.png HTTP/1.1" 200 1389
186.79.102.206 - - [30/Aug/2018:13:09:40 -0300] "GET /cormun/static/Resources/PXToolsLoginBackground.png HTTP/1.1" 200 1164
186.79.102.206 - - [30/Aug/2018:13:09:40 -0300] "GET /cormun/static/Resources/PXToolsButtonLeft21.png HTTP/1.1" 200 1287
186.79.102.206 - - [30/Aug/2018:13:09:40 -0300] "GET /cormun/static/Resources/PXToolsButtonRight21.png HTTP/1.1" 200 1283
186.79.102.206 - - [30/Aug/2018:13:09:40 -0300] "GET /cormun/static/Resources/PXToolsButtonBackground2.png HTTP/1.1" 200 1181
186.79.102.206 - - [30/Aug/2018:13:09:40 -0300] "GET /cormun/static/Resources/PXToolsLoginTop.png HTTP/1.1" 200 1337
186.79.102.206 - - [30/Aug/2018:13:09:41 -0300] "GET /cormun/static/Resources/indicator.gif HTTP/1.1" 200 1553
186.79.102.206 - - [30/Aug/2018:13:09:41 -0300] "GET /cormun/servlet/hlogin HTTP/1.1" 200 1730
186.79.102.206 - - [30/Aug/2018:13:09:42 -0300] "POST /cormun/servlet/hlogin?919cfd5f34a00d86493f89da4afec7bd,gx-no-cache=1535645305720 HTTP/1.1" 200 90
186.79.102.206 - - [30/Aug/2018:13:09:42 -0300] "GET /cormun/servlet/hpexe_link HTTP/1.1" 200 950
186.79.102.206 - - [30/Aug/2018:13:09:42 -0300] "GET /cormun/static/hpexe_link.js?20177612121795 HTTP/1.1" 200 625
186.79.102.206 - - [30/Aug/2018:13:09:43 -0300] "GET /cormun/static/gxcfg.js?20177612121792 HTTP/1.1" 200 953
186.79.102.206 - - [30/Aug/2018:13:09:43 -0300] "GET /cormun/static/Resources/Spanish/PXTools.css?1155365 HTTP/1.1" 200 89042
186.79.102.206 - - [30/Aug/2018:13:09:43 -0300] "GET /cormun/servlet/hhome HTTP/1.1" 200 4161
186.79.102.206 - - [30/Aug/2018:13:09:43 -0300] "GET /cormun/static/Shared/jqueryui/jquery-ui.min.css?1245370 HTTP/1.1" 200 30288
186.79.102.206 - - [30/Aug/2018:13:09:43 -0300] "GET /cormun/static/SmoothNavMenu/resources/ddsmoothmenu.css?1012540 HTTP/1.1" 200 2223
186.79.102.206 - - [30/Aug/2018:13:09:43 -0300] "GET /cormun/static/SmoothNavMenu/resources/ddsmoothmenu-v.css?1012540 HTTP/1.1" 200 1188
186.79.102.206 - - [30/Aug/2018:13:09:43 -0300] "GET /cormun/static/gxcfg.js?20175251212442 HTTP/1.1" 200 953
186.79.102.206 - - [30/Aug/2018:13:09:43 -0300] "GET /cormun/static/scaMessage/css/jquery.pnotify.default.css?1716380 HTTP/1.1" 200 1707
186.79.102.206 - - [30/Aug/2018:13:09:43 -0300] "GET /cormun/static/PXToolsJavascripts/pexe_autoreload.js HTTP/1.1" 200 1762
186.79.102.206 - - [30/Aug/2018:13:09:43 -0300] "GET /cormun/static/PXToolsJavascripts/pexe_cookies.js HTTP/1.1" 200 792
186.79.102.206 - - [30/Aug/2018:13:09:43 -0300] "GET /cormun/static/PXToolsJavascripts/pexe_windows.js HTTP/1.1" 200 15207
186.79.102.206 - - [30/Aug/2018:13:09:43 -0300] "GET /cormun/static/PXToolsJavascripts/pexe_grid.js HTTP/1.1" 200 7559
186.79.102.206 - - [30/Aug/2018:13:09:43 -0300] "GET /cormun/static/PXToolsJavascripts/pexe_griddivfix.js HTTP/1.1" 200 6644
186.79.102.206 - - [30/Aug/2018:13:09:43 -0300] "GET /cormun/static/PXToolsJavascripts/pexe_link.js HTTP/1.1" 200 5671
186.79.102.206 - - [30/Aug/2018:13:09:43 -0300] "GET /cormun/static/PXToolsJavascripts/pexe_menudivfix.js HTTP/1.1" 200 333
186.79.102.206 - - [30/Aug/2018:13:09:43 -0300] "GET /cormun/static/PXToolsJavascripts/pexe_menus.js HTTP/1.1" 200 1286
186.79.102.206 - - [30/Aug/2018:13:09:43 -0300] "GET /cormun/static/PXToolsJavascripts/pexe_layers.js HTTP/1.1" 200 4114
186.79.102.206 - - [30/Aug/2018:13:09:43 -0300] "GET /cormun/static/PXToolsJavascripts/pexe_oav.js HTTP/1.1" 200 645
186.79.102.206 - - [30/Aug/2018:13:09:43 -0300] "GET /cormun/static/PXToolsJavascripts/pexe_oavdivfix.js HTTP/1.1" 200 639
186.79.102.206 - - [30/Aug/2018:13:09:43 -0300] "GET /cormun/static/PXToolsJavascripts/pexe_picture.js HTTP/1.1" 200 689
186.79.102.206 - - [30/Aug/2018:13:09:43 -0300] "GET /cormun/static/PXToolsJavascripts/pexe_popup.js HTTP/1.1" 200 13458
186.79.102.206 - - [30/Aug/2018:13:09:43 -0300] "GET /cormun/static/PXToolsJavascripts/pexe_scrolldiv.js HTTP/1.1" 200 4138
186.79.102.206 - - [30/Aug/2018:13:09:43 -0300] "GET /cormun/static/PXToolsJavascripts/pexe_tabdivfix.js HTTP/1.1" 200 876
186.79.102.206 - - [30/Aug/2018:13:09:43 -0300] "GET /cormun/static/PXToolsJavascripts/pexe_tabs.js HTTP/1.1" 200 3748
186.79.102.206 - - [30/Aug/2018:13:09:43 -0300] "GET /cormun/static/PXToolsJavascripts/pexe_upload.js HTTP/1.1" 200 1423
186.79.102.206 - - [30/Aug/2018:13:09:43 -0300] "GET /cormun/static/PXToolsJavascripts/PXToolsJavascriptsRender.js HTTP/1.1" 200 367
186.79.102.206 - - [30/Aug/2018:13:09:43 -0300] "GET /cormun/static/Resources/logo4.png HTTP/1.1" 200 6582
186.79.102.206 - - [30/Aug/2018:13:09:43 -0300] "GET /cormun/static/Resources/PXToolsHeaderActionsLeft.png HTTP/1.1" 200 1118
186.79.102.206 - - [30/Aug/2018:13:09:43 -0300] "GET /cormun/static/RunJS/RunJS.js HTTP/1.1" 200 288
186.79.102.206 - - [30/Aug/2018:13:09:43 -0300] "GET /cormun/static/Shared/ext/locale/ext-lang-en.js HTTP/1.1" 200 10940
186.79.102.206 - - [30/Aug/2018:13:09:43 -0300] "GET /cormun/static/hhome.js?20175251212450 HTTP/1.1" 200 777
186.79.102.206 - - [30/Aug/2018:13:09:43 -0300] "GET /cormun/static/Resources/PXToolsHeaderBackground2.png HTTP/1.1" 200 1174
186.79.102.206 - - [30/Aug/2018:13:09:43 -0300] "GET /cormun/static/Resources/PXToolsHeaderPreferences.png HTTP/1.1" 200 4189
186.79.102.206 - - [30/Aug/2018:13:09:43 -0300] "GET /cormun/static/Resources/PXToolsFooterBackground2.png HTTP/1.1" 200 1172
186.79.102.206 - - [30/Aug/2018:13:09:43 -0300] "GET /cormun/static/Resources/PXToolsDataTitle.png HTTP/1.1" 200 1173
186.79.102.206 - - [30/Aug/2018:13:09:43 -0300] "GET /cormun/static/Resources/PXToolsHeaderActionsBackground.png HTTP/1.1" 200 484
186.79.102.206 - - [30/Aug/2018:13:09:43 -0300] "GET /cormun/static/Resources/PXToolsHeaderLogin.png HTTP/1.1" 200 4279
186.79.102.206 - - [30/Aug/2018:13:09:44 -0300] "GET /cormun/static/Resources/PXToolsHeaderSecurity.png HTTP/1.1" 200 4166
186.79.102.206 - - [30/Aug/2018:13:09:44 -0300] "GET /cormun/static/Resources/PXToolsHeaderHome.png HTTP/1.1" 200 4147
186.79.102.206 - - [30/Aug/2018:13:09:44 -0300] "GET /cormun/static/Resources/PXToolsHeaderActionsRight.png HTTP/1.1" 200 1201
186.79.102.206 - - [30/Aug/2018:13:09:44 -0300] "GET /cormun/static/hwchdr01.js?201752511465785 HTTP/1.1" 200 1183
186.79.102.206 - - [30/Aug/2018:13:09:44 -0300] "GET /cormun/static/hpexe_recentlink.js?20177611595044 HTTP/1.1" 200 2144
186.79.102.206 - - [30/Aug/2018:13:09:44 -0300] "GET /cormun/static/hpexe_scripts.js?201752511465715 HTTP/1.1" 200 1544
186.79.102.206 - - [30/Aug/2018:13:09:44 -0300] "GET /cormun/static/hpexe_messagecontroller.js?20177611595012 HTTP/1.1" 200 870
186.79.102.206 - - [30/Aug/2018:13:09:44 -0300] "GET /cormun/static/hpexe_messagepopupcomponent.js?20161017169425 HTTP/1.1" 200 605
186.79.102.206 - - [30/Aug/2018:13:09:44 -0300] "GET /cormun/static/hpexe_messagegenexuscomponent.js?201752511465344 HTTP/1.1" 200 587
186.79.102.206 - - [30/Aug/2018:13:09:44 -0300] "GET /cormun/static/gxui/gxui-all.js HTTP/1.1" 200 107772
186.79.102.206 - - [30/Aug/2018:13:09:44 -0300] "GET /cormun/static/cmcontrolpreferences.js?201752511465670 HTTP/1.1" 200 1375
186.79.102.206 - - [30/Aug/2018:13:09:44 -0300] "GET /cormun/static/Shared/jquery/jquery-1.4.2.min.js HTTP/1.1" 200 72174
186.79.102.206 - - [30/Aug/2018:13:09:44 -0300] "GET /cormun/static/SmoothNavMenu/resources/ddsmoothmenu.js HTTP/1.1" 200 12712
186.79.102.206 - - [30/Aug/2018:13:09:44 -0300] "GET /cormun/static/SmoothNavMenu/resources/SmoothNavMenuRender.js HTTP/1.1" 200 5951
186.79.102.206 - - [30/Aug/2018:13:09:44 -0300] "GET /cormun/static/scaMessage/js/jquery.pnotify.min.js HTTP/1.1" 200 13038
186.79.102.206 - - [30/Aug/2018:13:09:45 -0300] "GET /cormun/static/scaMessage/scaMessageRender.js HTTP/1.1" 200 11977
186.79.102.206 - - [30/Aug/2018:13:09:45 -0300] "GET /cormun/static/hmpwkw03.js?20177612122668 HTTP/1.1" 200 3965
186.79.102.206 - - [30/Aug/2018:13:09:46 -0300] "GET /cormun/static/Shared/jquery/jquery-1.10.2.min.js HTTP/1.1" 200 273199
200.54.247.70 - - [30/Aug/2018:13:09:47 -0300] "GET /cormun/servlet/solicitudot?8009cd56f63878882fc178a1244e3e343c01083defd7ec1fcd013d843ac782831e66775b2345ee5bdf95a86d35529ddf,gx-no-cache=1535645311168 HTTP/1.1" 200 30
200.54.247.70 - - [30/Aug/2018:13:09:47 -0300] "POST /cormun/servlet/solicitudot?gx-no-cache=1535645311280 HTTP/1.1" 200 32
200.54.247.70 - - [30/Aug/2018:13:09:48 -0300] "POST /cormun/servlet/solicitudot?cb58aed8341c5f65eade6c3b8d3339d8,INS,0,0,,gx-no-cache=1535645311388 HTTP/1.1" 200 93
200.54.247.70 - - [30/Aug/2018:13:09:48 -0300] "GET /cormun/servlet/hpexe_return? HTTP/1.1" 200 1011
200.54.247.70 - - [30/Aug/2018:13:09:48 -0300] "GET /cormun/static/gxcfg.js?2016101716175148 HTTP/1.1" 200 953
186.79.102.206 - - [30/Aug/2018:13:09:48 -0300] "GET /cormun/static/Shared/jqueryui/jquery-ui.min.js HTTP/1.1" 200 240427
200.54.247.70 - - [30/Aug/2018:13:09:48 -0300] "GET /cormun/static/hpexe_return.js?2016101716175153 HTTP/1.1" 200 1633
200.54.247.70 - - [30/Aug/2018:13:09:50 -0300] "GET /cormun/static/Resources/Spanish/PXTools.css?167811 HTTP/1.1" 200 89042
200.54.247.70 - - [30/Aug/2018:13:09:50 -0300] "GET /cormun/servlet/trsolicitudot HTTP/1.1" 200 9148
186.79.102.206 - - [30/Aug/2018:13:09:51 -0300] "GET /cormun/static/Shared/ext/ext-all.js HTTP/1.1" 200 1289687
200.54.247.70 - - [30/Aug/2018:13:09:51 -0300] "GET /cormun/servlet/trsolicitudot HTTP/1.1" 200 9144
186.79.102.206 - - [30/Aug/2018:13:09:52 -0300] "GET /cormun/servlet/hhome HTTP/1.1" 200 4158
186.79.102.206 - - [30/Aug/2018:13:09:52 -0300] "GET /cormun/static/SmoothNavMenu/resources/images/down.gif HTTP/1.1" 200 854
186.79.102.206 - - [30/Aug/2018:13:09:52 -0300] "GET /cormun/static/SmoothNavMenu/resources/images/right.gif HTTP/1.1" 200 860
186.79.102.206 - - [30/Aug/2018:13:09:57 -0300] "GET /cormun/servlet/trsolicitudot? HTTP/1.1" 200 8738
186.79.102.206 - - [30/Aug/2018:13:09:57 -0300] "GET /cormun/static/gxui/gxui-all.css?120300 HTTP/1.1" 200 2179
186.79.102.206 - - [30/Aug/2018:13:09:57 -0300] "GET /cormun/static/calendar-system.css?85620 HTTP/1.1" 200 5572
186.79.102.206 - - [30/Aug/2018:13:09:57 -0300] "GET /cormun/static/gxcfg.js?2017111422585916 HTTP/1.1" 200 953
186.79.102.206 - - [30/Aug/2018:13:09:57 -0300] "GET /cormun/static/calendar-es.js?85251 HTTP/1.1" 200 1901
186.79.102.206 - - [30/Aug/2018:13:09:57 -0300] "GET /cormun/static/calendar-setup.js?85251 HTTP/1.1" 200 2588
186.79.102.206 - - [30/Aug/2018:13:09:57 -0300] "GET /cormun/static/Resources/PXTools/calendar.png HTTP/1.1" 200 1306
186.79.102.206 - - [30/Aug/2018:13:09:57 -0300] "GET /cormun/static/calendar.js?85251 HTTP/1.1" 200 26246
200.54.247.70 - - [30/Aug/2018:13:09:57 -0300] "GET /cormun/servlet/trautorizarsolicitud? HTTP/1.1" 200 8802
186.79.102.206 - - [30/Aug/2018:13:09:57 -0300] "GET /cormun/static/Resources/PXToolsDataSearch.png HTTP/1.1" 200 419
186.79.102.206 - - [30/Aug/2018:13:09:57 -0300] "GET /cormun/static/gxdec.js?85251 HTTP/1.1" 200 19579
186.79.102.206 - - [30/Aug/2018:13:09:57 -0300] "GET /cormun/static/Resources/PXToolsGridFirstDisabled.gif HTTP/1.1" 200 100
186.79.102.206 - - [30/Aug/2018:13:09:57 -0300] "GET /cormun/static/Resources/Spanish/PXTools.css?1255365 HTTP/1.1" 200 89042
200.54.247.70 - - [30/Aug/2018:13:09:57 -0300] "GET /cormun/servlet/trautorizarsolicitud? HTTP/1.1" 200 8801
186.79.102.206 - - [30/Aug/2018:13:09:57 -0300] "GET /cormun/static/Resources/PXToolsGridPreviousDisabled.gif HTTP/1.1" 200 90
186.79.102.206 - - [30/Aug/2018:13:09:57 -0300] "GET /cormun/static/trsolicitudot.js?201711142259839 HTTP/1.1" 200 54041
186.79.102.206 - - [30/Aug/2018:13:09:58 -0300] "GET /cormun/static/Resources/PXToolsGridNextDisabled.gif HTTP/1.1" 200 90
192.168.10.96 - - [30/Aug/2018:13:09:58 -0300] "POST /cormun/servlet/trsolicitudgral?b223e30621a458860f5c42cc665930e8,,gx-no-cache=1535645172992 HTTP/1.1" 200 9547
186.79.102.206 - - [30/Aug/2018:13:09:58 -0300] "GET /cormun/static/Resources/PXToolsGridLastDisabled.gif HTTP/1.1" 200 98
186.79.102.206 - - [30/Aug/2018:13:09:58 -0300] "GET /cormun/static/Resources/PXToolsGridPage.gif HTTP/1.1" 200 725
186.79.102.206 - - [30/Aug/2018:13:09:58 -0300] "GET /cormun/static/Resources/PXToolsGridNew.png HTTP/1.1" 200 2949
186.79.102.206 - - [30/Aug/2018:13:09:58 -0300] "GET /cormun/static/Resources/PXToolsActionExcel.png HTTP/1.1" 200 3187
186.79.102.206 - - [30/Aug/2018:13:10:00 -0300] "GET /cormun/static/Shared/ext/resources/css/ext-all.css?215870 HTTP/1.1" 200 416045
200.54.247.70 - - [30/Aug/2018:13:10:00 -0300] "POST /cormun/servlet/trautorizarsolicitud?cb58aed8341c5f65eade6c3b8d3339d8,,gx-no-cache=1535645324142 HTTP/1.1" 200 5851
200.54.247.70 - - [30/Aug/2018:13:10:00 -0300] "GET /cormun/static/Shared/jqueryui/images/ui-bg_highlight-soft_100_c6c2c8_1x100.png HTTP/1.1" 404 1117
200.54.247.70 - - [30/Aug/2018:13:10:00 -0300] "GET /cormun/static/Shared/jqueryui/images/ui-icons_82798d_256x240.png HTTP/1.1" 404 1089
200.54.247.70 - - [30/Aug/2018:13:10:00 -0300] "GET /cormun/static/Shared/jqueryui/images/ui-bg_flat_55_fafafa_40x100.png HTTP/1.1" 404 1097
200.54.247.70 - - [30/Aug/2018:13:10:00 -0300] "GET /cormun/static/Shared/jqueryui/images/ui-icons_8d78a5_256x240.png HTTP/1.1" 404 1089
186.79.102.206 - - [30/Aug/2018:13:10:01 -0300] "GET /cormun/servlet/trsolicitudot? HTTP/1.1" 200 8736
186.79.102.206 - - [30/Aug/2018:13:10:01 -0300] "GET /cormun/static/Resources/asc.gif HTTP/1.1" 200 67
186.79.102.206 - - [30/Aug/2018:13:10:01 -0300] "GET /cormun/static/Resources/desc.gif HTTP/1.1" 200 65
186.79.102.206 - - [30/Aug/2018:13:10:01 -0300] "GET /cormun//static/Resources/PXToolsActionView.png HTTP/1.1" 200 2995
186.79.102.206 - - [30/Aug/2018:13:10:01 -0300] "GET /cormun//static/Resources/PXToolsGridUpdate.png HTTP/1.1" 200 2984
186.79.102.206 - - [30/Aug/2018:13:10:01 -0300] "GET /cormun//static/Resources/PXToolsGridDelete.png HTTP/1.1" 200 357
186.79.102.206 - - [30/Aug/2018:13:10:01 -0300] "GET /cormun//static/Resources/PXToolsRemoveAllAction.png HTTP/1.1" 200 3558
186.79.102.206 - - [30/Aug/2018:13:10:01 -0300] "GET /cormun/static/Shared/ext/resources/themes/images/default/tools/tool-sprites.gif HTTP/1.1" 200 5434
186.79.102.206 - - [30/Aug/2018:13:10:01 -0300] "GET /cormun/static/Shared/ext/resources/themes/images/default/panel/bg-headersPanel.png HTTP/1.1" 200 255
186.79.102.206 - - [30/Aug/2018:13:10:01 -0300] "GET /cormun//static/Resources/PXTools/ActionInsert.png HTTP/1.1" 200 1482
186.79.102.206 - - [30/Aug/2018:13:10:03 -0300] "GET /cormun/servlet/trautorizarsolicitud? HTTP/1.1" 200 8654
186.79.102.206 - - [30/Aug/2018:13:10:03 -0300] "GET /cormun/static/gxcfg.js?2017111423403364 HTTP/1.1" 200 953
186.79.102.206 - - [30/Aug/2018:13:10:03 -0300] "GET /cormun/static/trautorizarsolicitud.js?201711142340425 HTTP/1.1" 200 53910
186.79.102.206 - - [30/Aug/2018:13:10:03 -0300] "GET /cormun/servlet/trautorizarsolicitud? HTTP/1.1" 200 8654
192.168.10.96 - - [30/Aug/2018:13:10:09 -0300] "GET /cormun/servlet/vesolicitudgral?2018,12117,, HTTP/1.1" 200 9305
192.168.10.96 - - [30/Aug/2018:13:10:09 -0300] "GET /cormun/pexe_scrolldiv.js HTTP/1.1" 404 1009
192.168.10.96 - - [30/Aug/2018:13:10:09 -0300] "GET /cormun/pexe_scrolldiv.js HTTP/1.1" 404 1009
192.168.10.96 - - [30/Aug/2018:13:10:09 -0300] "GET /cormun/servlet/vesolicitudgral?2018,12117,, HTTP/1.1" 200 9305
200.54.247.70 - - [30/Aug/2018:13:10:09 -0300] "GET /cormun/servlet/trautorizarsolicitud? HTTP/1.1" 200 8801
200.54.247.70 - - [30/Aug/2018:13:10:10 -0300] "GET /cormun/servlet/trautorizarsolicitud? HTTP/1.1" 200 8801
200.54.247.70 - - [30/Aug/2018:13:10:14 -0300] "POST /cormun/servlet/trautorizarsolicitud?cb58aed8341c5f65eade6c3b8d3339d8,,gx-no-cache=1535645337821 HTTP/1.1" 200 4418
186.79.102.206 - - [30/Aug/2018:13:10:15 -0300] "GET /cormun/servlet/trautorizarsolicitud? HTTP/1.1" 200 8654
192.168.10.96 - - [30/Aug/2018:13:10:15 -0300] "GET /cormun/servlet/trsolicitudgral? HTTP/1.1" 200 12828
192.168.10.96 - - [30/Aug/2018:13:10:15 -0300] "GET /cormun/servlet/trsolicitudgral? HTTP/1.1" 200 12828
186.79.102.206 - - [30/Aug/2018:13:10:15 -0300] "GET /cormun/servlet/trautorizarsolicitud? HTTP/1.1" 200 8654
186.79.102.206 - - [30/Aug/2018:13:10:16 -0300] "POST /cormun/servlet/solicitudot?70ef75d0bd2eb565c7bafb6f21a4f234,INS,0,0,,gx-no-cache=1535645340459 HTTP/1.1" 200 93
186.79.102.206 - - [30/Aug/2018:13:10:16 -0300] "GET /cormun/servlet/hpexe_return? HTTP/1.1" 200 1005
186.79.102.206 - - [30/Aug/2018:13:10:16 -0300] "GET /cormun/servlet/trsolicitudot HTTP/1.1" 200 8849
186.79.102.206 - - [30/Aug/2018:13:10:17 -0300] "GET /cormun/servlet/trsolicitudot HTTP/1.1" 200 8845
200.54.247.70 - - [30/Aug/2018:13:10:18 -0300] "POST /cormun/servlet/trautorizarsolicitud?cb58aed8341c5f65eade6c3b8d3339d8,,gx-no-cache=1535645341899 HTTP/1.1" 200 4417
186.79.102.206 - - [30/Aug/2018:13:10:19 -0300] "POST /cormun/servlet/trautorizarsolicitud?919cfd5f34a00d86493f89da4afec7bd,,gx-no-cache=1535645341067 HTTP/1.1" 200 4625
186.79.102.206 - - [30/Aug/2018:13:10:19 -0300] "GET /cormun/static/Shared/jqueryui/images/ui-bg_highlight-soft_100_c6c2c8_1x100.png HTTP/1.1" 404 1117
186.79.102.206 - - [30/Aug/2018:13:10:19 -0300] "GET /cormun/static/Shared/jqueryui/images/ui-bg_flat_55_fafafa_40x100.png HTTP/1.1" 404 1097
186.79.102.206 - - [30/Aug/2018:13:10:19 -0300] "GET /cormun/static/Shared/jqueryui/images/ui-icons_82798d_256x240.png HTTP/1.1" 404 1089
186.79.102.206 - - [30/Aug/2018:13:10:19 -0300] "GET /cormun/static/Shared/jqueryui/images/ui-icons_8d78a5_256x240.png HTTP/1.1" 404 1089
186.79.102.206 - - [30/Aug/2018:13:10:19 -0300] "POST /cormun/servlet/trautorizarsolicitud?919cfd5f34a00d86493f89da4afec7bd,,gx-no-cache=1535645342325 HTTP/1.1" 200 4391
186.79.102.206 - - [30/Aug/2018:13:10:20 -0300] "GET /cormun/servlet/solicitudot?INS,0,0, HTTP/1.1" 200 13426
186.79.102.206 - - [30/Aug/2018:13:10:21 -0300] "GET /cormun/servlet/solicitudot?INS,0,0, HTTP/1.1" 200 13431
200.54.247.70 - - [30/Aug/2018:13:10:22 -0300] "GET /cormun/servlet/trautorizarsolicitud? HTTP/1.1" 200 7371
200.54.247.70 - - [30/Aug/2018:13:10:23 -0300] "GET /cormun/servlet/trautorizarsolicitud? HTTP/1.1" 200 7371
186.79.102.206 - - [30/Aug/2018:13:10:23 -0300] "POST /cormun/servlet/trautorizarsolicitud?919cfd5f34a00d86493f89da4afec7bd,,gx-no-cache=1535645346443 HTTP/1.1" 200 6111
192.168.10.96 - - [30/Aug/2018:13:10:26 -0300] "POST /cormun/servlet/trsolicitudgral?b223e30621a458860f5c42cc665930e8,,gx-no-cache=1535645201173 HTTP/1.1" 200 15800
192.168.10.96 - - [30/Aug/2018:13:10:27 -0300] "POST /cormun/servlet/trsolicitudgral?b223e30621a458860f5c42cc665930e8,,gx-no-cache=1535645202598 HTTP/1.1" 200 15801
192.168.10.96 - - [30/Aug/2018:13:10:28 -0300] "POST /cormun/servlet/trsolicitudgral?b223e30621a458860f5c42cc665930e8,,gx-no-cache=1535645203107 HTTP/1.1" 200 15800
192.168.10.96 - - [30/Aug/2018:13:10:28 -0300] "POST /cormun/servlet/trsolicitudgral?b223e30621a458860f5c42cc665930e8,,gx-no-cache=1535645203644 HTTP/1.1" 200 15801
200.54.247.70 - - [30/Aug/2018:13:10:28 -0300] "POST /cormun/servlet/trautorizarsolicitud?cb58aed8341c5f65eade6c3b8d3339d8,,gx-no-cache=1535645352044 HTTP/1.1" 200 4417
192.168.10.96 - - [30/Aug/2018:13:10:29 -0300] "POST /cormun/servlet/trsolicitudgral?b223e30621a458860f5c42cc665930e8,,gx-no-cache=1535645204141 HTTP/1.1" 200 15801
192.168.10.96 - - [30/Aug/2018:13:10:29 -0300] "POST /cormun/servlet/trsolicitudgral?b223e30621a458860f5c42cc665930e8,,gx-no-cache=1535645204619 HTTP/1.1" 200 15800
192.168.10.96 - - [30/Aug/2018:13:10:30 -0300] "POST /cormun/servlet/trsolicitudgral?b223e30621a458860f5c42cc665930e8,,gx-no-cache=1535645205159 HTTP/1.1" 200 15801
200.54.247.70 - - [30/Aug/2018:13:10:32 -0300] "POST /cormun/servlet/trautorizarsolicitud?cb58aed8341c5f65eade6c3b8d3339d8,,gx-no-cache=1535645355766 HTTP/1.1" 200 5832
200.54.247.70 - - [30/Aug/2018:13:10:34 -0300] "POST /cormun/servlet/trautorizarsolicitud?cb58aed8341c5f65eade6c3b8d3339d8,,gx-no-cache=1535645357873 HTTP/1.1" 200 5845
200.54.247.70 - - [30/Aug/2018:13:10:34 -0300] "GET /cormun/static/Shared/jqueryui/images/ui-bg_highlight-soft_100_c6c2c8_1x100.png HTTP/1.1" 404 1117
200.54.247.70 - - [30/Aug/2018:13:10:34 -0300] "GET /cormun/static/Shared/jqueryui/images/ui-icons_82798d_256x240.png HTTP/1.1" 404 1089
200.54.247.70 - - [30/Aug/2018:13:10:34 -0300] "GET /cormun/static/Shared/jqueryui/images/ui-icons_8d78a5_256x240.png HTTP/1.1" 404 1089
200.54.247.70 - - [30/Aug/2018:13:10:34 -0300] "GET /cormun/static/Shared/jqueryui/images/ui-bg_flat_55_fafafa_40x100.png HTTP/1.1" 404 1097
186.79.102.206 - - [30/Aug/2018:13:10:38 -0300] "POST /cormun/servlet/trautorizarsolicitud?919cfd5f34a00d86493f89da4afec7bd,,gx-no-cache=1535645360638 HTTP/1.1" 200 6124
186.79.102.206 - - [30/Aug/2018:13:10:40 -0300] "POST /cormun/servlet/solicitudot?gx-no-cache=1535645365719 HTTP/1.1" 200 3428
186.79.102.206 - - [30/Aug/2018:13:10:41 -0300] "POST /cormun/servlet/solicitudot?70ef75d0bd2eb565c7bafb6f21a4f234,INS,0,0,,gx-no-cache=1535645366241 HTTP/1.1" 200 10446
200.54.247.70 - - [30/Aug/2018:13:10:41 -0300] "GET /cormun/servlet/trautorizarsolicitud? HTTP/1.1" 200 8802
200.54.247.70 - - [30/Aug/2018:13:10:42 -0300] "GET /cormun/servlet/trautorizarsolicitud? HTTP/1.1" 200 8802
200.54.247.70 - - [30/Aug/2018:13:10:45 -0300] "POST /cormun/servlet/trautorizarsolicitud?cb58aed8341c5f65eade6c3b8d3339d8,,gx-no-cache=1535645368815 HTTP/1.1" 200 5847
200.54.247.70 - - [30/Aug/2018:13:10:45 -0300] "GET /cormun/static/Shared/jqueryui/images/ui-bg_highlight-soft_100_c6c2c8_1x100.png HTTP/1.1" 404 1117
200.54.247.70 - - [30/Aug/2018:13:10:45 -0300] "GET /cormun/static/Shared/jqueryui/images/ui-bg_flat_55_fafafa_40x100.png HTTP/1.1" 404 1097
200.54.247.70 - - [30/Aug/2018:13:10:45 -0300] "GET /cormun/static/Shared/jqueryui/images/ui-icons_82798d_256x240.png HTTP/1.1" 404 1089
200.54.247.70 - - [30/Aug/2018:13:10:45 -0300] "GET /cormun/static/Shared/jqueryui/images/ui-icons_8d78a5_256x240.png HTTP/1.1" 404 1089
186.79.102.206 - - [30/Aug/2018:13:10:49 -0300] "POST /cormun/servlet/trautorizarsolicitud?919cfd5f34a00d86493f89da4afec7bd,,gx-no-cache=1535645371764 HTTP/1.1" 200 4409
200.54.247.70 - - [30/Aug/2018:13:10:52 -0300] "POST /cormun/servlet/trautorizarsolicitud?cb58aed8341c5f65eade6c3b8d3339d8,,gx-no-cache=1535645374588 HTTP/1.1" 200 4417
200.54.247.70 - - [30/Aug/2018:13:10:56 -0300] "POST /cormun/servlet/trautorizarsolicitud?cb58aed8341c5f65eade6c3b8d3339d8,,gx-no-cache=1535645379251 HTTP/1.1" 200 4418
192.168.10.96 - - [30/Aug/2018:13:10:58 -0300] "POST /cormun/servlet/trsolicitudgral?b223e30621a458860f5c42cc665930e8,,gx-no-cache=1535645232972 HTTP/1.1" 200 15801
192.168.10.96 - - [30/Aug/2018:13:10:59 -0300] "POST /cormun/servlet/trsolicitudgral?b223e30621a458860f5c42cc665930e8,,gx-no-cache=1535645234035 HTTP/1.1" 200 15801
192.168.10.96 - - [30/Aug/2018:13:10:59 -0300] "POST /cormun/servlet/trsolicitudgral?b223e30621a458860f5c42cc665930e8,,gx-no-cache=1535645234646 HTTP/1.1" 200 15801
200.54.247.70 - - [30/Aug/2018:13:11:00 -0300] "POST /cormun/servlet/trautorizarsolicitud?cb58aed8341c5f65eade6c3b8d3339d8,,gx-no-cache=1535645383329 HTTP/1.1" 200 4417
192.168.10.96 - - [30/Aug/2018:13:11:02 -0300] "POST /cormun/servlet/trsolicitudgral?b223e30621a458860f5c42cc665930e8,,gx-no-cache=1535645237652 HTTP/1.1" 200 7341
192.168.10.96 - - [30/Aug/2018:13:11:04 -0300] "POST /cormun/servlet/trsolicitudgral?b223e30621a458860f5c42cc665930e8,,gx-no-cache=1535645239201 HTTP/1.1" 200 7340
192.168.10.96 - - [30/Aug/2018:13:11:04 -0300] "POST /cormun/servlet/trsolicitudgral?b223e30621a458860f5c42cc665930e8,,gx-no-cache=1535645239388 HTTP/1.1" 200 7340
200.54.247.70 - - [30/Aug/2018:13:11:05 -0300] "POST /cormun/servlet/trautorizarsolicitud?cb58aed8341c5f65eade6c3b8d3339d8,,gx-no-cache=1535645388928 HTTP/1.1" 200 5834
200.54.247.70 - - [30/Aug/2018:13:11:07 -0300] "POST /cormun/servlet/trautorizarsolicitud?cb58aed8341c5f65eade6c3b8d3339d8,,gx-no-cache=1535645390517 HTTP/1.1" 200 5846
192.168.10.96 - - [30/Aug/2018:13:11:07 -0300] "POST /cormun/servlet/trsolicitudgral?b223e30621a458860f5c42cc665930e8,,gx-no-cache=1535645242498 HTTP/1.1" 200 9816
186.79.102.206 - - [30/Aug/2018:13:11:12 -0300] "GET /cormun/servlet/solicitudot?8152348754613e891076589f01cda2fbe8b171047faae3e08618528cb9b9507a4de706b527ea6c466c37030b62f58f0e,gx-no-cache=1535645397918 HTTP/1.1" 200 30
186.79.102.206 - - [30/Aug/2018:13:11:12 -0300] "GET /cormun/servlet/solicitudot?8152348754613e891076589f01cda2fb40c8172f5c3ff9d55791423cf5242293a4eb1c61bc913654a07bf41cce1cdde0184eaa1c909f32e77e4dbcdd8f481d38,gx-no-cache=1535645398069 HTTP/1.1" 200 30
186.79.102.206 - - [30/Aug/2018:13:11:13 -0300] "GET /cormun/servlet/solicitudot?8152348754613e891076589f01cda2fbca85ba7f0efb6e1d9f81a86185e201f6,gx-no-cache=1535645398152 HTTP/1.1" 200 51
186.79.102.206 - - [30/Aug/2018:13:11:13 -0300] "POST /cormun/servlet/solicitudot?gx-no-cache=1535645398247 HTTP/1.1" 200 255
186.79.102.206 - - [30/Aug/2018:13:11:13 -0300] "GET /cormun/servlet/solicitudot?8152348754613e891076589f01cda2fb8eb1b47c0151136f8786127cfd30e4aa85d213935aac554247a6712df663da02a6df47c4ed86bc56e284f0027aac1b3490b005066ab8b36e8a7e56aa3b773ef4298e79b0bf786a25b96f5d06e218ad4493ddf06c9bc51e65bcb7a7db1cadfc6749d5709bc42952f6f3e73e8de4a1ade12a2a5cfd2724dd036193b9e91070eabfbee6b24b00c07affed3aa4b53fe2b5a65b506b36c002199aaa04e0fcec2d251f35e6c487c64b96fd7e9d774026b6ac99abf35a613140155b5449f7a3e6d098c5e7905328617fec2bf05d44902d5d884d6089895c0bc9adb2e30f2dc3d35b98115544191cd30d9954e89d46cebe1b5007197672d2629002ab5ac6edc4097149a65bbac1e6ff01eb216193cd950b7630aa1116e1028d6d7321e7387e926936411e6759f2fbf36a50e339aee8e0fca511535bc11e702ecd0e590bb92df7fd8b2187d399f9ede1e02f6beed3896db4765f6f8ad4722a06aa0f57eb2ce36d8cc6fc5c7836772fb65c66c237d6759f0fad031c,gx-no-cache=1535645398372 HTTP/1.1" 200 30
186.79.102.206 - - [30/Aug/2018:13:11:17 -0300] "POST /cormun/servlet/solicitudot?gx-no-cache=1535645402559 HTTP/1.1" 200 30
200.54.247.70 - - [30/Aug/2018:13:11:19 -0300] "GET /cormun/servlet/trautorizarsolicitud? HTTP/1.1" 200 8802
