192.168.10.96 - - [24/Aug/2018:08:27:05 -0300] "POST /cormun/servlet/trsolicitudgral?8a5e915f052ffdde1122f5455d73538c,,gx-no-cache=1535109802772 HTTP/1.1" 200 7307
192.168.10.96 - - [24/Aug/2018:08:27:13 -0300] "POST /cormun/servlet/trsolicitudgral?8a5e915f052ffdde1122f5455d73538c,,gx-no-cache=1535109810640 HTTP/1.1" 200 13254
192.168.10.96 - - [24/Aug/2018:08:27:51 -0300] "POST /cormun/servlet/trsolicitudgral?8a5e915f052ffdde1122f5455d73538c,,gx-no-cache=1535109849162 HTTP/1.1" 200 7863
192.168.10.96 - - [24/Aug/2018:08:27:59 -0300] "GET /cormun/servlet/vesolicitudgral?2018,12078,, HTTP/1.1" 200 9359
192.168.10.96 - - [24/Aug/2018:08:27:59 -0300] "GET /cormun/pexe_scrolldiv.js HTTP/1.1" 404 1009
192.168.10.96 - - [24/Aug/2018:08:28:00 -0300] "GET /cormun/servlet/vesolicitudgral?2018,12078,, HTTP/1.1" 200 9359
192.168.10.96 - - [24/Aug/2018:08:28:04 -0300] "GET /cormun/servlet/vesolicitudgral?2018,12078,,SolicitudOTLog HTTP/1.1" 200 9779
192.168.10.96 - - [24/Aug/2018:08:28:04 -0300] "GET /cormun/pexe_scrolldiv.js HTTP/1.1" 404 1009
192.168.10.96 - - [24/Aug/2018:08:28:04 -0300] "GET /cormun/pexe_scrolldiv.js HTTP/1.1" 404 1009
192.168.10.96 - - [24/Aug/2018:08:28:05 -0300] "GET /cormun/servlet/vesolicitudgral?2018,12078,,SolicitudOTLog HTTP/1.1" 200 9779
192.168.10.96 - - [24/Aug/2018:08:28:06 -0300] "POST /cormun/servlet/acontrolpreferencessavestate?None,DZAMUDIO,true HTTP/1.1" 200 35
192.168.10.96 - - [24/Aug/2018:08:28:08 -0300] "POST /cormun/servlet/vesolicitudgral?8a5e915f052ffdde1122f5455d73538c,2018,12078,,SolicitudOTLog,gx-no-cache=1535109866015 HTTP/1.1" 200 90
192.168.10.96 - - [24/Aug/2018:08:28:08 -0300] "GET /cormun/servlet/hpexe_link HTTP/1.1" 200 980
192.168.10.96 - - [24/Aug/2018:08:28:08 -0300] "GET /cormun/servlet/trsolicitudgral? HTTP/1.1" 200 11147
192.168.10.96 - - [24/Aug/2018:08:28:09 -0300] "GET /cormun/servlet/trsolicitudgral? HTTP/1.1" 200 11146
192.168.10.96 - - [24/Aug/2018:08:28:30 -0300] "GET /cormun/servlet/hlogin HTTP/1.1" 200 1742
192.168.10.96 - - [24/Aug/2018:08:28:43 -0300] "POST /cormun/servlet/hlogin?8a5e915f052ffdde1122f5455d73538c,gx-no-cache=1535109901094 HTTP/1.1" 200 90
192.168.10.96 - - [24/Aug/2018:08:28:43 -0300] "GET /cormun/servlet/hpexe_link HTTP/1.1" 200 962
192.168.10.96 - - [24/Aug/2018:08:28:44 -0300] "GET /cormun/servlet/trsolicitudgral HTTP/1.1" 200 11147
192.168.10.96 - - [24/Aug/2018:08:28:44 -0300] "GET /cormun/servlet/trsolicitudgral HTTP/1.1" 200 11146
186.103.159.189 - - [24/Aug/2018:08:28:47 -0300] "GET /cormun/servlet/trlicenciaspermisosadjuntos?18952078,20180824000000,L, HTTP/1.1" 200 6305
186.103.159.189 - - [24/Aug/2018:08:28:47 -0300] "GET /cormun/static/gxcfg.js?20177612163414 HTTP/1.1" 200 953
186.103.159.189 - - [24/Aug/2018:08:28:47 -0300] "GET /cormun/static/trlicenciaspermisosadjuntos.js?20177612163719 HTTP/1.1" 200 21036
186.103.159.189 - - [24/Aug/2018:08:28:49 -0300] "GET /cormun/servlet/trlicenciaspermisosadjuntos?18952078,20180824000000,L, HTTP/1.1" 200 6306
186.103.159.189 - - [24/Aug/2018:08:28:52 -0300] "GET /cormun/servlet/licenciaspermisosadjuntos?INS,18952078,L,20180824000000,, HTTP/1.1" 200 5604
186.103.159.189 - - [24/Aug/2018:08:28:52 -0300] "GET /cormun/static/gxcfg.js?2017761263592 HTTP/1.1" 200 953
186.103.159.189 - - [24/Aug/2018:08:28:52 -0300] "GET /cormun/static/licenciaspermisosadjuntos.js?201776126362 HTTP/1.1" 200 8760
186.103.159.189 - - [24/Aug/2018:08:28:52 -0300] "GET /cormun/static/about:blank HTTP/1.1" 404 1011
186.103.159.189 - - [24/Aug/2018:08:28:53 -0300] "GET /cormun/servlet/licenciaspermisosadjuntos?INS,18952078,L,20180824000000,, HTTP/1.1" 200 5593
192.168.10.96 - - [24/Aug/2018:08:28:54 -0300] "GET /cormun/servlet/trsolicitudgral? HTTP/1.1" 200 11146
192.168.10.96 - - [24/Aug/2018:08:28:54 -0300] "GET /cormun/servlet/trsolicitudgral? HTTP/1.1" 200 11146
186.103.159.189 - - [24/Aug/2018:08:29:09 -0300] "POST /cormun/servlet/licenciaspermisosadjuntos?39db73fd295f281f57656954a6822ab6,INS,18952078,L,20180824000000,, HTTP/1.1" 200 116
186.103.159.189 - - [24/Aug/2018:08:29:09 -0300] "GET /cormun/servlet/hpexe_return? HTTP/1.1" 200 1035
186.103.159.189 - - [24/Aug/2018:08:29:10 -0300] "GET /cormun/servlet/trlicenciaspermisosadjuntos?18952078,20180824000000,L, HTTP/1.1" 200 6797
186.103.159.189 - - [24/Aug/2018:08:29:11 -0300] "GET /cormun/servlet/trlicenciaspermisosadjuntos?18952078,20180824000000,L, HTTP/1.1" 200 6794
186.103.159.189 - - [24/Aug/2018:08:29:17 -0300] "POST /cormun/servlet/trlicenciaspermisosadjuntos?39db73fd295f281f57656954a6822ab6,18952078,20180824000000,L,,gx-no-cache=1535110079987 HTTP/1.1" 200 90
186.103.159.189 - - [24/Aug/2018:08:29:18 -0300] "GET /cormun/servlet/hpexe_link HTTP/1.1" 200 978
186.103.159.189 - - [24/Aug/2018:08:29:18 -0300] "GET /cormun/servlet/trlicencias HTTP/1.1" 200 10350
186.103.159.189 - - [24/Aug/2018:08:29:20 -0300] "GET /cormun/servlet/trlicencias HTTP/1.1" 200 10348
186.103.159.189 - - [24/Aug/2018:08:29:25 -0300] "GET /cormun/servlet/alicenciaprn?18952078,L,20180824000000,PU HTTP/1.1" 200 1557
186.103.159.189 - - [24/Aug/2018:08:29:58 -0300] "POST /cormun/servlet/trlicencias?39db73fd295f281f57656954a6822ab6,gx-no-cache=1535110120449 HTTP/1.1" 200 7705
186.103.159.189 - - [24/Aug/2018:08:29:58 -0300] "GET /cormun/static/Shared/jqueryui/images/ui-bg_highlight-soft_100_c6c2c8_1x100.png HTTP/1.1" 404 1117
186.103.159.189 - - [24/Aug/2018:08:29:58 -0300] "GET /cormun/static/Shared/jqueryui/images/ui-icons_82798d_256x240.png HTTP/1.1" 404 1089
186.103.159.189 - - [24/Aug/2018:08:29:58 -0300] "GET /cormun/static/Shared/jqueryui/images/ui-bg_flat_55_fafafa_40x100.png HTTP/1.1" 404 1097
186.103.159.189 - - [24/Aug/2018:08:29:58 -0300] "GET /cormun/static/Shared/jqueryui/images/ui-icons_8d78a5_256x240.png HTTP/1.1" 404 1089
192.168.10.96 - - [24/Aug/2018:08:30:35 -0300] "GET /cormun/servlet/vesolicitudgral?2018,12076,, HTTP/1.1" 200 9357
192.168.10.96 - - [24/Aug/2018:08:30:35 -0300] "GET /cormun/pexe_scrolldiv.js HTTP/1.1" 404 1009
192.168.10.96 - - [24/Aug/2018:08:30:35 -0300] "GET /cormun/pexe_scrolldiv.js HTTP/1.1" 404 1009
192.168.10.96 - - [24/Aug/2018:08:30:35 -0300] "GET /cormun/servlet/vesolicitudgral?2018,12076,, HTTP/1.1" 200 9357
200.73.230.197 - - [24/Aug/2018:08:30:36 -0300] "GET /cormun/servlet/hlogin HTTP/1.1" 200 1715
192.168.10.96 - - [24/Aug/2018:08:30:39 -0300] "GET /cormun/servlet/vesolicitudgral?2018,12076,,SolicitudOTLog HTTP/1.1" 200 9777
192.168.10.96 - - [24/Aug/2018:08:30:39 -0300] "GET /cormun/pexe_scrolldiv.js HTTP/1.1" 404 1009
192.168.10.96 - - [24/Aug/2018:08:30:39 -0300] "GET /cormun/pexe_scrolldiv.js HTTP/1.1" 404 1009
192.168.10.96 - - [24/Aug/2018:08:30:39 -0300] "GET /cormun/servlet/vesolicitudgral?2018,12076,,SolicitudOTLog HTTP/1.1" 200 9777
192.168.10.96 - - [24/Aug/2018:08:30:40 -0300] "POST /cormun/servlet/acontrolpreferencessavestate?None,DZAMUDIO,true HTTP/1.1" 200 35
192.168.10.96 - - [24/Aug/2018:08:30:42 -0300] "GET /cormun/servlet/vesolicitudgral?2018,12076,,General HTTP/1.1" 200 9361
192.168.10.96 - - [24/Aug/2018:08:30:42 -0300] "GET /cormun/pexe_scrolldiv.js HTTP/1.1" 404 1009
192.168.10.96 - - [24/Aug/2018:08:30:42 -0300] "GET /cormun/pexe_scrolldiv.js HTTP/1.1" 404 1009
192.168.10.96 - - [24/Aug/2018:08:30:42 -0300] "GET /cormun/servlet/vesolicitudgral?2018,12076,,General HTTP/1.1" 200 9361
200.73.230.197 - - [24/Aug/2018:08:30:51 -0300] "POST /cormun/servlet/hlogin?fec9be56e926902ad5712f5f52eb5a63,gx-no-cache=1535110174342 HTTP/1.1" 200 90
200.73.230.197 - - [24/Aug/2018:08:30:51 -0300] "GET /cormun/servlet/hpexe_link HTTP/1.1" 200 946
200.73.230.197 - - [24/Aug/2018:08:30:52 -0300] "GET /cormun/servlet/hhome HTTP/1.1" 200 3952
200.73.230.197 - - [24/Aug/2018:08:30:54 -0300] "GET /cormun/servlet/hhome HTTP/1.1" 200 3949
200.73.230.197 - - [24/Aug/2018:08:31:05 -0300] "GET /cormun/servlet/trlicencias? HTTP/1.1" 200 9944
200.73.230.197 - - [24/Aug/2018:08:31:07 -0300] "GET /cormun/servlet/trlicencias? HTTP/1.1" 200 9941
40.77.167.44 - - [24/Aug/2018:08:31:09 -0300] "GET /cormun/static/hhome.js?20175251212450 HTTP/1.1" 200 777
40.77.167.86 - - [24/Aug/2018:08:31:20 -0300] "GET /cormun/static/gxgral.js?85251 HTTP/1.1" 200 384558
192.168.10.96 - - [24/Aug/2018:08:31:22 -0300] "GET /cormun/servlet/vesolicitudgral?2018,12076,,SolicitudOTLog HTTP/1.1" 200 9777
192.168.10.96 - - [24/Aug/2018:08:31:22 -0300] "GET /cormun/pexe_scrolldiv.js HTTP/1.1" 404 1009
192.168.10.96 - - [24/Aug/2018:08:31:22 -0300] "GET /cormun/pexe_scrolldiv.js HTTP/1.1" 404 1009
192.168.10.96 - - [24/Aug/2018:08:31:23 -0300] "GET /cormun/servlet/vesolicitudgral?2018,12076,,SolicitudOTLog HTTP/1.1" 200 9777
192.168.10.96 - - [24/Aug/2018:08:31:24 -0300] "POST /cormun/servlet/acontrolpreferencessavestate?None,DZAMUDIO,true HTTP/1.1" 200 35
200.73.230.197 - - [24/Aug/2018:08:32:06 -0300] "GET /cormun/servlet/licenciaspermisos?INS,0,,, HTTP/1.1" 200 7476
200.73.230.197 - - [24/Aug/2018:08:32:06 -0300] "GET /cormun/static/gxcfg.js?201762917281167 HTTP/1.1" 200 953
200.73.230.197 - - [24/Aug/2018:08:32:08 -0300] "GET /cormun/servlet/licenciaspermisos?INS,0,,, HTTP/1.1" 200 7476
186.79.233.116 - - [24/Aug/2018:08:32:22 -0300] "POST /cormun/servlet/trsolicitudot?49a9b8b94a19e706ba133f28f8c38eac,,gx-no-cache=1535110264542 HTTP/1.1" 200 6445
192.168.10.96 - - [24/Aug/2018:08:32:23 -0300] "GET /cormun/servlet/vesolicitudgral?2018,12076,,General HTTP/1.1" 200 9361
192.168.10.96 - - [24/Aug/2018:08:32:23 -0300] "GET /cormun/pexe_scrolldiv.js HTTP/1.1" 404 1009
192.168.10.96 - - [24/Aug/2018:08:32:23 -0300] "GET /cormun/pexe_scrolldiv.js HTTP/1.1" 404 1009
192.168.10.96 - - [24/Aug/2018:08:32:24 -0300] "GET /cormun/servlet/vesolicitudgral?2018,12076,,General HTTP/1.1" 200 9361
186.79.233.116 - - [24/Aug/2018:08:32:24 -0300] "POST /cormun/servlet/trsolicitudot?49a9b8b94a19e706ba133f28f8c38eac,,gx-no-cache=1535110267083 HTTP/1.1" 200 6445
200.73.230.197 - - [24/Aug/2018:08:32:25 -0300] "GET /cormun/servlet/licenciaspermisos?179b0323c074b123f337927a6037e64e325c8c85863b1c67231a799e6212a64d83e4c154ae03664b6e51e244cb9409e4,gx-no-cache=1535110268146 HTTP/1.1" 200 72
186.79.233.116 - - [24/Aug/2018:08:32:25 -0300] "POST /cormun/servlet/trsolicitudot?49a9b8b94a19e706ba133f28f8c38eac,,gx-no-cache=1535110268922 HTTP/1.1" 200 6445
200.73.230.197 - - [24/Aug/2018:08:32:25 -0300] "POST /cormun/servlet/licenciaspermisos?fec9be56e926902ad5712f5f52eb5a63,INS,0,,,,gx-no-cache=1535110268328 HTTP/1.1" 200 4669
192.168.10.96 - - [24/Aug/2018:08:32:32 -0300] "GET /cormun/servlet/trsolicitudgral? HTTP/1.1" 200 11149
192.168.10.96 - - [24/Aug/2018:08:32:32 -0300] "GET /cormun/servlet/trsolicitudgral? HTTP/1.1" 200 11146
186.79.233.116 - - [24/Aug/2018:08:32:40 -0300] "POST /cormun/servlet/trsolicitudot?49a9b8b94a19e706ba133f28f8c38eac,,gx-no-cache=1535110283603 HTTP/1.1" 200 6445
186.79.233.116 - - [24/Aug/2018:08:32:42 -0300] "POST /cormun/servlet/trsolicitudot?49a9b8b94a19e706ba133f28f8c38eac,,gx-no-cache=1535110286155 HTTP/1.1" 200 6446
186.79.233.116 - - [24/Aug/2018:08:32:45 -0300] "POST /cormun/servlet/trsolicitudot?49a9b8b94a19e706ba133f28f8c38eac,,gx-no-cache=1535110288108 HTTP/1.1" 200 6445
192.168.10.96 - - [24/Aug/2018:08:32:45 -0300] "GET /cormun/servlet/hlogin HTTP/1.1" 200 1742
192.168.10.60 - - [24/Aug/2018:08:32:49 -0300] "GET /cormun/servlet/hlogin HTTP/1.1" 200 1716
192.168.10.60 - - [24/Aug/2018:08:33:05 -0300] "POST /cormun/servlet/hlogin?75bbe85b5cd741b2d5c52834310d5bbc,gx-no-cache=1535110162887 HTTP/1.1" 200 90
192.168.10.60 - - [24/Aug/2018:08:33:05 -0300] "GET /cormun/servlet/hpexe_link HTTP/1.1" 200 940
192.168.10.60 - - [24/Aug/2018:08:33:06 -0300] "GET /cormun/servlet/hhome HTTP/1.1" 200 3790
192.168.10.60 - - [24/Aug/2018:08:33:06 -0300] "GET /cormun/servlet/hhome HTTP/1.1" 200 3787
200.73.230.197 - - [24/Aug/2018:08:33:11 -0300] "GET /cormun/static/menuarrow.gif HTTP/1.1" 404 1015
192.168.10.60 - - [24/Aug/2018:08:33:12 -0300] "GET /cormun/servlet/trsolicitudgral? HTTP/1.1" 200 20466
192.168.10.60 - - [24/Aug/2018:08:33:13 -0300] "GET /cormun/servlet/trsolicitudgral? HTTP/1.1" 200 20463
192.168.10.96 - - [24/Aug/2018:08:33:26 -0300] "POST /cormun/servlet/hlogin?8a5e915f052ffdde1122f5455d73538c,gx-no-cache=1535110183795 HTTP/1.1" 200 90
192.168.10.96 - - [24/Aug/2018:08:33:26 -0300] "GET /cormun/servlet/hpexe_link HTTP/1.1" 200 956
192.168.10.96 - - [24/Aug/2018:08:33:26 -0300] "GET /cormun/servlet/hhome HTTP/1.1" 200 4164
192.168.10.96 - - [24/Aug/2018:08:33:27 -0300] "GET /cormun/servlet/hhome HTTP/1.1" 200 4161
192.168.10.96 - - [24/Aug/2018:08:33:29 -0300] "GET /cormun/servlet/trautorizarsolicitud? HTTP/1.1" 200 9245
192.168.10.96 - - [24/Aug/2018:08:33:29 -0300] "GET /cormun/servlet/trautorizarsolicitud? HTTP/1.1" 200 9243
192.168.10.60 - - [24/Aug/2018:08:33:33 -0300] "POST /cormun/servlet/trsolicitudgral?75bbe85b5cd741b2d5c52834310d5bbc,,gx-no-cache=1535110190048 HTTP/1.1" 200 7660
192.168.10.96 - - [24/Aug/2018:08:33:35 -0300] "GET /cormun/servlet/trsolicitudot? HTTP/1.1" 200 7381
192.168.10.96 - - [24/Aug/2018:08:33:35 -0300] "GET /cormun/servlet/trsolicitudot? HTTP/1.1" 200 7380
192.168.10.96 - - [24/Aug/2018:08:33:38 -0300] "GET /cormun/servlet/trautorizarsolicitud? HTTP/1.1" 200 9243
192.168.10.96 - - [24/Aug/2018:08:33:39 -0300] "GET /cormun/servlet/trautorizarsolicitud? HTTP/1.1" 200 9243
192.168.10.96 - - [24/Aug/2018:08:33:44 -0300] "POST /cormun/servlet/trautorizarsolicitud?8a5e915f052ffdde1122f5455d73538c,,gx-no-cache=1535110201372 HTTP/1.1" 200 6147
192.168.10.96 - - [24/Aug/2018:08:33:44 -0300] "GET /cormun/static/Shared/jqueryui/images/ui-icons_82798d_256x240.png HTTP/1.1" 404 1089
192.168.10.96 - - [24/Aug/2018:08:33:44 -0300] "GET /cormun/static/Shared/jqueryui/images/ui-bg_highlight-soft_100_c6c2c8_1x100.png HTTP/1.1" 404 1117
192.168.10.96 - - [24/Aug/2018:08:33:44 -0300] "GET /cormun/static/Shared/jqueryui/images/ui-icons_8d78a5_256x240.png HTTP/1.1" 404 1089
192.168.10.96 - - [24/Aug/2018:08:33:44 -0300] "GET /cormun/static/Shared/jqueryui/images/ui-bg_flat_55_fafafa_40x100.png HTTP/1.1" 404 1097
192.168.10.96 - - [24/Aug/2018:08:33:44 -0300] "POST /cormun/servlet/trautorizarsolicitud?8a5e915f052ffdde1122f5455d73538c,,gx-no-cache=1535110201711 HTTP/1.1" 200 6090
192.168.10.96 - - [24/Aug/2018:08:34:42 -0300] "GET /cormun/servlet/trsolicitudot? HTTP/1.1" 200 7381
192.168.10.96 - - [24/Aug/2018:08:34:43 -0300] "GET /cormun/servlet/trsolicitudot? HTTP/1.1" 200 7380
192.168.10.96 - - [24/Aug/2018:08:34:47 -0300] "GET /cormun/servlet/solicitudot?INS,0,0, HTTP/1.1" 200 13635
192.168.10.96 - - [24/Aug/2018:08:34:47 -0300] "GET /cormun/servlet/solicitudot?INS,0,0, HTTP/1.1" 200 13640
192.168.10.60 - - [24/Aug/2018:08:34:49 -0300] "GET /cormun/servlet/vesolicitudgral?2018,12016,, HTTP/1.1" 200 8343
192.168.10.60 - - [24/Aug/2018:08:34:49 -0300] "GET /cormun/pexe_scrolldiv.js HTTP/1.1" 404 1009
192.168.10.60 - - [24/Aug/2018:08:34:50 -0300] "GET /cormun/servlet/vesolicitudgral?2018,12016,, HTTP/1.1" 200 8343
192.168.10.96 - - [24/Aug/2018:08:34:51 -0300] "GET /cormun/servlet/trsolicitudot? HTTP/1.1" 200 7381
192.168.10.96 - - [24/Aug/2018:08:34:52 -0300] "GET /cormun/servlet/trsolicitudot? HTTP/1.1" 200 7380
192.168.10.60 - - [24/Aug/2018:08:34:53 -0300] "GET /cormun/servlet/trsolicitudgral? HTTP/1.1" 200 10688
192.168.10.60 - - [24/Aug/2018:08:34:53 -0300] "GET /cormun/servlet/trsolicitudgral? HTTP/1.1" 200 10685
192.168.10.60 - - [24/Aug/2018:08:34:55 -0300] "GET /cormun/servlet/vesolicitudgral?2018,11968,, HTTP/1.1" 200 8327
192.168.10.60 - - [24/Aug/2018:08:34:55 -0300] "GET /cormun/pexe_scrolldiv.js HTTP/1.1" 404 1009
192.168.10.60 - - [24/Aug/2018:08:34:55 -0300] "GET /cormun/pexe_scrolldiv.js HTTP/1.1" 404 1009
192.168.10.60 - - [24/Aug/2018:08:34:55 -0300] "GET /cormun/servlet/vesolicitudgral?2018,11968,, HTTP/1.1" 200 8328
192.168.10.96 - - [24/Aug/2018:08:35:01 -0300] "GET /cormun/servlet/trautorizarsolicitud? HTTP/1.1" 200 8978
192.168.10.96 - - [24/Aug/2018:08:35:02 -0300] "GET /cormun/servlet/trautorizarsolicitud? HTTP/1.1" 200 8977
192.168.10.60 - - [24/Aug/2018:08:35:09 -0300] "GET /cormun/servlet/trsolicitudgral? HTTP/1.1" 200 10688
192.168.10.60 - - [24/Aug/2018:08:35:09 -0300] "GET /cormun/servlet/trsolicitudgral? HTTP/1.1" 200 10685
192.168.10.96 - - [24/Aug/2018:08:35:11 -0300] "POST /cormun/servlet/trautorizarsolicitud?8a5e915f052ffdde1122f5455d73538c,,gx-no-cache=1535110288277 HTTP/1.1" 200 5817
192.168.10.96 - - [24/Aug/2018:08:35:11 -0300] "GET /cormun/static/Shared/jqueryui/images/ui-bg_highlight-soft_100_c6c2c8_1x100.png HTTP/1.1" 404 1117
192.168.10.96 - - [24/Aug/2018:08:35:11 -0300] "GET /cormun/static/Shared/jqueryui/images/ui-icons_82798d_256x240.png HTTP/1.1" 404 1089
192.168.10.96 - - [24/Aug/2018:08:35:11 -0300] "GET /cormun/static/Shared/jqueryui/images/ui-icons_8d78a5_256x240.png HTTP/1.1" 404 1089
192.168.10.96 - - [24/Aug/2018:08:35:11 -0300] "GET /cormun/static/Shared/jqueryui/images/ui-bg_flat_55_fafafa_40x100.png HTTP/1.1" 404 1097
192.168.10.96 - - [24/Aug/2018:08:35:11 -0300] "POST /cormun/servlet/trautorizarsolicitud?8a5e915f052ffdde1122f5455d73538c,,gx-no-cache=1535110288492 HTTP/1.1" 200 5763
192.168.10.60 - - [24/Aug/2018:08:35:11 -0300] "GET /cormun/servlet/vesolicitudgral?2018,11967,, HTTP/1.1" 200 8373
192.168.10.60 - - [24/Aug/2018:08:35:11 -0300] "GET /cormun/pexe_scrolldiv.js HTTP/1.1" 404 1009
192.168.10.60 - - [24/Aug/2018:08:35:11 -0300] "GET /cormun/pexe_scrolldiv.js HTTP/1.1" 404 1009
192.168.10.60 - - [24/Aug/2018:08:35:11 -0300] "GET /cormun/servlet/vesolicitudgral?2018,11967,, HTTP/1.1" 200 8373
192.168.10.96 - - [24/Aug/2018:08:35:12 -0300] "POST /cormun/servlet/trautorizarsolicitud?8a5e915f052ffdde1122f5455d73538c,,gx-no-cache=1535110289512 HTTP/1.1" 200 4623
192.168.10.96 - - [24/Aug/2018:08:35:12 -0300] "POST /cormun/servlet/trautorizarsolicitud?8a5e915f052ffdde1122f5455d73538c,,gx-no-cache=1535110289652 HTTP/1.1" 200 4391
192.168.10.60 - - [24/Aug/2018:08:35:20 -0300] "GET /cormun/servlet/trsolicitudgral? HTTP/1.1" 200 10688
192.168.10.60 - - [24/Aug/2018:08:35:20 -0300] "GET /cormun/servlet/trsolicitudgral? HTTP/1.1" 200 10685
192.168.10.60 - - [24/Aug/2018:08:35:23 -0300] "GET /cormun/servlet/vesolicitudgral?2018,11945,, HTTP/1.1" 200 8358
192.168.10.60 - - [24/Aug/2018:08:35:23 -0300] "GET /cormun/pexe_scrolldiv.js HTTP/1.1" 404 1009
192.168.10.60 - - [24/Aug/2018:08:35:23 -0300] "GET /cormun/pexe_scrolldiv.js HTTP/1.1" 404 1009
192.168.10.60 - - [24/Aug/2018:08:35:23 -0300] "GET /cormun/servlet/vesolicitudgral?2018,11945,, HTTP/1.1" 200 8358
192.168.10.96 - - [24/Aug/2018:08:35:23 -0300] "GET /cormun/servlet/hlogin HTTP/1.1" 200 1745
192.168.10.96 - - [24/Aug/2018:08:35:36 -0300] "POST /cormun/servlet/hlogin?8a5e915f052ffdde1122f5455d73538c,gx-no-cache=1535110313066 HTTP/1.1" 200 90
192.168.10.96 - - [24/Aug/2018:08:35:36 -0300] "GET /cormun/servlet/hpexe_link HTTP/1.1" 200 956
192.168.10.96 - - [24/Aug/2018:08:35:36 -0300] "GET /cormun/servlet/hhome HTTP/1.1" 200 4716
192.168.10.96 - - [24/Aug/2018:08:35:36 -0300] "GET /cormun/servlet/hhome HTTP/1.1" 200 4712
192.168.10.60 - - [24/Aug/2018:08:35:40 -0300] "GET /cormun/servlet/trsolicitudgral? HTTP/1.1" 200 10688
192.168.10.60 - - [24/Aug/2018:08:35:40 -0300] "GET /cormun/servlet/trsolicitudgral? HTTP/1.1" 200 10685
200.73.230.197 - - [24/Aug/2018:08:35:44 -0300] "GET /cormun/servlet/licenciaspermisos?179b0323c074b123f337927a6037e64e163c5c5bac446f8ec8b498ebc92b6bf74e55e41aaa9834dee0fdfc8101c7580e240d53d4d30962e7671f7665e511e4d6c40b3c7cde7b5869f2cc053f205d5f08106d3f1e8fe66e64d0b4b417911909ca7600c681f5cfabb8b8d415bc8385f57a505a3bf0de15620c6046c73cc3f568dce66b62269ef072fec5736fb714390e96dcc0dad25a2b6e4ea4d94f609438dbad660ef33014277ed1e7711a4078a662342cd610f94ac7a74aea1f765b4edd63f993e995e04eb3e19df130cf680e7d55ad7034299c06fc4a9f3ebc2f23a851f9de,gx-no-cache=1535110466734 HTTP/1.1" 200 30
200.73.230.197 - - [24/Aug/2018:08:35:44 -0300] "POST /cormun/servlet/licenciaspermisos?fec9be56e926902ad5712f5f52eb5a63,INS,0,,,,gx-no-cache=1535110466855 HTTP/1.1" 200 4741
186.103.159.182 - - [24/Aug/2018:08:36:12 -0300] "GET /cormun/servlet/hlogin HTTP/1.1" 200 1720
186.103.159.182 - - [24/Aug/2018:08:36:17 -0300] "POST /cormun/servlet/hlogin?a8cd0ebfd4469ada4ea13865a2d69e9f,gx-no-cache=1535110381934 HTTP/1.1" 200 90
186.103.159.182 - - [24/Aug/2018:08:36:17 -0300] "GET /cormun/servlet/hpexe_link HTTP/1.1" 200 951
186.103.159.182 - - [24/Aug/2018:08:36:17 -0300] "GET /cormun/servlet/hhome HTTP/1.1" 200 4262
186.103.159.182 - - [24/Aug/2018:08:36:18 -0300] "GET /cormun/static/gxcfg.js?20175251212442 HTTP/1.1" 200 953
186.103.159.182 - - [24/Aug/2018:08:36:18 -0300] "GET /cormun/static/hhome.js?20175251212450 HTTP/1.1" 200 777
186.103.159.182 - - [24/Aug/2018:08:36:19 -0300] "GET /cormun/servlet/hhome HTTP/1.1" 200 4258
186.103.159.182 - - [24/Aug/2018:08:36:22 -0300] "GET /cormun/servlet/trcontratosolicitud? HTTP/1.1" 200 14685
186.103.159.182 - - [24/Aug/2018:08:36:23 -0300] "GET /cormun/static/gxcfg.js?20177612214014 HTTP/1.1" 200 953
186.103.159.182 - - [24/Aug/2018:08:36:24 -0300] "GET /cormun/static/trcontratosolicitud.js?20177612214349 HTTP/1.1" 200 28237
186.103.159.182 - - [24/Aug/2018:08:36:25 -0300] "GET /cormun//static/Resources/PXToolsGridNew.png HTTP/1.1" 200 2949
186.103.159.182 - - [24/Aug/2018:08:36:26 -0300] "GET /cormun/servlet/trcontratosolicitud? HTTP/1.1" 200 14683
200.73.230.197 - - [24/Aug/2018:08:36:28 -0300] "GET /cormun/servlet/licenciaspermisos?179b0323c074b123f337927a6037e64e05907b18d46412abdc34be3cfd211c51bfe4a44c69cd710410285b937ca367ee5f3b0bd696ef27a50a12116e1740cc5053fb6645f9391c532db6122bf83db1bf0d5380d6c71322ce4c7d6144993948c609120ca7553f50551df3e9e981dbd3846939fbc20ca5cd02e3d81da7e7efef5019818084e00c5d1d7fd97b4d2afa0031e31a930ab48a9555e21d452f409b732c628fca9c3ce9bef8f4501713c79e3140d553b9aa8836c64e61ec29eb1b52392d30f7fc632f778f587bcdba52abd9f12ba41abe40590926ff393cac2b3651295673b994495ba0c6576643814290e3d318,gx-no-cache=1535110511145 HTTP/1.1" 200 60
200.73.230.197 - - [24/Aug/2018:08:36:28 -0300] "POST /cormun/servlet/licenciaspermisos?fec9be56e926902ad5712f5f52eb5a63,INS,0,,,,gx-no-cache=1535110511251 HTTP/1.1" 200 4880
200.73.230.197 - - [24/Aug/2018:08:36:28 -0300] "GET /cormun/static/Shared/jqueryui/images/ui-bg_highlight-soft_100_c6c2c8_1x100.png HTTP/1.1" 404 1117
200.73.230.197 - - [24/Aug/2018:08:36:28 -0300] "GET /cormun/static/Shared/jqueryui/images/ui-icons_82798d_256x240.png HTTP/1.1" 404 1089
200.73.230.197 - - [24/Aug/2018:08:36:28 -0300] "GET /cormun/static/Shared/jqueryui/images/ui-bg_flat_55_994d53_40x100.png HTTP/1.1" 404 1097
200.73.230.197 - - [24/Aug/2018:08:36:28 -0300] "GET /cormun/static/Shared/jqueryui/images/ui-icons_ebccce_256x240.png HTTP/1.1" 404 1089
186.103.159.182 - - [24/Aug/2018:08:36:37 -0300] "GET /cormun/static/Resources/PXToolsActionDisabled.gif HTTP/1.1" 200 53
186.103.159.182 - - [24/Aug/2018:08:36:37 -0300] "GET /cormun/static/Resources/PXToolsGridNew.png HTTP/1.1" 200 2949
186.103.159.182 - - [24/Aug/2018:08:36:48 -0300] "POST /cormun/servlet/trcontratosolicitud?a8cd0ebfd4469ada4ea13865a2d69e9f,,gx-no-cache=1535110413429 HTTP/1.1" 200 12178
186.103.159.182 - - [24/Aug/2018:08:36:49 -0300] "GET /cormun/static/Resources/PXToolsGridFirst.gif HTTP/1.1" 200 379
186.103.159.182 - - [24/Aug/2018:08:36:49 -0300] "GET /cormun/static/Resources/PXToolsGridPrevious.gif HTTP/1.1" 200 369
186.103.159.182 - - [24/Aug/2018:08:36:49 -0300] "GET /cormun/static/Resources/PXToolsGridNext.gif HTTP/1.1" 200 369
186.103.159.182 - - [24/Aug/2018:08:36:49 -0300] "GET /cormun/static/Resources/PXToolsGridLast.gif HTTP/1.1" 200 370
200.73.230.197 - - [24/Aug/2018:08:37:06 -0300] "GET /cormun/servlet/licenciaspermisos?179b0323c074b123f337927a6037e64e163c5c5bac446f8ec8b498ebc92b6bf74e55e41aaa9834dee0fdfc8101c7580e240d53d4d30962e7671f7665e511e4d6c40b3c7cde7b5869f2cc053f205d5f08106d3f1e8fe66e64d0b4b417911909ca7600c681f5cfabb8b8d415bc8385f57a505a3bf0de15620c6046c73cc3f568dce66b62269ef072fec5736fb714390e96dcc0dad25a2b6e4ea4d94f609438dbad660ef33014277ed1e7711a4078a662342cd610f94ac7a74aea1f765b4edd63f993e995e04eb3e19df130cf680e7d55ad7034299c06fc4a9f3ebc2f23a851f9de,gx-no-cache=1535110549584 HTTP/1.1" 200 30
200.73.230.197 - - [24/Aug/2018:08:37:06 -0300] "GET /cormun/servlet/licenciaspermisos?179b0323c074b123f337927a6037e64e05907b18d46412abdc34be3cfd211c51bfe4a44c69cd710410285b937ca367ee5f3b0bd696ef27a50a12116e1740cc5053fb6645f9391c532db6122bf83db1bf0d5380d6c71322ce4c7d6144993948c609120ca7553f50551df3e9e981dbd3846939fbc20ca5cd02e3d81da7e7efef5019818084e00c5d1d7fd97b4d2afa0031e31a930ab48a9555e21d452f409b732c628fca9c3ce9bef8f4501713c79e3140d553b9aa8836c64e61ec29eb1b52392d30f7fc632f778f587bcdba52abd9f12ba41abe40590926ff393cac2b365129565dfb4fa5046e9b932af5bd60894973118a8ea578327c7ec527777738d83a057568369321041f78b02cf87c279844bb81,gx-no-cache=1535110549680 HTTP/1.1" 200 60
200.73.230.197 - - [24/Aug/2018:08:37:07 -0300] "POST /cormun/servlet/licenciaspermisos?fec9be56e926902ad5712f5f52eb5a63,INS,0,,,,gx-no-cache=1535110549734 HTTP/1.1" 200 93
200.73.230.197 - - [24/Aug/2018:08:37:07 -0300] "GET /cormun/servlet/hpexe_return? HTTP/1.1" 200 1007
200.73.230.197 - - [24/Aug/2018:08:37:08 -0300] "GET /cormun/servlet/trlicencias HTTP/1.1" 200 10514
192.168.10.96 - - [24/Aug/2018:08:37:08 -0300] "GET /cormun/servlet/trsolicitudgral? HTTP/1.1" 200 9223
192.168.10.96 - - [24/Aug/2018:08:37:08 -0300] "GET /cormun/servlet/trsolicitudgral? HTTP/1.1" 200 9222
200.73.230.197 - - [24/Aug/2018:08:37:09 -0300] "GET /cormun/servlet/trlicencias HTTP/1.1" 200 10509
186.103.159.182 - - [24/Aug/2018:08:37:12 -0300] "POST /cormun/servlet/trcontratosolicitud?a8cd0ebfd4469ada4ea13865a2d69e9f,,gx-no-cache=1535110436847 HTTP/1.1" 200 10051
192.168.10.96 - - [24/Aug/2018:08:37:18 -0300] "POST /cormun/servlet/trsolicitudgral?8a5e915f052ffdde1122f5455d73538c,,gx-no-cache=1535110415283 HTTP/1.1" 200 19439
192.168.10.62 - - [24/Aug/2018:08:38:09 -0300] "GET /cormun/servlet/hlogin HTTP/1.1" 200 1721
192.168.10.62 - - [24/Aug/2018:08:38:09 -0300] "GET /cormun/servlet/hlogin HTTP/1.1" 200 1732
192.168.10.62 - - [24/Aug/2018:08:38:24 -0300] "POST /cormun/servlet/hlogin?4d8490547d446a599b068f936821d80a,gx-no-cache=1535110481885 HTTP/1.1" 200 90
192.168.10.62 - - [24/Aug/2018:08:38:24 -0300] "GET /cormun/servlet/hpexe_link HTTP/1.1" 200 954
192.168.10.62 - - [24/Aug/2018:08:38:25 -0300] "GET /cormun/servlet/hhome HTTP/1.1" 200 4495
192.168.10.62 - - [24/Aug/2018:08:38:25 -0300] "GET /cormun/servlet/hhome HTTP/1.1" 200 4491
192.168.10.62 - - [24/Aug/2018:08:38:27 -0300] "GET /cormun/servlet/trsolicitudgral? HTTP/1.1" 200 22068
192.168.10.62 - - [24/Aug/2018:08:38:28 -0300] "GET /cormun/servlet/trsolicitudgral? HTTP/1.1" 200 22065
200.73.230.197 - - [24/Aug/2018:08:38:56 -0300] "GET /cormun/servlet/trlicenciaspermisosadjuntos?7291330,20180824000000,L, HTTP/1.1" 200 6300
200.73.230.197 - - [24/Aug/2018:08:38:58 -0300] "GET /cormun/servlet/trlicenciaspermisosadjuntos?7291330,20180824000000,L, HTTP/1.1" 200 6300
200.73.230.197 - - [24/Aug/2018:08:39:01 -0300] "GET /cormun/servlet/licenciaspermisosadjuntos?INS,7291330,L,20180824000000,, HTTP/1.1" 200 5596
200.73.230.197 - - [24/Aug/2018:08:39:01 -0300] "GET /cormun/static/gxcfg.js?2017761263592 HTTP/1.1" 200 953
200.73.230.197 - - [24/Aug/2018:08:39:02 -0300] "GET /cormun/static/about:blank HTTP/1.1" 404 1011
200.73.230.197 - - [24/Aug/2018:08:39:02 -0300] "GET /cormun/servlet/licenciaspermisosadjuntos?INS,7291330,L,20180824000000,, HTTP/1.1" 200 5585
192.168.10.96 - - [24/Aug/2018:08:39:12 -0300] "POST /cormun/servlet/trsolicitudgral?8a5e915f052ffdde1122f5455d73538c,,gx-no-cache=1535110529528 HTTP/1.1" 200 8305
192.168.10.96 - - [24/Aug/2018:08:39:21 -0300] "GET /cormun/servlet/vesolicitudgral?2018,12078,, HTTP/1.1" 200 9355
192.168.10.96 - - [24/Aug/2018:08:39:21 -0300] "GET /cormun/pexe_scrolldiv.js HTTP/1.1" 404 1009
192.168.10.96 - - [24/Aug/2018:08:39:21 -0300] "GET /cormun/pexe_scrolldiv.js HTTP/1.1" 404 1009
192.168.10.96 - - [24/Aug/2018:08:39:21 -0300] "GET /cormun/servlet/vesolicitudgral?2018,12078,, HTTP/1.1" 200 9354
192.168.10.62 - - [24/Aug/2018:08:39:31 -0300] "POST /cormun/servlet/trsolicitudgral?4d8490547d446a599b068f936821d80a,,gx-no-cache=1535110548039 HTTP/1.1" 200 5926
200.73.230.197 - - [24/Aug/2018:08:39:31 -0300] "POST /cormun/servlet/licenciaspermisosadjuntos?fec9be56e926902ad5712f5f52eb5a63,INS,7291330,L,20180824000000,, HTTP/1.1" 200 116
200.73.230.197 - - [24/Aug/2018:08:39:32 -0300] "GET /cormun/servlet/hpexe_return? HTTP/1.1" 200 1037
200.73.230.197 - - [24/Aug/2018:08:39:32 -0300] "GET /cormun/servlet/trlicenciaspermisosadjuntos?7291330,20180824000000,L, HTTP/1.1" 200 6766
200.73.230.197 - - [24/Aug/2018:08:39:34 -0300] "GET /cormun/servlet/trlicenciaspermisosadjuntos?7291330,20180824000000,L, HTTP/1.1" 200 6761
200.73.230.197 - - [24/Aug/2018:08:39:38 -0300] "GET /cormun/servlet/trlicencias? HTTP/1.1" 200 10510
192.168.10.62 - - [24/Aug/2018:08:39:39 -0300] "POST /cormun/servlet/trsolicitudgral?4d8490547d446a599b068f936821d80a,,gx-no-cache=1535110556252 HTTP/1.1" 200 5928
200.73.230.197 - - [24/Aug/2018:08:39:40 -0300] "GET /cormun/servlet/trlicencias? HTTP/1.1" 200 10509
200.73.230.197 - - [24/Aug/2018:08:39:46 -0300] "POST /cormun/servlet/trlicencias?fec9be56e926902ad5712f5f52eb5a63,,gx-no-cache=1535110708852 HTTP/1.1" 200 7884
192.168.10.62 - - [24/Aug/2018:08:39:46 -0300] "POST /cormun/servlet/trsolicitudgral?4d8490547d446a599b068f936821d80a,,gx-no-cache=1535110563851 HTTP/1.1" 200 9432
200.73.230.197 - - [24/Aug/2018:08:39:47 -0300] "GET /cormun/static/Shared/jqueryui/images/ui-bg_highlight-soft_100_c6c2c8_1x100.png HTTP/1.1" 404 1117
200.73.230.197 - - [24/Aug/2018:08:39:47 -0300] "GET /cormun/static/Shared/jqueryui/images/ui-icons_82798d_256x240.png HTTP/1.1" 404 1089
200.73.230.197 - - [24/Aug/2018:08:39:47 -0300] "GET /cormun/static/Shared/jqueryui/images/ui-bg_flat_55_fafafa_40x100.png HTTP/1.1" 404 1097
200.73.230.197 - - [24/Aug/2018:08:39:47 -0300] "GET /cormun/static/Shared/jqueryui/images/ui-icons_8d78a5_256x240.png HTTP/1.1" 404 1089
200.73.230.197 - - [24/Aug/2018:08:39:57 -0300] "GET /cormun/servlet/alicenciaprn?7291330,L,20180824000000,PU HTTP/1.1" 200 1612
192.168.10.62 - - [24/Aug/2018:08:39:57 -0300] "GET /cormun/servlet/vesolicitudgral?2018,12008,, HTTP/1.1" 200 9082
192.168.10.62 - - [24/Aug/2018:08:39:57 -0300] "GET /cormun/pexe_scrolldiv.js HTTP/1.1" 404 1009
192.168.10.62 - - [24/Aug/2018:08:39:57 -0300] "GET /cormun/servlet/vesolicitudgral?2018,12008,, HTTP/1.1" 200 9081
192.168.10.62 - - [24/Aug/2018:08:40:00 -0300] "GET /cormun/servlet/vesolicitudgral?2018,12008,,SolicitudOTLog HTTP/1.1" 200 9845
192.168.10.62 - - [24/Aug/2018:08:40:00 -0300] "GET /cormun/pexe_scrolldiv.js HTTP/1.1" 404 1009
192.168.10.62 - - [24/Aug/2018:08:40:00 -0300] "GET /cormun/pexe_scrolldiv.js HTTP/1.1" 404 1009
192.168.10.62 - - [24/Aug/2018:08:40:00 -0300] "GET /cormun/servlet/vesolicitudgral?2018,12008,,SolicitudOTLog HTTP/1.1" 200 9845
192.168.10.62 - - [24/Aug/2018:08:40:01 -0300] "POST /cormun/servlet/acontrolpreferencessavestate?None,FGONZALEZ,true HTTP/1.1" 200 35
192.168.10.62 - - [24/Aug/2018:08:40:06 -0300] "POST /cormun/servlet/vesolicitudgral?4d8490547d446a599b068f936821d80a,2018,12008,,SolicitudOTLog,gx-no-cache=1535110583231 HTTP/1.1" 200 90
192.168.10.62 - - [24/Aug/2018:08:40:06 -0300] "GET /cormun/servlet/hpexe_link HTTP/1.1" 200 979
192.168.10.62 - - [24/Aug/2018:08:40:06 -0300] "GET /cormun/servlet/trsolicitudgral? HTTP/1.1" 200 12454
192.168.10.62 - - [24/Aug/2018:08:40:06 -0300] "GET /cormun/servlet/trsolicitudgral? HTTP/1.1" 200 12453
192.168.10.62 - - [24/Aug/2018:08:40:11 -0300] "GET /cormun/servlet/vesolicitudgral?2018,12008,, HTTP/1.1" 200 9082
192.168.10.62 - - [24/Aug/2018:08:40:11 -0300] "GET /cormun/pexe_scrolldiv.js HTTP/1.1" 404 1009
192.168.10.62 - - [24/Aug/2018:08:40:11 -0300] "GET /cormun/pexe_scrolldiv.js HTTP/1.1" 404 1009
192.168.10.62 - - [24/Aug/2018:08:40:11 -0300] "GET /cormun/servlet/vesolicitudgral?2018,12008,, HTTP/1.1" 200 9081
192.168.10.62 - - [24/Aug/2018:08:40:15 -0300] "GET /cormun/servlet/vesolicitudgral?2018,12008,,SolicitudOTAdjuntos HTTP/1.1" 200 11276
192.168.10.62 - - [24/Aug/2018:08:40:15 -0300] "GET /cormun/pexe_scrolldiv.js HTTP/1.1" 404 1009
192.168.10.62 - - [24/Aug/2018:08:40:15 -0300] "GET /cormun/pexe_scrolldiv.js HTTP/1.1" 404 1009
192.168.10.62 - - [24/Aug/2018:08:40:16 -0300] "GET /cormun/servlet/vesolicitudgral?2018,12008,,SolicitudOTAdjuntos HTTP/1.1" 200 11277
192.168.10.62 - - [24/Aug/2018:08:40:16 -0300] "POST /cormun/servlet/acontrolpreferencessavestate?None,FGONZALEZ,true HTTP/1.1" 200 35
192.168.10.96 - - [24/Aug/2018:08:40:16 -0300] "GET /cormun/servlet/vesolicitudgral?2018,12078,,SolicitudOTAdjuntos HTTP/1.1" 200 7978
192.168.10.96 - - [24/Aug/2018:08:40:16 -0300] "GET /cormun/pexe_scrolldiv.js HTTP/1.1" 404 1009
192.168.10.96 - - [24/Aug/2018:08:40:16 -0300] "GET /cormun/pexe_scrolldiv.js HTTP/1.1" 404 1009
192.168.10.96 - - [24/Aug/2018:08:40:17 -0300] "GET /cormun/servlet/vesolicitudgral?2018,12078,,SolicitudOTAdjuntos HTTP/1.1" 200 7979
192.168.10.96 - - [24/Aug/2018:08:40:18 -0300] "POST /cormun/servlet/acontrolpreferencessavestate?None,DZAMUDIO,true HTTP/1.1" 200 35
192.168.10.96 - - [24/Aug/2018:08:40:19 -0300] "GET /cormun/servlet/vesolicitudgral?2018,12078,,General HTTP/1.1" 200 9359
192.168.10.96 - - [24/Aug/2018:08:40:19 -0300] "GET /cormun/pexe_scrolldiv.js HTTP/1.1" 404 1009
192.168.10.96 - - [24/Aug/2018:08:40:19 -0300] "GET /cormun/pexe_scrolldiv.js HTTP/1.1" 404 1009
192.168.10.96 - - [24/Aug/2018:08:40:19 -0300] "GET /cormun/servlet/vesolicitudgral?2018,12078,,General HTTP/1.1" 200 9359
192.168.10.62 - - [24/Aug/2018:08:40:20 -0300] "GET /cormun/PublicTempStorage/certificado_carolaine1464709.pdf HTTP/1.1" 200 1691562
192.168.10.96 - - [24/Aug/2018:08:40:23 -0300] "POST /cormun/servlet/vesolicitudgral?8a5e915f052ffdde1122f5455d73538c,2018,12078,,General,gx-no-cache=1535110600751 HTTP/1.1" 200 90
192.168.10.96 - - [24/Aug/2018:08:40:23 -0300] "GET /cormun/servlet/hpexe_link HTTP/1.1" 200 977
192.168.10.96 - - [24/Aug/2018:08:40:24 -0300] "GET /cormun/servlet/trsolicitudgral? HTTP/1.1" 200 11559
192.168.10.96 - - [24/Aug/2018:08:40:24 -0300] "GET /cormun/servlet/trsolicitudgral? HTTP/1.1" 200 11558
192.168.10.62 - - [24/Aug/2018:08:40:46 -0300] "GET /cormun/servlet/hlogin HTTP/1.1" 200 1721
190.46.192.47 - - [24/Aug/2018:08:40:47 -0300] "POST /cormun/servlet/solicitudot?51e9c8756fd1fe22dbf857da75ae102d,INS,0,0,,gx-no-cache=1535110773768 HTTP/1.1" 440 972
190.46.192.47 - - [24/Aug/2018:08:40:50 -0300] "GET /cormun/servlet/solicitudot?INS,0,0, HTTP/1.1" 200 12695
190.46.192.47 - - [24/Aug/2018:08:40:51 -0300] "GET /cormun/servlet/hlogin HTTP/1.1" 200 1741
190.46.192.47 - - [24/Aug/2018:08:40:51 -0300] "GET /cormun/servlet/solicitudot?INS,0,0, HTTP/1.1" 200 12695
192.168.10.62 - - [24/Aug/2018:08:40:56 -0300] "POST /cormun/servlet/hlogin?4d8490547d446a599b068f936821d80a,gx-no-cache=1535110633788 HTTP/1.1" 200 90
192.168.10.62 - - [24/Aug/2018:08:40:56 -0300] "GET /cormun/servlet/hpexe_link HTTP/1.1" 200 982
192.168.10.62 - - [24/Aug/2018:08:40:57 -0300] "GET /cormun/servlet/vesolicitudgral?2018,12008,,SolicitudOTAdjuntos HTTP/1.1" 200 11273
192.168.10.62 - - [24/Aug/2018:08:40:57 -0300] "GET /cormun/pexe_scrolldiv.js HTTP/1.1" 404 1009
192.168.10.62 - - [24/Aug/2018:08:40:57 -0300] "GET /cormun/pexe_scrolldiv.js HTTP/1.1" 404 1009
192.168.10.62 - - [24/Aug/2018:08:40:58 -0300] "GET /cormun/servlet/vesolicitudgral?2018,12008,,SolicitudOTAdjuntos HTTP/1.1" 200 11278
192.168.10.62 - - [24/Aug/2018:08:40:58 -0300] "POST /cormun/servlet/acontrolpreferencessavestate?None,FGONZALEZ,true HTTP/1.1" 200 35
192.168.10.62 - - [24/Aug/2018:08:41:02 -0300] "GET /cormun/servlet/trsolicitudgral? HTTP/1.1" 200 12461
192.168.10.62 - - [24/Aug/2018:08:41:03 -0300] "GET /cormun/servlet/trsolicitudgral? HTTP/1.1" 200 12453
192.168.10.96 - - [24/Aug/2018:08:41:05 -0300] "GET /cormun/servlet/vesolicitudgral?2018,12031,, HTTP/1.1" 200 9342
192.168.10.96 - - [24/Aug/2018:08:41:05 -0300] "GET /cormun/pexe_scrolldiv.js HTTP/1.1" 404 1009
192.168.10.96 - - [24/Aug/2018:08:41:05 -0300] "GET /cormun/pexe_scrolldiv.js HTTP/1.1" 404 1009
192.168.10.96 - - [24/Aug/2018:08:41:05 -0300] "GET /cormun/servlet/vesolicitudgral?2018,12031,, HTTP/1.1" 200 9342
192.168.10.96 - - [24/Aug/2018:08:41:06 -0300] "GET /cormun/servlet/vesolicitudgral?2018,12031,,SolicitudOTAdjuntos HTTP/1.1" 200 7975
192.168.10.96 - - [24/Aug/2018:08:41:06 -0300] "GET /cormun/pexe_scrolldiv.js HTTP/1.1" 404 1009
192.168.10.96 - - [24/Aug/2018:08:41:06 -0300] "GET /cormun/pexe_scrolldiv.js HTTP/1.1" 404 1009
192.168.10.96 - - [24/Aug/2018:08:41:06 -0300] "GET /cormun/servlet/vesolicitudgral?2018,12031,,SolicitudOTAdjuntos HTTP/1.1" 200 7976
192.168.10.96 - - [24/Aug/2018:08:41:07 -0300] "POST /cormun/servlet/acontrolpreferencessavestate?None,DZAMUDIO,true HTTP/1.1" 200 35
192.168.10.96 - - [24/Aug/2018:08:41:09 -0300] "POST /cormun/servlet/vesolicitudgral?8a5e915f052ffdde1122f5455d73538c,2018,12031,,SolicitudOTAdjuntos,gx-no-cache=1535110646935 HTTP/1.1" 200 90
192.168.10.96 - - [24/Aug/2018:08:41:09 -0300] "GET /cormun/servlet/hpexe_link HTTP/1.1" 200 982
192.168.10.96 - - [24/Aug/2018:08:41:10 -0300] "GET /cormun/servlet/trsolicitudgral HTTP/1.1" 200 11559
192.168.10.96 - - [24/Aug/2018:08:41:10 -0300] "GET /cormun/servlet/trsolicitudgral HTTP/1.1" 200 11558
192.168.10.96 - - [24/Aug/2018:08:41:16 -0300] "GET /cormun/servlet/vesolicitudgral?2018,12076,, HTTP/1.1" 200 9349
192.168.10.96 - - [24/Aug/2018:08:41:16 -0300] "GET /cormun/pexe_scrolldiv.js HTTP/1.1" 404 1009
192.168.10.96 - - [24/Aug/2018:08:41:16 -0300] "GET /cormun/pexe_scrolldiv.js HTTP/1.1" 404 1009
192.168.10.96 - - [24/Aug/2018:08:41:17 -0300] "GET /cormun/servlet/vesolicitudgral?2018,12076,, HTTP/1.1" 200 9349
192.168.10.96 - - [24/Aug/2018:08:41:19 -0300] "GET /cormun/servlet/vesolicitudgral?2018,12076,,SolicitudOTAdjuntos HTTP/1.1" 200 11436
192.168.10.96 - - [24/Aug/2018:08:41:19 -0300] "GET /cormun/pexe_scrolldiv.js HTTP/1.1" 404 1009
192.168.10.96 - - [24/Aug/2018:08:41:19 -0300] "GET /cormun/pexe_scrolldiv.js HTTP/1.1" 404 1009
192.168.10.62 - - [24/Aug/2018:08:41:20 -0300] "POST /cormun/servlet/trsolicitudgral?4d8490547d446a599b068f936821d80a,,gx-no-cache=1535110657100 HTTP/1.1" 200 9441
192.168.10.96 - - [24/Aug/2018:08:41:20 -0300] "GET /cormun/servlet/vesolicitudgral?2018,12076,,SolicitudOTAdjuntos HTTP/1.1" 200 11434
192.168.10.96 - - [24/Aug/2018:08:41:21 -0300] "POST /cormun/servlet/acontrolpreferencessavestate?None,DZAMUDIO,true HTTP/1.1" 200 35
192.168.10.62 - - [24/Aug/2018:08:41:30 -0300] "GET /cormun/servlet/vesolicitudgral?2018,12008,, HTTP/1.1" 200 9082
192.168.10.62 - - [24/Aug/2018:08:41:30 -0300] "GET /cormun/pexe_scrolldiv.js HTTP/1.1" 404 1009
192.168.10.62 - - [24/Aug/2018:08:41:30 -0300] "GET /cormun/pexe_scrolldiv.js HTTP/1.1" 404 1009
192.168.10.96 - - [24/Aug/2018:08:41:30 -0300] "GET /cormun/PublicTempStorage/cedula9601613.pdf HTTP/1.1" 200 250818
192.168.10.62 - - [24/Aug/2018:08:41:30 -0300] "GET /cormun/servlet/vesolicitudgral?2018,12008,, HTTP/1.1" 200 9081
192.168.10.62 - - [24/Aug/2018:08:41:32 -0300] "GET /cormun/servlet/vesolicitudgral?2018,12008,,SolicitudOTLog HTTP/1.1" 200 9845
192.168.10.62 - - [24/Aug/2018:08:41:32 -0300] "GET /cormun/pexe_scrolldiv.js HTTP/1.1" 404 1009
192.168.10.62 - - [24/Aug/2018:08:41:32 -0300] "GET /cormun/pexe_scrolldiv.js HTTP/1.1" 404 1009
192.168.10.62 - - [24/Aug/2018:08:41:32 -0300] "GET /cormun/servlet/vesolicitudgral?2018,12008,,SolicitudOTLog HTTP/1.1" 200 9845
192.168.10.96 - - [24/Aug/2018:08:41:33 -0300] "GET /cormun/servlet/vesolicitudgral?2018,12076,,SolicitudOTAdjuntos HTTP/1.1" 200 11432
192.168.10.62 - - [24/Aug/2018:08:41:33 -0300] "POST /cormun/servlet/acontrolpreferencessavestate?None,FGONZALEZ,true HTTP/1.1" 200 35
192.168.10.96 - - [24/Aug/2018:08:41:33 -0300] "GET /cormun/servlet/vesolicitudgral?2018,12076,,SolicitudOTAdjuntos HTTP/1.1" 200 11434
192.168.10.96 - - [24/Aug/2018:08:41:34 -0300] "POST /cormun/servlet/acontrolpreferencessavestate?None,DZAMUDIO,true HTTP/1.1" 200 35
192.168.10.96 - - [24/Aug/2018:08:41:38 -0300] "GET /cormun/PublicTempStorage/afp8377808.pdf HTTP/1.1" 200 256162
192.168.10.96 - - [24/Aug/2018:08:41:44 -0300] "GET /cormun/servlet/vesolicitudgral?2018,12076,,SolicitudOTAdjuntos HTTP/1.1" 200 11433
192.168.10.96 - - [24/Aug/2018:08:41:45 -0300] "GET /cormun/servlet/vesolicitudgral?2018,12076,,SolicitudOTAdjuntos HTTP/1.1" 200 11436
192.168.10.96 - - [24/Aug/2018:08:41:45 -0300] "POST /cormun/servlet/acontrolpreferencessavestate?None,DZAMUDIO,true HTTP/1.1" 200 35
192.168.10.62 - - [24/Aug/2018:08:41:48 -0300] "GET /cormun/servlet/hlogin HTTP/1.1" 200 1759
192.168.10.96 - - [24/Aug/2018:08:41:50 -0300] "GET /cormun/servlet/trtipodocumentosadjuntos? HTTP/1.1" 200 8699
192.168.10.96 - - [24/Aug/2018:08:41:50 -0300] "GET /cormun/static/gxcfg.js?2017525124565 HTTP/1.1" 200 953
192.168.10.96 - - [24/Aug/2018:08:41:50 -0300] "GET /cormun/static/trtipodocumentosadjuntos.js?2017525124866 HTTP/1.1" 200 13494
192.168.10.96 - - [24/Aug/2018:08:41:50 -0300] "GET /cormun/servlet/trtipodocumentosadjuntos? HTTP/1.1" 200 8681
192.168.10.96 - - [24/Aug/2018:08:41:51 -0300] "POST /cormun/servlet/acontrolpreferencessavestate?None,DZAMUDIO,true HTTP/1.1" 200 35
192.168.10.96 - - [24/Aug/2018:08:42:13 -0300] "GET /cormun/servlet/trformatos? HTTP/1.1" 200 7126
192.168.10.96 - - [24/Aug/2018:08:42:13 -0300] "GET /cormun/static/gxcfg.js?201731711513518 HTTP/1.1" 200 953
192.168.10.96 - - [24/Aug/2018:08:42:13 -0300] "GET /cormun/static/trformatos.js?201731711513791 HTTP/1.1" 200 13292
192.168.10.96 - - [24/Aug/2018:08:42:13 -0300] "GET /cormun/servlet/trformatos? HTTP/1.1" 200 7124
192.168.10.96 - - [24/Aug/2018:08:42:19 -0300] "GET /cormun/servlet/trsolicitudgral? HTTP/1.1" 200 11565
192.168.10.96 - - [24/Aug/2018:08:42:19 -0300] "GET /cormun/servlet/trsolicitudgral? HTTP/1.1" 200 11566
192.168.10.96 - - [24/Aug/2018:08:43:40 -0300] "GET /cormun/servlet/trsecurityuser01? HTTP/1.1" 200 12184
192.168.10.96 - - [24/Aug/2018:08:43:40 -0300] "GET /cormun/static/gxcfg.js?201762721181157 HTTP/1.1" 200 953
192.168.10.96 - - [24/Aug/2018:08:43:40 -0300] "GET /cormun/static/trsecurityuser01.js?201762721181494 HTTP/1.1" 200 19558
192.168.10.96 - - [24/Aug/2018:08:43:40 -0300] "GET /cormun//static/Resources/PXToolsHeaderPreferences.png HTTP/1.1" 200 4189
192.168.10.96 - - [24/Aug/2018:08:43:40 -0300] "GET /cormun//static/Resources/PXToolsAddAllAction.png HTTP/1.1" 200 3624
192.168.10.96 - - [24/Aug/2018:08:43:40 -0300] "GET /cormun/servlet/trsecurityuser01? HTTP/1.1" 200 12184
192.168.10.96 - - [24/Aug/2018:08:43:47 -0300] "GET /cormun/servlet/securityusers?INS,0, HTTP/1.1" 200 7669
192.168.10.96 - - [24/Aug/2018:08:43:47 -0300] "GET /cormun/static/gxcfg.js?20176272118832 HTTP/1.1" 200 953
192.168.10.96 - - [24/Aug/2018:08:43:47 -0300] "GET /cormun/static/securityusers.js?20176272118873 HTTP/1.1" 200 21417
186.103.161.206 - - [24/Aug/2018:08:43:47 -0300] "GET /cormun/servlet/hlogin HTTP/1.1" 200 1716
192.168.10.96 - - [24/Aug/2018:08:43:47 -0300] "GET /cormun/servlet/securityusers?INS,0, HTTP/1.1" 200 7668
186.103.161.206 - - [24/Aug/2018:08:43:47 -0300] "GET /cormun/servlet/hlogin HTTP/1.1" 200 1722
186.103.161.206 - - [24/Aug/2018:08:44:00 -0300] "POST /cormun/servlet/hlogin?c8234330cf0ead7e9c4e1518b8bab0c8,gx-no-cache=1535110970678 HTTP/1.1" 200 90
186.103.161.206 - - [24/Aug/2018:08:44:01 -0300] "GET /cormun/servlet/hpexe_link HTTP/1.1" 200 944
186.103.161.206 - - [24/Aug/2018:08:44:01 -0300] "GET /cormun/servlet/hhome HTTP/1.1" 200 3995
186.103.161.206 - - [24/Aug/2018:08:44:02 -0300] "GET /cormun/servlet/hhome HTTP/1.1" 200 3991
186.103.161.206 - - [24/Aug/2018:08:44:05 -0300] "GET /cormun/servlet/trlicencias? HTTP/1.1" 200 11374
186.103.161.206 - - [24/Aug/2018:08:44:05 -0300] "GET /cormun/servlet/trlicencias? HTTP/1.1" 200 11372
186.103.161.206 - - [24/Aug/2018:08:45:44 -0300] "GET /cormun/servlet/hlogin HTTP/1.1" 200 1729
192.168.10.96 - - [24/Aug/2018:08:46:47 -0300] "POST /cormun/servlet/securityusers?8a5e915f052ffdde1122f5455d73538c,INS,0,,gx-no-cache=1535110984420 HTTP/1.1" 200 93
192.168.10.96 - - [24/Aug/2018:08:46:47 -0300] "GET /cormun/servlet/hpexe_return? HTTP/1.1" 200 1012
192.168.10.96 - - [24/Aug/2018:08:46:47 -0300] "GET /cormun/servlet/trsecurityuser01 HTTP/1.1" 200 12188
192.168.10.96 - - [24/Aug/2018:08:46:48 -0300] "GET /cormun/servlet/trsecurityuser01 HTTP/1.1" 200 12184
192.168.10.60 - - [24/Aug/2018:08:46:54 -0300] "POST /cormun/servlet/trsolicitudgral?75bbe85b5cd741b2d5c52834310d5bbc,,gx-no-cache=1535110991169 HTTP/1.1" 200 5451
192.168.10.60 - - [24/Aug/2018:08:46:54 -0300] "GET /cormun/static/Shared/jqueryui/images/ui-icons_82798d_256x240.png HTTP/1.1" 404 1089
192.168.10.60 - - [24/Aug/2018:08:46:54 -0300] "GET /cormun/static/Shared/jqueryui/images/ui-bg_highlight-soft_100_c6c2c8_1x100.png HTTP/1.1" 404 1117
192.168.10.60 - - [24/Aug/2018:08:46:54 -0300] "GET /cormun/static/Shared/jqueryui/images/ui-icons_8d78a5_256x240.png HTTP/1.1" 404 1089
192.168.10.60 - - [24/Aug/2018:08:46:54 -0300] "GET /cormun/static/Shared/jqueryui/images/ui-bg_flat_55_fafafa_40x100.png HTTP/1.1" 404 1097
192.168.10.96 - - [24/Aug/2018:08:46:58 -0300] "POST /cormun/servlet/trsecurityuser01?8a5e915f052ffdde1122f5455d73538c,gx-no-cache=1535110995388 HTTP/1.1" 200 4449
192.168.10.96 - - [24/Aug/2018:08:46:59 -0300] "POST /cormun/servlet/trsecurityuser01?8a5e915f052ffdde1122f5455d73538c,gx-no-cache=1535110996480 HTTP/1.1" 200 4449
192.168.10.60 - - [24/Aug/2018:08:47:04 -0300] "POST /cormun/servlet/trsolicitudgral?75bbe85b5cd741b2d5c52834310d5bbc,,gx-no-cache=1535111000907 HTTP/1.1" 200 16864
192.168.10.96 - - [24/Aug/2018:08:47:04 -0300] "POST /cormun/servlet/trsecurityuser01?8a5e915f052ffdde1122f5455d73538c,gx-no-cache=1535111001896 HTTP/1.1" 200 5090
192.168.10.96 - - [24/Aug/2018:08:47:07 -0300] "GET /cormun/servlet/securityusers?UPD,3871, HTTP/1.1" 200 7793
192.168.10.96 - - [24/Aug/2018:08:47:07 -0300] "GET /cormun/servlet/securityusers?UPD,3871, HTTP/1.1" 200 7793
190.46.192.47 - - [24/Aug/2018:08:47:08 -0300] "POST /cormun/servlet/hlogin?e594714df2f4cdcc50eda7211d4a3651,gx-no-cache=1535111154168 HTTP/1.1" 200 90
190.46.192.47 - - [24/Aug/2018:08:47:08 -0300] "GET /cormun/servlet/hpexe_link HTTP/1.1" 200 962
190.46.192.47 - - [24/Aug/2018:08:47:08 -0300] "GET /cormun/servlet/solicitudot?INS,0,0, HTTP/1.1" 200 13661
190.46.192.47 - - [24/Aug/2018:08:47:08 -0300] "GET /cormun/servlet/solicitudot?INS,0,0, HTTP/1.1" 200 13666
192.168.10.96 - - [24/Aug/2018:08:47:26 -0300] "POST /cormun/servlet/securityusers?8a5e915f052ffdde1122f5455d73538c,UPD,3871,,gx-no-cache=1535111023356 HTTP/1.1" 200 93
192.168.10.96 - - [24/Aug/2018:08:47:26 -0300] "GET /cormun/servlet/hpexe_return? HTTP/1.1" 200 1036
192.168.10.96 - - [24/Aug/2018:08:47:26 -0300] "GET /cormun/servlet/trsecurityuser01?gx-no-cache=1535111001896 HTTP/1.1" 200 7578
192.168.10.96 - - [24/Aug/2018:08:47:26 -0300] "GET /cormun/servlet/trsecurityuser01?gx-no-cache=1535111001896 HTTP/1.1" 200 7598
190.46.192.47 - - [24/Aug/2018:08:47:28 -0300] "POST /cormun/servlet/solicitudot?gx-no-cache=1535111174239 HTTP/1.1" 200 3308
190.46.192.47 - - [24/Aug/2018:08:47:28 -0300] "POST /cormun/servlet/solicitudot?e594714df2f4cdcc50eda7211d4a3651,INS,0,0,,gx-no-cache=1535111174491 HTTP/1.1" 200 10224
192.168.10.60 - - [24/Aug/2018:08:47:28 -0300] "POST /cormun/servlet/trsolicitudgral?75bbe85b5cd741b2d5c52834310d5bbc,,gx-no-cache=1535111025415 HTTP/1.1" 200 16062
192.168.10.96 - - [24/Aug/2018:08:47:32 -0300] "GET /cormun/servlet/trsecurityusersproyecto?3871, HTTP/1.1" 200 6910
192.168.10.96 - - [24/Aug/2018:08:47:32 -0300] "GET /cormun/static/gxcfg.js?2016101716222290 HTTP/1.1" 200 953
192.168.10.96 - - [24/Aug/2018:08:47:32 -0300] "GET /cormun/static/trsecurityusersproyecto.js?201610171622255 HTTP/1.1" 200 13866
192.168.10.96 - - [24/Aug/2018:08:47:32 -0300] "GET /cormun/servlet/trsecurityusersproyecto?3871, HTTP/1.1" 200 6888
190.46.192.47 - - [24/Aug/2018:08:47:32 -0300] "GET /cormun/servlet/solicitudot?e355870d369369d35417b663c772ef1c06e07c38d5760f56bb49bb91eea522b83513a74b4fcf407c4f5a0978e69ed020,gx-no-cache=1535111178750 HTTP/1.1" 200 30
192.168.10.96 - - [24/Aug/2018:08:47:36 -0300] "POST /cormun/servlet/trsecurityusersproyecto?8a5e915f052ffdde1122f5455d73538c,3871,,gx-no-cache=1535111033089 HTTP/1.1" 200 4761
192.168.10.96 - - [24/Aug/2018:08:47:40 -0300] "POST /cormun/servlet/trsecurityusersproyecto?8a5e915f052ffdde1122f5455d73538c,3871,,gx-no-cache=1535111035948 HTTP/1.1" 200 4537
192.168.10.96 - - [24/Aug/2018:08:47:46 -0300] "GET /cormun/servlet/trsecurityuser01? HTTP/1.1" 200 7577
192.168.10.96 - - [24/Aug/2018:08:47:46 -0300] "GET /cormun/servlet/trsecurityuser01? HTTP/1.1" 200 7575
192.168.10.96 - - [24/Aug/2018:08:47:52 -0300] "GET /cormun/servlet/trsecurityuserroles2?3871, HTTP/1.1" 200 7900
192.168.10.96 - - [24/Aug/2018:08:47:52 -0300] "GET /cormun/static/gxcfg.js?201610171620670 HTTP/1.1" 200 953
192.168.10.96 - - [24/Aug/2018:08:47:52 -0300] "GET /cormun/static/trsecurityuserroles2.js?201610171620897 HTTP/1.1" 200 15414
192.168.10.96 - - [24/Aug/2018:08:47:52 -0300] "GET /cormun/servlet/trsecurityuserroles2?3871, HTTP/1.1" 200 7900
192.168.10.96 - - [24/Aug/2018:08:47:55 -0300] "POST /cormun/servlet/trsecurityuserroles2?8a5e915f052ffdde1122f5455d73538c,3871,,gx-no-cache=1535111051999 HTTP/1.1" 200 90
192.168.10.96 - - [24/Aug/2018:08:47:55 -0300] "GET /cormun/servlet/hpexe_link HTTP/1.1" 200 971
192.168.10.96 - - [24/Aug/2018:08:47:55 -0300] "GET /cormun/servlet/trsecurityuser01 HTTP/1.1" 200 7575
192.168.10.96 - - [24/Aug/2018:08:47:55 -0300] "GET /cormun/servlet/trsecurityuser01 HTTP/1.1" 200 7575
192.168.10.60 - - [24/Aug/2018:08:48:07 -0300] "GET /cormun/servlet/solicitudgral?UPD,2018,12023, HTTP/1.1" 200 12292
