192.168.10.60 - - [24/Aug/2018:08:48:07 -0300] "GET /cormun/servlet/solicitudgral?UPD,2018,12023, HTTP/1.1" 200 12301
192.168.10.60 - - [24/Aug/2018:08:48:08 -0300] "POST /cormun/servlet/solicitudgral?gx-no-cache=1535111065291 HTTP/1.1" 200 3879
192.168.10.60 - - [24/Aug/2018:08:48:08 -0300] "GET /cormun/servlet/solicitudgral?52ccb65963b5dda8bb31f8a2740aa417058d5b531e58bf81e2179c3990fbb03f104251ab4135a588da7c9741f6983a9e086be7a5538b6860cd84d82287b477bad1af63eeff04bafa0814edccb7529d6c1e439778d18038f013716dd1ee2df81fb080e117960b02e2631842e1b75bc2f026315e3e98e2f15581436f559ba52230c03745310c181418717f9709848420d28dfd2a0c222e834c61f6a2cbeb404e97ff5919b92c8e7d553ea293fb14bba7a48942e3c580bb74a22fe08002fc327e77f76efe8343ca3a0e4430b06c0d8aca940bbbf59c4e1dcf535a9c6b2973100c6d7fd0dcc784cdc0cb49852924bb4f9f557d064cd7237ef1b86b9b69d564e5af7ab364c3b9136da16950118965a7a5b559c574731cdbf4fd02103ab231f2379b77c5359579c55a767e794cc70fc6d0775b724abc7b58cd27da2689a2edebc9982b095871f18a7e390cb306327a3e1dc641,gx-no-cache=1535111065520 HTTP/1.1" 200 297
192.168.10.96 - - [24/Aug/2018:08:48:14 -0300] "GET /cormun/servlet/securityusers?UPD,3871, HTTP/1.1" 200 7806
192.168.10.96 - - [24/Aug/2018:08:48:14 -0300] "GET /cormun/servlet/securityusers?UPD,3871, HTTP/1.1" 200 7806
192.168.10.60 - - [24/Aug/2018:08:48:14 -0300] "GET /cormun/servlet/trsolicitudgral? HTTP/1.1" 200 19031
192.168.10.60 - - [24/Aug/2018:08:48:15 -0300] "GET /cormun/servlet/trsolicitudgral? HTTP/1.1" 200 19029
192.168.10.96 - - [24/Aug/2018:08:48:21 -0300] "POST /cormun/servlet/securityusers?8a5e915f052ffdde1122f5455d73538c,UPD,3871,,gx-no-cache=1535111078778 HTTP/1.1" 200 93
192.168.10.96 - - [24/Aug/2018:08:48:21 -0300] "GET /cormun/servlet/hpexe_return? HTTP/1.1" 200 1013
192.168.10.96 - - [24/Aug/2018:08:48:21 -0300] "GET /cormun/servlet/trsecurityuser01 HTTP/1.1" 200 7578
192.168.10.96 - - [24/Aug/2018:08:48:22 -0300] "GET /cormun/servlet/trsecurityuser01 HTTP/1.1" 200 7575
192.168.10.96 - - [24/Aug/2018:08:48:26 -0300] "GET /cormun/servlet/trsecurityrole? HTTP/1.1" 200 10557
192.168.10.96 - - [24/Aug/2018:08:48:26 -0300] "GET /cormun/static/gxcfg.js?20175251224777 HTTP/1.1" 200 953
192.168.10.96 - - [24/Aug/2018:08:48:26 -0300] "GET /cormun/static/trsecurityrole.js?20175251225115 HTTP/1.1" 200 15964
192.168.10.96 - - [24/Aug/2018:08:48:27 -0300] "GET /cormun/servlet/trsecurityrole? HTTP/1.1" 200 10556
192.168.10.96 - - [24/Aug/2018:08:48:33 -0300] "GET /cormun/servlet/trsecurityuser01? HTTP/1.1" 200 7575
192.168.10.96 - - [24/Aug/2018:08:48:34 -0300] "GET /cormun/servlet/trsecurityuser01? HTTP/1.1" 200 7575
192.168.10.96 - - [24/Aug/2018:08:48:37 -0300] "GET /cormun/servlet/securityusers?INS,0, HTTP/1.1" 200 7669
192.168.10.96 - - [24/Aug/2018:08:48:37 -0300] "GET /cormun/servlet/securityusers?INS,0, HTTP/1.1" 200 7668
192.168.10.96 - - [24/Aug/2018:08:48:39 -0300] "GET /cormun/servlet/trsecurityuser01? HTTP/1.1" 200 7575
192.168.10.96 - - [24/Aug/2018:08:48:39 -0300] "GET /cormun/servlet/trsecurityuser01? HTTP/1.1" 200 7575
192.168.10.60 - - [24/Aug/2018:08:48:41 -0300] "GET /cormun/servlet/solicitudgral?UPD,2018,12023, HTTP/1.1" 200 12292
192.168.10.60 - - [24/Aug/2018:08:48:42 -0300] "GET /cormun/servlet/solicitudgral?UPD,2018,12023, HTTP/1.1" 200 12301
192.168.10.60 - - [24/Aug/2018:08:48:42 -0300] "POST /cormun/servlet/solicitudgral?gx-no-cache=1535111099869 HTTP/1.1" 200 3879
192.168.10.60 - - [24/Aug/2018:08:48:42 -0300] "GET /cormun/servlet/solicitudgral?52ccb65963b5dda8bb31f8a2740aa417058d5b531e58bf81e2179c3990fbb03f104251ab4135a588da7c9741f6983a9e086be7a5538b6860cd84d82287b477bad1af63eeff04bafa0814edccb7529d6c1e439778d18038f013716dd1ee2df81fb080e117960b02e2631842e1b75bc2f026315e3e98e2f15581436f559ba52230c03745310c181418717f9709848420d28dfd2a0c222e834c61f6a2cbeb404e97ff5919b92c8e7d553ea293fb14bba7a48942e3c580bb74a22fe08002fc327e77f76efe8343ca3a0e4430b06c0d8aca940bbbf59c4e1dcf535a9c6b2973100c6d7fd0dcc784cdc0cb49852924bb4f9f557d064cd7237ef1b86b9b69d564e5af7ab364c3b9136da16950118965a7a5b559c574731cdbf4fd02103ab231f2379b77c5359579c55a767e794cc70fc6d0775b724abc7b58cd27da2689a2edebc9982b095871f18a7e390cb306327a3e1dc641,gx-no-cache=1535111100007 HTTP/1.1" 200 297
192.168.10.96 - - [24/Aug/2018:08:48:44 -0300] "GET /cormun/servlet/trsecurityusersproyecto?3871, HTTP/1.1" 200 6888
192.168.10.96 - - [24/Aug/2018:08:48:44 -0300] "GET /cormun/servlet/trsecurityusersproyecto?3871, HTTP/1.1" 200 6888
192.168.10.96 - - [24/Aug/2018:08:48:49 -0300] "POST /cormun/servlet/trsecurityusersproyecto?8a5e915f052ffdde1122f5455d73538c,3871,,gx-no-cache=1535111105964 HTTP/1.1" 200 4740
192.168.10.96 - - [24/Aug/2018:08:48:50 -0300] "POST /cormun/servlet/trsecurityusersproyecto?8a5e915f052ffdde1122f5455d73538c,3871,,gx-no-cache=1535111107820 HTTP/1.1" 200 4772
192.168.10.60 - - [24/Aug/2018:08:48:51 -0300] "GET /cormun/servlet/trsolicitudgral? HTTP/1.1" 200 19031
192.168.10.60 - - [24/Aug/2018:08:48:51 -0300] "GET /cormun/servlet/trsolicitudgral? HTTP/1.1" 200 19029
192.168.10.96 - - [24/Aug/2018:08:48:53 -0300] "POST /cormun/servlet/trsecurityusersproyecto?8a5e915f052ffdde1122f5455d73538c,3871,,gx-no-cache=1535111109979 HTTP/1.1" 200 4796
192.168.10.96 - - [24/Aug/2018:08:48:54 -0300] "POST /cormun/servlet/trsecurityusersproyecto?8a5e915f052ffdde1122f5455d73538c,3871,,gx-no-cache=1535111111851 HTTP/1.1" 200 4819
192.168.10.96 - - [24/Aug/2018:08:48:56 -0300] "POST /cormun/servlet/trsecurityusersproyecto?8a5e915f052ffdde1122f5455d73538c,3871,,gx-no-cache=1535111113915 HTTP/1.1" 200 4840
192.168.10.96 - - [24/Aug/2018:08:49:00 -0300] "POST /cormun/servlet/trsecurityusersproyecto?8a5e915f052ffdde1122f5455d73538c,3871,,gx-no-cache=1535111117579 HTTP/1.1" 200 90
192.168.10.96 - - [24/Aug/2018:08:49:00 -0300] "GET /cormun/servlet/hpexe_link HTTP/1.1" 200 973
192.168.10.96 - - [24/Aug/2018:08:49:00 -0300] "GET /cormun/servlet/trsecurityuser01 HTTP/1.1" 200 7575
192.168.10.96 - - [24/Aug/2018:08:49:01 -0300] "GET /cormun/servlet/trsecurityuser01 HTTP/1.1" 200 7575
192.168.10.96 - - [24/Aug/2018:08:49:07 -0300] "GET /cormun/servlet/securityusers?UPD,3871, HTTP/1.1" 200 7806
192.168.10.96 - - [24/Aug/2018:08:49:07 -0300] "GET /cormun/servlet/securityusers?UPD,3871, HTTP/1.1" 200 7806
186.103.158.250 - - [24/Aug/2018:08:49:15 -0300] "GET /cormun/servlet/hlogin HTTP/1.1" 200 1721
192.168.10.96 - - [24/Aug/2018:08:49:17 -0300] "POST /cormun/servlet/securityusers?8a5e915f052ffdde1122f5455d73538c,UPD,3871,,gx-no-cache=1535111133949 HTTP/1.1" 200 93
192.168.10.96 - - [24/Aug/2018:08:49:17 -0300] "GET /cormun/servlet/hpexe_return? HTTP/1.1" 200 1013
192.168.10.96 - - [24/Aug/2018:08:49:17 -0300] "GET /cormun/servlet/trsecurityuser01 HTTP/1.1" 200 7577
192.168.10.96 - - [24/Aug/2018:08:49:17 -0300] "GET /cormun/servlet/trsecurityuser01 HTTP/1.1" 200 7574
186.103.158.250 - - [24/Aug/2018:08:49:22 -0300] "POST /cormun/servlet/hlogin?36a196ac4c9f3d160cbdc123bd29240c,gx-no-cache=1535114784710 HTTP/1.1" 200 90
186.103.158.250 - - [24/Aug/2018:08:49:22 -0300] "GET /cormun/servlet/hpexe_link HTTP/1.1" 200 954
186.103.158.250 - - [24/Aug/2018:08:49:23 -0300] "GET /cormun/servlet/hhome HTTP/1.1" 200 3962
186.103.158.250 - - [24/Aug/2018:08:49:23 -0300] "GET /cormun/static/gxcfg.js?20175251212442 HTTP/1.1" 200 953
186.103.158.250 - - [24/Aug/2018:08:49:23 -0300] "GET /cormun/static/hhome.js?20175251212450 HTTP/1.1" 200 777
186.103.158.250 - - [24/Aug/2018:08:49:25 -0300] "GET /cormun/servlet/hhome HTTP/1.1" 200 3958
192.168.10.60 - - [24/Aug/2018:08:49:41 -0300] "GET /cormun/servlet/solicitudgral?UPD,2018,12023, HTTP/1.1" 200 12292
192.168.10.60 - - [24/Aug/2018:08:49:42 -0300] "GET /cormun/servlet/solicitudgral?UPD,2018,12023, HTTP/1.1" 200 12301
192.168.10.60 - - [24/Aug/2018:08:49:42 -0300] "POST /cormun/servlet/solicitudgral?gx-no-cache=1535111159710 HTTP/1.1" 200 3879
192.168.10.60 - - [24/Aug/2018:08:49:42 -0300] "GET /cormun/servlet/solicitudgral?52ccb65963b5dda8bb31f8a2740aa417058d5b531e58bf81e2179c3990fbb03f104251ab4135a588da7c9741f6983a9e086be7a5538b6860cd84d82287b477bad1af63eeff04bafa0814edccb7529d6c1e439778d18038f013716dd1ee2df81fb080e117960b02e2631842e1b75bc2f026315e3e98e2f15581436f559ba52230c03745310c181418717f9709848420d28dfd2a0c222e834c61f6a2cbeb404e97ff5919b92c8e7d553ea293fb14bba7a48942e3c580bb74a22fe08002fc327e77f76efe8343ca3a0e4430b06c0d8aca940bbbf59c4e1dcf535a9c6b2973100c6d7fd0dcc784cdc0cb49852924bb4f9f557d064cd7237ef1b86b9b69d564e5af7ab364c3b9136da16950118965a7a5b559c574731cdbf4fd02103ab231f2379b77c5359579c55a767e794cc70fc6d0775b724abc7b58cd27da2689a2edebc9982b095871f18a7e390cb306327a3e1dc641,gx-no-cache=1535111159842 HTTP/1.1" 200 297
192.168.10.96 - - [24/Aug/2018:08:49:48 -0300] "GET /cormun/servlet/hlogin HTTP/1.1" 200 1742
192.168.10.96 - - [24/Aug/2018:08:49:56 -0300] "POST /cormun/servlet/hlogin?8a5e915f052ffdde1122f5455d73538c,gx-no-cache=1535111173708 HTTP/1.1" 200 453
192.168.10.96 - - [24/Aug/2018:08:50:02 -0300] "POST /cormun/servlet/hlogin?8a5e915f052ffdde1122f5455d73538c,gx-no-cache=1535111179171 HTTP/1.1" 200 453
192.168.10.96 - - [24/Aug/2018:08:50:02 -0300] "POST /cormun/servlet/hlogin?8a5e915f052ffdde1122f5455d73538c,gx-no-cache=1535111179755 HTTP/1.1" 200 452
192.168.10.96 - - [24/Aug/2018:08:50:02 -0300] "POST /cormun/servlet/hlogin?8a5e915f052ffdde1122f5455d73538c,gx-no-cache=1535111179898 HTTP/1.1" 200 452
192.168.10.96 - - [24/Aug/2018:08:50:03 -0300] "POST /cormun/servlet/hlogin?8a5e915f052ffdde1122f5455d73538c,gx-no-cache=1535111180178 HTTP/1.1" 200 452
192.168.10.96 - - [24/Aug/2018:08:50:09 -0300] "POST /cormun/servlet/hlogin?8a5e915f052ffdde1122f5455d73538c,gx-no-cache=1535111186578 HTTP/1.1" 200 90
192.168.10.96 - - [24/Aug/2018:08:50:09 -0300] "GET /cormun/servlet/hpexe_link HTTP/1.1" 200 964
192.168.10.96 - - [24/Aug/2018:08:50:09 -0300] "GET /cormun/servlet/trsecurityuser01 HTTP/1.1" 200 7575
192.168.10.96 - - [24/Aug/2018:08:50:10 -0300] "GET /cormun/servlet/trsecurityuser01 HTTP/1.1" 200 7574
192.168.10.60 - - [24/Aug/2018:08:50:13 -0300] "GET /cormun/servlet/trsolicitudgral? HTTP/1.1" 200 19031
192.168.10.60 - - [24/Aug/2018:08:50:13 -0300] "GET /cormun/servlet/trsolicitudgral? HTTP/1.1" 200 19029
192.168.10.96 - - [24/Aug/2018:08:50:24 -0300] "POST /cormun/servlet/trsecurityuser01?8a5e915f052ffdde1122f5455d73538c,gx-no-cache=1535111201033 HTTP/1.1" 200 4444
192.168.10.96 - - [24/Aug/2018:08:50:24 -0300] "POST /cormun/servlet/trsecurityuser01?8a5e915f052ffdde1122f5455d73538c,gx-no-cache=1535111201723 HTTP/1.1" 200 4445
192.168.10.96 - - [24/Aug/2018:08:50:29 -0300] "POST /cormun/servlet/trsecurityuser01?8a5e915f052ffdde1122f5455d73538c,gx-no-cache=1535111206459 HTTP/1.1" 200 4451
192.168.10.96 - - [24/Aug/2018:08:50:30 -0300] "POST /cormun/servlet/trsecurityuser01?8a5e915f052ffdde1122f5455d73538c,gx-no-cache=1535111207085 HTTP/1.1" 200 4451
192.168.10.96 - - [24/Aug/2018:08:50:30 -0300] "POST /cormun/servlet/trsecurityuser01?8a5e915f052ffdde1122f5455d73538c,gx-no-cache=1535111207331 HTTP/1.1" 200 4451
192.168.10.96 - - [24/Aug/2018:08:50:32 -0300] "POST /cormun/servlet/trsecurityuser01?8a5e915f052ffdde1122f5455d73538c,gx-no-cache=1535111209835 HTTP/1.1" 200 10022
186.103.158.250 - - [24/Aug/2018:08:50:38 -0300] "GET /cormun/servlet/trpermisosgoce? HTTP/1.1" 200 8744
186.103.158.250 - - [24/Aug/2018:08:50:39 -0300] "GET /cormun/servlet/trpermisosgoce? HTTP/1.1" 200 8742
192.168.10.96 - - [24/Aug/2018:08:50:42 -0300] "POST /cormun/servlet/trsecurityuser01?8a5e915f052ffdde1122f5455d73538c,gx-no-cache=1535111219663 HTTP/1.1" 200 10556
186.103.158.250 - - [24/Aug/2018:08:50:42 -0300] "GET /cormun/servlet/trlicencias? HTTP/1.1" 200 10595
192.168.10.96 - - [24/Aug/2018:08:50:43 -0300] "GET /cormun/static/Resources/PXToolsGridFirst.gif HTTP/1.1" 200 379
192.168.10.96 - - [24/Aug/2018:08:50:43 -0300] "GET /cormun/static/Resources/PXToolsGridPrevious.gif HTTP/1.1" 200 369
186.103.158.250 - - [24/Aug/2018:08:50:44 -0300] "GET /cormun/servlet/trlicencias? HTTP/1.1" 200 10594
192.168.10.96 - - [24/Aug/2018:08:51:09 -0300] "POST /cormun/servlet/trsecurityuser01?8a5e915f052ffdde1122f5455d73538c,gx-no-cache=1535111246740 HTTP/1.1" 200 8687
186.103.158.250 - - [24/Aug/2018:08:51:28 -0300] "GET /cormun/servlet/licenciaspermisos?INS,0,,, HTTP/1.1" 200 7497
186.103.158.250 - - [24/Aug/2018:08:51:29 -0300] "GET /cormun/servlet/licenciaspermisos?INS,0,,, HTTP/1.1" 200 7495
186.103.158.250 - - [24/Aug/2018:08:51:31 -0300] "GET /cormun/servlet/licenciaspermisos?52ef8395c8abac7bf53ddffbeb23514e1843ab71b286d6b667f5f133151d9e2bc00ac70c81282a0d7dc039d768d86d87,gx-no-cache=1535114913393 HTTP/1.1" 200 180
186.103.158.250 - - [24/Aug/2018:08:51:31 -0300] "GET /cormun/static/Shared/jqueryui/images/ui-bg_highlight-soft_100_c6c2c8_1x100.png HTTP/1.1" 404 1117
186.103.158.250 - - [24/Aug/2018:08:51:31 -0300] "GET /cormun/static/Shared/jqueryui/images/ui-icons_82798d_256x240.png HTTP/1.1" 404 1089
186.103.158.250 - - [24/Aug/2018:08:51:31 -0300] "GET /cormun/static/Shared/jqueryui/images/ui-bg_flat_55_994d53_40x100.png HTTP/1.1" 404 1097
186.103.158.250 - - [24/Aug/2018:08:51:31 -0300] "GET /cormun/static/Shared/jqueryui/images/ui-icons_ebccce_256x240.png HTTP/1.1" 404 1089
192.168.10.96 - - [24/Aug/2018:08:51:37 -0300] "GET /cormun/servlet/securityusers?UPD,3848, HTTP/1.1" 200 7781
192.168.10.96 - - [24/Aug/2018:08:51:37 -0300] "GET /cormun/servlet/securityusers?UPD,3848, HTTP/1.1" 200 7781
192.168.10.96 - - [24/Aug/2018:08:51:42 -0300] "GET /cormun/servlet/trsecurityuser01 HTTP/1.1" 200 10975
192.168.10.96 - - [24/Aug/2018:08:51:43 -0300] "GET /cormun/servlet/trsecurityuser01 HTTP/1.1" 200 10973
192.168.10.96 - - [24/Aug/2018:08:51:51 -0300] "GET /cormun/servlet/trsecurityusersproyecto?3848, HTTP/1.1" 200 7082
192.168.10.96 - - [24/Aug/2018:08:51:51 -0300] "GET /cormun/servlet/trsecurityusersproyecto?3848, HTTP/1.1" 200 7082
192.168.10.96 - - [24/Aug/2018:08:51:53 -0300] "POST /cormun/servlet/trsecurityusersproyecto?8a5e915f052ffdde1122f5455d73538c,3848,,gx-no-cache=1535111290872 HTTP/1.1" 200 90
192.168.10.96 - - [24/Aug/2018:08:51:53 -0300] "GET /cormun/servlet/hpexe_link HTTP/1.1" 200 974
192.168.10.96 - - [24/Aug/2018:08:51:54 -0300] "GET /cormun/servlet/trsecurityuser01 HTTP/1.1" 200 10975
192.168.10.96 - - [24/Aug/2018:08:51:54 -0300] "GET /cormun/servlet/trsecurityuser01 HTTP/1.1" 200 10973
192.168.10.96 - - [24/Aug/2018:08:52:02 -0300] "GET /cormun/servlet/trsecurityuserroles2?3848, HTTP/1.1" 200 8078
192.168.10.96 - - [24/Aug/2018:08:52:03 -0300] "GET /cormun/servlet/trsecurityuserroles2?3848, HTTP/1.1" 200 8083
192.168.10.96 - - [24/Aug/2018:08:52:06 -0300] "POST /cormun/servlet/trsecurityuserroles2?8a5e915f052ffdde1122f5455d73538c,3848,,gx-no-cache=1535111303605 HTTP/1.1" 200 90
192.168.10.96 - - [24/Aug/2018:08:52:06 -0300] "GET /cormun/servlet/hpexe_link HTTP/1.1" 200 972
192.168.10.96 - - [24/Aug/2018:08:52:06 -0300] "GET /cormun/servlet/trsecurityuser01 HTTP/1.1" 200 10975
192.168.10.96 - - [24/Aug/2018:08:52:07 -0300] "GET /cormun/servlet/trsecurityuser01 HTTP/1.1" 200 10973
186.103.158.250 - - [24/Aug/2018:08:52:08 -0300] "GET /cormun/servlet/licenciaspermisos?52ef8395c8abac7bf53ddffbeb23514e79a8355256b16766065eea1a176363e275e85a2bcc1389696805d2b55cf2f12c,gx-no-cache=1535114950284 HTTP/1.1" 200 73
186.103.158.250 - - [24/Aug/2018:08:52:08 -0300] "POST /cormun/servlet/licenciaspermisos?36a196ac4c9f3d160cbdc123bd29240c,INS,0,,,,gx-no-cache=1535114950482 HTTP/1.1" 200 4672
192.168.10.96 - - [24/Aug/2018:08:52:12 -0300] "GET /cormun/servlet/trsecurityuserroles2?3871, HTTP/1.1" 200 7900
192.168.10.96 - - [24/Aug/2018:08:52:12 -0300] "GET /cormun/servlet/trsecurityuserroles2?3871, HTTP/1.1" 200 7900
192.168.10.96 - - [24/Aug/2018:08:52:15 -0300] "POST /cormun/servlet/trsecurityuserroles2?8a5e915f052ffdde1122f5455d73538c,3871,,gx-no-cache=1535111312710 HTTP/1.1" 200 5527
192.168.10.96 - - [24/Aug/2018:08:52:15 -0300] "GET /cormun/static/Shared/jqueryui/images/ui-bg_highlight-soft_100_c6c2c8_1x100.png HTTP/1.1" 404 1117
192.168.10.96 - - [24/Aug/2018:08:52:15 -0300] "GET /cormun/static/Shared/jqueryui/images/ui-icons_82798d_256x240.png HTTP/1.1" 404 1089
192.168.10.96 - - [24/Aug/2018:08:52:15 -0300] "GET /cormun/static/Shared/jqueryui/images/ui-bg_flat_55_fafafa_40x100.png HTTP/1.1" 404 1097
192.168.10.96 - - [24/Aug/2018:08:52:15 -0300] "GET /cormun/static/Shared/jqueryui/images/ui-icons_8d78a5_256x240.png HTTP/1.1" 404 1089
192.168.10.96 - - [24/Aug/2018:08:52:19 -0300] "POST /cormun/servlet/trsecurityuserroles2?8a5e915f052ffdde1122f5455d73538c,3871,,gx-no-cache=1535111316765 HTTP/1.1" 200 5244
186.103.159.204 - - [24/Aug/2018:08:52:23 -0300] "GET /cormun/servlet/hlogin HTTP/1.1" 200 1726
186.103.159.204 - - [24/Aug/2018:08:52:23 -0300] "GET /cormun/servlet/hlogin HTTP/1.1" 200 1729
186.103.159.204 - - [24/Aug/2018:08:52:25 -0300] "POST /cormun/servlet/hlogin?07afc3042857221b966cf0b0841ecaba,gx-no-cache=1535111461672 HTTP/1.1" 200 90
186.103.159.204 - - [24/Aug/2018:08:52:25 -0300] "GET /cormun/servlet/hpexe_link HTTP/1.1" 200 952
186.103.159.204 - - [24/Aug/2018:08:52:25 -0300] "GET /cormun/servlet/hhome HTTP/1.1" 200 3919
186.103.159.204 - - [24/Aug/2018:08:52:25 -0300] "GET /cormun/servlet/hhome HTTP/1.1" 200 3915
186.103.158.250 - - [24/Aug/2018:08:52:29 -0300] "GET /cormun/static/menuarrow.gif HTTP/1.1" 404 1015
192.168.10.96 - - [24/Aug/2018:08:52:35 -0300] "POST /cormun/servlet/trsecurityuserroles2?8a5e915f052ffdde1122f5455d73538c,3871,,gx-no-cache=1535111332099 HTTP/1.1" 200 5499
192.168.10.96 - - [24/Aug/2018:08:52:37 -0300] "POST /cormun/servlet/trsecurityuserroles2?8a5e915f052ffdde1122f5455d73538c,3871,,gx-no-cache=1535111334580 HTTP/1.1" 200 5252
186.103.158.250 - - [24/Aug/2018:08:52:47 -0300] "POST /cormun/servlet/licenciaspermisos?36a196ac4c9f3d160cbdc123bd29240c,INS,0,,,,gx-no-cache=1535114989762 HTTP/1.1" 200 4863
192.168.10.96 - - [24/Aug/2018:08:52:57 -0300] "POST /cormun/servlet/trsecurityuserroles2?8a5e915f052ffdde1122f5455d73538c,3871,,gx-no-cache=1535111354261 HTTP/1.1" 200 5502
192.168.10.96 - - [24/Aug/2018:08:53:11 -0300] "POST /cormun/servlet/trsecurityuserroles2?8a5e915f052ffdde1122f5455d73538c,3871,,gx-no-cache=1535111368014 HTTP/1.1" 200 5546
192.168.10.89 - - [24/Aug/2018:08:53:24 -0300] "GET /digitalizacion/servlet/wblogin? HTTP/1.1" 200 2312
192.168.10.89 - - [24/Aug/2018:08:53:24 -0300] "GET /digitalizacion/servlet/wblogin? HTTP/1.1" 200 2323
186.103.158.250 - - [24/Aug/2018:08:53:25 -0300] "GET /cormun/servlet/licenciaspermisos?52ef8395c8abac7bf53ddffbeb23514e4f452bc8c1bd2f789ed47d803aa624faed65a7c8ac032ad130e0a71167e522bce3f535b7da8a34a0926f25dc7c21db88467c0ed7aa1792f20ae83c30b4eb0c6fb847bc33ae693122d6a8849db347b6bfd375a6d9e598c90e7834f3945ce4f172bba76749e865263387c3e71c33ae291d9fd190bf83be69075f1a03735f6ec4750edada1a47cb73a35892d1c8e13caa676f26c9510ffb5a58981b311beeecf871f27cd4417f5f19d54e9ea4b23cd97fef07b8b1aec5ce5b436cdd5890d4a8fe872b9ba7a6feccf04f6337014973baa360,gx-no-cache=1535115027296 HTTP/1.1" 200 30
186.103.158.250 - - [24/Aug/2018:08:53:25 -0300] "POST /cormun/servlet/licenciaspermisos?36a196ac4c9f3d160cbdc123bd29240c,INS,0,,,,gx-no-cache=1535115027351 HTTP/1.1" 200 4717
192.168.10.96 - - [24/Aug/2018:08:53:25 -0300] "POST /cormun/servlet/trsecurityuserroles2?8a5e915f052ffdde1122f5455d73538c,3871,,gx-no-cache=1535111382901 HTTP/1.1" 200 5583
192.168.10.96 - - [24/Aug/2018:08:53:28 -0300] "POST /cormun/servlet/trsecurityuserroles2?8a5e915f052ffdde1122f5455d73538c,3871,,gx-no-cache=1535111385501 HTTP/1.1" 200 5619
192.168.10.89 - - [24/Aug/2018:08:53:29 -0300] "POST /digitalizacion/servlet/wblogin?7566da8f9fc9fd56a5363d96cec993e8,,gx-no-cache=1535111386398 HTTP/1.1" 200 65
192.168.10.89 - - [24/Aug/2018:08:53:29 -0300] "GET /digitalizacion/servlet/hhome HTTP/1.1" 200 2821
192.168.10.89 - - [24/Aug/2018:08:53:30 -0300] "GET /digitalizacion/servlet/hhome HTTP/1.1" 200 2819
192.168.10.89 - - [24/Aug/2018:08:53:31 -0300] "GET /digitalizacion/servlet/wblogin? HTTP/1.1" 200 2323
192.168.10.89 - - [24/Aug/2018:08:53:38 -0300] "POST /digitalizacion/servlet/wblogin?7566da8f9fc9fd56a5363d96cec993e8,,gx-no-cache=1535111395828 HTTP/1.1" 200 65
192.168.10.89 - - [24/Aug/2018:08:53:38 -0300] "GET /digitalizacion/servlet/hhome HTTP/1.1" 200 2825
192.168.10.89 - - [24/Aug/2018:08:53:39 -0300] "GET /digitalizacion/servlet/hhome HTTP/1.1" 200 2823
192.168.10.89 - - [24/Aug/2018:08:53:41 -0300] "GET /digitalizacion/servlet/trdocumentos? HTTP/1.1" 200 9942
192.168.10.89 - - [24/Aug/2018:08:53:42 -0300] "GET /digitalizacion/servlet/trdocumentos? HTTP/1.1" 200 9939
192.168.10.89 - - [24/Aug/2018:08:53:42 -0300] "POST /digitalizacion/servlet/trdocumentos?gx-no-cache=1535111399438 HTTP/1.1" 200 362
192.168.10.89 - - [24/Aug/2018:08:53:42 -0300] "POST /digitalizacion/servlet/trdocumentos?gx-no-cache=1535111399481 HTTP/1.1" 200 78
192.168.10.89 - - [24/Aug/2018:08:53:49 -0300] "POST /digitalizacion/servlet/trdocumentos?7566da8f9fc9fd56a5363d96cec993e8,,gx-no-cache=1535111406516 HTTP/1.1" 200 3255
192.168.10.89 - - [24/Aug/2018:08:53:51 -0300] "GET /digitalizacion/servlet/wbadjunto?17127,PU HTTP/1.1" 302 -
192.168.10.89 - - [24/Aug/2018:08:53:51 -0300] "GET /digitalizacion/PublicTempStorage/2229241.tmp HTTP/1.1" 200 850095
192.168.10.96 - - [24/Aug/2018:08:53:52 -0300] "POST /cormun/servlet/trsecurityuserroles2?8a5e915f052ffdde1122f5455d73538c,3871,,gx-no-cache=1535111409238 HTTP/1.1" 200 5658
192.168.10.96 - - [24/Aug/2018:08:54:18 -0300] "POST /cormun/servlet/trsecurityuserroles2?8a5e915f052ffdde1122f5455d73538c,3871,,gx-no-cache=1535111434963 HTTP/1.1" 200 5694
192.168.10.96 - - [24/Aug/2018:08:54:22 -0300] "POST /cormun/servlet/trsecurityuserroles2?8a5e915f052ffdde1122f5455d73538c,3871,,gx-no-cache=1535111439019 HTTP/1.1" 200 5732
192.168.10.96 - - [24/Aug/2018:08:54:27 -0300] "POST /cormun/servlet/trsecurityuserroles2?8a5e915f052ffdde1122f5455d73538c,3871,,gx-no-cache=1535111444165 HTTP/1.1" 200 90
192.168.10.96 - - [24/Aug/2018:08:54:27 -0300] "GET /cormun/servlet/hpexe_link HTTP/1.1" 200 971
192.168.10.96 - - [24/Aug/2018:08:54:27 -0300] "GET /cormun/servlet/trsecurityuser01 HTTP/1.1" 200 10975
192.168.10.96 - - [24/Aug/2018:08:54:28 -0300] "GET /cormun/servlet/trsecurityuser01 HTTP/1.1" 200 10973
192.168.10.96 - - [24/Aug/2018:08:54:32 -0300] "GET /cormun/servlet/securityusers?UPD,3871, HTTP/1.1" 200 7812
192.168.10.96 - - [24/Aug/2018:08:54:33 -0300] "GET /cormun/servlet/securityusers?UPD,3871, HTTP/1.1" 200 7812
192.168.10.96 - - [24/Aug/2018:08:54:45 -0300] "POST /cormun/servlet/securityusers?8a5e915f052ffdde1122f5455d73538c,UPD,3871,,gx-no-cache=1535111462175 HTTP/1.1" 200 93
192.168.10.96 - - [24/Aug/2018:08:54:45 -0300] "GET /cormun/servlet/hpexe_return? HTTP/1.1" 200 1013
192.168.10.96 - - [24/Aug/2018:08:54:45 -0300] "GET /cormun/servlet/trsecurityuser01 HTTP/1.1" 200 10980
192.168.10.96 - - [24/Aug/2018:08:54:45 -0300] "GET /cormun/servlet/trsecurityuser01 HTTP/1.1" 200 10976
192.168.10.96 - - [24/Aug/2018:08:54:48 -0300] "GET /cormun/servlet/hlogin HTTP/1.1" 200 1742
192.168.10.89 - - [24/Aug/2018:08:54:55 -0300] "GET /digitalizacion/servlet/wblogin? HTTP/1.1" 200 2349
192.168.10.96 - - [24/Aug/2018:08:54:59 -0300] "POST /cormun/servlet/hlogin?8a5e915f052ffdde1122f5455d73538c,gx-no-cache=1535111476036 HTTP/1.1" 200 90
192.168.10.96 - - [24/Aug/2018:08:54:59 -0300] "GET /cormun/servlet/hpexe_link HTTP/1.1" 200 956
192.168.10.96 - - [24/Aug/2018:08:54:59 -0300] "GET /cormun/servlet/hhome HTTP/1.1" 200 3746
192.168.10.96 - - [24/Aug/2018:08:54:59 -0300] "GET /cormun/servlet/hhome HTTP/1.1" 200 3745
186.67.164.142 - - [24/Aug/2018:08:55:12 -0300] "GET /cormun/servlet/hlogin HTTP/1.1" 200 1725
186.67.164.142 - - [24/Aug/2018:08:55:13 -0300] "GET /cormun/servlet/hlogin HTTP/1.1" 200 1736
186.67.164.142 - - [24/Aug/2018:08:55:20 -0300] "POST /cormun/servlet/hlogin?4bda1d2118ab8e404013add8f6489141,gx-no-cache=1535111642706 HTTP/1.1" 200 90
186.67.164.142 - - [24/Aug/2018:08:55:20 -0300] "GET /cormun/servlet/hpexe_link HTTP/1.1" 200 955
186.67.164.142 - - [24/Aug/2018:08:55:20 -0300] "GET /cormun/servlet/hhome HTTP/1.1" 200 3985
186.67.164.142 - - [24/Aug/2018:08:55:21 -0300] "GET /cormun/servlet/hhome HTTP/1.1" 200 3982
186.67.164.142 - - [24/Aug/2018:08:55:25 -0300] "GET /cormun/servlet/trlicencias? HTTP/1.1" 200 10510
186.67.164.142 - - [24/Aug/2018:08:55:26 -0300] "GET /cormun/servlet/trlicencias? HTTP/1.1" 200 10507
186.67.164.142 - - [24/Aug/2018:08:55:30 -0300] "GET /cormun/servlet/licenciaspermisos?INS,0,,, HTTP/1.1" 200 7514
186.67.164.142 - - [24/Aug/2018:08:55:31 -0300] "GET /cormun/static/gxcfg.js?201762917281167 HTTP/1.1" 200 953
186.67.164.142 - - [24/Aug/2018:08:55:31 -0300] "GET /cormun/servlet/licenciaspermisos?INS,0,,, HTTP/1.1" 200 7512
186.67.164.142 - - [24/Aug/2018:08:55:39 -0300] "GET /cormun/servlet/licenciaspermisos?895c57f8975eac9301e8a119b539b7db88fc9fd71985fc542791e8898df750b83e3c65cf9153e0096e56f1c0ec9d33ea,gx-no-cache=1535111662466 HTTP/1.1" 200 90
186.67.164.142 - - [24/Aug/2018:08:55:40 -0300] "POST /cormun/servlet/licenciaspermisos?4bda1d2118ab8e404013add8f6489141,INS,0,,,,gx-no-cache=1535111662688 HTTP/1.1" 200 4703
192.168.10.96 - - [24/Aug/2018:08:55:44 -0300] "GET /cormun/servlet/hlogin HTTP/1.1" 200 1735
192.168.10.96 - - [24/Aug/2018:08:55:54 -0300] "POST /cormun/servlet/hlogin?8a5e915f052ffdde1122f5455d73538c,gx-no-cache=1535111531599 HTTP/1.1" 200 90
192.168.10.96 - - [24/Aug/2018:08:55:54 -0300] "GET /cormun/servlet/hpexe_link HTTP/1.1" 200 956
192.168.10.96 - - [24/Aug/2018:08:55:54 -0300] "GET /cormun/servlet/hhome HTTP/1.1" 200 3746
192.168.10.96 - - [24/Aug/2018:08:55:55 -0300] "GET /cormun/servlet/hhome HTTP/1.1" 200 3745
186.67.164.142 - - [24/Aug/2018:08:56:04 -0300] "GET /cormun/static/menuarrow.gif HTTP/1.1" 404 1015
186.103.158.250 - - [24/Aug/2018:08:56:12 -0300] "GET /cormun/servlet/licenciaspermisos?52ef8395c8abac7bf53ddffbeb23514e8018c5f1d978e68b84967dc6c402d7d5fe3ac80c067dfad8deb346b6ab15827bcedc4ca209dfec8c8f3ecc0e4d42608bf238d691c7fe879297f0a3ed03ab517c7917d9a3da6fdd56cb180eef3ff4c74c9a88f7450cbdb3b09d189b172a282f5f457120704bb73f6676a3f4b40f20ce5236f0c46e8b4272439eb7d43a01ccaa8c1fe189902cecc221fd81b50953e6105c14e4be43eb30c8b4fb35cd0da9a294061a6687971a1f8e88a3940ed5394f2fdbc7c45def2bd9866affea6eeb36acc048a3b9a1f52e0c02070717c0ff4235659a29a4323c4afefc5ec317cd9a45192228,gx-no-cache=1535115194155 HTTP/1.1" 200 58
192.168.10.96 - - [24/Aug/2018:08:57:14 -0300] "GET /cormun/servlet/trsolicitudgral? HTTP/1.1" 500 10
192.168.10.96 - - [24/Aug/2018:08:57:19 -0300] "GET /cormun/servlet/hlogin HTTP/1.1" 200 1723
192.168.10.96 - - [24/Aug/2018:08:57:20 -0300] "GET /cormun/servlet/hlogin HTTP/1.1" 200 1723
192.168.10.96 - - [24/Aug/2018:08:57:26 -0300] "POST /cormun/servlet/hlogin?8a5e915f052ffdde1122f5455d73538c,gx-no-cache=1535111623620 HTTP/1.1" 200 90
192.168.10.96 - - [24/Aug/2018:08:57:26 -0300] "GET /cormun/servlet/hpexe_link HTTP/1.1" 200 956
192.168.10.96 - - [24/Aug/2018:08:57:26 -0300] "GET /cormun/servlet/hhome HTTP/1.1" 200 3746
192.168.10.96 - - [24/Aug/2018:08:57:27 -0300] "GET /cormun/servlet/hhome HTTP/1.1" 200 3745
192.168.10.96 - - [24/Aug/2018:08:57:28 -0300] "GET /cormun/servlet/trsolicitudgral? HTTP/1.1" 500 10
192.168.10.96 - - [24/Aug/2018:08:57:30 -0300] "GET /cormun/servlet/hlogin HTTP/1.1" 200 1723
192.168.10.96 - - [24/Aug/2018:08:57:31 -0300] "GET /cormun/servlet/hlogin HTTP/1.1" 200 1723
192.168.10.96 - - [24/Aug/2018:08:57:36 -0300] "POST /cormun/servlet/hlogin?8a5e915f052ffdde1122f5455d73538c,gx-no-cache=1535111633018 HTTP/1.1" 200 90
192.168.10.96 - - [24/Aug/2018:08:57:36 -0300] "GET /cormun/servlet/hpexe_link HTTP/1.1" 200 956
192.168.10.96 - - [24/Aug/2018:08:57:36 -0300] "GET /cormun/servlet/hhome HTTP/1.1" 200 4723
186.67.164.142 - - [24/Aug/2018:08:57:36 -0300] "GET /cormun/servlet/licenciaspermisos?895c57f8975eac9301e8a119b539b7db37ff7bfc859751811ceb8e55140f6b6ca75f411fbcb31e833b1ca951561ed1384dcab8065d6f2bffa067d542b1ac4247b2b2edafb929f3eb10e4c1651a9cf7d4d251e717aa785320dd6f9d2bb8bf30b4872b036c10088f57d9dac19f64335b3194d9a95e1bedf2f7639ca714fe966b6fb9d101e437378d1760a10173a9d906cba13496965d0a6a1a44fdf97250b7fa9765b70c9e6b9da46e82367ef99f7a2299,gx-no-cache=1535111778548 HTTP/1.1" 200 30
186.67.164.142 - - [24/Aug/2018:08:57:36 -0300] "GET /cormun/servlet/licenciaspermisos?895c57f8975eac9301e8a119b539b7db48f69a1cb3cb5ec02fa537a548e74f61ebe3bf8f140fa6a0d773aa29d3c42c704535e61bdb95be00fe1578636303b414707073bc13e43ab300eca4e72d1f31ed7c2568ba698912b627c5efe701dec7e8b9e854e1a5f87a952de380d7b50af07271936b8143975a4ade783703dcbc273e2439a745a03c0303fd3cde9ce34fa7f45cb36c3f77f9c3a01bbb4825bb90988f303aa4168c062655afc9ca1b1d8f2e13,gx-no-cache=1535111779025 HTTP/1.1" 200 29
192.168.10.96 - - [24/Aug/2018:08:57:36 -0300] "GET /cormun/servlet/hhome HTTP/1.1" 200 4721
186.67.164.142 - - [24/Aug/2018:08:57:36 -0300] "POST /cormun/servlet/licenciaspermisos?4bda1d2118ab8e404013add8f6489141,INS,0,,,,gx-no-cache=1535111779129 HTTP/1.1" 200 93
186.67.164.142 - - [24/Aug/2018:08:57:36 -0300] "GET /cormun/servlet/hpexe_return? HTTP/1.1" 200 1017
186.67.164.142 - - [24/Aug/2018:08:57:37 -0300] "GET /cormun/servlet/trlicencias HTTP/1.1" 200 10964
186.67.164.142 - - [24/Aug/2018:08:57:38 -0300] "GET /cormun/servlet/trlicencias HTTP/1.1" 200 10964
192.168.10.96 - - [24/Aug/2018:08:57:41 -0300] "GET /cormun/servlet/trsecurityuser01? HTTP/1.1" 200 10974
192.168.10.96 - - [24/Aug/2018:08:57:41 -0300] "GET /cormun/servlet/trsecurityuser01? HTTP/1.1" 200 10972
186.67.164.142 - - [24/Aug/2018:08:57:42 -0300] "GET /cormun/servlet/trlicenciaspermisosadjuntos?11672855,20180824000000,L, HTTP/1.1" 200 6327
186.67.164.142 - - [24/Aug/2018:08:57:42 -0300] "GET /cormun/servlet/trlicenciaspermisosadjuntos?11672855,20180824000000,L, HTTP/1.1" 200 6327
186.67.164.142 - - [24/Aug/2018:08:57:44 -0300] "GET /cormun/servlet/licenciaspermisosadjuntos?INS,11672855,L,20180824000000,, HTTP/1.1" 200 5626
186.67.164.142 - - [24/Aug/2018:08:57:44 -0300] "GET /cormun/static/gxcfg.js?2017761263592 HTTP/1.1" 200 953
186.67.164.142 - - [24/Aug/2018:08:57:44 -0300] "GET /cormun/static/about:blank HTTP/1.1" 404 1011
186.67.164.142 - - [24/Aug/2018:08:57:44 -0300] "GET /cormun/servlet/licenciaspermisosadjuntos?INS,11672855,L,20180824000000,, HTTP/1.1" 200 5615
192.168.10.96 - - [24/Aug/2018:08:57:46 -0300] "POST /cormun/servlet/trsecurityuser01?8a5e915f052ffdde1122f5455d73538c,,gx-no-cache=1535111643628 HTTP/1.1" 200 4448
192.168.10.96 - - [24/Aug/2018:08:57:50 -0300] "POST /cormun/servlet/trsecurityuser01?8a5e915f052ffdde1122f5455d73538c,,gx-no-cache=1535111647195 HTTP/1.1" 200 10015
186.67.164.142 - - [24/Aug/2018:08:57:55 -0300] "POST /cormun/servlet/licenciaspermisosadjuntos?4bda1d2118ab8e404013add8f6489141,INS,11672855,L,20180824000000,, HTTP/1.1" 200 116
186.67.164.142 - - [24/Aug/2018:08:57:55 -0300] "GET /cormun/servlet/hpexe_return? HTTP/1.1" 200 1048
186.67.164.142 - - [24/Aug/2018:08:57:56 -0300] "GET /cormun/servlet/trlicenciaspermisosadjuntos?11672855,20180824000000,L, HTTP/1.1" 200 6811
186.67.164.142 - - [24/Aug/2018:08:57:56 -0300] "GET /cormun/servlet/trlicenciaspermisosadjuntos?11672855,20180824000000,L, HTTP/1.1" 200 6807
186.67.164.142 - - [24/Aug/2018:08:57:59 -0300] "POST /cormun/servlet/trlicenciaspermisosadjuntos?4bda1d2118ab8e404013add8f6489141,11672855,20180824000000,L,,gx-no-cache=1535111801913 HTTP/1.1" 200 90
186.67.164.142 - - [24/Aug/2018:08:57:59 -0300] "GET /cormun/servlet/hpexe_link HTTP/1.1" 200 988
186.67.164.142 - - [24/Aug/2018:08:57:59 -0300] "GET /cormun/servlet/trlicencias HTTP/1.1" 200 10966
186.67.164.142 - - [24/Aug/2018:08:58:00 -0300] "GET /cormun/servlet/trlicencias HTTP/1.1" 200 10959
192.168.10.96 - - [24/Aug/2018:08:58:07 -0300] "POST /cormun/servlet/trsecurityuser01?8a5e915f052ffdde1122f5455d73538c,,gx-no-cache=1535111663947 HTTP/1.1" 200 10547
192.168.10.96 - - [24/Aug/2018:08:58:16 -0300] "GET /cormun/servlet/securityusers?UPD,3867, HTTP/1.1" 200 7810
192.168.10.96 - - [24/Aug/2018:08:58:17 -0300] "GET /cormun/servlet/securityusers?UPD,3867, HTTP/1.1" 200 7809
186.67.164.142 - - [24/Aug/2018:08:58:22 -0300] "GET /cormun/servlet/alicenciaprn?11672855,L,20180824000000,PU HTTP/1.1" 200 1529
192.168.10.96 - - [24/Aug/2018:08:58:22 -0300] "POST /cormun/servlet/securityusers?8a5e915f052ffdde1122f5455d73538c,UPD,3867,,gx-no-cache=1535111679465 HTTP/1.1" 200 90
192.168.10.96 - - [24/Aug/2018:08:58:22 -0300] "GET /cormun/servlet/hpexe_link HTTP/1.1" 200 973
192.168.10.96 - - [24/Aug/2018:08:58:22 -0300] "GET /cormun/servlet/trsecurityuser01? HTTP/1.1" 200 12739
192.168.10.96 - - [24/Aug/2018:08:58:23 -0300] "GET /cormun/servlet/trsecurityuser01? HTTP/1.1" 200 12737
192.168.10.96 - - [24/Aug/2018:08:58:32 -0300] "GET /cormun/servlet/trsecurityusersproyecto?3867, HTTP/1.1" 200 6890
192.168.10.96 - - [24/Aug/2018:08:58:32 -0300] "GET /cormun/servlet/trsecurityusersproyecto?3867, HTTP/1.1" 200 6890
192.168.10.96 - - [24/Aug/2018:08:58:36 -0300] "POST /cormun/servlet/trsecurityusersproyecto?8a5e915f052ffdde1122f5455d73538c,3867,,gx-no-cache=1535111693155 HTTP/1.1" 200 90
192.168.10.96 - - [24/Aug/2018:08:58:36 -0300] "GET /cormun/servlet/hpexe_link HTTP/1.1" 200 973
192.168.10.96 - - [24/Aug/2018:08:58:36 -0300] "GET /cormun/servlet/trsecurityuser01 HTTP/1.1" 200 12739
192.168.10.96 - - [24/Aug/2018:08:58:36 -0300] "GET /cormun/servlet/trsecurityuser01 HTTP/1.1" 200 12737
192.168.10.96 - - [24/Aug/2018:08:58:41 -0300] "POST /cormun/servlet/trsecurityuser01?8a5e915f052ffdde1122f5455d73538c,gx-no-cache=1535111697972 HTTP/1.1" 200 5098
192.168.10.96 - - [24/Aug/2018:08:58:43 -0300] "GET /cormun/servlet/trsecurityusersproyecto?3871, HTTP/1.1" 200 7207
192.168.10.96 - - [24/Aug/2018:08:58:43 -0300] "GET /cormun/servlet/trsecurityusersproyecto?3871, HTTP/1.1" 200 7207
192.168.10.96 - - [24/Aug/2018:08:58:50 -0300] "POST /cormun/servlet/trsecurityusersproyecto?8a5e915f052ffdde1122f5455d73538c,3871,,gx-no-cache=1535111707268 HTTP/1.1" 200 90
192.168.10.96 - - [24/Aug/2018:08:58:50 -0300] "GET /cormun/servlet/hpexe_link HTTP/1.1" 200 993
192.168.10.96 - - [24/Aug/2018:08:58:50 -0300] "GET /cormun/servlet/trsecurityuser01?gx-no-cache=1535111697972 HTTP/1.1" 200 7575
192.168.10.96 - - [24/Aug/2018:08:58:50 -0300] "GET /cormun/servlet/trsecurityuser01?gx-no-cache=1535111697972 HTTP/1.1" 200 7596
192.168.10.96 - - [24/Aug/2018:08:59:03 -0300] "GET /cormun/servlet/securityusers?UPD,3871, HTTP/1.1" 200 7829
192.168.10.96 - - [24/Aug/2018:08:59:04 -0300] "GET /cormun/servlet/securityusers?UPD,3871, HTTP/1.1" 200 7808
186.67.164.142 - - [24/Aug/2018:08:59:10 -0300] "POST /cormun/servlet/trlicencias?4bda1d2118ab8e404013add8f6489141,gx-no-cache=1535111872201 HTTP/1.1" 200 8317
186.67.164.142 - - [24/Aug/2018:08:59:10 -0300] "GET /cormun/static/Shared/jqueryui/images/ui-bg_highlight-soft_100_c6c2c8_1x100.png HTTP/1.1" 404 1117
186.67.164.142 - - [24/Aug/2018:08:59:10 -0300] "GET /cormun/static/Shared/jqueryui/images/ui-icons_82798d_256x240.png HTTP/1.1" 404 1089
186.67.164.142 - - [24/Aug/2018:08:59:10 -0300] "GET /cormun/static/Shared/jqueryui/images/ui-bg_flat_55_fafafa_40x100.png HTTP/1.1" 404 1097
186.67.164.142 - - [24/Aug/2018:08:59:10 -0300] "GET /cormun/static/Shared/jqueryui/images/ui-icons_8d78a5_256x240.png HTTP/1.1" 404 1089
192.168.10.96 - - [24/Aug/2018:08:59:12 -0300] "POST /cormun/servlet/securityusers?8a5e915f052ffdde1122f5455d73538c,UPD,3871,,gx-no-cache=1535111729315 HTTP/1.1" 200 93
192.168.10.96 - - [24/Aug/2018:08:59:12 -0300] "GET /cormun/servlet/hpexe_return? HTTP/1.1" 200 1035
192.168.10.96 - - [24/Aug/2018:08:59:12 -0300] "GET /cormun/servlet/trsecurityuser01?gx-no-cache=1535111697972 HTTP/1.1" 200 7577
192.168.10.96 - - [24/Aug/2018:08:59:12 -0300] "GET /cormun/servlet/trsecurityuser01?gx-no-cache=1535111697972 HTTP/1.1" 200 7596
192.168.10.96 - - [24/Aug/2018:08:59:14 -0300] "GET /cormun/servlet/hlogin HTTP/1.1" 200 1762
192.168.10.96 - - [24/Aug/2018:08:59:21 -0300] "POST /cormun/servlet/hlogin?8a5e915f052ffdde1122f5455d73538c,gx-no-cache=1535111738672 HTTP/1.1" 200 476
192.168.10.96 - - [24/Aug/2018:08:59:29 -0300] "POST /cormun/servlet/hlogin?8a5e915f052ffdde1122f5455d73538c,gx-no-cache=1535111746191 HTTP/1.1" 200 476
192.168.10.96 - - [24/Aug/2018:08:59:36 -0300] "POST /cormun/servlet/hlogin?8a5e915f052ffdde1122f5455d73538c,gx-no-cache=1535111753543 HTTP/1.1" 200 90
192.168.10.96 - - [24/Aug/2018:08:59:36 -0300] "GET /cormun/servlet/hpexe_link HTTP/1.1" 200 984
192.168.10.96 - - [24/Aug/2018:08:59:36 -0300] "GET /cormun/servlet/trsecurityuser01?gx-no-cache=1535111697972 HTTP/1.1" 200 7574
192.168.10.96 - - [24/Aug/2018:08:59:37 -0300] "GET /cormun/servlet/trsecurityuser01?gx-no-cache=1535111697972 HTTP/1.1" 200 7596
192.168.10.96 - - [24/Aug/2018:08:59:39 -0300] "GET /cormun/servlet/securityusers?UPD,3871, HTTP/1.1" 200 7836
192.168.10.96 - - [24/Aug/2018:08:59:40 -0300] "GET /cormun/servlet/securityusers?UPD,3871, HTTP/1.1" 200 7815
192.168.10.96 - - [24/Aug/2018:08:59:42 -0300] "POST /cormun/servlet/securityusers?8a5e915f052ffdde1122f5455d73538c,UPD,3871,,gx-no-cache=1535111759276 HTTP/1.1" 200 93
192.168.10.96 - - [24/Aug/2018:08:59:42 -0300] "GET /cormun/servlet/hpexe_return? HTTP/1.1" 200 1035
192.168.10.96 - - [24/Aug/2018:08:59:42 -0300] "GET /cormun/servlet/trsecurityuser01?gx-no-cache=1535111697972 HTTP/1.1" 200 7577
192.168.10.96 - - [24/Aug/2018:08:59:42 -0300] "GET /cormun/servlet/trsecurityuser01?gx-no-cache=1535111697972 HTTP/1.1" 200 7596
192.168.10.96 - - [24/Aug/2018:08:59:45 -0300] "GET /cormun/servlet/hlogin HTTP/1.1" 200 1762
192.168.10.96 - - [24/Aug/2018:09:00:05 -0300] "POST /cormun/servlet/hlogin?8a5e915f052ffdde1122f5455d73538c,gx-no-cache=1535111782592 HTTP/1.1" 200 90
192.168.10.96 - - [24/Aug/2018:09:00:05 -0300] "GET /cormun/servlet/hpexe_link HTTP/1.1" 200 956
192.168.10.96 - - [24/Aug/2018:09:00:05 -0300] "GET /cormun/servlet/hhome HTTP/1.1" 200 3746
192.168.10.96 - - [24/Aug/2018:09:00:05 -0300] "GET /cormun/servlet/hhome HTTP/1.1" 200 3745
192.168.10.96 - - [24/Aug/2018:09:00:08 -0300] "GET /cormun/servlet/trsolicitudgral? HTTP/1.1" 200 10529
192.168.10.96 - - [24/Aug/2018:09:00:08 -0300] "GET /cormun/servlet/trsolicitudgral? HTTP/1.1" 200 10526
192.168.10.96 - - [24/Aug/2018:09:00:09 -0300] "POST /cormun/servlet/acontrolpreferencessavestate?None,ROPAZO,true HTTP/1.1" 200 35
186.103.158.250 - - [24/Aug/2018:09:00:10 -0300] "GET /cormun/servlet/hlogin HTTP/1.1" 200 1721
192.168.10.96 - - [24/Aug/2018:09:00:27 -0300] "GET /cormun/servlet/hlogin HTTP/1.1" 200 1742
192.168.10.96 - - [24/Aug/2018:09:00:33 -0300] "POST /cormun/servlet/hlogin?8a5e915f052ffdde1122f5455d73538c,gx-no-cache=1535111809977 HTTP/1.1" 200 90
192.168.10.96 - - [24/Aug/2018:09:00:33 -0300] "GET /cormun/servlet/hpexe_link HTTP/1.1" 200 956
192.168.10.96 - - [24/Aug/2018:09:00:33 -0300] "GET /cormun/servlet/hhome HTTP/1.1" 200 4723
192.168.10.96 - - [24/Aug/2018:09:00:33 -0300] "GET /cormun/servlet/hhome HTTP/1.1" 200 4721
186.103.159.204 - - [24/Aug/2018:09:00:37 -0300] "GET /cormun/servlet/hlogin HTTP/1.1" 200 1726
192.168.10.96 - - [24/Aug/2018:09:00:38 -0300] "GET /cormun/servlet/trsecurityuser01? HTTP/1.1" 200 7574
192.168.10.96 - - [24/Aug/2018:09:00:39 -0300] "GET /cormun/servlet/trsecurityuser01? HTTP/1.1" 200 7573
186.103.159.204 - - [24/Aug/2018:09:00:39 -0300] "POST /cormun/servlet/hlogin?07afc3042857221b966cf0b0841ecaba,gx-no-cache=1535111955567 HTTP/1.1" 200 90
186.103.159.204 - - [24/Aug/2018:09:00:39 -0300] "GET /cormun/servlet/hpexe_link HTTP/1.1" 200 952
186.103.159.204 - - [24/Aug/2018:09:00:39 -0300] "GET /cormun/servlet/hhome HTTP/1.1" 200 3919
186.103.159.204 - - [24/Aug/2018:09:00:39 -0300] "GET /cormun/servlet/hhome HTTP/1.1" 200 3915
186.103.158.250 - - [24/Aug/2018:09:00:41 -0300] "POST /cormun/servlet/hlogin?36a196ac4c9f3d160cbdc123bd29240c,gx-no-cache=1535115463577 HTTP/1.1" 200 90
186.103.158.250 - - [24/Aug/2018:09:00:41 -0300] "GET /cormun/servlet/hpexe_link HTTP/1.1" 200 971
186.103.158.250 - - [24/Aug/2018:09:00:42 -0300] "GET /cormun/servlet/licenciaspermisos?INS,0,,, HTTP/1.1" 200 7499
192.168.10.96 - - [24/Aug/2018:09:00:42 -0300] "GET /cormun/servlet/securityusers?UPD,3871, HTTP/1.1" 200 7819
186.103.159.204 - - [24/Aug/2018:09:00:42 -0300] "GET /cormun/servlet/trlicencias? HTTP/1.1" 200 9824
192.168.10.96 - - [24/Aug/2018:09:00:42 -0300] "GET /cormun/servlet/securityusers?UPD,3871, HTTP/1.1" 200 7819
186.103.159.204 - - [24/Aug/2018:09:00:43 -0300] "GET /cormun/servlet/trlicencias? HTTP/1.1" 200 9850
186.103.158.250 - - [24/Aug/2018:09:00:43 -0300] "GET /cormun/servlet/licenciaspermisos?INS,0,,, HTTP/1.1" 200 7495
192.168.10.96 - - [24/Aug/2018:09:00:46 -0300] "POST /cormun/servlet/securityusers?8a5e915f052ffdde1122f5455d73538c,UPD,3871,,gx-no-cache=1535111823428 HTTP/1.1" 200 93
192.168.10.96 - - [24/Aug/2018:09:00:46 -0300] "GET /cormun/servlet/hpexe_return? HTTP/1.1" 200 1013
192.168.10.96 - - [24/Aug/2018:09:00:46 -0300] "GET /cormun/servlet/trsecurityuser01 HTTP/1.1" 200 7577
186.103.159.204 - - [24/Aug/2018:09:00:47 -0300] "GET /cormun/servlet/licenciaspermisos?INS,0,,, HTTP/1.1" 200 7451
192.168.10.96 - - [24/Aug/2018:09:00:47 -0300] "GET /cormun/servlet/trsecurityuser01 HTTP/1.1" 200 7573
186.103.159.204 - - [24/Aug/2018:09:00:47 -0300] "GET /cormun/servlet/licenciaspermisos?INS,0,,, HTTP/1.1" 200 7451
192.168.10.96 - - [24/Aug/2018:09:00:49 -0300] "GET /cormun/servlet/trsecurityuserroles2?3871, HTTP/1.1" 200 8166
192.168.10.96 - - [24/Aug/2018:09:00:49 -0300] "GET /cormun/servlet/trsecurityuserroles2?3871, HTTP/1.1" 200 8170
192.168.10.96 - - [24/Aug/2018:09:00:52 -0300] "POST /cormun/servlet/trsecurityuserroles2?8a5e915f052ffdde1122f5455d73538c,3871,,gx-no-cache=1535111829324 HTTP/1.1" 200 5756
186.103.158.250 - - [24/Aug/2018:09:00:53 -0300] "GET /cormun/servlet/licenciaspermisos?52ef8395c8abac7bf53ddffbeb23514e79a8355256b16766065eea1a176363e275e85a2bcc1389696805d2b55cf2f12c,gx-no-cache=1535115474993 HTTP/1.1" 200 73
186.103.158.250 - - [24/Aug/2018:09:00:53 -0300] "POST /cormun/servlet/licenciaspermisos?36a196ac4c9f3d160cbdc123bd29240c,INS,0,,,,gx-no-cache=1535115475136 HTTP/1.1" 200 4670
186.103.158.250 - - [24/Aug/2018:09:00:59 -0300] "GET /cormun/servlet/trlicencias? HTTP/1.1" 200 10603
186.103.158.250 - - [24/Aug/2018:09:01:00 -0300] "GET /cormun/servlet/trlicencias? HTTP/1.1" 200 10594
186.103.158.250 - - [24/Aug/2018:09:01:04 -0300] "GET /cormun/servlet/licenciaspermisos?DLT,8803288,L,20180823000000, HTTP/1.1" 200 7201
186.103.158.250 - - [24/Aug/2018:09:01:05 -0300] "GET /cormun/static/Shared/jqueryui/images/ui-bg_highlight-soft_100_c6c2c8_1x100.png HTTP/1.1" 404 1117
186.103.158.250 - - [24/Aug/2018:09:01:05 -0300] "GET /cormun/static/Shared/jqueryui/images/ui-icons_82798d_256x240.png HTTP/1.1" 404 1089
186.103.158.250 - - [24/Aug/2018:09:01:05 -0300] "GET /cormun/static/Shared/jqueryui/images/ui-bg_flat_55_fafafa_40x100.png HTTP/1.1" 404 1097
186.103.158.250 - - [24/Aug/2018:09:01:05 -0300] "GET /cormun/static/Shared/jqueryui/images/ui-icons_8d78a5_256x240.png HTTP/1.1" 404 1089
186.103.158.250 - - [24/Aug/2018:09:01:05 -0300] "GET /cormun/servlet/licenciaspermisos?DLT,8803288,L,20180823000000, HTTP/1.1" 200 7202
186.103.159.204 - - [24/Aug/2018:09:01:07 -0300] "GET /cormun/servlet/prfichaempleado?,MD,,gxPopupLevel%3D0%3B HTTP/1.1" 200 9243
186.103.158.250 - - [24/Aug/2018:09:01:09 -0300] "POST /cormun/servlet/licenciaspermisos?36a196ac4c9f3d160cbdc123bd29240c,DLT,8803288,L,20180823000000,,gx-no-cache=1535115491225 HTTP/1.1" 200 93
186.103.158.250 - - [24/Aug/2018:09:01:09 -0300] "GET /cormun/servlet/hpexe_return? HTTP/1.1" 200 1029
186.103.158.250 - - [24/Aug/2018:09:01:09 -0300] "GET /cormun/servlet/trlicencias HTTP/1.1" 200 10145
186.103.158.250 - - [24/Aug/2018:09:01:11 -0300] "GET /cormun/servlet/trlicencias HTTP/1.1" 200 10140
192.168.10.96 - - [24/Aug/2018:09:01:11 -0300] "GET /cormun/servlet/hlogin HTTP/1.1" 200 1750
186.103.158.250 - - [24/Aug/2018:09:01:15 -0300] "GET /cormun/servlet/licenciaspermisos?INS,0,,, HTTP/1.1" 200 7497
186.103.158.250 - - [24/Aug/2018:09:01:17 -0300] "GET /cormun/servlet/licenciaspermisos?INS,0,,, HTTP/1.1" 200 7495
186.103.159.204 - - [24/Aug/2018:09:01:18 -0300] "POST /cormun/servlet/prfichaempleado?07afc3042857221b966cf0b0841ecaba,,MD,,gxPopupLevel%3D0%3B,gx-no-cache=1535111994350 HTTP/1.1" 200 3429
186.103.159.204 - - [24/Aug/2018:09:01:21 -0300] "GET /cormun/servlet/licenciaspermisos?4ac9b1aaf66bad61b1815376a433610b15291cc229416ea5118b81153a28c7ee0e42b7a3ec5ec4d1ec2128b476e1574a,gx-no-cache=1535111998215 HTTP/1.1" 200 101
186.103.159.204 - - [24/Aug/2018:09:01:22 -0300] "POST /cormun/servlet/licenciaspermisos?07afc3042857221b966cf0b0841ecaba,INS,0,,,,gx-no-cache=1535111998243 HTTP/1.1" 200 4693
186.103.158.250 - - [24/Aug/2018:09:01:23 -0300] "GET /cormun/servlet/licenciaspermisos?52ef8395c8abac7bf53ddffbeb23514e79a8355256b16766065eea1a176363e275e85a2bcc1389696805d2b55cf2f12c,gx-no-cache=1535115504901 HTTP/1.1" 200 73
186.103.158.250 - - [24/Aug/2018:09:01:23 -0300] "POST /cormun/servlet/licenciaspermisos?36a196ac4c9f3d160cbdc123bd29240c,INS,0,,,,gx-no-cache=1535115504970 HTTP/1.1" 200 4673
192.168.10.96 - - [24/Aug/2018:09:01:25 -0300] "POST /cormun/servlet/hlogin?8a5e915f052ffdde1122f5455d73538c,gx-no-cache=1535111862513 HTTP/1.1" 200 90
192.168.10.96 - - [24/Aug/2018:09:01:25 -0300] "GET /cormun/servlet/hpexe_link HTTP/1.1" 200 956
192.168.10.96 - - [24/Aug/2018:09:01:25 -0300] "GET /cormun/servlet/hhome HTTP/1.1" 200 3785
192.168.10.96 - - [24/Aug/2018:09:01:25 -0300] "GET /cormun/servlet/hhome HTTP/1.1" 200 3782
192.168.10.96 - - [24/Aug/2018:09:01:28 -0300] "GET /cormun/servlet/trsolicitudgral? HTTP/1.1" 500 10
192.168.10.96 - - [24/Aug/2018:09:01:30 -0300] "GET /cormun/servlet/hhome HTTP/1.1" 200 3785
192.168.10.96 - - [24/Aug/2018:09:01:30 -0300] "GET /cormun/servlet/hhome HTTP/1.1" 200 3782
192.168.10.96 - - [24/Aug/2018:09:01:32 -0300] "GET /cormun/servlet/hlogin HTTP/1.1" 200 1735
192.168.10.96 - - [24/Aug/2018:09:01:38 -0300] "POST /cormun/servlet/hlogin?8a5e915f052ffdde1122f5455d73538c,gx-no-cache=1535111875329 HTTP/1.1" 200 90
192.168.10.96 - - [24/Aug/2018:09:01:38 -0300] "GET /cormun/servlet/hpexe_link HTTP/1.1" 200 956
192.168.10.96 - - [24/Aug/2018:09:01:38 -0300] "GET /cormun/servlet/hhome HTTP/1.1" 200 4723
192.168.10.96 - - [24/Aug/2018:09:01:38 -0300] "GET /cormun/servlet/hhome HTTP/1.1" 200 4721
192.168.10.96 - - [24/Aug/2018:09:02:19 -0300] "GET /cormun/servlet/trsecurityuser01? HTTP/1.1" 200 7574
192.168.10.96 - - [24/Aug/2018:09:02:19 -0300] "GET /cormun/servlet/trsecurityuser01? HTTP/1.1" 200 7573
192.168.10.96 - - [24/Aug/2018:09:02:21 -0300] "GET /cormun/servlet/securityusers?UPD,3871, HTTP/1.1" 200 7808
192.168.10.96 - - [24/Aug/2018:09:02:22 -0300] "GET /cormun/servlet/securityusers?UPD,3871, HTTP/1.1" 200 7808
192.168.10.96 - - [24/Aug/2018:09:02:25 -0300] "POST /cormun/servlet/securityusers?8a5e915f052ffdde1122f5455d73538c,UPD,3871,,gx-no-cache=1535111922902 HTTP/1.1" 200 93
192.168.10.96 - - [24/Aug/2018:09:02:25 -0300] "GET /cormun/servlet/hpexe_return? HTTP/1.1" 200 1013
192.168.10.96 - - [24/Aug/2018:09:02:26 -0300] "GET /cormun/servlet/trsecurityuser01 HTTP/1.1" 200 7577
192.168.10.96 - - [24/Aug/2018:09:02:26 -0300] "GET /cormun/servlet/trsecurityuser01 HTTP/1.1" 200 7573
186.103.159.204 - - [24/Aug/2018:09:02:27 -0300] "GET /cormun/static/menuarrow.gif HTTP/1.1" 404 1015
192.168.10.96 - - [24/Aug/2018:09:02:28 -0300] "GET /cormun/servlet/hlogin HTTP/1.1" 200 1742
192.168.10.96 - - [24/Aug/2018:09:02:41 -0300] "POST /cormun/servlet/hlogin?8a5e915f052ffdde1122f5455d73538c,gx-no-cache=1535111938913 HTTP/1.1" 200 453
192.168.10.96 - - [24/Aug/2018:09:02:45 -0300] "POST /cormun/servlet/hlogin?8a5e915f052ffdde1122f5455d73538c,gx-no-cache=1535111942576 HTTP/1.1" 200 90
192.168.10.96 - - [24/Aug/2018:09:02:45 -0300] "GET /cormun/servlet/hpexe_link HTTP/1.1" 200 956
192.168.10.96 - - [24/Aug/2018:09:02:45 -0300] "GET /cormun/servlet/hhome HTTP/1.1" 200 3785
192.168.10.96 - - [24/Aug/2018:09:02:45 -0300] "GET /cormun/servlet/hhome HTTP/1.1" 200 3782
186.103.158.250 - - [24/Aug/2018:09:02:48 -0300] "GET /cormun/servlet/licenciaspermisos?52ef8395c8abac7bf53ddffbeb23514e4f452bc8c1bd2f789ed47d803aa624faed65a7c8ac032ad130e0a71167e522bce3f535b7da8a34a0926f25dc7c21db88467c0ed7aa1792f20ae83c30b4eb0c6fb847bc33ae693122d6a8849db347b6bf7e2ecaa8754776d1444ee779ff665f91bba76749e865263387c3e71c33ae291d658da32bf70a9af4c5b6bf9f90e828ee413de90016e442a94afb48906b2d309119aa92f9ec9ababd45261b5c696ce3ad,gx-no-cache=1535115590114 HTTP/1.1" 200 30
186.103.158.250 - - [24/Aug/2018:09:02:48 -0300] "POST /cormun/servlet/licenciaspermisos?36a196ac4c9f3d160cbdc123bd29240c,INS,0,,,,gx-no-cache=1535115590394 HTTP/1.1" 200 4770
192.168.10.96 - - [24/Aug/2018:09:02:54 -0300] "GET /cormun/servlet/trsolicitudgral? HTTP/1.1" 200 10562
192.168.10.96 - - [24/Aug/2018:09:02:54 -0300] "GET /cormun/servlet/trsolicitudgral? HTTP/1.1" 200 10559
186.103.158.250 - - [24/Aug/2018:09:03:13 -0300] "GET /cormun/static/Resources/resize.gif HTTP/1.1" 200 77
186.103.158.250 - - [24/Aug/2018:09:03:13 -0300] "GET /cormun/servlet/prfichaempleado?,MD,,gxPopupLevel%3D0%3B HTTP/1.1" 200 9298
186.103.158.250 - - [24/Aug/2018:09:03:14 -0300] "GET /cormun/static/gxcfg.js?20177612134814 HTTP/1.1" 200 953
186.103.158.250 - - [24/Aug/2018:09:03:14 -0300] "GET /cormun/static/Resources/PXToolsMenuSearch.png HTTP/1.1" 200 2914
186.103.158.250 - - [24/Aug/2018:09:03:14 -0300] "GET /cormun/static/Resources/PXToolsMenuSearchCancel.png HTTP/1.1" 200 2972
186.103.158.250 - - [24/Aug/2018:09:03:15 -0300] "GET /cormun/static/hmpwkw011.js?20177612121862 HTTP/1.1" 200 1968
186.103.158.250 - - [24/Aug/2018:09:03:15 -0300] "GET /cormun/static/menusearch.js?201610171694467 HTTP/1.1" 200 1424
186.103.158.250 - - [24/Aug/2018:09:03:15 -0300] "GET /cormun/static/prfichaempleado.js?20177612134999 HTTP/1.1" 200 16006
186.103.158.250 - - [24/Aug/2018:09:03:22 -0300] "GET /cormun/servlet/prfichaempleado?,MD,,gxPopupLevel%3D0%3B HTTP/1.1" 200 9298
