58.215.75.210 - - [24/Aug/2018:10:42:31 -0300] "GET /manager/html HTTP/1.1" 401 2474
58.215.75.210 - - [24/Aug/2018:10:42:31 -0300] "GET /manager/html HTTP/1.1" 401 2474
58.215.75.210 - - [24/Aug/2018:10:42:32 -0300] "GET /manager/html HTTP/1.1" 401 2474
186.103.159.46 - - [24/Aug/2018:10:42:32 -0300] "GET /cormun/servlet/licenciaspermisos?INS,0,,, HTTP/1.1" 200 6783
58.215.75.210 - - [24/Aug/2018:10:42:32 -0300] "GET /manager/html HTTP/1.1" 401 2474
58.215.75.210 - - [24/Aug/2018:10:42:33 -0300] "GET /manager/html HTTP/1.1" 401 2474
58.215.75.210 - - [24/Aug/2018:10:42:33 -0300] "GET /manager/html HTTP/1.1" 401 2474
58.215.75.210 - - [24/Aug/2018:10:42:34 -0300] "GET /manager/html HTTP/1.1" 401 2474
58.215.75.210 - - [24/Aug/2018:10:42:34 -0300] "GET /manager/html HTTP/1.1" 401 2474
58.215.75.210 - - [24/Aug/2018:10:42:35 -0300] "GET /manager/html HTTP/1.1" 401 2474
186.103.159.46 - - [24/Aug/2018:10:42:35 -0300] "GET /cormun/servlet/licenciaspermisos?INS,0,,, HTTP/1.1" 200 6781
186.103.159.46 - - [24/Aug/2018:10:42:35 -0300] "GET /cormun/servlet/hlogin HTTP/1.1" 200 1753
58.215.75.210 - - [24/Aug/2018:10:42:35 -0300] "GET /manager/html HTTP/1.1" 401 2474
58.215.75.210 - - [24/Aug/2018:10:42:36 -0300] "GET /manager/html HTTP/1.1" 401 2474
58.215.75.210 - - [24/Aug/2018:10:42:36 -0300] "GET /manager/html HTTP/1.1" 401 2474
58.215.75.210 - - [24/Aug/2018:10:42:37 -0300] "GET /manager/html HTTP/1.1" 401 2474
58.215.75.210 - - [24/Aug/2018:10:42:37 -0300] "GET /manager/html HTTP/1.1" 401 2474
58.215.75.210 - - [24/Aug/2018:10:42:38 -0300] "GET /manager/html HTTP/1.1" 401 2474
58.215.75.210 - - [24/Aug/2018:10:42:38 -0300] "GET /manager/html HTTP/1.1" 401 2474
58.215.75.210 - - [24/Aug/2018:10:42:39 -0300] "GET /manager/html HTTP/1.1" 401 2474
58.215.75.210 - - [24/Aug/2018:10:42:39 -0300] "GET /manager/html HTTP/1.1" 401 2474
58.215.75.210 - - [24/Aug/2018:10:42:40 -0300] "GET /manager/html HTTP/1.1" 401 2474
58.215.75.210 - - [24/Aug/2018:10:42:40 -0300] "GET /manager/html HTTP/1.1" 401 2474
58.215.75.210 - - [24/Aug/2018:10:42:41 -0300] "GET /manager/html HTTP/1.1" 401 2474
58.215.75.210 - - [24/Aug/2018:10:42:41 -0300] "GET /manager/html HTTP/1.1" 401 2474
58.215.75.210 - - [24/Aug/2018:10:42:42 -0300] "GET /manager/html HTTP/1.1" 401 2474
58.215.75.210 - - [24/Aug/2018:10:42:42 -0300] "GET /manager/html HTTP/1.1" 401 2474
58.215.75.210 - - [24/Aug/2018:10:42:43 -0300] "GET /manager/html HTTP/1.1" 401 2474
58.215.75.210 - - [24/Aug/2018:10:42:44 -0300] "GET /manager/html HTTP/1.1" 401 2474
186.103.159.46 - - [24/Aug/2018:10:42:44 -0300] "POST /cormun/servlet/hlogin?f7684610d929fbdf5d35db1385fa6bb1,gx-no-cache=1535121684355 HTTP/1.1" 200 90
186.103.159.46 - - [24/Aug/2018:10:42:44 -0300] "GET /cormun/servlet/hpexe_link HTTP/1.1" 200 971
58.215.75.210 - - [24/Aug/2018:10:42:44 -0300] "GET /manager/html HTTP/1.1" 401 2474
186.103.159.46 - - [24/Aug/2018:10:42:44 -0300] "GET /cormun/servlet/licenciaspermisos?INS,0,,, HTTP/1.1" 200 7353
58.215.75.210 - - [24/Aug/2018:10:42:45 -0300] "GET /manager/html HTTP/1.1" 401 2474
58.215.75.210 - - [24/Aug/2018:10:42:45 -0300] "GET /manager/html HTTP/1.1" 401 2474
58.215.75.210 - - [24/Aug/2018:10:42:46 -0300] "GET /manager/html HTTP/1.1" 401 2474
186.103.159.46 - - [24/Aug/2018:10:42:46 -0300] "GET /cormun/servlet/licenciaspermisos?INS,0,,, HTTP/1.1" 200 7352
58.215.75.210 - - [24/Aug/2018:10:42:46 -0300] "GET /manager/html HTTP/1.1" 401 2474
58.215.75.210 - - [24/Aug/2018:10:42:47 -0300] "GET /manager/html HTTP/1.1" 401 2474
58.215.75.210 - - [24/Aug/2018:10:42:47 -0300] "GET /manager/html HTTP/1.1" 401 2474
58.215.75.210 - - [24/Aug/2018:10:42:48 -0300] "GET /manager/html HTTP/1.1" 401 2474
58.215.75.210 - - [24/Aug/2018:10:42:48 -0300] "GET /manager/html HTTP/1.1" 401 2474
58.215.75.210 - - [24/Aug/2018:10:42:49 -0300] "GET /manager/html HTTP/1.1" 401 2474
58.215.75.210 - - [24/Aug/2018:10:42:49 -0300] "GET /manager/html HTTP/1.1" 401 2474
58.215.75.210 - - [24/Aug/2018:10:42:50 -0300] "GET /manager/html HTTP/1.1" 401 2474
58.215.75.210 - - [24/Aug/2018:10:42:50 -0300] "GET /manager/html HTTP/1.1" 401 2474
58.215.75.210 - - [24/Aug/2018:10:42:51 -0300] "GET /manager/html HTTP/1.1" 401 2474
58.215.75.210 - - [24/Aug/2018:10:42:51 -0300] "GET /manager/html HTTP/1.1" 401 2474
58.215.75.210 - - [24/Aug/2018:10:42:52 -0300] "GET /manager/html HTTP/1.1" 401 2474
58.215.75.210 - - [24/Aug/2018:10:42:52 -0300] "GET /manager/html HTTP/1.1" 401 2474
186.67.172.234 - - [24/Aug/2018:10:42:53 -0300] "GET /cormun/static/Resources/resize.gif HTTP/1.1" 200 77
186.67.172.234 - - [24/Aug/2018:10:42:53 -0300] "GET /cormun/servlet/prbanco?,MD,,gxPopupLevel%3D0%3B HTTP/1.1" 200 6685
58.215.75.210 - - [24/Aug/2018:10:42:53 -0300] "GET /manager/html HTTP/1.1" 401 2474
186.67.172.234 - - [24/Aug/2018:10:42:53 -0300] "GET /cormun/static/gxcfg.js?20181161016094 HTTP/1.1" 200 953
186.67.172.234 - - [24/Aug/2018:10:42:53 -0300] "GET /cormun/static/Resources/PXToolsMenuSearch.png HTTP/1.1" 200 2914
186.67.172.234 - - [24/Aug/2018:10:42:53 -0300] "GET /cormun/static/Resources/PXToolsMenuSearchCancel.png HTTP/1.1" 200 2972
186.67.172.234 - - [24/Aug/2018:10:42:53 -0300] "GET /cormun/static/prbanco.js?2018116101633 HTTP/1.1" 200 10693
186.67.172.234 - - [24/Aug/2018:10:42:53 -0300] "GET /cormun/static/menusearch.js?201610171694467 HTTP/1.1" 200 1424
186.67.172.234 - - [24/Aug/2018:10:42:53 -0300] "GET /cormun/static/hmpwkw011.js?20177612121862 HTTP/1.1" 200 1968
58.215.75.210 - - [24/Aug/2018:10:42:54 -0300] "GET /manager/html HTTP/1.1" 401 2474
186.103.159.204 - - [24/Aug/2018:10:42:54 -0300] "GET /cormun/servlet/trlicenciaspermisosadjuntos?11983436,20180824000000,L, HTTP/1.1" 200 6264
58.215.75.210 - - [24/Aug/2018:10:42:54 -0300] "GET /manager/html HTTP/1.1" 401 2474
186.103.159.204 - - [24/Aug/2018:10:42:54 -0300] "GET /cormun/servlet/trlicenciaspermisosadjuntos?11983436,20180824000000,L, HTTP/1.1" 200 6264
58.215.75.210 - - [24/Aug/2018:10:42:55 -0300] "GET /manager/html HTTP/1.1" 401 2474
58.215.75.210 - - [24/Aug/2018:10:42:55 -0300] "GET /manager/html HTTP/1.1" 401 2474
186.103.159.204 - - [24/Aug/2018:10:42:57 -0300] "GET /cormun/servlet/licenciaspermisosadjuntos?INS,11983436,L,20180824000000,, HTTP/1.1" 200 5559
186.103.159.204 - - [24/Aug/2018:10:42:57 -0300] "GET /cormun/static/about:blank HTTP/1.1" 404 1011
58.215.75.210 - - [24/Aug/2018:10:42:57 -0300] "GET /manager/html HTTP/1.1" 401 2474
186.103.159.204 - - [24/Aug/2018:10:42:57 -0300] "GET /cormun/servlet/licenciaspermisosadjuntos?INS,11983436,L,20180824000000,, HTTP/1.1" 200 5548
58.215.75.210 - - [24/Aug/2018:10:42:57 -0300] "GET /manager/html HTTP/1.1" 401 2474
58.215.75.210 - - [24/Aug/2018:10:42:58 -0300] "GET /manager/html HTTP/1.1" 401 2474
186.103.159.46 - - [24/Aug/2018:10:42:58 -0300] "GET /cormun/servlet/licenciaspermisos?4cb48c3cc4f47185bd2336a8e0c4959a57df48b4371548c51b61d46313eb279d31368b19899ce1a7cc80df02f62ab667,gx-no-cache=1535121698411 HTTP/1.1" 200 102
58.215.75.210 - - [24/Aug/2018:10:42:58 -0300] "GET /manager/html HTTP/1.1" 401 2474
186.103.159.46 - - [24/Aug/2018:10:42:58 -0300] "POST /cormun/servlet/licenciaspermisos?f7684610d929fbdf5d35db1385fa6bb1,INS,0,,,,gx-no-cache=1535121698545 HTTP/1.1" 200 4431
58.215.75.210 - - [24/Aug/2018:10:42:59 -0300] "GET /manager/html HTTP/1.1" 401 2474
58.215.75.210 - - [24/Aug/2018:10:42:59 -0300] "GET /manager/html HTTP/1.1" 401 2474
58.215.75.210 - - [24/Aug/2018:10:43:00 -0300] "GET /manager/html HTTP/1.1" 401 2474
58.215.75.210 - - [24/Aug/2018:10:43:00 -0300] "GET /manager/html HTTP/1.1" 401 2474
58.215.75.210 - - [24/Aug/2018:10:43:01 -0300] "GET /manager/html HTTP/1.1" 401 2474
58.215.75.210 - - [24/Aug/2018:10:43:01 -0300] "GET /manager/html HTTP/1.1" 401 2474
58.215.75.210 - - [24/Aug/2018:10:43:02 -0300] "GET /manager/html HTTP/1.1" 401 2474
58.215.75.210 - - [24/Aug/2018:10:43:02 -0300] "GET /manager/html HTTP/1.1" 401 2474
58.215.75.210 - - [24/Aug/2018:10:43:03 -0300] "GET /manager/html HTTP/1.1" 401 2474
58.215.75.210 - - [24/Aug/2018:10:43:03 -0300] "GET /manager/html HTTP/1.1" 401 2474
58.215.75.210 - - [24/Aug/2018:10:43:04 -0300] "GET /manager/html HTTP/1.1" 401 2474
58.215.75.210 - - [24/Aug/2018:10:43:04 -0300] "GET /manager/html HTTP/1.1" 401 2474
58.215.75.210 - - [24/Aug/2018:10:43:05 -0300] "GET /manager/html HTTP/1.1" 401 2474
58.215.75.210 - - [24/Aug/2018:10:43:05 -0300] "GET /manager/html HTTP/1.1" 401 2474
58.215.75.210 - - [24/Aug/2018:10:43:06 -0300] "GET /manager/html HTTP/1.1" 401 2474
58.215.75.210 - - [24/Aug/2018:10:43:06 -0300] "GET /manager/html HTTP/1.1" 401 2474
58.215.75.210 - - [24/Aug/2018:10:43:07 -0300] "GET /manager/html HTTP/1.1" 401 2474
58.215.75.210 - - [24/Aug/2018:10:43:07 -0300] "GET /manager/html HTTP/1.1" 401 2474
186.67.172.234 - - [24/Aug/2018:10:43:07 -0300] "GET /cormun/servlet/solicitudot?351bc3d13786ebfda4869e9a6dfda0c8143ad6bd292e5303343ab470c1f750c5,gx-no-cache=1535118065632 HTTP/1.1" 200 53
58.215.75.210 - - [24/Aug/2018:10:43:07 -0300] "GET /manager/html HTTP/1.1" 401 2474
58.215.75.210 - - [24/Aug/2018:10:43:08 -0300] "GET /manager/html HTTP/1.1" 401 2474
58.215.75.210 - - [24/Aug/2018:10:43:08 -0300] "GET /manager/html HTTP/1.1" 401 2474
58.215.75.210 - - [24/Aug/2018:10:43:09 -0300] "GET /manager/html HTTP/1.1" 401 2474
58.215.75.210 - - [24/Aug/2018:10:43:09 -0300] "GET /manager/html HTTP/1.1" 401 2474
58.215.75.210 - - [24/Aug/2018:10:43:10 -0300] "GET /manager/html HTTP/1.1" 401 2474
58.215.75.210 - - [24/Aug/2018:10:43:10 -0300] "GET /manager/html HTTP/1.1" 401 2474
58.215.75.210 - - [24/Aug/2018:10:43:11 -0300] "GET /manager/html HTTP/1.1" 401 2474
58.215.75.210 - - [24/Aug/2018:10:43:11 -0300] "GET /manager/html HTTP/1.1" 401 2474
58.215.75.210 - - [24/Aug/2018:10:43:12 -0300] "GET /manager/html HTTP/1.1" 401 2474
58.215.75.210 - - [24/Aug/2018:10:43:12 -0300] "GET /manager/html HTTP/1.1" 401 2474
58.215.75.210 - - [24/Aug/2018:10:43:13 -0300] "GET /manager/html HTTP/1.1" 401 2474
186.103.159.204 - - [24/Aug/2018:10:43:13 -0300] "POST /cormun/servlet/licenciaspermisosadjuntos?421717168813e72594a918c4344d1e56,INS,11983436,L,20180824000000,, HTTP/1.1" 200 116
186.103.159.204 - - [24/Aug/2018:10:43:13 -0300] "GET /cormun/servlet/hpexe_return? HTTP/1.1" 200 1041
186.103.159.204 - - [24/Aug/2018:10:43:13 -0300] "GET /cormun/servlet/trlicenciaspermisosadjuntos?11983436,20180824000000,L, HTTP/1.1" 200 6757
58.215.75.210 - - [24/Aug/2018:10:43:13 -0300] "GET /manager/html HTTP/1.1" 401 2474
186.103.159.204 - - [24/Aug/2018:10:43:13 -0300] "GET /cormun/servlet/trlicenciaspermisosadjuntos?11983436,20180824000000,L, HTTP/1.1" 200 6752
58.215.75.210 - - [24/Aug/2018:10:43:14 -0300] "GET /manager/html HTTP/1.1" 401 2474
58.215.75.210 - - [24/Aug/2018:10:43:14 -0300] "GET /manager/html HTTP/1.1" 401 2474
58.215.75.210 - - [24/Aug/2018:10:43:15 -0300] "GET /manager/html HTTP/1.1" 401 2474
58.215.75.210 - - [24/Aug/2018:10:43:15 -0300] "GET /manager/html HTTP/1.1" 401 2474
58.215.75.210 - - [24/Aug/2018:10:43:16 -0300] "GET /manager/html HTTP/1.1" 401 2474
58.215.75.210 - - [24/Aug/2018:10:43:16 -0300] "GET /manager/html HTTP/1.1" 401 2474
58.215.75.210 - - [24/Aug/2018:10:43:17 -0300] "GET /manager/html HTTP/1.1" 401 2474
58.215.75.210 - - [24/Aug/2018:10:43:17 -0300] "GET /manager/html HTTP/1.1" 401 2474
58.215.75.210 - - [24/Aug/2018:10:43:18 -0300] "GET /manager/html HTTP/1.1" 401 2474
186.103.159.204 - - [24/Aug/2018:10:43:18 -0300] "GET /cormun/servlet/trlicencias? HTTP/1.1" 200 10363
58.215.75.210 - - [24/Aug/2018:10:43:18 -0300] "GET /manager/html HTTP/1.1" 401 2474
186.103.159.204 - - [24/Aug/2018:10:43:18 -0300] "GET /cormun/servlet/trlicencias? HTTP/1.1" 200 10402
58.215.75.210 - - [24/Aug/2018:10:43:18 -0300] "GET /manager/html HTTP/1.1" 401 2474
58.215.75.210 - - [24/Aug/2018:10:43:19 -0300] "GET /manager/html HTTP/1.1" 401 2474
58.215.75.210 - - [24/Aug/2018:10:43:19 -0300] "GET /manager/html HTTP/1.1" 401 2474
58.215.75.210 - - [24/Aug/2018:10:43:20 -0300] "GET /manager/html HTTP/1.1" 401 2474
58.215.75.210 - - [24/Aug/2018:10:43:20 -0300] "GET /manager/html HTTP/1.1" 401 2474
58.215.75.210 - - [24/Aug/2018:10:43:21 -0300] "GET /manager/html HTTP/1.1" 401 2474
58.215.75.210 - - [24/Aug/2018:10:43:21 -0300] "GET /manager/html HTTP/1.1" 401 2474
58.215.75.210 - - [24/Aug/2018:10:43:22 -0300] "GET /manager/html HTTP/1.1" 401 2474
58.215.75.210 - - [24/Aug/2018:10:43:22 -0300] "GET /manager/html HTTP/1.1" 401 2474
58.215.75.210 - - [24/Aug/2018:10:43:23 -0300] "GET /manager/html HTTP/1.1" 401 2474
186.67.172.234 - - [24/Aug/2018:10:43:23 -0300] "POST /cormun/servlet/solicitudot?gx-no-cache=1535118081318 HTTP/1.1" 200 297
186.67.172.234 - - [24/Aug/2018:10:43:23 -0300] "GET /cormun/servlet/solicitudot?351bc3d13786ebfda4869e9a6dfda0c8d05f98f64f1bb9d1ad1e0e71a322f7246774061bc9e3dc91896d5cb174c216c2f9e87a362c22ddebe81186de54a70c2e92257b826057d6e341222ad1f1fffe084e22e4b445fb4675bfa5c17a915c853ad91705ac404cffcbd931deca6dd96add20180edaacd6ebeafab719a8ef01d7a873f9dc1363b8c27f6c381287409f1368a19a3e25cd8c2bc9ad7b3c4be1b24a54ae720b82e5578916e88d42e73dcffd7d5ca54c005f82955b022759d019dba2cb33a837216ace57838d82ad1182b9e84d3273f41a024b31c9c4ab2d7da35ec8164daecf75161a5054f1b6aeb7a2344173c7b328d877169aafe8b3a52786aa6cf8afc4505b9106d49e73d816325a91ef3f5fcc6a0e4f06b3df9b2cef701106bee178ac3f471fa2e1dfe1ce3e822c05f8954e21828bcb158355acb75f67563eca53b3e5a40c6e8927c07aeab742b6d6cda0746bfb5be7e0789009659916d757e39a3f02b1533bb0b079bc84492cff232b39ef8b0aab2ebcba2fcf6d2996c24fc1b40b3171c745bc1c1213a7d6521b3f64ce,gx-no-cache=1535118081377 HTTP/1.1" 200 30
58.215.75.210 - - [24/Aug/2018:10:43:23 -0300] "GET /manager/html HTTP/1.1" 401 2474
58.215.75.210 - - [24/Aug/2018:10:43:24 -0300] "GET /manager/html HTTP/1.1" 401 2474
58.215.75.210 - - [24/Aug/2018:10:43:24 -0300] "GET /manager/html HTTP/1.1" 401 2474
58.215.75.210 - - [24/Aug/2018:10:43:24 -0300] "GET /manager/html HTTP/1.1" 401 2474
58.215.75.210 - - [24/Aug/2018:10:43:25 -0300] "GET /manager/html HTTP/1.1" 401 2474
58.215.75.210 - - [24/Aug/2018:10:43:25 -0300] "GET /manager/html HTTP/1.1" 401 2474
58.215.75.210 - - [24/Aug/2018:10:43:26 -0300] "GET /manager/html HTTP/1.1" 401 2474
58.215.75.210 - - [24/Aug/2018:10:43:26 -0300] "GET /manager/html HTTP/1.1" 401 2474
58.215.75.210 - - [24/Aug/2018:10:43:27 -0300] "GET /manager/html HTTP/1.1" 401 2474
58.215.75.210 - - [24/Aug/2018:10:43:27 -0300] "GET /manager/html HTTP/1.1" 401 2474
186.67.172.234 - - [24/Aug/2018:10:43:27 -0300] "POST /cormun/servlet/solicitudot?gx-no-cache=1535118086060 HTTP/1.1" 200 30
58.215.75.210 - - [24/Aug/2018:10:43:28 -0300] "GET /manager/html HTTP/1.1" 401 2474
58.215.75.210 - - [24/Aug/2018:10:43:28 -0300] "GET /manager/html HTTP/1.1" 401 2474
58.215.75.210 - - [24/Aug/2018:10:43:29 -0300] "GET /manager/html HTTP/1.1" 401 2474
58.215.75.210 - - [24/Aug/2018:10:43:29 -0300] "GET /manager/html HTTP/1.1" 401 2474
58.215.75.210 - - [24/Aug/2018:10:43:30 -0300] "GET /manager/html HTTP/1.1" 401 2474
186.103.159.46 - - [24/Aug/2018:10:43:30 -0300] "GET /cormun/static/menuarrow.gif HTTP/1.1" 404 1015
58.215.75.210 - - [24/Aug/2018:10:43:30 -0300] "GET /manager/html HTTP/1.1" 401 2474
186.103.159.204 - - [24/Aug/2018:10:43:30 -0300] "GET /cormun/servlet/alicenciaprn?11983436,L,20180824000000,PU HTTP/1.1" 200 1552
58.215.75.210 - - [24/Aug/2018:10:43:31 -0300] "GET /manager/html HTTP/1.1" 401 2474
58.215.75.210 - - [24/Aug/2018:10:43:31 -0300] "GET /manager/html HTTP/1.1" 401 2474
58.215.75.210 - - [24/Aug/2018:10:43:32 -0300] "GET /manager/html HTTP/1.1" 401 2474
58.215.75.210 - - [24/Aug/2018:10:43:32 -0300] "GET /manager/html HTTP/1.1" 401 2474
58.215.75.210 - - [24/Aug/2018:10:43:32 -0300] "GET /manager/html HTTP/1.1" 401 2474
186.67.172.234 - - [24/Aug/2018:10:43:33 -0300] "POST /cormun/servlet/solicitudot?gx-no-cache=1535118091272 HTTP/1.1" 200 1377
186.67.172.234 - - [24/Aug/2018:10:43:33 -0300] "POST /cormun/servlet/solicitudot?gx-no-cache=1535118091344 HTTP/1.1" 200 38
58.215.75.210 - - [24/Aug/2018:10:43:33 -0300] "GET /manager/html HTTP/1.1" 401 2474
58.215.75.210 - - [24/Aug/2018:10:43:34 -0300] "GET /manager/html HTTP/1.1" 401 2474
58.215.75.210 - - [24/Aug/2018:10:43:34 -0300] "GET /manager/html HTTP/1.1" 401 2474
58.215.75.210 - - [24/Aug/2018:10:43:35 -0300] "GET /manager/html HTTP/1.1" 401 2474
58.215.75.210 - - [24/Aug/2018:10:43:35 -0300] "GET /manager/html HTTP/1.1" 401 2474
58.215.75.210 - - [24/Aug/2018:10:43:35 -0300] "GET /manager/html HTTP/1.1" 401 2474
58.215.75.210 - - [24/Aug/2018:10:43:36 -0300] "GET /manager/html HTTP/1.1" 401 2474
58.215.75.210 - - [24/Aug/2018:10:43:36 -0300] "GET /manager/html HTTP/1.1" 401 2474
58.215.75.210 - - [24/Aug/2018:10:43:44 -0300] "GET /manager/html HTTP/1.1" 401 2474
58.215.75.210 - - [24/Aug/2018:10:43:45 -0300] "GET /manager/html HTTP/1.1" 401 2474
58.215.75.210 - - [24/Aug/2018:10:43:47 -0300] "GET /manager/html HTTP/1.1" 401 2474
58.215.75.210 - - [24/Aug/2018:10:43:47 -0300] "GET /manager/html HTTP/1.1" 401 2474
58.215.75.210 - - [24/Aug/2018:10:43:48 -0300] "GET /manager/html HTTP/1.1" 401 2474
186.67.172.234 - - [24/Aug/2018:10:43:48 -0300] "GET /cormun/servlet/solicitudot?351bc3d13786ebfda4869e9a6dfda0c8632ccab2fa076447155eb1033bcda8b45a167721ce37954495e40f7c50482bc00fc94e4071c2815999f7e0d1eccb25f504ef03f064483e12a977773e447bf0326beb03bd2c683cf36bf988e2fd94156cef90b149dbf663cfa2558c2154420af1,gx-no-cache=1535118106909 HTTP/1.1" 200 29
186.67.172.234 - - [24/Aug/2018:10:43:48 -0300] "POST /cormun/servlet/solicitudot?gx-no-cache=1535118106938 HTTP/1.1" 200 1357
58.215.75.210 - - [24/Aug/2018:10:43:48 -0300] "GET /manager/html HTTP/1.1" 401 2474
186.67.172.234 - - [24/Aug/2018:10:43:48 -0300] "POST /cormun/servlet/solicitudot?gx-no-cache=1535118106984 HTTP/1.1" 200 1257
186.67.172.234 - - [24/Aug/2018:10:43:48 -0300] "GET /cormun/static/menuarrow.gif HTTP/1.1" 404 1015
58.215.75.210 - - [24/Aug/2018:10:43:49 -0300] "GET /manager/html HTTP/1.1" 401 2474
58.215.75.210 - - [24/Aug/2018:10:43:49 -0300] "GET /manager/html HTTP/1.1" 401 2474
58.215.75.210 - - [24/Aug/2018:10:43:50 -0300] "GET /manager/html HTTP/1.1" 401 2474
58.215.75.210 - - [24/Aug/2018:10:43:50 -0300] "GET /manager/html HTTP/1.1" 401 2474
186.67.172.234 - - [24/Aug/2018:10:43:51 -0300] "POST /cormun/servlet/solicitudot?gx-no-cache=1535118109670 HTTP/1.1" 200 1357
186.67.172.234 - - [24/Aug/2018:10:43:51 -0300] "POST /cormun/servlet/solicitudot?gx-no-cache=1535118109746 HTTP/1.1" 200 1257
58.215.75.210 - - [24/Aug/2018:10:43:52 -0300] "GET /manager/html HTTP/1.1" 401 2474
58.215.75.210 - - [24/Aug/2018:10:43:53 -0300] "GET /manager/html HTTP/1.1" 401 2474
58.215.75.210 - - [24/Aug/2018:10:43:53 -0300] "GET /manager/html HTTP/1.1" 401 2474
186.67.172.234 - - [24/Aug/2018:10:43:53 -0300] "GET /cormun/servlet/solicitudot?351bc3d13786ebfda4869e9a6dfda0c8becf3339462c073f9ad0d481ae1628a7a8731200f983758fcf748bc5f85014e6,gx-no-cache=1535118111796 HTTP/1.1" 200 30
58.215.75.210 - - [24/Aug/2018:10:43:54 -0300] "GET /manager/html HTTP/1.1" 401 2474
58.215.75.210 - - [24/Aug/2018:10:43:55 -0300] "GET /manager/html HTTP/1.1" 401 2474
58.215.75.210 - - [24/Aug/2018:10:43:55 -0300] "GET /manager/html HTTP/1.1" 401 2474
58.215.75.210 - - [24/Aug/2018:10:43:56 -0300] "GET /manager/html HTTP/1.1" 401 2474
58.215.75.210 - - [24/Aug/2018:10:43:56 -0300] "GET /manager/html HTTP/1.1" 401 2474
58.215.75.210 - - [24/Aug/2018:10:43:57 -0300] "GET /manager/html HTTP/1.1" 401 2474
58.215.75.210 - - [24/Aug/2018:10:43:57 -0300] "GET /manager/html HTTP/1.1" 401 2474
58.215.75.210 - - [24/Aug/2018:10:43:58 -0300] "GET /manager/html HTTP/1.1" 401 2474
58.215.75.210 - - [24/Aug/2018:10:43:58 -0300] "GET /manager/html HTTP/1.1" 401 2474
58.215.75.210 - - [24/Aug/2018:10:43:59 -0300] "GET /manager/html HTTP/1.1" 401 2474
58.215.75.210 - - [24/Aug/2018:10:43:59 -0300] "GET /manager/html HTTP/1.1" 401 2474
58.215.75.210 - - [24/Aug/2018:10:43:59 -0300] "GET /manager/html HTTP/1.1" 401 2474
58.215.75.210 - - [24/Aug/2018:10:44:00 -0300] "GET /manager/html HTTP/1.1" 401 2474
58.215.75.210 - - [24/Aug/2018:10:44:00 -0300] "GET /manager/html HTTP/1.1" 401 2474
58.215.75.210 - - [24/Aug/2018:10:44:01 -0300] "GET /manager/html HTTP/1.1" 401 2474
58.215.75.210 - - [24/Aug/2018:10:44:01 -0300] "GET /manager/html HTTP/1.1" 401 2474
58.215.75.210 - - [24/Aug/2018:10:44:02 -0300] "GET /manager/html HTTP/1.1" 401 2474
58.215.75.210 - - [24/Aug/2018:10:44:02 -0300] "GET /manager/html HTTP/1.1" 401 2474
58.215.75.210 - - [24/Aug/2018:10:44:02 -0300] "GET /manager/html HTTP/1.1" 401 2474
58.215.75.210 - - [24/Aug/2018:10:44:03 -0300] "GET /manager/html HTTP/1.1" 401 2474
58.215.75.210 - - [24/Aug/2018:10:44:03 -0300] "GET /manager/html HTTP/1.1" 401 2474
58.215.75.210 - - [24/Aug/2018:10:44:04 -0300] "GET /manager/html HTTP/1.1" 401 2474
58.215.75.210 - - [24/Aug/2018:10:44:04 -0300] "GET /manager/html HTTP/1.1" 401 2474
58.215.75.210 - - [24/Aug/2018:10:44:05 -0300] "GET /manager/html HTTP/1.1" 401 2474
58.215.75.210 - - [24/Aug/2018:10:44:05 -0300] "GET /manager/html HTTP/1.1" 401 2474
58.215.75.210 - - [24/Aug/2018:10:44:06 -0300] "GET /manager/html HTTP/1.1" 401 2474
58.215.75.210 - - [24/Aug/2018:10:44:06 -0300] "GET /manager/html HTTP/1.1" 401 2474
58.215.75.210 - - [24/Aug/2018:10:44:07 -0300] "GET /manager/html HTTP/1.1" 401 2474
58.215.75.210 - - [24/Aug/2018:10:44:07 -0300] "GET /manager/html HTTP/1.1" 401 2474
186.67.172.234 - - [24/Aug/2018:10:44:07 -0300] "POST /cormun/servlet/solicitudot?gx-no-cache=1535118125819 HTTP/1.1" 200 30
58.215.75.210 - - [24/Aug/2018:10:44:08 -0300] "GET /manager/html HTTP/1.1" 401 2474
58.215.75.210 - - [24/Aug/2018:10:44:08 -0300] "GET /manager/html HTTP/1.1" 401 2474
58.215.75.210 - - [24/Aug/2018:10:44:08 -0300] "GET /manager/html HTTP/1.1" 401 2474
58.215.75.210 - - [24/Aug/2018:10:44:09 -0300] "GET /manager/html HTTP/1.1" 401 2474
58.215.75.210 - - [24/Aug/2018:10:44:09 -0300] "GET /manager/html HTTP/1.1" 401 2474
58.215.75.210 - - [24/Aug/2018:10:44:09 -0300] "GET /manager/html HTTP/1.1" 401 2474
58.215.75.210 - - [24/Aug/2018:10:44:10 -0300] "GET /manager/html HTTP/1.1" 401 2474
58.215.75.210 - - [24/Aug/2018:10:44:10 -0300] "GET /manager/html HTTP/1.1" 401 2474
58.215.75.210 - - [24/Aug/2018:10:44:11 -0300] "GET /manager/html HTTP/1.1" 401 2474
58.215.75.210 - - [24/Aug/2018:10:44:11 -0300] "GET /manager/html HTTP/1.1" 401 2474
186.103.159.204 - - [24/Aug/2018:10:44:11 -0300] "POST /cormun/servlet/trlicencias?421717168813e72594a918c4344d1e56,,gx-no-cache=1535118167925 HTTP/1.1" 200 7706
58.215.75.210 - - [24/Aug/2018:10:44:12 -0300] "GET /manager/html HTTP/1.1" 401 2474
58.215.75.210 - - [24/Aug/2018:10:44:12 -0300] "GET /manager/html HTTP/1.1" 401 2474
58.215.75.210 - - [24/Aug/2018:10:44:13 -0300] "GET /manager/html HTTP/1.1" 401 2474
58.215.75.210 - - [24/Aug/2018:10:44:13 -0300] "GET /manager/html HTTP/1.1" 401 2474
58.215.75.210 - - [24/Aug/2018:10:44:14 -0300] "GET /manager/html HTTP/1.1" 401 2474
186.103.159.204 - - [24/Aug/2018:10:44:15 -0300] "POST /cormun/servlet/trlicencias?421717168813e72594a918c4344d1e56,,gx-no-cache=1535118171713 HTTP/1.1" 200 7676
186.103.159.204 - - [24/Aug/2018:10:44:15 -0300] "GET /cormun/static/Shared/jqueryui/images/ui-bg_highlight-soft_100_c6c2c8_1x100.png HTTP/1.1" 404 1117
186.103.159.204 - - [24/Aug/2018:10:44:15 -0300] "GET /cormun/static/Shared/jqueryui/images/ui-icons_82798d_256x240.png HTTP/1.1" 404 1089
186.103.159.204 - - [24/Aug/2018:10:44:15 -0300] "GET /cormun/static/Shared/jqueryui/images/ui-icons_8d78a5_256x240.png HTTP/1.1" 404 1089
186.103.159.204 - - [24/Aug/2018:10:44:15 -0300] "GET /cormun/static/Shared/jqueryui/images/ui-bg_flat_55_fafafa_40x100.png HTTP/1.1" 404 1097
58.215.75.210 - - [24/Aug/2018:10:44:16 -0300] "GET /manager/html HTTP/1.1" 401 2474
58.215.75.210 - - [24/Aug/2018:10:44:16 -0300] "GET /manager/html HTTP/1.1" 401 2474
58.215.75.210 - - [24/Aug/2018:10:44:17 -0300] "GET /manager/html HTTP/1.1" 401 2474
58.215.75.210 - - [24/Aug/2018:10:44:17 -0300] "GET /manager/html HTTP/1.1" 401 2474
58.215.75.210 - - [24/Aug/2018:10:44:19 -0300] "GET /manager/html HTTP/1.1" 401 2474
58.215.75.210 - - [24/Aug/2018:10:44:19 -0300] "GET /manager/html HTTP/1.1" 401 2474
58.215.75.210 - - [24/Aug/2018:10:44:20 -0300] "GET /manager/html HTTP/1.1" 401 2474
58.215.75.210 - - [24/Aug/2018:10:44:20 -0300] "GET /manager/html HTTP/1.1" 401 2474
58.215.75.210 - - [24/Aug/2018:10:44:20 -0300] "GET /manager/html HTTP/1.1" 401 2474
58.215.75.210 - - [24/Aug/2018:10:44:21 -0300] "GET /manager/html HTTP/1.1" 401 2474
58.215.75.210 - - [24/Aug/2018:10:44:21 -0300] "GET /manager/html HTTP/1.1" 401 2474
58.215.75.210 - - [24/Aug/2018:10:44:22 -0300] "GET /manager/html HTTP/1.1" 401 2474
58.215.75.210 - - [24/Aug/2018:10:44:22 -0300] "GET /manager/html HTTP/1.1" 401 2474
58.215.75.210 - - [24/Aug/2018:10:44:24 -0300] "GET /manager/html HTTP/1.1" 401 2474
58.215.75.210 - - [24/Aug/2018:10:44:25 -0300] "GET /manager/html HTTP/1.1" 401 2474
58.215.75.210 - - [24/Aug/2018:10:44:25 -0300] "GET /manager/html HTTP/1.1" 401 2474
58.215.75.210 - - [24/Aug/2018:10:44:26 -0300] "GET /manager/html HTTP/1.1" 401 2474
58.215.75.210 - - [24/Aug/2018:10:44:27 -0300] "GET /manager/html HTTP/1.1" 401 2474
58.215.75.210 - - [24/Aug/2018:10:44:27 -0300] "GET /manager/html HTTP/1.1" 401 2474
58.215.75.210 - - [24/Aug/2018:10:44:29 -0300] "GET /manager/html HTTP/1.1" 401 2474
58.215.75.210 - - [24/Aug/2018:10:44:30 -0300] "GET /manager/html HTTP/1.1" 401 2474
58.215.75.210 - - [24/Aug/2018:10:44:30 -0300] "GET /manager/html HTTP/1.1" 401 2474
58.215.75.210 - - [24/Aug/2018:10:44:31 -0300] "GET /manager/html HTTP/1.1" 401 2474
58.215.75.210 - - [24/Aug/2018:10:44:31 -0300] "GET /manager/html HTTP/1.1" 401 2474
58.215.75.210 - - [24/Aug/2018:10:44:32 -0300] "GET /manager/html HTTP/1.1" 401 2474
58.215.75.210 - - [24/Aug/2018:10:44:32 -0300] "GET /manager/html HTTP/1.1" 401 2474
58.215.75.210 - - [24/Aug/2018:10:44:34 -0300] "GET /manager/html HTTP/1.1" 401 2474
58.215.75.210 - - [24/Aug/2018:10:44:35 -0300] "GET /manager/html HTTP/1.1" 401 2474
58.215.75.210 - - [24/Aug/2018:10:44:35 -0300] "GET /manager/html HTTP/1.1" 401 2474
192.168.10.96 - - [24/Aug/2018:10:44:36 -0300] "GET /cormun/servlet/trsolicitudgral? HTTP/1.1" 500 10
58.215.75.210 - - [24/Aug/2018:10:44:38 -0300] "GET /manager/html HTTP/1.1" 401 2474
58.215.75.210 - - [24/Aug/2018:10:44:39 -0300] "GET /manager/html HTTP/1.1" 401 2474
192.168.10.96 - - [24/Aug/2018:10:44:39 -0300] "GET /cormun/servlet/hlogin HTTP/1.1" 200 1717
192.168.10.96 - - [24/Aug/2018:10:44:40 -0300] "GET /cormun/servlet/hlogin HTTP/1.1" 200 1717
58.215.75.210 - - [24/Aug/2018:10:44:41 -0300] "GET /manager/html HTTP/1.1" 401 2474
58.215.75.210 - - [24/Aug/2018:10:44:41 -0300] "GET /manager/html HTTP/1.1" 401 2474
58.215.75.210 - - [24/Aug/2018:10:44:42 -0300] "GET /manager/html HTTP/1.1" 401 2474
58.215.75.210 - - [24/Aug/2018:10:44:42 -0300] "GET /manager/html HTTP/1.1" 401 2474
58.215.75.210 - - [24/Aug/2018:10:44:43 -0300] "GET /manager/html HTTP/1.1" 401 2474
58.215.75.210 - - [24/Aug/2018:10:44:44 -0300] "GET /manager/html HTTP/1.1" 401 2474
58.215.75.210 - - [24/Aug/2018:10:44:44 -0300] "GET /manager/html HTTP/1.1" 401 2474
58.215.75.210 - - [24/Aug/2018:10:44:45 -0300] "GET /manager/html HTTP/1.1" 401 2474
58.215.75.210 - - [24/Aug/2018:10:44:45 -0300] "GET /manager/html HTTP/1.1" 401 2474
58.215.75.210 - - [24/Aug/2018:10:44:45 -0300] "GET /manager/html HTTP/1.1" 401 2474
58.215.75.210 - - [24/Aug/2018:10:44:46 -0300] "GET /manager/html HTTP/1.1" 401 2474
58.215.75.210 - - [24/Aug/2018:10:44:46 -0300] "GET /manager/html HTTP/1.1" 401 2474
58.215.75.210 - - [24/Aug/2018:10:44:47 -0300] "GET /manager/html HTTP/1.1" 401 2474
192.168.10.96 - - [24/Aug/2018:10:44:50 -0300] "POST /cormun/servlet/hlogin?995f2b32ef09541552a0daa1ca84be51,gx-no-cache=1535118066820 HTTP/1.1" 200 90
192.168.10.96 - - [24/Aug/2018:10:44:50 -0300] "GET /cormun/servlet/hpexe_link HTTP/1.1" 200 950
192.168.10.96 - - [24/Aug/2018:10:44:50 -0300] "GET /cormun/servlet/hhome HTTP/1.1" 200 4719
192.168.10.96 - - [24/Aug/2018:10:44:50 -0300] "GET /cormun/servlet/hhome HTTP/1.1" 200 4715
192.168.10.96 - - [24/Aug/2018:10:44:54 -0300] "GET /cormun/servlet/trsolicitudgral? HTTP/1.1" 200 19825
192.168.10.96 - - [24/Aug/2018:10:44:55 -0300] "GET /cormun/servlet/trsolicitudgral? HTTP/1.1" 200 19822
186.103.159.46 - - [24/Aug/2018:10:44:59 -0300] "GET /cormun/servlet/licenciaspermisos?4cb48c3cc4f47185bd2336a8e0c4959a6f08aadee8960a1f0cc8422891939b37c74274fd80d197604b2ac76d744659ac35cb6fc97caa539fab44670962e430a4d1721e09fdb859b56f6cc360e48d7f44317af79f3dbc576132a2e6d669f99550f8d5637f366b774fb58b6d9f2e214ab432b594b23edcf58ee9a7a7f1fc3edefba7bd8cde24f303485ab701475a8d132909e3d19a4cb688be77ed32316b17bb9f56e5c14ed57746fe30e86d899aef6eda5df6f80d9e477d3998c71169d3252df44267093db2f4e16e25123937b0dd8531f1dfded1f9053cdf85c8fba2b0e22d85,gx-no-cache=1535121819626 HTTP/1.1" 200 30
186.103.159.46 - - [24/Aug/2018:10:44:59 -0300] "POST /cormun/servlet/licenciaspermisos?f7684610d929fbdf5d35db1385fa6bb1,INS,0,,,,gx-no-cache=1535121819708 HTTP/1.1" 200 4489
192.168.10.96 - - [24/Aug/2018:10:45:04 -0300] "POST /cormun/servlet/trsolicitudgral?995f2b32ef09541552a0daa1ca84be51,,gx-no-cache=1535118081152 HTTP/1.1" 200 8370
186.103.159.46 - - [24/Aug/2018:10:45:08 -0300] "GET /cormun/servlet/licenciaspermisos?4cb48c3cc4f47185bd2336a8e0c4959ad94628db7ff3b906f91784cf096e12ac06fd68a2e1951b4409295c6fdd87b2de0e288eeae577e0f27c39de8369fa9edbce41dd2c1736b29d400fc1f3af153f7375535dbeab1527c082117dc159f0bdc642d9dbc0dd019380e835c726f28613cd81c33d51cb05ca6d826f5a9a4124b3adef12d874c8ca10e771449e33a64f7604fa89dbfba0a13e6722539fa100971498459620bb3c84529ff4927a9bfdf0ad77dfa72d46b6f806ae1713d3d56fc3f3a44c0242134e1c020373595e3f245c39a7e91de0ab2b8460b1644add67a31d97d7dfb2d99d632fa3aff699a1287ef89577,gx-no-cache=1535121827962 HTTP/1.1" 200 54
192.168.10.96 - - [24/Aug/2018:10:45:11 -0300] "POST /cormun/servlet/trsolicitudgral?995f2b32ef09541552a0daa1ca84be51,,gx-no-cache=1535118088315 HTTP/1.1" 200 5924
186.103.159.46 - - [24/Aug/2018:10:45:13 -0300] "POST /cormun/servlet/licenciaspermisos?f7684610d929fbdf5d35db1385fa6bb1,INS,0,,,,gx-no-cache=1535121833027 HTTP/1.1" 200 93
186.103.159.46 - - [24/Aug/2018:10:45:13 -0300] "GET /cormun/servlet/hpexe_return? HTTP/1.1" 200 1016
186.103.159.46 - - [24/Aug/2018:10:45:13 -0300] "GET /cormun/servlet/hhome HTTP/1.1" 200 3994
192.168.10.96 - - [24/Aug/2018:10:45:15 -0300] "POST /cormun/servlet/trsolicitudgral?995f2b32ef09541552a0daa1ca84be51,,gx-no-cache=1535118092147 HTTP/1.1" 200 5923
186.103.159.46 - - [24/Aug/2018:10:45:15 -0300] "GET /cormun/servlet/hhome HTTP/1.1" 200 3988
192.168.10.96 - - [24/Aug/2018:10:45:16 -0300] "POST /cormun/servlet/trsolicitudgral?995f2b32ef09541552a0daa1ca84be51,,gx-no-cache=1535118093813 HTTP/1.1" 200 5923
192.168.10.96 - - [24/Aug/2018:10:45:17 -0300] "POST /cormun/servlet/trsolicitudgral?995f2b32ef09541552a0daa1ca84be51,,gx-no-cache=1535118094082 HTTP/1.1" 200 5923
192.168.10.96 - - [24/Aug/2018:10:45:20 -0300] "POST /cormun/servlet/trsolicitudgral?995f2b32ef09541552a0daa1ca84be51,,gx-no-cache=1535118097483 HTTP/1.1" 200 7336
186.103.159.46 - - [24/Aug/2018:10:45:21 -0300] "GET /cormun/servlet/trlicencias? HTTP/1.1" 200 10321
186.103.159.46 - - [24/Aug/2018:10:45:23 -0300] "GET /cormun/servlet/trlicencias? HTTP/1.1" 200 10318
192.168.10.96 - - [24/Aug/2018:10:45:24 -0300] "POST /cormun/servlet/trsolicitudgral?995f2b32ef09541552a0daa1ca84be51,,gx-no-cache=1535118101411 HTTP/1.1" 200 5922
186.103.159.46 - - [24/Aug/2018:10:45:27 -0300] "GET /cormun/servlet/alicenciaprn?11142601,L,20180824000000,PU HTTP/1.1" 200 1612
192.168.10.96 - - [24/Aug/2018:10:45:31 -0300] "POST /cormun/servlet/trsolicitudgral?995f2b32ef09541552a0daa1ca84be51,,gx-no-cache=1535118108019 HTTP/1.1" 200 7335
192.168.10.96 - - [24/Aug/2018:10:45:33 -0300] "GET /cormun/servlet/vesolicitudgral?2018,12037,, HTTP/1.1" 200 9276
192.168.10.96 - - [24/Aug/2018:10:45:33 -0300] "GET /cormun/pexe_scrolldiv.js HTTP/1.1" 404 1009
192.168.10.96 - - [24/Aug/2018:10:45:33 -0300] "GET /cormun/pexe_scrolldiv.js HTTP/1.1" 404 1009
192.168.10.96 - - [24/Aug/2018:10:45:33 -0300] "GET /cormun/servlet/vesolicitudgral?2018,12037,, HTTP/1.1" 200 9275
192.168.10.96 - - [24/Aug/2018:10:45:35 -0300] "GET /cormun/servlet/vesolicitudgral?2018,12037,,SolicitudOTLog HTTP/1.1" 200 10353
192.168.10.96 - - [24/Aug/2018:10:45:36 -0300] "GET /cormun/pexe_scrolldiv.js HTTP/1.1" 404 1009
192.168.10.96 - - [24/Aug/2018:10:45:36 -0300] "GET /cormun/pexe_scrolldiv.js HTTP/1.1" 404 1009
192.168.10.96 - - [24/Aug/2018:10:45:36 -0300] "GET /cormun/servlet/vesolicitudgral?2018,12037,,SolicitudOTLog HTTP/1.1" 200 10355
192.168.10.96 - - [24/Aug/2018:10:45:37 -0300] "POST /cormun/servlet/acontrolpreferencessavestate?None,DZAMUDIO,true HTTP/1.1" 200 35
186.67.172.234 - - [24/Aug/2018:10:45:39 -0300] "GET /cormun/servlet/solicitudot?351bc3d13786ebfda4869e9a6dfda0c87b162e2a5fddb6fa4e862bb83ff4015f8883459925e83969360e527d520f63667bb1f3908c79b8a26373da7404ec10b4,gx-no-cache=1535118217506 HTTP/1.1" 200 30
186.67.172.234 - - [24/Aug/2018:10:45:39 -0300] "POST /cormun/servlet/solicitudot?gx-no-cache=1535118217594 HTTP/1.1" 200 297
186.67.172.234 - - [24/Aug/2018:10:45:39 -0300] "GET /cormun/servlet/solicitudot?351bc3d13786ebfda4869e9a6dfda0c8d05f98f64f1bb9d1ad1e0e71a322f7246774061bc9e3dc91896d5cb174c216c2f9e87a362c22ddebe81186de54a70c2e92257b826057d6e341222ad1f1fffe084e22e4b445fb4675bfa5c17a915c853ad91705ac404cffcbd931deca6dd96add20180edaacd6ebeafab719a8ef01d7a873f9dc1363b8c27f6c381287409f1368a19a3e25cd8c2bc9ad7b3c4be1b24a54ae720b82e5578916e88d42e73dcffd7d5ca54c005f82955b022759d019dba2cb33a837216ace57838d82ad1182b9e84d3273f41a024b31c9c4ab2d7da35ec8164daecf75161a5054f1b6aeb7a2344173c7b328d877169aafe8b3a52786aa6cf8afc4505b9106d49e73d816325a91ef3f5fcc6a0e4f06b3df9b2cef701106bee178ac3f471fa2e1dfe1ce3e822c05f8954e21828bcb158355acb75f67563eca53b3e5a40c6e8927c07aeab742b6d6cda0746bfb5be7e0789009659916d757e39a3f02b1533bb0b079bc84492cff232b393039e8a1ab0cdd7f25b13f30e41af64e0b3171c745bc1c1213a7d6521b3f64ce,gx-no-cache=1535118217653 HTTP/1.1" 200 30
186.67.172.234 - - [24/Aug/2018:10:45:39 -0300] "POST /cormun/servlet/solicitudot?gx-no-cache=1535118217715 HTTP/1.1" 200 30
186.67.172.234 - - [24/Aug/2018:10:45:39 -0300] "POST /cormun/servlet/solicitudot?gx-no-cache=1535118217776 HTTP/1.1" 200 1377
186.67.172.234 - - [24/Aug/2018:10:45:39 -0300] "POST /cormun/servlet/solicitudot?gx-no-cache=1535118217847 HTTP/1.1" 200 41
186.67.172.234 - - [24/Aug/2018:10:45:39 -0300] "POST /cormun/servlet/solicitudot?gx-no-cache=1535118217887 HTTP/1.1" 200 1357
186.67.172.234 - - [24/Aug/2018:10:45:39 -0300] "POST /cormun/servlet/solicitudot?gx-no-cache=1535118217930 HTTP/1.1" 200 1257
186.67.172.234 - - [24/Aug/2018:10:45:39 -0300] "GET /cormun/servlet/solicitudot?351bc3d13786ebfda4869e9a6dfda0c8becf3339462c073f9ad0d481ae1628a7a8731200f983758fcf748bc5f85014e6,gx-no-cache=1535118217975 HTTP/1.1" 200 30
186.67.172.234 - - [24/Aug/2018:10:45:39 -0300] "POST /cormun/servlet/solicitudot?gx-no-cache=1535118218026 HTTP/1.1" 200 30
186.67.172.234 - - [24/Aug/2018:10:45:40 -0300] "POST /cormun/servlet/solicitudot?db50bffb46e0cd07ddcdb8e567939d03,INS,0,0,,gx-no-cache=1535118218070 HTTP/1.1" 200 93
186.67.172.234 - - [24/Aug/2018:10:45:40 -0300] "GET /cormun/servlet/hpexe_return? HTTP/1.1" 200 1005
186.67.172.234 - - [24/Aug/2018:10:45:40 -0300] "GET /cormun/static/gxcfg.js?2016101716175148 HTTP/1.1" 200 953
186.67.172.234 - - [24/Aug/2018:10:45:40 -0300] "GET /cormun/static/hpexe_return.js?2016101716175153 HTTP/1.1" 200 1633
186.67.172.234 - - [24/Aug/2018:10:45:40 -0300] "GET /cormun/static/Resources/Spanish/PXTools.css?167811 HTTP/1.1" 200 89042
186.67.172.234 - - [24/Aug/2018:10:45:40 -0300] "GET /cormun/servlet/trsolicitudot HTTP/1.1" 200 9196
186.67.172.234 - - [24/Aug/2018:10:45:40 -0300] "GET /cormun/servlet/trsolicitudot HTTP/1.1" 200 9192
192.168.10.96 - - [24/Aug/2018:10:45:43 -0300] "POST /cormun/servlet/vesolicitudgral?995f2b32ef09541552a0daa1ca84be51,2018,12037,,SolicitudOTLog,gx-no-cache=1535118120538 HTTP/1.1" 200 90
192.168.10.96 - - [24/Aug/2018:10:45:43 -0300] "GET /cormun/servlet/hpexe_link HTTP/1.1" 200 974
192.168.10.96 - - [24/Aug/2018:10:45:43 -0300] "GET /cormun/servlet/trsolicitudgral? HTTP/1.1" 200 10637
192.168.10.96 - - [24/Aug/2018:10:45:44 -0300] "GET /cormun/servlet/trsolicitudgral? HTTP/1.1" 200 10636
186.67.172.234 - - [24/Aug/2018:10:45:45 -0300] "POST /cormun/servlet/trsolicitudot?db50bffb46e0cd07ddcdb8e567939d03,gx-no-cache=1535118223994 HTTP/1.1" 200 107
186.67.172.234 - - [24/Aug/2018:10:45:45 -0300] "GET /cormun/servlet/trsolicitudadjuntos?2018,12086, HTTP/1.1" 200 6342
186.67.172.234 - - [24/Aug/2018:10:45:46 -0300] "GET /cormun/static/gxui/gxui-all.css?110300 HTTP/1.1" 200 2179
186.67.172.234 - - [24/Aug/2018:10:45:46 -0300] "GET /cormun/static/calendar-system.css?75620 HTTP/1.1" 200 5572
186.67.172.234 - - [24/Aug/2018:10:45:46 -0300] "GET /cormun/static/gxcfg.js?20177612135366 HTTP/1.1" 200 953
186.67.172.234 - - [24/Aug/2018:10:45:46 -0300] "GET /cormun/static/trsolicitudadjuntos.js?20177612135632 HTTP/1.1" 200 17922
186.67.172.234 - - [24/Aug/2018:10:45:46 -0300] "GET /cormun/static/Shared/ext/resources/css/ext-all.css?205870 HTTP/1.1" 200 416045
186.67.172.234 - - [24/Aug/2018:10:45:46 -0300] "GET /cormun/servlet/trsolicitudadjuntos?2018,12086, HTTP/1.1" 200 6342
192.168.10.96 - - [24/Aug/2018:10:45:48 -0300] "POST /cormun/servlet/trsolicitudgral?995f2b32ef09541552a0daa1ca84be51,,gx-no-cache=1535118125669 HTTP/1.1" 200 5924
186.67.172.234 - - [24/Aug/2018:10:45:49 -0300] "GET /cormun/servlet/solicitudotadjuntos?INS,2018,12086,,1, HTTP/1.1" 200 6286
186.67.172.234 - - [24/Aug/2018:10:45:49 -0300] "GET /cormun/static/solicitudotadjuntos.js?2017761244086 HTTP/1.1" 200 11771
186.67.172.234 - - [24/Aug/2018:10:45:49 -0300] "GET /cormun/static/gxcfg.js?2017761244068 HTTP/1.1" 200 953
186.67.172.234 - - [24/Aug/2018:10:45:49 -0300] "GET /cormun/static/about:blank HTTP/1.1" 404 1011
186.67.172.234 - - [24/Aug/2018:10:45:50 -0300] "GET /cormun/servlet/solicitudotadjuntos?INS,2018,12086,,1, HTTP/1.1" 200 6279
186.67.172.234 - - [24/Aug/2018:10:45:50 -0300] "GET /cormun/servlet/solicitudotadjuntos?351bc3d13786ebfda4869e9a6dfda0c8aed9615edb02e7fbc1d65f8a9c45db5dabfc02a50988859b34c3f21f5612507d,gx-no-cache=1535118228791 HTTP/1.1" 200 30
186.67.172.234 - - [24/Aug/2018:10:45:50 -0300] "POST /cormun/servlet/solicitudotadjuntos?db50bffb46e0cd07ddcdb8e567939d03,INS,2018,12086,,1,,gx-no-cache=1535118228841 HTTP/1.1" 200 3983
192.168.10.96 - - [24/Aug/2018:10:45:52 -0300] "POST /cormun/servlet/trsolicitudgral?995f2b32ef09541552a0daa1ca84be51,,gx-no-cache=1535118129708 HTTP/1.1" 200 8371
186.67.172.234 - - [24/Aug/2018:10:45:54 -0300] "POST /cormun/servlet/solicitudotadjuntos?gx-no-cache=1535118232617 HTTP/1.1" 200 26
192.168.10.96 - - [24/Aug/2018:10:45:57 -0300] "GET /cormun/servlet/hlogin HTTP/1.1" 200 1736
186.67.172.234 - - [24/Aug/2018:10:46:08 -0300] "GET /cormun/servlet/solicitudotadjuntos?351bc3d13786ebfda4869e9a6dfda0c8b0ac6602b817f0cfa7800335dbc3ce1f,gx-no-cache=1535118246529 HTTP/1.1" 200 30
186.67.172.234 - - [24/Aug/2018:10:46:08 -0300] "GET /cormun/servlet/solicitudotadjuntos?351bc3d13786ebfda4869e9a6dfda0c8b0ac6602b817f0cfa7800335dbc3ce1f,gx-no-cache=1535118246544 HTTP/1.1" 200 30
186.67.172.234 - - [24/Aug/2018:10:46:08 -0300] "POST /cormun/servlet/solicitudotadjuntos?db50bffb46e0cd07ddcdb8e567939d03,INS,2018,12086,,1, HTTP/1.1" 200 116
186.67.172.234 - - [24/Aug/2018:10:46:09 -0300] "GET /cormun/servlet/hpexe_return? HTTP/1.1" 200 1024
186.67.172.234 - - [24/Aug/2018:10:46:09 -0300] "GET /cormun/servlet/trsolicitudadjuntos?2018,12086, HTTP/1.1" 200 8935
186.67.172.234 - - [24/Aug/2018:10:46:09 -0300] "GET /cormun/servlet/trsolicitudadjuntos?2018,12086, HTTP/1.1" 200 8934
186.67.172.234 - - [24/Aug/2018:10:46:15 -0300] "GET /cormun/servlet/solicitudotadjuntos?INS,2018,12086,,1, HTTP/1.1" 200 6286
186.67.172.234 - - [24/Aug/2018:10:46:15 -0300] "GET /cormun/static/about:blank HTTP/1.1" 404 1011
186.67.172.234 - - [24/Aug/2018:10:46:15 -0300] "GET /cormun/servlet/solicitudotadjuntos?INS,2018,12086,,1, HTTP/1.1" 200 6279
186.67.172.234 - - [24/Aug/2018:10:46:15 -0300] "GET /cormun/servlet/solicitudotadjuntos?351bc3d13786ebfda4869e9a6dfda0c8aed9615edb02e7fbc1d65f8a9c45db5dabfc02a50988859b34c3f21f5612507d,gx-no-cache=1535118254000 HTTP/1.1" 200 30
186.67.172.234 - - [24/Aug/2018:10:46:15 -0300] "POST /cormun/servlet/solicitudotadjuntos?db50bffb46e0cd07ddcdb8e567939d03,INS,2018,12086,,1,,gx-no-cache=1535118254042 HTTP/1.1" 200 3983
192.168.10.96 - - [24/Aug/2018:10:46:20 -0300] "POST /cormun/servlet/hlogin?995f2b32ef09541552a0daa1ca84be51,gx-no-cache=1535118157915 HTTP/1.1" 200 454
186.67.172.234 - - [24/Aug/2018:10:46:21 -0300] "POST /cormun/servlet/solicitudotadjuntos?gx-no-cache=1535118258625 HTTP/1.1" 200 26
192.168.10.96 - - [24/Aug/2018:10:46:25 -0300] "POST /cormun/servlet/hlogin?995f2b32ef09541552a0daa1ca84be51,gx-no-cache=1535118162074 HTTP/1.1" 200 90
192.168.10.96 - - [24/Aug/2018:10:46:25 -0300] "GET /cormun/servlet/hpexe_link HTTP/1.1" 200 950
192.168.10.96 - - [24/Aug/2018:10:46:25 -0300] "GET /cormun/servlet/hhome HTTP/1.1" 200 4195
192.168.10.96 - - [24/Aug/2018:10:46:25 -0300] "GET /cormun/servlet/hhome HTTP/1.1" 200 4191
192.168.10.96 - - [24/Aug/2018:10:46:29 -0300] "GET /cormun/servlet/trautorizarsolicitud? HTTP/1.1" 200 7309
192.168.10.96 - - [24/Aug/2018:10:46:29 -0300] "GET /cormun/servlet/trautorizarsolicitud? HTTP/1.1" 200 7309
186.67.172.234 - - [24/Aug/2018:10:46:30 -0300] "GET /cormun/servlet/solicitudotadjuntos?351bc3d13786ebfda4869e9a6dfda0c8b0ac6602b817f0cfa7800335dbc3ce1f,gx-no-cache=1535118268763 HTTP/1.1" 200 30
186.67.172.234 - - [24/Aug/2018:10:46:30 -0300] "GET /cormun/servlet/solicitudotadjuntos?351bc3d13786ebfda4869e9a6dfda0c8b0ac6602b817f0cfa7800335dbc3ce1f,gx-no-cache=1535118268789 HTTP/1.1" 200 30
192.168.10.96 - - [24/Aug/2018:10:46:31 -0300] "GET /cormun/servlet/trsolicitudot? HTTP/1.1" 200 8847
192.168.10.96 - - [24/Aug/2018:10:46:31 -0300] "GET /cormun/servlet/trsolicitudot? HTTP/1.1" 200 8846
186.67.172.234 - - [24/Aug/2018:10:46:31 -0300] "POST /cormun/servlet/solicitudotadjuntos?db50bffb46e0cd07ddcdb8e567939d03,INS,2018,12086,,1, HTTP/1.1" 200 116
186.67.172.234 - - [24/Aug/2018:10:46:31 -0300] "GET /cormun/servlet/hpexe_return? HTTP/1.1" 200 1024
186.67.172.234 - - [24/Aug/2018:10:46:32 -0300] "GET /cormun/servlet/trsolicitudadjuntos?2018,12086, HTTP/1.1" 200 9155
186.67.172.234 - - [24/Aug/2018:10:46:32 -0300] "GET /cormun/servlet/trsolicitudadjuntos?2018,12086, HTTP/1.1" 200 9155
192.168.10.96 - - [24/Aug/2018:10:46:33 -0300] "POST /cormun/servlet/trsolicitudot?995f2b32ef09541552a0daa1ca84be51,,gx-no-cache=1535118170224 HTTP/1.1" 200 4709
192.168.10.96 - - [24/Aug/2018:10:46:33 -0300] "GET /cormun/static/Shared/jqueryui/images/ui-icons_82798d_256x240.png HTTP/1.1" 404 1089
192.168.10.96 - - [24/Aug/2018:10:46:33 -0300] "GET /cormun/static/Shared/jqueryui/images/ui-bg_highlight-soft_100_c6c2c8_1x100.png HTTP/1.1" 404 1117
192.168.10.96 - - [24/Aug/2018:10:46:33 -0300] "GET /cormun/static/Shared/jqueryui/images/ui-bg_flat_55_fafafa_40x100.png HTTP/1.1" 404 1097
192.168.10.96 - - [24/Aug/2018:10:46:33 -0300] "GET /cormun/static/Shared/jqueryui/images/ui-icons_8d78a5_256x240.png HTTP/1.1" 404 1089
192.168.10.96 - - [24/Aug/2018:10:46:33 -0300] "POST /cormun/servlet/trsolicitudot?995f2b32ef09541552a0daa1ca84be51,,gx-no-cache=1535118170395 HTTP/1.1" 200 4452
192.168.10.96 - - [24/Aug/2018:10:46:35 -0300] "GET /cormun/servlet/trautorizarsolicitud? HTTP/1.1" 200 8738
186.67.172.234 - - [24/Aug/2018:10:46:35 -0300] "GET /cormun/servlet/solicitudotadjuntos?INS,2018,12086,,1, HTTP/1.1" 200 6286
186.67.172.234 - - [24/Aug/2018:10:46:35 -0300] "GET /cormun/static/about:blank HTTP/1.1" 404 1011
192.168.10.96 - - [24/Aug/2018:10:46:35 -0300] "GET /cormun/servlet/trautorizarsolicitud? HTTP/1.1" 200 8738
186.67.172.234 - - [24/Aug/2018:10:46:35 -0300] "GET /cormun/servlet/solicitudotadjuntos?INS,2018,12086,,1, HTTP/1.1" 200 6279
186.67.172.234 - - [24/Aug/2018:10:46:36 -0300] "GET /cormun/servlet/solicitudotadjuntos?351bc3d13786ebfda4869e9a6dfda0c8aed9615edb02e7fbc1d65f8a9c45db5dabfc02a50988859b34c3f21f5612507d,gx-no-cache=1535118274495 HTTP/1.1" 200 30
186.67.172.234 - - [24/Aug/2018:10:46:36 -0300] "POST /cormun/servlet/solicitudotadjuntos?db50bffb46e0cd07ddcdb8e567939d03,INS,2018,12086,,1,,gx-no-cache=1535118274533 HTTP/1.1" 200 3983
192.168.10.96 - - [24/Aug/2018:10:46:38 -0300] "POST /cormun/servlet/trautorizarsolicitud?995f2b32ef09541552a0daa1ca84be51,,gx-no-cache=1535118175038 HTTP/1.1" 200 4635
192.168.10.96 - - [24/Aug/2018:10:46:38 -0300] "GET /cormun/static/Shared/jqueryui/images/ui-icons_82798d_256x240.png HTTP/1.1" 404 1089
192.168.10.96 - - [24/Aug/2018:10:46:38 -0300] "GET /cormun/static/Shared/jqueryui/images/ui-bg_highlight-soft_100_c6c2c8_1x100.png HTTP/1.1" 404 1117
192.168.10.96 - - [24/Aug/2018:10:46:38 -0300] "GET /cormun/static/Shared/jqueryui/images/ui-icons_8d78a5_256x240.png HTTP/1.1" 404 1089
192.168.10.96 - - [24/Aug/2018:10:46:38 -0300] "GET /cormun/static/Shared/jqueryui/images/ui-bg_flat_55_fafafa_40x100.png HTTP/1.1" 404 1097
192.168.10.96 - - [24/Aug/2018:10:46:38 -0300] "POST /cormun/servlet/trautorizarsolicitud?995f2b32ef09541552a0daa1ca84be51,,gx-no-cache=1535118175207 HTTP/1.1" 200 4378
186.67.172.234 - - [24/Aug/2018:10:46:39 -0300] "POST /cormun/servlet/solicitudotadjuntos?gx-no-cache=1535118277218 HTTP/1.1" 200 26
40.77.167.44 - - [24/Aug/2018:10:46:43 -0300] "GET /cormun/servlet/hhome HTTP/1.1" 200 3396
186.67.172.234 - - [24/Aug/2018:10:46:47 -0300] "GET /cormun/servlet/solicitudotadjuntos?351bc3d13786ebfda4869e9a6dfda0c8b0ac6602b817f0cfa7800335dbc3ce1f,gx-no-cache=1535118285412 HTTP/1.1" 200 30
186.67.172.234 - - [24/Aug/2018:10:46:47 -0300] "GET /cormun/servlet/solicitudotadjuntos?351bc3d13786ebfda4869e9a6dfda0c8b0ac6602b817f0cfa7800335dbc3ce1f,gx-no-cache=1535118285440 HTTP/1.1" 200 30
192.168.10.96 - - [24/Aug/2018:10:46:47 -0300] "GET /cormun/servlet/hlogin HTTP/1.1" 200 1739
186.67.172.234 - - [24/Aug/2018:10:46:48 -0300] "POST /cormun/servlet/solicitudotadjuntos?db50bffb46e0cd07ddcdb8e567939d03,INS,2018,12086,,1, HTTP/1.1" 200 116
186.67.172.234 - - [24/Aug/2018:10:46:48 -0300] "GET /cormun/servlet/hpexe_return? HTTP/1.1" 200 1024
186.67.172.234 - - [24/Aug/2018:10:46:49 -0300] "GET /cormun/servlet/trsolicitudadjuntos?2018,12086, HTTP/1.1" 200 9333
186.67.172.234 - - [24/Aug/2018:10:46:49 -0300] "GET /cormun/servlet/trsolicitudadjuntos?2018,12086, HTTP/1.1" 200 9331
186.67.172.234 - - [24/Aug/2018:10:46:52 -0300] "GET /cormun/servlet/solicitudotadjuntos?INS,2018,12086,,1, HTTP/1.1" 200 6286
186.67.172.234 - - [24/Aug/2018:10:46:52 -0300] "GET /cormun/static/about:blank HTTP/1.1" 404 1011
186.67.172.234 - - [24/Aug/2018:10:46:52 -0300] "GET /cormun/servlet/solicitudotadjuntos?INS,2018,12086,,1, HTTP/1.1" 200 6279
186.67.172.234 - - [24/Aug/2018:10:46:52 -0300] "GET /cormun/servlet/solicitudotadjuntos?351bc3d13786ebfda4869e9a6dfda0c8aed9615edb02e7fbc1d65f8a9c45db5dabfc02a50988859b34c3f21f5612507d,gx-no-cache=1535118291025 HTTP/1.1" 200 30
186.67.172.234 - - [24/Aug/2018:10:46:52 -0300] "POST /cormun/servlet/solicitudotadjuntos?db50bffb46e0cd07ddcdb8e567939d03,INS,2018,12086,,1,,gx-no-cache=1535118291062 HTTP/1.1" 200 3983
186.67.172.234 - - [24/Aug/2018:10:46:55 -0300] "POST /cormun/servlet/solicitudotadjuntos?gx-no-cache=1535118293371 HTTP/1.1" 200 26
192.168.10.96 - - [24/Aug/2018:10:46:56 -0300] "POST /cormun/servlet/hlogin?995f2b32ef09541552a0daa1ca84be51,gx-no-cache=1535118192971 HTTP/1.1" 200 90
192.168.10.96 - - [24/Aug/2018:10:46:56 -0300] "GET /cormun/servlet/hpexe_link HTTP/1.1" 200 950
192.168.10.96 - - [24/Aug/2018:10:46:56 -0300] "GET /cormun/servlet/hhome HTTP/1.1" 200 4719
192.168.10.96 - - [24/Aug/2018:10:46:56 -0300] "GET /cormun/servlet/hhome HTTP/1.1" 200 4715
192.168.10.96 - - [24/Aug/2018:10:46:58 -0300] "GET /cormun/servlet/trsolicitudgral? HTTP/1.1" 200 12192
192.168.10.96 - - [24/Aug/2018:10:46:59 -0300] "GET /cormun/servlet/trsolicitudgral? HTTP/1.1" 200 12189
186.67.172.234 - - [24/Aug/2018:10:47:03 -0300] "GET /cormun/servlet/solicitudotadjuntos?351bc3d13786ebfda4869e9a6dfda0c8b0ac6602b817f0cfa7800335dbc3ce1f,gx-no-cache=1535118301652 HTTP/1.1" 200 30
186.67.172.234 - - [24/Aug/2018:10:47:03 -0300] "GET /cormun/servlet/solicitudotadjuntos?351bc3d13786ebfda4869e9a6dfda0c8b0ac6602b817f0cfa7800335dbc3ce1f,gx-no-cache=1535118301666 HTTP/1.1" 200 30
186.67.172.234 - - [24/Aug/2018:10:47:04 -0300] "POST /cormun/servlet/solicitudotadjuntos?db50bffb46e0cd07ddcdb8e567939d03,INS,2018,12086,,1, HTTP/1.1" 200 116
186.67.172.234 - - [24/Aug/2018:10:47:04 -0300] "GET /cormun/servlet/hpexe_return? HTTP/1.1" 200 1024
186.67.172.234 - - [24/Aug/2018:10:47:04 -0300] "GET /cormun/servlet/trsolicitudadjuntos?2018,12086, HTTP/1.1" 200 9553
186.67.172.234 - - [24/Aug/2018:10:47:05 -0300] "GET /cormun/servlet/trsolicitudadjuntos?2018,12086, HTTP/1.1" 200 9550
186.67.172.234 - - [24/Aug/2018:10:47:07 -0300] "GET /cormun/servlet/solicitudotadjuntos?INS,2018,12086,,1, HTTP/1.1" 200 6286
186.67.172.234 - - [24/Aug/2018:10:47:07 -0300] "GET /cormun/static/about:blank HTTP/1.1" 404 1011
186.67.172.234 - - [24/Aug/2018:10:47:07 -0300] "GET /cormun/servlet/solicitudotadjuntos?INS,2018,12086,,1, HTTP/1.1" 200 6279
186.67.172.234 - - [24/Aug/2018:10:47:08 -0300] "GET /cormun/servlet/solicitudotadjuntos?351bc3d13786ebfda4869e9a6dfda0c8aed9615edb02e7fbc1d65f8a9c45db5dabfc02a50988859b34c3f21f5612507d,gx-no-cache=1535118306591 HTTP/1.1" 200 30
186.67.172.234 - - [24/Aug/2018:10:47:08 -0300] "POST /cormun/servlet/solicitudotadjuntos?db50bffb46e0cd07ddcdb8e567939d03,INS,2018,12086,,1,,gx-no-cache=1535118306652 HTTP/1.1" 200 3983
