186.103.156.166 - - [21/Aug/2018:12:34:43 -0300] "POST /cormun/servlet/solicitudot?gx-no-cache=1534865606723 HTTP/1.1" 200 34
186.103.156.166 - - [21/Aug/2018:12:34:45 -0300] "POST /cormun/servlet/solicitudot?f6e7be41ca8466be2357562a92718bf2,INS,0,0,,gx-no-cache=1534865606873 HTTP/1.1" 200 12104
186.103.156.166 - - [21/Aug/2018:12:35:11 -0300] "GET /cormun/servlet/trsolicitudot? HTTP/1.1" 200 7400
186.103.156.166 - - [21/Aug/2018:12:35:12 -0300] "GET /cormun/servlet/trsolicitudot? HTTP/1.1" 200 7399
186.103.156.166 - - [21/Aug/2018:12:35:17 -0300] "GET /cormun/servlet/trautorizarsolicitud? HTTP/1.1" 200 7299
186.103.156.166 - - [21/Aug/2018:12:35:17 -0300] "GET /cormun/static/gxcfg.js?2017111423403364 HTTP/1.1" 200 953
186.103.156.166 - - [21/Aug/2018:12:35:19 -0300] "GET /cormun/static/trautorizarsolicitud.js?201711142340425 HTTP/1.1" 200 53910
186.103.156.166 - - [21/Aug/2018:12:35:19 -0300] "GET /cormun/servlet/trautorizarsolicitud? HTTP/1.1" 200 7299
186.103.156.166 - - [21/Aug/2018:12:35:22 -0300] "GET /cormun/servlet/trvisualizadoreventos? HTTP/1.1" 200 6932
186.103.156.166 - - [21/Aug/2018:12:35:22 -0300] "GET /cormun/static/gxcfg.js?20175251251426 HTTP/1.1" 200 953
186.103.156.166 - - [21/Aug/2018:12:35:22 -0300] "GET /cormun/static/Resources/PXToolsActionPrint.png HTTP/1.1" 200 3317
186.103.156.166 - - [21/Aug/2018:12:35:22 -0300] "GET /cormun/static/trvisualizadoreventos.js?20175251251768 HTTP/1.1" 200 19318
186.103.156.166 - - [21/Aug/2018:12:35:23 -0300] "GET /cormun/servlet/trvisualizadoreventos? HTTP/1.1" 200 6932
186.103.156.166 - - [21/Aug/2018:12:35:26 -0300] "GET /cormun/servlet/trsolicitudot? HTTP/1.1" 200 7399
186.103.156.166 - - [21/Aug/2018:12:35:27 -0300] "GET /cormun/servlet/trsolicitudot? HTTP/1.1" 200 7399
186.103.156.166 - - [21/Aug/2018:12:35:30 -0300] "GET /cormun/servlet/solicitudot?INS,0,0, HTTP/1.1" 200 13641
186.103.156.166 - - [21/Aug/2018:12:35:31 -0300] "GET /cormun/servlet/solicitudot?INS,0,0, HTTP/1.1" 200 13646
186.103.156.166 - - [21/Aug/2018:12:35:41 -0300] "POST /cormun/servlet/solicitudot?gx-no-cache=1534865663722 HTTP/1.1" 200 3501
186.103.156.166 - - [21/Aug/2018:12:35:42 -0300] "GET /cormun/static/Shared/jqueryui/images/ui-bg_highlight-soft_100_c6c2c8_1x100.png HTTP/1.1" 404 1117
186.103.156.166 - - [21/Aug/2018:12:35:42 -0300] "GET /cormun/static/Shared/jqueryui/images/ui-bg_flat_55_994d53_40x100.png HTTP/1.1" 404 1097
186.103.156.166 - - [21/Aug/2018:12:35:42 -0300] "GET /cormun/static/Shared/jqueryui/images/ui-icons_82798d_256x240.png HTTP/1.1" 404 1089
186.103.156.166 - - [21/Aug/2018:12:35:42 -0300] "GET /cormun/static/Shared/jqueryui/images/ui-icons_ebccce_256x240.png HTTP/1.1" 404 1089
186.103.156.166 - - [21/Aug/2018:12:35:47 -0300] "GET /cormun/servlet/solicitudot?8a76907c0f678d8150010a86efdb186bdb142a17b337b7221005ddb4f9b2419fac5602ec14d337c148cac8c29cc5025e,gx-no-cache=1534865671316 HTTP/1.1" 200 30
192.168.10.96 - - [21/Aug/2018:12:36:05 -0300] "POST /cormun/servlet/trsolicitudgral?4c2d9e23d5f99769f3b59a4c52a852d7,,gx-no-cache=1534865543643 HTTP/1.1" 440 972
192.168.10.96 - - [21/Aug/2018:12:36:07 -0300] "GET /cormun/servlet/trsolicitudgral? HTTP/1.1" 500 10
192.168.10.96 - - [21/Aug/2018:12:36:10 -0300] "GET /cormun/servlet/hlogin HTTP/1.1" 200 1723
192.168.10.96 - - [21/Aug/2018:12:36:10 -0300] "GET /cormun/servlet/hlogin HTTP/1.1" 200 1723
192.168.10.96 - - [21/Aug/2018:12:36:16 -0300] "POST /cormun/servlet/hlogin?34cc2707a5f7890a31e6fe1de9f4d256,gx-no-cache=1534865553915 HTTP/1.1" 200 90
192.168.10.96 - - [21/Aug/2018:12:36:16 -0300] "GET /cormun/servlet/hpexe_link HTTP/1.1" 200 955
192.168.10.96 - - [21/Aug/2018:12:36:16 -0300] "GET /cormun/servlet/hhome HTTP/1.1" 200 4715
192.168.10.96 - - [21/Aug/2018:12:36:17 -0300] "GET /cormun/servlet/hhome HTTP/1.1" 200 4711
192.168.10.96 - - [21/Aug/2018:12:36:19 -0300] "GET /cormun/servlet/trsolicitudgral? HTTP/1.1" 200 25080
192.168.10.96 - - [21/Aug/2018:12:36:20 -0300] "GET /cormun/servlet/trsolicitudgral? HTTP/1.1" 200 25077
192.168.10.96 - - [21/Aug/2018:12:36:24 -0300] "POST /cormun/servlet/trsolicitudgral?34cc2707a5f7890a31e6fe1de9f4d256,,gx-no-cache=1534865562719 HTTP/1.1" 200 7304
192.168.10.96 - - [21/Aug/2018:12:36:29 -0300] "POST /cormun/servlet/trsolicitudgral?34cc2707a5f7890a31e6fe1de9f4d256,,gx-no-cache=1534865566883 HTTP/1.1" 200 7699
186.103.159.182 - - [21/Aug/2018:12:36:29 -0300] "GET /cormun/servlet/licenciaspermisos?43077d708b6d8934cb46784320c6b8c442232f829e96b622c0e9c7ea9ef6e4f52cba378ff61476db2a78381e82eb38a9971d5ddc437f8acfed425fcf2cb8c754c142b254023cc9545937722cd2e65dd2508fddee9f796c4f55637ec33824c70079bda1bdb5be0dadcdd75fe4a27512097462aaf23559205d67ea33402ed2e5a1e9df86c5f38e918ad4b1881cdc8b711f7c08c7b9b9b83cb7e0812fd38701e92780dcffc4a273464975863642dbc758a9198330ba0aff05dc2396f897ccd26524ba2de3a8beeddcb3af74d50e8162d9e2706679c498cc2007f8fe158cef858fd8,gx-no-cache=1534865597711 HTTP/1.1" 200 30
186.103.159.182 - - [21/Aug/2018:12:36:29 -0300] "POST /cormun/servlet/licenciaspermisos?d9db7546e657a48b7908e7c92b3da1f8,INS,0,,,,gx-no-cache=1534865598075 HTTP/1.1" 200 4968
192.168.10.96 - - [21/Aug/2018:12:36:42 -0300] "GET /cormun/servlet/solicitudgral2?UPD,2018,11972, HTTP/1.1" 200 13265
192.168.10.96 - - [21/Aug/2018:12:36:42 -0300] "GET /cormun/static/gxcfg.js?20181911361990 HTTP/1.1" 200 953
192.168.10.96 - - [21/Aug/2018:12:36:42 -0300] "GET /cormun/static/solicitudgral2.js?20181911362067 HTTP/1.1" 200 43987
192.168.10.96 - - [21/Aug/2018:12:36:42 -0300] "GET /cormun/servlet/solicitudgral2?UPD,2018,11972, HTTP/1.1" 200 13276
192.168.10.96 - - [21/Aug/2018:12:36:43 -0300] "POST /cormun/servlet/solicitudgral2?gx-no-cache=1534865580994 HTTP/1.1" 200 3902
192.168.10.96 - - [21/Aug/2018:12:36:43 -0300] "GET /cormun/servlet/solicitudgral2?ae9cb9051a3fbd07aaa8a1a873ac16c9a9972c90712da6c53180cedfd6ba4fa9aceb5550a06b6a3a734b6a96064bbaa624a05e13ac3b0bc23008b2932a263110fda225023e70ff713dc17e6bc436f991f04e24b296504750868002f330b0a4f612b671f2373c02d43363d0d81d0b551593fb1bc4bb074c9560a7b687432b0e66371becb99033b7eda2ac28d6e31703bbc67909ac70bb6a06ee39ac3b54bf95ded9ba9c01324c2614912a83a8df9a192ffe45c61a5f43dfa0b53ef51dc9d63b452a412c73b25cc0e0a679ef9d990d27d74e3a5b5c69ba8ef69b7f00fb9707a73e19d9aa8292f0a4b05cda19ed7638a0e76ba2491754aa1a9aaac68fc719935085f583600c3416a1b7c7a4dc2dabf7978602af1c7ea771dea881a027293e22b50efd3f421ae1330d1fcfeebcdf1d51d105509f2db9615fe82ca330d0092245dbdbd3e53bd9bef3cfed08eef8d201dff372,gx-no-cache=1534865581135 HTTP/1.1" 200 297
192.168.10.96 - - [21/Aug/2018:12:36:43 -0300] "POST /cormun/servlet/solicitudgral2?gx-no-cache=1534865581191 HTTP/1.1" 200 1435
192.168.10.96 - - [21/Aug/2018:12:36:43 -0300] "GET /cormun/servlet/solicitudgral2?ae9cb9051a3fbd07aaa8a1a873ac16c988e09cb18b00a84cfbf4e096cef9af3cbf7f8e347ea760a4bda81d736b5f2fad7abf88f9a66409e1b8fa3eb4bb8bd3c7aa9b4ebe5da7fd72d5bcc9044b51f3bc041777f5d6278540f1e9704f2ba51054443492a842ba4b35190254232bf891d4,gx-no-cache=1534865581267 HTTP/1.1" 200 41
192.168.10.96 - - [21/Aug/2018:12:36:44 -0300] "POST /cormun/servlet/solicitudgral2?34cc2707a5f7890a31e6fe1de9f4d256,UPD,2018,11972,,gx-no-cache=1534865582755 HTTP/1.1" 200 11931
192.168.10.96 - - [21/Aug/2018:12:36:45 -0300] "GET /cormun/servlet/solicitudgral2?ae9cb9051a3fbd07aaa8a1a873ac16c9c8e5365dddc990cec5c2a742d706736395a473335d2bae24ef723c3a00c8526b133f5620087774d38d5980e4dde1e8cbf91f5c9385c584aa88760ca0335f8c14d9c3c2fc8a186e2f870359b3c6b09097190c004b2cbed48617eb5e291e1041ab,gx-no-cache=1534865583030 HTTP/1.1" 200 29
192.168.10.96 - - [21/Aug/2018:12:36:45 -0300] "POST /cormun/servlet/solicitudgral2?gx-no-cache=1534865583056 HTTP/1.1" 200 1333
192.168.10.96 - - [21/Aug/2018:12:36:45 -0300] "POST /cormun/servlet/solicitudgral2?gx-no-cache=1534865583116 HTTP/1.1" 200 1258
186.103.159.182 - - [21/Aug/2018:12:36:46 -0300] "GET /cormun/servlet/licenciaspermisos?43077d708b6d8934cb46784320c6b8c4da6e73139270bc9c05a5243b1c6d37ddeb76c1d2ddeab2287f1c729fe7ff99abd904f7fc51c52814ff76bedd78955b920d9f399713f8237a00e569adac5fb946ae7a83de00576977bde28c2d38b8e13fb3f4a1fe6a42c08134ecd4415b9b631adfd6c488ba5b99670cb6575a04f96ee5809a82826bc7dd98a71d1e78f099693e71387f04934826be07b4502e01a4020c291e51e5fab0036069430b1c1d725a11c7e14d83c993141e8948e6c160ea945fb162ecf76f6f994326be45ed78e00919079da763896d0d71e3ea7a043a0430092774db07cdd29fea413ea3499e3ab219,gx-no-cache=1534865613922 HTTP/1.1" 200 60
186.103.159.182 - - [21/Aug/2018:12:36:46 -0300] "POST /cormun/servlet/licenciaspermisos?d9db7546e657a48b7908e7c92b3da1f8,INS,0,,,,gx-no-cache=1534865614574 HTTP/1.1" 200 93
186.103.159.182 - - [21/Aug/2018:12:36:46 -0300] "GET /cormun/servlet/hpexe_return? HTTP/1.1" 200 1009
186.103.159.182 - - [21/Aug/2018:12:36:47 -0300] "GET /cormun/servlet/trlicencias HTTP/1.1" 200 16580
186.103.159.182 - - [21/Aug/2018:12:36:50 -0300] "GET /cormun/servlet/trlicencias HTTP/1.1" 200 16575
192.168.10.96 - - [21/Aug/2018:12:36:51 -0300] "GET /cormun/servlet/solicitudgral2?ae9cb9051a3fbd07aaa8a1a873ac16c98a9f9b55712287dce38995579f9ef15eef0166ff02166c2e9f553476441c1cedc9b93ad8f9c24d0d29a84925a5f71c6c5ee5507fa05703044eb87abf780f2ee32ef1005cbf0e3c5db484725f1bbad79b5779ca283ec86b69cfe944fb939bb43a0b3bac84693f8ef2ccc1dd731669d9f1,gx-no-cache=1534865589101 HTTP/1.1" 200 30
192.168.10.96 - - [21/Aug/2018:12:36:51 -0300] "POST /cormun/servlet/solicitudgral2?34cc2707a5f7890a31e6fe1de9f4d256,UPD,2018,11972,,gx-no-cache=1534865589118 HTTP/1.1" 200 93
192.168.10.96 - - [21/Aug/2018:12:36:51 -0300] "GET /cormun/servlet/hpexe_return? HTTP/1.1" 200 1020
192.168.10.96 - - [21/Aug/2018:12:36:51 -0300] "GET /cormun/servlet/trsolicitudgral? HTTP/1.1" 200 10985
192.168.10.96 - - [21/Aug/2018:12:36:51 -0300] "GET /cormun/servlet/trsolicitudgral? HTTP/1.1" 200 10980
192.168.10.96 - - [21/Aug/2018:12:36:54 -0300] "GET /cormun/servlet/solicitudgral?UPD,2018,11977, HTTP/1.1" 200 13250
192.168.10.96 - - [21/Aug/2018:12:36:55 -0300] "GET /cormun/static/gxcfg.js?20181911354237 HTTP/1.1" 200 953
192.168.10.96 - - [21/Aug/2018:12:36:55 -0300] "GET /cormun/static/solicitudgral.js?20181911354326 HTTP/1.1" 200 41515
192.168.10.96 - - [21/Aug/2018:12:36:55 -0300] "GET /cormun/servlet/solicitudgral?UPD,2018,11977, HTTP/1.1" 200 13260
192.168.10.96 - - [21/Aug/2018:12:36:55 -0300] "POST /cormun/servlet/solicitudgral?gx-no-cache=1534865593714 HTTP/1.1" 200 3897
192.168.10.96 - - [21/Aug/2018:12:36:55 -0300] "GET /cormun/servlet/solicitudgral?ae9cb9051a3fbd07aaa8a1a873ac16c9a9972c90712da6c53180cedfd6ba4fa9aceb5550a06b6a3a734b6a96064bbaa624a05e13ac3b0bc23008b2932a263110fda225023e70ff713dc17e6bc436f991f04e24b296504750868002f330b0a4f612b671f2373c02d43363d0d81d0b551593fb1bc4bb074c9560a7b687432b0e66371becb99033b7eda2ac28d6e31703bbc67909ac70bb6a06ee39ac3b54bf95ded9ba9c01324c2614912a83a8df9a192ffe45c61a5f43dfa0b53ef51dc9d63b452a412c73b25cc0e0a679ef9d990d27d74e3a5b5c69ba8ef69b7f00fb9707a73e19d9aa8292f0a4b05cda19ed7638a0e76ba2491754aa1a9aaac68fc719935085f583600c3416a1b7c7a4dc2dabf7978602af1c7ea771dea881a027293e22b50efd3f421ae1330d1fcfeebcdf1d51d105509f2db9615fe82ca330d0092245dbdbd3e53bd9bef3cfed08eef8d201dff372,gx-no-cache=1534865593889 HTTP/1.1" 200 297
192.168.10.96 - - [21/Aug/2018:12:36:56 -0300] "GET /cormun/servlet/solicitudgral?ae9cb9051a3fbd07aaa8a1a873ac16c91cb7e43d4bec9cce40967f886c004f9c32761a0f91a6a1c2b58a72959f3ffdb6b8c41a2019ec1f89c43164ae04c87f696b1081afcd06ffc91ef626e3e41ec86ceab58c487979c0585af7066219ed352930ad89dd64815da3e4380f1dd5e75a61e994036ce0a8659a6eaba20efcc76c851d3b739c7e476fa642bf4a3a56ff21c03827ccea1692e81e3fbb2ab994ec5237a0bb7933fdd53366ce88ee6fcd60a97e92b37b8c2328926caded30ab8a0a2a4dc754c7f4a8ec26231da1735adf122a36051851f08c436736c37e5fda088d5b4d0d7c9d9f51c356fdc89478fa7cba4c5702ce2eef2ec4ae8a716c5de72bbb65365cdecdc67323619ef2cb76abb1eeefe689bbd8b7b1bb44e6019165303eb95faabd42b287242848edf7be480def38ae9be09f7e3377313d36dcf0b76e859ec979784ba3cb56d2ffa1f2151935ca70bdda243f2417d2c362870fbe96dc6955c4fc170c71af9b44c448eebc1df2082c28c20fdb53a298ddddeda45863f12b979333320f7957fd67fdf1ad39ee77591e46254da07c68374614820e752914ca0aa267b3d4f00364b38c842bde42cba6bc50fb,gx-no-cache=1534865594326 HTTP/1.1" 200 48
192.168.10.96 - - [21/Aug/2018:12:36:56 -0300] "POST /cormun/servlet/solicitudgral?34cc2707a5f7890a31e6fe1de9f4d256,UPD,2018,11977,,gx-no-cache=1534865594360 HTTP/1.1" 200 11896
192.168.10.96 - - [21/Aug/2018:12:36:56 -0300] "GET /cormun/servlet/solicitudgral?ae9cb9051a3fbd07aaa8a1a873ac16c9c8e5365dddc990cec5c2a742d706736395a473335d2bae24ef723c3a00c8526b133f5620087774d38d5980e4dde1e8cbf91f5c9385c584aa88760ca0335f8c14d9c3c2fc8a186e2f870359b3c6b09097190c004b2cbed48617eb5e291e1041ab,gx-no-cache=1534865594567 HTTP/1.1" 200 29
192.168.10.96 - - [21/Aug/2018:12:36:56 -0300] "POST /cormun/servlet/solicitudgral?gx-no-cache=1534865594585 HTTP/1.1" 200 1333
192.168.10.96 - - [21/Aug/2018:12:36:56 -0300] "POST /cormun/servlet/solicitudgral?gx-no-cache=1534865594626 HTTP/1.1" 200 1258
192.168.10.96 - - [21/Aug/2018:12:37:00 -0300] "POST /cormun/servlet/solicitudgral?34cc2707a5f7890a31e6fe1de9f4d256,UPD,2018,11977,,gx-no-cache=1534865598364 HTTP/1.1" 200 93
192.168.10.96 - - [21/Aug/2018:12:37:00 -0300] "GET /cormun/servlet/hpexe_return? HTTP/1.1" 200 1018
192.168.10.96 - - [21/Aug/2018:12:37:00 -0300] "GET /cormun/servlet/trsolicitudgral HTTP/1.1" 200 10987
192.168.10.96 - - [21/Aug/2018:12:37:01 -0300] "GET /cormun/servlet/trsolicitudgral HTTP/1.1" 200 10982
192.168.10.96 - - [21/Aug/2018:12:37:03 -0300] "GET /cormun/servlet/vesolicitudgral?2018,11972,, HTTP/1.1" 200 9313
192.168.10.96 - - [21/Aug/2018:12:37:03 -0300] "GET /cormun/pexe_scrolldiv.js HTTP/1.1" 404 1009
192.168.10.96 - - [21/Aug/2018:12:37:03 -0300] "GET /cormun/pexe_scrolldiv.js HTTP/1.1" 404 1009
192.168.10.96 - - [21/Aug/2018:12:37:03 -0300] "GET /cormun/servlet/vesolicitudgral?2018,11972,, HTTP/1.1" 200 9313
186.103.159.182 - - [21/Aug/2018:12:37:03 -0300] "GET /cormun/servlet/trlicenciaspermisosadjuntos?17253300,20180821000000,L, HTTP/1.1" 200 6605
192.168.10.96 - - [21/Aug/2018:12:37:04 -0300] "GET /cormun/servlet/vesolicitudgral?2018,11972,,SolicitudOTLog HTTP/1.1" 200 10100
192.168.10.96 - - [21/Aug/2018:12:37:04 -0300] "GET /cormun/pexe_scrolldiv.js HTTP/1.1" 404 1009
192.168.10.96 - - [21/Aug/2018:12:37:04 -0300] "GET /cormun/pexe_scrolldiv.js HTTP/1.1" 404 1009
192.168.10.96 - - [21/Aug/2018:12:37:05 -0300] "GET /cormun/servlet/vesolicitudgral?2018,11972,,SolicitudOTLog HTTP/1.1" 200 10101
186.103.159.182 - - [21/Aug/2018:12:37:05 -0300] "GET /cormun/servlet/trlicenciaspermisosadjuntos?17253300,20180821000000,L, HTTP/1.1" 200 6606
192.168.10.96 - - [21/Aug/2018:12:37:06 -0300] "POST /cormun/servlet/acontrolpreferencessavestate?None,DZAMUDIO,true HTTP/1.1" 200 35
186.103.156.166 - - [21/Aug/2018:12:37:07 -0300] "GET /cormun/servlet/solicitudot?8a76907c0f678d8150010a86efdb186b857d47ffbd1de59d2309915e1dcfe31571f4ff03c8cebee4b9cb5adbe36f0b85571bc08d0f214ce9a5c8bf8c63cfb148,gx-no-cache=1534865750595 HTTP/1.1" 200 30
186.103.159.182 - - [21/Aug/2018:12:37:07 -0300] "GET /cormun/servlet/licenciaspermisosadjuntos?INS,17253300,L,20180821000000,, HTTP/1.1" 200 5910
186.103.159.182 - - [21/Aug/2018:12:37:09 -0300] "GET /cormun/static/about:blank HTTP/1.1" 404 1011
186.103.156.166 - - [21/Aug/2018:12:37:09 -0300] "GET /cormun/servlet/solicitudot?8a76907c0f678d8150010a86efdb186bbe3ac4050f63e00a945f669aa9c9b421,gx-no-cache=1534865752658 HTTP/1.1" 200 53
186.103.159.182 - - [21/Aug/2018:12:37:09 -0300] "GET /cormun/servlet/licenciaspermisosadjuntos?INS,17253300,L,20180821000000,, HTTP/1.1" 200 5899
192.168.10.96 - - [21/Aug/2018:12:37:13 -0300] "GET /cormun/servlet/trsolicitudgral? HTTP/1.1" 200 10988
192.168.10.96 - - [21/Aug/2018:12:37:13 -0300] "GET /cormun/servlet/trsolicitudgral? HTTP/1.1" 200 10982
186.103.156.166 - - [21/Aug/2018:12:37:22 -0300] "GET /cormun/servlet/solicitudot?8a76907c0f678d8150010a86efdb186bdea111928c539ce989f02aa0e769bd07cae671dd2cac178e87813e66f991b20e3ced53f11d8643d07503ec8c68f113cc2c81e2e5b735fd0bc847940f774583bced4119a78e120024bad48638cc50512bed1271929e341640301d02953b20b08a526f07949452f3acb86e91ed97422b81b5ea82ca788f9257502924dad8fadc5215b7bff0c1ee49581b2bc2ebe935353a51c4ea63846266299591456b0ff714d8c625beab7c38494f379979009ae26c981af7534b257fface4de5364e6d1e807e2ca7ed95ac2ff113d6783c80335728bbd04a0a732946f7f184161d88825a9ea351f9ca0db0b887f73caba2154fdf409f1e40ff88752f4d8a5fb916eb4035a71f3afe4485a97531190c26bafd99ded4d1f41451e8304f421b167383a819a8d21c5539ab819e3bd43fe8d111898c62a2fbe2eb78afb3ece1c40b277cc9a5f6410e,gx-no-cache=1534865765666 HTTP/1.1" 200 255
186.103.156.166 - - [21/Aug/2018:12:37:26 -0300] "GET /cormun/servlet/solicitudot?8a76907c0f678d8150010a86efdb186b14170eb7a90895721a241dd7fa398753f08f099973ec7e67517f3dd7e53fa949633822f5efa5e95f43a168cc0d18d2dc3a167923c04758bbd23c23f7be607691b697e76a32b9b9df87127b1e3d25916edfc2e40990ec500820dfda676527ecc1cbb170602357646605154b8a132977e28b7a04aade78f1ce3c0f3f6e23bfeb77c1b7375c41aa4b7ec05015597665af0c9202933a3b72ea32e1096ebd5c14efcb3f47b3f28f1937804a2acdd1325c20d81be817b26d894c13b9a0e3209da7624aa9d79f3a0521f7aac509b263255168ef3ece72b66cb1e84d1f78f99bf355cbb167e69fa876316ffd5a5d643995ef87f7fcf4e808e1e27dd3275b649ee2020e5a284e14b4047e6c662924823baca94e53516f401c33354b32b8040762dfc9fa0b038370f93c2016f769aca6f1ec24e75401ebbfd795da830c7dd307b040c9f9f3c116f8aa523fda01befe72125bce6527d3d47fa827572eaba3ff73af83149b10f40d5c8b16d7298ddd8f38b673849602,gx-no-cache=1534865769042 HTTP/1.1" 200 30
186.103.159.182 - - [21/Aug/2018:12:37:26 -0300] "POST /cormun/servlet/licenciaspermisosadjuntos?d9db7546e657a48b7908e7c92b3da1f8,INS,17253300,L,20180821000000,, HTTP/1.1" 200 116
186.103.159.182 - - [21/Aug/2018:12:37:26 -0300] "GET /cormun/servlet/hpexe_return? HTTP/1.1" 200 1040
186.103.159.182 - - [21/Aug/2018:12:37:27 -0300] "GET /cormun/servlet/trlicenciaspermisosadjuntos?17253300,20180821000000,L, HTTP/1.1" 200 7113
186.103.159.182 - - [21/Aug/2018:12:37:29 -0300] "GET /cormun/servlet/trlicenciaspermisosadjuntos?17253300,20180821000000,L, HTTP/1.1" 200 7110
186.103.159.182 - - [21/Aug/2018:12:37:37 -0300] "POST /cormun/servlet/trlicenciaspermisosadjuntos?d9db7546e657a48b7908e7c92b3da1f8,17253300,20180821000000,L,,gx-no-cache=1534865665561 HTTP/1.1" 200 90
186.103.159.182 - - [21/Aug/2018:12:37:37 -0300] "GET /cormun/servlet/hpexe_link HTTP/1.1" 200 983
186.103.159.182 - - [21/Aug/2018:12:37:38 -0300] "GET /cormun/servlet/trlicencias HTTP/1.1" 200 16569
186.103.159.182 - - [21/Aug/2018:12:37:41 -0300] "GET /cormun/servlet/trlicencias HTTP/1.1" 200 16575
186.103.159.182 - - [21/Aug/2018:12:37:49 -0300] "POST /cormun/servlet/trlicencias?d9db7546e657a48b7908e7c92b3da1f8,gx-no-cache=1534865677504 HTTP/1.1" 200 14005
186.103.159.182 - - [21/Aug/2018:12:37:50 -0300] "GET /cormun/static/Shared/jqueryui/images/ui-bg_highlight-soft_100_c6c2c8_1x100.png HTTP/1.1" 404 1117
186.103.159.182 - - [21/Aug/2018:12:37:50 -0300] "GET /cormun/static/Shared/jqueryui/images/ui-icons_82798d_256x240.png HTTP/1.1" 404 1089
186.103.159.182 - - [21/Aug/2018:12:37:50 -0300] "GET /cormun/static/Shared/jqueryui/images/ui-bg_flat_55_fafafa_40x100.png HTTP/1.1" 404 1097
186.103.159.182 - - [21/Aug/2018:12:37:50 -0300] "GET /cormun/static/Shared/jqueryui/images/ui-icons_8d78a5_256x240.png HTTP/1.1" 404 1089
186.103.156.166 - - [21/Aug/2018:12:37:51 -0300] "POST /cormun/servlet/solicitudot?gx-no-cache=1534865794425 HTTP/1.1" 200 240
186.103.156.166 - - [21/Aug/2018:12:37:55 -0300] "GET /cormun/servlet/solicitudot?8a76907c0f678d8150010a86efdb186b14170eb7a90895721a241dd7fa398753803e43d2e012f718aacc28c848232403633822f5efa5e95f43a168cc0d18d2dc3a167923c04758bbd23c23f7be607691b697e76a32b9b9df87127b1e3d25916edfc2e40990ec500820dfda676527ecc1cbb170602357646605154b8a132977e28b7a04aade78f1ce3c0f3f6e23bfeb77c1b7375c41aa4b7ec05015597665af0c9202933a3b72ea32e1096ebd5c14efcb3f47b3f28f1937804a2acdd1325c20d81be817b26d894c13b9a0e3209da7624aa9d79f3a0521f7aac509b263255168ef3ece72b66cb1e84d1f78f99bf355cbb167e69fa876316ffd5a5d643995ef87f7fcf4e808e1e27dd3275b649ee2020e5abcbc0067f43e9619c3fd27a66046eaa5281133331216a08c6fc28dffae387220d132e5fa26a380959e4eb7b1aee1ab0b08e8667e445c456dde1f2edc3ae3b80972c2e9024a1cfd3ca91da806b8079d6fc357481a71a56423d8c82d5bcaea9240f9688b865464dbd61c96e01df2c55add,gx-no-cache=1534865798605 HTTP/1.1" 200 30
186.103.159.182 - - [21/Aug/2018:12:37:55 -0300] "GET /cormun/servlet/alicenciaprn?13098022,L,20180820000000,PU HTTP/1.1" 200 1554
186.103.156.166 - - [21/Aug/2018:12:37:57 -0300] "POST /cormun/servlet/solicitudot?gx-no-cache=1534865800864 HTTP/1.1" 200 30
186.103.156.166 - - [21/Aug/2018:12:38:02 -0300] "GET /cormun/servlet/prfichaempleado?,MD,,gxPopupLevel%3D0%3B HTTP/1.1" 200 9329
186.103.156.166 - - [21/Aug/2018:12:38:12 -0300] "POST /cormun/servlet/prfichaempleado?f6e7be41ca8466be2357562a92718bf2,,MD,,gxPopupLevel%3D0%3B,gx-no-cache=1534865815881 HTTP/1.1" 200 3471
186.103.159.182 - - [21/Aug/2018:12:38:13 -0300] "GET /cormun/servlet/alicenciaprn?17253300,L,20180821000000,PU HTTP/1.1" 200 1620
186.103.156.166 - - [21/Aug/2018:12:38:26 -0300] "POST /cormun/servlet/solicitudot?gx-no-cache=1534865829406 HTTP/1.1" 200 1376
200.111.191.210 - - [21/Aug/2018:12:38:28 -0300] "GET /cormun/servlet/trpermisosadjuntos?13720790,20180821083609,P, HTTP/1.1" 200 5533
200.111.191.210 - - [21/Aug/2018:12:38:28 -0300] "GET /cormun/servlet/trpermisosadjuntos?13720790,20180821083609,P, HTTP/1.1" 200 5530
200.111.191.210 - - [21/Aug/2018:12:38:28 -0300] "GET /cormun/servlet/hlogin HTTP/1.1" 200 1765
186.103.156.166 - - [21/Aug/2018:12:38:31 -0300] "GET /cormun/servlet/prlicenciaspermisos?17503733,L,,MD,,gxPopupLevel%3D0%3B HTTP/1.1" 200 6088
200.111.191.210 - - [21/Aug/2018:12:38:34 -0300] "POST /cormun/servlet/hlogin?0df7fa57236f957803f1e07744b04dcf,gx-no-cache=1534865985332 HTTP/1.1" 200 90
200.111.191.210 - - [21/Aug/2018:12:38:34 -0300] "GET /cormun/servlet/hpexe_link HTTP/1.1" 200 984
200.111.191.210 - - [21/Aug/2018:12:38:35 -0300] "GET /cormun/servlet/trpermisosadjuntos?13720790,20180821083609,P, HTTP/1.1" 200 6095
200.111.191.210 - - [21/Aug/2018:12:38:35 -0300] "GET /cormun/servlet/trpermisosadjuntos?13720790,20180821083609,P, HTTP/1.1" 200 6093
200.111.191.210 - - [21/Aug/2018:12:38:36 -0300] "GET /cormun/servlet/permisosadjuntos?INS,13720790,P,20180821083609,, HTTP/1.1" 200 5600
200.111.191.210 - - [21/Aug/2018:12:38:37 -0300] "GET /cormun/static/about:blank HTTP/1.1" 404 1011
200.111.191.210 - - [21/Aug/2018:12:38:37 -0300] "GET /cormun/servlet/permisosadjuntos?INS,13720790,P,20180821083609,, HTTP/1.1" 200 5590
186.103.156.166 - - [21/Aug/2018:12:38:51 -0300] "POST /cormun/servlet/solicitudot?gx-no-cache=1534865854601 HTTP/1.1" 200 41
186.103.159.182 - - [21/Aug/2018:12:39:00 -0300] "GET /cormun/servlet/alicenciaprn?17253300,L,20180821000000,PU HTTP/1.1" 200 1620
200.111.191.210 - - [21/Aug/2018:12:39:18 -0300] "GET /cormun/servlet/trpermisosgoce? HTTP/1.1" 200 19074
186.103.159.182 - - [21/Aug/2018:12:39:18 -0300] "GET /cormun/servlet/alicenciaprn?13098022,L,20180820000000,PU HTTP/1.1" 200 1554
200.111.191.210 - - [21/Aug/2018:12:39:18 -0300] "GET /cormun/servlet/trpermisosgoce? HTTP/1.1" 200 19071
200.111.191.210 - - [21/Aug/2018:12:39:22 -0300] "GET /cormun/servlet/trpermisosadjuntos?10637809,20180817114158,P, HTTP/1.1" 200 6091
200.111.191.210 - - [21/Aug/2018:12:39:22 -0300] "GET /cormun/servlet/trpermisosadjuntos?10637809,20180817114158,P, HTTP/1.1" 200 6091
186.103.156.166 - - [21/Aug/2018:12:39:23 -0300] "GET /cormun/servlet/solicitudot?8a76907c0f678d8150010a86efdb186bcc93c83711a8c337310e1246b4771fb151f9ca0db0b887f73caba2154fdf409f1e40ff88752f4d8a5fb916eb4035a71f523fb7739c7cfad52caba50bf74804ea,gx-no-cache=1534865886618 HTTP/1.1" 200 29
186.103.156.166 - - [21/Aug/2018:12:39:23 -0300] "POST /cormun/servlet/solicitudot?gx-no-cache=1534865886666 HTTP/1.1" 200 1356
186.103.156.166 - - [21/Aug/2018:12:39:23 -0300] "POST /cormun/servlet/solicitudot?gx-no-cache=1534865886721 HTTP/1.1" 200 1258
200.111.191.210 - - [21/Aug/2018:12:39:24 -0300] "GET /cormun/servlet/permisosadjuntos?INS,10637809,P,20180817114158,, HTTP/1.1" 200 5597
200.111.191.210 - - [21/Aug/2018:12:39:24 -0300] "GET /cormun/static/about:blank HTTP/1.1" 404 1011
200.111.191.210 - - [21/Aug/2018:12:39:25 -0300] "GET /cormun/servlet/permisosadjuntos?INS,10637809,P,20180817114158,, HTTP/1.1" 200 5588
186.103.156.166 - - [21/Aug/2018:12:39:27 -0300] "GET /cormun/static/menuarrow.gif HTTP/1.1" 404 1015
186.103.156.166 - - [21/Aug/2018:12:39:29 -0300] "GET /cormun/servlet/solicitudot?8a76907c0f678d8150010a86efdb186be2e5973e3e977d7d7cdd73478c340017ee0129dc2bdbd7285b8fe87e7d595042,gx-no-cache=1534865893443 HTTP/1.1" 200 30
186.103.156.166 - - [21/Aug/2018:12:39:30 -0300] "POST /cormun/servlet/solicitudot?gx-no-cache=1534865894241 HTTP/1.1" 200 34
200.111.191.210 - - [21/Aug/2018:12:39:39 -0300] "POST /cormun/servlet/permisosadjuntos?0df7fa57236f957803f1e07744b04dcf,INS,10637809,P,20180817114158,, HTTP/1.1" 200 116
200.111.191.210 - - [21/Aug/2018:12:39:39 -0300] "GET /cormun/servlet/hpexe_return? HTTP/1.1" 200 1036
200.111.191.210 - - [21/Aug/2018:12:39:39 -0300] "GET /cormun/servlet/trpermisosadjuntos?10637809,20180817114158,P, HTTP/1.1" 200 6615
200.111.191.210 - - [21/Aug/2018:12:39:39 -0300] "GET /cormun/servlet/trpermisosadjuntos?10637809,20180817114158,P, HTTP/1.1" 200 6612
186.103.156.166 - - [21/Aug/2018:12:39:43 -0300] "POST /cormun/servlet/solicitudot?f6e7be41ca8466be2357562a92718bf2,INS,0,0,,gx-no-cache=1534865906517 HTTP/1.1" 200 12029
200.111.191.210 - - [21/Aug/2018:12:39:43 -0300] "GET /cormun/servlet/trpermisosgoce? HTTP/1.1" 200 19074
200.111.191.210 - - [21/Aug/2018:12:39:43 -0300] "GET /cormun/servlet/trpermisosgoce? HTTP/1.1" 200 19066
200.111.191.210 - - [21/Aug/2018:12:39:46 -0300] "POST /cormun/servlet/trpermisosgoce?0df7fa57236f957803f1e07744b04dcf,,gx-no-cache=1534866056909 HTTP/1.1" 200 16329
200.111.191.210 - - [21/Aug/2018:12:39:46 -0300] "GET /cormun/static/Shared/jqueryui/images/ui-bg_highlight-soft_100_c6c2c8_1x100.png HTTP/1.1" 404 1117
200.111.191.210 - - [21/Aug/2018:12:39:46 -0300] "GET /cormun/static/Shared/jqueryui/images/ui-icons_82798d_256x240.png HTTP/1.1" 404 1089
200.111.191.210 - - [21/Aug/2018:12:39:46 -0300] "GET /cormun/static/Shared/jqueryui/images/ui-bg_flat_55_fafafa_40x100.png HTTP/1.1" 404 1097
200.111.191.210 - - [21/Aug/2018:12:39:46 -0300] "GET /cormun/static/Shared/jqueryui/images/ui-icons_8d78a5_256x240.png HTTP/1.1" 404 1089
200.111.191.210 - - [21/Aug/2018:12:39:48 -0300] "GET /cormun/servlet/trpermisosadjuntos?10637809,20180817114158,P, HTTP/1.1" 200 6612
200.111.191.210 - - [21/Aug/2018:12:39:48 -0300] "GET /cormun/servlet/trpermisosadjuntos?10637809,20180817114158,P, HTTP/1.1" 200 6611
200.111.191.210 - - [21/Aug/2018:12:39:51 -0300] "GET /cormun/servlet/trpermisosgoce? HTTP/1.1" 200 19096
200.111.191.210 - - [21/Aug/2018:12:39:51 -0300] "GET /cormun/servlet/trpermisosgoce? HTTP/1.1" 200 19080
200.111.191.210 - - [21/Aug/2018:12:39:55 -0300] "GET /cormun/servlet/trpermisosadjuntos?16838872,20180817080655,P, HTTP/1.1" 200 6091
200.111.191.210 - - [21/Aug/2018:12:39:55 -0300] "GET /cormun/servlet/trpermisosadjuntos?16838872,20180817080655,P, HTTP/1.1" 200 6091
186.103.159.182 - - [21/Aug/2018:12:39:56 -0300] "GET /cormun/servlet/alicenciaprn?17253300,L,20180821000000,PU HTTP/1.1" 200 1622
200.111.191.210 - - [21/Aug/2018:12:40:06 -0300] "GET /cormun/servlet/permisosadjuntos?INS,16838872,P,20180817080655,, HTTP/1.1" 200 5597
200.111.191.210 - - [21/Aug/2018:12:40:06 -0300] "GET /cormun/static/about:blank HTTP/1.1" 404 1011
200.111.191.210 - - [21/Aug/2018:12:40:07 -0300] "GET /cormun/servlet/permisosadjuntos?INS,16838872,P,20180817080655,, HTTP/1.1" 200 5587
186.103.156.166 - - [21/Aug/2018:12:40:09 -0300] "GET /cormun/servlet/solicitudot?8a76907c0f678d8150010a86efdb186b857d47ffbd1de59d2309915e1dcfe31571f4ff03c8cebee4b9cb5adbe36f0b85571bc08d0f214ce9a5c8bf8c63cfb148,gx-no-cache=1534865932923 HTTP/1.1" 200 30
200.111.191.210 - - [21/Aug/2018:12:40:12 -0300] "POST /cormun/servlet/permisosadjuntos?0df7fa57236f957803f1e07744b04dcf,INS,16838872,P,20180817080655,, HTTP/1.1" 200 116
200.111.191.210 - - [21/Aug/2018:12:40:12 -0300] "GET /cormun/servlet/hpexe_return? HTTP/1.1" 200 1037
200.111.191.210 - - [21/Aug/2018:12:40:12 -0300] "GET /cormun/servlet/trpermisosadjuntos?16838872,20180817080655,P, HTTP/1.1" 200 6617
200.111.191.210 - - [21/Aug/2018:12:40:12 -0300] "GET /cormun/servlet/trpermisosadjuntos?16838872,20180817080655,P, HTTP/1.1" 200 6612
200.111.191.210 - - [21/Aug/2018:12:40:15 -0300] "GET /cormun/servlet/trpermisosgoce? HTTP/1.1" 200 19070
200.111.191.210 - - [21/Aug/2018:12:40:16 -0300] "GET /cormun/servlet/trpermisosgoce? HTTP/1.1" 200 19048
200.111.191.210 - - [21/Aug/2018:12:40:19 -0300] "POST /cormun/servlet/trpermisosgoce?0df7fa57236f957803f1e07744b04dcf,,gx-no-cache=1534866089277 HTTP/1.1" 200 16320
200.111.191.210 - - [21/Aug/2018:12:40:19 -0300] "GET /cormun/static/Shared/jqueryui/images/ui-bg_highlight-soft_100_c6c2c8_1x100.png HTTP/1.1" 404 1117
200.111.191.210 - - [21/Aug/2018:12:40:19 -0300] "GET /cormun/static/Shared/jqueryui/images/ui-icons_82798d_256x240.png HTTP/1.1" 404 1089
200.111.191.210 - - [21/Aug/2018:12:40:19 -0300] "GET /cormun/static/Shared/jqueryui/images/ui-bg_flat_55_fafafa_40x100.png HTTP/1.1" 404 1097
200.111.191.210 - - [21/Aug/2018:12:40:19 -0300] "GET /cormun/static/Shared/jqueryui/images/ui-icons_8d78a5_256x240.png HTTP/1.1" 404 1089
200.111.191.210 - - [21/Aug/2018:12:40:22 -0300] "GET /cormun/servlet/trpermisosadjuntos?9289416,20180820105901,P, HTTP/1.1" 200 6092
200.111.191.210 - - [21/Aug/2018:12:40:23 -0300] "GET /cormun/servlet/trpermisosadjuntos?9289416,20180820105901,P, HTTP/1.1" 200 6093
200.111.191.210 - - [21/Aug/2018:12:40:24 -0300] "GET /cormun/servlet/permisosadjuntos?INS,9289416,P,20180820105901,, HTTP/1.1" 200 5602
200.111.191.210 - - [21/Aug/2018:12:40:24 -0300] "GET /cormun/static/about:blank HTTP/1.1" 404 1011
200.111.191.210 - - [21/Aug/2018:12:40:24 -0300] "GET /cormun/servlet/permisosadjuntos?INS,9289416,P,20180820105901,, HTTP/1.1" 200 5592
186.103.156.166 - - [21/Aug/2018:12:40:28 -0300] "GET /cormun/servlet/solicitudot?8a76907c0f678d8150010a86efdb186b14170eb7a90895721a241dd7fa398753f08f099973ec7e67517f3dd7e53fa949633822f5efa5e95f43a168cc0d18d2dc3a167923c04758bbd23c23f7be607691b697e76a32b9b9df87127b1e3d25916edfc2e40990ec500820dfda676527ecc1cbb170602357646605154b8a132977e28b7a04aade78f1ce3c0f3f6e23bfeb77c1b7375c41aa4b7ec05015597665af0c9202933a3b72ea32e1096ebd5c14efcb3f47b3f28f1937804a2acdd1325c20d81be817b26d894c13b9a0e3209da7624aa9d79f3a0521f7aac509b263255168ef3ece72b66cb1e84d1f78f99bf355cbb167e69fa876316ffd5a5d643995ef87f7fcf4e808e1e27dd3275b649ee2020e5a284e14b4047e6c662924823baca94e53516f401c33354b32b8040762dfc9fa0b038370f93c2016f769aca6f1ec24e75401ebbfd795da830c7dd307b040c9f9f3c116f8aa523fda01befe72125bce6527d3d47fa827572eaba3ff73af83149b10e74815645846a28ca30af33cb6a3ea22,gx-no-cache=1534865951667 HTTP/1.1" 200 30
186.103.156.166 - - [21/Aug/2018:12:40:28 -0300] "POST /cormun/servlet/solicitudot?gx-no-cache=1534865951798 HTTP/1.1" 200 30
186.103.156.166 - - [21/Aug/2018:12:40:28 -0300] "POST /cormun/servlet/solicitudot?gx-no-cache=1534865951935 HTTP/1.1" 200 1375
186.103.156.166 - - [21/Aug/2018:12:40:28 -0300] "POST /cormun/servlet/solicitudot?gx-no-cache=1534865952136 HTTP/1.1" 200 41
186.103.156.166 - - [21/Aug/2018:12:40:29 -0300] "POST /cormun/servlet/solicitudot?gx-no-cache=1534865952588 HTTP/1.1" 200 1356
186.103.156.166 - - [21/Aug/2018:12:40:29 -0300] "POST /cormun/servlet/solicitudot?gx-no-cache=1534865952729 HTTP/1.1" 200 1258
186.103.156.166 - - [21/Aug/2018:12:40:29 -0300] "GET /cormun/servlet/solicitudot?8a76907c0f678d8150010a86efdb186be2e5973e3e977d7d7cdd73478c340017ee0129dc2bdbd7285b8fe87e7d595042,gx-no-cache=1534865952861 HTTP/1.1" 200 30
186.103.156.166 - - [21/Aug/2018:12:40:29 -0300] "POST /cormun/servlet/solicitudot?gx-no-cache=1534865953297 HTTP/1.1" 200 34
186.103.156.166 - - [21/Aug/2018:12:40:30 -0300] "POST /cormun/servlet/solicitudot?f6e7be41ca8466be2357562a92718bf2,INS,0,0,,gx-no-cache=1534865953430 HTTP/1.1" 200 12102
200.111.191.210 - - [21/Aug/2018:12:40:38 -0300] "POST /cormun/servlet/permisosadjuntos?0df7fa57236f957803f1e07744b04dcf,INS,9289416,P,20180820105901,, HTTP/1.1" 200 116
200.111.191.210 - - [21/Aug/2018:12:40:38 -0300] "GET /cormun/servlet/hpexe_return? HTTP/1.1" 200 1036
200.111.191.210 - - [21/Aug/2018:12:40:38 -0300] "GET /cormun/servlet/trpermisosadjuntos?9289416,20180820105901,P, HTTP/1.1" 200 6619
200.111.191.210 - - [21/Aug/2018:12:40:39 -0300] "GET /cormun/servlet/trpermisosadjuntos?9289416,20180820105901,P, HTTP/1.1" 200 6615
200.111.191.210 - - [21/Aug/2018:12:40:41 -0300] "GET /cormun/servlet/trpermisosgoce? HTTP/1.1" 200 19085
200.111.191.210 - - [21/Aug/2018:12:40:42 -0300] "GET /cormun/servlet/trpermisosgoce? HTTP/1.1" 200 19073
186.103.156.166 - - [21/Aug/2018:12:40:43 -0300] "POST /cormun/servlet/solicitudot?gx-no-cache=1534865966475 HTTP/1.1" 200 1375
186.103.156.166 - - [21/Aug/2018:12:40:43 -0300] "POST /cormun/servlet/solicitudot?gx-no-cache=1534865966576 HTTP/1.1" 200 41
200.111.191.210 - - [21/Aug/2018:12:40:45 -0300] "POST /cormun/servlet/trpermisosgoce?0df7fa57236f957803f1e07744b04dcf,,gx-no-cache=1534866115403 HTTP/1.1" 200 16310
200.111.191.210 - - [21/Aug/2018:12:40:45 -0300] "GET /cormun/static/Shared/jqueryui/images/ui-bg_highlight-soft_100_c6c2c8_1x100.png HTTP/1.1" 404 1117
200.111.191.210 - - [21/Aug/2018:12:40:45 -0300] "GET /cormun/static/Shared/jqueryui/images/ui-icons_82798d_256x240.png HTTP/1.1" 404 1089
200.111.191.210 - - [21/Aug/2018:12:40:45 -0300] "GET /cormun/static/Shared/jqueryui/images/ui-bg_flat_55_fafafa_40x100.png HTTP/1.1" 404 1097
200.111.191.210 - - [21/Aug/2018:12:40:45 -0300] "GET /cormun/static/Shared/jqueryui/images/ui-icons_8d78a5_256x240.png HTTP/1.1" 404 1089
200.111.191.210 - - [21/Aug/2018:12:40:49 -0300] "GET /cormun/servlet/trpermisosadjuntos?8265182,20180816084031,P, HTTP/1.1" 200 6089
200.111.191.210 - - [21/Aug/2018:12:40:49 -0300] "GET /cormun/servlet/trpermisosadjuntos?8265182,20180816084031,P, HTTP/1.1" 200 6090
200.111.191.210 - - [21/Aug/2018:12:40:50 -0300] "GET /cormun/servlet/permisosadjuntos?INS,8265182,P,20180816084031,, HTTP/1.1" 200 5600
200.111.191.210 - - [21/Aug/2018:12:40:50 -0300] "GET /cormun/static/about:blank HTTP/1.1" 404 1011
200.111.191.210 - - [21/Aug/2018:12:40:51 -0300] "GET /cormun/servlet/permisosadjuntos?INS,8265182,P,20180816084031,, HTTP/1.1" 200 5590
200.111.191.210 - - [21/Aug/2018:12:40:55 -0300] "POST /cormun/servlet/permisosadjuntos?0df7fa57236f957803f1e07744b04dcf,INS,8265182,P,20180816084031,, HTTP/1.1" 200 116
200.111.191.210 - - [21/Aug/2018:12:40:55 -0300] "GET /cormun/servlet/hpexe_return? HTTP/1.1" 200 1037
200.111.191.210 - - [21/Aug/2018:12:40:56 -0300] "GET /cormun/servlet/trpermisosadjuntos?8265182,20180816084031,P, HTTP/1.1" 200 6618
200.111.191.210 - - [21/Aug/2018:12:40:56 -0300] "GET /cormun/servlet/trpermisosadjuntos?8265182,20180816084031,P, HTTP/1.1" 200 6613
200.111.191.210 - - [21/Aug/2018:12:41:00 -0300] "GET /cormun/servlet/trpermisosgoce? HTTP/1.1" 200 19083
200.111.191.210 - - [21/Aug/2018:12:41:01 -0300] "GET /cormun/servlet/trpermisosgoce? HTTP/1.1" 200 19067
200.111.191.210 - - [21/Aug/2018:12:41:04 -0300] "POST /cormun/servlet/trpermisosgoce?0df7fa57236f957803f1e07744b04dcf,,gx-no-cache=1534866133873 HTTP/1.1" 200 16295
200.111.191.210 - - [21/Aug/2018:12:41:04 -0300] "GET /cormun/static/Shared/jqueryui/images/ui-bg_highlight-soft_100_c6c2c8_1x100.png HTTP/1.1" 404 1117
200.111.191.210 - - [21/Aug/2018:12:41:04 -0300] "GET /cormun/static/Shared/jqueryui/images/ui-icons_82798d_256x240.png HTTP/1.1" 404 1089
200.111.191.210 - - [21/Aug/2018:12:41:04 -0300] "GET /cormun/static/Shared/jqueryui/images/ui-bg_flat_55_fafafa_40x100.png HTTP/1.1" 404 1097
200.111.191.210 - - [21/Aug/2018:12:41:04 -0300] "GET /cormun/static/Shared/jqueryui/images/ui-icons_8d78a5_256x240.png HTTP/1.1" 404 1089
186.103.156.166 - - [21/Aug/2018:12:41:07 -0300] "GET /cormun/servlet/solicitudot?8a76907c0f678d8150010a86efdb186b857d47ffbd1de59d2309915e1dcfe31571f4ff03c8cebee4b9cb5adbe36f0b85571bc08d0f214ce9a5c8bf8c63cfb148,gx-no-cache=1534865991298 HTTP/1.1" 200 30
186.103.156.166 - - [21/Aug/2018:12:41:11 -0300] "POST /cormun/servlet/solicitudot?gx-no-cache=1534865995289 HTTP/1.1" 200 255
186.103.156.166 - - [21/Aug/2018:12:41:12 -0300] "GET /cormun/servlet/solicitudot?8a76907c0f678d8150010a86efdb186b14170eb7a90895721a241dd7fa398753f08f099973ec7e67517f3dd7e53fa949633822f5efa5e95f43a168cc0d18d2dc3a167923c04758bbd23c23f7be607691b697e76a32b9b9df87127b1e3d25916edfc2e40990ec500820dfda676527ecc1cbb170602357646605154b8a132977e28b7a04aade78f1ce3c0f3f6e23bfeb77c1b7375c41aa4b7ec05015597665af0c9202933a3b72ea32e1096ebd5c14efcb3f47b3f28f1937804a2acdd1325c20d81be817b26d894c13b9a0e3209da7624aa9d79f3a0521f7aac509b263255168ef3ece72b66cb1e84d1f78f99bf355cbb167e69fa876316ffd5a5d643995ef87f7fcf4e808e1e27dd3275b649ee2020e5a284e14b4047e6c662924823baca94e53516f401c33354b32b8040762dfc9fa0b038370f93c2016f769aca6f1ec24e75401ebbfd795da830c7dd307b040c9f9f3c116f8aa523fda01befe72125bce6527d3d47fa827572eaba3ff73af83149b10e74815645846a28ca30af33cb6a3ea22,gx-no-cache=1534865995332 HTTP/1.1" 200 30
186.103.156.166 - - [21/Aug/2018:12:41:12 -0300] "POST /cormun/servlet/solicitudot?gx-no-cache=1534865995720 HTTP/1.1" 200 30
186.103.156.166 - - [21/Aug/2018:12:41:12 -0300] "POST /cormun/servlet/solicitudot?gx-no-cache=1534865995765 HTTP/1.1" 200 1375
186.103.156.166 - - [21/Aug/2018:12:41:12 -0300] "POST /cormun/servlet/solicitudot?gx-no-cache=1534865995866 HTTP/1.1" 200 41
186.103.156.166 - - [21/Aug/2018:12:41:12 -0300] "POST /cormun/servlet/solicitudot?gx-no-cache=1534865995910 HTTP/1.1" 200 1356
186.103.156.166 - - [21/Aug/2018:12:41:12 -0300] "POST /cormun/servlet/solicitudot?gx-no-cache=1534865996237 HTTP/1.1" 200 1258
186.103.156.166 - - [21/Aug/2018:12:41:13 -0300] "GET /cormun/servlet/solicitudot?8a76907c0f678d8150010a86efdb186be2e5973e3e977d7d7cdd73478c340017ee0129dc2bdbd7285b8fe87e7d595042,gx-no-cache=1534865996830 HTTP/1.1" 200 30
186.103.156.166 - - [21/Aug/2018:12:41:13 -0300] "POST /cormun/servlet/solicitudot?gx-no-cache=1534865996863 HTTP/1.1" 200 34
186.103.156.166 - - [21/Aug/2018:12:41:13 -0300] "POST /cormun/servlet/solicitudot?f6e7be41ca8466be2357562a92718bf2,INS,0,0,,gx-no-cache=1534865997157 HTTP/1.1" 200 12125
186.103.159.204 - - [21/Aug/2018:12:43:31 -0300] "GET /cormun/servlet/trsolicitudot? HTTP/1.1" 200 7834
186.103.159.204 - - [21/Aug/2018:12:43:31 -0300] "GET /cormun/static/gxui/gxui-all.css?120300 HTTP/1.1" 200 2179
186.103.159.204 - - [21/Aug/2018:12:43:31 -0300] "GET /cormun/static/calendar-system.css?85620 HTTP/1.1" 200 5572
186.103.159.204 - - [21/Aug/2018:12:43:32 -0300] "GET /cormun/static/Shared/ext/resources/css/ext-all.css?215870 HTTP/1.1" 304 -
186.103.159.204 - - [21/Aug/2018:12:43:32 -0300] "GET /cormun/static/SmoothNavMenu/resources/ddsmoothmenu-v.css?1012540 HTTP/1.1" 200 1188
186.103.159.204 - - [21/Aug/2018:12:43:32 -0300] "GET /cormun/static/SmoothNavMenu/resources/ddsmoothmenu.css?1012540 HTTP/1.1" 200 2223
186.103.159.204 - - [21/Aug/2018:12:43:32 -0300] "GET /cormun/static/gxcfg.js?2017111422585916 HTTP/1.1" 200 953
186.103.159.204 - - [21/Aug/2018:12:43:32 -0300] "GET /cormun/static/scaMessage/css/jquery.pnotify.default.css?1716380 HTTP/1.1" 200 1707
186.103.159.204 - - [21/Aug/2018:12:43:32 -0300] "GET /cormun/static/Shared/jqueryui/jquery-ui.min.css?1245370 HTTP/1.1" 200 30288
186.103.159.204 - - [21/Aug/2018:12:43:32 -0300] "GET /cormun/static/RunJS/RunJS.js HTTP/1.1" 200 288
186.103.159.204 - - [21/Aug/2018:12:43:32 -0300] "GET /cormun/static/Resources/Spanish/PXTools.css?1255365 HTTP/1.1" 200 89042
186.103.159.204 - - [21/Aug/2018:12:43:32 -0300] "GET /cormun/static/PXToolsJavascripts/pexe_cookies.js HTTP/1.1" 200 792
186.103.159.204 - - [21/Aug/2018:12:43:32 -0300] "GET /cormun/static/PXToolsJavascripts/pexe_menudivfix.js HTTP/1.1" 200 333
186.103.159.204 - - [21/Aug/2018:12:43:32 -0300] "GET /cormun/static/PXToolsJavascripts/pexe_oav.js HTTP/1.1" 200 645
186.103.159.204 - - [21/Aug/2018:12:43:32 -0300] "GET /cormun/static/PXToolsJavascripts/pexe_oavdivfix.js HTTP/1.1" 200 639
186.103.159.204 - - [21/Aug/2018:12:43:32 -0300] "GET /cormun/static/PXToolsJavascripts/pexe_picture.js HTTP/1.1" 200 689
186.103.159.204 - - [21/Aug/2018:12:43:32 -0300] "GET /cormun/static/PXToolsJavascripts/pexe_tabdivfix.js HTTP/1.1" 200 876
186.103.159.204 - - [21/Aug/2018:12:43:32 -0300] "GET /cormun/static/PXToolsJavascripts/PXToolsJavascriptsRender.js HTTP/1.1" 200 367
186.103.159.204 - - [21/Aug/2018:12:43:32 -0300] "GET /cormun/static/hpexe_messagecontroller.js?20177611595012 HTTP/1.1" 200 870
186.103.159.204 - - [21/Aug/2018:12:43:32 -0300] "GET /cormun/static/hpexe_messagepopupcomponent.js?20161017169425 HTTP/1.1" 200 605
186.103.159.204 - - [21/Aug/2018:12:43:32 -0300] "GET /cormun/static/hpexe_messagegenexuscomponent.js?201752511465344 HTTP/1.1" 200 587
186.103.159.204 - - [21/Aug/2018:12:43:32 -0300] "GET /cormun/static/gxtimezone.js?85251 HTTP/1.1" 304 -
186.103.159.204 - - [21/Aug/2018:12:43:32 -0300] "GET /cormun/static/gxgral.js?85251 HTTP/1.1" 304 -
186.103.159.204 - - [21/Aug/2018:12:43:32 -0300] "GET /cormun/static/calendar.js?85251 HTTP/1.1" 304 -
186.103.159.204 - - [21/Aug/2018:12:43:32 -0300] "GET /cormun/static/calendar-es.js?85251 HTTP/1.1" 304 -
186.103.159.204 - - [21/Aug/2018:12:43:32 -0300] "GET /cormun/static/calendar-setup.js?85251 HTTP/1.1" 304 -
186.103.159.204 - - [21/Aug/2018:12:43:32 -0300] "GET /cormun/static/Shared/ext/ext-all.js HTTP/1.1" 304 -
186.103.159.204 - - [21/Aug/2018:12:43:32 -0300] "GET /cormun/static/gxui/gxui-all.js HTTP/1.1" 304 -
186.103.159.204 - - [21/Aug/2018:12:43:32 -0300] "GET /cormun/static/PXToolsJavascripts/pexe_autoreload.js HTTP/1.1" 304 -
186.103.159.204 - - [21/Aug/2018:12:43:32 -0300] "GET /cormun/static/PXToolsJavascripts/pexe_windows.js HTTP/1.1" 304 -
186.103.159.204 - - [21/Aug/2018:12:43:32 -0300] "GET /cormun/static/PXToolsJavascripts/pexe_griddivfix.js HTTP/1.1" 304 -
186.103.159.204 - - [21/Aug/2018:12:43:32 -0300] "GET /cormun/static/PXToolsJavascripts/pexe_grid.js HTTP/1.1" 304 -
186.103.159.204 - - [21/Aug/2018:12:43:32 -0300] "GET /cormun/static/PXToolsJavascripts/pexe_link.js HTTP/1.1" 304 -
186.103.159.204 - - [21/Aug/2018:12:43:32 -0300] "GET /cormun/static/PXToolsJavascripts/pexe_menus.js HTTP/1.1" 304 -
186.103.159.204 - - [21/Aug/2018:12:43:32 -0300] "GET /cormun/static/PXToolsJavascripts/pexe_layers.js HTTP/1.1" 304 -
186.103.159.204 - - [21/Aug/2018:12:43:32 -0300] "GET /cormun/static/PXToolsJavascripts/pexe_popup.js HTTP/1.1" 304 -
186.103.159.204 - - [21/Aug/2018:12:43:32 -0300] "GET /cormun/static/PXToolsJavascripts/pexe_scrolldiv.js HTTP/1.1" 304 -
186.103.159.204 - - [21/Aug/2018:12:43:32 -0300] "GET /cormun/static/PXToolsJavascripts/pexe_tabs.js HTTP/1.1" 304 -
186.103.159.204 - - [21/Aug/2018:12:43:32 -0300] "GET /cormun/static/PXToolsJavascripts/pexe_upload.js HTTP/1.1" 304 -
186.103.159.204 - - [21/Aug/2018:12:43:32 -0300] "GET /cormun/static/Resources/logo4.png HTTP/1.1" 200 6582
186.103.159.204 - - [21/Aug/2018:12:43:32 -0300] "GET /cormun/static/Resources/PXToolsHeaderActionsLeft.png HTTP/1.1" 200 1118
186.103.159.204 - - [21/Aug/2018:12:43:32 -0300] "GET /cormun/static/Resources/PXToolsHeaderHome.png HTTP/1.1" 200 4147
186.103.159.204 - - [21/Aug/2018:12:43:32 -0300] "GET /cormun/static/Resources/PXToolsHeaderSecurity.png HTTP/1.1" 200 4166
186.103.159.204 - - [21/Aug/2018:12:43:32 -0300] "GET /cormun/static/Resources/PXToolsHeaderLogin.png HTTP/1.1" 200 4279
186.103.159.204 - - [21/Aug/2018:12:43:32 -0300] "GET /cormun/static/Resources/PXToolsHeaderPreferences.png HTTP/1.1" 200 4189
186.103.159.204 - - [21/Aug/2018:12:43:32 -0300] "GET /cormun/static/Resources/PXToolsHeaderActionsRight.png HTTP/1.1" 200 1201
186.103.159.204 - - [21/Aug/2018:12:43:32 -0300] "GET /cormun/static/Resources/PXTools/calendar.png HTTP/1.1" 200 1306
186.103.159.204 - - [21/Aug/2018:12:43:32 -0300] "GET /cormun/static/Resources/PXToolsGridNew.png HTTP/1.1" 200 2949
186.103.159.204 - - [21/Aug/2018:12:43:32 -0300] "GET /cormun/static/Shared/ext/locale/ext-lang-en.js HTTP/1.1" 304 -
186.103.159.204 - - [21/Aug/2018:12:43:32 -0300] "GET /cormun/static/messages.spa.js?85251 HTTP/1.1" 304 -
186.103.159.204 - - [21/Aug/2018:12:43:32 -0300] "GET /cormun/static/gxdec.js?85251 HTTP/1.1" 304 -
186.103.159.204 - - [21/Aug/2018:12:43:33 -0300] "GET /cormun/static/trsolicitudot.js?201711142259839 HTTP/1.1" 304 -
186.103.159.204 - - [21/Aug/2018:12:43:33 -0300] "GET /cormun/static/hwchdr01.js?201752511465785 HTTP/1.1" 304 -
186.103.159.204 - - [21/Aug/2018:12:43:33 -0300] "GET /cormun/static/hpexe_recentlink.js?20177611595044 HTTP/1.1" 304 -
186.103.159.204 - - [21/Aug/2018:12:43:33 -0300] "GET /cormun/static/hpexe_scripts.js?201752511465715 HTTP/1.1" 304 -
186.103.159.204 - - [21/Aug/2018:12:43:33 -0300] "GET /cormun/static/cmcontrolpreferences.js?201752511465670 HTTP/1.1" 304 -
186.103.159.204 - - [21/Aug/2018:12:43:33 -0300] "GET /cormun/static/Shared/jquery/jquery-1.4.2.min.js HTTP/1.1" 304 -
186.103.159.204 - - [21/Aug/2018:12:43:33 -0300] "GET /cormun/static/Shared/jquery/jquery-1.10.2.min.js HTTP/1.1" 304 -
186.103.159.204 - - [21/Aug/2018:12:43:33 -0300] "GET /cormun/static/Shared/jqueryui/jquery-ui.min.js HTTP/1.1" 304 -
186.103.159.204 - - [21/Aug/2018:12:43:33 -0300] "GET /cormun/static/SmoothNavMenu/resources/ddsmoothmenu.js HTTP/1.1" 304 -
186.103.159.204 - - [21/Aug/2018:12:43:33 -0300] "GET /cormun/static/scaMessage/js/jquery.pnotify.min.js HTTP/1.1" 304 -
186.103.159.204 - - [21/Aug/2018:12:43:33 -0300] "GET /cormun/static/scaMessage/scaMessageRender.js HTTP/1.1" 304 -
186.103.159.204 - - [21/Aug/2018:12:43:33 -0300] "GET /cormun/static/SmoothNavMenu/resources/SmoothNavMenuRender.js HTTP/1.1" 304 -
186.103.159.204 - - [21/Aug/2018:12:43:33 -0300] "GET /cormun/static/hmpwkw03.js?20177612122668 HTTP/1.1" 304 -
186.103.159.204 - - [21/Aug/2018:12:43:33 -0300] "GET /cormun/static/Resources/PXToolsDataSearch.png HTTP/1.1" 200 419
186.103.159.204 - - [21/Aug/2018:12:43:33 -0300] "GET /cormun/static/Resources/PXToolsGridFirstDisabled.gif HTTP/1.1" 200 100
186.103.159.204 - - [21/Aug/2018:12:43:33 -0300] "GET /cormun/static/Resources/PXToolsGridLastDisabled.gif HTTP/1.1" 200 98
186.103.159.204 - - [21/Aug/2018:12:43:33 -0300] "GET /cormun/static/Resources/PXToolsGridNextDisabled.gif HTTP/1.1" 200 90
186.103.159.204 - - [21/Aug/2018:12:43:33 -0300] "GET /cormun/static/Resources/PXToolsGridPreviousDisabled.gif HTTP/1.1" 200 90
186.103.159.204 - - [21/Aug/2018:12:43:33 -0300] "GET /cormun/static/Resources/PXToolsGridPage.gif HTTP/1.1" 200 725
186.103.159.204 - - [21/Aug/2018:12:43:33 -0300] "GET /cormun/static/Resources/PXToolsActionExcel.png HTTP/1.1" 200 3187
186.103.159.204 - - [21/Aug/2018:12:43:33 -0300] "GET /cormun/static/Resources/PXToolsHeaderBackground2.png HTTP/1.1" 200 1174
186.103.159.204 - - [21/Aug/2018:12:43:33 -0300] "GET /cormun/static/Resources/PXToolsFooterBackground2.png HTTP/1.1" 200 1172
186.103.159.204 - - [21/Aug/2018:12:43:33 -0300] "GET /cormun/static/Resources/PXToolsHeaderActionsBackground.png HTTP/1.1" 200 484
186.103.159.204 - - [21/Aug/2018:12:43:33 -0300] "GET /cormun/static/Resources/PXToolsDataTitle.png HTTP/1.1" 200 1173
186.103.159.204 - - [21/Aug/2018:12:43:33 -0300] "GET /cormun/static/Resources/indicator.gif HTTP/1.1" 200 1553
186.103.159.204 - - [21/Aug/2018:12:43:33 -0300] "GET /cormun/servlet/trsolicitudot? HTTP/1.1" 200 7843
186.103.159.204 - - [21/Aug/2018:12:43:33 -0300] "GET /cormun/static/Resources/asc.gif HTTP/1.1" 200 67
186.103.159.204 - - [21/Aug/2018:12:43:33 -0300] "GET /cormun/static/Resources/desc.gif HTTP/1.1" 200 65
186.103.159.204 - - [21/Aug/2018:12:43:33 -0300] "GET /cormun//static/Resources/PXToolsGridUpdate.png HTTP/1.1" 200 2984
186.103.159.204 - - [21/Aug/2018:12:43:33 -0300] "GET /cormun//static/Resources/PXToolsGridDelete.png HTTP/1.1" 200 357
186.103.159.204 - - [21/Aug/2018:12:43:33 -0300] "GET /cormun//static/Resources/PXToolsRemoveAllAction.png HTTP/1.1" 200 3558
186.103.159.204 - - [21/Aug/2018:12:43:33 -0300] "GET /cormun//static/Resources/PXToolsActionView.png HTTP/1.1" 200 2995
186.103.159.204 - - [21/Aug/2018:12:43:33 -0300] "GET /cormun//static/Resources/PXTools/ActionInsert.png HTTP/1.1" 200 1482
186.103.159.204 - - [21/Aug/2018:12:43:33 -0300] "GET /cormun/servlet/trsolicitudot? HTTP/1.1" 200 7843
186.103.159.204 - - [21/Aug/2018:12:43:33 -0300] "GET /cormun/servlet/hlogin HTTP/1.1" 200 1737
186.103.159.204 - - [21/Aug/2018:12:43:33 -0300] "GET /favicon.ico HTTP/1.1" 200 21630
186.103.159.204 - - [21/Aug/2018:12:43:34 -0300] "GET /cormun/static/gxcfg.js?20175251213516 HTTP/1.1" 200 953
186.103.159.204 - - [21/Aug/2018:12:43:34 -0300] "GET /cormun/static/hlogin.js?20175251213537 HTTP/1.1" 304 -
186.103.159.204 - - [21/Aug/2018:12:43:34 -0300] "GET /cormun/static/Resources/Spanish/PXTools.css?11423723 HTTP/1.1" 200 89042
186.103.159.204 - - [21/Aug/2018:12:43:34 -0300] "GET /cormun/static/Resources/PXToolsLoginTop.png HTTP/1.1" 200 1337
186.103.159.204 - - [21/Aug/2018:12:43:34 -0300] "GET /cormun/static/Resources/PXToolsLoginBackground.png HTTP/1.1" 200 1164
186.103.159.204 - - [21/Aug/2018:12:43:34 -0300] "GET /cormun/static/Resources/PXToolsButtonLeft21.png HTTP/1.1" 200 1287
186.103.159.204 - - [21/Aug/2018:12:43:34 -0300] "GET /cormun/static/Resources/PXToolsButtonRight21.png HTTP/1.1" 200 1283
186.103.159.204 - - [21/Aug/2018:12:43:34 -0300] "GET /cormun/static/Resources/ComunLogin.png HTTP/1.1" 200 17326
186.103.159.204 - - [21/Aug/2018:12:43:34 -0300] "GET /cormun/static/Resources/PXToolsButtonBackground2.png HTTP/1.1" 200 1181
186.103.159.204 - - [21/Aug/2018:12:43:34 -0300] "GET /cormun/static/Resources/PXToolsLoginBottom.png HTTP/1.1" 200 1389
