186.103.159.204 - - [21/Aug/2018:12:43:34 -0300] "GET /cormun/static/Resources/indicator.gif HTTP/1.1" 304 -
186.103.159.204 - - [21/Aug/2018:12:43:34 -0300] "GET /favicon.ico HTTP/1.1" 304 -
186.103.159.204 - - [21/Aug/2018:12:43:34 -0300] "GET /favicon.ico HTTP/1.1" 200 21630
186.103.159.204 - - [21/Aug/2018:12:43:50 -0300] "POST /cormun/servlet/hlogin?2ee09934fb711aa3339e45462fdc49f2,gx-no-cache=1534866155001 HTTP/1.1" 200 450
186.103.156.166 - - [21/Aug/2018:12:43:52 -0300] "POST /cormun/servlet/solicitudot?f6e7be41ca8466be2357562a92718bf2,INS,0,0,,gx-no-cache=1534866155871 HTTP/1.1" 200 93
186.103.156.166 - - [21/Aug/2018:12:43:52 -0300] "GET /cormun/servlet/hpexe_return? HTTP/1.1" 200 1009
186.103.156.166 - - [21/Aug/2018:12:43:52 -0300] "GET /cormun/static/gxcfg.js?2016101716175148 HTTP/1.1" 304 -
186.103.156.166 - - [21/Aug/2018:12:43:52 -0300] "GET /cormun/servlet/trsolicitudot HTTP/1.1" 200 7402
186.103.156.166 - - [21/Aug/2018:12:43:53 -0300] "GET /cormun/servlet/trsolicitudot HTTP/1.1" 200 7399
186.103.156.166 - - [21/Aug/2018:12:43:56 -0300] "GET /cormun/servlet/trsolicitudot? HTTP/1.1" 200 7399
186.103.156.166 - - [21/Aug/2018:12:43:57 -0300] "GET /cormun/servlet/trsolicitudot? HTTP/1.1" 200 7399
186.103.156.166 - - [21/Aug/2018:12:44:00 -0300] "GET /cormun/servlet/solicitudot?INS,0,0, HTTP/1.1" 200 13639
186.103.156.166 - - [21/Aug/2018:12:44:01 -0300] "GET /cormun/servlet/solicitudot?INS,0,0, HTTP/1.1" 200 13644
186.103.159.204 - - [21/Aug/2018:12:44:04 -0300] "POST /cormun/servlet/hlogin?2ee09934fb711aa3339e45462fdc49f2,gx-no-cache=1534866168230 HTTP/1.1" 200 450
186.103.159.204 - - [21/Aug/2018:12:44:06 -0300] "POST /cormun/servlet/hlogin?2ee09934fb711aa3339e45462fdc49f2,gx-no-cache=1534866170578 HTTP/1.1" 200 449
186.103.159.204 - - [21/Aug/2018:12:44:13 -0300] "POST /cormun/servlet/hlogin?2ee09934fb711aa3339e45462fdc49f2,gx-no-cache=1534866177454 HTTP/1.1" 200 450
186.103.156.166 - - [21/Aug/2018:12:44:19 -0300] "POST /cormun/servlet/solicitudot?gx-no-cache=1534866183359 HTTP/1.1" 200 3543
186.103.156.166 - - [21/Aug/2018:12:44:19 -0300] "GET /cormun/static/Shared/jqueryui/images/ui-bg_highlight-soft_100_c6c2c8_1x100.png HTTP/1.1" 404 1117
186.103.156.166 - - [21/Aug/2018:12:44:19 -0300] "GET /cormun/static/Shared/jqueryui/images/ui-icons_82798d_256x240.png HTTP/1.1" 404 1089
186.103.156.166 - - [21/Aug/2018:12:44:19 -0300] "GET /cormun/static/Shared/jqueryui/images/ui-bg_flat_55_994d53_40x100.png HTTP/1.1" 404 1097
186.103.156.166 - - [21/Aug/2018:12:44:19 -0300] "GET /cormun/static/Shared/jqueryui/images/ui-icons_ebccce_256x240.png HTTP/1.1" 404 1089
186.103.156.166 - - [21/Aug/2018:12:44:23 -0300] "GET /cormun/servlet/solicitudot?8a76907c0f678d8150010a86efdb186bdb142a17b337b7221005ddb4f9b2419fac5602ec14d337c148cac8c29cc5025e,gx-no-cache=1534866186597 HTTP/1.1" 200 30
186.103.159.204 - - [21/Aug/2018:12:44:29 -0300] "POST /cormun/servlet/hlogin?2ee09934fb711aa3339e45462fdc49f2,gx-no-cache=1534866193886 HTTP/1.1" 200 451
200.111.191.210 - - [21/Aug/2018:12:44:36 -0300] "GET /cormun/servlet/trpermisosadjuntos?13720790,20180821083609,P, HTTP/1.1" 200 6093
200.111.191.210 - - [21/Aug/2018:12:44:36 -0300] "GET /cormun/servlet/trpermisosadjuntos?13720790,20180821083609,P, HTTP/1.1" 200 6093
200.111.191.210 - - [21/Aug/2018:12:44:37 -0300] "GET /cormun/servlet/permisosadjuntos?INS,13720790,P,20180821083609,, HTTP/1.1" 200 5600
200.111.191.210 - - [21/Aug/2018:12:44:37 -0300] "GET /cormun/static/about:blank HTTP/1.1" 404 1011
200.111.191.210 - - [21/Aug/2018:12:44:37 -0300] "GET /cormun/servlet/permisosadjuntos?INS,13720790,P,20180821083609,, HTTP/1.1" 200 5590
186.103.159.204 - - [21/Aug/2018:12:44:38 -0300] "POST /cormun/servlet/hlogin?2ee09934fb711aa3339e45462fdc49f2,gx-no-cache=1534866202241 HTTP/1.1" 200 451
200.111.191.210 - - [21/Aug/2018:12:44:43 -0300] "POST /cormun/servlet/permisosadjuntos?0df7fa57236f957803f1e07744b04dcf,INS,13720790,P,20180821083609,, HTTP/1.1" 200 116
200.111.191.210 - - [21/Aug/2018:12:44:43 -0300] "GET /cormun/servlet/hpexe_return? HTTP/1.1" 200 1039
200.111.191.210 - - [21/Aug/2018:12:44:44 -0300] "GET /cormun/servlet/trpermisosadjuntos?13720790,20180821083609,P, HTTP/1.1" 200 6616
200.111.191.210 - - [21/Aug/2018:12:44:44 -0300] "GET /cormun/servlet/trpermisosadjuntos?13720790,20180821083609,P, HTTP/1.1" 200 6612
200.111.191.210 - - [21/Aug/2018:12:44:48 -0300] "GET /cormun/servlet/trpermisosgoce? HTTP/1.1" 200 19032
200.111.191.210 - - [21/Aug/2018:12:44:48 -0300] "GET /cormun/servlet/trpermisosgoce? HTTP/1.1" 200 19054
200.111.191.210 - - [21/Aug/2018:12:44:50 -0300] "POST /cormun/servlet/trpermisosgoce?0df7fa57236f957803f1e07744b04dcf,,gx-no-cache=1534866360569 HTTP/1.1" 200 16203
200.111.191.210 - - [21/Aug/2018:12:44:50 -0300] "GET /cormun/static/Shared/jqueryui/images/ui-bg_highlight-soft_100_c6c2c8_1x100.png HTTP/1.1" 404 1117
200.111.191.210 - - [21/Aug/2018:12:44:50 -0300] "GET /cormun/static/Shared/jqueryui/images/ui-icons_82798d_256x240.png HTTP/1.1" 404 1089
200.111.191.210 - - [21/Aug/2018:12:44:50 -0300] "GET /cormun/static/Shared/jqueryui/images/ui-bg_flat_55_fafafa_40x100.png HTTP/1.1" 404 1097
200.111.191.210 - - [21/Aug/2018:12:44:50 -0300] "GET /cormun/static/Shared/jqueryui/images/ui-icons_8d78a5_256x240.png HTTP/1.1" 404 1089
200.111.191.210 - - [21/Aug/2018:12:44:52 -0300] "GET /cormun/servlet/trpermisosadjuntos?13720790,20180821083748,P, HTTP/1.1" 200 6094
200.111.191.210 - - [21/Aug/2018:12:44:53 -0300] "GET /cormun/servlet/trpermisosadjuntos?13720790,20180821083748,P, HTTP/1.1" 200 6094
200.111.191.210 - - [21/Aug/2018:12:44:54 -0300] "GET /cormun/servlet/permisosadjuntos?INS,13720790,P,20180821083748,, HTTP/1.1" 200 5600
200.111.191.210 - - [21/Aug/2018:12:44:55 -0300] "GET /cormun/static/about:blank HTTP/1.1" 404 1011
200.111.191.210 - - [21/Aug/2018:12:44:55 -0300] "GET /cormun/servlet/permisosadjuntos?INS,13720790,P,20180821083748,, HTTP/1.1" 200 5590
200.111.191.210 - - [21/Aug/2018:12:44:59 -0300] "POST /cormun/servlet/permisosadjuntos?0df7fa57236f957803f1e07744b04dcf,INS,13720790,P,20180821083748,, HTTP/1.1" 200 116
200.111.191.210 - - [21/Aug/2018:12:44:59 -0300] "GET /cormun/servlet/hpexe_return? HTTP/1.1" 200 1038
200.111.191.210 - - [21/Aug/2018:12:44:59 -0300] "GET /cormun/servlet/trpermisosadjuntos?13720790,20180821083748,P, HTTP/1.1" 200 6617
200.111.191.210 - - [21/Aug/2018:12:44:59 -0300] "GET /cormun/servlet/trpermisosadjuntos?13720790,20180821083748,P, HTTP/1.1" 200 6613
200.111.191.210 - - [21/Aug/2018:12:45:01 -0300] "GET /cormun/servlet/trpermisosgoce? HTTP/1.1" 200 18951
200.111.191.210 - - [21/Aug/2018:12:45:02 -0300] "GET /cormun/servlet/trpermisosgoce? HTTP/1.1" 200 18949
186.103.159.204 - - [21/Aug/2018:12:45:02 -0300] "POST /cormun/servlet/hlogin?2ee09934fb711aa3339e45462fdc49f2,gx-no-cache=1534866226413 HTTP/1.1" 200 451
186.103.159.204 - - [21/Aug/2018:12:45:02 -0300] "POST /cormun/servlet/hlogin?2ee09934fb711aa3339e45462fdc49f2,gx-no-cache=1534866227005 HTTP/1.1" 200 450
186.103.159.204 - - [21/Aug/2018:12:45:03 -0300] "POST /cormun/servlet/hlogin?2ee09934fb711aa3339e45462fdc49f2,gx-no-cache=1534866227213 HTTP/1.1" 200 450
186.103.156.166 - - [21/Aug/2018:12:45:04 -0300] "GET /cormun/servlet/prfichaempleado?,MD,,gxPopupLevel%3D0%3B HTTP/1.1" 200 9329
200.111.191.210 - - [21/Aug/2018:12:45:04 -0300] "POST /cormun/servlet/trpermisosgoce?0df7fa57236f957803f1e07744b04dcf,,gx-no-cache=1534866374604 HTTP/1.1" 200 16184
200.111.191.210 - - [21/Aug/2018:12:45:04 -0300] "GET /cormun/static/Shared/jqueryui/images/ui-bg_highlight-soft_100_c6c2c8_1x100.png HTTP/1.1" 404 1117
200.111.191.210 - - [21/Aug/2018:12:45:04 -0300] "GET /cormun/static/Shared/jqueryui/images/ui-icons_82798d_256x240.png HTTP/1.1" 404 1089
200.111.191.210 - - [21/Aug/2018:12:45:04 -0300] "GET /cormun/static/Shared/jqueryui/images/ui-bg_flat_55_fafafa_40x100.png HTTP/1.1" 404 1097
200.111.191.210 - - [21/Aug/2018:12:45:04 -0300] "GET /cormun/static/Shared/jqueryui/images/ui-icons_8d78a5_256x240.png HTTP/1.1" 404 1089
200.111.191.210 - - [21/Aug/2018:12:45:06 -0300] "GET /cormun/servlet/trpermisosgoce? HTTP/1.1" 200 18964
200.111.191.210 - - [21/Aug/2018:12:45:07 -0300] "GET /cormun/servlet/trpermisosgoce? HTTP/1.1" 200 18958
200.111.191.210 - - [21/Aug/2018:12:45:08 -0300] "GET /cormun/servlet/hlogin HTTP/1.1" 200 1740
200.111.191.210 - - [21/Aug/2018:12:45:16 -0300] "POST /cormun/servlet/hlogin?0df7fa57236f957803f1e07744b04dcf,gx-no-cache=1534866386580 HTTP/1.1" 200 90
200.111.191.210 - - [21/Aug/2018:12:45:16 -0300] "GET /cormun/servlet/hpexe_link HTTP/1.1" 200 951
200.111.191.210 - - [21/Aug/2018:12:45:16 -0300] "GET /cormun/servlet/hhome HTTP/1.1" 200 4212
200.111.191.210 - - [21/Aug/2018:12:45:16 -0300] "GET /cormun/servlet/hhome HTTP/1.1" 200 4208
200.111.191.210 - - [21/Aug/2018:12:45:19 -0300] "GET /cormun/servlet/trautorizarpermisogoce? HTTP/1.1" 200 11274
200.111.191.210 - - [21/Aug/2018:12:45:19 -0300] "GET /cormun/static/gxcfg.js?20177612165975 HTTP/1.1" 200 953
200.111.191.210 - - [21/Aug/2018:12:45:19 -0300] "GET /cormun/static/trautorizarpermisogoce.js?2017761217384 HTTP/1.1" 200 34948
200.111.191.210 - - [21/Aug/2018:12:45:19 -0300] "GET /cormun/servlet/trautorizarpermisogoce? HTTP/1.1" 200 11272
200.111.191.210 - - [21/Aug/2018:12:45:21 -0300] "POST /cormun/servlet/trautorizarpermisogoce?0df7fa57236f957803f1e07744b04dcf,,gx-no-cache=1534866392094 HTTP/1.1" 200 8111
200.111.191.210 - - [21/Aug/2018:12:45:21 -0300] "GET /cormun/static/Shared/jqueryui/images/ui-bg_highlight-soft_100_c6c2c8_1x100.png HTTP/1.1" 404 1117
200.111.191.210 - - [21/Aug/2018:12:45:21 -0300] "GET /cormun/static/Shared/jqueryui/images/ui-bg_flat_55_fafafa_40x100.png HTTP/1.1" 404 1097
200.111.191.210 - - [21/Aug/2018:12:45:21 -0300] "GET /cormun/static/Shared/jqueryui/images/ui-icons_82798d_256x240.png HTTP/1.1" 404 1089
200.111.191.210 - - [21/Aug/2018:12:45:21 -0300] "GET /cormun/static/Shared/jqueryui/images/ui-icons_8d78a5_256x240.png HTTP/1.1" 404 1089
200.111.191.210 - - [21/Aug/2018:12:45:22 -0300] "POST /cormun/servlet/trautorizarpermisogoce?0df7fa57236f957803f1e07744b04dcf,,gx-no-cache=1534866392957 HTTP/1.1" 200 7819
186.103.156.166 - - [21/Aug/2018:12:45:23 -0300] "POST /cormun/servlet/prfichaempleado?f6e7be41ca8466be2357562a92718bf2,,MD,,gxPopupLevel%3D0%3B,gx-no-cache=1534866246484 HTTP/1.1" 200 3421
200.111.191.210 - - [21/Aug/2018:12:45:23 -0300] "POST /cormun/servlet/trautorizarpermisogoce?0df7fa57236f957803f1e07744b04dcf,,gx-no-cache=1534866393716 HTTP/1.1" 200 7610
200.111.191.210 - - [21/Aug/2018:12:45:23 -0300] "POST /cormun/servlet/trautorizarpermisogoce?0df7fa57236f957803f1e07744b04dcf,,gx-no-cache=1534866394385 HTTP/1.1" 200 7357
200.111.191.210 - - [21/Aug/2018:12:45:24 -0300] "POST /cormun/servlet/trautorizarpermisogoce?0df7fa57236f957803f1e07744b04dcf,,gx-no-cache=1534866395080 HTTP/1.1" 200 7046
200.111.191.210 - - [21/Aug/2018:12:45:25 -0300] "POST /cormun/servlet/trautorizarpermisogoce?0df7fa57236f957803f1e07744b04dcf,,gx-no-cache=1534866395655 HTTP/1.1" 200 6835
200.111.191.210 - - [21/Aug/2018:12:45:25 -0300] "POST /cormun/servlet/trautorizarpermisogoce?0df7fa57236f957803f1e07744b04dcf,,gx-no-cache=1534866396216 HTTP/1.1" 200 6620
200.111.191.210 - - [21/Aug/2018:12:45:26 -0300] "POST /cormun/servlet/trautorizarpermisogoce?0df7fa57236f957803f1e07744b04dcf,,gx-no-cache=1534866396704 HTTP/1.1" 200 6381
200.111.191.210 - - [21/Aug/2018:12:45:26 -0300] "POST /cormun/servlet/trautorizarpermisogoce?0df7fa57236f957803f1e07744b04dcf,,gx-no-cache=1534866397155 HTTP/1.1" 200 6137
200.111.191.210 - - [21/Aug/2018:12:45:27 -0300] "POST /cormun/servlet/trautorizarpermisogoce?0df7fa57236f957803f1e07744b04dcf,,gx-no-cache=1534866397660 HTTP/1.1" 200 5894
200.111.191.210 - - [21/Aug/2018:12:45:27 -0300] "POST /cormun/servlet/trautorizarpermisogoce?0df7fa57236f957803f1e07744b04dcf,,gx-no-cache=1534866398115 HTTP/1.1" 200 5673
200.111.191.210 - - [21/Aug/2018:12:45:28 -0300] "POST /cormun/servlet/trautorizarpermisogoce?0df7fa57236f957803f1e07744b04dcf,,gx-no-cache=1534866398556 HTTP/1.1" 200 5425
200.111.191.210 - - [21/Aug/2018:12:45:28 -0300] "POST /cormun/servlet/trautorizarpermisogoce?0df7fa57236f957803f1e07744b04dcf,,gx-no-cache=1534866398988 HTTP/1.1" 200 5124
200.111.191.210 - - [21/Aug/2018:12:45:28 -0300] "POST /cormun/servlet/trautorizarpermisogoce?0df7fa57236f957803f1e07744b04dcf,,gx-no-cache=1534866399403 HTTP/1.1" 200 4363
200.111.191.210 - - [21/Aug/2018:12:45:31 -0300] "GET /cormun/servlet/trlicencias? HTTP/1.1" 200 14324
200.111.191.210 - - [21/Aug/2018:12:45:31 -0300] "GET /cormun/servlet/trlicencias? HTTP/1.1" 200 14315
186.103.156.166 - - [21/Aug/2018:12:45:35 -0300] "GET /cormun/servlet/trsolicitudot? HTTP/1.1" 200 7400
186.103.156.166 - - [21/Aug/2018:12:45:35 -0300] "GET /cormun/servlet/trsolicitudot? HTTP/1.1" 200 7399
186.103.156.166 - - [21/Aug/2018:12:45:38 -0300] "GET /cormun/servlet/solicitudot?INS,0,0, HTTP/1.1" 200 13641
186.103.156.166 - - [21/Aug/2018:12:45:39 -0300] "GET /cormun/servlet/solicitudot?INS,0,0, HTTP/1.1" 200 13646
186.103.156.166 - - [21/Aug/2018:12:45:59 -0300] "GET /cormun/servlet/prfichaempleado?,MD,,gxPopupLevel%3D0%3B HTTP/1.1" 200 9329
186.103.156.166 - - [21/Aug/2018:12:46:22 -0300] "POST /cormun/servlet/prfichaempleado?f6e7be41ca8466be2357562a92718bf2,,MD,,gxPopupLevel%3D0%3B,gx-no-cache=1534866305753 HTTP/1.1" 200 3421
186.103.157.235 - - [21/Aug/2018:12:46:27 -0300] "GET /cormun/servlet/hlogin HTTP/1.1" 200 1707
186.103.157.235 - - [21/Aug/2018:12:46:30 -0300] "GET /cormun/servlet/hlogin HTTP/1.1" 200 1707
186.103.157.235 - - [21/Aug/2018:12:46:30 -0300] "GET /cormun/static/hlogin.js?20175251213537 HTTP/1.1" 200 2136
186.103.157.235 - - [21/Aug/2018:12:46:30 -0300] "GET /cormun/static/Resources/PXToolsLoginBottom.png HTTP/1.1" 200 1389
186.103.157.235 - - [21/Aug/2018:12:46:30 -0300] "GET /cormun/static/Resources/PXToolsLoginBackground.png HTTP/1.1" 200 1164
186.103.157.235 - - [21/Aug/2018:12:46:30 -0300] "GET /cormun/static/Resources/PXToolsLoginTop.png HTTP/1.1" 200 1337
186.103.157.235 - - [21/Aug/2018:12:46:30 -0300] "GET /cormun/static/Resources/indicator.gif HTTP/1.1" 200 1553
186.103.157.235 - - [21/Aug/2018:12:46:30 -0300] "GET /cormun/servlet/hlogin HTTP/1.1" 200 1718
186.103.157.235 - - [21/Aug/2018:12:46:30 -0300] "GET /cormun/static/Resources/PXToolsLoginBottom.png HTTP/1.1" 200 1389
186.103.157.235 - - [21/Aug/2018:12:46:30 -0300] "GET /cormun/static/Resources/PXToolsLoginBackground.png HTTP/1.1" 200 1164
186.103.157.235 - - [21/Aug/2018:12:46:30 -0300] "GET /cormun/static/Resources/PXToolsLoginTop.png HTTP/1.1" 206 1
186.103.156.166 - - [21/Aug/2018:12:46:30 -0300] "POST /cormun/servlet/solicitudot?gx-no-cache=1534866314317 HTTP/1.1" 200 3543
186.103.156.166 - - [21/Aug/2018:12:46:31 -0300] "GET /cormun/static/Shared/jqueryui/images/ui-bg_highlight-soft_100_c6c2c8_1x100.png HTTP/1.1" 404 1117
186.103.156.166 - - [21/Aug/2018:12:46:31 -0300] "GET /cormun/static/Shared/jqueryui/images/ui-icons_82798d_256x240.png HTTP/1.1" 404 1089
186.103.156.166 - - [21/Aug/2018:12:46:31 -0300] "GET /cormun/static/Shared/jqueryui/images/ui-bg_flat_55_994d53_40x100.png HTTP/1.1" 404 1097
186.103.156.166 - - [21/Aug/2018:12:46:31 -0300] "GET /cormun/static/Shared/jqueryui/images/ui-icons_ebccce_256x240.png HTTP/1.1" 404 1089
186.103.157.235 - - [21/Aug/2018:12:46:31 -0300] "GET /cormun/static/Resources/PXToolsLoginTop.png HTTP/1.1" 206 105
186.103.156.166 - - [21/Aug/2018:12:46:33 -0300] "GET /cormun/servlet/solicitudot?8a76907c0f678d8150010a86efdb186bdb142a17b337b7221005ddb4f9b2419fac5602ec14d337c148cac8c29cc5025e,gx-no-cache=1534866317103 HTTP/1.1" 200 30
192.168.10.96 - - [21/Aug/2018:12:46:33 -0300] "GET /cormun/servlet/hlogin HTTP/1.1" 200 1743
186.103.157.235 - - [21/Aug/2018:12:46:46 -0300] "POST /cormun/servlet/hlogin?497133ccd838f8b2439d469aa6be1623,gx-no-cache=1534866326505 HTTP/1.1" 200 90
186.103.157.235 - - [21/Aug/2018:12:46:46 -0300] "GET /cormun/servlet/hpexe_link HTTP/1.1" 200 941
186.103.157.235 - - [21/Aug/2018:12:46:46 -0300] "GET /cormun/servlet/hhome HTTP/1.1" 200 4214
186.103.157.235 - - [21/Aug/2018:12:46:46 -0300] "GET /cormun/static/gxcfg.js?20175251212442 HTTP/1.1" 200 953
186.103.157.235 - - [21/Aug/2018:12:46:46 -0300] "GET /cormun/static/PXToolsJavascripts/pexe_cookies.js HTTP/1.1" 200 792
186.103.157.235 - - [21/Aug/2018:12:46:46 -0300] "GET /cormun/static/PXToolsJavascripts/pexe_menudivfix.js HTTP/1.1" 200 333
186.103.157.235 - - [21/Aug/2018:12:46:46 -0300] "GET /cormun/static/PXToolsJavascripts/pexe_oav.js HTTP/1.1" 200 645
186.103.157.235 - - [21/Aug/2018:12:46:46 -0300] "GET /cormun/static/PXToolsJavascripts/pexe_oavdivfix.js HTTP/1.1" 200 639
186.103.157.235 - - [21/Aug/2018:12:46:46 -0300] "GET /cormun/static/PXToolsJavascripts/pexe_picture.js HTTP/1.1" 200 689
186.103.157.235 - - [21/Aug/2018:12:46:46 -0300] "GET /cormun/static/PXToolsJavascripts/pexe_tabdivfix.js HTTP/1.1" 200 876
186.103.157.235 - - [21/Aug/2018:12:46:46 -0300] "GET /cormun/static/PXToolsJavascripts/PXToolsJavascriptsRender.js HTTP/1.1" 200 367
186.103.157.235 - - [21/Aug/2018:12:46:46 -0300] "GET /cormun/static/Resources/logo4.png HTTP/1.1" 200 6582
186.103.157.235 - - [21/Aug/2018:12:46:46 -0300] "GET /cormun/static/Resources/PXToolsHeaderActionsLeft.png HTTP/1.1" 200 1118
186.103.157.235 - - [21/Aug/2018:12:46:46 -0300] "GET /cormun/static/RunJS/RunJS.js HTTP/1.1" 200 288
186.103.157.235 - - [21/Aug/2018:12:46:46 -0300] "GET /cormun/static/hhome.js?20175251212450 HTTP/1.1" 200 777
186.103.157.235 - - [21/Aug/2018:12:46:46 -0300] "GET /cormun/static/Resources/PXToolsFooterBackground2.png HTTP/1.1" 200 1172
186.103.157.235 - - [21/Aug/2018:12:46:46 -0300] "GET /cormun/static/Resources/PXToolsHeaderBackground2.png HTTP/1.1" 200 1174
186.103.157.235 - - [21/Aug/2018:12:46:46 -0300] "GET /cormun/static/Resources/PXToolsDataTitle.png HTTP/1.1" 200 1173
186.103.157.235 - - [21/Aug/2018:12:46:46 -0300] "GET /cormun/static/Resources/PXToolsHeaderActionsBackground.png HTTP/1.1" 200 484
186.103.157.235 - - [21/Aug/2018:12:46:46 -0300] "GET /cormun/static/Resources/PXToolsHeaderActionsRight.png HTTP/1.1" 200 1201
186.103.157.235 - - [21/Aug/2018:12:46:46 -0300] "GET /cormun/static/Resources/PXToolsHeaderHome.png HTTP/1.1" 200 4147
186.103.157.235 - - [21/Aug/2018:12:46:46 -0300] "GET /cormun/static/Resources/PXToolsHeaderLogin.png HTTP/1.1" 200 4279
186.103.157.235 - - [21/Aug/2018:12:46:46 -0300] "GET /cormun/static/Resources/PXToolsHeaderSecurity.png HTTP/1.1" 200 4166
186.103.157.235 - - [21/Aug/2018:12:46:46 -0300] "GET /cormun/static/Resources/PXToolsHeaderPreferences.png HTTP/1.1" 200 4189
186.103.157.235 - - [21/Aug/2018:12:46:46 -0300] "GET /cormun/static/hpexe_messagepopupcomponent.js?20161017169425 HTTP/1.1" 200 605
186.103.157.235 - - [21/Aug/2018:12:46:46 -0300] "GET /cormun/static/hpexe_messagecontroller.js?20177611595012 HTTP/1.1" 200 870
186.103.157.235 - - [21/Aug/2018:12:46:46 -0300] "GET /cormun/static/hpexe_messagegenexuscomponent.js?201752511465344 HTTP/1.1" 200 587
186.103.157.235 - - [21/Aug/2018:12:46:46 -0300] "GET /cormun/servlet/hhome HTTP/1.1" 200 4210
186.103.157.235 - - [21/Aug/2018:12:46:46 -0300] "GET /cormun/static/SmoothNavMenu/resources/images/right.gif HTTP/1.1" 200 860
186.103.157.235 - - [21/Aug/2018:12:46:46 -0300] "GET /cormun/static/SmoothNavMenu/resources/images/down.gif HTTP/1.1" 200 854
192.168.10.96 - - [21/Aug/2018:12:46:57 -0300] "POST /cormun/servlet/hlogin?34cc2707a5f7890a31e6fe1de9f4d256,gx-no-cache=1534866195392 HTTP/1.1" 200 90
192.168.10.96 - - [21/Aug/2018:12:46:57 -0300] "GET /cormun/servlet/hpexe_link HTTP/1.1" 200 962
192.168.10.96 - - [21/Aug/2018:12:46:57 -0300] "GET /cormun/servlet/trsolicitudgral HTTP/1.1" 200 10984
192.168.10.96 - - [21/Aug/2018:12:46:58 -0300] "GET /cormun/servlet/trsolicitudgral HTTP/1.1" 200 10982
192.168.10.96 - - [21/Aug/2018:12:47:01 -0300] "GET /cormun/servlet/trfuncionariobloqueados? HTTP/1.1" 200 10426
192.168.10.96 - - [21/Aug/2018:12:47:02 -0300] "GET /cormun/static/gxcfg.js?201812320593311 HTTP/1.1" 200 953
192.168.10.96 - - [21/Aug/2018:12:47:02 -0300] "GET /cormun/static/trfuncionariobloqueados.js?201812320593613 HTTP/1.1" 200 15297
192.168.10.96 - - [21/Aug/2018:12:47:02 -0300] "GET /cormun/servlet/trfuncionariobloqueados? HTTP/1.1" 200 10426
186.103.157.235 - - [21/Aug/2018:12:47:03 -0300] "GET /cormun/servlet/trsolicitudot? HTTP/1.1" 200 7432
186.103.157.235 - - [21/Aug/2018:12:47:03 -0300] "GET /cormun/static/gxcfg.js?2017111422585916 HTTP/1.1" 200 953
186.103.157.235 - - [21/Aug/2018:12:47:04 -0300] "GET /cormun/static/trsolicitudot.js?201711142259839 HTTP/1.1" 200 54041
186.103.157.235 - - [21/Aug/2018:12:47:05 -0300] "GET /cormun/servlet/trsolicitudot? HTTP/1.1" 200 7432
186.103.157.235 - - [21/Aug/2018:12:47:08 -0300] "GET /cormun/servlet/solicitudot?INS,0,0, HTTP/1.1" 200 13683
186.103.157.235 - - [21/Aug/2018:12:47:08 -0300] "GET /cormun/static/gxcfg.js?201812313224582 HTTP/1.1" 200 953
186.103.157.235 - - [21/Aug/2018:12:47:18 -0300] "GET /cormun/static/solicitudot.js?201812313224831 HTTP/1.1" 200 72336
186.103.157.235 - - [21/Aug/2018:12:47:18 -0300] "GET /cormun/servlet/solicitudot?INS,0,0, HTTP/1.1" 200 13688
186.103.157.235 - - [21/Aug/2018:12:47:27 -0300] "POST /cormun/servlet/solicitudot?gx-no-cache=1534866371677 HTTP/1.1" 200 3308
186.103.157.235 - - [21/Aug/2018:12:47:29 -0300] "POST /cormun/servlet/solicitudot?497133ccd838f8b2439d469aa6be1623,INS,0,0,,gx-no-cache=1534866373736 HTTP/1.1" 200 10479
186.103.157.235 - - [21/Aug/2018:12:47:32 -0300] "GET /cormun/servlet/solicitudot?b5d16d380012009bb8944cd1f8322831fbadbc216d9baeec865bb3d9772fe91b7152889f9f19a0574575b332c78db61a,gx-no-cache=1534866377494 HTTP/1.1" 200 30
192.168.10.96 - - [21/Aug/2018:12:47:39 -0300] "GET /cormun/servlet/funcionariobloqueados?DLT,15731333, HTTP/1.1" 200 6038
192.168.10.96 - - [21/Aug/2018:12:47:39 -0300] "GET /cormun/static/gxcfg.js?2018123205875 HTTP/1.1" 200 953
192.168.10.96 - - [21/Aug/2018:12:47:39 -0300] "GET /cormun/static/funcionariobloqueados.js?20181232058712 HTTP/1.1" 200 6850
192.168.10.96 - - [21/Aug/2018:12:47:40 -0300] "GET /cormun/static/Shared/jqueryui/images/ui-icons_82798d_256x240.png HTTP/1.1" 404 1089
192.168.10.96 - - [21/Aug/2018:12:47:40 -0300] "GET /cormun/static/Shared/jqueryui/images/ui-bg_flat_55_fafafa_40x100.png HTTP/1.1" 404 1097
192.168.10.96 - - [21/Aug/2018:12:47:40 -0300] "GET /cormun/static/Shared/jqueryui/images/ui-bg_highlight-soft_100_c6c2c8_1x100.png HTTP/1.1" 404 1117
192.168.10.96 - - [21/Aug/2018:12:47:40 -0300] "GET /cormun/static/Shared/jqueryui/images/ui-icons_8d78a5_256x240.png HTTP/1.1" 404 1089
192.168.10.96 - - [21/Aug/2018:12:47:40 -0300] "GET /cormun/servlet/funcionariobloqueados?DLT,15731333, HTTP/1.1" 200 6039
192.168.10.96 - - [21/Aug/2018:12:47:44 -0300] "POST /cormun/servlet/funcionariobloqueados?34cc2707a5f7890a31e6fe1de9f4d256,DLT,15731333,,gx-no-cache=1534866242499 HTTP/1.1" 200 93
192.168.10.96 - - [21/Aug/2018:12:47:44 -0300] "GET /cormun/servlet/hpexe_return? HTTP/1.1" 200 1023
192.168.10.96 - - [21/Aug/2018:12:47:45 -0300] "GET /cormun/servlet/trfuncionariobloqueados HTTP/1.1" 200 10433
192.168.10.96 - - [21/Aug/2018:12:47:45 -0300] "GET /cormun/servlet/trfuncionariobloqueados HTTP/1.1" 200 10429
192.168.10.96 - - [21/Aug/2018:12:47:50 -0300] "GET /cormun/servlet/trsolicitudgral? HTTP/1.1" 200 10982
192.168.10.96 - - [21/Aug/2018:12:47:50 -0300] "GET /cormun/servlet/trsolicitudgral? HTTP/1.1" 200 10982
186.103.156.166 - - [21/Aug/2018:12:47:53 -0300] "GET /cormun/servlet/prfichaempleado?,MD,,gxPopupLevel%3D0%3B HTTP/1.1" 200 9329
186.103.159.204 - - [21/Aug/2018:12:47:58 -0300] "GET /cormun/servlet/trsolicitudot? HTTP/1.1" 200 7848
186.103.159.204 - - [21/Aug/2018:12:47:58 -0300] "GET /cormun/static/gxui/gxui-all.css?120300 HTTP/1.1" 200 2179
186.103.159.204 - - [21/Aug/2018:12:47:58 -0300] "GET /cormun/static/calendar-system.css?85620 HTTP/1.1" 200 5572
186.103.159.204 - - [21/Aug/2018:12:47:58 -0300] "GET /cormun/static/gxcfg.js?2017111422585916 HTTP/1.1" 200 953
186.103.159.204 - - [21/Aug/2018:12:47:58 -0300] "GET /cormun/static/trsolicitudot.js?201711142259839 HTTP/1.1" 200 54041
186.103.159.204 - - [21/Aug/2018:12:47:58 -0300] "GET /cormun/static/Resources/Spanish/PXTools.css?1255365 HTTP/1.1" 200 89042
186.103.159.204 - - [21/Aug/2018:12:47:58 -0300] "GET /cormun/static/Shared/ext/resources/css/ext-all.css?215870 HTTP/1.1" 200 416045
186.103.159.204 - - [21/Aug/2018:12:47:58 -0300] "GET /cormun//static/Resources/PXToolsRemoveAllAction.png HTTP/1.1" 200 3558
186.103.159.204 - - [21/Aug/2018:12:47:58 -0300] "GET /cormun//static/Resources/PXToolsActionView.png HTTP/1.1" 200 2995
186.103.159.204 - - [21/Aug/2018:12:47:58 -0300] "GET /cormun/servlet/hlogin HTTP/1.1" 200 1734
186.103.159.204 - - [21/Aug/2018:12:47:58 -0300] "GET /cormun/servlet/trsolicitudot? HTTP/1.1" 200 7842
186.103.159.204 - - [21/Aug/2018:12:48:00 -0300] "POST /cormun/servlet/hlogin?251b8614b729cc970cb9135cb44c74ac,gx-no-cache=1534866402008 HTTP/1.1" 200 90
186.103.159.204 - - [21/Aug/2018:12:48:00 -0300] "GET /cormun/servlet/hpexe_link HTTP/1.1" 200 953
186.103.159.204 - - [21/Aug/2018:12:48:00 -0300] "GET /cormun/servlet/trsolicitudot HTTP/1.1" 200 6945
186.103.159.204 - - [21/Aug/2018:12:48:01 -0300] "GET /cormun/servlet/trsolicitudot HTTP/1.1" 200 6944
186.103.156.166 - - [21/Aug/2018:12:48:05 -0300] "POST /cormun/servlet/prfichaempleado?f6e7be41ca8466be2357562a92718bf2,,MD,,gxPopupLevel%3D0%3B,gx-no-cache=1534866409212 HTTP/1.1" 200 3421
186.103.159.204 - - [21/Aug/2018:12:48:08 -0300] "GET /cormun/static/menuarrow.gif HTTP/1.1" 404 1015
186.103.156.166 - - [21/Aug/2018:12:48:11 -0300] "POST /cormun/servlet/solicitudot?f6e7be41ca8466be2357562a92718bf2,INS,0,0,,gx-no-cache=1534866414774 HTTP/1.1" 200 93
186.103.156.166 - - [21/Aug/2018:12:48:11 -0300] "GET /cormun/servlet/hpexe_return? HTTP/1.1" 200 1009
186.103.156.166 - - [21/Aug/2018:12:48:11 -0300] "GET /cormun/servlet/trsolicitudot HTTP/1.1" 200 7402
186.103.156.166 - - [21/Aug/2018:12:48:12 -0300] "GET /cormun/servlet/trsolicitudot HTTP/1.1" 200 7399
192.168.10.96 - - [21/Aug/2018:12:48:17 -0300] "GET /cormun/servlet/hlogin HTTP/1.1" 200 1743
186.103.156.166 - - [21/Aug/2018:12:48:17 -0300] "GET /cormun/servlet/hlogin HTTP/1.1" 200 1737
186.103.159.204 - - [21/Aug/2018:12:48:25 -0300] "POST /cormun/servlet/trsolicitudot?251b8614b729cc970cb9135cb44c74ac,gx-no-cache=1534866425503 HTTP/1.1" 200 22407
186.103.159.204 - - [21/Aug/2018:12:48:25 -0300] "GET /cormun/static/Resources/PXToolsGridNext.gif HTTP/1.1" 200 369
186.103.159.204 - - [21/Aug/2018:12:48:25 -0300] "GET /cormun/static/Resources/PXToolsGridLast.gif HTTP/1.1" 200 370
186.103.156.166 - - [21/Aug/2018:12:48:33 -0300] "POST /cormun/servlet/hlogin?f6e7be41ca8466be2357562a92718bf2,gx-no-cache=1534866436791 HTTP/1.1" 200 447
186.103.156.166 - - [21/Aug/2018:12:48:42 -0300] "POST /cormun/servlet/hlogin?f6e7be41ca8466be2357562a92718bf2,gx-no-cache=1534866445760 HTTP/1.1" 200 90
186.103.156.166 - - [21/Aug/2018:12:48:42 -0300] "GET /cormun/servlet/hpexe_link HTTP/1.1" 200 958
186.103.156.166 - - [21/Aug/2018:12:48:42 -0300] "GET /cormun/servlet/trsolicitudot HTTP/1.1" 200 7400
186.103.156.166 - - [21/Aug/2018:12:48:43 -0300] "GET /cormun/servlet/trsolicitudot HTTP/1.1" 200 7399
186.103.156.166 - - [21/Aug/2018:12:48:46 -0300] "GET /cormun/servlet/solicitudot?INS,0,0, HTTP/1.1" 200 13641
186.103.156.166 - - [21/Aug/2018:12:48:47 -0300] "GET /cormun/servlet/solicitudot?INS,0,0, HTTP/1.1" 200 13646
186.103.156.166 - - [21/Aug/2018:12:48:49 -0300] "GET /cormun/servlet/trsolicitudot HTTP/1.1" 200 7400
186.103.156.166 - - [21/Aug/2018:12:48:50 -0300] "GET /cormun/servlet/trsolicitudot HTTP/1.1" 200 7399
186.103.156.166 - - [21/Aug/2018:12:48:52 -0300] "GET /cormun/servlet/trsolicitudot? HTTP/1.1" 200 7399
186.103.156.166 - - [21/Aug/2018:12:48:53 -0300] "GET /cormun/servlet/trsolicitudot? HTTP/1.1" 200 7399
186.103.156.166 - - [21/Aug/2018:12:48:55 -0300] "GET /cormun/servlet/solicitudot?INS,0,0, HTTP/1.1" 200 13641
186.103.156.166 - - [21/Aug/2018:12:48:56 -0300] "GET /cormun/servlet/solicitudot?INS,0,0, HTTP/1.1" 200 13646
186.103.156.166 - - [21/Aug/2018:12:49:01 -0300] "POST /cormun/servlet/solicitudot?gx-no-cache=1534866464584 HTTP/1.1" 200 3443
186.103.156.166 - - [21/Aug/2018:12:49:01 -0300] "POST /cormun/servlet/solicitudot?f6e7be41ca8466be2357562a92718bf2,INS,0,0,,gx-no-cache=1534866465035 HTTP/1.1" 200 10608
186.103.156.166 - - [21/Aug/2018:12:49:19 -0300] "GET /cormun/servlet/solicitudot?8a76907c0f678d8150010a86efdb186bdb142a17b337b7221005ddb4f9b2419fac5602ec14d337c148cac8c29cc5025e,gx-no-cache=1534866482844 HTTP/1.1" 200 30
186.103.156.166 - - [21/Aug/2018:12:49:19 -0300] "GET /cormun/servlet/solicitudot?8a76907c0f678d8150010a86efdb186b857d47ffbd1de59d2309915e1dcfe31571f4ff03c8cebee4b9cb5adbe36f0b85571bc08d0f214ce9a5c8bf8c63cfb148,gx-no-cache=1534866482954 HTTP/1.1" 200 30
186.103.156.166 - - [21/Aug/2018:12:49:19 -0300] "GET /cormun/servlet/solicitudot?8a76907c0f678d8150010a86efdb186bbe3ac4050f63e00a945f669aa9c9b421,gx-no-cache=1534866482982 HTTP/1.1" 200 53
186.103.156.166 - - [21/Aug/2018:12:49:25 -0300] "POST /cormun/servlet/solicitudot?f6e7be41ca8466be2357562a92718bf2,INS,0,0,,gx-no-cache=1534866488895 HTTP/1.1" 200 10709
186.103.156.166 - - [21/Aug/2018:12:49:25 -0300] "GET /cormun/static/Shared/jqueryui/images/ui-bg_highlight-soft_100_c6c2c8_1x100.png HTTP/1.1" 404 1117
186.103.156.166 - - [21/Aug/2018:12:49:25 -0300] "GET /cormun/static/Shared/jqueryui/images/ui-icons_82798d_256x240.png HTTP/1.1" 404 1089
186.103.156.166 - - [21/Aug/2018:12:49:25 -0300] "GET /cormun/static/Shared/jqueryui/images/ui-bg_flat_55_fafafa_40x100.png HTTP/1.1" 404 1097
186.103.156.166 - - [21/Aug/2018:12:49:25 -0300] "GET /cormun/static/Shared/jqueryui/images/ui-icons_8d78a5_256x240.png HTTP/1.1" 404 1089
186.103.157.235 - - [21/Aug/2018:12:49:26 -0300] "GET /cormun/static/Resources/resize.gif HTTP/1.1" 200 77
186.103.157.235 - - [21/Aug/2018:12:49:27 -0300] "GET /cormun/servlet/prbanco?,MD,,gxPopupLevel%3D0%3B HTTP/1.1" 200 6655
186.103.157.235 - - [21/Aug/2018:12:49:27 -0300] "GET /cormun/static/gxcfg.js?20181161016094 HTTP/1.1" 200 953
186.103.157.235 - - [21/Aug/2018:12:49:27 -0300] "GET /cormun/static/Resources/PXToolsMenuSearch.png HTTP/1.1" 200 2914
186.103.157.235 - - [21/Aug/2018:12:49:27 -0300] "GET /cormun/static/Resources/PXToolsMenuSearchCancel.png HTTP/1.1" 200 2972
186.103.157.235 - - [21/Aug/2018:12:49:27 -0300] "GET /cormun/static/menusearch.js?201610171694467 HTTP/1.1" 200 1424
186.103.157.235 - - [21/Aug/2018:12:49:27 -0300] "GET /cormun/static/prbanco.js?2018116101633 HTTP/1.1" 200 10693
186.103.157.235 - - [21/Aug/2018:12:49:27 -0300] "GET /cormun/static/hmpwkw011.js?20177612121862 HTTP/1.1" 200 1968
186.103.156.166 - - [21/Aug/2018:12:49:33 -0300] "GET /cormun/servlet/solicitudot?8a76907c0f678d8150010a86efdb186bdb142a17b337b7221005ddb4f9b2419f814918ab85b8bb0d8c6898031370b9e0,gx-no-cache=1534866497417 HTTP/1.1" 200 30
186.103.156.166 - - [21/Aug/2018:12:49:34 -0300] "GET /cormun/servlet/solicitudot?8a76907c0f678d8150010a86efdb186b857d47ffbd1de59d2309915e1dcfe31571f4ff03c8cebee4b9cb5adbe36f0b853100dbbf0fbfd61003f93af972ff80bd,gx-no-cache=1534866497492 HTTP/1.1" 200 30
186.103.156.166 - - [21/Aug/2018:12:49:34 -0300] "GET /cormun/servlet/solicitudot?8a76907c0f678d8150010a86efdb186be959780407ba109c0919d5042dd4d4645cbb9caf91de9e99e9610c02cb8dc96a67de877cd0d02d3d105a81481e829f1f,gx-no-cache=1534866497551 HTTP/1.1" 200 53
186.103.156.166 - - [21/Aug/2018:12:49:34 -0300] "POST /cormun/servlet/solicitudot?gx-no-cache=1534866497629 HTTP/1.1" 200 240
186.103.156.166 - - [21/Aug/2018:12:49:34 -0300] "GET /cormun/servlet/solicitudot?8a76907c0f678d8150010a86efdb186b14170eb7a90895721a241dd7fa398753803e43d2e012f718aacc28c848232403633822f5efa5e95f43a168cc0d18d2dc3a167923c04758bbd23c23f7be607691b697e76a32b9b9df87127b1e3d25916edfc2e40990ec500820dfda676527ecc1cbb170602357646605154b8a132977e28b7a04aade78f1ce3c0f3f6e23bfeb77c1b7375c41aa4b7ec05015597665af0c9202933a3b72ea32e1096ebd5c14efcb3f47b3f28f1937804a2acdd1325c20d81be817b26d894c13b9a0e3209da7624aa9d79f3a0521f7aac509b263255168ef3ece72b66cb1e84d1f78f99bf355cbb167e69fa876316ffd5a5d643995ef87f7fcf4e808e1e27dd3275b649ee2020e5abcbc0067f43e9619c3fd27a66046eaa5281133331216a08c6fc28dffae387220d132e5fa26a380959e4eb7b1aee1ab0b08e8667e445c456dde1f2edc3ae3b80972c2e9024a1cfd3ca91da806b8079d6fc357481a71a56423d8c82d5bcaea924056fd7e12ad59fe5331c9f222f3ae7947,gx-no-cache=1534866497702 HTTP/1.1" 200 30
186.103.157.235 - - [21/Aug/2018:12:49:34 -0300] "GET /cormun/servlet/solicitudot?b5d16d380012009bb8944cd1f8322831e51a06662890acae529a3540d13a7d840f2e887fe655b3b054909112616a0e5d509f0ae757bbed1266db6336f1db4a43,gx-no-cache=1534866499463 HTTP/1.1" 200 30
186.103.157.235 - - [21/Aug/2018:12:49:35 -0300] "GET /cormun/servlet/solicitudot?b5d16d380012009bb8944cd1f8322831fe264cec0f0ea737101f3bb8d436185c,gx-no-cache=1534866500923 HTTP/1.1" 200 51
186.103.156.166 - - [21/Aug/2018:12:49:36 -0300] "POST /cormun/servlet/solicitudot?gx-no-cache=1534866500053 HTTP/1.1" 200 30
192.168.10.60 - - [21/Aug/2018:12:49:39 -0300] "GET /cormun/servlet/hlogin HTTP/1.1" 200 1727
192.168.10.60 - - [21/Aug/2018:12:49:39 -0300] "GET /cormun/servlet/hlogin HTTP/1.1" 200 1733
186.103.157.235 - - [21/Aug/2018:12:49:39 -0300] "POST /cormun/servlet/solicitudot?497133ccd838f8b2439d469aa6be1623,INS,0,0,,gx-no-cache=1534866504319 HTTP/1.1" 200 10682
186.103.157.235 - - [21/Aug/2018:12:49:40 -0300] "GET /cormun/static/Shared/jqueryui/images/ui-icons_82798d_256x240.png HTTP/1.1" 404 1089
186.103.157.235 - - [21/Aug/2018:12:49:40 -0300] "GET /cormun/static/Shared/jqueryui/images/ui-bg_highlight-soft_100_c6c2c8_1x100.png HTTP/1.1" 404 1117
186.103.157.235 - - [21/Aug/2018:12:49:40 -0300] "GET /cormun/static/Shared/jqueryui/images/ui-bg_flat_55_fafafa_40x100.png HTTP/1.1" 404 1097
186.103.157.235 - - [21/Aug/2018:12:49:40 -0300] "GET /cormun/static/Shared/jqueryui/images/ui-icons_8d78a5_256x240.png HTTP/1.1" 404 1089
186.103.157.235 - - [21/Aug/2018:12:49:42 -0300] "GET /cormun/servlet/solicitudot?b5d16d380012009bb8944cd1f83228311e862c3223a15f9b2bd1c0c81cb34231b97a23e50ca27fad4278f2c1e0ee2a6e7c986ae9cfc06fb1f0d515cb45ede2c4,gx-no-cache=1534866507217 HTTP/1.1" 200 51
186.103.157.235 - - [21/Aug/2018:12:49:45 -0300] "POST /cormun/servlet/solicitudot?gx-no-cache=1534866509802 HTTP/1.1" 200 255
186.103.156.166 - - [21/Aug/2018:12:49:47 -0300] "GET /cormun/servlet/prfichaempleado?,MD,,gxPopupLevel%3D0%3B HTTP/1.1" 200 9329
186.103.157.235 - - [21/Aug/2018:12:49:47 -0300] "GET /cormun/servlet/solicitudot?b5d16d380012009bb8944cd1f8322831e617dcf8dce64cfc26ffba5713d2d9145aee33787ea63fbaf79b22ff0009c48c60da8defe4857b1b6156500721307a7dafc6a599e18a36b981cdb4a29aa9a16cf5dc64e0e2e1462c7783d07eaf53bb2b93998b91acacf648a9c81624c0ef75b4f1e480f3f01bd59fcd2be129e1444ce042f5d1b71583efa72d27fef36660c61a0ece74114bfe258955483d44b15825716042a409d764499f317d6792aee1063c5130ce87b7826b0648816f70541f03a24ad99d84aa77ab50b6db524b897205ae805ab28b828d192307c2b433ec56312d5be028aafecf2de5c47772bb2ef74fd1d4de7e97a56359d3fe52fb24bd76739ca939d92ddc8e9d3c3bd5387943bc55203eb1d46fbeba4f2d62d8d92fd0fa93b461e51a95d0b87b929b602917758a448b509bddb8cdc186413c3ae422b18a46f794018147076dc32565ef751da50df01dd05adca1501be258c487fcb33caa170c9317f59ea5d40d75a922bf1332a73763578dadc8305f54ed806fe35398bc1572,gx-no-cache=1534866512157 HTTP/1.1" 200 30
186.103.157.235 - - [21/Aug/2018:12:49:52 -0300] "POST /cormun/servlet/solicitudot?gx-no-cache=1534866515962 HTTP/1.1" 200 30
192.168.10.60 - - [21/Aug/2018:12:49:52 -0300] "POST /cormun/servlet/hlogin?03684c6536abfea649fdfde794d220ca,gx-no-cache=1534866371333 HTTP/1.1" 200 90
192.168.10.60 - - [21/Aug/2018:12:49:52 -0300] "GET /cormun/servlet/hpexe_link HTTP/1.1" 200 952
192.168.10.60 - - [21/Aug/2018:12:49:52 -0300] "GET /cormun/servlet/hhome HTTP/1.1" 200 3800
192.168.10.60 - - [21/Aug/2018:12:49:53 -0300] "GET /cormun/servlet/hhome HTTP/1.1" 200 3797
192.168.10.60 - - [21/Aug/2018:12:49:56 -0300] "GET /cormun/servlet/trsolicitudgral? HTTP/1.1" 200 24130
186.103.157.235 - - [21/Aug/2018:12:49:57 -0300] "POST /cormun/servlet/solicitudot?gx-no-cache=1534866522561 HTTP/1.1" 200 238
192.168.10.60 - - [21/Aug/2018:12:49:57 -0300] "GET /cormun/servlet/trsolicitudgral? HTTP/1.1" 200 24128
186.103.156.166 - - [21/Aug/2018:12:49:59 -0300] "POST /cormun/servlet/prfichaempleado?f6e7be41ca8466be2357562a92718bf2,,MD,,gxPopupLevel%3D0%3B,gx-no-cache=1534866522726 HTTP/1.1" 200 3471
186.103.157.235 - - [21/Aug/2018:12:49:59 -0300] "GET /cormun/servlet/solicitudot?b5d16d380012009bb8944cd1f8322831e617dcf8dce64cfc26ffba5713d2d914b1748477dda3fe70ba0d24f1cf70667860da8defe4857b1b6156500721307a7dafc6a599e18a36b981cdb4a29aa9a16cf5dc64e0e2e1462c7783d07eaf53bb2b93998b91acacf648a9c81624c0ef75b4f1e480f3f01bd59fcd2be129e1444ce042f5d1b71583efa72d27fef36660c61a0ece74114bfe258955483d44b15825716042a409d764499f317d6792aee1063c5130ce87b7826b0648816f70541f03a24ad99d84aa77ab50b6db524b897205ae805ab28b828d192307c2b433ec56312d5be028aafecf2de5c47772bb2ef74fd1d4de7e97a56359d3fe52fb24bd76739ca939d92ddc8e9d3c3bd5387943bc5520069b9d2e4cc563d96ff5bf49b5507ea5b83516e95ade157d36f4df2a220a4f5a79766ddaf978d0ba722705ce03b7556082ed60fda4e7b9e24c765c2f8ae0df6d29e67e9172447f2f37f1c9600eb16ea496fd35fd22363ecbb995b34f980feda8b8f15c44f2d04fdb5c763d7661db230f,gx-no-cache=1534866524544 HTTP/1.1" 200 30
186.103.157.235 - - [21/Aug/2018:12:50:02 -0300] "POST /cormun/servlet/solicitudot?gx-no-cache=1534866527601 HTTP/1.1" 200 30
186.103.156.166 - - [21/Aug/2018:12:50:07 -0300] "POST /cormun/servlet/solicitudot?gx-no-cache=1534866531265 HTTP/1.1" 200 1376
186.103.156.166 - - [21/Aug/2018:12:50:07 -0300] "GET /cormun/static/menuarrow.gif HTTP/1.1" 404 1015
186.103.157.235 - - [21/Aug/2018:12:50:09 -0300] "GET /cormun/servlet/prfichaempleado?,MD,,gxPopupLevel%3D0%3B HTTP/1.1" 200 9380
186.103.157.235 - - [21/Aug/2018:12:50:09 -0300] "GET /cormun/static/gxcfg.js?20177612134814 HTTP/1.1" 200 953
186.103.156.166 - - [21/Aug/2018:12:50:09 -0300] "GET /cormun/servlet/prlicenciaspermisos?17503733,L,,MD,,gxPopupLevel%3D0%3B HTTP/1.1" 200 6088
186.103.157.235 - - [21/Aug/2018:12:50:15 -0300] "GET /cormun/static/prfichaempleado.js?20177612134999 HTTP/1.1" 200 16006
192.168.10.60 - - [21/Aug/2018:12:50:17 -0300] "POST /cormun/servlet/trsolicitudgral?03684c6536abfea649fdfde794d220ca,,gx-no-cache=1534866396039 HTTP/1.1" 200 20864
192.168.10.60 - - [21/Aug/2018:12:50:18 -0300] "GET /cormun/static/Shared/jqueryui/images/ui-bg_highlight-soft_100_c6c2c8_1x100.png HTTP/1.1" 404 1117
192.168.10.60 - - [21/Aug/2018:12:50:18 -0300] "GET /cormun/static/Shared/jqueryui/images/ui-icons_82798d_256x240.png HTTP/1.1" 404 1089
192.168.10.60 - - [21/Aug/2018:12:50:18 -0300] "GET /cormun/static/Shared/jqueryui/images/ui-bg_flat_55_fafafa_40x100.png HTTP/1.1" 404 1097
192.168.10.60 - - [21/Aug/2018:12:50:18 -0300] "GET /cormun/static/Shared/jqueryui/images/ui-icons_8d78a5_256x240.png HTTP/1.1" 404 1089
186.103.156.166 - - [21/Aug/2018:12:50:26 -0300] "POST /cormun/servlet/solicitudot?gx-no-cache=1534866550339 HTTP/1.1" 200 41
186.103.156.166 - - [21/Aug/2018:12:50:32 -0300] "GET /cormun/servlet/solicitudot?8a76907c0f678d8150010a86efdb186bcc93c83711a8c337310e1246b4771fb151f9ca0db0b887f73caba2154fdf409f7e0c0f10461fdb530f0f75f78f8c780e3c7dd173f83e9303bc78b02b272437b89d07d4602ed849cb54f4212eafd888a6fe5d34161a751e41546b4b3311b62390604996156a988fc4eab49e27d9b073f59d5dcae74850e86172089a16f9526d4881a6e56c1d5eaa9c80b935125bb0385a,gx-no-cache=1534866556058 HTTP/1.1" 200 29
186.103.156.166 - - [21/Aug/2018:12:50:32 -0300] "POST /cormun/servlet/solicitudot?gx-no-cache=1534866556126 HTTP/1.1" 200 1356
186.103.156.166 - - [21/Aug/2018:12:50:32 -0300] "POST /cormun/servlet/solicitudot?gx-no-cache=1534866556174 HTTP/1.1" 200 1258
186.103.157.235 - - [21/Aug/2018:12:50:37 -0300] "GET /cormun/servlet/trsolicitudot? HTTP/1.1" 200 7432
186.103.157.235 - - [21/Aug/2018:12:50:38 -0300] "GET /cormun/servlet/trsolicitudot? HTTP/1.1" 200 7432
186.103.157.235 - - [21/Aug/2018:12:50:39 -0300] "POST /cormun/servlet/prfichaempleado?497133ccd838f8b2439d469aa6be1623,,MD,,gxPopupLevel%3D0%3B,gx-no-cache=1534866548932 HTTP/1.1" 200 3741
186.103.157.235 - - [21/Aug/2018:12:50:41 -0300] "GET /cormun/servlet/solicitudot?INS,0,0, HTTP/1.1" 200 13683
186.103.157.235 - - [21/Aug/2018:12:50:42 -0300] "GET /cormun/servlet/solicitudot?INS,0,0, HTTP/1.1" 200 13689
186.103.157.235 - - [21/Aug/2018:12:50:58 -0300] "POST /cormun/servlet/solicitudot?gx-no-cache=1534866574695 HTTP/1.1" 200 3308
186.103.157.235 - - [21/Aug/2018:12:51:03 -0300] "POST /cormun/servlet/solicitudot?497133ccd838f8b2439d469aa6be1623,INS,0,0,,gx-no-cache=1534866584822 HTTP/1.1" 200 10475
200.54.247.70 - - [21/Aug/2018:12:51:04 -0300] "GET /cormun/servlet/hlogin HTTP/1.1" 200 1725
186.103.157.235 - - [21/Aug/2018:12:51:06 -0300] "GET /cormun/servlet/solicitudot?b5d16d380012009bb8944cd1f8322831df14e4ee2247bb804ba2f1cb3b4a539c,gx-no-cache=1534866591092 HTTP/1.1" 200 111
186.103.157.235 - - [21/Aug/2018:12:51:08 -0300] "GET /cormun/servlet/solicitudot?INS,0,0, HTTP/1.1" 200 13684
186.103.157.235 - - [21/Aug/2018:12:51:09 -0300] "GET /cormun/static/Shared/jqueryui/images/ui-bg_highlight-soft_100_c6c2c8_1x100.png HTTP/1.1" 404 1117
186.103.157.235 - - [21/Aug/2018:12:51:09 -0300] "GET /cormun/static/Shared/jqueryui/images/ui-icons_82798d_256x240.png HTTP/1.1" 404 1089
186.103.157.235 - - [21/Aug/2018:12:51:09 -0300] "GET /cormun/static/Shared/jqueryui/images/ui-bg_flat_55_994d53_40x100.png HTTP/1.1" 404 1097
186.103.157.235 - - [21/Aug/2018:12:51:09 -0300] "GET /cormun/static/Shared/jqueryui/images/ui-icons_ebccce_256x240.png HTTP/1.1" 404 1089
186.103.157.235 - - [21/Aug/2018:12:51:09 -0300] "GET /cormun/servlet/solicitudot?b5d16d380012009bb8944cd1f8322831edc293d424c901ea04312550d98c3775,gx-no-cache=1534866594501 HTTP/1.1" 200 94
186.103.157.235 - - [21/Aug/2018:12:51:10 -0300] "GET /cormun/servlet/solicitudot?b5d16d380012009bb8944cd1f8322831a0c924f161325b52438933276c9a0786,gx-no-cache=1534866595001 HTTP/1.1" 200 29
200.54.247.70 - - [21/Aug/2018:12:51:11 -0300] "POST /cormun/servlet/hlogin?18c2324c0ddb2570de7b601c0db8863c,gx-no-cache=1534866595490 HTTP/1.1" 200 90
200.54.247.70 - - [21/Aug/2018:12:51:12 -0300] "GET /cormun/servlet/hpexe_link HTTP/1.1" 200 949
186.103.156.166 - - [21/Aug/2018:12:51:12 -0300] "GET /cormun/servlet/solicitudot?8a76907c0f678d8150010a86efdb186be2e5973e3e977d7d7cdd73478c340017e2074023fe09998d062f7cf20d47e7a5,gx-no-cache=1534866596195 HTTP/1.1" 200 30
186.103.156.166 - - [21/Aug/2018:12:51:12 -0300] "POST /cormun/servlet/solicitudot?gx-no-cache=1534866596312 HTTP/1.1" 200 34
200.54.247.70 - - [21/Aug/2018:12:51:12 -0300] "GET /cormun/servlet/hhome HTTP/1.1" 200 4233
200.54.247.70 - - [21/Aug/2018:12:51:13 -0300] "GET /cormun/servlet/hhome HTTP/1.1" 200 4229
186.103.157.235 - - [21/Aug/2018:12:51:15 -0300] "GET /cormun/servlet/solicitudot?INS,0,0, HTTP/1.1" 200 13689
186.103.157.235 - - [21/Aug/2018:12:51:15 -0300] "GET /favicon.ico HTTP/1.1" 200 21630
200.54.247.70 - - [21/Aug/2018:12:51:19 -0300] "GET /cormun/servlet/trlicencias? HTTP/1.1" 200 17848
186.103.157.235 - - [21/Aug/2018:12:51:19 -0300] "POST /cormun/servlet/solicitudot?gx-no-cache=1534866604658 HTTP/1.1" 200 3308
200.54.247.70 - - [21/Aug/2018:12:51:20 -0300] "GET /cormun/servlet/trlicencias? HTTP/1.1" 200 17884
186.103.157.235 - - [21/Aug/2018:12:51:20 -0300] "POST /cormun/servlet/solicitudot?497133ccd838f8b2439d469aa6be1623,INS,0,0,,gx-no-cache=1534866604827 HTTP/1.1" 200 10480
186.103.157.235 - - [21/Aug/2018:12:51:25 -0300] "GET /cormun/servlet/solicitudot?b5d16d380012009bb8944cd1f8322831fbadbc216d9baeec865bb3d9772fe91b7152889f9f19a0574575b332c78db61a,gx-no-cache=1534866610196 HTTP/1.1" 200 30
200.54.247.70 - - [21/Aug/2018:12:51:37 -0300] "GET /cormun/servlet/trlicencias? HTTP/1.1" 200 17860
200.54.247.70 - - [21/Aug/2018:12:51:38 -0300] "GET /cormun/servlet/trlicencias? HTTP/1.1" 200 17886
186.103.156.166 - - [21/Aug/2018:12:52:03 -0300] "POST /cormun/servlet/solicitudot?f6e7be41ca8466be2357562a92718bf2,INS,0,0,,gx-no-cache=1534866646285 HTTP/1.1" 200 93
186.103.156.166 - - [21/Aug/2018:12:52:03 -0300] "GET /cormun/servlet/hpexe_return? HTTP/1.1" 200 1009
186.103.156.166 - - [21/Aug/2018:12:52:03 -0300] "GET /cormun/servlet/trsolicitudot HTTP/1.1" 200 8859
186.103.156.166 - - [21/Aug/2018:12:52:04 -0300] "GET /cormun//static/Resources/PXToolsActionView.png HTTP/1.1" 200 2995
186.103.156.166 - - [21/Aug/2018:12:52:04 -0300] "GET /cormun//static/Resources/PXToolsGridUpdate.png HTTP/1.1" 200 2984
186.103.156.166 - - [21/Aug/2018:12:52:04 -0300] "GET /cormun//static/Resources/PXToolsGridDelete.png HTTP/1.1" 200 357
186.103.156.166 - - [21/Aug/2018:12:52:04 -0300] "GET /cormun//static/Resources/PXToolsRemoveAllAction.png HTTP/1.1" 200 3558
186.103.156.166 - - [21/Aug/2018:12:52:04 -0300] "GET /cormun//static/Resources/PXTools/ActionInsert.png HTTP/1.1" 200 1482
186.103.156.166 - - [21/Aug/2018:12:52:04 -0300] "GET /cormun/servlet/trsolicitudot HTTP/1.1" 200 8855
186.103.156.166 - - [21/Aug/2018:12:52:32 -0300] "POST /cormun/servlet/trsolicitudot?f6e7be41ca8466be2357562a92718bf2,gx-no-cache=1534866676071 HTTP/1.1" 200 107
186.103.156.166 - - [21/Aug/2018:12:52:32 -0300] "GET /cormun/servlet/trsolicitudadjuntos?2018,12058, HTTP/1.1" 200 6278
186.103.156.166 - - [21/Aug/2018:12:52:33 -0300] "GET /cormun/static/gxcfg.js?20177612135366 HTTP/1.1" 200 953
186.103.156.166 - - [21/Aug/2018:12:52:33 -0300] "GET /cormun/static/trsolicitudadjuntos.js?20177612135632 HTTP/1.1" 200 17922
186.103.156.166 - - [21/Aug/2018:12:52:33 -0300] "GET /cormun/servlet/trsolicitudadjuntos?2018,12058, HTTP/1.1" 200 6278
186.103.157.235 - - [21/Aug/2018:12:52:34 -0300] "GET /cormun/servlet/prbanco?,MD,,gxPopupLevel%3D0%3B HTTP/1.1" 200 6655
186.103.156.166 - - [21/Aug/2018:12:52:37 -0300] "GET /cormun/servlet/solicitudotadjuntos?INS,2018,12058,,1, HTTP/1.1" 200 6226
186.103.156.166 - - [21/Aug/2018:12:52:37 -0300] "GET /cormun/static/gxcfg.js?2017761244068 HTTP/1.1" 304 -
186.103.157.235 - - [21/Aug/2018:12:52:37 -0300] "GET /cormun/servlet/solicitudot?b5d16d380012009bb8944cd1f8322831e51a06662890acae529a3540d13a7d840f2e887fe655b3b054909112616a0e5d509f0ae757bbed1266db6336f1db4a43,gx-no-cache=1534866682840 HTTP/1.1" 200 30
186.103.156.166 - - [21/Aug/2018:12:52:38 -0300] "GET /cormun/static/about:blank HTTP/1.1" 404 1011
186.103.156.166 - - [21/Aug/2018:12:52:38 -0300] "GET /cormun/servlet/solicitudotadjuntos?INS,2018,12058,,1, HTTP/1.1" 200 6220
186.103.157.235 - - [21/Aug/2018:12:52:38 -0300] "GET /cormun/servlet/solicitudot?b5d16d380012009bb8944cd1f8322831fe264cec0f0ea737101f3bb8d436185c,gx-no-cache=1534866683815 HTTP/1.1" 200 51
186.103.156.166 - - [21/Aug/2018:12:52:39 -0300] "GET /cormun/servlet/solicitudotadjuntos?8a76907c0f678d8150010a86efdb186b7e8a3cd08547b282e5d74ad7bcf5c443386f0018c200829141643e4d544acf8f,gx-no-cache=1534866682634 HTTP/1.1" 200 30
186.103.156.166 - - [21/Aug/2018:12:52:39 -0300] "POST /cormun/servlet/solicitudotadjuntos?f6e7be41ca8466be2357562a92718bf2,INS,2018,12058,,1,,gx-no-cache=1534866682725 HTTP/1.1" 200 4013
186.103.156.166 - - [21/Aug/2018:12:52:41 -0300] "POST /cormun/servlet/solicitudotadjuntos?gx-no-cache=1534866685255 HTTP/1.1" 200 26
186.103.157.235 - - [21/Aug/2018:12:52:49 -0300] "POST /cormun/servlet/solicitudot?497133ccd838f8b2439d469aa6be1623,INS,0,0,,gx-no-cache=1534866687398 HTTP/1.1" 200 10685
186.103.157.235 - - [21/Aug/2018:12:52:50 -0300] "GET /cormun/static/Shared/jqueryui/images/ui-bg_flat_55_fafafa_40x100.png HTTP/1.1" 404 1097
186.103.157.235 - - [21/Aug/2018:12:52:50 -0300] "GET /cormun/static/Shared/jqueryui/images/ui-icons_82798d_256x240.png HTTP/1.1" 404 1089
186.103.157.235 - - [21/Aug/2018:12:52:50 -0300] "GET /cormun/static/Shared/jqueryui/images/ui-icons_8d78a5_256x240.png HTTP/1.1" 404 1089
186.103.156.166 - - [21/Aug/2018:12:52:55 -0300] "GET /cormun/servlet/solicitudotadjuntos?8a76907c0f678d8150010a86efdb186b0e686f36379d08f1fed82a886924dc02,gx-no-cache=1534866698922 HTTP/1.1" 200 30
186.103.156.166 - - [21/Aug/2018:12:52:55 -0300] "GET /cormun/servlet/solicitudotadjuntos?8a76907c0f678d8150010a86efdb186b0e686f36379d08f1fed82a886924dc02,gx-no-cache=1534866699023 HTTP/1.1" 200 30
186.103.156.166 - - [21/Aug/2018:12:52:56 -0300] "POST /cormun/servlet/solicitudotadjuntos?f6e7be41ca8466be2357562a92718bf2,INS,2018,12058,,1, HTTP/1.1" 200 116
186.103.157.235 - - [21/Aug/2018:12:52:56 -0300] "GET /cormun/static/Shared/jqueryui/images/ui-bg_highlight-soft_100_c6c2c8_1x100.png HTTP/1.1" 404 1117
186.103.156.166 - - [21/Aug/2018:12:52:57 -0300] "GET /cormun/servlet/hpexe_return? HTTP/1.1" 200 1028
186.103.156.166 - - [21/Aug/2018:12:52:57 -0300] "GET /cormun/servlet/trsolicitudadjuntos?2018,12058, HTTP/1.1" 200 8837
186.103.156.166 - - [21/Aug/2018:12:52:58 -0300] "GET /cormun/servlet/trsolicitudadjuntos?2018,12058, HTTP/1.1" 200 8829
186.103.157.235 - - [21/Aug/2018:12:52:58 -0300] "GET /cormun/servlet/solicitudot?b5d16d380012009bb8944cd1f83228311e862c3223a15f9b2bd1c0c81cb34231b97a23e50ca27fad4278f2c1e0ee2a6e7c986ae9cfc06fb1f0d515cb45ede2c4,gx-no-cache=1534866698534 HTTP/1.1" 200 51
186.103.156.166 - - [21/Aug/2018:12:53:03 -0300] "GET /cormun/servlet/solicitudotadjuntos?INS,2018,12058,,1, HTTP/1.1" 200 6227
186.103.156.166 - - [21/Aug/2018:12:53:03 -0300] "GET /cormun/static/about:blank HTTP/1.1" 404 1011
186.103.156.166 - - [21/Aug/2018:12:53:03 -0300] "GET /cormun/servlet/solicitudotadjuntos?INS,2018,12058,,1, HTTP/1.1" 200 6221
186.103.156.166 - - [21/Aug/2018:12:53:04 -0300] "GET /cormun/servlet/solicitudotadjuntos?8a76907c0f678d8150010a86efdb186b7e8a3cd08547b282e5d74ad7bcf5c443386f0018c200829141643e4d544acf8f,gx-no-cache=1534866707951 HTTP/1.1" 200 30
