186.103.159.46 - - [20/Aug/2018:11:10:57 -0300] "GET /cormun/static/Shared/jqueryui/images/ui-icons_8d78a5_256x240.png HTTP/1.1" 404 1089
186.103.159.46 - - [20/Aug/2018:11:11:00 -0300] "POST /cormun/servlet/trlicencias?e78e4f3deb5bffdbd6edca59a81d75aa,gx-no-cache=1534774184234 HTTP/1.1" 200 6944
186.103.159.46 - - [20/Aug/2018:11:11:03 -0300] "POST /cormun/servlet/trlicencias?e78e4f3deb5bffdbd6edca59a81d75aa,gx-no-cache=1534774187074 HTTP/1.1" 200 6907
186.103.159.46 - - [20/Aug/2018:11:11:10 -0300] "POST /cormun/servlet/trlicencias?e78e4f3deb5bffdbd6edca59a81d75aa,gx-no-cache=1534774193648 HTTP/1.1" 200 4013
186.103.159.46 - - [20/Aug/2018:11:11:13 -0300] "POST /cormun/servlet/trlicencias?e78e4f3deb5bffdbd6edca59a81d75aa,gx-no-cache=1534774197013 HTTP/1.1" 200 4011
186.103.159.46 - - [20/Aug/2018:11:11:17 -0300] "POST /cormun/servlet/trlicencias?e78e4f3deb5bffdbd6edca59a81d75aa,gx-no-cache=1534774200728 HTTP/1.1" 200 4013
186.103.159.46 - - [20/Aug/2018:11:11:20 -0300] "POST /cormun/servlet/trlicencias?e78e4f3deb5bffdbd6edca59a81d75aa,gx-no-cache=1534774204200 HTTP/1.1" 200 4012
186.103.159.46 - - [20/Aug/2018:11:11:24 -0300] "POST /cormun/servlet/trlicencias?e78e4f3deb5bffdbd6edca59a81d75aa,gx-no-cache=1534774207849 HTTP/1.1" 200 6356
200.54.247.70 - - [20/Aug/2018:11:11:26 -0300] "POST /cormun/servlet/trautorizarsolicitud?108e835b4d0ff15404be9190d64af566,,gx-no-cache=1534774209776 HTTP/1.1" 200 11252
186.103.159.46 - - [20/Aug/2018:11:11:38 -0300] "POST /cormun/servlet/trlicencias?e78e4f3deb5bffdbd6edca59a81d75aa,gx-no-cache=1534774221837 HTTP/1.1" 200 6925
186.103.159.46 - - [20/Aug/2018:11:13:56 -0300] "GET /cormun/servlet/trautorizarpermisogoce? HTTP/1.1" 200 11366
186.103.159.46 - - [20/Aug/2018:11:13:56 -0300] "GET /cormun/static/gxcfg.js?20177612165975 HTTP/1.1" 200 953
186.103.159.46 - - [20/Aug/2018:11:13:56 -0300] "GET /cormun/static/trautorizarpermisogoce.js?2017761217384 HTTP/1.1" 200 34948
186.103.159.46 - - [20/Aug/2018:11:13:57 -0300] "GET /cormun/servlet/trautorizarpermisogoce? HTTP/1.1" 200 11367
186.103.159.46 - - [20/Aug/2018:11:14:32 -0300] "POST /cormun/servlet/trautorizarpermisogoce?e78e4f3deb5bffdbd6edca59a81d75aa,,gx-no-cache=1534774395444 HTTP/1.1" 200 8405
186.103.159.46 - - [20/Aug/2018:11:14:32 -0300] "GET /cormun/static/Shared/jqueryui/images/ui-bg_highlight-soft_100_c6c2c8_1x100.png HTTP/1.1" 404 1117
186.103.159.46 - - [20/Aug/2018:11:14:32 -0300] "GET /cormun/static/Shared/jqueryui/images/ui-icons_82798d_256x240.png HTTP/1.1" 404 1089
186.103.159.46 - - [20/Aug/2018:11:14:32 -0300] "GET /cormun/static/Shared/jqueryui/images/ui-bg_flat_55_fafafa_40x100.png HTTP/1.1" 404 1097
186.103.159.46 - - [20/Aug/2018:11:14:32 -0300] "GET /cormun/static/Shared/jqueryui/images/ui-icons_8d78a5_256x240.png HTTP/1.1" 404 1089
186.103.159.46 - - [20/Aug/2018:11:15:51 -0300] "POST /cormun/servlet/trautorizarpermisogoce?e78e4f3deb5bffdbd6edca59a81d75aa,,gx-no-cache=1534774474753 HTTP/1.1" 200 8184
186.103.159.46 - - [20/Aug/2018:11:15:57 -0300] "POST /cormun/servlet/trautorizarpermisogoce?e78e4f3deb5bffdbd6edca59a81d75aa,,gx-no-cache=1534774480960 HTTP/1.1" 200 7948
186.103.159.46 - - [20/Aug/2018:11:16:18 -0300] "POST /cormun/servlet/trautorizarpermisogoce?e78e4f3deb5bffdbd6edca59a81d75aa,,gx-no-cache=1534774501321 HTTP/1.1" 200 7721
201.215.248.34 - - [20/Aug/2018:11:16:57 -0300] "GET /cormun/servlet/hlogin HTTP/1.1" 200 1716
201.215.248.34 - - [20/Aug/2018:11:17:07 -0300] "POST /cormun/servlet/hlogin?767871f069af8cedb185e39a51ae5226,gx-no-cache=1534774551792 HTTP/1.1" 200 90
201.215.248.34 - - [20/Aug/2018:11:17:08 -0300] "GET /cormun/servlet/hpexe_link HTTP/1.1" 200 945
201.215.248.34 - - [20/Aug/2018:11:17:08 -0300] "GET /cormun/servlet/hhome HTTP/1.1" 200 4229
201.215.248.34 - - [20/Aug/2018:11:17:08 -0300] "GET /cormun/servlet/hhome HTTP/1.1" 200 4225
201.215.248.34 - - [20/Aug/2018:11:17:35 -0300] "GET /cormun/servlet/trlicencias? HTTP/1.1" 200 13856
201.215.248.34 - - [20/Aug/2018:11:17:35 -0300] "GET /cormun/servlet/trlicencias? HTTP/1.1" 200 13853
201.215.248.34 - - [20/Aug/2018:11:22:34 -0300] "GET /cormun/servlet/trlicencias? HTTP/1.1" 200 13855
201.215.248.34 - - [20/Aug/2018:11:22:35 -0300] "GET /cormun/servlet/trlicencias? HTTP/1.1" 200 13855
186.79.158.213 - - [20/Aug/2018:11:22:38 -0300] "GET /cormun/servlet/licenciaspermisos?INS,0,,, HTTP/1.1" 200 7764
186.79.158.213 - - [20/Aug/2018:11:22:39 -0300] "GET /cormun/servlet/licenciaspermisos?INS,0,,, HTTP/1.1" 200 7772
186.79.158.213 - - [20/Aug/2018:11:23:19 -0300] "GET /cormun/servlet/licenciaspermisos?1922023c9a374e7439b30233a0569628b384ac704d2ddc39a65e46cdbe40bdd633ba1fa9505ede9a66e4ec820720dff7,gx-no-cache=1534774923168 HTTP/1.1" 200 76
186.79.158.213 - - [20/Aug/2018:11:23:19 -0300] "POST /cormun/servlet/licenciaspermisos?767871f069af8cedb185e39a51ae5226,INS,0,,,,gx-no-cache=1534774923284 HTTP/1.1" 200 4873
201.215.248.34 - - [20/Aug/2018:11:23:47 -0300] "GET /cormun/static/menuarrow.gif HTTP/1.1" 404 1015
186.103.159.46 - - [20/Aug/2018:11:24:46 -0300] "POST /cormun/servlet/trautorizarpermisogoce?e78e4f3deb5bffdbd6edca59a81d75aa,,gx-no-cache=1534775010063 HTTP/1.1" 200 7482
186.67.172.234 - - [20/Aug/2018:11:25:30 -0300] "GET /cormun/servlet/hlogin HTTP/1.1" 200 1738
186.103.159.46 - - [20/Aug/2018:11:25:31 -0300] "POST /cormun/servlet/trautorizarpermisogoce?e78e4f3deb5bffdbd6edca59a81d75aa,,gx-no-cache=1534775054328 HTTP/1.1" 200 7306
200.54.247.70 - - [20/Aug/2018:11:25:43 -0300] "POST /cormun/servlet/trautorizarsolicitud?108e835b4d0ff15404be9190d64af566,,gx-no-cache=1534775067125 HTTP/1.1" 200 11253
186.79.158.213 - - [20/Aug/2018:11:26:34 -0300] "GET /cormun/servlet/licenciaspermisos?1922023c9a374e7439b30233a0569628f391e9d0af4eb1591917560b7e2620c441ba7495d3d35ead92903e9a9db60655fbeda6ba118a327ea1084f5bbff182bca5be4da8f78c3170eee2e26738580809e957c9456c380fe577b18faefbecef8059a77bf26194ae49c5e9982e7193a9da798f6055ca67366cd9f3e3862817b0a0cf1e6555008b8f42e442137f055d724ca3b1e4a6659aa41f6da3db1adfead6f51cacb35aac034624492912e603326d47eb0ade5ad4485c155ffc0aa4221450848262dd04d6f434ed257ff1ff6a7331d7777c17a574f988932c0080fbabe421d0,gx-no-cache=1534775118004 HTTP/1.1" 200 30
186.79.158.213 - - [20/Aug/2018:11:26:34 -0300] "GET /cormun/servlet/licenciaspermisos?1922023c9a374e7439b30233a056962811a0a52aaafd115454ec1a15d58a44139f154560217e06b7920a7c8aa6dbdda0291df69089b522343622863d6d4a19cc60d7e3cdc20ef11ed769567b1ba7b24b0cb822ee291c9f489f355c7b63362918ed0de93aaecb32a56d45c1dcf1227251475cf4fc0528072086e1d5b06cefd51df281e49c12b23828c2ddaf4c797222404067ba9391762dfdc61c540e7a72183305cae4bb243938fdb5ca092bde0ce6f5fb9a00a0dc40eb7d4aa310febae8e2f175aa8574865e13df44da7116355f1fc5d02c30bddcfe128a4b8476f678530e81,gx-no-cache=1534775118292 HTTP/1.1" 200 29
186.79.158.213 - - [20/Aug/2018:11:26:35 -0300] "POST /cormun/servlet/licenciaspermisos?767871f069af8cedb185e39a51ae5226,INS,0,,,,gx-no-cache=1534775118448 HTTP/1.1" 200 93
186.79.158.213 - - [20/Aug/2018:11:26:35 -0300] "GET /cormun/servlet/hpexe_return? HTTP/1.1" 200 1006
201.215.248.34 - - [20/Aug/2018:11:26:35 -0300] "GET /cormun/static/gxcfg.js?2016101716175148 HTTP/1.1" 200 953
201.215.248.34 - - [20/Aug/2018:11:26:35 -0300] "GET /cormun/static/hpexe_return.js?2016101716175153 HTTP/1.1" 200 1633
186.79.158.213 - - [20/Aug/2018:11:26:35 -0300] "GET /cormun/static/Resources/Spanish/PXTools.css?167811 HTTP/1.1" 200 89042
186.79.158.213 - - [20/Aug/2018:11:26:36 -0300] "GET /cormun/servlet/trlicencias HTTP/1.1" 200 14176
201.215.248.34 - - [20/Aug/2018:11:26:36 -0300] "GET /cormun//static/Resources/PXToolsGridDelete.png HTTP/1.1" 200 357
201.215.248.34 - - [20/Aug/2018:11:26:36 -0300] "GET /cormun//static/Resources/PXToolsGridUpdate.png HTTP/1.1" 200 2984
186.79.158.213 - - [20/Aug/2018:11:26:36 -0300] "GET /cormun/servlet/trlicencias HTTP/1.1" 200 14172
201.215.248.34 - - [20/Aug/2018:11:26:43 -0300] "GET /cormun/servlet/trlicenciaspermisosadjuntos?16792393,20180820000000,L, HTTP/1.1" 200 6577
201.215.248.34 - - [20/Aug/2018:11:26:43 -0300] "GET /cormun/static/gxcfg.js?20177612163414 HTTP/1.1" 200 953
201.215.248.34 - - [20/Aug/2018:11:26:43 -0300] "GET /cormun/static/trlicenciaspermisosadjuntos.js?20177612163719 HTTP/1.1" 200 21036
201.215.248.34 - - [20/Aug/2018:11:26:43 -0300] "GET /cormun/servlet/trlicenciaspermisosadjuntos?16792393,20180820000000,L, HTTP/1.1" 200 6577
186.103.157.42 - - [20/Aug/2018:11:26:45 -0300] "GET /cormun/servlet/trpermisosgoce? HTTP/1.1" 200 6110
186.103.157.42 - - [20/Aug/2018:11:26:45 -0300] "GET /cormun/servlet/hlogin HTTP/1.1" 200 1743
201.215.248.34 - - [20/Aug/2018:11:26:46 -0300] "GET /cormun/servlet/licenciaspermisosadjuntos?INS,16792393,L,20180820000000,, HTTP/1.1" 200 5879
186.103.157.42 - - [20/Aug/2018:11:26:46 -0300] "GET /cormun/servlet/trpermisosgoce? HTTP/1.1" 200 6109
201.215.248.34 - - [20/Aug/2018:11:26:46 -0300] "GET /cormun/static/gxcfg.js?2017761263592 HTTP/1.1" 200 953
201.215.248.34 - - [20/Aug/2018:11:26:46 -0300] "GET /cormun/static/licenciaspermisosadjuntos.js?201776126362 HTTP/1.1" 200 8760
201.215.248.34 - - [20/Aug/2018:11:26:46 -0300] "GET /cormun/static/about:blank HTTP/1.1" 404 1011
201.215.248.34 - - [20/Aug/2018:11:26:46 -0300] "GET /cormun/servlet/licenciaspermisosadjuntos?INS,16792393,L,20180820000000,, HTTP/1.1" 200 5867
186.103.157.42 - - [20/Aug/2018:11:26:47 -0300] "POST /cormun/servlet/hlogin?280c15b8c3a1d6ad3d3a84560630dcc1,gx-no-cache=1534775161944 HTTP/1.1" 200 90
186.103.157.42 - - [20/Aug/2018:11:26:48 -0300] "GET /cormun/servlet/hpexe_link HTTP/1.1" 200 959
186.103.157.42 - - [20/Aug/2018:11:26:48 -0300] "GET /cormun/servlet/trpermisosgoce HTTP/1.1" 200 9380
186.103.157.42 - - [20/Aug/2018:11:26:49 -0300] "GET /cormun/servlet/trpermisosgoce HTTP/1.1" 200 9377
186.103.157.42 - - [20/Aug/2018:11:26:51 -0300] "GET /cormun/servlet/permisogoce?INS,0,,, HTTP/1.1" 200 7118
186.103.157.42 - - [20/Aug/2018:11:26:53 -0300] "GET /cormun/servlet/permisogoce?INS,0,,, HTTP/1.1" 200 7118
201.215.248.34 - - [20/Aug/2018:11:27:00 -0300] "POST /cormun/servlet/licenciaspermisosadjuntos?767871f069af8cedb185e39a51ae5226,INS,16792393,L,20180820000000,, HTTP/1.1" 200 6479
201.215.248.34 - - [20/Aug/2018:11:27:00 -0300] "GET /cormun/static/Shared/jqueryui/images/ui-bg_highlight-soft_100_c6c2c8_1x100.png HTTP/1.1" 404 1117
201.215.248.34 - - [20/Aug/2018:11:27:00 -0300] "GET /cormun/static/Shared/jqueryui/images/ui-icons_82798d_256x240.png HTTP/1.1" 404 1089
201.215.248.34 - - [20/Aug/2018:11:27:00 -0300] "GET /cormun/static/Shared/jqueryui/images/ui-bg_flat_55_994d53_40x100.png HTTP/1.1" 404 1097
201.215.248.34 - - [20/Aug/2018:11:27:00 -0300] "GET /cormun/static/Shared/jqueryui/images/ui-icons_ebccce_256x240.png HTTP/1.1" 404 1089
201.215.248.34 - - [20/Aug/2018:11:27:01 -0300] "GET /cormun/PrivateTempStorage/upload_00058575.jpg HTTP/1.1" 200 660650
186.103.157.42 - - [20/Aug/2018:11:27:12 -0300] "GET /cormun/servlet/permisogoce?c2da58e033c172cdbfb729740f3c4affd7300bad4b457e9e24daf8794dc661c8fcb0c8b8c86bdfb005d47eda5730eb622482a0cb99a1ed44df90ae65ce8459af,gx-no-cache=1534775186826 HTTP/1.1" 200 85
186.103.157.42 - - [20/Aug/2018:11:27:16 -0300] "GET /cormun/static/menuarrow.gif HTTP/1.1" 404 1015
186.103.157.42 - - [20/Aug/2018:11:27:24 -0300] "GET /cormun/servlet/permisogoce?c2da58e033c172cdbfb729740f3c4affb347d1ab7946e6f0aaccddc75dfec95e490665417f8d84a33b7e0235823c9900d7d957c3fdc445bb91c52111db155688,gx-no-cache=1534775198191 HTTP/1.1" 200 48
186.103.157.42 - - [20/Aug/2018:11:27:24 -0300] "POST /cormun/servlet/permisogoce?280c15b8c3a1d6ad3d3a84560630dcc1,INS,0,,,,gx-no-cache=1534775198324 HTTP/1.1" 200 93
186.103.157.42 - - [20/Aug/2018:11:27:24 -0300] "GET /cormun/servlet/hpexe_return? HTTP/1.1" 200 1012
186.103.157.42 - - [20/Aug/2018:11:27:26 -0300] "GET /cormun/servlet/trpermisosgoce HTTP/1.1" 200 9609
186.103.157.42 - - [20/Aug/2018:11:27:31 -0300] "GET /cormun/servlet/trpermisosgoce HTTP/1.1" 200 9607
186.103.157.42 - - [20/Aug/2018:11:27:43 -0300] "GET /cormun/servlet/apermisogoceprn?18446499,P,20180820112309,PU HTTP/1.1" 200 1649
201.215.248.34 - - [20/Aug/2018:11:27:47 -0300] "POST /cormun/servlet/licenciaspermisosadjuntos?767871f069af8cedb185e39a51ae5226,INS,16792393,L,20180820000000,, HTTP/1.1" 200 114
201.215.248.34 - - [20/Aug/2018:11:27:47 -0300] "GET /cormun/servlet/hpexe_link HTTP/1.1" 200 990
201.215.248.34 - - [20/Aug/2018:11:27:47 -0300] "GET /cormun/servlet/trlicenciaspermisosadjuntos?16792393,20180820000000,L, HTTP/1.1" 200 6578
201.215.248.34 - - [20/Aug/2018:11:27:48 -0300] "GET /cormun/servlet/trlicenciaspermisosadjuntos?16792393,20180820000000,L, HTTP/1.1" 200 6577
186.103.159.46 - - [20/Aug/2018:11:28:08 -0300] "POST /cormun/servlet/trautorizarpermisogoce?e78e4f3deb5bffdbd6edca59a81d75aa,,gx-no-cache=1534775211975 HTTP/1.1" 200 7054
186.103.159.46 - - [20/Aug/2018:11:28:54 -0300] "POST /cormun/servlet/trautorizarpermisogoce?e78e4f3deb5bffdbd6edca59a81d75aa,,gx-no-cache=1534775257688 HTTP/1.1" 200 6824
186.103.159.46 - - [20/Aug/2018:11:29:42 -0300] "POST /cormun/servlet/trautorizarpermisogoce?e78e4f3deb5bffdbd6edca59a81d75aa,,gx-no-cache=1534775305702 HTTP/1.1" 200 6616
186.103.159.46 - - [20/Aug/2018:11:31:00 -0300] "POST /cormun/servlet/trautorizarpermisogoce?e78e4f3deb5bffdbd6edca59a81d75aa,,gx-no-cache=1534775384142 HTTP/1.1" 200 6388
186.103.159.46 - - [20/Aug/2018:11:31:50 -0300] "POST /cormun/servlet/trautorizarpermisogoce?e78e4f3deb5bffdbd6edca59a81d75aa,,gx-no-cache=1534775433629 HTTP/1.1" 200 6135
186.103.159.46 - - [20/Aug/2018:11:32:10 -0300] "POST /cormun/servlet/trautorizarpermisogoce?e78e4f3deb5bffdbd6edca59a81d75aa,,gx-no-cache=1534775453896 HTTP/1.1" 200 5888
200.112.233.47 - - [20/Aug/2018:11:34:05 -0300] "GET /cormun/servlet/hlogin HTTP/1.1" 200 1714
200.112.233.47 - - [20/Aug/2018:11:34:06 -0300] "GET /cormun/servlet/hlogin HTTP/1.1" 200 1719
200.112.233.47 - - [20/Aug/2018:11:34:07 -0300] "POST /cormun/servlet/hlogin?2567c9120ed6ff198bf251a11c01454e,gx-no-cache=1534775574368 HTTP/1.1" 200 90
200.112.233.47 - - [20/Aug/2018:11:34:07 -0300] "GET /cormun/servlet/hpexe_link HTTP/1.1" 200 939
200.112.233.47 - - [20/Aug/2018:11:34:07 -0300] "GET /cormun/servlet/hhome HTTP/1.1" 200 4220
200.112.233.47 - - [20/Aug/2018:11:34:08 -0300] "GET /cormun/servlet/hhome HTTP/1.1" 200 4216
200.112.233.47 - - [20/Aug/2018:11:34:11 -0300] "GET /cormun/servlet/trlicencias? HTTP/1.1" 200 10793
200.112.233.47 - - [20/Aug/2018:11:34:11 -0300] "GET /cormun/servlet/trlicencias? HTTP/1.1" 200 10790
192.168.10.60 - - [20/Aug/2018:11:34:12 -0300] "GET /cormun/servlet/hlogin HTTP/1.1" 200 1723
192.168.10.60 - - [20/Aug/2018:11:34:12 -0300] "GET /cormun/static/gxcfg.js?20175251213516 HTTP/1.1" 304 -
192.168.10.60 - - [20/Aug/2018:11:34:12 -0300] "GET /cormun/static/gxtimezone.js?85251 HTTP/1.1" 304 -
192.168.10.60 - - [20/Aug/2018:11:34:12 -0300] "GET /cormun/static/messages.spa.js?85251 HTTP/1.1" 304 -
192.168.10.60 - - [20/Aug/2018:11:34:13 -0300] "GET /cormun/servlet/hlogin HTTP/1.1" 200 1728
192.168.10.60 - - [20/Aug/2018:11:34:13 -0300] "GET /favicon.ico HTTP/1.1" 200 21630
200.112.233.47 - - [20/Aug/2018:11:34:13 -0300] "GET /cormun/servlet/licenciaspermisos?INS,0,,, HTTP/1.1" 200 7748
200.112.233.47 - - [20/Aug/2018:11:34:14 -0300] "GET /cormun/servlet/licenciaspermisos?INS,0,,, HTTP/1.1" 200 7756
201.215.248.160 - - [20/Aug/2018:11:34:17 -0300] "GET /cormun/servlet/hhome HTTP/1.1" 200 3412
201.215.248.160 - - [20/Aug/2018:11:34:18 -0300] "GET /cormun/servlet/hhome HTTP/1.1" 200 3422
201.215.248.160 - - [20/Aug/2018:11:34:18 -0300] "GET /cormun/servlet/hlogin HTTP/1.1" 200 1736
192.168.10.60 - - [20/Aug/2018:11:34:24 -0300] "POST /cormun/servlet/hlogin?15e11a9b6e32a808cefa040f392071e8,gx-no-cache=1534775442720 HTTP/1.1" 200 444
200.112.233.47 - - [20/Aug/2018:11:34:27 -0300] "GET /cormun/servlet/licenciaspermisos?08b2f78e1b3b3a962c312de00554c5213750f8f6e6ed70e4b4cd2691075c4fb52bc04488bd4c0f34e33c464d5158f8ec,gx-no-cache=1534775594416 HTTP/1.1" 200 72
200.112.233.47 - - [20/Aug/2018:11:34:27 -0300] "POST /cormun/servlet/licenciaspermisos?2567c9120ed6ff198bf251a11c01454e,INS,0,,,,gx-no-cache=1534775594467 HTTP/1.1" 200 4864
192.168.10.60 - - [20/Aug/2018:11:34:52 -0300] "POST /cormun/servlet/hlogin?15e11a9b6e32a808cefa040f392071e8,gx-no-cache=1534775470678 HTTP/1.1" 200 448
192.168.10.60 - - [20/Aug/2018:11:35:05 -0300] "POST /cormun/servlet/hlogin?15e11a9b6e32a808cefa040f392071e8,gx-no-cache=1534775484173 HTTP/1.1" 200 448
192.168.10.60 - - [20/Aug/2018:11:35:11 -0300] "POST /cormun/servlet/hlogin?15e11a9b6e32a808cefa040f392071e8,gx-no-cache=1534775489477 HTTP/1.1" 200 448
192.168.10.60 - - [20/Aug/2018:11:35:27 -0300] "POST /cormun/servlet/hlogin?15e11a9b6e32a808cefa040f392071e8,gx-no-cache=1534775505500 HTTP/1.1" 200 447
192.168.10.60 - - [20/Aug/2018:11:35:41 -0300] "POST /cormun/servlet/hlogin?15e11a9b6e32a808cefa040f392071e8,gx-no-cache=1534775520196 HTTP/1.1" 200 447
200.112.233.47 - - [20/Aug/2018:11:35:42 -0300] "GET /cormun/static/menuarrow.gif HTTP/1.1" 404 1015
186.103.159.46 - - [20/Aug/2018:11:35:53 -0300] "POST /cormun/servlet/trautorizarpermisogoce?e78e4f3deb5bffdbd6edca59a81d75aa,,gx-no-cache=1534775676494 HTTP/1.1" 200 5659
192.168.10.60 - - [20/Aug/2018:11:35:56 -0300] "POST /cormun/servlet/hlogin?15e11a9b6e32a808cefa040f392071e8,gx-no-cache=1534775534716 HTTP/1.1" 200 448
192.168.10.60 - - [20/Aug/2018:11:36:04 -0300] "POST /cormun/servlet/hlogin?15e11a9b6e32a808cefa040f392071e8,gx-no-cache=1534775542778 HTTP/1.1" 200 448
192.168.10.60 - - [20/Aug/2018:11:36:08 -0300] "POST /cormun/servlet/hlogin?15e11a9b6e32a808cefa040f392071e8,gx-no-cache=1534775546707 HTTP/1.1" 200 448
192.168.10.60 - - [20/Aug/2018:11:36:13 -0300] "POST /cormun/servlet/hlogin?15e11a9b6e32a808cefa040f392071e8,gx-no-cache=1534775551506 HTTP/1.1" 200 448
192.168.10.60 - - [20/Aug/2018:11:36:26 -0300] "POST /cormun/servlet/hlogin?15e11a9b6e32a808cefa040f392071e8,gx-no-cache=1534775564914 HTTP/1.1" 200 448
186.103.159.46 - - [20/Aug/2018:11:37:45 -0300] "POST /cormun/servlet/trautorizarpermisogoce?e78e4f3deb5bffdbd6edca59a81d75aa,,gx-no-cache=1534775788894 HTTP/1.1" 200 5413
200.112.233.47 - - [20/Aug/2018:11:38:06 -0300] "GET /cormun/servlet/licenciaspermisos?08b2f78e1b3b3a962c312de00554c521fc6784a8018bc070655b42392cba25da6d11393e0dca6dd7e35a73e4fd37ad7d9445b721c856c5eb2ad8e8e5685d15ebc1ede0bfe9ff63b0e59c6b1224cc9bd4c22ddf2d625a105757617ab76e2f76f03054a9a547b5e1362bc236a0854194247e1247781d3fdd0291a03899162a4100cd289abb9f02621e07ed1f7be506b765e8c188e2704df8250cb613c79a950cbe15bf9ed6498beaf1d808dc3d29850765848b756b8636fa617abb9cfeca6df98ed3498dd716dabf5c714cddc932b07058d93225dbc5ee03dd1cc933371989747e,gx-no-cache=1534775813640 HTTP/1.1" 200 30
200.112.233.47 - - [20/Aug/2018:11:38:06 -0300] "GET /cormun/servlet/licenciaspermisos?08b2f78e1b3b3a962c312de00554c521236abedfedd4a28aa009f9ea493de9a26374dcfbe64598fb6000559c91ceec0aaaad6c3a02624278e94bd5ad908652e9047829fdc084ea3a1f53d127277febbfe9d3f53fc5687209729a14baea20e9ef845d65f14d127b0bc38b36769214c2d363d74a7e1be54c9e1487da8b9156ddea6d99e72dad9ca67cae3dd8f668459055e3677bf82795d0e08236ffed4e63bf2b3a502943894898635012e89853794260485c49bf7723bfdfb60dbf986a3700cf36da7fda4e22d43243dca1b546fcd7fd306a97334bea72fcb66c4b8af347b03d,gx-no-cache=1534775813693 HTTP/1.1" 200 29
200.112.233.47 - - [20/Aug/2018:11:38:06 -0300] "POST /cormun/servlet/licenciaspermisos?2567c9120ed6ff198bf251a11c01454e,INS,0,,,,gx-no-cache=1534775813740 HTTP/1.1" 200 93
200.112.233.47 - - [20/Aug/2018:11:38:06 -0300] "GET /cormun/servlet/hpexe_return? HTTP/1.1" 200 1000
200.112.233.47 - - [20/Aug/2018:11:38:07 -0300] "GET /cormun/servlet/trlicencias HTTP/1.1" 200 10903
200.112.233.47 - - [20/Aug/2018:11:38:07 -0300] "GET /cormun/servlet/trlicencias HTTP/1.1" 200 10898
201.215.248.34 - - [20/Aug/2018:11:38:07 -0300] "GET /cormun/servlet/licenciaspermisosadjuntos?INS,16792393,L,20180820000000,, HTTP/1.1" 200 5879
201.215.248.34 - - [20/Aug/2018:11:38:08 -0300] "GET /cormun/static/about:blank HTTP/1.1" 404 1011
201.215.248.34 - - [20/Aug/2018:11:38:08 -0300] "GET /cormun/servlet/licenciaspermisosadjuntos?INS,16792393,L,20180820000000,, HTTP/1.1" 200 5867
200.112.233.47 - - [20/Aug/2018:11:38:11 -0300] "GET /cormun/servlet/trlicenciaspermisosadjuntos?4651760,20180820000000,L, HTTP/1.1" 200 6566
200.112.233.47 - - [20/Aug/2018:11:38:11 -0300] "GET /cormun/servlet/trlicenciaspermisosadjuntos?4651760,20180820000000,L, HTTP/1.1" 200 6566
200.112.233.47 - - [20/Aug/2018:11:38:13 -0300] "GET /cormun/servlet/licenciaspermisosadjuntos?INS,4651760,L,20180820000000,, HTTP/1.1" 200 5862
200.112.233.47 - - [20/Aug/2018:11:38:13 -0300] "GET /cormun/static/about:blank HTTP/1.1" 404 1011
200.112.233.47 - - [20/Aug/2018:11:38:13 -0300] "GET /cormun/servlet/licenciaspermisosadjuntos?INS,4651760,L,20180820000000,, HTTP/1.1" 200 5851
192.168.10.60 - - [20/Aug/2018:11:38:13 -0300] "GET /cormun/servlet/hlogin HTTP/1.1" 200 1723
200.112.233.47 - - [20/Aug/2018:11:38:28 -0300] "POST /cormun/servlet/licenciaspermisosadjuntos?2567c9120ed6ff198bf251a11c01454e,INS,4651760,L,20180820000000,, HTTP/1.1" 200 116
200.112.233.47 - - [20/Aug/2018:11:38:28 -0300] "GET /cormun/servlet/hpexe_return? HTTP/1.1" 200 1028
200.112.233.47 - - [20/Aug/2018:11:38:28 -0300] "GET /cormun/servlet/trlicenciaspermisosadjuntos?4651760,20180820000000,L, HTTP/1.1" 200 7088
192.168.10.60 - - [20/Aug/2018:11:38:28 -0300] "POST /cormun/servlet/hlogin?15e11a9b6e32a808cefa040f392071e8,gx-no-cache=1534775686879 HTTP/1.1" 200 90
192.168.10.60 - - [20/Aug/2018:11:38:28 -0300] "GET /cormun/servlet/hpexe_link HTTP/1.1" 200 951
200.112.233.47 - - [20/Aug/2018:11:38:28 -0300] "GET /cormun/servlet/trlicenciaspermisosadjuntos?4651760,20180820000000,L, HTTP/1.1" 200 7085
192.168.10.60 - - [20/Aug/2018:11:38:28 -0300] "GET /cormun/servlet/hhome HTTP/1.1" 200 3790
192.168.10.60 - - [20/Aug/2018:11:38:28 -0300] "GET /cormun/static/gxcfg.js?20175251212442 HTTP/1.1" 304 -
192.168.10.60 - - [20/Aug/2018:11:38:29 -0300] "GET /cormun/servlet/hhome HTTP/1.1" 200 3787
200.112.233.47 - - [20/Aug/2018:11:38:30 -0300] "POST /cormun/servlet/trlicenciaspermisosadjuntos?2567c9120ed6ff198bf251a11c01454e,4651760,20180820000000,L,,gx-no-cache=1534775837836 HTTP/1.1" 200 90
200.112.233.47 - - [20/Aug/2018:11:38:30 -0300] "GET /cormun/servlet/hpexe_link HTTP/1.1" 200 971
200.112.233.47 - - [20/Aug/2018:11:38:31 -0300] "GET /cormun/servlet/trlicencias HTTP/1.1" 200 10900
200.112.233.47 - - [20/Aug/2018:11:38:31 -0300] "GET /cormun/servlet/trlicencias HTTP/1.1" 200 10898
192.168.10.89 - - [20/Aug/2018:11:38:34 -0300] "GET /digitalizacion/servlet/wblogin? HTTP/1.1" 200 2316
192.168.10.89 - - [20/Aug/2018:11:38:34 -0300] "GET /digitalizacion/static/gxcfg.js?201842010284377 HTTP/1.1" 304 -
192.168.10.89 - - [20/Aug/2018:11:38:34 -0300] "GET /digitalizacion/static/messages.spa.js?85251 HTTP/1.1" 304 -
192.168.10.89 - - [20/Aug/2018:11:38:35 -0300] "GET /digitalizacion/servlet/wblogin? HTTP/1.1" 200 2327
200.112.233.47 - - [20/Aug/2018:11:38:37 -0300] "POST /cormun/servlet/trlicencias?2567c9120ed6ff198bf251a11c01454e,gx-no-cache=1534775844373 HTTP/1.1" 200 8219
200.112.233.47 - - [20/Aug/2018:11:38:37 -0300] "GET /cormun/static/Shared/jqueryui/images/ui-bg_highlight-soft_100_c6c2c8_1x100.png HTTP/1.1" 404 1117
200.112.233.47 - - [20/Aug/2018:11:38:37 -0300] "GET /cormun/static/Shared/jqueryui/images/ui-icons_82798d_256x240.png HTTP/1.1" 404 1089
200.112.233.47 - - [20/Aug/2018:11:38:37 -0300] "GET /cormun/static/Shared/jqueryui/images/ui-bg_flat_55_fafafa_40x100.png HTTP/1.1" 404 1097
200.112.233.47 - - [20/Aug/2018:11:38:37 -0300] "GET /cormun/static/Shared/jqueryui/images/ui-icons_8d78a5_256x240.png HTTP/1.1" 404 1089
192.168.10.60 - - [20/Aug/2018:11:38:38 -0300] "GET /cormun/servlet/trsolicitudgral? HTTP/1.1" 200 27280
192.168.10.60 - - [20/Aug/2018:11:38:38 -0300] "GET /cormun/static/calendar.js?85251 HTTP/1.1" 304 -
192.168.10.60 - - [20/Aug/2018:11:38:38 -0300] "GET /cormun/static/calendar-es.js?85251 HTTP/1.1" 304 -
192.168.10.60 - - [20/Aug/2018:11:38:38 -0300] "GET /cormun/static/calendar-setup.js?85251 HTTP/1.1" 304 -
192.168.10.60 - - [20/Aug/2018:11:38:38 -0300] "GET /cormun/static/gxdec.js?85251 HTTP/1.1" 304 -
192.168.10.60 - - [20/Aug/2018:11:38:39 -0300] "GET /cormun/servlet/trsolicitudgral? HTTP/1.1" 200 27278
186.103.159.46 - - [20/Aug/2018:11:38:40 -0300] "POST /cormun/servlet/trautorizarpermisogoce?e78e4f3deb5bffdbd6edca59a81d75aa,,gx-no-cache=1534775844065 HTTP/1.1" 200 5130
186.79.158.213 - - [20/Aug/2018:11:38:42 -0300] "POST /cormun/servlet/licenciaspermisosadjuntos?767871f069af8cedb185e39a51ae5226,INS,16792393,L,20180820000000,, HTTP/1.1" 200 116
186.79.158.213 - - [20/Aug/2018:11:38:42 -0300] "GET /cormun/servlet/hpexe_return? HTTP/1.1" 200 1035
200.112.233.47 - - [20/Aug/2018:11:38:42 -0300] "GET /cormun/servlet/alicenciaprn?4651760,L,20180820000000,PU HTTP/1.1" 200 1565
186.79.158.213 - - [20/Aug/2018:11:38:43 -0300] "GET /cormun/servlet/trlicenciaspermisosadjuntos?16792393,20180820000000,L, HTTP/1.1" 200 7095
186.79.158.213 - - [20/Aug/2018:11:38:44 -0300] "GET /cormun/servlet/trlicenciaspermisosadjuntos?16792393,20180820000000,L, HTTP/1.1" 200 7092
186.103.159.46 - - [20/Aug/2018:11:38:46 -0300] "POST /cormun/servlet/trautorizarpermisogoce?e78e4f3deb5bffdbd6edca59a81d75aa,,gx-no-cache=1534775849572 HTTP/1.1" 200 4367
192.168.10.89 - - [20/Aug/2018:11:38:53 -0300] "POST /digitalizacion/servlet/wblogin?4583fd70301a9c8ead515790b8b16274,,gx-no-cache=1534775712072 HTTP/1.1" 200 65
192.168.10.89 - - [20/Aug/2018:11:38:53 -0300] "GET /digitalizacion/servlet/hhome HTTP/1.1" 200 2595
192.168.10.89 - - [20/Aug/2018:11:38:53 -0300] "GET /digitalizacion/static/gxcfg.js?201841414272279 HTTP/1.1" 304 -
186.79.158.213 - - [20/Aug/2018:11:38:54 -0300] "POST /cormun/servlet/trlicenciaspermisosadjuntos?767871f069af8cedb185e39a51ae5226,16792393,20180820000000,L,,gx-no-cache=1534775857565 HTTP/1.1" 200 90
186.79.158.213 - - [20/Aug/2018:11:38:54 -0300] "GET /cormun/servlet/hpexe_link HTTP/1.1" 200 978
192.168.10.89 - - [20/Aug/2018:11:38:54 -0300] "GET /digitalizacion/servlet/hhome HTTP/1.1" 200 2595
186.79.158.213 - - [20/Aug/2018:11:38:54 -0300] "GET /cormun/servlet/trlicencias HTTP/1.1" 200 14173
186.79.158.213 - - [20/Aug/2018:11:38:55 -0300] "GET /cormun/servlet/trlicencias HTTP/1.1" 200 14171
201.215.248.34 - - [20/Aug/2018:11:39:02 -0300] "GET /cormun/servlet/alicenciaprn?16792393,L,20180820000000,PU HTTP/1.1" 200 1564
192.168.10.60 - - [20/Aug/2018:11:39:38 -0300] "POST /cormun/servlet/trsolicitudgral?15e11a9b6e32a808cefa040f392071e8,,gx-no-cache=1534775756575 HTTP/1.1" 200 5259
192.168.10.60 - - [20/Aug/2018:11:39:46 -0300] "POST /cormun/servlet/trsolicitudgral?15e11a9b6e32a808cefa040f392071e8,,gx-no-cache=1534775765085 HTTP/1.1" 200 5259
186.103.156.24 - - [20/Aug/2018:11:40:19 -0300] "GET /cormun/servlet/hlogin HTTP/1.1" 200 1714
186.103.156.24 - - [20/Aug/2018:11:40:19 -0300] "GET /cormun/static/gxtimezone.js?85251 HTTP/1.1" 200 5781
186.103.156.24 - - [20/Aug/2018:11:40:19 -0300] "GET /cormun/static/gxcfg.js?20175251213516 HTTP/1.1" 200 953
186.103.156.24 - - [20/Aug/2018:11:40:19 -0300] "GET /cormun/static/Resources/ComunLogin.png HTTP/1.1" 200 17326
186.103.156.24 - - [20/Aug/2018:11:40:19 -0300] "GET /cormun/static/Resources/Spanish/PXTools.css?11423723 HTTP/1.1" 200 89042
186.103.156.24 - - [20/Aug/2018:11:40:19 -0300] "GET /cormun/static/hlogin.js?20175251213537 HTTP/1.1" 200 2136
186.103.156.24 - - [20/Aug/2018:11:40:19 -0300] "GET /cormun/static/gxgral.js?85251 HTTP/1.1" 200 384558
186.103.156.24 - - [20/Aug/2018:11:40:20 -0300] "GET /cormun/static/messages.spa.js?85251 HTTP/1.1" 200 30736
186.103.156.24 - - [20/Aug/2018:11:40:20 -0300] "GET /cormun/static/Resources/PXToolsLoginBackground.png HTTP/1.1" 200 1164
186.103.156.24 - - [20/Aug/2018:11:40:20 -0300] "GET /cormun/static/Resources/PXToolsButtonLeft21.png HTTP/1.1" 200 1287
186.103.156.24 - - [20/Aug/2018:11:40:20 -0300] "GET /cormun/static/Resources/PXToolsLoginBottom.png HTTP/1.1" 200 1389
186.103.156.24 - - [20/Aug/2018:11:40:20 -0300] "GET /cormun/static/Resources/PXToolsButtonRight21.png HTTP/1.1" 200 1283
186.103.156.24 - - [20/Aug/2018:11:40:20 -0300] "GET /cormun/static/Resources/PXToolsButtonBackground2.png HTTP/1.1" 200 1181
186.103.156.24 - - [20/Aug/2018:11:40:20 -0300] "GET /cormun/static/Resources/PXToolsLoginTop.png HTTP/1.1" 200 1337
186.103.156.24 - - [20/Aug/2018:11:40:21 -0300] "GET /cormun/static/Resources/indicator.gif HTTP/1.1" 200 1553
186.103.156.24 - - [20/Aug/2018:11:40:21 -0300] "GET /cormun/servlet/hlogin HTTP/1.1" 200 1725
186.103.156.24 - - [20/Aug/2018:11:40:30 -0300] "POST /cormun/servlet/hlogin?bac1d5feda33cabc244b97f3426425e9,gx-no-cache=1534775954485 HTTP/1.1" 200 90
186.103.156.24 - - [20/Aug/2018:11:40:31 -0300] "GET /cormun/servlet/hpexe_link HTTP/1.1" 200 945
186.103.156.24 - - [20/Aug/2018:11:40:31 -0300] "GET /cormun/static/gxcfg.js?20177612121792 HTTP/1.1" 200 953
186.103.156.24 - - [20/Aug/2018:11:40:31 -0300] "GET /cormun/static/hpexe_link.js?20177612121795 HTTP/1.1" 200 625
186.103.156.24 - - [20/Aug/2018:11:40:31 -0300] "GET /cormun/static/Resources/Spanish/PXTools.css?1155365 HTTP/1.1" 200 89042
186.103.156.24 - - [20/Aug/2018:11:40:31 -0300] "GET /cormun/servlet/hhome HTTP/1.1" 200 4233
186.103.156.24 - - [20/Aug/2018:11:40:31 -0300] "GET /cormun/static/SmoothNavMenu/resources/ddsmoothmenu.css?1012540 HTTP/1.1" 200 2223
186.103.156.24 - - [20/Aug/2018:11:40:31 -0300] "GET /cormun/static/Shared/jqueryui/jquery-ui.min.css?1245370 HTTP/1.1" 200 30288
186.103.156.24 - - [20/Aug/2018:11:40:31 -0300] "GET /cormun/static/SmoothNavMenu/resources/ddsmoothmenu-v.css?1012540 HTTP/1.1" 200 1188
186.103.156.24 - - [20/Aug/2018:11:40:31 -0300] "GET /cormun/static/scaMessage/css/jquery.pnotify.default.css?1716380 HTTP/1.1" 200 1707
186.103.156.24 - - [20/Aug/2018:11:40:31 -0300] "GET /cormun/static/gxcfg.js?20175251212442 HTTP/1.1" 200 953
186.103.156.24 - - [20/Aug/2018:11:40:31 -0300] "GET /cormun/static/PXToolsJavascripts/pexe_autoreload.js HTTP/1.1" 200 1762
186.103.156.24 - - [20/Aug/2018:11:40:31 -0300] "GET /cormun/static/PXToolsJavascripts/pexe_cookies.js HTTP/1.1" 200 792
186.103.156.24 - - [20/Aug/2018:11:40:31 -0300] "GET /cormun/static/PXToolsJavascripts/pexe_windows.js HTTP/1.1" 200 15207
186.103.156.24 - - [20/Aug/2018:11:40:31 -0300] "GET /cormun/static/PXToolsJavascripts/pexe_grid.js HTTP/1.1" 200 7559
186.103.156.24 - - [20/Aug/2018:11:40:31 -0300] "GET /cormun/static/PXToolsJavascripts/pexe_griddivfix.js HTTP/1.1" 200 6644
186.103.156.24 - - [20/Aug/2018:11:40:31 -0300] "GET /cormun/static/PXToolsJavascripts/pexe_link.js HTTP/1.1" 200 5671
186.103.156.24 - - [20/Aug/2018:11:40:31 -0300] "GET /cormun/static/PXToolsJavascripts/pexe_menudivfix.js HTTP/1.1" 200 333
186.103.156.24 - - [20/Aug/2018:11:40:31 -0300] "GET /cormun/static/PXToolsJavascripts/pexe_menus.js HTTP/1.1" 200 1286
186.103.156.24 - - [20/Aug/2018:11:40:31 -0300] "GET /cormun/static/PXToolsJavascripts/pexe_layers.js HTTP/1.1" 200 4114
186.103.156.24 - - [20/Aug/2018:11:40:31 -0300] "GET /cormun/static/PXToolsJavascripts/pexe_oav.js HTTP/1.1" 200 645
186.103.156.24 - - [20/Aug/2018:11:40:31 -0300] "GET /cormun/static/PXToolsJavascripts/pexe_oavdivfix.js HTTP/1.1" 200 639
186.103.156.24 - - [20/Aug/2018:11:40:31 -0300] "GET /cormun/static/PXToolsJavascripts/pexe_picture.js HTTP/1.1" 200 689
186.103.156.24 - - [20/Aug/2018:11:40:31 -0300] "GET /cormun/static/PXToolsJavascripts/pexe_tabdivfix.js HTTP/1.1" 200 876
186.103.156.24 - - [20/Aug/2018:11:40:31 -0300] "GET /cormun/static/PXToolsJavascripts/pexe_popup.js HTTP/1.1" 200 13458
186.103.156.24 - - [20/Aug/2018:11:40:31 -0300] "GET /cormun/static/PXToolsJavascripts/pexe_scrolldiv.js HTTP/1.1" 200 4138
186.103.156.24 - - [20/Aug/2018:11:40:31 -0300] "GET /cormun/static/PXToolsJavascripts/pexe_tabs.js HTTP/1.1" 200 3748
186.103.156.24 - - [20/Aug/2018:11:40:31 -0300] "GET /cormun/static/PXToolsJavascripts/pexe_upload.js HTTP/1.1" 200 1423
186.103.156.24 - - [20/Aug/2018:11:40:31 -0300] "GET /cormun/static/PXToolsJavascripts/PXToolsJavascriptsRender.js HTTP/1.1" 200 367
186.103.156.24 - - [20/Aug/2018:11:40:31 -0300] "GET /cormun/static/Resources/logo4.png HTTP/1.1" 200 6582
186.103.156.24 - - [20/Aug/2018:11:40:31 -0300] "GET /cormun/static/Resources/PXToolsHeaderActionsLeft.png HTTP/1.1" 200 1118
186.103.156.24 - - [20/Aug/2018:11:40:31 -0300] "GET /cormun/static/RunJS/RunJS.js HTTP/1.1" 200 288
186.103.156.24 - - [20/Aug/2018:11:40:31 -0300] "GET /cormun/static/gxui/gxui-all.js HTTP/1.1" 200 107772
186.103.156.24 - - [20/Aug/2018:11:40:31 -0300] "GET /cormun/static/hhome.js?20175251212450 HTTP/1.1" 200 777
186.103.156.24 - - [20/Aug/2018:11:40:31 -0300] "GET /cormun/static/Shared/ext/locale/ext-lang-en.js HTTP/1.1" 200 10940
186.103.156.24 - - [20/Aug/2018:11:40:31 -0300] "GET /cormun/static/hwchdr01.js?201752511465785 HTTP/1.1" 200 1183
186.103.156.24 - - [20/Aug/2018:11:40:31 -0300] "GET /cormun/static/hpexe_recentlink.js?20177611595044 HTTP/1.1" 200 2144
186.103.156.24 - - [20/Aug/2018:11:40:31 -0300] "GET /cormun/static/Resources/PXToolsFooterBackground2.png HTTP/1.1" 200 1172
186.103.156.24 - - [20/Aug/2018:11:40:31 -0300] "GET /cormun/static/hpexe_scripts.js?201752511465715 HTTP/1.1" 200 1544
186.103.156.24 - - [20/Aug/2018:11:40:31 -0300] "GET /cormun/static/hpexe_messagecontroller.js?20177611595012 HTTP/1.1" 200 870
186.103.156.24 - - [20/Aug/2018:11:40:31 -0300] "GET /cormun/static/Resources/PXToolsHeaderHome.png HTTP/1.1" 200 4147
186.103.156.24 - - [20/Aug/2018:11:40:31 -0300] "GET /cormun/static/Resources/PXToolsHeaderBackground2.png HTTP/1.1" 200 1174
186.103.156.24 - - [20/Aug/2018:11:40:31 -0300] "GET /cormun/static/Resources/PXToolsHeaderPreferences.png HTTP/1.1" 200 4189
186.103.156.24 - - [20/Aug/2018:11:40:31 -0300] "GET /cormun/static/Resources/PXToolsHeaderLogin.png HTTP/1.1" 200 4279
186.103.156.24 - - [20/Aug/2018:11:40:31 -0300] "GET /cormun/static/Resources/PXToolsDataTitle.png HTTP/1.1" 200 1173
186.103.156.24 - - [20/Aug/2018:11:40:31 -0300] "GET /cormun/static/Resources/PXToolsHeaderActionsBackground.png HTTP/1.1" 200 484
186.103.156.24 - - [20/Aug/2018:11:40:31 -0300] "GET /cormun/static/Resources/PXToolsHeaderSecurity.png HTTP/1.1" 200 4166
186.103.156.24 - - [20/Aug/2018:11:40:31 -0300] "GET /cormun/static/Resources/PXToolsHeaderActionsRight.png HTTP/1.1" 200 1201
186.103.156.24 - - [20/Aug/2018:11:40:31 -0300] "GET /cormun/static/hpexe_messagepopupcomponent.js?20161017169425 HTTP/1.1" 200 605
186.103.156.24 - - [20/Aug/2018:11:40:31 -0300] "GET /cormun/static/hpexe_messagegenexuscomponent.js?201752511465344 HTTP/1.1" 200 587
186.103.156.24 - - [20/Aug/2018:11:40:31 -0300] "GET /cormun/static/Shared/jquery/jquery-1.4.2.min.js HTTP/1.1" 200 72174
186.103.156.24 - - [20/Aug/2018:11:40:32 -0300] "GET /cormun/static/SmoothNavMenu/resources/ddsmoothmenu.js HTTP/1.1" 200 12712
186.103.156.24 - - [20/Aug/2018:11:40:32 -0300] "GET /cormun/static/SmoothNavMenu/resources/SmoothNavMenuRender.js HTTP/1.1" 200 5951
186.103.156.24 - - [20/Aug/2018:11:40:32 -0300] "GET /cormun/static/scaMessage/js/jquery.pnotify.min.js HTTP/1.1" 200 13038
186.103.156.24 - - [20/Aug/2018:11:40:32 -0300] "GET /cormun/static/cmcontrolpreferences.js?201752511465670 HTTP/1.1" 200 1375
186.103.156.24 - - [20/Aug/2018:11:40:32 -0300] "GET /cormun/static/scaMessage/scaMessageRender.js HTTP/1.1" 200 11977
186.103.156.24 - - [20/Aug/2018:11:40:32 -0300] "GET /cormun/static/Shared/jqueryui/jquery-ui.min.js HTTP/1.1" 200 240427
186.103.156.24 - - [20/Aug/2018:11:40:32 -0300] "GET /cormun/static/hmpwkw03.js?20177612122668 HTTP/1.1" 200 3965
186.103.156.24 - - [20/Aug/2018:11:40:32 -0300] "GET /cormun/static/Shared/jquery/jquery-1.10.2.min.js HTTP/1.1" 200 273199
186.103.156.24 - - [20/Aug/2018:11:40:32 -0300] "GET /cormun/static/Shared/ext/ext-all.js HTTP/1.1" 200 1289687
186.103.156.24 - - [20/Aug/2018:11:40:33 -0300] "GET /cormun/servlet/hhome HTTP/1.1" 200 4229
186.103.156.24 - - [20/Aug/2018:11:40:33 -0300] "GET /cormun/static/SmoothNavMenu/resources/images/right.gif HTTP/1.1" 200 860
186.103.156.24 - - [20/Aug/2018:11:40:33 -0300] "GET /cormun/static/SmoothNavMenu/resources/images/down.gif HTTP/1.1" 200 854
192.168.10.60 - - [20/Aug/2018:11:40:38 -0300] "POST /cormun/servlet/trsolicitudgral?15e11a9b6e32a808cefa040f392071e8,,gx-no-cache=1534775816310 HTTP/1.1" 200 5264
186.103.159.204 - - [20/Aug/2018:11:40:51 -0300] "GET /cormun/servlet/trlicencias? HTTP/1.1" 200 6134
186.103.159.204 - - [20/Aug/2018:11:40:52 -0300] "GET /cormun/servlet/hlogin HTTP/1.1" 200 1740
186.103.159.204 - - [20/Aug/2018:11:40:52 -0300] "GET /cormun/servlet/trlicencias? HTTP/1.1" 200 6127
186.103.159.204 - - [20/Aug/2018:11:40:54 -0300] "POST /cormun/servlet/hlogin?b9af9e611c3664c2d8dabd074d0a66ac,gx-no-cache=1534775977560 HTTP/1.1" 200 90
186.103.159.204 - - [20/Aug/2018:11:40:54 -0300] "GET /cormun/servlet/hpexe_link HTTP/1.1" 200 960
186.103.159.204 - - [20/Aug/2018:11:40:54 -0300] "GET /cormun/servlet/trlicencias HTTP/1.1" 200 9370
186.103.159.204 - - [20/Aug/2018:11:40:54 -0300] "GET /cormun/servlet/trlicencias HTTP/1.1" 200 9368
200.54.247.70 - - [20/Aug/2018:11:40:58 -0300] "POST /cormun/servlet/trautorizarsolicitud?108e835b4d0ff15404be9190d64af566,,gx-no-cache=1534775981732 HTTP/1.1" 200 11253
186.103.159.204 - - [20/Aug/2018:11:41:00 -0300] "GET /cormun/servlet/licenciaspermisos?INS,0,,, HTTP/1.1" 200 7455
186.103.159.204 - - [20/Aug/2018:11:41:00 -0300] "GET /cormun/servlet/licenciaspermisos?INS,0,,, HTTP/1.1" 200 7455
186.103.159.204 - - [20/Aug/2018:11:41:16 -0300] "GET /cormun/servlet/prfichaempleado?,MD,,gxPopupLevel%3D0%3B HTTP/1.1" 200 9264
186.103.156.24 - - [20/Aug/2018:11:41:23 -0300] "GET /cormun/servlet/trlicencias? HTTP/1.1" 200 12507
186.103.156.24 - - [20/Aug/2018:11:41:23 -0300] "GET /cormun/static/gxui/gxui-all.css?110300 HTTP/1.1" 200 2179
186.103.156.24 - - [20/Aug/2018:11:41:23 -0300] "GET /cormun/static/calendar-system.css?75620 HTTP/1.1" 200 5572
186.103.156.24 - - [20/Aug/2018:11:41:23 -0300] "GET /cormun/static/gxcfg.js?20176272054169 HTTP/1.1" 200 953
186.103.156.24 - - [20/Aug/2018:11:41:23 -0300] "GET /cormun/static/calendar-setup.js?85251 HTTP/1.1" 200 2588
186.103.156.24 - - [20/Aug/2018:11:41:23 -0300] "GET /cormun/static/calendar-es.js?85251 HTTP/1.1" 200 1901
186.103.156.24 - - [20/Aug/2018:11:41:23 -0300] "GET /cormun/static/calendar.js?85251 HTTP/1.1" 200 26246
186.103.156.24 - - [20/Aug/2018:11:41:23 -0300] "GET /cormun/static/Resources/PXTools/calendar.png HTTP/1.1" 200 1306
186.103.156.24 - - [20/Aug/2018:11:41:23 -0300] "GET /cormun/static/Resources/PXToolsDataSearch.png HTTP/1.1" 200 419
186.103.156.24 - - [20/Aug/2018:11:41:24 -0300] "GET /cormun/static/Resources/Spanish/PXTools.css?17315867 HTTP/1.1" 200 89042
186.103.156.24 - - [20/Aug/2018:11:41:24 -0300] "GET /cormun/static/gxdec.js?85251 HTTP/1.1" 200 19579
186.103.156.24 - - [20/Aug/2018:11:41:24 -0300] "GET /cormun/static/trlicencias.js?20176272054837 HTTP/1.1" 200 41883
186.103.156.24 - - [20/Aug/2018:11:41:24 -0300] "GET /cormun/static/Resources/PXToolsGridFirstDisabled.gif HTTP/1.1" 200 100
186.103.156.24 - - [20/Aug/2018:11:41:24 -0300] "GET /cormun/static/Resources/PXToolsGridPreviousDisabled.gif HTTP/1.1" 200 90
186.103.156.24 - - [20/Aug/2018:11:41:24 -0300] "GET /cormun/static/Resources/PXToolsGridNextDisabled.gif HTTP/1.1" 200 90
186.103.156.24 - - [20/Aug/2018:11:41:24 -0300] "GET /cormun/static/Resources/PXToolsGridLastDisabled.gif HTTP/1.1" 200 98
186.103.156.24 - - [20/Aug/2018:11:41:24 -0300] "GET /cormun/static/Resources/PXToolsGridPage.gif HTTP/1.1" 200 725
186.103.156.24 - - [20/Aug/2018:11:41:24 -0300] "GET /cormun/static/Resources/PXToolsActionExcel.png HTTP/1.1" 200 3187
186.103.156.24 - - [20/Aug/2018:11:41:24 -0300] "GET /cormun/static/Resources/PXToolsGridNew.png HTTP/1.1" 200 2949
186.103.156.24 - - [20/Aug/2018:11:41:24 -0300] "GET /cormun/static/Shared/ext/resources/css/ext-all.css?205870 HTTP/1.1" 200 416045
186.103.156.24 - - [20/Aug/2018:11:41:25 -0300] "GET /cormun//static/Resources/PXToolsActionDisabled.gif HTTP/1.1" 200 53
186.103.156.24 - - [20/Aug/2018:11:41:25 -0300] "GET /cormun/static/Resources/asc.gif HTTP/1.1" 200 67
186.103.156.24 - - [20/Aug/2018:11:41:25 -0300] "GET /cormun/static/Resources/desc.gif HTTP/1.1" 200 65
186.103.156.24 - - [20/Aug/2018:11:41:25 -0300] "GET /cormun//static/Resources/PXToolsGridDisplay.png HTTP/1.1" 200 362
186.103.156.24 - - [20/Aug/2018:11:41:25 -0300] "GET /cormun//static/Resources/PXTools/ActionInsert.png HTTP/1.1" 200 1482
186.103.156.24 - - [20/Aug/2018:11:41:25 -0300] "GET /cormun//static/Resources/PXToolsActionPrint.png HTTP/1.1" 200 3317
186.103.156.24 - - [20/Aug/2018:11:41:25 -0300] "GET /cormun//static/Resources/PXToolsHeaderHelp.png HTTP/1.1" 200 4055
186.103.156.24 - - [20/Aug/2018:11:41:25 -0300] "GET /cormun//static/Resources/PXToolsHeaderFavorites.png HTTP/1.1" 200 2744
186.103.156.24 - - [20/Aug/2018:11:41:25 -0300] "GET /cormun/servlet/trlicencias? HTTP/1.1" 200 12505
186.103.156.24 - - [20/Aug/2018:11:41:25 -0300] "GET /cormun/static/Shared/ext/resources/themes/images/default/panel/bg-headersPanel.png HTTP/1.1" 200 255
186.103.156.24 - - [20/Aug/2018:11:41:25 -0300] "GET /cormun/static/Shared/ext/resources/themes/images/default/tools/tool-sprites.gif HTTP/1.1" 200 5434
186.103.159.204 - - [20/Aug/2018:11:41:27 -0300] "POST /cormun/servlet/prfichaempleado?b9af9e611c3664c2d8dabd074d0a66ac,,MD,,gxPopupLevel%3D0%3B,gx-no-cache=1534776010769 HTTP/1.1" 200 3202
186.103.156.24 - - [20/Aug/2018:11:41:31 -0300] "GET /cormun/servlet/licenciaspermisos?INS,0,,, HTTP/1.1" 200 7764
186.103.156.24 - - [20/Aug/2018:11:41:31 -0300] "GET /cormun/static/gxcfg.js?201762917281167 HTTP/1.1" 200 953
186.103.156.24 - - [20/Aug/2018:11:41:31 -0300] "GET /cormun/static/Resources/prompt.gif HTTP/1.1" 200 902
186.103.156.24 - - [20/Aug/2018:11:41:31 -0300] "GET /cormun/static/licenciaspermisos.js?201762917281260 HTTP/1.1" 200 37491
186.103.156.24 - - [20/Aug/2018:11:41:31 -0300] "GET /cormun/servlet/licenciaspermisos?INS,0,,, HTTP/1.1" 200 7772
201.215.248.34 - - [20/Aug/2018:11:41:32 -0300] "GET /cormun/servlet/licenciaspermisos?INS,0,,, HTTP/1.1" 200 7764
201.215.248.34 - - [20/Aug/2018:11:41:33 -0300] "GET /cormun/servlet/licenciaspermisos?INS,0,,, HTTP/1.1" 200 7772
192.168.10.60 - - [20/Aug/2018:11:41:38 -0300] "GET /cormun/static/menuarrow.gif HTTP/1.1" 404 1015
186.103.156.24 - - [20/Aug/2018:11:41:45 -0300] "GET /cormun/servlet/licenciaspermisos?6f4b39a901497fa5a33a5e8b2cab5a72b8659d3e34696e7010cf0136ac6ebd2ec631f3a28b6cbc18b1590a37af2f10e7,gx-no-cache=1534776028822 HTTP/1.1" 200 96
186.103.156.24 - - [20/Aug/2018:11:41:46 -0300] "POST /cormun/servlet/licenciaspermisos?bac1d5feda33cabc244b97f3426425e9,INS,0,,,,gx-no-cache=1534776029274 HTTP/1.1" 200 4875
186.79.158.213 - - [20/Aug/2018:11:41:52 -0300] "GET /cormun/servlet/licenciaspermisos?1922023c9a374e7439b30233a0569628c35639fb0eac83e2445a6077e6e119ef33ba1fa9505ede9a66e4ec820720dff7,gx-no-cache=1534776036221 HTTP/1.1" 200 103
186.79.158.213 - - [20/Aug/2018:11:41:53 -0300] "POST /cormun/servlet/licenciaspermisos?767871f069af8cedb185e39a51ae5226,INS,0,,,,gx-no-cache=1534776036654 HTTP/1.1" 200 4881
186.103.159.204 - - [20/Aug/2018:11:42:02 -0300] "GET /cormun/servlet/licenciaspermisos?18853017564d2109e39178f6fb9e560f25fb3181d43c54d3b3c8511d1a2e5b64fc2d0127cd6e0f5a35bb5c1d332d2e3b,gx-no-cache=1534776045925 HTTP/1.1" 200 91
186.103.159.204 - - [20/Aug/2018:11:42:03 -0300] "POST /cormun/servlet/licenciaspermisos?b9af9e611c3664c2d8dabd074d0a66ac,INS,0,,,,gx-no-cache=1534776046146 HTTP/1.1" 200 4708
186.103.156.24 - - [20/Aug/2018:11:42:12 -0300] "GET /cormun/static/menuarrow.gif HTTP/1.1" 404 1015
201.215.248.34 - - [20/Aug/2018:11:42:20 -0300] "GET /cormun/static/menuarrow.gif HTTP/1.1" 404 1015
192.168.10.60 - - [20/Aug/2018:11:42:29 -0300] "POST /cormun/servlet/trsolicitudgral?15e11a9b6e32a808cefa040f392071e8,,gx-no-cache=1534775928127 HTTP/1.1" 200 5262
186.103.159.204 - - [20/Aug/2018:11:42:40 -0300] "GET /cormun/static/menuarrow.gif HTTP/1.1" 404 1015
200.112.233.47 - - [20/Aug/2018:11:44:23 -0300] "GET /cormun/servlet/trpermisosgoce? HTTP/1.1" 200 9848
200.112.233.47 - - [20/Aug/2018:11:44:24 -0300] "GET /cormun/servlet/trpermisosgoce? HTTP/1.1" 200 9843
200.112.233.47 - - [20/Aug/2018:11:44:27 -0300] "GET /cormun/servlet/permisogoce?INS,0,,, HTTP/1.1" 200 7081
200.112.233.47 - - [20/Aug/2018:11:44:27 -0300] "GET /cormun/servlet/permisogoce?INS,0,,, HTTP/1.1" 200 7081
200.112.233.47 - - [20/Aug/2018:11:44:35 -0300] "GET /cormun/static/Resources/resize.gif HTTP/1.1" 200 77
200.112.233.47 - - [20/Aug/2018:11:44:35 -0300] "GET /cormun/servlet/prfichaempleado?,MD,,gxPopupLevel%3D0%3B HTTP/1.1" 200 9390
200.112.233.47 - - [20/Aug/2018:11:44:35 -0300] "GET /cormun/static/gxcfg.js?20177612134814 HTTP/1.1" 200 953
200.112.233.47 - - [20/Aug/2018:11:44:35 -0300] "GET /cormun/static/Resources/PXToolsMenuSearch.png HTTP/1.1" 200 2914
200.112.233.47 - - [20/Aug/2018:11:44:35 -0300] "GET /cormun/static/Resources/PXToolsMenuSearchCancel.png HTTP/1.1" 200 2972
186.103.156.24 - - [20/Aug/2018:11:44:35 -0300] "GET /cormun/servlet/licenciaspermisos?6f4b39a901497fa5a33a5e8b2cab5a729f666d3237fe61b9d8287b64a1a43abcb67a3cd440ae02289d8a7d2bc3f3b40c7f5aa1e952199dceda45ecfd9c48e0e13b893e1afd1fae2615a6ad4e38d3fa7104119170dc213cbf2855b202e8e6789469bf44cbd086b3f46af499c13e9716965383dea5851175a81b8330f86a6e9046df2d73bb96fdfb9876bd175b7c913688206e8f117f3f2f4e47a899cd02fcd2456be831319dc52a15c5706deb1f60e99b,gx-no-cache=1534776199467 HTTP/1.1" 200 30
200.112.233.47 - - [20/Aug/2018:11:44:35 -0300] "GET /cormun/static/prfichaempleado.js?20177612134999 HTTP/1.1" 200 16006
200.112.233.47 - - [20/Aug/2018:11:44:35 -0300] "GET /cormun/static/menusearch.js?201610171694467 HTTP/1.1" 200 1424
200.112.233.47 - - [20/Aug/2018:11:44:35 -0300] "GET /cormun/static/hmpwkw011.js?20177612121862 HTTP/1.1" 200 1968
186.103.156.24 - - [20/Aug/2018:11:44:36 -0300] "POST /cormun/servlet/licenciaspermisos?bac1d5feda33cabc244b97f3426425e9,INS,0,,,,gx-no-cache=1534776199499 HTTP/1.1" 200 4954
186.103.156.24 - - [20/Aug/2018:11:44:46 -0300] "GET /cormun/servlet/licenciaspermisos?6f4b39a901497fa5a33a5e8b2cab5a72ebb9939c20245f3c3d2ca902ac1a14c394ce24e6698d2e35063335f15d720b5f6c3369b04b2cf62b39d9eec5522c7cca7acb506f7046ab27bf861aff9cef62e62911f39904e0b19901e69836f1301b9ebd2ad583d33e6753f59aa78fe7c86ae2d53643c240913833634c58bf5b432a2d624fcfe92323cdef92f0437f1553625d6372a36fec7abbffed8209c9d211b101543d615548ffb5d03aa2c21c141ece053d00361a4df17098255458e09a00103941a99eaac7ff17a332a94af63f934d0914bcee557032f9ac6bc24f9a699201e79be49de13013d96b18ee7289b67198d1,gx-no-cache=1534776209756 HTTP/1.1" 200 56
200.112.233.47 - - [20/Aug/2018:11:44:46 -0300] "POST /cormun/servlet/prfichaempleado?2567c9120ed6ff198bf251a11c01454e,,MD,,gxPopupLevel%3D0%3B,gx-no-cache=1534776213241 HTTP/1.1" 200 4538
186.103.156.24 - - [20/Aug/2018:11:44:46 -0300] "POST /cormun/servlet/licenciaspermisos?bac1d5feda33cabc244b97f3426425e9,INS,0,,,,gx-no-cache=1534776209780 HTTP/1.1" 200 93
186.103.156.24 - - [20/Aug/2018:11:44:46 -0300] "GET /cormun/servlet/hpexe_return? HTTP/1.1" 200 1006
186.103.156.24 - - [20/Aug/2018:11:44:46 -0300] "GET /cormun/static/gxcfg.js?2016101716175148 HTTP/1.1" 200 953
186.103.156.24 - - [20/Aug/2018:11:44:46 -0300] "GET /cormun/static/hpexe_return.js?2016101716175153 HTTP/1.1" 200 1633
186.103.156.24 - - [20/Aug/2018:11:44:46 -0300] "GET /cormun/static/Resources/Spanish/PXTools.css?167811 HTTP/1.1" 200 89042
186.103.156.24 - - [20/Aug/2018:11:44:46 -0300] "GET /cormun/servlet/trlicencias HTTP/1.1" 200 12990
186.103.156.24 - - [20/Aug/2018:11:44:47 -0300] "GET /cormun//static/Resources/PXToolsGridUpdate.png HTTP/1.1" 200 2984
186.103.156.24 - - [20/Aug/2018:11:44:47 -0300] "GET /cormun//static/Resources/PXToolsGridDelete.png HTTP/1.1" 200 357
186.103.156.24 - - [20/Aug/2018:11:44:47 -0300] "GET /cormun/servlet/trlicencias HTTP/1.1" 200 12985
186.103.156.24 - - [20/Aug/2018:11:44:51 -0300] "GET /cormun/servlet/alicenciaprn?11671556,L,20180820000000,PU HTTP/1.1" 200 1586
186.103.156.24 - - [20/Aug/2018:11:45:38 -0300] "GET /cormun/servlet/trlicenciaspermisosadjuntos?11671556,20180820000000,L, HTTP/1.1" 200 6580
186.103.156.24 - - [20/Aug/2018:11:45:38 -0300] "GET /cormun/static/trlicenciaspermisosadjuntos.js?20177612163719 HTTP/1.1" 200 21036
186.103.156.24 - - [20/Aug/2018:11:45:39 -0300] "GET /cormun/static/gxcfg.js?20177612163414 HTTP/1.1" 200 953
186.103.156.24 - - [20/Aug/2018:11:45:39 -0300] "GET /cormun/servlet/trlicenciaspermisosadjuntos?11671556,20180820000000,L, HTTP/1.1" 200 6581
186.103.156.24 - - [20/Aug/2018:11:45:41 -0300] "GET /cormun/servlet/licenciaspermisosadjuntos?INS,11671556,L,20180820000000,, HTTP/1.1" 200 5882
186.103.156.24 - - [20/Aug/2018:11:45:41 -0300] "GET /cormun/static/gxcfg.js?2017761263592 HTTP/1.1" 200 953
186.103.156.24 - - [20/Aug/2018:11:45:41 -0300] "GET /cormun/static/licenciaspermisosadjuntos.js?201776126362 HTTP/1.1" 200 8760
186.103.156.24 - - [20/Aug/2018:11:45:41 -0300] "GET /cormun/static/about:blank HTTP/1.1" 404 1011
186.103.156.24 - - [20/Aug/2018:11:45:41 -0300] "GET /cormun/servlet/licenciaspermisosadjuntos?INS,11671556,L,20180820000000,, HTTP/1.1" 200 5869
200.112.233.47 - - [20/Aug/2018:11:45:46 -0300] "GET /cormun/servlet/permisogoce?08b2f78e1b3b3a962c312de00554c521cf402dc45b1236707e143cfb36faa46ae5a071a9c3f21706c0c2d164f3206ed1,gx-no-cache=1534776273682 HTTP/1.1" 200 75
