186.67.172.234 - - [20/Aug/2018:10:39:46 -0300] "GET /cormun/static/SmoothNavMenu/resources/images/down.gif HTTP/1.1" 200 854
186.67.172.234 - - [20/Aug/2018:10:39:47 -0300] "GET /cormun/servlet/hhome HTTP/1.1" 200 4243
186.67.172.234 - - [20/Aug/2018:10:39:47 -0300] "GET /cormun/static/Resources/PXToolsHeaderActionsBackground.png HTTP/1.1" 200 484
186.67.172.234 - - [20/Aug/2018:10:39:47 -0300] "GET /cormun/static/Resources/PXToolsHeaderPreferences.png HTTP/1.1" 200 4189
186.67.172.234 - - [20/Aug/2018:10:39:50 -0300] "GET /cormun/servlet/trpermisosgoce? HTTP/1.1" 200 14161
186.67.172.234 - - [20/Aug/2018:10:39:51 -0300] "GET /cormun/static/Resources/PXTools/calendar.png HTTP/1.1" 200 1306
186.67.172.234 - - [20/Aug/2018:10:39:51 -0300] "GET /cormun/servlet/trpermisosgoce? HTTP/1.1" 200 14162
186.67.172.234 - - [20/Aug/2018:10:39:53 -0300] "GET /cormun/servlet/permisogoce?INS,0,,, HTTP/1.1" 200 7111
186.67.172.234 - - [20/Aug/2018:10:39:54 -0300] "GET /cormun/servlet/permisogoce?INS,0,,, HTTP/1.1" 200 7111
186.67.172.234 - - [20/Aug/2018:10:40:08 -0300] "GET /cormun/servlet/permisogoce?cc26a33485f0310eb70e17b50c13e8de3be96cc9617459cc54d86b0f3e07fe2734c4fa960129d77d5e95943b3a8c5f0d936ee39716ad6718d216dfa32212e22e,gx-no-cache=1534772287974 HTTP/1.1" 200 73
186.67.172.234 - - [20/Aug/2018:10:40:08 -0300] "GET /cormun/static/menuarrow.gif HTTP/1.1" 404 1015
186.67.172.234 - - [20/Aug/2018:10:40:17 -0300] "GET /cormun/servlet/permisogoce?cc26a33485f0310eb70e17b50c13e8de85df8e3b071c96308f909e817c321428bc1e25fbbd6b8e9d159bf465a70f02e884c2df45e43b20ded8601dcefeca0cdd,gx-no-cache=1534772297194 HTTP/1.1" 200 47
200.54.247.70 - - [20/Aug/2018:10:40:20 -0300] "GET /cormun/servlet/solicitudotadjuntos?15505011b57a3d7dad04e381aa3fbf859c5062b52d0d30054cc828a6ac6b9ca8,gx-no-cache=1534772344569 HTTP/1.1" 200 30
200.54.247.70 - - [20/Aug/2018:10:40:20 -0300] "GET /cormun/servlet/solicitudotadjuntos?15505011b57a3d7dad04e381aa3fbf859c5062b52d0d30054cc828a6ac6b9ca8,gx-no-cache=1534772344670 HTTP/1.1" 200 30
200.54.247.70 - - [20/Aug/2018:10:40:21 -0300] "POST /cormun/servlet/solicitudotadjuntos?108e835b4d0ff15404be9190d64af566,INS,2018,12055,,1, HTTP/1.1" 200 116
200.54.247.70 - - [20/Aug/2018:10:40:21 -0300] "GET /cormun/servlet/hpexe_return? HTTP/1.1" 200 1027
200.54.247.70 - - [20/Aug/2018:10:40:21 -0300] "GET /cormun/servlet/trsolicitudadjuntos?2018,12055, HTTP/1.1" 200 9322
200.54.247.70 - - [20/Aug/2018:10:40:22 -0300] "GET /cormun/servlet/trsolicitudadjuntos?2018,12055, HTTP/1.1" 200 9320
186.67.172.234 - - [20/Aug/2018:10:40:23 -0300] "POST /cormun/servlet/permisogoce?d689f26e596b598095e8b37edb3f892c,INS,0,,,,gx-no-cache=1534772302180 HTTP/1.1" 200 93
186.67.172.234 - - [20/Aug/2018:10:40:23 -0300] "GET /cormun/servlet/hpexe_return? HTTP/1.1" 200 1006
186.67.172.234 - - [20/Aug/2018:10:40:24 -0300] "GET /cormun/servlet/trpermisosgoce HTTP/1.1" 200 14426
186.67.172.234 - - [20/Aug/2018:10:40:24 -0300] "GET /cormun/servlet/trpermisosgoce HTTP/1.1" 200 14420
200.54.247.70 - - [20/Aug/2018:10:40:24 -0300] "GET /cormun/PublicTempStorage/doc009874201808201040147046057.pdf HTTP/1.1" 200 190407
200.54.247.70 - - [20/Aug/2018:10:40:26 -0300] "GET /cormun/servlet/trsolicitudadjuntos?2018,12055, HTTP/1.1" 200 9322
186.67.172.234 - - [20/Aug/2018:10:40:27 -0300] "GET /cormun/servlet/permisogoce?INS,0,,, HTTP/1.1" 200 7111
200.54.247.70 - - [20/Aug/2018:10:40:27 -0300] "GET /cormun/servlet/trsolicitudadjuntos?2018,12055, HTTP/1.1" 200 9320
186.67.172.234 - - [20/Aug/2018:10:40:27 -0300] "GET /cormun/servlet/permisogoce?INS,0,,, HTTP/1.1" 200 7111
200.54.247.70 - - [20/Aug/2018:10:40:29 -0300] "GET /cormun/servlet/solicitudotadjuntos?INS,2018,12055,,1, HTTP/1.1" 200 6274
200.54.247.70 - - [20/Aug/2018:10:40:29 -0300] "GET /cormun/static/about:blank HTTP/1.1" 404 1011
200.54.247.70 - - [20/Aug/2018:10:40:29 -0300] "GET /cormun/servlet/solicitudotadjuntos?INS,2018,12055,,1, HTTP/1.1" 200 6268
200.54.247.70 - - [20/Aug/2018:10:40:30 -0300] "GET /cormun/servlet/solicitudotadjuntos?15505011b57a3d7dad04e381aa3fbf8544ea41ce300bc0b0f41dac191112c30a19fcc606a009f6fd9fb39f853371455f,gx-no-cache=1534772354104 HTTP/1.1" 200 30
200.54.247.70 - - [20/Aug/2018:10:40:31 -0300] "POST /cormun/servlet/solicitudotadjuntos?108e835b4d0ff15404be9190d64af566,INS,2018,12055,,1,,gx-no-cache=1534772354238 HTTP/1.1" 200 3981
186.67.172.234 - - [20/Aug/2018:10:40:35 -0300] "GET /cormun/servlet/permisogoce?cc26a33485f0310eb70e17b50c13e8de6001ee822a6fee5a5050746ca11daeb75de08773cf7830b82699a08fd3a33ae0,gx-no-cache=1534772314645 HTTP/1.1" 200 84
186.67.172.234 - - [20/Aug/2018:10:40:35 -0300] "GET /cormun/static/menuarrow.gif HTTP/1.1" 404 1015
200.54.247.70 - - [20/Aug/2018:10:40:36 -0300] "POST /cormun/servlet/solicitudotadjuntos?gx-no-cache=1534772360531 HTTP/1.1" 200 26
186.67.172.234 - - [20/Aug/2018:10:40:44 -0300] "GET /cormun/servlet/permisogoce?cc26a33485f0310eb70e17b50c13e8def2eb28f4f0fb5acac2ecfe6636e9906c6cbc888361f83a64e4886f0ef516c7707aebc13ce2b74b2f6e6096663ac19553,gx-no-cache=1534772323747 HTTP/1.1" 200 47
186.67.172.234 - - [20/Aug/2018:10:40:50 -0300] "POST /cormun/servlet/permisogoce?d689f26e596b598095e8b37edb3f892c,INS,0,,,,gx-no-cache=1534772329509 HTTP/1.1" 200 93
186.67.172.234 - - [20/Aug/2018:10:40:50 -0300] "GET /cormun/servlet/hpexe_return? HTTP/1.1" 200 1006
186.67.172.234 - - [20/Aug/2018:10:40:50 -0300] "GET /cormun/servlet/trpermisosgoce HTTP/1.1" 200 14684
186.67.172.234 - - [20/Aug/2018:10:40:51 -0300] "GET /cormun/servlet/trpermisosgoce HTTP/1.1" 200 14678
200.54.247.70 - - [20/Aug/2018:10:40:53 -0300] "GET /cormun/servlet/solicitudotadjuntos?15505011b57a3d7dad04e381aa3fbf859c5062b52d0d30054cc828a6ac6b9ca8,gx-no-cache=1534772377464 HTTP/1.1" 200 30
200.54.247.70 - - [20/Aug/2018:10:40:53 -0300] "GET /cormun/servlet/solicitudotadjuntos?15505011b57a3d7dad04e381aa3fbf859c5062b52d0d30054cc828a6ac6b9ca8,gx-no-cache=1534772377566 HTTP/1.1" 200 30
186.67.172.234 - - [20/Aug/2018:10:40:55 -0300] "GET /cormun/servlet/permisogoce?INS,0,,, HTTP/1.1" 200 7111
200.54.247.70 - - [20/Aug/2018:10:40:55 -0300] "POST /cormun/servlet/solicitudotadjuntos?108e835b4d0ff15404be9190d64af566,INS,2018,12055,,1, HTTP/1.1" 200 116
200.54.247.70 - - [20/Aug/2018:10:40:55 -0300] "GET /cormun/servlet/hpexe_return? HTTP/1.1" 200 1027
186.67.172.234 - - [20/Aug/2018:10:40:55 -0300] "GET /cormun/servlet/permisogoce?INS,0,,, HTTP/1.1" 200 7111
200.54.247.70 - - [20/Aug/2018:10:40:55 -0300] "GET /cormun/servlet/trsolicitudadjuntos?2018,12055, HTTP/1.1" 200 9546
200.54.247.70 - - [20/Aug/2018:10:40:56 -0300] "GET /cormun/servlet/trsolicitudadjuntos?2018,12055, HTTP/1.1" 200 9545
200.54.247.70 - - [20/Aug/2018:10:40:58 -0300] "GET /cormun/PublicTempStorage/isapre6617850.pdf HTTP/1.1" 200 330272
200.54.247.70 - - [20/Aug/2018:10:41:00 -0300] "GET /cormun/servlet/trsolicitudadjuntos?2018,12055, HTTP/1.1" 200 9549
200.54.247.70 - - [20/Aug/2018:10:41:01 -0300] "GET /cormun/servlet/trsolicitudadjuntos?2018,12055, HTTP/1.1" 200 9548
200.54.247.70 - - [20/Aug/2018:10:41:03 -0300] "GET /cormun/servlet/solicitudotadjuntos?INS,2018,12055,,1, HTTP/1.1" 200 6274
200.54.247.70 - - [20/Aug/2018:10:41:03 -0300] "GET /cormun/static/about:blank HTTP/1.1" 404 1011
200.54.247.70 - - [20/Aug/2018:10:41:03 -0300] "GET /cormun/servlet/solicitudotadjuntos?INS,2018,12055,,1, HTTP/1.1" 200 6268
186.67.172.234 - - [20/Aug/2018:10:41:03 -0300] "GET /cormun/servlet/permisogoce?cc26a33485f0310eb70e17b50c13e8de3de90edd341847eaa5d3643de57358ed34c4fa960129d77d5e95943b3a8c5f0d936ee39716ad6718d216dfa32212e22e,gx-no-cache=1534772343352 HTTP/1.1" 200 80
186.67.172.234 - - [20/Aug/2018:10:41:04 -0300] "GET /cormun/static/menuarrow.gif HTTP/1.1" 404 1015
200.54.247.70 - - [20/Aug/2018:10:41:04 -0300] "GET /cormun/servlet/solicitudotadjuntos?15505011b57a3d7dad04e381aa3fbf8544ea41ce300bc0b0f41dac191112c30a19fcc606a009f6fd9fb39f853371455f,gx-no-cache=1534772387763 HTTP/1.1" 200 30
200.54.247.70 - - [20/Aug/2018:10:41:04 -0300] "POST /cormun/servlet/solicitudotadjuntos?108e835b4d0ff15404be9190d64af566,INS,2018,12055,,1,,gx-no-cache=1534772387892 HTTP/1.1" 200 3981
200.54.247.70 - - [20/Aug/2018:10:41:07 -0300] "POST /cormun/servlet/solicitudotadjuntos?gx-no-cache=1534772390770 HTTP/1.1" 200 26
186.67.172.234 - - [20/Aug/2018:10:41:12 -0300] "GET /cormun/servlet/permisogoce?cc26a33485f0310eb70e17b50c13e8de759fc414de6da7aa26bbd1fba44573cc200466d507b92f3fb1f124e20e4989b984c2df45e43b20ded8601dcefeca0cdd,gx-no-cache=1534772352362 HTTP/1.1" 200 47
186.67.172.234 - - [20/Aug/2018:10:41:16 -0300] "POST /cormun/servlet/permisogoce?d689f26e596b598095e8b37edb3f892c,INS,0,,,,gx-no-cache=1534772355661 HTTP/1.1" 200 93
186.67.172.234 - - [20/Aug/2018:10:41:16 -0300] "GET /cormun/servlet/hpexe_return? HTTP/1.1" 200 1006
186.67.172.234 - - [20/Aug/2018:10:41:17 -0300] "GET /cormun/servlet/trpermisosgoce HTTP/1.1" 200 14902
186.67.172.234 - - [20/Aug/2018:10:41:17 -0300] "GET /cormun/servlet/trpermisosgoce HTTP/1.1" 200 14882
200.54.247.70 - - [20/Aug/2018:10:41:18 -0300] "GET /cormun/servlet/solicitudotadjuntos?15505011b57a3d7dad04e381aa3fbf859c5062b52d0d30054cc828a6ac6b9ca8,gx-no-cache=1534772402157 HTTP/1.1" 200 30
200.54.247.70 - - [20/Aug/2018:10:41:19 -0300] "GET /cormun/servlet/solicitudotadjuntos?15505011b57a3d7dad04e381aa3fbf859c5062b52d0d30054cc828a6ac6b9ca8,gx-no-cache=1534772402262 HTTP/1.1" 200 30
200.54.247.70 - - [20/Aug/2018:10:41:20 -0300] "POST /cormun/servlet/solicitudotadjuntos?108e835b4d0ff15404be9190d64af566,INS,2018,12055,,1, HTTP/1.1" 200 116
186.67.172.234 - - [20/Aug/2018:10:41:21 -0300] "GET /cormun/servlet/permisogoce?INS,0,,, HTTP/1.1" 200 7111
200.54.247.70 - - [20/Aug/2018:10:41:21 -0300] "GET /cormun/servlet/hpexe_return? HTTP/1.1" 200 1027
186.67.172.234 - - [20/Aug/2018:10:41:21 -0300] "GET /cormun/servlet/permisogoce?INS,0,,, HTTP/1.1" 200 7111
200.54.247.70 - - [20/Aug/2018:10:41:21 -0300] "GET /cormun/servlet/trsolicitudadjuntos?2018,12055, HTTP/1.1" 200 9800
200.54.247.70 - - [20/Aug/2018:10:41:22 -0300] "GET /cormun/servlet/trsolicitudadjuntos?2018,12055, HTTP/1.1" 200 9798
200.54.247.70 - - [20/Aug/2018:10:41:24 -0300] "GET /cormun/PublicTempStorage/certificado_antecedentes1044409.pdf HTTP/1.1" 200 34450
40.77.167.88 - - [20/Aug/2018:10:41:24 -0300] "GET /cormun/servlet/hhome?_escaped_fragment_= HTTP/1.1" 200 3233
200.54.247.70 - - [20/Aug/2018:10:41:27 -0300] "GET /cormun/servlet/trsolicitudadjuntos?2018,12055, HTTP/1.1" 200 9799
200.54.247.70 - - [20/Aug/2018:10:41:27 -0300] "GET /cormun/servlet/trsolicitudadjuntos?2018,12055, HTTP/1.1" 200 9799
186.67.172.234 - - [20/Aug/2018:10:41:28 -0300] "GET /cormun/servlet/permisogoce?cc26a33485f0310eb70e17b50c13e8de4acbdbcfcfee7cbc52d01a297e3003fa34c4fa960129d77d5e95943b3a8c5f0d936ee39716ad6718d216dfa32212e22e,gx-no-cache=1534772367679 HTTP/1.1" 200 78
186.67.172.234 - - [20/Aug/2018:10:41:28 -0300] "GET /cormun/static/menuarrow.gif HTTP/1.1" 404 1015
200.54.247.70 - - [20/Aug/2018:10:41:30 -0300] "GET /cormun/servlet/solicitudotadjuntos?DLT,2018,12055,CERTIF5,0, HTTP/1.1" 200 6251
200.54.247.70 - - [20/Aug/2018:10:41:30 -0300] "GET /cormun/static/Shared/jqueryui/images/ui-bg_highlight-soft_100_c6c2c8_1x100.png HTTP/1.1" 404 1117
200.54.247.70 - - [20/Aug/2018:10:41:30 -0300] "GET /cormun/PublicTempStorage/certificado_antecedentes8788044.pdf HTTP/1.1" 200 34450
200.54.247.70 - - [20/Aug/2018:10:41:30 -0300] "GET /cormun/static/Shared/jqueryui/images/ui-icons_8d78a5_256x240.png HTTP/1.1" 404 1089
200.54.247.70 - - [20/Aug/2018:10:41:30 -0300] "GET /cormun/static/Shared/jqueryui/images/ui-icons_82798d_256x240.png HTTP/1.1" 404 1089
200.54.247.70 - - [20/Aug/2018:10:41:30 -0300] "GET /cormun/static/Shared/jqueryui/images/ui-bg_flat_55_fafafa_40x100.png HTTP/1.1" 404 1097
200.54.247.70 - - [20/Aug/2018:10:41:30 -0300] "GET /cormun/servlet/solicitudotadjuntos?DLT,2018,12055,CERTIF5,0, HTTP/1.1" 200 6245
200.54.247.70 - - [20/Aug/2018:10:41:33 -0300] "POST /cormun/servlet/solicitudotadjuntos?108e835b4d0ff15404be9190d64af566,DLT,2018,12055,CERTIF5,0,,gx-no-cache=1534772416920 HTTP/1.1" 200 93
200.54.247.70 - - [20/Aug/2018:10:41:33 -0300] "GET /cormun/servlet/hpexe_return? HTTP/1.1" 200 1034
200.54.247.70 - - [20/Aug/2018:10:41:33 -0300] "GET /cormun/servlet/trsolicitudadjuntos?2018,12055, HTTP/1.1" 200 9549
200.54.247.70 - - [20/Aug/2018:10:41:34 -0300] "GET /cormun/servlet/trsolicitudadjuntos?2018,12055, HTTP/1.1" 200 9549
186.67.172.234 - - [20/Aug/2018:10:41:35 -0300] "GET /cormun/servlet/permisogoce?cc26a33485f0310eb70e17b50c13e8decc9db2ad81dd0b84142c1a5980d6ac683139565e806266833cb6eaf7e559597484c2df45e43b20ded8601dcefeca0cdd,gx-no-cache=1534772375167 HTTP/1.1" 200 47
200.54.247.70 - - [20/Aug/2018:10:41:36 -0300] "GET /cormun/servlet/solicitudotadjuntos?INS,2018,12055,,1, HTTP/1.1" 200 6274
200.54.247.70 - - [20/Aug/2018:10:41:36 -0300] "GET /cormun/servlet/solicitudotadjuntos?INS,2018,12055,,1, HTTP/1.1" 200 6268
200.54.247.70 - - [20/Aug/2018:10:41:37 -0300] "GET /cormun/static/about:blank HTTP/1.1" 404 1011
200.54.247.70 - - [20/Aug/2018:10:41:37 -0300] "GET /cormun/servlet/solicitudotadjuntos?15505011b57a3d7dad04e381aa3fbf8544ea41ce300bc0b0f41dac191112c30a19fcc606a009f6fd9fb39f853371455f,gx-no-cache=1534772421009 HTTP/1.1" 200 30
200.54.247.70 - - [20/Aug/2018:10:41:38 -0300] "POST /cormun/servlet/solicitudotadjuntos?108e835b4d0ff15404be9190d64af566,INS,2018,12055,,1,,gx-no-cache=1534772421135 HTTP/1.1" 200 3981
186.67.172.234 - - [20/Aug/2018:10:41:38 -0300] "POST /cormun/servlet/permisogoce?d689f26e596b598095e8b37edb3f892c,INS,0,,,,gx-no-cache=1534772377923 HTTP/1.1" 200 93
186.67.172.234 - - [20/Aug/2018:10:41:39 -0300] "GET /cormun/servlet/hpexe_return? HTTP/1.1" 200 1006
186.67.172.234 - - [20/Aug/2018:10:41:39 -0300] "GET /cormun/servlet/trpermisosgoce HTTP/1.1" 200 15117
186.67.172.234 - - [20/Aug/2018:10:41:40 -0300] "GET /cormun/servlet/trpermisosgoce HTTP/1.1" 200 15108
200.54.247.70 - - [20/Aug/2018:10:41:40 -0300] "POST /cormun/servlet/solicitudotadjuntos?gx-no-cache=1534772424266 HTTP/1.1" 200 26
186.67.172.234 - - [20/Aug/2018:10:41:51 -0300] "GET /cormun/servlet/trpermisosadjuntos?17526557,20180820103612,P, HTTP/1.1" 200 6554
186.67.172.234 - - [20/Aug/2018:10:41:52 -0300] "GET /cormun/servlet/trpermisosadjuntos?17526557,20180820103612,P, HTTP/1.1" 200 6554
186.67.172.234 - - [20/Aug/2018:10:41:53 -0300] "GET /cormun/servlet/permisosadjuntos?INS,17526557,P,20180820103612,, HTTP/1.1" 200 5883
186.67.172.234 - - [20/Aug/2018:10:41:53 -0300] "GET /cormun/static/about:blank HTTP/1.1" 404 1011
186.67.172.234 - - [20/Aug/2018:10:41:53 -0300] "GET /cormun/servlet/permisosadjuntos?INS,17526557,P,20180820103612,, HTTP/1.1" 200 5873
186.67.172.234 - - [20/Aug/2018:10:41:59 -0300] "POST /cormun/servlet/permisosadjuntos?d689f26e596b598095e8b37edb3f892c,INS,17526557,P,20180820103612,, HTTP/1.1" 200 116
186.67.172.234 - - [20/Aug/2018:10:41:59 -0300] "GET /cormun/servlet/hpexe_return? HTTP/1.1" 200 1033
186.67.172.234 - - [20/Aug/2018:10:41:59 -0300] "GET /cormun/servlet/trpermisosadjuntos?17526557,20180820103612,P, HTTP/1.1" 200 7052
186.67.172.234 - - [20/Aug/2018:10:42:00 -0300] "GET /cormun/servlet/trpermisosadjuntos?17526557,20180820103612,P, HTTP/1.1" 200 7050
200.54.247.70 - - [20/Aug/2018:10:42:01 -0300] "GET /cormun/servlet/solicitudotadjuntos?15505011b57a3d7dad04e381aa3fbf859c5062b52d0d30054cc828a6ac6b9ca8,gx-no-cache=1534772445085 HTTP/1.1" 200 30
200.54.247.70 - - [20/Aug/2018:10:42:01 -0300] "GET /cormun/servlet/solicitudotadjuntos?15505011b57a3d7dad04e381aa3fbf859c5062b52d0d30054cc828a6ac6b9ca8,gx-no-cache=1534772445183 HTTP/1.1" 200 30
200.54.247.70 - - [20/Aug/2018:10:42:01 -0300] "POST /cormun/servlet/solicitudotadjuntos?108e835b4d0ff15404be9190d64af566,INS,2018,12055,,1, HTTP/1.1" 200 116
200.54.247.70 - - [20/Aug/2018:10:42:01 -0300] "GET /cormun/servlet/hpexe_return? HTTP/1.1" 200 1027
200.54.247.70 - - [20/Aug/2018:10:42:02 -0300] "GET /cormun/servlet/trsolicitudadjuntos?2018,12055, HTTP/1.1" 200 9807
200.54.247.70 - - [20/Aug/2018:10:42:03 -0300] "GET /cormun/servlet/trsolicitudadjuntos?2018,12055, HTTP/1.1" 200 9804
186.67.172.234 - - [20/Aug/2018:10:42:05 -0300] "POST /cormun/servlet/trpermisosadjuntos?d689f26e596b598095e8b37edb3f892c,17526557,20180820103612,P,,gx-no-cache=1534772402154 HTTP/1.1" 200 90
186.67.172.234 - - [20/Aug/2018:10:42:05 -0300] "GET /cormun/servlet/hpexe_link HTTP/1.1" 200 978
186.67.172.234 - - [20/Aug/2018:10:42:05 -0300] "GET /cormun/servlet/trpermisosgoce HTTP/1.1" 200 15104
186.67.172.234 - - [20/Aug/2018:10:42:06 -0300] "GET /cormun/servlet/trpermisosgoce HTTP/1.1" 200 15106
186.67.172.234 - - [20/Aug/2018:10:42:12 -0300] "GET /cormun/servlet/trpermisosadjuntos?9242785,20180820103645,P, HTTP/1.1" 200 6562
200.54.247.70 - - [20/Aug/2018:10:42:14 -0300] "GET /cormun/PublicTempStorage/certificado_antecedentes456004.pdf HTTP/1.1" 200 34450
186.67.172.234 - - [20/Aug/2018:10:42:14 -0300] "GET /cormun/servlet/trpermisosadjuntos?9242785,20180820103645,P, HTTP/1.1" 200 6562
186.67.172.234 - - [20/Aug/2018:10:42:16 -0300] "GET /cormun/servlet/permisosadjuntos?INS,9242785,P,20180820103645,, HTTP/1.1" 200 5888
186.67.172.234 - - [20/Aug/2018:10:42:16 -0300] "GET /cormun/static/about:blank HTTP/1.1" 404 1011
186.67.172.234 - - [20/Aug/2018:10:42:16 -0300] "GET /cormun/servlet/permisosadjuntos?INS,9242785,P,20180820103645,, HTTP/1.1" 200 5878
200.54.247.70 - - [20/Aug/2018:10:42:19 -0300] "GET /cormun/servlet/trsolicitudadjuntos?2018,12055, HTTP/1.1" 200 9807
200.54.247.70 - - [20/Aug/2018:10:42:19 -0300] "GET /cormun/servlet/trsolicitudadjuntos?2018,12055, HTTP/1.1" 200 9804
200.54.247.70 - - [20/Aug/2018:10:42:21 -0300] "GET /cormun/servlet/solicitudotadjuntos?DLT,2018,12055,CERTIF5,0, HTTP/1.1" 200 6249
200.54.247.70 - - [20/Aug/2018:10:42:22 -0300] "GET /cormun/static/Shared/jqueryui/images/ui-bg_highlight-soft_100_c6c2c8_1x100.png HTTP/1.1" 404 1117
200.54.247.70 - - [20/Aug/2018:10:42:22 -0300] "GET /cormun/PublicTempStorage/certificado_antecedentes900511.pdf HTTP/1.1" 200 34450
200.54.247.70 - - [20/Aug/2018:10:42:22 -0300] "GET /cormun/static/Shared/jqueryui/images/ui-icons_82798d_256x240.png HTTP/1.1" 404 1089
200.54.247.70 - - [20/Aug/2018:10:42:22 -0300] "GET /cormun/static/Shared/jqueryui/images/ui-icons_8d78a5_256x240.png HTTP/1.1" 404 1089
200.54.247.70 - - [20/Aug/2018:10:42:22 -0300] "GET /cormun/static/Shared/jqueryui/images/ui-bg_flat_55_fafafa_40x100.png HTTP/1.1" 404 1097
200.54.247.70 - - [20/Aug/2018:10:42:23 -0300] "GET /cormun/servlet/solicitudotadjuntos?DLT,2018,12055,CERTIF5,0, HTTP/1.1" 200 6245
200.54.247.70 - - [20/Aug/2018:10:42:24 -0300] "POST /cormun/servlet/solicitudotadjuntos?108e835b4d0ff15404be9190d64af566,DLT,2018,12055,CERTIF5,0,,gx-no-cache=1534772467594 HTTP/1.1" 200 93
200.54.247.70 - - [20/Aug/2018:10:42:24 -0300] "GET /cormun/servlet/hpexe_return? HTTP/1.1" 200 1034
186.67.172.234 - - [20/Aug/2018:10:42:24 -0300] "POST /cormun/servlet/permisosadjuntos?d689f26e596b598095e8b37edb3f892c,INS,9242785,P,20180820103645,, HTTP/1.1" 200 116
186.67.172.234 - - [20/Aug/2018:10:42:24 -0300] "GET /cormun/servlet/hpexe_return? HTTP/1.1" 200 1033
200.54.247.70 - - [20/Aug/2018:10:42:24 -0300] "GET /cormun/servlet/trsolicitudadjuntos?2018,12055, HTTP/1.1" 200 9551
186.67.172.234 - - [20/Aug/2018:10:42:24 -0300] "GET /cormun/servlet/trpermisosadjuntos?9242785,20180820103645,P, HTTP/1.1" 200 7049
186.67.172.234 - - [20/Aug/2018:10:42:24 -0300] "GET /cormun/servlet/trpermisosadjuntos?9242785,20180820103645,P, HTTP/1.1" 200 7048
200.54.247.70 - - [20/Aug/2018:10:42:25 -0300] "GET /cormun/servlet/trsolicitudadjuntos?2018,12055, HTTP/1.1" 200 9548
186.67.172.234 - - [20/Aug/2018:10:42:27 -0300] "POST /cormun/servlet/trpermisosadjuntos?d689f26e596b598095e8b37edb3f892c,9242785,20180820103645,P,,gx-no-cache=1534772426952 HTTP/1.1" 200 90
186.67.172.234 - - [20/Aug/2018:10:42:27 -0300] "GET /cormun/servlet/hpexe_link HTTP/1.1" 200 979
186.67.172.234 - - [20/Aug/2018:10:42:27 -0300] "GET /cormun/servlet/trpermisosgoce HTTP/1.1" 200 15104
186.67.172.234 - - [20/Aug/2018:10:42:28 -0300] "GET /cormun/servlet/trpermisosgoce HTTP/1.1" 200 15091
186.67.172.234 - - [20/Aug/2018:10:42:34 -0300] "GET /cormun/servlet/trpermisosadjuntos?18039691,20180820103713,P, HTTP/1.1" 200 6557
186.67.172.234 - - [20/Aug/2018:10:42:34 -0300] "GET /cormun/servlet/trpermisosadjuntos?18039691,20180820103713,P, HTTP/1.1" 200 6557
186.67.172.234 - - [20/Aug/2018:10:42:35 -0300] "GET /cormun/servlet/permisosadjuntos?INS,18039691,P,20180820103713,, HTTP/1.1" 200 5885
186.67.172.234 - - [20/Aug/2018:10:42:36 -0300] "GET /cormun/static/about:blank HTTP/1.1" 404 1011
186.67.172.234 - - [20/Aug/2018:10:42:36 -0300] "GET /cormun/servlet/permisosadjuntos?INS,18039691,P,20180820103713,, HTTP/1.1" 200 5875
186.67.172.234 - - [20/Aug/2018:10:42:43 -0300] "POST /cormun/servlet/permisosadjuntos?d689f26e596b598095e8b37edb3f892c,INS,18039691,P,20180820103713,, HTTP/1.1" 200 116
186.67.172.234 - - [20/Aug/2018:10:42:43 -0300] "GET /cormun/servlet/hpexe_return? HTTP/1.1" 200 1033
186.67.172.234 - - [20/Aug/2018:10:42:43 -0300] "GET /cormun/servlet/trpermisosadjuntos?18039691,20180820103713,P, HTTP/1.1" 200 7064
186.67.172.234 - - [20/Aug/2018:10:42:44 -0300] "GET /cormun/servlet/trpermisosadjuntos?18039691,20180820103713,P, HTTP/1.1" 200 7059
200.54.247.70 - - [20/Aug/2018:10:42:50 -0300] "GET /cormun/servlet/solicitudotadjuntos?INS,2018,12055,,1, HTTP/1.1" 200 6274
200.54.247.70 - - [20/Aug/2018:10:42:51 -0300] "GET /cormun/static/about:blank HTTP/1.1" 404 1011
200.54.247.70 - - [20/Aug/2018:10:42:51 -0300] "GET /cormun/servlet/solicitudotadjuntos?INS,2018,12055,,1, HTTP/1.1" 200 6268
200.54.247.70 - - [20/Aug/2018:10:42:51 -0300] "GET /cormun/servlet/solicitudotadjuntos?15505011b57a3d7dad04e381aa3fbf8544ea41ce300bc0b0f41dac191112c30a19fcc606a009f6fd9fb39f853371455f,gx-no-cache=1534772495610 HTTP/1.1" 200 30
200.54.247.70 - - [20/Aug/2018:10:42:52 -0300] "POST /cormun/servlet/solicitudotadjuntos?108e835b4d0ff15404be9190d64af566,INS,2018,12055,,1,,gx-no-cache=1534772495652 HTTP/1.1" 200 3981
200.54.247.70 - - [20/Aug/2018:10:42:54 -0300] "POST /cormun/servlet/solicitudotadjuntos?gx-no-cache=1534772498391 HTTP/1.1" 200 26
186.67.172.234 - - [20/Aug/2018:10:42:56 -0300] "POST /cormun/servlet/trpermisosadjuntos?d689f26e596b598095e8b37edb3f892c,18039691,20180820103713,P,,gx-no-cache=1534772455434 HTTP/1.1" 200 90
186.67.172.234 - - [20/Aug/2018:10:42:56 -0300] "GET /cormun/servlet/hpexe_link HTTP/1.1" 200 979
186.67.172.234 - - [20/Aug/2018:10:42:56 -0300] "GET /cormun/servlet/trpermisosgoce HTTP/1.1" 200 15107
186.67.172.234 - - [20/Aug/2018:10:42:56 -0300] "GET /cormun/servlet/trpermisosgoce HTTP/1.1" 200 15104
200.54.247.70 - - [20/Aug/2018:10:43:06 -0300] "GET /cormun/servlet/solicitudotadjuntos?15505011b57a3d7dad04e381aa3fbf859c5062b52d0d30054cc828a6ac6b9ca8,gx-no-cache=1534772510576 HTTP/1.1" 200 30
200.54.247.70 - - [20/Aug/2018:10:43:07 -0300] "GET /cormun/servlet/solicitudotadjuntos?15505011b57a3d7dad04e381aa3fbf859c5062b52d0d30054cc828a6ac6b9ca8,gx-no-cache=1534772510672 HTTP/1.1" 200 30
200.54.247.70 - - [20/Aug/2018:10:43:07 -0300] "POST /cormun/servlet/solicitudotadjuntos?108e835b4d0ff15404be9190d64af566,INS,2018,12055,,1, HTTP/1.1" 200 116
200.54.247.70 - - [20/Aug/2018:10:43:07 -0300] "GET /cormun/servlet/hpexe_return? HTTP/1.1" 200 1027
200.54.247.70 - - [20/Aug/2018:10:43:08 -0300] "GET /cormun/servlet/trsolicitudadjuntos?2018,12055, HTTP/1.1" 200 9793
200.54.247.70 - - [20/Aug/2018:10:43:08 -0300] "GET /cormun/servlet/trsolicitudadjuntos?2018,12055, HTTP/1.1" 200 9793
186.67.172.234 - - [20/Aug/2018:10:43:09 -0300] "GET /cormun/servlet/trpermisosadjuntos?15317616,20180820103739,P, HTTP/1.1" 200 6558
186.67.172.234 - - [20/Aug/2018:10:43:09 -0300] "GET /cormun/servlet/trpermisosadjuntos?15317616,20180820103739,P, HTTP/1.1" 200 6556
200.54.247.70 - - [20/Aug/2018:10:43:10 -0300] "GET /cormun/servlet/solicitudotadjuntos?INS,2018,12055,,1, HTTP/1.1" 200 6274
200.54.247.70 - - [20/Aug/2018:10:43:11 -0300] "GET /cormun/static/about:blank HTTP/1.1" 404 1011
200.54.247.70 - - [20/Aug/2018:10:43:11 -0300] "GET /cormun/servlet/solicitudotadjuntos?INS,2018,12055,,1, HTTP/1.1" 200 6268
200.54.247.70 - - [20/Aug/2018:10:43:11 -0300] "GET /cormun/servlet/solicitudotadjuntos?15505011b57a3d7dad04e381aa3fbf8544ea41ce300bc0b0f41dac191112c30a19fcc606a009f6fd9fb39f853371455f,gx-no-cache=1534772515429 HTTP/1.1" 200 30
186.67.172.234 - - [20/Aug/2018:10:43:11 -0300] "GET /cormun/servlet/permisosadjuntos?INS,15317616,P,20180820103739,, HTTP/1.1" 200 5883
186.67.172.234 - - [20/Aug/2018:10:43:11 -0300] "GET /cormun/static/about:blank HTTP/1.1" 404 1011
200.54.247.70 - - [20/Aug/2018:10:43:11 -0300] "POST /cormun/servlet/solicitudotadjuntos?108e835b4d0ff15404be9190d64af566,INS,2018,12055,,1,,gx-no-cache=1534772515515 HTTP/1.1" 200 3981
186.67.172.234 - - [20/Aug/2018:10:43:12 -0300] "GET /cormun/servlet/permisosadjuntos?INS,15317616,P,20180820103739,, HTTP/1.1" 200 5873
200.54.247.70 - - [20/Aug/2018:10:43:13 -0300] "POST /cormun/servlet/solicitudotadjuntos?gx-no-cache=1534772517482 HTTP/1.1" 200 26
186.67.172.234 - - [20/Aug/2018:10:43:19 -0300] "POST /cormun/servlet/permisosadjuntos?d689f26e596b598095e8b37edb3f892c,INS,15317616,P,20180820103739,, HTTP/1.1" 200 116
186.67.172.234 - - [20/Aug/2018:10:43:19 -0300] "GET /cormun/servlet/hpexe_return? HTTP/1.1" 200 1033
186.67.172.234 - - [20/Aug/2018:10:43:19 -0300] "GET /cormun/servlet/trpermisosadjuntos?15317616,20180820103739,P, HTTP/1.1" 200 7047
186.67.172.234 - - [20/Aug/2018:10:43:20 -0300] "GET /cormun/servlet/trpermisosadjuntos?15317616,20180820103739,P, HTTP/1.1" 200 7044
186.67.172.234 - - [20/Aug/2018:10:43:22 -0300] "POST /cormun/servlet/trpermisosadjuntos?d689f26e596b598095e8b37edb3f892c,15317616,20180820103739,P,,gx-no-cache=1534772481914 HTTP/1.1" 200 90
186.67.172.234 - - [20/Aug/2018:10:43:22 -0300] "GET /cormun/servlet/hpexe_link HTTP/1.1" 200 979
186.67.172.234 - - [20/Aug/2018:10:43:22 -0300] "GET /cormun/servlet/trpermisosgoce HTTP/1.1" 200 15105
186.67.172.234 - - [20/Aug/2018:10:43:23 -0300] "GET /cormun/servlet/trpermisosgoce HTTP/1.1" 200 15110
186.67.172.234 - - [20/Aug/2018:10:43:26 -0300] "POST /cormun/servlet/trpermisosgoce?d689f26e596b598095e8b37edb3f892c,gx-no-cache=1534772485827 HTTP/1.1" 200 12262
186.67.172.234 - - [20/Aug/2018:10:43:26 -0300] "GET /cormun/static/Shared/jqueryui/images/ui-bg_highlight-soft_100_c6c2c8_1x100.png HTTP/1.1" 404 1117
186.67.172.234 - - [20/Aug/2018:10:43:26 -0300] "GET /cormun/static/Shared/jqueryui/images/ui-icons_82798d_256x240.png HTTP/1.1" 404 1089
186.67.172.234 - - [20/Aug/2018:10:43:26 -0300] "GET /cormun/static/Shared/jqueryui/images/ui-icons_8d78a5_256x240.png HTTP/1.1" 404 1089
186.67.172.234 - - [20/Aug/2018:10:43:26 -0300] "GET /cormun/static/Shared/jqueryui/images/ui-bg_flat_55_fafafa_40x100.png HTTP/1.1" 404 1097
200.54.247.70 - - [20/Aug/2018:10:43:28 -0300] "GET /cormun/servlet/solicitudotadjuntos?15505011b57a3d7dad04e381aa3fbf859c5062b52d0d30054cc828a6ac6b9ca8,gx-no-cache=1534772532264 HTTP/1.1" 200 30
200.54.247.70 - - [20/Aug/2018:10:43:28 -0300] "GET /cormun/servlet/solicitudotadjuntos?15505011b57a3d7dad04e381aa3fbf859c5062b52d0d30054cc828a6ac6b9ca8,gx-no-cache=1534772532374 HTTP/1.1" 200 30
200.54.247.70 - - [20/Aug/2018:10:43:29 -0300] "POST /cormun/servlet/solicitudotadjuntos?108e835b4d0ff15404be9190d64af566,INS,2018,12055,,1, HTTP/1.1" 200 116
200.54.247.70 - - [20/Aug/2018:10:43:29 -0300] "GET /cormun/servlet/hpexe_return? HTTP/1.1" 200 1027
186.67.172.234 - - [20/Aug/2018:10:43:29 -0300] "POST /cormun/servlet/trpermisosgoce?d689f26e596b598095e8b37edb3f892c,gx-no-cache=1534772488274 HTTP/1.1" 200 12240
200.54.247.70 - - [20/Aug/2018:10:43:30 -0300] "GET /cormun/servlet/trsolicitudadjuntos?2018,12055, HTTP/1.1" 200 10033
200.54.247.70 - - [20/Aug/2018:10:43:31 -0300] "GET /cormun/servlet/trsolicitudadjuntos?2018,12055, HTTP/1.1" 200 10030
186.67.172.234 - - [20/Aug/2018:10:43:32 -0300] "POST /cormun/servlet/trpermisosgoce?d689f26e596b598095e8b37edb3f892c,gx-no-cache=1534772491236 HTTP/1.1" 200 12217
200.54.247.70 - - [20/Aug/2018:10:43:33 -0300] "GET /cormun/PublicTempStorage/carnet_de_identidad_elena_araya5843197.pdf HTTP/1.1" 200 312383
186.67.172.234 - - [20/Aug/2018:10:43:34 -0300] "POST /cormun/servlet/trpermisosgoce?d689f26e596b598095e8b37edb3f892c,gx-no-cache=1534772493648 HTTP/1.1" 200 12181
186.67.172.234 - - [20/Aug/2018:10:43:38 -0300] "GET /cormun/servlet/trautorizarpermisogoce? HTTP/1.1" 200 8653
186.67.172.234 - - [20/Aug/2018:10:43:38 -0300] "GET /cormun/static/gxcfg.js?20177612165975 HTTP/1.1" 200 953
186.67.172.234 - - [20/Aug/2018:10:43:39 -0300] "GET /cormun/servlet/trautorizarpermisogoce? HTTP/1.1" 200 8653
200.54.247.70 - - [20/Aug/2018:10:43:39 -0300] "GET /cormun/servlet/trsolicitudadjuntos?2018,12055, HTTP/1.1" 200 10031
200.54.247.70 - - [20/Aug/2018:10:43:40 -0300] "GET /cormun/servlet/trsolicitudadjuntos?2018,12055, HTTP/1.1" 200 10029
186.67.172.234 - - [20/Aug/2018:10:43:41 -0300] "POST /cormun/servlet/trautorizarpermisogoce?d689f26e596b598095e8b37edb3f892c,,gx-no-cache=1534772500740 HTTP/1.1" 200 5601
186.67.172.234 - - [20/Aug/2018:10:43:41 -0300] "GET /cormun/static/Shared/jqueryui/images/ui-icons_82798d_256x240.png HTTP/1.1" 404 1089
186.67.172.234 - - [20/Aug/2018:10:43:41 -0300] "GET /cormun/static/Shared/jqueryui/images/ui-bg_highlight-soft_100_c6c2c8_1x100.png HTTP/1.1" 404 1117
186.67.172.234 - - [20/Aug/2018:10:43:41 -0300] "GET /cormun/static/Shared/jqueryui/images/ui-bg_flat_55_fafafa_40x100.png HTTP/1.1" 404 1097
186.67.172.234 - - [20/Aug/2018:10:43:41 -0300] "GET /cormun/static/Shared/jqueryui/images/ui-icons_8d78a5_256x240.png HTTP/1.1" 404 1089
200.54.247.70 - - [20/Aug/2018:10:43:41 -0300] "GET /cormun/PublicTempStorage/doc009873201808201037526662335.pdf HTTP/1.1" 200 164596
186.67.172.234 - - [20/Aug/2018:10:43:43 -0300] "POST /cormun/servlet/trautorizarpermisogoce?d689f26e596b598095e8b37edb3f892c,,gx-no-cache=1534772502647 HTTP/1.1" 200 5380
200.54.247.70 - - [20/Aug/2018:10:43:44 -0300] "GET /cormun/servlet/trsolicitudadjuntos?2018,12055, HTTP/1.1" 200 10024
186.67.172.234 - - [20/Aug/2018:10:43:44 -0300] "POST /cormun/servlet/trautorizarpermisogoce?d689f26e596b598095e8b37edb3f892c,,gx-no-cache=1534772503904 HTTP/1.1" 200 5127
200.54.247.70 - - [20/Aug/2018:10:43:45 -0300] "GET /cormun/servlet/trsolicitudadjuntos?2018,12055, HTTP/1.1" 200 10028
186.67.172.234 - - [20/Aug/2018:10:43:46 -0300] "POST /cormun/servlet/trautorizarpermisogoce?d689f26e596b598095e8b37edb3f892c,,gx-no-cache=1534772504937 HTTP/1.1" 200 4366
200.54.247.70 - - [20/Aug/2018:10:43:46 -0300] "GET /cormun/PublicTempStorage/doc009874201808201040149040172.pdf HTTP/1.1" 200 190407
200.54.247.70 - - [20/Aug/2018:10:43:48 -0300] "GET /cormun/servlet/trsolicitudadjuntos?2018,12055, HTTP/1.1" 200 10035
200.54.247.70 - - [20/Aug/2018:10:43:49 -0300] "GET /cormun/servlet/trsolicitudadjuntos?2018,12055, HTTP/1.1" 200 10031
200.54.247.70 - - [20/Aug/2018:10:43:51 -0300] "GET /cormun/PublicTempStorage/isapre8438728.pdf HTTP/1.1" 200 330272
200.54.247.70 - - [20/Aug/2018:10:43:52 -0300] "GET /cormun/servlet/trsolicitudadjuntos?2018,12055, HTTP/1.1" 200 10033
200.54.247.70 - - [20/Aug/2018:10:43:53 -0300] "GET /cormun/servlet/trsolicitudadjuntos?2018,12055, HTTP/1.1" 200 10025
200.54.247.70 - - [20/Aug/2018:10:43:54 -0300] "GET /cormun/PublicTempStorage/doc009875201808201042505253168.pdf HTTP/1.1" 200 163380
200.54.247.70 - - [20/Aug/2018:10:43:57 -0300] "GET /cormun/servlet/trsolicitudadjuntos?2018,12055, HTTP/1.1" 200 10027
200.54.247.70 - - [20/Aug/2018:10:43:58 -0300] "GET /cormun/servlet/trsolicitudadjuntos?2018,12055, HTTP/1.1" 200 10030
200.54.247.70 - - [20/Aug/2018:10:44:00 -0300] "POST /cormun/servlet/trsolicitudadjuntos?108e835b4d0ff15404be9190d64af566,2018,12055,,gx-no-cache=1534772564221 HTTP/1.1" 200 90
200.54.247.70 - - [20/Aug/2018:10:44:00 -0300] "GET /cormun/servlet/hpexe_link HTTP/1.1" 200 971
200.54.247.70 - - [20/Aug/2018:10:44:01 -0300] "GET /cormun/servlet/trsolicitudot? HTTP/1.1" 200 8803
200.54.247.70 - - [20/Aug/2018:10:44:01 -0300] "GET /cormun/servlet/trsolicitudot? HTTP/1.1" 200 8802
200.54.247.70 - - [20/Aug/2018:10:44:04 -0300] "POST /cormun/servlet/trsolicitudot?108e835b4d0ff15404be9190d64af566,,gx-no-cache=1534772567515 HTTP/1.1" 200 4672
200.54.247.70 - - [20/Aug/2018:10:44:04 -0300] "GET /cormun/static/Shared/jqueryui/images/ui-bg_highlight-soft_100_c6c2c8_1x100.png HTTP/1.1" 404 1117
200.54.247.70 - - [20/Aug/2018:10:44:04 -0300] "GET /cormun/static/Shared/jqueryui/images/ui-bg_flat_55_fafafa_40x100.png HTTP/1.1" 404 1097
200.54.247.70 - - [20/Aug/2018:10:44:04 -0300] "GET /cormun/static/Shared/jqueryui/images/ui-icons_82798d_256x240.png HTTP/1.1" 404 1089
200.54.247.70 - - [20/Aug/2018:10:44:04 -0300] "GET /cormun/static/Shared/jqueryui/images/ui-icons_8d78a5_256x240.png HTTP/1.1" 404 1089
200.54.247.70 - - [20/Aug/2018:10:44:04 -0300] "POST /cormun/servlet/trsolicitudot?108e835b4d0ff15404be9190d64af566,,gx-no-cache=1534772568087 HTTP/1.1" 200 4449
200.54.247.70 - - [20/Aug/2018:10:44:09 -0300] "GET /cormun/servlet/trautorizarsolicitud? HTTP/1.1" 200 8697
200.54.247.70 - - [20/Aug/2018:10:44:09 -0300] "GET /cormun/static/gxcfg.js?2017111423403364 HTTP/1.1" 200 953
200.54.247.70 - - [20/Aug/2018:10:44:09 -0300] "GET /cormun/static/trautorizarsolicitud.js?201711142340425 HTTP/1.1" 200 53910
200.54.247.70 - - [20/Aug/2018:10:44:09 -0300] "GET /cormun/servlet/trautorizarsolicitud? HTTP/1.1" 200 8697
200.54.247.70 - - [20/Aug/2018:10:44:13 -0300] "POST /cormun/servlet/trautorizarsolicitud?108e835b4d0ff15404be9190d64af566,,gx-no-cache=1534772576784 HTTP/1.1" 200 4605
200.54.247.70 - - [20/Aug/2018:10:44:13 -0300] "GET /cormun/static/Shared/jqueryui/images/ui-icons_82798d_256x240.png HTTP/1.1" 404 1089
200.54.247.70 - - [20/Aug/2018:10:44:13 -0300] "GET /cormun/static/Shared/jqueryui/images/ui-bg_flat_55_fafafa_40x100.png HTTP/1.1" 404 1097
200.54.247.70 - - [20/Aug/2018:10:44:13 -0300] "GET /cormun/static/Shared/jqueryui/images/ui-bg_highlight-soft_100_c6c2c8_1x100.png HTTP/1.1" 404 1117
200.54.247.70 - - [20/Aug/2018:10:44:13 -0300] "GET /cormun/static/Shared/jqueryui/images/ui-icons_8d78a5_256x240.png HTTP/1.1" 404 1089
200.54.247.70 - - [20/Aug/2018:10:44:13 -0300] "POST /cormun/servlet/trautorizarsolicitud?108e835b4d0ff15404be9190d64af566,,gx-no-cache=1534772577050 HTTP/1.1" 200 4385
200.54.247.70 - - [20/Aug/2018:10:44:21 -0300] "POST /cormun/servlet/trautorizarsolicitud?108e835b4d0ff15404be9190d64af566,,gx-no-cache=1534772585533 HTTP/1.1" 200 6631
200.54.247.70 - - [20/Aug/2018:10:44:24 -0300] "POST /cormun/servlet/trautorizarsolicitud?108e835b4d0ff15404be9190d64af566,,gx-no-cache=1534772588170 HTTP/1.1" 200 6643
200.54.247.70 - - [20/Aug/2018:10:44:28 -0300] "GET /cormun/servlet/trautorizarsolicitud? HTTP/1.1" 200 9548
200.54.247.70 - - [20/Aug/2018:10:44:28 -0300] "GET /cormun/servlet/trautorizarsolicitud? HTTP/1.1" 200 9548
200.54.247.70 - - [20/Aug/2018:10:44:31 -0300] "POST /cormun/servlet/trautorizarsolicitud?108e835b4d0ff15404be9190d64af566,,gx-no-cache=1534772594830 HTTP/1.1" 200 6641
200.54.247.70 - - [20/Aug/2018:10:44:31 -0300] "GET /cormun/static/Shared/jqueryui/images/ui-icons_82798d_256x240.png HTTP/1.1" 404 1089
200.54.247.70 - - [20/Aug/2018:10:44:31 -0300] "GET /cormun/static/Shared/jqueryui/images/ui-bg_highlight-soft_100_c6c2c8_1x100.png HTTP/1.1" 404 1117
200.54.247.70 - - [20/Aug/2018:10:44:31 -0300] "GET /cormun/static/Shared/jqueryui/images/ui-bg_flat_55_fafafa_40x100.png HTTP/1.1" 404 1097
200.54.247.70 - - [20/Aug/2018:10:44:31 -0300] "GET /cormun/static/Shared/jqueryui/images/ui-icons_8d78a5_256x240.png HTTP/1.1" 404 1089
200.54.247.70 - - [20/Aug/2018:10:44:37 -0300] "POST /cormun/servlet/trautorizarsolicitud?108e835b4d0ff15404be9190d64af566,,gx-no-cache=1534772601239 HTTP/1.1" 200 4400
200.54.247.70 - - [20/Aug/2018:10:44:39 -0300] "POST /cormun/servlet/trautorizarsolicitud?108e835b4d0ff15404be9190d64af566,,gx-no-cache=1534772603177 HTTP/1.1" 200 4400
200.54.247.70 - - [20/Aug/2018:10:44:42 -0300] "POST /cormun/servlet/trautorizarsolicitud?108e835b4d0ff15404be9190d64af566,,gx-no-cache=1534772606164 HTTP/1.1" 200 6629
200.54.247.70 - - [20/Aug/2018:10:44:44 -0300] "POST /cormun/servlet/trautorizarsolicitud?108e835b4d0ff15404be9190d64af566,,gx-no-cache=1534772608151 HTTP/1.1" 200 6641
200.54.247.70 - - [20/Aug/2018:10:44:48 -0300] "POST /cormun/servlet/trautorizarsolicitud?108e835b4d0ff15404be9190d64af566,,gx-no-cache=1534772612198 HTTP/1.1" 200 6640
186.67.172.234 - - [20/Aug/2018:10:45:40 -0300] "POST /cormun/servlet/trlicencias?61fb183a8f02fb47f5ce0aa2a1d3b87e,gx-no-cache=1534772572987 HTTP/1.1" 200 8912
192.168.10.96 - - [20/Aug/2018:10:46:32 -0300] "GET /cormun/servlet/vesolicitudgral?2018,11960,,SolicitudOTAdjuntos HTTP/1.1" 200 11612
192.168.10.96 - - [20/Aug/2018:10:46:33 -0300] "GET /cormun/servlet/vesolicitudgral?2018,11960,,SolicitudOTAdjuntos HTTP/1.1" 200 11611
192.168.10.96 - - [20/Aug/2018:10:46:34 -0300] "POST /cormun/servlet/acontrolpreferencessavestate?None,DZAMUDIO,true HTTP/1.1" 200 35
192.168.10.96 - - [20/Aug/2018:10:46:34 -0300] "GET /cormun/servlet/trsolicitudgral? HTTP/1.1" 200 13707
192.168.10.96 - - [20/Aug/2018:10:46:35 -0300] "GET /cormun/servlet/trsolicitudgral? HTTP/1.1" 200 13701
192.168.10.96 - - [20/Aug/2018:10:46:39 -0300] "POST /cormun/servlet/trsolicitudgral?339d5fc39d65187ff1e136f0297a585a,,gx-no-cache=1534772577385 HTTP/1.1" 200 7784
192.168.10.96 - - [20/Aug/2018:10:46:44 -0300] "POST /cormun/servlet/trsolicitudgral?339d5fc39d65187ff1e136f0297a585a,,gx-no-cache=1534772582358 HTTP/1.1" 200 7783
192.168.10.96 - - [20/Aug/2018:10:46:50 -0300] "POST /cormun/servlet/trsolicitudgral?339d5fc39d65187ff1e136f0297a585a,,gx-no-cache=1534772588582 HTTP/1.1" 200 7784
192.168.10.96 - - [20/Aug/2018:10:47:01 -0300] "POST /cormun/servlet/trsolicitudgral?339d5fc39d65187ff1e136f0297a585a,,gx-no-cache=1534772599246 HTTP/1.1" 200 8116
192.168.10.96 - - [20/Aug/2018:10:47:02 -0300] "POST /cormun/servlet/trsolicitudgral?339d5fc39d65187ff1e136f0297a585a,,gx-no-cache=1534772600320 HTTP/1.1" 200 8116
192.168.10.96 - - [20/Aug/2018:10:47:02 -0300] "POST /cormun/servlet/trsolicitudgral?339d5fc39d65187ff1e136f0297a585a,,gx-no-cache=1534772600764 HTTP/1.1" 200 8116
192.168.10.96 - - [20/Aug/2018:10:48:04 -0300] "POST /cormun/servlet/trsolicitudgral?339d5fc39d65187ff1e136f0297a585a,,gx-no-cache=1534772662142 HTTP/1.1" 200 8870
186.67.172.234 - - [20/Aug/2018:10:49:08 -0300] "POST /cormun/servlet/trlicencias?61fb183a8f02fb47f5ce0aa2a1d3b87e,gx-no-cache=1534772780614 HTTP/1.1" 200 101
186.67.172.234 - - [20/Aug/2018:10:49:08 -0300] "GET /cormun/Licencias-7784.xls HTTP/1.1" 200 9216
186.67.172.234 - - [20/Aug/2018:10:54:52 -0300] "POST /cormun/servlet/trlicencias?61fb183a8f02fb47f5ce0aa2a1d3b87e,gx-no-cache=1534773124846 HTTP/1.1" 200 7018
186.67.172.234 - - [20/Aug/2018:10:55:10 -0300] "POST /cormun/servlet/trlicencias?61fb183a8f02fb47f5ce0aa2a1d3b87e,gx-no-cache=1534773143047 HTTP/1.1" 200 7018
186.67.172.234 - - [20/Aug/2018:10:55:14 -0300] "POST /cormun/servlet/trlicencias?61fb183a8f02fb47f5ce0aa2a1d3b87e,gx-no-cache=1534773145598 HTTP/1.1" 200 101
186.67.172.234 - - [20/Aug/2018:10:55:14 -0300] "GET /cormun/Licencias-5186.xls HTTP/1.1" 200 6656
192.168.10.96 - - [20/Aug/2018:10:56:35 -0300] "GET /cormun/servlet/trsolicitudgral? HTTP/1.1" 200 12105
192.168.10.96 - - [20/Aug/2018:10:56:35 -0300] "GET /cormun/servlet/trsolicitudgral? HTTP/1.1" 200 12105
192.168.10.96 - - [20/Aug/2018:10:56:40 -0300] "GET /cormun/servlet/trsolicitudgral? HTTP/1.1" 200 12105
192.168.10.96 - - [20/Aug/2018:10:56:41 -0300] "GET /cormun/servlet/trsolicitudgral? HTTP/1.1" 200 12105
192.168.10.96 - - [20/Aug/2018:10:56:45 -0300] "GET /cormun/servlet/vesolicitudgral?2018,11966,, HTTP/1.1" 200 9239
192.168.10.96 - - [20/Aug/2018:10:56:45 -0300] "GET /cormun/pexe_scrolldiv.js HTTP/1.1" 404 1009
192.168.10.96 - - [20/Aug/2018:10:56:46 -0300] "GET /cormun/pexe_scrolldiv.js HTTP/1.1" 404 1009
192.168.10.96 - - [20/Aug/2018:10:56:46 -0300] "GET /cormun/servlet/vesolicitudgral?2018,11966,, HTTP/1.1" 200 9239
192.168.10.96 - - [20/Aug/2018:10:56:51 -0300] "GET /cormun/servlet/vesolicitudgral?2018,11966,,SolicitudOTAdjuntos HTTP/1.1" 200 7959
192.168.10.96 - - [20/Aug/2018:10:56:51 -0300] "GET /cormun/pexe_scrolldiv.js HTTP/1.1" 404 1009
192.168.10.96 - - [20/Aug/2018:10:56:51 -0300] "GET /cormun/pexe_scrolldiv.js HTTP/1.1" 404 1009
192.168.10.96 - - [20/Aug/2018:10:56:51 -0300] "GET /cormun/servlet/vesolicitudgral?2018,11966,,SolicitudOTAdjuntos HTTP/1.1" 200 7959
192.168.10.96 - - [20/Aug/2018:10:56:52 -0300] "POST /cormun/servlet/acontrolpreferencessavestate?None,DZAMUDIO,true HTTP/1.1" 200 35
192.168.10.96 - - [20/Aug/2018:10:56:54 -0300] "POST /cormun/servlet/vesolicitudgral?339d5fc39d65187ff1e136f0297a585a,2018,11966,,SolicitudOTAdjuntos,gx-no-cache=1534773192873 HTTP/1.1" 200 90
192.168.10.96 - - [20/Aug/2018:10:56:54 -0300] "GET /cormun/servlet/hpexe_link HTTP/1.1" 200 973
192.168.10.96 - - [20/Aug/2018:10:56:54 -0300] "GET /cormun/static/gxcfg.js?20177612121792 HTTP/1.1" 200 953
192.168.10.96 - - [20/Aug/2018:10:56:54 -0300] "GET /cormun/static/hpexe_link.js?20177612121795 HTTP/1.1" 200 625
192.168.10.96 - - [20/Aug/2018:10:56:54 -0300] "GET /cormun/static/Resources/Spanish/PXTools.css?1155365 HTTP/1.1" 200 89042
192.168.10.96 - - [20/Aug/2018:10:56:54 -0300] "GET /cormun/servlet/trsolicitudgral HTTP/1.1" 200 12106
192.168.10.96 - - [20/Aug/2018:10:56:55 -0300] "GET /cormun/servlet/trsolicitudgral HTTP/1.1" 200 12105
192.168.10.96 - - [20/Aug/2018:10:56:59 -0300] "GET /cormun/servlet/vesolicitudgral?2018,11964,, HTTP/1.1" 200 9246
192.168.10.96 - - [20/Aug/2018:10:56:59 -0300] "GET /cormun/pexe_scrolldiv.js HTTP/1.1" 404 1009
192.168.10.96 - - [20/Aug/2018:10:56:59 -0300] "GET /cormun/pexe_scrolldiv.js HTTP/1.1" 404 1009
192.168.10.96 - - [20/Aug/2018:10:57:00 -0300] "GET /cormun/servlet/vesolicitudgral?2018,11964,, HTTP/1.1" 200 9246
192.168.10.96 - - [20/Aug/2018:10:57:01 -0300] "GET /cormun/servlet/vesolicitudgral?2018,11964,,SolicitudOTAdjuntos HTTP/1.1" 200 11502
192.168.10.96 - - [20/Aug/2018:10:57:01 -0300] "GET /cormun/pexe_scrolldiv.js HTTP/1.1" 404 1009
192.168.10.96 - - [20/Aug/2018:10:57:01 -0300] "GET /cormun/pexe_scrolldiv.js HTTP/1.1" 404 1009
192.168.10.96 - - [20/Aug/2018:10:57:02 -0300] "GET /cormun/servlet/vesolicitudgral?2018,11964,,SolicitudOTAdjuntos HTTP/1.1" 200 11509
192.168.10.96 - - [20/Aug/2018:10:57:02 -0300] "POST /cormun/servlet/acontrolpreferencessavestate?None,DZAMUDIO,true HTTP/1.1" 200 35
192.168.10.96 - - [20/Aug/2018:10:57:03 -0300] "GET /cormun/PublicTempStorage/carnet_de_blanca9928657.pdf HTTP/1.1" 200 360104
192.168.10.96 - - [20/Aug/2018:10:57:08 -0300] "GET /cormun/servlet/vesolicitudgral?2018,11964,,SolicitudOTAdjuntos HTTP/1.1" 200 11508
192.168.10.96 - - [20/Aug/2018:10:57:09 -0300] "GET /cormun/servlet/vesolicitudgral?2018,11964,,SolicitudOTAdjuntos HTTP/1.1" 200 11507
192.168.10.96 - - [20/Aug/2018:10:57:09 -0300] "POST /cormun/servlet/acontrolpreferencessavestate?None,DZAMUDIO,true HTTP/1.1" 200 35
192.168.10.96 - - [20/Aug/2018:10:57:11 -0300] "GET /cormun/PublicTempStorage/certificado_cotizaciones_blanca5683182.pdf HTTP/1.1" 200 72248
192.168.10.96 - - [20/Aug/2018:10:57:16 -0300] "GET /cormun/servlet/vesolicitudgral?2018,11964,,SolicitudOTAdjuntos HTTP/1.1" 200 11505
192.168.10.96 - - [20/Aug/2018:10:57:17 -0300] "GET /cormun/servlet/vesolicitudgral?2018,11964,,SolicitudOTAdjuntos HTTP/1.1" 200 11506
192.168.10.96 - - [20/Aug/2018:10:57:18 -0300] "POST /cormun/servlet/acontrolpreferencessavestate?None,DZAMUDIO,true HTTP/1.1" 200 35
200.54.247.70 - - [20/Aug/2018:10:57:19 -0300] "GET /cormun/servlet/trautorizarsolicitud? HTTP/1.1" 200 9548
192.168.10.96 - - [20/Aug/2018:10:57:19 -0300] "GET /cormun/PublicTempStorage/isapre3978642.pdf HTTP/1.1" 200 330272
200.54.247.70 - - [20/Aug/2018:10:57:20 -0300] "GET /cormun/servlet/trautorizarsolicitud? HTTP/1.1" 200 9548
192.168.10.96 - - [20/Aug/2018:10:57:23 -0300] "GET /cormun/servlet/vesolicitudgral?2018,11964,,SolicitudOTAdjuntos HTTP/1.1" 200 11504
192.168.10.96 - - [20/Aug/2018:10:57:23 -0300] "GET /cormun/servlet/vesolicitudgral?2018,11964,,SolicitudOTAdjuntos HTTP/1.1" 200 11507
192.168.10.96 - - [20/Aug/2018:10:57:24 -0300] "POST /cormun/servlet/acontrolpreferencessavestate?None,DZAMUDIO,true HTTP/1.1" 200 35
192.168.10.96 - - [20/Aug/2018:10:57:25 -0300] "GET /cormun/PublicTempStorage/certificado_de_antecedentes9722533.pdf HTTP/1.1" 200 656324
192.168.10.96 - - [20/Aug/2018:10:57:30 -0300] "GET /cormun/servlet/vesolicitudgral?2018,11964,,SolicitudOTAdjuntos HTTP/1.1" 200 11506
192.168.10.96 - - [20/Aug/2018:10:57:30 -0300] "GET /cormun/servlet/vesolicitudgral?2018,11964,,SolicitudOTAdjuntos HTTP/1.1" 200 11504
192.168.10.96 - - [20/Aug/2018:10:57:31 -0300] "POST /cormun/servlet/acontrolpreferencessavestate?None,DZAMUDIO,true HTTP/1.1" 200 35
192.168.10.96 - - [20/Aug/2018:10:57:32 -0300] "GET /cormun/PublicTempStorage/blanca_hidalgo_curriculum899309.docx HTTP/1.1" 200 21046
200.54.247.70 - - [20/Aug/2018:10:57:32 -0300] "POST /cormun/servlet/trautorizarsolicitud?108e835b4d0ff15404be9190d64af566,,gx-no-cache=1534773375813 HTTP/1.1" 200 11252
192.168.10.96 - - [20/Aug/2018:10:57:35 -0300] "GET /cormun/PublicTempStorage/titulo_blanca7436945.pdf HTTP/1.1" 200 615882
186.67.172.234 - - [20/Aug/2018:10:58:29 -0300] "POST /cormun/servlet/trlicencias?61fb183a8f02fb47f5ce0aa2a1d3b87e,gx-no-cache=1534773341338 HTTP/1.1" 200 7832
186.67.172.234 - - [20/Aug/2018:10:58:37 -0300] "POST /cormun/servlet/trlicencias?61fb183a8f02fb47f5ce0aa2a1d3b87e,gx-no-cache=1534773349738 HTTP/1.1" 200 101
186.67.172.234 - - [20/Aug/2018:10:58:37 -0300] "POST /cormun/servlet/trlicencias?61fb183a8f02fb47f5ce0aa2a1d3b87e,gx-no-cache=1534773349854 HTTP/1.1" 200 7805
186.67.172.234 - - [20/Aug/2018:10:58:38 -0300] "GET /cormun/Licencias-2060.xls HTTP/1.1" 200 7680
200.111.191.210 - - [20/Aug/2018:11:02:32 -0300] "GET /cormun/servlet/trpermisosgoce? HTTP/1.1" 200 6110
200.111.191.210 - - [20/Aug/2018:11:02:32 -0300] "GET /cormun/servlet/hlogin HTTP/1.1" 200 1741
200.111.191.210 - - [20/Aug/2018:11:02:32 -0300] "GET /cormun/servlet/trpermisosgoce? HTTP/1.1" 200 6108
200.111.191.210 - - [20/Aug/2018:11:02:40 -0300] "POST /cormun/servlet/hlogin?8c874195ae8260732fa947f13cf4c2be,gx-no-cache=1534773829364 HTTP/1.1" 200 90
200.111.191.210 - - [20/Aug/2018:11:02:40 -0300] "GET /cormun/servlet/hpexe_link HTTP/1.1" 200 957
200.111.191.210 - - [20/Aug/2018:11:02:40 -0300] "GET /cormun/servlet/trpermisosgoce HTTP/1.1" 200 18155
200.111.191.210 - - [20/Aug/2018:11:02:41 -0300] "GET /cormun/servlet/trpermisosgoce HTTP/1.1" 200 18148
200.111.191.210 - - [20/Aug/2018:11:02:43 -0300] "GET /cormun/servlet/permisogoce?INS,0,,, HTTP/1.1" 200 6794
200.111.191.210 - - [20/Aug/2018:11:02:43 -0300] "GET /cormun/servlet/permisogoce?INS,0,,, HTTP/1.1" 200 6794
200.111.191.210 - - [20/Aug/2018:11:02:48 -0300] "GET /cormun/servlet/permisogoce?29fdba85159d082692475946179beeddd78158a1d9f5108be9867e2a0f7dd5d9f78569823bc67c6ecf404043a56e160a,gx-no-cache=1534773837002 HTTP/1.1" 200 84
200.111.191.210 - - [20/Aug/2018:11:02:50 -0300] "GET /cormun/servlet/permisogoce?29fdba85159d082692475946179beeddb8f7020dbd6a24f10637d79a09782e30f360dda63c032336fed6c9b91c38affe7c7fd91033466b30265cb4283932d3d5,gx-no-cache=1534773839973 HTTP/1.1" 200 48
200.86.99.60 - - [20/Aug/2018:11:03:01 -0300] "GET /cormun/servlet/trlicencias? HTTP/1.1" 200 6128
200.86.99.60 - - [20/Aug/2018:11:03:13 -0300] "GET /cormun/servlet/trlicencias? HTTP/1.1" 200 6127
200.86.99.60 - - [20/Aug/2018:11:03:13 -0300] "GET /cormun/servlet/hlogin HTTP/1.1" 200 1744
200.111.191.210 - - [20/Aug/2018:11:03:22 -0300] "POST /cormun/servlet/permisogoce?8c874195ae8260732fa947f13cf4c2be,INS,0,,,,gx-no-cache=1534773870849 HTTP/1.1" 200 93
200.111.191.210 - - [20/Aug/2018:11:03:22 -0300] "GET /cormun/servlet/hpexe_return? HTTP/1.1" 200 1010
200.111.191.210 - - [20/Aug/2018:11:03:22 -0300] "GET /cormun/servlet/trpermisosgoce HTTP/1.1" 200 18564
200.111.191.210 - - [20/Aug/2018:11:03:23 -0300] "GET /cormun/servlet/trpermisosgoce HTTP/1.1" 200 18536
200.111.191.210 - - [20/Aug/2018:11:03:25 -0300] "GET /cormun/servlet/apermisogoceprn?9289416,P,20180820105901,PU HTTP/1.1" 200 1691
186.103.159.46 - - [20/Aug/2018:11:10:34 -0300] "POST /cormun/servlet/trlicencias?2de32276abbbdd67be421852f8b6c7f9,,gx-no-cache=1534774158065 HTTP/1.1" 440 972
186.103.159.46 - - [20/Aug/2018:11:10:36 -0300] "GET /cormun/servlet/trlicencias? HTTP/1.1" 200 6123
186.103.159.46 - - [20/Aug/2018:11:10:38 -0300] "GET /cormun/servlet/hlogin HTTP/1.1" 200 1738
186.103.159.46 - - [20/Aug/2018:11:10:38 -0300] "GET /cormun/servlet/trlicencias? HTTP/1.1" 200 6123
186.103.159.46 - - [20/Aug/2018:11:10:48 -0300] "POST /cormun/servlet/hlogin?e78e4f3deb5bffdbd6edca59a81d75aa,gx-no-cache=1534774171640 HTTP/1.1" 200 90
186.103.159.46 - - [20/Aug/2018:11:10:48 -0300] "GET /cormun/servlet/hpexe_link HTTP/1.1" 200 957
186.103.159.46 - - [20/Aug/2018:11:10:48 -0300] "GET /cormun/servlet/trlicencias HTTP/1.1" 200 9615
186.103.159.46 - - [20/Aug/2018:11:10:49 -0300] "GET /cormun/servlet/trlicencias HTTP/1.1" 200 9613
186.103.159.46 - - [20/Aug/2018:11:10:57 -0300] "POST /cormun/servlet/trlicencias?e78e4f3deb5bffdbd6edca59a81d75aa,gx-no-cache=1534774181135 HTTP/1.1" 200 6945
186.103.159.46 - - [20/Aug/2018:11:10:57 -0300] "GET /cormun/static/Shared/jqueryui/images/ui-bg_highlight-soft_100_c6c2c8_1x100.png HTTP/1.1" 404 1117
186.103.159.46 - - [20/Aug/2018:11:10:57 -0300] "GET /cormun/static/Shared/jqueryui/images/ui-icons_82798d_256x240.png HTTP/1.1" 404 1089
186.103.159.46 - - [20/Aug/2018:11:10:57 -0300] "GET /cormun/static/Shared/jqueryui/images/ui-bg_flat_55_fafafa_40x100.png HTTP/1.1" 404 1097
