200.83.139.166 - - [17/Aug/2018:13:24:43 -0300] "POST /cormun/servlet/acontrolpreferencessavestate?None,FGONZALEZ,true HTTP/1.1" 200 35
200.83.139.166 - - [17/Aug/2018:13:24:44 -0300] "GET /cormun/static/Shared/ext/resources/css/ext-all.css HTTP/1.1" 200 416045
186.103.157.235 - - [17/Aug/2018:13:24:45 -0300] "GET /cormun/servlet/solicitudotadjuntos?ead117fa5dfef91dba36e763ea35b67b9d7a7828140383300b39cf3a94762865,gx-no-cache=1534523012739 HTTP/1.1" 200 30
186.103.157.235 - - [17/Aug/2018:13:24:45 -0300] "GET /cormun/servlet/solicitudotadjuntos?ead117fa5dfef91dba36e763ea35b67b9d7a7828140383300b39cf3a94762865,gx-no-cache=1534523012769 HTTP/1.1" 200 30
186.103.157.235 - - [17/Aug/2018:13:24:50 -0300] "POST /cormun/servlet/solicitudotadjuntos?d79c00e9afc8e81f4fd626d8c176f8d7,INS,2018,12052,,1, HTTP/1.1" 200 116
186.103.157.235 - - [17/Aug/2018:13:24:50 -0300] "GET /cormun/servlet/hpexe_return? HTTP/1.1" 200 1020
186.103.157.235 - - [17/Aug/2018:13:24:50 -0300] "GET /cormun/servlet/trsolicitudadjuntos?2018,12052, HTTP/1.1" 200 9488
186.103.157.235 - - [17/Aug/2018:13:24:51 -0300] "GET /cormun/servlet/trsolicitudadjuntos?2018,12052, HTTP/1.1" 200 9485
192.168.10.84 - - [17/Aug/2018:13:24:51 -0300] "POST /digitalizacion/servlet/trdocumentos?gx-no-cache=1534522870554 HTTP/1.1" 200 83
186.103.157.235 - - [17/Aug/2018:13:24:52 -0300] "GET /cormun/servlet/solicitudotadjuntos?INS,2018,12052,,1, HTTP/1.1" 200 6263
186.103.157.235 - - [17/Aug/2018:13:24:53 -0300] "GET /cormun/static/about:blank HTTP/1.1" 404 1011
186.103.157.235 - - [17/Aug/2018:13:24:53 -0300] "GET /cormun/servlet/solicitudotadjuntos?INS,2018,12052,,1, HTTP/1.1" 200 6257
186.103.157.235 - - [17/Aug/2018:13:24:53 -0300] "GET /cormun/servlet/solicitudotadjuntos?ead117fa5dfef91dba36e763ea35b67b41371197d1f85765aae5d01776d53c52c63398d4f6a06797051074cd09e2b006,gx-no-cache=1534523020761 HTTP/1.1" 200 30
192.168.10.83 - - [17/Aug/2018:13:24:54 -0300] "GET /digitalizacion/servlet/wblogin HTTP/1.1" 200 2309
186.103.157.235 - - [17/Aug/2018:13:24:54 -0300] "POST /cormun/servlet/solicitudotadjuntos?d79c00e9afc8e81f4fd626d8c176f8d7,INS,2018,12052,,1,,gx-no-cache=1534523020835 HTTP/1.1" 200 3979
192.168.10.83 - - [17/Aug/2018:13:24:54 -0300] "GET /digitalizacion/static/gxcfg.js?201842010284377 HTTP/1.1" 200 954
192.168.10.83 - - [17/Aug/2018:13:24:54 -0300] "GET /digitalizacion/static/gxtimezone.js?85251 HTTP/1.1" 200 5780
192.168.10.83 - - [17/Aug/2018:13:24:54 -0300] "GET /digitalizacion/static/RunJS/RunJS.js HTTP/1.1" 200 288
192.168.10.83 - - [17/Aug/2018:13:24:54 -0300] "GET /digitalizacion/static/PXToolsJavascripts/pexe_autoreload.js HTTP/1.1" 200 1762
192.168.10.83 - - [17/Aug/2018:13:24:54 -0300] "GET /digitalizacion/static/PXToolsJavascripts/pexe_cookies.js HTTP/1.1" 200 792
192.168.10.83 - - [17/Aug/2018:13:24:54 -0300] "GET /digitalizacion/static/PXToolsJavascripts/pexe_windows.js HTTP/1.1" 200 15249
192.168.10.83 - - [17/Aug/2018:13:24:54 -0300] "GET /digitalizacion/static/PXToolsJavascripts/pexe_grid.js HTTP/1.1" 200 7559
192.168.10.83 - - [17/Aug/2018:13:24:54 -0300] "GET /digitalizacion/static/gxgral.js?85251 HTTP/1.1" 200 384558
192.168.10.83 - - [17/Aug/2018:13:24:54 -0300] "GET /digitalizacion/static/Resources/Spanish/PXTools.css?14224663 HTTP/1.1" 200 100831
192.168.10.83 - - [17/Aug/2018:13:24:54 -0300] "GET /digitalizacion/static/PXToolsJavascripts/pexe_link.js HTTP/1.1" 200 5671
192.168.10.83 - - [17/Aug/2018:13:24:54 -0300] "GET /digitalizacion/static/PXToolsJavascripts/pexe_griddivfix.js HTTP/1.1" 200 6946
192.168.10.83 - - [17/Aug/2018:13:24:54 -0300] "GET /digitalizacion/static/PXToolsJavascripts/pexe_oav.js HTTP/1.1" 200 645
192.168.10.83 - - [17/Aug/2018:13:24:54 -0300] "GET /digitalizacion/static/PXToolsJavascripts/pexe_oavdivfix.js HTTP/1.1" 200 639
192.168.10.83 - - [17/Aug/2018:13:24:54 -0300] "GET /digitalizacion/static/PXToolsJavascripts/pexe_picture.js HTTP/1.1" 200 689
192.168.10.83 - - [17/Aug/2018:13:24:54 -0300] "GET /digitalizacion/static/PXToolsJavascripts/pexe_popup.js HTTP/1.1" 200 15149
192.168.10.83 - - [17/Aug/2018:13:24:54 -0300] "GET /digitalizacion/static/PXToolsJavascripts/pexe_scrolldiv.js HTTP/1.1" 200 4138
192.168.10.83 - - [17/Aug/2018:13:24:54 -0300] "GET /digitalizacion/static/PXToolsJavascripts/pexe_menus.js HTTP/1.1" 200 1286
192.168.10.83 - - [17/Aug/2018:13:24:54 -0300] "GET /digitalizacion/static/PXToolsJavascripts/pexe_layers.js HTTP/1.1" 200 4114
192.168.10.83 - - [17/Aug/2018:13:24:54 -0300] "GET /digitalizacion/static/PXToolsJavascripts/pexe_tabdivfix.js HTTP/1.1" 200 898
192.168.10.83 - - [17/Aug/2018:13:24:54 -0300] "GET /digitalizacion/static/PXToolsJavascripts/pexe_tabs.js HTTP/1.1" 200 3748
192.168.10.83 - - [17/Aug/2018:13:24:54 -0300] "GET /digitalizacion/static/PXToolsJavascripts/pexe_upload.js HTTP/1.1" 200 1423
192.168.10.83 - - [17/Aug/2018:13:24:54 -0300] "GET /digitalizacion/static/PXToolsJavascripts/PXToolsJavascriptsRender.js HTTP/1.1" 200 367
192.168.10.83 - - [17/Aug/2018:13:24:54 -0300] "GET /digitalizacion/static/PXToolsJavascripts/pexe_menudivfix.js HTTP/1.1" 200 333
192.168.10.83 - - [17/Aug/2018:13:24:54 -0300] "GET /digitalizacion/static/messages.spa.js?85251 HTTP/1.1" 200 35505
192.168.10.83 - - [17/Aug/2018:13:24:54 -0300] "GET /digitalizacion/static/Resources/Comun33.png HTTP/1.1" 200 14839
192.168.10.83 - - [17/Aug/2018:13:24:54 -0300] "GET /digitalizacion/static/hmplogin.js?201841414365131 HTTP/1.1" 200 907
192.168.10.83 - - [17/Aug/2018:13:24:54 -0300] "GET /digitalizacion/static/wblogin.js?201842010284433 HTTP/1.1" 200 4267
192.168.10.83 - - [17/Aug/2018:13:24:54 -0300] "GET /digitalizacion/static/Resources/PXToolsButtonBackground.png HTTP/1.1" 200 1176
192.168.10.83 - - [17/Aug/2018:13:24:54 -0300] "GET /digitalizacion/static/Resources/PXToolsButtonLeft.png HTTP/1.1" 200 1310
192.168.10.83 - - [17/Aug/2018:13:24:54 -0300] "GET /digitalizacion/static/Resources/PXToolsButtonRight.png HTTP/1.1" 200 1294
192.168.10.83 - - [17/Aug/2018:13:24:54 -0300] "GET /digitalizacion/static/Resources/PXToolsLoginBackground.png HTTP/1.1" 200 1164
192.168.10.83 - - [17/Aug/2018:13:24:54 -0300] "GET /digitalizacion/static/Resources/PXToolsLoginBottom.png HTTP/1.1" 200 1389
192.168.10.83 - - [17/Aug/2018:13:24:54 -0300] "GET /digitalizacion/static/Resources/PXToolsLoginTop.png HTTP/1.1" 200 1337
192.168.10.83 - - [17/Aug/2018:13:24:54 -0300] "GET /digitalizacion/static/Resources/indicator.gif HTTP/1.1" 200 1553
192.168.10.83 - - [17/Aug/2018:13:24:54 -0300] "GET /digitalizacion/servlet/wblogin HTTP/1.1" 200 2320
192.168.10.83 - - [17/Aug/2018:13:24:54 -0300] "GET /favicon.ico HTTP/1.1" 200 21630
192.168.10.84 - - [17/Aug/2018:13:24:55 -0300] "POST /digitalizacion/servlet/trdocumentos?b5c0ad50c265cfbf1ea6558e2c6d0bcf,,gx-no-cache=1534522874361 HTTP/1.1" 200 4253
186.103.157.235 - - [17/Aug/2018:13:24:57 -0300] "POST /cormun/servlet/solicitudotadjuntos?gx-no-cache=1534523024492 HTTP/1.1" 200 26
192.168.10.83 - - [17/Aug/2018:13:25:00 -0300] "POST /digitalizacion/servlet/wblogin?79384554f549d82ef4c380f1bb70804c,gx-no-cache=1534522879906 HTTP/1.1" 200 833
186.103.157.235 - - [17/Aug/2018:13:25:07 -0300] "GET /cormun/servlet/solicitudotadjuntos?ead117fa5dfef91dba36e763ea35b67b9d7a7828140383300b39cf3a94762865,gx-no-cache=1534523034005 HTTP/1.1" 200 30
186.103.157.235 - - [17/Aug/2018:13:25:07 -0300] "GET /cormun/servlet/solicitudotadjuntos?ead117fa5dfef91dba36e763ea35b67b9d7a7828140383300b39cf3a94762865,gx-no-cache=1534523034023 HTTP/1.1" 200 30
192.168.10.83 - - [17/Aug/2018:13:25:08 -0300] "POST /digitalizacion/servlet/wblogin?79384554f549d82ef4c380f1bb70804c,gx-no-cache=1534522887734 HTTP/1.1" 200 65
192.168.10.83 - - [17/Aug/2018:13:25:08 -0300] "GET /digitalizacion/servlet/hhome HTTP/1.1" 200 2819
192.168.10.83 - - [17/Aug/2018:13:25:08 -0300] "GET /digitalizacion/static/SmoothNavMenu/resources/ddsmoothmenu.css?1012540 HTTP/1.1" 200 2223
192.168.10.83 - - [17/Aug/2018:13:25:08 -0300] "GET /digitalizacion/static/gxui/gxui-all.css?110300 HTTP/1.1" 200 2179
192.168.10.83 - - [17/Aug/2018:13:25:08 -0300] "GET /digitalizacion/static/scaMessage/css/jquery.pnotify.default.css?1716380 HTTP/1.1" 200 1707
192.168.10.83 - - [17/Aug/2018:13:25:08 -0300] "GET /digitalizacion/static/Shared/jqueryui/jquery-ui.min.css?1245370 HTTP/1.1" 200 30288
192.168.10.83 - - [17/Aug/2018:13:25:08 -0300] "GET /digitalizacion/static/SmoothNavMenu/resources/ddsmoothmenu-v.css?1012540 HTTP/1.1" 200 1188
192.168.10.83 - - [17/Aug/2018:13:25:08 -0300] "GET /digitalizacion/static/gxcfg.js?201841414272279 HTTP/1.1" 200 954
192.168.10.83 - - [17/Aug/2018:13:25:08 -0300] "GET /digitalizacion/static/Resources/CormunLogo2.png HTTP/1.1" 200 7733
192.168.10.83 - - [17/Aug/2018:13:25:08 -0300] "GET /digitalizacion/static/Resources/PXToolsHeaderHome.png HTTP/1.1" 200 1364
192.168.10.83 - - [17/Aug/2018:13:25:08 -0300] "GET /digitalizacion/static/Shared/ext/resources/css/ext-all.css?205870 HTTP/1.1" 200 416045
192.168.10.83 - - [17/Aug/2018:13:25:08 -0300] "GET /digitalizacion/static/gxui/gxui-all.js HTTP/1.1" 200 107772
192.168.10.83 - - [17/Aug/2018:13:25:08 -0300] "GET /digitalizacion/static/hhome.js?201841414272287 HTTP/1.1" 200 740
192.168.10.83 - - [17/Aug/2018:13:25:08 -0300] "GET /digitalizacion/static/hpexe_scripts.js?201841414233682 HTTP/1.1" 200 1506
192.168.10.83 - - [17/Aug/2018:13:25:08 -0300] "GET /digitalizacion/static/hwchdr01.js?20184141438371 HTTP/1.1" 200 887
192.168.10.83 - - [17/Aug/2018:13:25:08 -0300] "GET /digitalizacion/static/hpexe_messagepopupcomponent.js?201841414233469 HTTP/1.1" 200 568
192.168.10.83 - - [17/Aug/2018:13:25:08 -0300] "GET /digitalizacion/static/hpexe_messagecontroller.js?201841414233665 HTTP/1.1" 200 857
192.168.10.83 - - [17/Aug/2018:13:25:08 -0300] "GET /digitalizacion/static/Shared/ext/ext-all.js HTTP/1.1" 200 1289687
192.168.10.83 - - [17/Aug/2018:13:25:08 -0300] "GET /digitalizacion/static/Resources/PXToolsHeaderPreferences.png HTTP/1.1" 200 1395
192.168.10.83 - - [17/Aug/2018:13:25:08 -0300] "GET /digitalizacion/static/Resources/PXToolsDataTitle.png HTTP/1.1" 200 1173
192.168.10.83 - - [17/Aug/2018:13:25:08 -0300] "GET /digitalizacion/static/Resources/PXToolsHeaderLogin.png HTTP/1.1" 200 1432
192.168.10.83 - - [17/Aug/2018:13:25:08 -0300] "GET /digitalizacion/static/hpexe_messagegxuicomponent.js?201841414233441 HTTP/1.1" 200 1103
192.168.10.83 - - [17/Aug/2018:13:25:08 -0300] "GET /digitalizacion/static/hpexe_messagegenexuscomponent.js?201841414233455 HTTP/1.1" 200 550
192.168.10.83 - - [17/Aug/2018:13:25:08 -0300] "GET /digitalizacion/static/Shared/jquery/jquery-1.4.2.min.js HTTP/1.1" 200 72174
192.168.10.83 - - [17/Aug/2018:13:25:08 -0300] "GET /digitalizacion/static/SmoothNavMenu/resources/ddsmoothmenu.js HTTP/1.1" 200 12712
192.168.10.83 - - [17/Aug/2018:13:25:08 -0300] "GET /digitalizacion/static/SmoothNavMenu/resources/SmoothNavMenuRender.js HTTP/1.1" 200 5951
192.168.10.83 - - [17/Aug/2018:13:25:08 -0300] "GET /digitalizacion/static/Shared/jquery/jquery-1.10.2.min.js HTTP/1.1" 200 273199
192.168.10.83 - - [17/Aug/2018:13:25:08 -0300] "GET /digitalizacion/static/Shared/jqueryui/jquery-ui.min.js HTTP/1.1" 200 240427
192.168.10.83 - - [17/Aug/2018:13:25:08 -0300] "GET /digitalizacion/static/scaMessage/js/jquery.pnotify.min.js HTTP/1.1" 200 13038
192.168.10.83 - - [17/Aug/2018:13:25:08 -0300] "GET /digitalizacion/static/scaMessage/scaMessageRender.js HTTP/1.1" 200 2408
192.168.10.83 - - [17/Aug/2018:13:25:08 -0300] "GET /digitalizacion/static/hmpwkw031.js?20184141427937 HTTP/1.1" 200 3800
192.168.10.83 - - [17/Aug/2018:13:25:09 -0300] "GET /digitalizacion/servlet/hhome HTTP/1.1" 200 2817
192.168.10.83 - - [17/Aug/2018:13:25:09 -0300] "GET /digitalizacion/static/SmoothNavMenu/resources/images/down.gif HTTP/1.1" 200 854
186.103.157.235 - - [17/Aug/2018:13:25:09 -0300] "POST /cormun/servlet/solicitudotadjuntos?d79c00e9afc8e81f4fd626d8c176f8d7,INS,2018,12052,,1, HTTP/1.1" 200 116
186.103.157.235 - - [17/Aug/2018:13:25:09 -0300] "GET /cormun/servlet/hpexe_return? HTTP/1.1" 200 1020
186.103.157.235 - - [17/Aug/2018:13:25:10 -0300] "GET /cormun/servlet/trsolicitudadjuntos?2018,12052, HTTP/1.1" 200 9711
186.103.157.235 - - [17/Aug/2018:13:25:11 -0300] "GET /cormun/servlet/trsolicitudadjuntos?2018,12052, HTTP/1.1" 200 9707
186.103.157.235 - - [17/Aug/2018:13:25:13 -0300] "GET /cormun/servlet/solicitudotadjuntos?INS,2018,12052,,1, HTTP/1.1" 200 6263
186.103.157.235 - - [17/Aug/2018:13:25:13 -0300] "GET /cormun/static/about:blank HTTP/1.1" 404 1011
186.103.157.235 - - [17/Aug/2018:13:25:14 -0300] "GET /cormun/servlet/solicitudotadjuntos?INS,2018,12052,,1, HTTP/1.1" 200 6257
186.103.157.235 - - [17/Aug/2018:13:25:14 -0300] "GET /cormun/servlet/solicitudotadjuntos?ead117fa5dfef91dba36e763ea35b67b41371197d1f85765aae5d01776d53c52c63398d4f6a06797051074cd09e2b006,gx-no-cache=1534523041500 HTTP/1.1" 200 30
186.103.157.235 - - [17/Aug/2018:13:25:14 -0300] "POST /cormun/servlet/solicitudotadjuntos?d79c00e9afc8e81f4fd626d8c176f8d7,INS,2018,12052,,1,,gx-no-cache=1534523041533 HTTP/1.1" 200 3979
186.103.157.235 - - [17/Aug/2018:13:25:17 -0300] "POST /cormun/servlet/solicitudotadjuntos?gx-no-cache=1534523044435 HTTP/1.1" 200 26
192.168.10.84 - - [17/Aug/2018:13:25:18 -0300] "POST /digitalizacion/servlet/trdocumentos?gx-no-cache=1534522897899 HTTP/1.1" 200 78
192.168.10.84 - - [17/Aug/2018:13:25:23 -0300] "POST /digitalizacion/servlet/trdocumentos?b5c0ad50c265cfbf1ea6558e2c6d0bcf,,gx-no-cache=1534522902034 HTTP/1.1" 200 6873
192.168.10.84 - - [17/Aug/2018:13:25:23 -0300] "GET /digitalizacion/static/Resources/PXToolsGridNext.gif HTTP/1.1" 200 369
192.168.10.84 - - [17/Aug/2018:13:25:23 -0300] "GET /digitalizacion/static/Resources/PXToolsGridLast.gif HTTP/1.1" 200 370
186.103.157.235 - - [17/Aug/2018:13:25:23 -0300] "GET /cormun/servlet/solicitudotadjuntos?ead117fa5dfef91dba36e763ea35b67b9d7a7828140383300b39cf3a94762865,gx-no-cache=1534523050180 HTTP/1.1" 200 30
186.103.157.235 - - [17/Aug/2018:13:25:23 -0300] "GET /cormun/servlet/solicitudotadjuntos?ead117fa5dfef91dba36e763ea35b67b9d7a7828140383300b39cf3a94762865,gx-no-cache=1534523050267 HTTP/1.1" 200 30
192.168.10.83 - - [17/Aug/2018:13:25:25 -0300] "GET /digitalizacion/servlet/trsecurityusers? HTTP/1.1" 200 5207
192.168.10.83 - - [17/Aug/2018:13:25:25 -0300] "GET /digitalizacion/static/gxcfg.js?20184141427405 HTTP/1.1" 200 954
192.168.10.83 - - [17/Aug/2018:13:25:25 -0300] "GET /digitalizacion/static/Resources/PXToolsDataSearch.png HTTP/1.1" 200 435
192.168.10.83 - - [17/Aug/2018:13:25:25 -0300] "GET /digitalizacion/static/Resources/PXToolsGridFirstDisabled.gif HTTP/1.1" 200 100
192.168.10.83 - - [17/Aug/2018:13:25:25 -0300] "GET /digitalizacion/static/Resources/PXToolsGridPreviousDisabled.gif HTTP/1.1" 200 90
192.168.10.83 - - [17/Aug/2018:13:25:25 -0300] "GET /digitalizacion/static/trsecurityusers.js?201841414274272 HTTP/1.1" 200 16540
192.168.10.83 - - [17/Aug/2018:13:25:25 -0300] "GET /digitalizacion/static/Resources/PXToolsGridLastDisabled.gif HTTP/1.1" 200 98
192.168.10.83 - - [17/Aug/2018:13:25:25 -0300] "GET /digitalizacion/static/Resources/PXToolsGridPage.gif HTTP/1.1" 200 725
192.168.10.83 - - [17/Aug/2018:13:25:25 -0300] "GET /digitalizacion/static/Resources/PXToolsGridNextDisabled.gif HTTP/1.1" 200 90
192.168.10.83 - - [17/Aug/2018:13:25:25 -0300] "GET /digitalizacion/static/Resources/desc.gif HTTP/1.1" 200 65
192.168.10.83 - - [17/Aug/2018:13:25:25 -0300] "GET /digitalizacion/static/Resources/asc.gif HTTP/1.1" 200 67
192.168.10.83 - - [17/Aug/2018:13:25:25 -0300] "GET /digitalizacion//static/Resources/PXToolsGridUpdate.png HTTP/1.1" 200 470
186.103.157.235 - - [17/Aug/2018:13:25:25 -0300] "POST /cormun/servlet/solicitudotadjuntos?d79c00e9afc8e81f4fd626d8c176f8d7,INS,2018,12052,,1, HTTP/1.1" 200 116
192.168.10.83 - - [17/Aug/2018:13:25:25 -0300] "GET /digitalizacion//static/Resources/PXToolsGridDelete.png HTTP/1.1" 200 538
192.168.10.83 - - [17/Aug/2018:13:25:25 -0300] "GET /digitalizacion/static/Resources/PXToolsGridNew.png HTTP/1.1" 200 427
186.103.157.235 - - [17/Aug/2018:13:25:25 -0300] "GET /cormun/servlet/hpexe_return? HTTP/1.1" 200 1020
192.168.10.83 - - [17/Aug/2018:13:25:25 -0300] "GET /digitalizacion/servlet/trsecurityusers? HTTP/1.1" 200 5206
192.168.10.83 - - [17/Aug/2018:13:25:25 -0300] "GET /digitalizacion/static/Shared/ext/resources/themes/images/default/tools/tool-sprites.gif HTTP/1.1" 200 5434
192.168.10.83 - - [17/Aug/2018:13:25:25 -0300] "GET /digitalizacion/static/Shared/ext/resources/themes/images/default/panel/bg-headersPanel.png HTTP/1.1" 200 255
186.103.157.235 - - [17/Aug/2018:13:25:26 -0300] "GET /cormun/servlet/trsolicitudadjuntos?2018,12052, HTTP/1.1" 200 9922
186.103.157.235 - - [17/Aug/2018:13:25:27 -0300] "GET /cormun/servlet/trsolicitudadjuntos?2018,12052, HTTP/1.1" 200 9922
192.168.10.84 - - [17/Aug/2018:13:25:32 -0300] "POST /digitalizacion/servlet/trdocumentos?b5c0ad50c265cfbf1ea6558e2c6d0bcf,,gx-no-cache=1534522911842 HTTP/1.1" 200 7012
192.168.10.84 - - [17/Aug/2018:13:25:32 -0300] "GET /digitalizacion/static/Resources/PXToolsGridFirst.gif HTTP/1.1" 200 379
192.168.10.84 - - [17/Aug/2018:13:25:32 -0300] "GET /digitalizacion/static/Resources/PXToolsGridPrevious.gif HTTP/1.1" 200 369
192.168.10.83 - - [17/Aug/2018:13:25:33 -0300] "GET /digitalizacion/servlet/vesecurityusers?2,, HTTP/1.1" 200 6080
192.168.10.83 - - [17/Aug/2018:13:25:33 -0300] "GET /digitalizacion/static/gxcfg.js?201841414274414 HTTP/1.1" 200 954
192.168.10.83 - - [17/Aug/2018:13:25:33 -0300] "GET /digitalizacion/static/Resources/PXToolsTabFirstSelected.png HTTP/1.1" 200 1270
192.168.10.83 - - [17/Aug/2018:13:25:33 -0300] "GET /digitalizacion/static/Resources/PXToolsTabLastSelected.png HTTP/1.1" 200 1274
200.83.139.166 - - [17/Aug/2018:13:25:33 -0300] "GET /cormun/PublicTempStorage/certificado_de_titulo1390120.pdf HTTP/1.1" 200 665398
192.168.10.83 - - [17/Aug/2018:13:25:33 -0300] "GET /digitalizacion/static/Resources/PXToolsTabNext.gif HTTP/1.1" 200 168
192.168.10.83 - - [17/Aug/2018:13:25:33 -0300] "GET /digitalizacion/static/vesecurityusers.js?201841414274463 HTTP/1.1" 200 4660
192.168.10.83 - - [17/Aug/2018:13:25:33 -0300] "GET /digitalizacion/static/hwcviewtabs.js?201841414232173 HTTP/1.1" 200 1037
192.168.10.83 - - [17/Aug/2018:13:25:33 -0300] "GET /digitalizacion/static/hpexe_tabsview.js?201841414232588 HTTP/1.1" 200 1624
192.168.10.83 - - [17/Aug/2018:13:25:33 -0300] "GET /digitalizacion/static/Resources/PXToolsTabPrevious.gif HTTP/1.1" 200 172
192.168.10.83 - - [17/Aug/2018:13:25:33 -0300] "GET /digitalizacion/static/tbsecurityusers01.js?201841414232038 HTTP/1.1" 200 12586
192.168.10.83 - - [17/Aug/2018:13:25:33 -0300] "GET /digitalizacion/static/Resources/PXToolsTabBackSelected.png HTTP/1.1" 200 1157
192.168.10.83 - - [17/Aug/2018:13:25:33 -0300] "GET /digitalizacion/servlet/vesecurityusers?2,, HTTP/1.1" 200 6080
186.103.157.235 - - [17/Aug/2018:13:25:34 -0300] "POST /cormun/servlet/trsolicitudadjuntos?d79c00e9afc8e81f4fd626d8c176f8d7,2018,12052,,gx-no-cache=1534523060860 HTTP/1.1" 200 90
186.103.157.235 - - [17/Aug/2018:13:25:34 -0300] "GET /cormun/servlet/hpexe_link HTTP/1.1" 200 962
192.168.10.84 - - [17/Aug/2018:13:25:34 -0300] "POST /digitalizacion/servlet/trdocumentos?b5c0ad50c265cfbf1ea6558e2c6d0bcf,,gx-no-cache=1534522913336 HTTP/1.1" 200 6944
186.103.157.235 - - [17/Aug/2018:13:25:34 -0300] "GET /cormun/servlet/trsolicitudot HTTP/1.1" 200 8854
186.103.157.235 - - [17/Aug/2018:13:25:34 -0300] "GET /cormun/servlet/trsolicitudot HTTP/1.1" 200 8852
192.168.10.84 - - [17/Aug/2018:13:25:43 -0300] "POST /digitalizacion/servlet/trdocumentos?b5c0ad50c265cfbf1ea6558e2c6d0bcf,,gx-no-cache=1534522922272 HTTP/1.1" 200 7012
192.168.10.83 - - [17/Aug/2018:13:25:43 -0300] "POST /digitalizacion/servlet/vesecurityusers?79384554f549d82ef4c380f1bb70804c,2,,,gx-no-cache=1534522922544 HTTP/1.1" 200 4110
192.168.10.83 - - [17/Aug/2018:13:25:43 -0300] "GET /digitalizacion//static/Resources/PXToolsTabLastSelected.png HTTP/1.1" 200 1274
186.103.159.189 - - [17/Aug/2018:13:25:45 -0300] "GET /cormun/servlet/licenciaspermisos?3353e0b890f844cd580e33bed8d11efe8e06cec7651a22d5a2b4250c6e9294fe7630a711b4c97c2b5747a5270007c43c,gx-no-cache=1534523069052 HTTP/1.1" 200 98
186.103.159.189 - - [17/Aug/2018:13:25:45 -0300] "POST /cormun/servlet/licenciaspermisos?bdcb908a536fb603ee89467d981d753d,INS,0,,,,gx-no-cache=1534523069666 HTTP/1.1" 200 4696
186.103.157.235 - - [17/Aug/2018:13:25:46 -0300] "POST /cormun/servlet/trsolicitudot?d79c00e9afc8e81f4fd626d8c176f8d7,gx-no-cache=1534523073039 HTTP/1.1" 200 4698
186.103.157.235 - - [17/Aug/2018:13:25:46 -0300] "GET /cormun/static/Shared/jqueryui/images/ui-bg_highlight-soft_100_c6c2c8_1x100.png HTTP/1.1" 404 1117
186.103.157.235 - - [17/Aug/2018:13:25:46 -0300] "GET /cormun/static/Shared/jqueryui/images/ui-icons_82798d_256x240.png HTTP/1.1" 404 1089
186.103.157.235 - - [17/Aug/2018:13:25:46 -0300] "GET /cormun/static/Shared/jqueryui/images/ui-icons_8d78a5_256x240.png HTTP/1.1" 404 1089
186.103.157.235 - - [17/Aug/2018:13:25:46 -0300] "GET /cormun/static/Shared/jqueryui/images/ui-bg_flat_55_fafafa_40x100.png HTTP/1.1" 404 1097
186.103.157.235 - - [17/Aug/2018:13:25:47 -0300] "POST /cormun/servlet/trsolicitudot?d79c00e9afc8e81f4fd626d8c176f8d7,gx-no-cache=1534523073845 HTTP/1.1" 200 4442
200.83.139.166 - - [17/Aug/2018:13:25:51 -0300] "GET /cormun/servlet/vesolicitudgral?2018,12029,,SolicitudOTAdjuntos HTTP/1.1" 200 11397
186.103.157.235 - - [17/Aug/2018:13:25:51 -0300] "GET /cormun/servlet/trautorizarsolicitud? HTTP/1.1" 200 8750
186.103.157.235 - - [17/Aug/2018:13:25:51 -0300] "GET /cormun/static/gxcfg.js?2017111423403364 HTTP/1.1" 200 953
186.103.157.235 - - [17/Aug/2018:13:25:51 -0300] "GET /cormun/servlet/trautorizarsolicitud? HTTP/1.1" 200 8749
200.83.139.166 - - [17/Aug/2018:13:25:52 -0300] "GET /cormun/servlet/vesolicitudgral?2018,12029,,SolicitudOTAdjuntos HTTP/1.1" 200 11396
200.83.139.166 - - [17/Aug/2018:13:25:52 -0300] "POST /cormun/servlet/acontrolpreferencessavestate?None,FGONZALEZ,true HTTP/1.1" 200 35
192.168.10.83 - - [17/Aug/2018:13:25:52 -0300] "POST /digitalizacion/servlet/vesecurityusers?79384554f549d82ef4c380f1bb70804c,2,,,gx-no-cache=1534522931848 HTTP/1.1" 200 4110
192.168.10.83 - - [17/Aug/2018:13:25:53 -0300] "POST /digitalizacion/servlet/vesecurityusers?79384554f549d82ef4c380f1bb70804c,2,,,gx-no-cache=1534522932143 HTTP/1.1" 200 4110
192.168.10.83 - - [17/Aug/2018:13:25:55 -0300] "POST /digitalizacion/servlet/vesecurityusers?79384554f549d82ef4c380f1bb70804c,2,,,gx-no-cache=1534522934301 HTTP/1.1" 200 3723
200.83.139.166 - - [17/Aug/2018:13:25:56 -0300] "POST /cormun/servlet/vesolicitudgral?a9b80ff3a8f53021482586f99dad42e3,2018,12029,,SolicitudOTAdjuntos,gx-no-cache=1534523105384 HTTP/1.1" 200 90
200.83.139.166 - - [17/Aug/2018:13:25:56 -0300] "GET /cormun/servlet/hpexe_link HTTP/1.1" 200 984
200.83.139.166 - - [17/Aug/2018:13:25:56 -0300] "GET /cormun/servlet/trsolicitudgral? HTTP/1.1" 200 10364
200.83.139.166 - - [17/Aug/2018:13:25:56 -0300] "GET /cormun/servlet/trsolicitudgral? HTTP/1.1" 200 10363
186.103.157.235 - - [17/Aug/2018:13:25:56 -0300] "POST /cormun/servlet/trautorizarsolicitud?d79c00e9afc8e81f4fd626d8c176f8d7,,gx-no-cache=1534523083283 HTTP/1.1" 200 4634
186.103.157.235 - - [17/Aug/2018:13:25:57 -0300] "GET /cormun/static/Shared/jqueryui/images/ui-bg_highlight-soft_100_c6c2c8_1x100.png HTTP/1.1" 404 1117
186.103.157.235 - - [17/Aug/2018:13:25:57 -0300] "GET /cormun/static/Shared/jqueryui/images/ui-icons_82798d_256x240.png HTTP/1.1" 404 1089
186.103.157.235 - - [17/Aug/2018:13:25:57 -0300] "GET /cormun/static/Shared/jqueryui/images/ui-bg_flat_55_fafafa_40x100.png HTTP/1.1" 404 1097
186.103.157.235 - - [17/Aug/2018:13:25:57 -0300] "GET /cormun/static/Shared/jqueryui/images/ui-icons_8d78a5_256x240.png HTTP/1.1" 404 1089
186.103.157.235 - - [17/Aug/2018:13:25:57 -0300] "POST /cormun/servlet/trautorizarsolicitud?d79c00e9afc8e81f4fd626d8c176f8d7,,gx-no-cache=1534523084075 HTTP/1.1" 200 4381
192.168.10.84 - - [17/Aug/2018:13:25:58 -0300] "POST /digitalizacion/servlet/trdocumentos?gx-no-cache=1534522937890 HTTP/1.1" 200 216
192.168.10.83 - - [17/Aug/2018:13:26:01 -0300] "GET /digitalizacion/servlet/trsecurityusers? HTTP/1.1" 200 4980
192.168.10.83 - - [17/Aug/2018:13:26:01 -0300] "GET /digitalizacion/servlet/trsecurityusers? HTTP/1.1" 200 4979
200.83.139.166 - - [17/Aug/2018:13:26:03 -0300] "POST /cormun/servlet/trsolicitudgral?a9b80ff3a8f53021482586f99dad42e3,,gx-no-cache=1534523112654 HTTP/1.1" 200 6127
192.168.10.84 - - [17/Aug/2018:13:26:03 -0300] "POST /digitalizacion/servlet/trdocumentos?b5c0ad50c265cfbf1ea6558e2c6d0bcf,,gx-no-cache=1534522942577 HTTP/1.1" 200 3523
192.168.10.84 - - [17/Aug/2018:13:26:03 -0300] "GET /digitalizacion/static/Resources/PXToolsGridFirstDisabled.gif HTTP/1.1" 200 100
192.168.10.84 - - [17/Aug/2018:13:26:03 -0300] "GET /digitalizacion/static/Resources/PXToolsGridPreviousDisabled.gif HTTP/1.1" 200 90
192.168.10.84 - - [17/Aug/2018:13:26:03 -0300] "GET /digitalizacion/static/Resources/PXToolsGridNextDisabled.gif HTTP/1.1" 200 90
192.168.10.84 - - [17/Aug/2018:13:26:03 -0300] "GET /digitalizacion/static/Resources/PXToolsGridLastDisabled.gif HTTP/1.1" 200 98
200.83.139.166 - - [17/Aug/2018:13:26:03 -0300] "GET /cormun/static/Shared/jqueryui/images/ui-bg_highlight-soft_100_c6c2c8_1x100.png HTTP/1.1" 404 1117
200.83.139.166 - - [17/Aug/2018:13:26:03 -0300] "GET /cormun/static/Shared/jqueryui/images/ui-icons_82798d_256x240.png HTTP/1.1" 404 1089
200.83.139.166 - - [17/Aug/2018:13:26:03 -0300] "GET /cormun/static/Shared/jqueryui/images/ui-icons_8d78a5_256x240.png HTTP/1.1" 404 1089
200.83.139.166 - - [17/Aug/2018:13:26:03 -0300] "GET /cormun/static/Shared/jqueryui/images/ui-bg_flat_55_fafafa_40x100.png HTTP/1.1" 404 1097
192.168.10.83 - - [17/Aug/2018:13:26:05 -0300] "GET /digitalizacion/servlet/hhome HTTP/1.1" 200 2590
192.168.10.83 - - [17/Aug/2018:13:26:05 -0300] "GET /digitalizacion/servlet/hhome HTTP/1.1" 200 2588
192.168.10.83 - - [17/Aug/2018:13:26:07 -0300] "GET /digitalizacion/servlet/wblogin HTTP/1.1" 200 2320
186.103.159.189 - - [17/Aug/2018:13:26:08 -0300] "GET /cormun/static/menuarrow.gif HTTP/1.1" 404 1015
192.168.10.83 - - [17/Aug/2018:13:26:13 -0300] "POST /digitalizacion/servlet/wblogin?79384554f549d82ef4c380f1bb70804c,gx-no-cache=1534522952620 HTTP/1.1" 200 65
192.168.10.83 - - [17/Aug/2018:13:26:13 -0300] "GET /digitalizacion/servlet/hhome HTTP/1.1" 200 2590
192.168.10.83 - - [17/Aug/2018:13:26:13 -0300] "GET /digitalizacion/servlet/hhome HTTP/1.1" 200 2588
192.168.10.84 - - [17/Aug/2018:13:26:42 -0300] "GET /digitalizacion/servlet/trdocumentos? HTTP/1.1" 200 5758
192.168.10.84 - - [17/Aug/2018:13:26:42 -0300] "GET /digitalizacion/static/gxui/gxui-all.css?110300 HTTP/1.1" 200 2179
192.168.10.84 - - [17/Aug/2018:13:26:42 -0300] "GET /digitalizacion/static/SmoothNavMenu/resources/ddsmoothmenu.css?1012540 HTTP/1.1" 200 2223
192.168.10.84 - - [17/Aug/2018:13:26:42 -0300] "GET /digitalizacion/static/SmoothNavMenu/resources/ddsmoothmenu-v.css?1012540 HTTP/1.1" 200 1188
192.168.10.84 - - [17/Aug/2018:13:26:42 -0300] "GET /digitalizacion/static/scaMessage/css/jquery.pnotify.default.css?1716380 HTTP/1.1" 200 1707
192.168.10.84 - - [17/Aug/2018:13:26:42 -0300] "GET /digitalizacion/static/gxcfg.js?20186221492466 HTTP/1.1" 200 954
192.168.10.84 - - [17/Aug/2018:13:26:42 -0300] "GET /digitalizacion/static/RunJS/RunJS.js HTTP/1.1" 200 288
192.168.10.84 - - [17/Aug/2018:13:26:42 -0300] "GET /digitalizacion/static/Shared/jqueryui/jquery-ui.min.css?1245370 HTTP/1.1" 200 30288
192.168.10.84 - - [17/Aug/2018:13:26:42 -0300] "GET /digitalizacion/static/Resources/Spanish/PXTools.css?14224663 HTTP/1.1" 200 100831
192.168.10.84 - - [17/Aug/2018:13:26:42 -0300] "GET /digitalizacion/static/gxui/gxui-all.js HTTP/1.1" 200 107772
192.168.10.84 - - [17/Aug/2018:13:26:42 -0300] "GET /digitalizacion/static/PXToolsJavascripts/pexe_cookies.js HTTP/1.1" 200 792
192.168.10.84 - - [17/Aug/2018:13:26:42 -0300] "GET /digitalizacion/static/PXToolsJavascripts/pexe_menudivfix.js HTTP/1.1" 200 333
192.168.10.84 - - [17/Aug/2018:13:26:42 -0300] "GET /digitalizacion/static/PXToolsJavascripts/pexe_oav.js HTTP/1.1" 200 645
192.168.10.84 - - [17/Aug/2018:13:26:42 -0300] "GET /digitalizacion/static/PXToolsJavascripts/pexe_picture.js HTTP/1.1" 200 689
192.168.10.84 - - [17/Aug/2018:13:26:42 -0300] "GET /digitalizacion/static/PXToolsJavascripts/pexe_oavdivfix.js HTTP/1.1" 200 639
192.168.10.84 - - [17/Aug/2018:13:26:42 -0300] "GET /digitalizacion/static/PXToolsJavascripts/pexe_tabdivfix.js HTTP/1.1" 200 898
192.168.10.84 - - [17/Aug/2018:13:26:42 -0300] "GET /digitalizacion/static/gxdec.js?85251 HTTP/1.1" 200 19729
192.168.10.84 - - [17/Aug/2018:13:26:42 -0300] "GET /digitalizacion/static/PXToolsJavascripts/PXToolsJavascriptsRender.js HTTP/1.1" 200 367
192.168.10.84 - - [17/Aug/2018:13:26:42 -0300] "GET /digitalizacion/static/trdocumentos.js?20186221492798 HTTP/1.1" 200 22386
192.168.10.84 - - [17/Aug/2018:13:26:42 -0300] "GET /digitalizacion/static/hwchdr01.js?20184141438371 HTTP/1.1" 200 887
192.168.10.84 - - [17/Aug/2018:13:26:42 -0300] "GET /digitalizacion/static/hpexe_scripts.js?201841414233682 HTTP/1.1" 200 1506
192.168.10.84 - - [17/Aug/2018:13:26:42 -0300] "GET /digitalizacion/static/hpexe_messagepopupcomponent.js?201841414233469 HTTP/1.1" 200 568
192.168.10.84 - - [17/Aug/2018:13:26:42 -0300] "GET /digitalizacion/static/hpexe_messagegenexuscomponent.js?201841414233455 HTTP/1.1" 200 550
192.168.10.84 - - [17/Aug/2018:13:26:42 -0300] "GET /digitalizacion/static/hpexe_messagecontroller.js?201841414233665 HTTP/1.1" 200 857
192.168.10.84 - - [17/Aug/2018:13:26:42 -0300] "GET /digitalizacion/static/hpexe_messagegxuicomponent.js?201841414233441 HTTP/1.1" 200 1103
192.168.10.84 - - [17/Aug/2018:13:26:42 -0300] "GET /digitalizacion/static/SmoothNavMenu/resources/SmoothNavMenuRender.js HTTP/1.1" 200 5951
192.168.10.84 - - [17/Aug/2018:13:26:42 -0300] "GET /digitalizacion/static/SmoothNavMenu/resources/ddsmoothmenu.js HTTP/1.1" 200 12712
192.168.10.84 - - [17/Aug/2018:13:26:42 -0300] "GET /digitalizacion/static/Shared/jquery/jquery-1.4.2.min.js HTTP/1.1" 200 72174
192.168.10.84 - - [17/Aug/2018:13:26:42 -0300] "GET /digitalizacion/static/scaMessage/scaMessageRender.js HTTP/1.1" 200 2408
192.168.10.84 - - [17/Aug/2018:13:26:42 -0300] "GET /digitalizacion/static/scaMessage/js/jquery.pnotify.min.js HTTP/1.1" 200 13038
192.168.10.84 - - [17/Aug/2018:13:26:42 -0300] "GET /digitalizacion/static/hmpwkw031.js?20184141427937 HTTP/1.1" 200 3800
192.168.10.84 - - [17/Aug/2018:13:26:42 -0300] "GET /digitalizacion/static/Shared/jqueryui/jquery-ui.min.js HTTP/1.1" 200 240427
192.168.10.84 - - [17/Aug/2018:13:26:44 -0300] "GET /digitalizacion/servlet/trdocumentos? HTTP/1.1" 200 5758
192.168.10.84 - - [17/Aug/2018:13:26:44 -0300] "POST /digitalizacion/servlet/trdocumentos?gx-no-cache=1534522983803 HTTP/1.1" 200 518
192.168.10.84 - - [17/Aug/2018:13:26:44 -0300] "POST /digitalizacion/servlet/trdocumentos?gx-no-cache=1534522983861 HTTP/1.1" 200 216
192.168.10.83 - - [17/Aug/2018:13:26:44 -0300] "GET /digitalizacion/servlet/wblogin HTTP/1.1" 200 2309
192.168.10.84 - - [17/Aug/2018:13:26:50 -0300] "POST /digitalizacion/servlet/trdocumentos?gx-no-cache=1534522989541 HTTP/1.1" 200 147
192.168.10.83 - - [17/Aug/2018:13:26:50 -0300] "POST /digitalizacion/servlet/wblogin?79384554f549d82ef4c380f1bb70804c,gx-no-cache=1534522989773 HTTP/1.1" 200 811
192.168.10.83 - - [17/Aug/2018:13:26:56 -0300] "POST /digitalizacion/servlet/wblogin?79384554f549d82ef4c380f1bb70804c,gx-no-cache=1534522995279 HTTP/1.1" 200 815
192.168.10.83 - - [17/Aug/2018:13:26:59 -0300] "POST /digitalizacion/servlet/wblogin?79384554f549d82ef4c380f1bb70804c,gx-no-cache=1534522998957 HTTP/1.1" 200 815
192.168.10.83 - - [17/Aug/2018:13:27:01 -0300] "POST /digitalizacion/servlet/wblogin?79384554f549d82ef4c380f1bb70804c,gx-no-cache=1534523000694 HTTP/1.1" 200 815
192.168.10.83 - - [17/Aug/2018:13:27:07 -0300] "POST /digitalizacion/servlet/wblogin?79384554f549d82ef4c380f1bb70804c,gx-no-cache=1534523006997 HTTP/1.1" 200 811
192.168.10.83 - - [17/Aug/2018:13:27:25 -0300] "POST /digitalizacion/servlet/wblogin?79384554f549d82ef4c380f1bb70804c,gx-no-cache=1534523024181 HTTP/1.1" 200 65
192.168.10.83 - - [17/Aug/2018:13:27:25 -0300] "GET /digitalizacion/servlet/hhome HTTP/1.1" 200 2590
192.168.10.83 - - [17/Aug/2018:13:27:25 -0300] "GET /digitalizacion/servlet/hhome HTTP/1.1" 200 2588
186.103.159.186 - - [17/Aug/2018:13:27:34 -0300] "GET /cormun/servlet/hlogin HTTP/1.1" 200 1717
186.103.159.186 - - [17/Aug/2018:13:27:42 -0300] "POST /cormun/servlet/hlogin?c4ccf03421562498c15e838267da48e2,gx-no-cache=1534523187440 HTTP/1.1" 200 90
186.103.159.186 - - [17/Aug/2018:13:27:42 -0300] "GET /cormun/servlet/hpexe_link HTTP/1.1" 200 946
186.103.159.186 - - [17/Aug/2018:13:27:42 -0300] "GET /cormun/servlet/hhome HTTP/1.1" 200 3959
186.103.159.186 - - [17/Aug/2018:13:27:44 -0300] "GET /cormun/servlet/hhome HTTP/1.1" 200 3956
186.103.159.186 - - [17/Aug/2018:13:27:47 -0300] "GET /cormun/servlet/trpermisosgoce? HTTP/1.1" 200 10580
186.103.159.186 - - [17/Aug/2018:13:27:49 -0300] "GET /cormun/servlet/trpermisosgoce? HTTP/1.1" 200 10578
192.168.10.83 - - [17/Aug/2018:13:27:51 -0300] "GET /digitalizacion/servlet/hhome HTTP/1.1" 200 2590
192.168.10.83 - - [17/Aug/2018:13:27:51 -0300] "GET /digitalizacion/servlet/hhome HTTP/1.1" 200 2588
192.168.10.83 - - [17/Aug/2018:13:27:51 -0300] "GET /favicon.ico HTTP/1.1" 200 21630
186.103.159.186 - - [17/Aug/2018:13:27:52 -0300] "GET /cormun/servlet/trpermisosadjuntos?10474958,20180817113226,P, HTTP/1.1" 200 6276
186.103.159.186 - - [17/Aug/2018:13:27:52 -0300] "GET /cormun/static/gxcfg.js?201762817193957 HTTP/1.1" 200 953
186.103.159.186 - - [17/Aug/2018:13:27:53 -0300] "GET /cormun/servlet/trpermisosadjuntos?10474958,20180817113226,P, HTTP/1.1" 200 6276
186.103.159.186 - - [17/Aug/2018:13:27:54 -0300] "GET /cormun/servlet/permisosadjuntos?INS,10474958,P,20180817113226,, HTTP/1.1" 200 5605
186.103.159.186 - - [17/Aug/2018:13:27:55 -0300] "GET /cormun/static/gxcfg.js?201762717441171 HTTP/1.1" 200 953
186.103.159.186 - - [17/Aug/2018:13:27:55 -0300] "GET /cormun/static/permisosadjuntos.js?201762717441184 HTTP/1.1" 200 8724
186.103.159.186 - - [17/Aug/2018:13:27:55 -0300] "GET /cormun/static/about:blank HTTP/1.1" 404 1011
186.103.159.186 - - [17/Aug/2018:13:27:56 -0300] "GET /cormun/servlet/permisosadjuntos?INS,10474958,P,20180817113226,, HTTP/1.1" 200 5595
200.83.139.166 - - [17/Aug/2018:13:28:01 -0300] "POST /cormun/servlet/trsolicitudgral?a9b80ff3a8f53021482586f99dad42e3,,gx-no-cache=1534523230650 HTTP/1.1" 200 8095
192.168.10.83 - - [17/Aug/2018:13:28:08 -0300] "GET /digitalizacion/servlet/hhome HTTP/1.1" 200 2588
192.168.10.83 - - [17/Aug/2018:13:28:08 -0300] "GET /digitalizacion/servlet/hhome HTTP/1.1" 200 2588
200.83.139.166 - - [17/Aug/2018:13:28:10 -0300] "POST /cormun/servlet/trsolicitudgral?a9b80ff3a8f53021482586f99dad42e3,,gx-no-cache=1534523238567 HTTP/1.1" 200 7702
186.103.159.186 - - [17/Aug/2018:13:28:11 -0300] "POST /cormun/servlet/permisosadjuntos?c4ccf03421562498c15e838267da48e2,INS,10474958,P,20180817113226,, HTTP/1.1" 200 116
186.103.159.186 - - [17/Aug/2018:13:28:11 -0300] "GET /cormun/servlet/hpexe_return? HTTP/1.1" 200 1033
186.103.159.186 - - [17/Aug/2018:13:28:12 -0300] "GET /cormun/servlet/trpermisosadjuntos?10474958,20180817113226,P, HTTP/1.1" 200 6755
186.103.159.186 - - [17/Aug/2018:13:28:13 -0300] "GET /cormun/servlet/trpermisosadjuntos?10474958,20180817113226,P, HTTP/1.1" 200 6750
186.103.159.186 - - [17/Aug/2018:13:28:16 -0300] "POST /cormun/servlet/trpermisosadjuntos?c4ccf03421562498c15e838267da48e2,10474958,20180817113226,P,,gx-no-cache=1534523220983 HTTP/1.1" 200 90
186.103.159.186 - - [17/Aug/2018:13:28:16 -0300] "GET /cormun/servlet/hpexe_link HTTP/1.1" 200 980
186.103.159.186 - - [17/Aug/2018:13:28:16 -0300] "GET /cormun/servlet/trpermisosgoce HTTP/1.1" 200 10580
192.168.10.83 - - [17/Aug/2018:13:28:17 -0300] "GET /digitalizacion/servlet/hhome HTTP/1.1" 200 2588
192.168.10.83 - - [17/Aug/2018:13:28:17 -0300] "GET /digitalizacion/servlet/hhome HTTP/1.1" 200 2588
186.103.159.186 - - [17/Aug/2018:13:28:18 -0300] "GET /cormun/servlet/trpermisosgoce HTTP/1.1" 200 10577
192.168.10.84 - - [17/Aug/2018:13:28:26 -0300] "POST /digitalizacion/servlet/trdocumentos?gx-no-cache=1534523086053 HTTP/1.1" 200 194
192.168.10.84 - - [17/Aug/2018:13:28:32 -0300] "POST /digitalizacion/servlet/trdocumentos?gx-no-cache=1534523091737 HTTP/1.1" 200 184
200.83.139.166 - - [17/Aug/2018:13:28:47 -0300] "GET /cormun/servlet/vesolicitudgral?2018,11977,, HTTP/1.1" 200 9080
200.83.139.166 - - [17/Aug/2018:13:28:48 -0300] "GET /cormun/pexe_scrolldiv.js HTTP/1.1" 404 1009
200.83.139.166 - - [17/Aug/2018:13:28:48 -0300] "GET /cormun/servlet/vesolicitudgral?2018,11977,, HTTP/1.1" 200 9079
186.103.159.189 - - [17/Aug/2018:13:29:05 -0300] "GET /cormun/servlet/licenciaspermisos?3353e0b890f844cd580e33bed8d11efe80d735742d7cd2f2408f1b839aa8842434387fcfede155fd18403be770b49b8a9a525a6a8c3e91fd5c23e4ceeaca43332e2eb0885dd20d149ee924d4f465c0af9222ce2029d12286d1916a8474f97bbfcf475b47b096fec73c935f8588719c17d802a398141e8f553ac3ea6822e6de1e1c64ae76f9ec157cb892da99c435a1df0f0bb215433b0337b3ebea2a068bd04f20ca3c38f6135f99851a04c42d1a720587be3b8c3925f721236e9add95a457cecd9c1396b1dd698ce5be81d6c687d7f89a377010babc5f2bb9d80c3c4b1e581e,gx-no-cache=1534523269389 HTTP/1.1" 200 30
186.103.159.189 - - [17/Aug/2018:13:29:05 -0300] "GET /cormun/servlet/licenciaspermisos?3353e0b890f844cd580e33bed8d11efe18cd75e005ff065ccb19388a18f525eea2edb334a92aaafec27bad8200c29b6be549afc586576f080245a1f1c55577571a746517d82ccc098d3a05a9971ced42cba76f558f1b738cc64a2f8101a25446b12aaf1fd9bedcc24cc864d9ef32feaf6afd47f552c34b30041387c09230c16d6532b2f5f4e96406cc27e19755d603d17f0b2334e42b0ed3c8a164a4cd6aa1990216c15ed98a04febcfebde8430d616bb2566154b68b723c80e0244094cd9f6e51a40817e2c9d4a7c8277e086c32c3881f851777c2101e4bcf8863dba7354c21,gx-no-cache=1534523269431 HTTP/1.1" 200 29
186.103.159.189 - - [17/Aug/2018:13:29:05 -0300] "POST /cormun/servlet/licenciaspermisos?bdcb908a536fb603ee89467d981d753d,INS,0,,,,gx-no-cache=1534523269469 HTTP/1.1" 200 4859
186.103.159.189 - - [17/Aug/2018:13:29:05 -0300] "GET /cormun/static/Shared/jqueryui/images/ui-bg_highlight-soft_100_c6c2c8_1x100.png HTTP/1.1" 404 1117
186.103.159.189 - - [17/Aug/2018:13:29:05 -0300] "GET /cormun/static/Shared/jqueryui/images/ui-icons_82798d_256x240.png HTTP/1.1" 404 1089
186.103.159.189 - - [17/Aug/2018:13:29:05 -0300] "GET /cormun/static/Shared/jqueryui/images/ui-bg_flat_55_994d53_40x100.png HTTP/1.1" 404 1097
186.103.159.189 - - [17/Aug/2018:13:29:05 -0300] "GET /cormun/static/Shared/jqueryui/images/ui-icons_ebccce_256x240.png HTTP/1.1" 404 1089
200.83.139.166 - - [17/Aug/2018:13:29:20 -0300] "GET /cormun/servlet/vesolicitudgral?2018,11977,,SolicitudOTAdjuntos HTTP/1.1" 200 11335
200.83.139.166 - - [17/Aug/2018:13:29:20 -0300] "GET /cormun/pexe_scrolldiv.js HTTP/1.1" 404 1009
200.83.139.166 - - [17/Aug/2018:13:29:20 -0300] "GET /cormun/pexe_scrolldiv.js HTTP/1.1" 404 1009
200.83.139.166 - - [17/Aug/2018:13:29:21 -0300] "GET /cormun/servlet/vesolicitudgral?2018,11977,,SolicitudOTAdjuntos HTTP/1.1" 200 11341
200.83.139.166 - - [17/Aug/2018:13:29:22 -0300] "POST /cormun/servlet/acontrolpreferencessavestate?None,FGONZALEZ,true HTTP/1.1" 200 35
200.83.139.166 - - [17/Aug/2018:13:29:26 -0300] "GET /cormun/PublicTempStorage/titulo5721133.pdf HTTP/1.1" 200 324893
200.83.139.166 - - [17/Aug/2018:13:29:35 -0300] "GET /cormun/servlet/vesolicitudgral?2018,11977,,SolicitudOTAdjuntos HTTP/1.1" 200 11335
200.83.139.166 - - [17/Aug/2018:13:29:36 -0300] "GET /cormun/servlet/vesolicitudgral?2018,11977,,SolicitudOTAdjuntos HTTP/1.1" 200 11338
200.83.139.166 - - [17/Aug/2018:13:29:36 -0300] "POST /cormun/servlet/acontrolpreferencessavestate?None,FGONZALEZ,true HTTP/1.1" 200 35
200.83.139.166 - - [17/Aug/2018:13:29:39 -0300] "GET /cormun/PublicTempStorage/curriculum2091861.pdf HTTP/1.1" 200 318935
200.83.139.166 - - [17/Aug/2018:13:30:03 -0300] "GET /cormun/servlet/vesolicitudgral?2018,11977,,SolicitudOTAdjuntos HTTP/1.1" 200 11340
200.83.139.166 - - [17/Aug/2018:13:30:04 -0300] "GET /cormun/servlet/vesolicitudgral?2018,11977,,SolicitudOTAdjuntos HTTP/1.1" 200 11341
200.83.139.166 - - [17/Aug/2018:13:30:05 -0300] "POST /cormun/servlet/acontrolpreferencessavestate?None,FGONZALEZ,true HTTP/1.1" 200 35
200.83.139.166 - - [17/Aug/2018:13:30:07 -0300] "GET /cormun/PublicTempStorage/curric23347840.pdf HTTP/1.1" 200 191466
200.83.139.166 - - [17/Aug/2018:13:30:23 -0300] "GET /cormun/servlet/vesolicitudgral?2018,11977,,SolicitudOTAdjuntos HTTP/1.1" 200 11339
200.83.139.166 - - [17/Aug/2018:13:30:24 -0300] "GET /cormun/servlet/vesolicitudgral?2018,11977,,SolicitudOTAdjuntos HTTP/1.1" 200 11338
200.83.139.166 - - [17/Aug/2018:13:30:24 -0300] "POST /cormun/servlet/acontrolpreferencessavestate?None,FGONZALEZ,true HTTP/1.1" 200 35
200.83.139.166 - - [17/Aug/2018:13:30:27 -0300] "POST /cormun/servlet/vesolicitudgral?a9b80ff3a8f53021482586f99dad42e3,2018,11977,,SolicitudOTAdjuntos,gx-no-cache=1534523376500 HTTP/1.1" 200 90
200.83.139.166 - - [17/Aug/2018:13:30:27 -0300] "GET /cormun/servlet/hpexe_link HTTP/1.1" 200 984
200.83.139.166 - - [17/Aug/2018:13:30:27 -0300] "GET /cormun/servlet/trsolicitudgral? HTTP/1.1" 200 10766
200.83.139.166 - - [17/Aug/2018:13:30:28 -0300] "GET /cormun/servlet/trsolicitudgral? HTTP/1.1" 200 10765
200.83.139.166 - - [17/Aug/2018:13:30:46 -0300] "GET /cormun/servlet/vesolicitudgral?2018,11977,, HTTP/1.1" 200 9080
200.83.139.166 - - [17/Aug/2018:13:30:46 -0300] "GET /cormun/pexe_scrolldiv.js HTTP/1.1" 404 1009
200.83.139.166 - - [17/Aug/2018:13:30:47 -0300] "GET /cormun/servlet/vesolicitudgral?2018,11977,, HTTP/1.1" 200 9079
200.83.139.166 - - [17/Aug/2018:13:30:53 -0300] "POST /cormun/servlet/vesolicitudgral?a9b80ff3a8f53021482586f99dad42e3,2018,11977,,,gx-no-cache=1534523402479 HTTP/1.1" 200 90
200.83.139.166 - - [17/Aug/2018:13:30:53 -0300] "GET /cormun/servlet/hpexe_link HTTP/1.1" 200 972
200.83.139.166 - - [17/Aug/2018:13:30:54 -0300] "GET /cormun/servlet/trsolicitudgral HTTP/1.1" 200 10766
200.83.139.166 - - [17/Aug/2018:13:30:54 -0300] "GET /cormun/servlet/trsolicitudgral HTTP/1.1" 200 10765
200.83.139.166 - - [17/Aug/2018:13:31:02 -0300] "POST /cormun/servlet/trsolicitudgral?a9b80ff3a8f53021482586f99dad42e3,gx-no-cache=1534523411217 HTTP/1.1" 200 7310
200.83.139.166 - - [17/Aug/2018:13:31:02 -0300] "GET /cormun/static/Shared/jqueryui/images/ui-bg_highlight-soft_100_c6c2c8_1x100.png HTTP/1.1" 404 1117
200.83.139.166 - - [17/Aug/2018:13:31:02 -0300] "GET /cormun/static/Shared/jqueryui/images/ui-icons_82798d_256x240.png HTTP/1.1" 404 1089
200.83.139.166 - - [17/Aug/2018:13:31:02 -0300] "GET /cormun/static/Shared/jqueryui/images/ui-bg_flat_55_fafafa_40x100.png HTTP/1.1" 404 1097
200.83.139.166 - - [17/Aug/2018:13:31:02 -0300] "GET /cormun/static/Shared/jqueryui/images/ui-icons_8d78a5_256x240.png HTTP/1.1" 404 1089
186.103.159.186 - - [17/Aug/2018:13:31:16 -0300] "POST /cormun/servlet/trpermisosgoce?c4ccf03421562498c15e838267da48e2,gx-no-cache=1534523400726 HTTP/1.1" 200 7794
186.103.159.186 - - [17/Aug/2018:13:31:16 -0300] "GET /cormun/static/Shared/jqueryui/images/ui-bg_highlight-soft_100_c6c2c8_1x100.png HTTP/1.1" 404 1117
186.103.159.186 - - [17/Aug/2018:13:31:16 -0300] "GET /cormun/static/Shared/jqueryui/images/ui-icons_82798d_256x240.png HTTP/1.1" 404 1089
186.103.159.186 - - [17/Aug/2018:13:31:16 -0300] "GET /cormun/static/Shared/jqueryui/images/ui-bg_flat_55_fafafa_40x100.png HTTP/1.1" 404 1097
186.103.159.186 - - [17/Aug/2018:13:31:16 -0300] "GET /cormun/static/Shared/jqueryui/images/ui-icons_8d78a5_256x240.png HTTP/1.1" 404 1089
186.103.159.186 - - [17/Aug/2018:13:31:24 -0300] "GET /cormun/servlet/hlogin HTTP/1.1" 200 1717
186.103.159.186 - - [17/Aug/2018:13:31:32 -0300] "POST /cormun/servlet/hlogin?c4ccf03421562498c15e838267da48e2,gx-no-cache=1534523417591 HTTP/1.1" 200 90
186.103.159.186 - - [17/Aug/2018:13:31:33 -0300] "GET /cormun/servlet/hpexe_link HTTP/1.1" 200 946
186.103.159.186 - - [17/Aug/2018:13:31:33 -0300] "GET /cormun/servlet/hhome HTTP/1.1" 200 4120
186.103.159.186 - - [17/Aug/2018:13:31:34 -0300] "GET /cormun/servlet/hhome HTTP/1.1" 200 4117
186.103.159.186 - - [17/Aug/2018:13:31:35 -0300] "GET /cormun/static/SmoothNavMenu/resources/images/right.gif HTTP/1.1" 200 860
200.83.139.166 - - [17/Aug/2018:13:31:37 -0300] "GET /cormun/servlet/vesolicitudgral?2018,11972,, HTTP/1.1" 200 9090
200.83.139.166 - - [17/Aug/2018:13:31:37 -0300] "GET /cormun/pexe_scrolldiv.js HTTP/1.1" 404 1009
200.83.139.166 - - [17/Aug/2018:13:31:37 -0300] "GET /cormun/pexe_scrolldiv.js HTTP/1.1" 404 1009
200.83.139.166 - - [17/Aug/2018:13:31:37 -0300] "GET /cormun/servlet/vesolicitudgral?2018,11972,, HTTP/1.1" 200 9090
186.103.159.186 - - [17/Aug/2018:13:31:38 -0300] "GET /cormun/servlet/trautorizarpermisogoce? HTTP/1.1" 200 7799
186.103.159.186 - - [17/Aug/2018:13:31:38 -0300] "GET /cormun/static/gxcfg.js?20177612165975 HTTP/1.1" 200 953
186.103.159.186 - - [17/Aug/2018:13:31:38 -0300] "GET /cormun/static/trautorizarpermisogoce.js?2017761217384 HTTP/1.1" 200 34948
186.103.159.186 - - [17/Aug/2018:13:31:39 -0300] "GET /cormun/servlet/trautorizarpermisogoce? HTTP/1.1" 200 7797
186.103.159.186 - - [17/Aug/2018:13:31:42 -0300] "POST /cormun/servlet/trautorizarpermisogoce?c4ccf03421562498c15e838267da48e2,,gx-no-cache=1534523426999 HTTP/1.1" 200 4361
186.103.159.186 - - [17/Aug/2018:13:31:42 -0300] "GET /cormun/static/Shared/jqueryui/images/ui-bg_highlight-soft_100_c6c2c8_1x100.png HTTP/1.1" 404 1117
186.103.159.186 - - [17/Aug/2018:13:31:42 -0300] "GET /cormun/static/Shared/jqueryui/images/ui-icons_8d78a5_256x240.png HTTP/1.1" 404 1089
186.103.159.186 - - [17/Aug/2018:13:31:42 -0300] "GET /cormun/static/Shared/jqueryui/images/ui-icons_82798d_256x240.png HTTP/1.1" 404 1089
186.103.159.186 - - [17/Aug/2018:13:31:43 -0300] "GET /cormun/static/Shared/jqueryui/images/ui-bg_flat_55_fafafa_40x100.png HTTP/1.1" 404 1097
200.83.139.166 - - [17/Aug/2018:13:32:04 -0300] "GET /cormun/servlet/vesolicitudgral?2018,11972,,SolicitudOTAdjuntos HTTP/1.1" 200 7750
200.83.139.166 - - [17/Aug/2018:13:32:04 -0300] "GET /cormun/pexe_scrolldiv.js HTTP/1.1" 404 1009
200.83.139.166 - - [17/Aug/2018:13:32:05 -0300] "GET /cormun/servlet/vesolicitudgral?2018,11972,,SolicitudOTAdjuntos HTTP/1.1" 200 7751
200.83.139.166 - - [17/Aug/2018:13:32:06 -0300] "POST /cormun/servlet/acontrolpreferencessavestate?None,FGONZALEZ,true HTTP/1.1" 200 35
200.83.139.166 - - [17/Aug/2018:13:32:16 -0300] "POST /cormun/servlet/vesolicitudgral?a9b80ff3a8f53021482586f99dad42e3,2018,11972,,SolicitudOTAdjuntos,gx-no-cache=1534523486313 HTTP/1.1" 200 90
200.83.139.166 - - [17/Aug/2018:13:32:17 -0300] "GET /cormun/servlet/hpexe_link HTTP/1.1" 200 1002
200.83.139.166 - - [17/Aug/2018:13:32:17 -0300] "GET /cormun/servlet/trsolicitudgral?gx-no-cache=1534523411217 HTTP/1.1" 200 10349
200.83.139.166 - - [17/Aug/2018:13:32:17 -0300] "GET /cormun/servlet/trsolicitudgral?gx-no-cache=1534523411217 HTTP/1.1" 200 10368
200.83.139.166 - - [17/Aug/2018:13:32:29 -0300] "POST /cormun/servlet/trsolicitudgral?a9b80ff3a8f53021482586f99dad42e3,gx-no-cache=1534523411217,gx-no-cache=1534523499259 HTTP/1.1" 200 6120
200.83.139.166 - - [17/Aug/2018:13:32:30 -0300] "GET /cormun/static/Shared/jqueryui/images/ui-bg_highlight-soft_100_c6c2c8_1x100.png HTTP/1.1" 404 1117
200.83.139.166 - - [17/Aug/2018:13:32:30 -0300] "GET /cormun/static/Shared/jqueryui/images/ui-bg_flat_55_fafafa_40x100.png HTTP/1.1" 404 1097
200.83.139.166 - - [17/Aug/2018:13:32:30 -0300] "GET /cormun/static/Shared/jqueryui/images/ui-icons_8d78a5_256x240.png HTTP/1.1" 404 1089
200.83.139.166 - - [17/Aug/2018:13:32:30 -0300] "GET /cormun/static/Shared/jqueryui/images/ui-icons_82798d_256x240.png HTTP/1.1" 404 1089
186.103.159.189 - - [17/Aug/2018:13:33:04 -0300] "GET /cormun/servlet/licenciaspermisos?3353e0b890f844cd580e33bed8d11efe80d735742d7cd2f2408f1b839aa8842434387fcfede155fd18403be770b49b8a9a525a6a8c3e91fd5c23e4ceeaca43332e2eb0885dd20d149ee924d4f465c0af9222ce2029d12286d1916a8474f97bbfcf475b47b096fec73c935f8588719c17d802a398141e8f553ac3ea6822e6de1e1c64ae76f9ec157cb892da99c435a1df0f0bb215433b0337b3ebea2a068bd04f20ca3c38f6135f99851a04c42d1a720587be3b8c3925f721236e9add95a457cecd9c1396b1dd698ce5be81d6c687d7f89a377010babc5f2bb9d80c3c4b1e581e,gx-no-cache=1534523508554 HTTP/1.1" 200 30
186.103.159.189 - - [17/Aug/2018:13:33:04 -0300] "GET /cormun/servlet/licenciaspermisos?3353e0b890f844cd580e33bed8d11efe18cd75e005ff065ccb19388a18f525eea2edb334a92aaafec27bad8200c29b6be549afc586576f080245a1f1c55577571a746517d82ccc098d3a05a9971ced42cba76f558f1b738cc64a2f8101a25446b12aaf1fd9bedcc24cc864d9ef32feaf6afd47f552c34b30041387c09230c16d6532b2f5f4e96406cc27e19755d603d17f0b2334e42b0ed3c8a164a4cd6aa1990216c15ed98a04febcfebde8430d616bb2566154b68b723c80e0244094cd9f6e51a40817e2c9d4a7c8277e086c32c3881f851777c2101e4bcf8863dba7354c21,gx-no-cache=1534523508676 HTTP/1.1" 200 29
186.103.159.189 - - [17/Aug/2018:13:33:04 -0300] "POST /cormun/servlet/licenciaspermisos?bdcb908a536fb603ee89467d981d753d,INS,0,,,,gx-no-cache=1534523508721 HTTP/1.1" 200 93
186.103.159.189 - - [17/Aug/2018:13:33:04 -0300] "GET /cormun/servlet/hpexe_return? HTTP/1.1" 200 1010
186.103.159.189 - - [17/Aug/2018:13:33:05 -0300] "GET /cormun/servlet/trlicencias HTTP/1.1" 200 10484
186.103.159.189 - - [17/Aug/2018:13:33:06 -0300] "GET /cormun/servlet/trlicencias HTTP/1.1" 200 10479
186.103.159.189 - - [17/Aug/2018:13:33:24 -0300] "GET /cormun/servlet/trlicenciaspermisosadjuntos?18952078,20180817000000,L, HTTP/1.1" 200 6314
186.103.159.189 - - [17/Aug/2018:13:33:24 -0300] "GET /cormun/static/gxcfg.js?20177612163414 HTTP/1.1" 200 953
186.103.159.189 - - [17/Aug/2018:13:33:26 -0300] "GET /cormun/servlet/trlicenciaspermisosadjuntos?18952078,20180817000000,L, HTTP/1.1" 200 6314
