200.54.247.70 - - [16/Aug/2018:08:30:24 -0300] "GET /cormun/servlet/solicitudot?b99223a32eeca1d093d7bd7512f709f5c7037f9bf6e74bb1edceb1a3ce2d5c301dd6d42a70515e04a7026dd873ad3c925ccc72745bff7206de027253e37f77243f652cb3c7077927cbbc736345b7e5a0c9feca2cd54048860faf9d8d200c060418143e6e91f73b31cf211057f57328ea60b19f86ee725c764a382094c04b6da662c05c6da6869ab6b40cdbf8e63a1078ca41b24852cb131a91133d6ee96365816be285e3eaebf61fd09b4cd81b56e634c7739c0d9925c6cb64f8ceeb4e3f7a8cd0d3e7c0edea502c315f29f56a006455df8c9a45f0895372ffc23da53f8e54a6f859f18bab0802cb8b29d63b3bf7a1942e50926013c36d682aa72a42881ca7251f41a615fa325cffc05f27647d3f02ee3c6a1043d6c63b79f30d06b98ac135f426ab426e3c838e56a00179ff0b0e596983802ecf56fab011c979c9d676ef6ab9a38173ba96a7f3889f7601ccfd59dacd3211c29f61ab7b71713de7e557e6e0078c734cbee8f8b239d20691859c4ad4398f54c9424d70c6a611770b05146e95d9,gx-no-cache=1534418949838 HTTP/1.1" 200 30
200.54.247.70 - - [16/Aug/2018:08:30:24 -0300] "POST /cormun/servlet/solicitudot?gx-no-cache=1534418951082 HTTP/1.1" 200 30
200.54.247.70 - - [16/Aug/2018:08:30:27 -0300] "POST /cormun/servlet/solicitudot?gx-no-cache=1534418951216 HTTP/1.1" 200 1376
200.54.247.70 - - [16/Aug/2018:08:30:27 -0300] "POST /cormun/servlet/solicitudot?gx-no-cache=1534418954019 HTTP/1.1" 200 41
200.54.247.70 - - [16/Aug/2018:08:30:28 -0300] "POST /cormun/servlet/solicitudot?gx-no-cache=1534418954153 HTTP/1.1" 200 1357
200.54.247.70 - - [16/Aug/2018:08:30:29 -0300] "POST /cormun/servlet/solicitudot?gx-no-cache=1534418954854 HTTP/1.1" 200 1258
200.54.247.70 - - [16/Aug/2018:08:30:31 -0300] "GET /cormun/servlet/solicitudot?b99223a32eeca1d093d7bd7512f709f59cd473712bdd9e956a9ca92b33c5c2a873ff2472ccd16b479e421eb834074640,gx-no-cache=1534418957485 HTTP/1.1" 200 30
200.54.247.70 - - [16/Aug/2018:08:30:32 -0300] "POST /cormun/servlet/solicitudot?gx-no-cache=1534418957925 HTTP/1.1" 200 34
200.54.247.70 - - [16/Aug/2018:08:30:35 -0300] "POST /cormun/servlet/solicitudot?a1f2766d80fec4b79abfde5eb360b866,INS,0,0,,gx-no-cache=1534418959102 HTTP/1.1" 200 93
200.54.247.70 - - [16/Aug/2018:08:30:35 -0300] "GET /cormun/servlet/hpexe_return? HTTP/1.1" 200 1008
200.54.247.70 - - [16/Aug/2018:08:30:35 -0300] "GET /cormun/servlet/trsolicitudot HTTP/1.1" 200 8886
200.54.247.70 - - [16/Aug/2018:08:30:39 -0300] "GET /cormun/servlet/trsolicitudot HTTP/1.1" 200 8882
186.10.12.250 - - [16/Aug/2018:08:31:03 -0300] "POST /cormun/servlet/trpermisosgoce?6bd76a7555e2a30391ef71e875ae18fd,,gx-no-cache=1534418986130 HTTP/1.1" 200 12494
186.10.12.250 - - [16/Aug/2018:08:31:04 -0300] "GET /cormun/static/Shared/jqueryui/images/ui-bg_highlight-soft_100_c6c2c8_1x100.png HTTP/1.1" 404 1117
186.10.12.250 - - [16/Aug/2018:08:31:04 -0300] "GET /cormun/static/Shared/jqueryui/images/ui-icons_82798d_256x240.png HTTP/1.1" 404 1089
186.10.12.250 - - [16/Aug/2018:08:31:04 -0300] "GET /cormun/static/Shared/jqueryui/images/ui-icons_8d78a5_256x240.png HTTP/1.1" 404 1089
186.10.12.250 - - [16/Aug/2018:08:31:04 -0300] "GET /cormun/static/Shared/jqueryui/images/ui-bg_flat_55_fafafa_40x100.png HTTP/1.1" 404 1097
186.10.12.250 - - [16/Aug/2018:08:31:08 -0300] "POST /cormun/servlet/trpermisosgoce?6bd76a7555e2a30391ef71e875ae18fd,,gx-no-cache=1534418991934 HTTP/1.1" 200 12494
186.10.12.250 - - [16/Aug/2018:08:31:23 -0300] "POST /cormun/servlet/trpermisosgoce?6bd76a7555e2a30391ef71e875ae18fd,,gx-no-cache=1534418995377 HTTP/1.1" 200 12502
200.54.247.70 - - [16/Aug/2018:08:31:49 -0300] "POST /cormun/servlet/trsolicitudot?a1f2766d80fec4b79abfde5eb360b866,gx-no-cache=1534419033129 HTTP/1.1" 200 107
200.54.247.70 - - [16/Aug/2018:08:31:49 -0300] "GET /cormun/servlet/trsolicitudadjuntos?2018,12035, HTTP/1.1" 200 6335
200.54.247.70 - - [16/Aug/2018:08:31:51 -0300] "GET /cormun/servlet/trsolicitudadjuntos?2018,12035, HTTP/1.1" 200 6335
200.54.247.70 - - [16/Aug/2018:08:32:00 -0300] "GET /cormun/servlet/solicitudotadjuntos?INS,2018,12035,,1, HTTP/1.1" 200 6278
200.54.247.70 - - [16/Aug/2018:08:32:01 -0300] "GET /cormun/static/solicitudotadjuntos.js?2017761244086 HTTP/1.1" 200 11771
200.54.247.70 - - [16/Aug/2018:08:32:20 -0300] "GET /cormun/static/gxcfg.js?2017761244068 HTTP/1.1" 200 953
200.54.247.70 - - [16/Aug/2018:08:32:20 -0300] "GET /cormun/static/about:blank HTTP/1.1" 404 1011
200.54.247.70 - - [16/Aug/2018:08:32:21 -0300] "GET /cormun/servlet/solicitudotadjuntos?INS,2018,12035,,1, HTTP/1.1" 200 6271
200.54.247.70 - - [16/Aug/2018:08:32:21 -0300] "GET /cormun/servlet/solicitudotadjuntos?b99223a32eeca1d093d7bd7512f709f5b4568145fce9b8376bfa49762b7c02f05be82e776b4595b394e8943c337e158d,gx-no-cache=1534419068223 HTTP/1.1" 200 30
200.54.247.70 - - [16/Aug/2018:08:32:30 -0300] "POST /cormun/servlet/solicitudotadjuntos?a1f2766d80fec4b79abfde5eb360b866,INS,2018,12035,,1,,gx-no-cache=1534419074728 HTTP/1.1" 200 4018
200.112.233.47 - - [16/Aug/2018:08:32:32 -0300] "GET /cormun/static/Resources/Spanish/PXTools.css?11423723 HTTP/1.1" 200 89042
190.46.192.47 - - [16/Aug/2018:08:33:05 -0300] "GET /cormun/servlet/licenciaspermisos?ad0af8b874f1c84916e9d1baef7645892408a300e8919e458f7f59c788a3d0487fa581bf66032ccf3539328a3d364b902ff3d65f288bbaa7c28ee4d1a6b5cee6b1b0e4d2cdde7653e3f79b2b33cfe1c2497ea1075427f577a578e9eba380ae7a556100877fa602940262c43979cc363af49a9e9405fbe80d614fb37ac3953a34adf74b8ff8122cefcb791ad6a29e52be552bedd3e6c313b038b8702088bc412d1d0716c94b0ef797949836ec0966eb25,gx-no-cache=1534419110710 HTTP/1.1" 200 30
190.46.192.47 - - [16/Aug/2018:08:33:06 -0300] "GET /cormun/servlet/licenciaspermisos?ad0af8b874f1c84916e9d1baef764589a8815f41526973e5dbe4ec95f21f80d652c36432908fa4f1bdabe00706e51a76c2d331e2c3d0fd7b43467b87c20b851b9688fefba5ad5371a50e56a60c94d2124c019a6aa1651acba3e539f520e0cb296b3c7ef10a8a36a9142ed143867ea832268238ca5d6b1e5aad59d8f65a2b3cf1a67c651dcb4090ca0c95e8615e4fefa0b5359535de5acc684cd37b5e6401b66fd0e69622fa43f70abd5a847fa2f53050,gx-no-cache=1534419111147 HTTP/1.1" 200 29
190.151.100.218 - - [16/Aug/2018:08:33:19 -0300] "GET /cormun/servlet/trpermisosingoce? HTTP/1.1" 200 6905
186.103.161.206 - - [16/Aug/2018:08:33:20 -0300] "GET /cormun/static/gxcfg.js?201742714253516 HTTP/1.1" 200 953
190.151.100.218 - - [16/Aug/2018:08:33:20 -0300] "GET /cormun/static/Resources/Spanish/PXTools.css?11294912 HTTP/1.1" 200 89042
186.103.161.206 - - [16/Aug/2018:08:33:20 -0300] "GET /cormun/static/trpermisosingoce.js?201742714253970 HTTP/1.1" 200 34472
186.103.161.206 - - [16/Aug/2018:08:33:21 -0300] "GET /cormun/servlet/trpermisosingoce? HTTP/1.1" 200 6905
190.151.100.218 - - [16/Aug/2018:08:33:23 -0300] "GET /cormun/static/menuarrow.gif HTTP/1.1" 404 1015
190.46.192.47 - - [16/Aug/2018:08:33:25 -0300] "POST /cormun/servlet/licenciaspermisos?3cd04193a8362b31ff0aea4115c41fbb,INS,0,,,,gx-no-cache=1534419111361 HTTP/1.1" 200 93
190.46.192.47 - - [16/Aug/2018:08:33:25 -0300] "GET /cormun/servlet/hpexe_return? HTTP/1.1" 200 1010
190.46.192.47 - - [16/Aug/2018:08:33:26 -0300] "GET /cormun/servlet/trlicencias HTTP/1.1" 200 13304
190.46.192.47 - - [16/Aug/2018:08:33:27 -0300] "GET /cormun/servlet/trlicencias HTTP/1.1" 200 13191
190.151.100.218 - - [16/Aug/2018:08:33:29 -0300] "POST /cormun/servlet/trpermisosingoce?6bd76a7555e2a30391ef71e875ae18fd,,gx-no-cache=1534419134241 HTTP/1.1" 200 4129
186.103.132.155 - - [16/Aug/2018:08:33:37 -0300] "POST /cormun/servlet/trpermisosingoce?6bd76a7555e2a30391ef71e875ae18fd,,gx-no-cache=1534419142070 HTTP/1.1" 200 4129
186.103.132.155 - - [16/Aug/2018:08:33:40 -0300] "GET /cormun/servlet/trlicencias? HTTP/1.1" 200 8695
186.103.132.155 - - [16/Aug/2018:08:33:40 -0300] "GET /cormun/static/gxcfg.js?20176272054169 HTTP/1.1" 200 953
200.111.122.170 - - [16/Aug/2018:08:33:40 -0300] "GET /cormun/static/trlicencias.js?20176272054837 HTTP/1.1" 200 41883
200.111.122.170 - - [16/Aug/2018:08:33:48 -0300] "GET /cormun/servlet/trlicencias? HTTP/1.1" 200 8694
200.54.247.70 - - [16/Aug/2018:08:33:50 -0300] "POST /cormun/servlet/solicitudotadjuntos?gx-no-cache=1534419156959 HTTP/1.1" 200 26
200.54.247.70 - - [16/Aug/2018:08:33:50 -0300] "GET /cormun/servlet/solicitudotadjuntos?b99223a32eeca1d093d7bd7512f709f53ecb68fc0592a811bfa1bb1c159dd553,gx-no-cache=1534419157437 HTTP/1.1" 200 30
200.54.247.70 - - [16/Aug/2018:08:33:51 -0300] "GET /cormun/servlet/solicitudotadjuntos?b99223a32eeca1d093d7bd7512f709f53ecb68fc0592a811bfa1bb1c159dd553,gx-no-cache=1534419157564 HTTP/1.1" 200 30
186.103.161.206 - - [16/Aug/2018:08:33:51 -0300] "GET /cormun/static/menuarrow.gif HTTP/1.1" 404 1015
200.54.247.70 - - [16/Aug/2018:08:33:52 -0300] "POST /cormun/servlet/solicitudotadjuntos?a1f2766d80fec4b79abfde5eb360b866,INS,2018,12035,,1,,gx-no-cache=1534419158648 HTTP/1.1" 200 93
200.54.247.70 - - [16/Aug/2018:08:33:54 -0300] "GET /cormun/servlet/hpexe_return? HTTP/1.1" 200 1028
200.54.247.70 - - [16/Aug/2018:08:33:57 -0300] "GET /cormun/servlet/trsolicitudadjuntos?2018,12035, HTTP/1.1" 200 8767
186.10.12.250 - - [16/Aug/2018:08:33:59 -0300] "POST /cormun/servlet/trlicencias?6bd76a7555e2a30391ef71e875ae18fd,,gx-no-cache=1534419163248 HTTP/1.1" 200 15275
200.54.247.70 - - [16/Aug/2018:08:34:13 -0300] "GET /cormun/servlet/trsolicitudadjuntos?2018,12035, HTTP/1.1" 200 8765
200.72.197.82 - - [16/Aug/2018:08:34:13 -0300] "GET /cormun/servlet/licenciaspermisos?INS,0,,, HTTP/1.1" 200 7534
200.72.197.82 - - [16/Aug/2018:08:34:14 -0300] "GET /cormun/static/gxcfg.js?201762917281167 HTTP/1.1" 200 953
190.151.100.218 - - [16/Aug/2018:08:34:14 -0300] "GET /cormun/static/licenciaspermisos.js?201762917281260 HTTP/1.1" 200 37491
190.151.100.218 - - [16/Aug/2018:08:34:15 -0300] "GET /cormun/servlet/licenciaspermisos?INS,0,,, HTTP/1.1" 200 7532
190.151.100.218 - - [16/Aug/2018:08:34:19 -0300] "GET /cormun/servlet/trlicencias? HTTP/1.1" 200 17276
190.151.100.218 - - [16/Aug/2018:08:34:20 -0300] "GET /cormun/servlet/trlicencias? HTTP/1.1" 200 17281
200.54.247.70 - - [16/Aug/2018:08:34:21 -0300] "GET /cormun/servlet/solicitudotadjuntos?DLT,2018,12035,CARNET,0, HTTP/1.1" 200 6154
200.72.197.82 - - [16/Aug/2018:08:34:24 -0300] "POST /cormun/servlet/trlicencias?6bd76a7555e2a30391ef71e875ae18fd,,gx-no-cache=1534419186866 HTTP/1.1" 200 101
200.54.247.70 - - [16/Aug/2018:08:34:25 -0300] "GET /cormun/static/about:blank HTTP/1.1" 404 1011
200.72.197.82 - - [16/Aug/2018:08:34:25 -0300] "GET /cormun/Licencias-5311.xls HTTP/1.1" 200 16384
200.54.247.70 - - [16/Aug/2018:08:34:31 -0300] "GET /cormun/static/Shared/jqueryui/images/ui-bg_flat_55_fafafa_40x100.png HTTP/1.1" 404 1097
200.54.247.70 - - [16/Aug/2018:08:34:31 -0300] "GET /cormun/static/Shared/jqueryui/images/ui-icons_8d78a5_256x240.png HTTP/1.1" 404 1089
200.54.247.70 - - [16/Aug/2018:08:34:31 -0300] "GET /cormun/servlet/solicitudotadjuntos?DLT,2018,12035,CARNET,0, HTTP/1.1" 200 6147
200.54.247.70 - - [16/Aug/2018:08:34:31 -0300] "GET /cormun/static/Shared/jqueryui/images/ui-icons_82798d_256x240.png HTTP/1.1" 404 1089
200.54.247.70 - - [16/Aug/2018:08:34:36 -0300] "GET /cormun/static/Shared/jqueryui/images/ui-bg_highlight-soft_100_c6c2c8_1x100.png HTTP/1.1" 404 1117
186.10.12.250 - - [16/Aug/2018:08:34:40 -0300] "GET /cormun/servlet/hlogin HTTP/1.1" 200 1721
186.10.12.250 - - [16/Aug/2018:08:34:41 -0300] "GET /cormun/servlet/hlogin HTTP/1.1" 200 1731
200.112.233.47 - - [16/Aug/2018:08:34:53 -0300] "GET /cormun/static/gxgral.js?85251 HTTP/1.1" 200 73728
200.54.247.70 - - [16/Aug/2018:08:34:54 -0300] "POST /cormun/servlet/solicitudotadjuntos?a1f2766d80fec4b79abfde5eb360b866,DLT,2018,12035,CARNET,0,,gx-no-cache=1534419202949 HTTP/1.1" 200 93
190.151.100.218 - - [16/Aug/2018:08:34:54 -0300] "POST /cormun/servlet/hlogin?d7f4a383454c835df95c5b78e12e98d1,gx-no-cache=1534419218725 HTTP/1.1" 200 90
190.151.100.218 - - [16/Aug/2018:08:34:55 -0300] "GET /cormun/servlet/hpexe_link HTTP/1.1" 200 952
190.151.100.218 - - [16/Aug/2018:08:34:55 -0300] "GET /cormun/servlet/hhome HTTP/1.1" 200 4214
190.151.100.218 - - [16/Aug/2018:08:34:56 -0300] "GET /cormun/servlet/hhome HTTP/1.1" 200 4210
186.103.132.155 - - [16/Aug/2018:08:35:05 -0300] "GET /cormun/servlet/trpermisosgoce? HTTP/1.1" 200 10775
186.103.132.155 - - [16/Aug/2018:08:35:06 -0300] "GET /cormun/servlet/trpermisosgoce? HTTP/1.1" 200 10773
200.54.247.70 - - [16/Aug/2018:08:35:07 -0300] "GET /cormun/servlet/hpexe_return? HTTP/1.1" 200 1033
200.54.247.70 - - [16/Aug/2018:08:35:16 -0300] "GET /cormun/servlet/trsolicitudadjuntos?2018,12035, HTTP/1.1" 200 6338
200.54.247.70 - - [16/Aug/2018:08:35:17 -0300] "GET /cormun/servlet/trsolicitudadjuntos?2018,12035, HTTP/1.1" 200 6335
200.54.247.70 - - [16/Aug/2018:08:35:20 -0300] "GET /cormun/servlet/solicitudotadjuntos?INS,2018,12035,,1, HTTP/1.1" 200 6276
200.54.247.70 - - [16/Aug/2018:08:35:22 -0300] "GET /cormun/static/about:blank HTTP/1.1" 404 1011
200.54.247.70 - - [16/Aug/2018:08:35:22 -0300] "GET /cormun/servlet/solicitudotadjuntos?INS,2018,12035,,1, HTTP/1.1" 200 6270
200.54.247.70 - - [16/Aug/2018:08:35:22 -0300] "GET /cormun/servlet/solicitudotadjuntos?b99223a32eeca1d093d7bd7512f709f5b4568145fce9b8376bfa49762b7c02f05be82e776b4595b394e8943c337e158d,gx-no-cache=1534419249232 HTTP/1.1" 200 30
200.54.247.70 - - [16/Aug/2018:08:35:23 -0300] "POST /cormun/servlet/solicitudotadjuntos?a1f2766d80fec4b79abfde5eb360b866,INS,2018,12035,,1,,gx-no-cache=1534419249367 HTTP/1.1" 200 4017
200.54.247.70 - - [16/Aug/2018:08:35:27 -0300] "POST /cormun/servlet/solicitudotadjuntos?gx-no-cache=1534419254417 HTTP/1.1" 200 26
200.54.247.70 - - [16/Aug/2018:08:36:14 -0300] "GET /cormun/servlet/solicitudotadjuntos?b99223a32eeca1d093d7bd7512f709f53ecb68fc0592a811bfa1bb1c159dd553,gx-no-cache=1534419300797 HTTP/1.1" 200 30
200.54.247.70 - - [16/Aug/2018:08:36:14 -0300] "GET /cormun/servlet/solicitudotadjuntos?b99223a32eeca1d093d7bd7512f709f53ecb68fc0592a811bfa1bb1c159dd553,gx-no-cache=1534419301268 HTTP/1.1" 200 30
200.54.247.70 - - [16/Aug/2018:08:36:20 -0300] "POST /cormun/servlet/solicitudotadjuntos?a1f2766d80fec4b79abfde5eb360b866,INS,2018,12035,,1, HTTP/1.1" 200 116
200.54.247.70 - - [16/Aug/2018:08:36:22 -0300] "GET /cormun/servlet/hpexe_return? HTTP/1.1" 200 1028
200.112.233.47 - - [16/Aug/2018:08:36:23 -0300] "GET /favicon.ico HTTP/1.1" 200 21630
200.54.247.70 - - [16/Aug/2018:08:36:24 -0300] "GET /cormun/servlet/trsolicitudadjuntos?2018,12035, HTTP/1.1" 200 8914
200.54.247.70 - - [16/Aug/2018:08:36:25 -0300] "GET /cormun/servlet/trsolicitudadjuntos?2018,12035, HTTP/1.1" 200 8911
200.54.247.70 - - [16/Aug/2018:08:36:28 -0300] "GET /cormun/servlet/solicitudotadjuntos?INS,2018,12035,,1, HTTP/1.1" 200 6278
200.54.247.70 - - [16/Aug/2018:08:36:29 -0300] "GET /cormun/static/about:blank HTTP/1.1" 404 1011
200.54.247.70 - - [16/Aug/2018:08:36:32 -0300] "GET /cormun/servlet/solicitudotadjuntos?b99223a32eeca1d093d7bd7512f709f5b4568145fce9b8376bfa49762b7c02f05be82e776b4595b394e8943c337e158d,gx-no-cache=1534419318052 HTTP/1.1" 200 30
200.54.247.70 - - [16/Aug/2018:08:36:33 -0300] "GET /cormun/servlet/solicitudotadjuntos?INS,2018,12035,,1, HTTP/1.1" 200 6271
200.54.247.70 - - [16/Aug/2018:08:36:52 -0300] "POST /cormun/servlet/solicitudotadjuntos?a1f2766d80fec4b79abfde5eb360b866,INS,2018,12035,,1,,gx-no-cache=1534419319208 HTTP/1.1" 500 10
200.54.247.70 - - [16/Aug/2018:08:37:11 -0300] "POST /cormun/servlet/solicitudotadjuntos?a1f2766d80fec4b79abfde5eb360b866,INS,2018,12035,,1,,gx-no-cache=1534419319208 HTTP/1.1" 500 10
200.54.247.70 - - [16/Aug/2018:08:37:12 -0300] "GET /cormun/servlet/solicitudotadjuntos?0addfafeb5f14f05d5b312595cc9cbdf8b815a1a1bf18a2c513fbd851a7075a7b6ef7b58a7cc18e061c00076db90b1b813fa8c00b0177d275f16d9c3ed195a036fd6f92ba982e84a9827822ad8393abc,gx-no-cache=1534419358443 HTTP/1.1" 200 123
200.54.247.70 - - [16/Aug/2018:08:37:12 -0300] "GET /cormun/static/Shared/jqueryui/images/ui-icons_82798d_256x240.png HTTP/1.1" 404 1089
200.54.247.70 - - [16/Aug/2018:08:37:12 -0300] "GET /cormun/static/Shared/jqueryui/images/ui-bg_flat_55_994d53_40x100.png HTTP/1.1" 404 1097
200.54.247.70 - - [16/Aug/2018:08:37:13 -0300] "GET /cormun/static/Shared/jqueryui/images/ui-bg_highlight-soft_100_c6c2c8_1x100.png HTTP/1.1" 404 1117
186.103.159.230 - - [16/Aug/2018:08:37:17 -0300] "GET /cormun/servlet/hpexe_return? HTTP/1.1" 200 982
200.54.247.70 - - [16/Aug/2018:08:37:17 -0300] "GET /cormun/static/Shared/jqueryui/images/ui-icons_ebccce_256x240.png HTTP/1.1" 404 1089
186.103.159.230 - - [16/Aug/2018:08:37:17 -0300] "GET /cormun/static/gxtimezone.js?85251 HTTP/1.1" 200 5781
186.103.159.230 - - [16/Aug/2018:08:37:19 -0300] "GET /cormun/static/gxcfg.js?2016101716175148 HTTP/1.1" 200 953
186.103.159.230 - - [16/Aug/2018:08:37:20 -0300] "GET /cormun/static/hpexe_return.js?2016101716175153 HTTP/1.1" 200 1633
200.54.247.70 - - [16/Aug/2018:08:37:31 -0300] "GET /cormun/servlet/trsolicitudadjuntos?2018,12035, HTTP/1.1" 200 8913
186.103.159.230 - - [16/Aug/2018:08:37:39 -0300] "GET /cormun/static/RunJS/RunJS.js HTTP/1.1" 200 288
186.103.159.230 - - [16/Aug/2018:08:37:42 -0300] "GET /cormun/static/Resources/Spanish/PXTools.css?167811 HTTP/1.1" 200 24576
186.103.159.230 - - [16/Aug/2018:08:37:58 -0300] "GET /cormun/static/gxgral.js?85251 HTTP/1.1" 200 32768
200.112.233.47 - - [16/Aug/2018:08:37:59 -0300] "GET /cormun/static/Resources/Spanish/PXTools.css?11423723 HTTP/1.1" 200 49152
200.54.247.70 - - [16/Aug/2018:08:38:56 -0300] "GET /cormun/servlet/solicitudotadjuntos?INS,2018,12035,,1, HTTP/1.1" 200 6276
200.54.247.70 - - [16/Aug/2018:08:38:57 -0300] "GET /cormun/servlet/trsolicitudadjuntos?2018,12035, HTTP/1.1" 200 8914
200.54.247.70 - - [16/Aug/2018:08:38:57 -0300] "GET /cormun/servlet/solicitudotadjuntos?INS,2018,12035,,1, HTTP/1.1" 200 6270
200.54.247.70 - - [16/Aug/2018:08:38:58 -0300] "GET /cormun/servlet/solicitudotadjuntos?DLT,2018,12035,CARNET,0, HTTP/1.1" 200 6256
200.54.247.70 - - [16/Aug/2018:08:38:58 -0300] "GET /cormun/servlet/trsolicitudadjuntos?2018,12035, HTTP/1.1" 200 8911
200.54.247.70 - - [16/Aug/2018:08:38:59 -0300] "GET /cormun/servlet/solicitudotadjuntos?DLT,2018,12035,CARNET,0, HTTP/1.1" 200 6251
200.54.247.70 - - [16/Aug/2018:08:39:02 -0300] "GET /cormun/servlet/trsolicitudot? HTTP/1.1" 200 8902
200.54.247.70 - - [16/Aug/2018:08:39:05 -0300] "GET /cormun/servlet/trsolicitudot? HTTP/1.1" 200 8882
200.54.247.70 - - [16/Aug/2018:08:39:06 -0300] "GET /cormun/PublicTempStorage/cedula_de_identidad_haydee417118.pdf HTTP/1.1" 200 57344
186.10.12.250 - - [16/Aug/2018:08:39:24 -0300] "GET /cormun/servlet/trpermisosadjuntos?17930300,20180814084331,P, HTTP/1.1" 200 6523
186.10.12.250 - - [16/Aug/2018:08:39:25 -0300] "GET /cormun/servlet/trpermisosadjuntos?17930300,20180814084331,P, HTTP/1.1" 200 6524
186.10.12.250 - - [16/Aug/2018:08:39:27 -0300] "GET /cormun/servlet/permisosadjuntos?INS,17930300,P,20180814084331,, HTTP/1.1" 200 5859
186.10.12.250 - - [16/Aug/2018:08:39:27 -0300] "GET /cormun/static/about:blank HTTP/1.1" 404 1011
186.10.12.250 - - [16/Aug/2018:08:39:27 -0300] "GET /cormun/servlet/permisosadjuntos?INS,17930300,P,20180814084331,, HTTP/1.1" 200 5849
200.54.247.70 - - [16/Aug/2018:08:39:37 -0300] "POST /cormun/servlet/trsolicitudot?a1f2766d80fec4b79abfde5eb360b866,,gx-no-cache=1534419502861 HTTP/1.1" 200 107
200.54.247.70 - - [16/Aug/2018:08:39:37 -0300] "GET /cormun/servlet/trsolicitudadjuntos?2018,12035, HTTP/1.1" 200 8909
200.54.247.70 - - [16/Aug/2018:08:39:38 -0300] "GET /cormun/servlet/trsolicitudadjuntos?2018,12035, HTTP/1.1" 200 8912
200.54.247.70 - - [16/Aug/2018:08:39:46 -0300] "GET /cormun/servlet/solicitudotadjuntos?INS,2018,12035,,1, HTTP/1.1" 200 6278
200.54.247.70 - - [16/Aug/2018:08:39:49 -0300] "GET /cormun/servlet/solicitudotadjuntos?INS,2018,12035,,1, HTTP/1.1" 200 6271
200.54.247.70 - - [16/Aug/2018:08:39:53 -0300] "GET /cormun/servlet/solicitudotadjuntos?b99223a32eeca1d093d7bd7512f709f5b4568145fce9b8376bfa49762b7c02f05be82e776b4595b394e8943c337e158d,gx-no-cache=1534419516920 HTTP/1.1" 200 30
186.10.12.250 - - [16/Aug/2018:08:40:02 -0300] "POST /cormun/servlet/permisosadjuntos?d7f4a383454c835df95c5b78e12e98d1,INS,17930300,P,20180814084331,, HTTP/1.1" 200 116
186.10.12.250 - - [16/Aug/2018:08:40:02 -0300] "GET /cormun/servlet/hpexe_return? HTTP/1.1" 200 1040
186.10.12.250 - - [16/Aug/2018:08:40:03 -0300] "GET /cormun/servlet/trpermisosadjuntos?17930300,20180814084331,P, HTTP/1.1" 200 7013
200.54.247.70 - - [16/Aug/2018:08:40:03 -0300] "POST /cormun/servlet/solicitudotadjuntos?a1f2766d80fec4b79abfde5eb360b866,INS,2018,12035,,1,,gx-no-cache=1534419529550 HTTP/1.1" 200 4019
186.10.12.250 - - [16/Aug/2018:08:40:03 -0300] "GET /cormun/servlet/trpermisosadjuntos?17930300,20180814084331,P, HTTP/1.1" 200 7009
200.54.247.70 - - [16/Aug/2018:08:40:07 -0300] "GET /cormun/static/about:blank HTTP/1.1" 404 1011
186.10.12.250 - - [16/Aug/2018:08:40:09 -0300] "GET /cormun/servlet/trpermisosgoce? HTTP/1.1" 200 10773
186.10.12.250 - - [16/Aug/2018:08:40:10 -0300] "GET /cormun/servlet/trpermisosgoce? HTTP/1.1" 200 10773
186.10.12.250 - - [16/Aug/2018:08:40:15 -0300] "POST /cormun/servlet/trpermisosgoce?d7f4a383454c835df95c5b78e12e98d1,,gx-no-cache=1534419536978 HTTP/1.1" 200 7900
186.10.12.250 - - [16/Aug/2018:08:40:15 -0300] "GET /cormun/static/Shared/jqueryui/images/ui-bg_highlight-soft_100_c6c2c8_1x100.png HTTP/1.1" 404 1117
200.72.197.82 - - [16/Aug/2018:08:40:15 -0300] "GET /cormun/static/Shared/jqueryui/images/ui-icons_82798d_256x240.png HTTP/1.1" 404 1089
186.67.203.186 - - [16/Aug/2018:08:40:15 -0300] "GET /cormun/static/Shared/jqueryui/images/ui-icons_8d78a5_256x240.png HTTP/1.1" 404 1089
190.151.100.218 - - [16/Aug/2018:08:40:16 -0300] "GET /cormun/static/Shared/jqueryui/images/ui-bg_flat_55_fafafa_40x100.png HTTP/1.1" 404 1097
190.151.100.218 - - [16/Aug/2018:08:40:21 -0300] "GET /cormun/servlet/trautorizarpermisogoce? HTTP/1.1" 200 7875
190.151.100.218 - - [16/Aug/2018:08:40:22 -0300] "GET /cormun/servlet/trautorizarpermisogoce? HTTP/1.1" 200 7875
186.10.12.250 - - [16/Aug/2018:08:40:25 -0300] "POST /cormun/servlet/trautorizarpermisogoce?d7f4a383454c835df95c5b78e12e98d1,,gx-no-cache=1534419548825 HTTP/1.1" 200 4355
186.10.12.250 - - [16/Aug/2018:08:40:25 -0300] "GET /cormun/static/Shared/jqueryui/images/ui-bg_highlight-soft_100_c6c2c8_1x100.png HTTP/1.1" 404 1117
186.10.12.250 - - [16/Aug/2018:08:40:25 -0300] "GET /cormun/static/Shared/jqueryui/images/ui-icons_82798d_256x240.png HTTP/1.1" 404 1089
200.111.122.170 - - [16/Aug/2018:08:40:25 -0300] "GET /cormun/static/Shared/jqueryui/images/ui-bg_flat_55_fafafa_40x100.png HTTP/1.1" 404 1097
186.103.132.155 - - [16/Aug/2018:08:40:25 -0300] "GET /cormun/static/Shared/jqueryui/images/ui-icons_8d78a5_256x240.png HTTP/1.1" 404 1089
200.111.122.170 - - [16/Aug/2018:08:40:33 -0300] "GET /cormun/servlet/trpermisosgoce? HTTP/1.1" 200 10685
200.111.122.170 - - [16/Aug/2018:08:40:35 -0300] "GET /cormun/servlet/trpermisosgoce? HTTP/1.1" 200 10684
190.46.192.47 - - [16/Aug/2018:08:40:49 -0300] "GET /cormun/servlet/alicenciaprn?9892080,L,20180816000000,PU HTTP/1.1" 200 1538
200.72.197.82 - - [16/Aug/2018:08:40:58 -0300] "GET /cormun/servlet/trlicencias? HTTP/1.1" 200 10202
200.72.197.82 - - [16/Aug/2018:08:40:59 -0300] "GET /cormun/static/gxcfg.js?20176272054169 HTTP/1.1" 200 953
200.72.197.82 - - [16/Aug/2018:08:40:59 -0300] "GET /cormun/servlet/trlicencias? HTTP/1.1" 200 10201
200.54.247.70 - - [16/Aug/2018:08:42:16 -0300] "POST /cormun/servlet/solicitudotadjuntos?gx-no-cache=1534419661991 HTTP/1.1" 200 26
200.54.247.70 - - [16/Aug/2018:08:42:46 -0300] "GET /cormun/servlet/solicitudotadjuntos?b99223a32eeca1d093d7bd7512f709f53ecb68fc0592a811bfa1bb1c159dd553,gx-no-cache=1534419692557 HTTP/1.1" 200 30
200.54.247.70 - - [16/Aug/2018:08:42:46 -0300] "GET /cormun/servlet/solicitudotadjuntos?b99223a32eeca1d093d7bd7512f709f53ecb68fc0592a811bfa1bb1c159dd553,gx-no-cache=1534419692783 HTTP/1.1" 200 30
200.54.247.70 - - [16/Aug/2018:08:42:50 -0300] "POST /cormun/servlet/solicitudotadjuntos?a1f2766d80fec4b79abfde5eb360b866,INS,2018,12035,,1, HTTP/1.1" 200 116
200.54.247.70 - - [16/Aug/2018:08:42:50 -0300] "GET /cormun/servlet/hpexe_return? HTTP/1.1" 200 1028
200.54.247.70 - - [16/Aug/2018:08:42:51 -0300] "GET /cormun/servlet/trsolicitudadjuntos?2018,12035, HTTP/1.1" 200 9167
200.54.247.70 - - [16/Aug/2018:08:42:52 -0300] "GET /cormun/servlet/trsolicitudadjuntos?2018,12035, HTTP/1.1" 200 9165
200.54.247.70 - - [16/Aug/2018:08:42:54 -0300] "GET /cormun/servlet/solicitudotadjuntos?INS,2018,12035,,1, HTTP/1.1" 200 6278
200.54.247.70 - - [16/Aug/2018:08:42:54 -0300] "GET /cormun/static/about:blank HTTP/1.1" 404 1011
200.54.247.70 - - [16/Aug/2018:08:42:55 -0300] "GET /cormun/servlet/solicitudotadjuntos?INS,2018,12035,,1, HTTP/1.1" 200 6271
200.54.247.70 - - [16/Aug/2018:08:42:55 -0300] "GET /cormun/servlet/solicitudotadjuntos?b99223a32eeca1d093d7bd7512f709f5b4568145fce9b8376bfa49762b7c02f05be82e776b4595b394e8943c337e158d,gx-no-cache=1534419702088 HTTP/1.1" 200 30
200.54.247.70 - - [16/Aug/2018:08:42:56 -0300] "POST /cormun/servlet/solicitudotadjuntos?a1f2766d80fec4b79abfde5eb360b866,INS,2018,12035,,1,,gx-no-cache=1534419702227 HTTP/1.1" 200 4019
186.67.203.186 - - [16/Aug/2018:08:42:59 -0300] "GET /cormun/servlet/trlicencias? HTTP/1.1" 200 17276
200.54.247.70 - - [16/Aug/2018:08:42:59 -0300] "POST /cormun/servlet/solicitudotadjuntos?gx-no-cache=1534419706076 HTTP/1.1" 200 26
186.67.203.186 - - [16/Aug/2018:08:43:04 -0300] "GET /cormun/servlet/trlicencias? HTTP/1.1" 200 17274
200.54.247.70 - - [16/Aug/2018:08:43:11 -0300] "GET /cormun/servlet/solicitudotadjuntos?b99223a32eeca1d093d7bd7512f709f53ecb68fc0592a811bfa1bb1c159dd553,gx-no-cache=1534419717816 HTTP/1.1" 200 30
200.54.247.70 - - [16/Aug/2018:08:43:11 -0300] "GET /cormun/servlet/solicitudotadjuntos?b99223a32eeca1d093d7bd7512f709f53ecb68fc0592a811bfa1bb1c159dd553,gx-no-cache=1534419717928 HTTP/1.1" 200 30
200.54.247.70 - - [16/Aug/2018:08:43:22 -0300] "POST /cormun/servlet/solicitudotadjuntos?a1f2766d80fec4b79abfde5eb360b866,INS,2018,12035,,1, HTTP/1.1" 200 116
200.54.247.70 - - [16/Aug/2018:08:43:22 -0300] "GET /cormun/servlet/hpexe_return? HTTP/1.1" 200 1028
200.54.247.70 - - [16/Aug/2018:08:43:23 -0300] "GET /cormun/servlet/trsolicitudadjuntos?2018,12035, HTTP/1.1" 200 9351
200.54.247.70 - - [16/Aug/2018:08:43:24 -0300] "GET /cormun/servlet/trsolicitudadjuntos?2018,12035, HTTP/1.1" 200 9349
207.46.13.65 - - [16/Aug/2018:08:43:25 -0300] "GET /cormun/servlet/trcontratounov2 HTTP/1.1" 200 5981
200.54.247.70 - - [16/Aug/2018:08:43:27 -0300] "GET /cormun/servlet/solicitudotadjuntos?INS,2018,12035,,1, HTTP/1.1" 200 6278
200.54.247.70 - - [16/Aug/2018:08:43:27 -0300] "GET /cormun/static/about:blank HTTP/1.1" 404 1011
200.54.247.70 - - [16/Aug/2018:08:43:28 -0300] "GET /cormun/servlet/solicitudotadjuntos?INS,2018,12035,,1, HTTP/1.1" 200 6271
200.54.247.70 - - [16/Aug/2018:08:43:28 -0300] "GET /cormun/servlet/solicitudotadjuntos?b99223a32eeca1d093d7bd7512f709f5b4568145fce9b8376bfa49762b7c02f05be82e776b4595b394e8943c337e158d,gx-no-cache=1534419735094 HTTP/1.1" 200 30
40.77.194.142 - - [16/Aug/2018:08:43:28 -0300] "GET /cormun/static/gxui/gxui-all.css?110300 HTTP/1.1" 200 2179
40.77.194.142 - - [16/Aug/2018:08:43:28 -0300] "GET /cormun/static/calendar-system.css?75620 HTTP/1.1" 200 5572
200.54.247.70 - - [16/Aug/2018:08:43:29 -0300] "POST /cormun/servlet/solicitudotadjuntos?a1f2766d80fec4b79abfde5eb360b866,INS,2018,12035,,1,,gx-no-cache=1534419735229 HTTP/1.1" 200 4019
40.77.194.142 - - [16/Aug/2018:08:43:32 -0300] "GET /cormun/static/Shared/ext/resources/css/ext-all.css?205870 HTTP/1.1" 200 416045
40.77.194.142 - - [16/Aug/2018:08:43:33 -0300] "GET /cormun/static/gxcfg.js?201752512124396 HTTP/1.1" 200 953
40.77.194.142 - - [16/Aug/2018:08:43:37 -0300] "GET /cormun/static/Resources/PXToolsHeaderHome.png HTTP/1.1" 200 4147
40.77.194.142 - - [16/Aug/2018:08:43:37 -0300] "GET /cormun/static/Resources/PXToolsHeaderActionsLeft.png HTTP/1.1" 200 1118
40.77.194.142 - - [16/Aug/2018:08:43:37 -0300] "GET /cormun/static/Resources/PXToolsHeaderPreferences.png HTTP/1.1" 200 4189
40.77.194.142 - - [16/Aug/2018:08:43:37 -0300] "GET /cormun/static/Resources/PXToolsHeaderSecurity.png HTTP/1.1" 200 4166
40.77.194.142 - - [16/Aug/2018:08:43:38 -0300] "GET /cormun/static/Resources/PXToolsHeaderActionsRight.png HTTP/1.1" 200 1201
40.77.194.142 - - [16/Aug/2018:08:43:38 -0300] "GET /cormun/static/Resources/PXToolsGridNew.png HTTP/1.1" 200 2949
40.77.194.142 - - [16/Aug/2018:08:43:38 -0300] "GET /cormun/static/Resources/PXToolsAddSelectedAction.png HTTP/1.1" 200 3660
40.77.194.142 - - [16/Aug/2018:08:43:41 -0300] "GET /cormun/static/Resources/PXToolsHeaderLogin.png HTTP/1.1" 200 4279
40.77.194.142 - - [16/Aug/2018:08:43:43 -0300] "GET /cormun/static/trcontratounov2.js?201752512125146 HTTP/1.1" 200 38486
40.77.194.142 - - [16/Aug/2018:08:43:46 -0300] "GET /cormun/static/Resources/PXToolsLoginBackground.png HTTP/1.1" 200 1164
40.77.194.142 - - [16/Aug/2018:08:43:46 -0300] "GET /cormun/static/Resources/ComunLogin.png HTTP/1.1" 200 17326
40.77.194.142 - - [16/Aug/2018:08:43:46 -0300] "GET /cormun/static/Resources/PXToolsLoginTop.png HTTP/1.1" 200 1337
40.77.194.142 - - [16/Aug/2018:08:43:46 -0300] "GET /cormun/static/Resources/PXToolsLoginBottom.png HTTP/1.1" 200 1389
200.111.191.210 - - [16/Aug/2018:08:44:11 -0300] "GET /cormun/servlet/permisogoce?INS,0,,, HTTP/1.1" 200 6789
200.111.191.210 - - [16/Aug/2018:08:44:11 -0300] "GET /cormun/servlet/permisogoce?INS,0,,, HTTP/1.1" 200 6788
190.46.192.47 - - [16/Aug/2018:08:44:17 -0300] "GET /cormun/servlet/trlicenciaspermisosadjuntos?9892080,20180816000000,L, HTTP/1.1" 200 6701
190.46.192.47 - - [16/Aug/2018:08:44:17 -0300] "GET /cormun/servlet/trlicenciaspermisosadjuntos?9892080,20180816000000,L, HTTP/1.1" 200 6705
190.46.192.47 - - [16/Aug/2018:08:44:19 -0300] "GET /cormun/servlet/licenciaspermisosadjuntos?INS,9892080,L,20180816000000,, HTTP/1.1" 200 5994
190.46.192.47 - - [16/Aug/2018:08:44:20 -0300] "GET /cormun/servlet/licenciaspermisosadjuntos?INS,9892080,L,20180816000000,, HTTP/1.1" 200 5984
190.46.192.47 - - [16/Aug/2018:08:44:20 -0300] "GET /cormun/static/about:blank HTTP/1.1" 404 1011
200.111.191.210 - - [16/Aug/2018:08:44:22 -0300] "GET /cormun/servlet/permisogoce?0f39316a71f336c18159a4c0982cb96f1cc14b4024db68c72047f639f8caa903b4a51f4768c366c2cde81290288c744f,gx-no-cache=1534419925633 HTTP/1.1" 200 80
200.111.191.210 - - [16/Aug/2018:08:44:28 -0300] "GET /cormun/servlet/permisogoce?0f39316a71f336c18159a4c0982cb96f7b0f4c1b26950d745a115147a2d4f22551aea18e6a9c8a1a626c7e4d37d494b4a091b377a5ae40da2ae198f43518db8f,gx-no-cache=1534419931117 HTTP/1.1" 200 47
200.111.191.210 - - [16/Aug/2018:08:44:43 -0300] "POST /cormun/servlet/permisogoce?ade3515917956801b2888dcb89504c94,INS,0,,,,gx-no-cache=1534419944767 HTTP/1.1" 200 93
200.111.191.210 - - [16/Aug/2018:08:44:45 -0300] "GET /cormun/servlet/hpexe_return? HTTP/1.1" 200 1005
200.111.191.210 - - [16/Aug/2018:08:44:46 -0300] "GET /cormun/servlet/trpermisosgoce HTTP/1.1" 200 17524
200.111.191.210 - - [16/Aug/2018:08:44:46 -0300] "GET /cormun/servlet/trpermisosgoce HTTP/1.1" 200 17526
200.111.191.210 - - [16/Aug/2018:08:44:59 -0300] "GET /cormun/servlet/apermisogoceprn?8265182,P,20180816084031,PU HTTP/1.1" 200 1662
190.46.192.47 - - [16/Aug/2018:08:45:06 -0300] "GET /cormun/servlet/hlogin HTTP/1.1" 200 1715
200.54.247.70 - - [16/Aug/2018:08:45:07 -0300] "POST /cormun/servlet/solicitudotadjuntos?gx-no-cache=1534419834133 HTTP/1.1" 200 26
190.46.192.47 - - [16/Aug/2018:08:45:07 -0300] "POST /cormun/servlet/hlogin?3cd04193a8362b31ff0aea4115c41fbb,gx-no-cache=1534419832762 HTTP/1.1" 200 90
190.46.192.47 - - [16/Aug/2018:08:45:08 -0300] "GET /cormun/servlet/hpexe_link HTTP/1.1" 200 988
190.46.192.47 - - [16/Aug/2018:08:45:08 -0300] "GET /cormun/servlet/licenciaspermisosadjuntos?INS,9892080,L,20180816000000,, HTTP/1.1" 200 5984
190.46.192.47 - - [16/Aug/2018:08:45:09 -0300] "GET /cormun/static/about:blank HTTP/1.1" 404 1011
190.46.192.47 - - [16/Aug/2018:08:45:09 -0300] "GET /cormun/servlet/licenciaspermisosadjuntos?INS,9892080,L,20180816000000,, HTTP/1.1" 200 5984
190.46.192.47 - - [16/Aug/2018:08:45:17 -0300] "GET /cormun/servlet/trpermisosgoce? HTTP/1.1" 200 11004
190.46.192.47 - - [16/Aug/2018:08:45:17 -0300] "GET /cormun/servlet/trpermisosgoce? HTTP/1.1" 200 10981
200.54.247.70 - - [16/Aug/2018:08:45:20 -0300] "GET /cormun/servlet/solicitudotadjuntos?b99223a32eeca1d093d7bd7512f709f53ecb68fc0592a811bfa1bb1c159dd553,gx-no-cache=1534419846976 HTTP/1.1" 200 30
200.54.247.70 - - [16/Aug/2018:08:45:20 -0300] "GET /cormun/servlet/solicitudotadjuntos?b99223a32eeca1d093d7bd7512f709f53ecb68fc0592a811bfa1bb1c159dd553,gx-no-cache=1534419847077 HTTP/1.1" 200 30
190.46.192.47 - - [16/Aug/2018:08:45:21 -0300] "GET /cormun/servlet/trpermisosadjuntos?8721654,20180814112456,P, HTTP/1.1" 200 7205
200.54.247.70 - - [16/Aug/2018:08:45:21 -0300] "POST /cormun/servlet/solicitudotadjuntos?a1f2766d80fec4b79abfde5eb360b866,INS,2018,12035,,1, HTTP/1.1" 200 116
190.46.192.47 - - [16/Aug/2018:08:45:22 -0300] "GET /cormun/servlet/trpermisosadjuntos?8721654,20180814112456,P, HTTP/1.1" 200 7204
200.54.247.70 - - [16/Aug/2018:08:45:22 -0300] "GET /cormun/servlet/hpexe_return? HTTP/1.1" 200 1028
200.54.247.70 - - [16/Aug/2018:08:45:23 -0300] "GET /cormun/servlet/trsolicitudadjuntos?2018,12035, HTTP/1.1" 200 9585
200.54.247.70 - - [16/Aug/2018:08:45:24 -0300] "GET /cormun/servlet/trsolicitudadjuntos?2018,12035, HTTP/1.1" 200 9581
190.46.192.47 - - [16/Aug/2018:08:45:29 -0300] "POST /cormun/servlet/trpermisosadjuntos?3cd04193a8362b31ff0aea4115c41fbb,8721654,20180814112456,P,,gx-no-cache=1534419850869 HTTP/1.1" 200 90
190.46.192.47 - - [16/Aug/2018:08:45:29 -0300] "GET /cormun/servlet/hpexe_link HTTP/1.1" 200 980
190.46.192.47 - - [16/Aug/2018:08:45:29 -0300] "GET /cormun/servlet/trpermisosgoce HTTP/1.1" 200 10965
190.46.192.47 - - [16/Aug/2018:08:45:30 -0300] "GET /cormun/servlet/trpermisosgoce HTTP/1.1" 200 10981
200.54.247.70 - - [16/Aug/2018:08:45:31 -0300] "GET /cormun/PublicTempStorage/certificado_antecedentes6431817.pdf HTTP/1.1" 200 34450
190.46.192.47 - - [16/Aug/2018:08:45:32 -0300] "GET /cormun/servlet/trpermisosadjuntos?8721654,20180814112456,P, HTTP/1.1" 200 7204
190.46.192.47 - - [16/Aug/2018:08:45:33 -0300] "GET /cormun/servlet/trpermisosadjuntos?8721654,20180814112456,P, HTTP/1.1" 200 7204
190.46.192.47 - - [16/Aug/2018:08:45:38 -0300] "GET /cormun/servlet/permisosadjuntos?INS,8721654,P,20180814112456,, HTTP/1.1" 200 5990
190.46.192.47 - - [16/Aug/2018:08:45:38 -0300] "GET /cormun/servlet/permisosadjuntos?INS,8721654,P,20180814112456,, HTTP/1.1" 200 5980
190.46.192.47 - - [16/Aug/2018:08:45:39 -0300] "POST /cormun/servlet/licenciaspermisosadjuntos?3cd04193a8362b31ff0aea4115c41fbb,INS,9892080,L,20180816000000,, HTTP/1.1" 200 116
190.46.192.47 - - [16/Aug/2018:08:45:39 -0300] "GET /cormun/servlet/hpexe_return? HTTP/1.1" 200 1048
190.46.192.47 - - [16/Aug/2018:08:45:39 -0300] "GET /cormun/static/about:blank HTTP/1.1" 404 1011
190.46.192.47 - - [16/Aug/2018:08:45:40 -0300] "GET /cormun/servlet/trpermisosadjuntos?8721654,20180814112456,P, HTTP/1.1" 200 7208
190.46.192.47 - - [16/Aug/2018:08:45:40 -0300] "GET /cormun/servlet/trpermisosadjuntos?8721654,20180814112456,P, HTTP/1.1" 200 7204
200.54.247.70 - - [16/Aug/2018:08:45:44 -0300] "GET /cormun/servlet/trsolicitudadjuntos?2018,12035, HTTP/1.1" 200 9583
200.54.247.70 - - [16/Aug/2018:08:45:44 -0300] "GET /cormun/servlet/trsolicitudadjuntos?2018,12035, HTTP/1.1" 200 9583
200.54.247.70 - - [16/Aug/2018:08:45:53 -0300] "GET /cormun/servlet/solicitudotadjuntos?INS,2018,12035,,1, HTTP/1.1" 200 6278
200.54.247.70 - - [16/Aug/2018:08:45:53 -0300] "GET /cormun/static/about:blank HTTP/1.1" 404 1011
200.54.247.70 - - [16/Aug/2018:08:45:53 -0300] "GET /cormun/servlet/solicitudotadjuntos?INS,2018,12035,,1, HTTP/1.1" 200 6271
190.46.192.47 - - [16/Aug/2018:08:45:58 -0300] "POST /cormun/servlet/permisosadjuntos?3cd04193a8362b31ff0aea4115c41fbb,INS,8721654,P,20180814112456,, HTTP/1.1" 200 116
190.46.192.47 - - [16/Aug/2018:08:45:59 -0300] "GET /cormun/servlet/hpexe_return? HTTP/1.1" 200 1030
200.54.247.70 - - [16/Aug/2018:08:45:59 -0300] "GET /cormun/servlet/solicitudotadjuntos?b99223a32eeca1d093d7bd7512f709f5b4568145fce9b8376bfa49762b7c02f05be82e776b4595b394e8943c337e158d,gx-no-cache=1534419880733 HTTP/1.1" 200 30
190.46.192.47 - - [16/Aug/2018:08:45:59 -0300] "GET /cormun/servlet/trpermisosgoce HTTP/1.1" 200 10986
190.46.192.47 - - [16/Aug/2018:08:46:00 -0300] "GET /cormun/servlet/trpermisosgoce HTTP/1.1" 200 10981
200.54.247.70 - - [16/Aug/2018:08:46:03 -0300] "POST /cormun/servlet/solicitudotadjuntos?a1f2766d80fec4b79abfde5eb360b866,INS,2018,12035,,1,,gx-no-cache=1534419889019 HTTP/1.1" 200 4019
190.46.192.47 - - [16/Aug/2018:08:46:03 -0300] "GET /cormun/servlet/trpermisosadjuntos?8721654,20180814112456,P, HTTP/1.1" 200 7359
190.46.192.47 - - [16/Aug/2018:08:46:04 -0300] "GET /cormun/servlet/trpermisosadjuntos?8721654,20180814112456,P, HTTP/1.1" 200 7359
200.54.247.70 - - [16/Aug/2018:08:46:06 -0300] "POST /cormun/servlet/solicitudotadjuntos?gx-no-cache=1534419892359 HTTP/1.1" 200 26
190.46.192.47 - - [16/Aug/2018:08:46:06 -0300] "GET /cormun/servlet/permisosadjuntos?DLT,8721654,P,20180814112456,20180814133941, HTTP/1.1" 200 6049
190.46.192.47 - - [16/Aug/2018:08:46:06 -0300] "GET /cormun/static/Shared/jqueryui/images/ui-bg_highlight-soft_100_c6c2c8_1x100.png HTTP/1.1" 404 1117
190.46.192.47 - - [16/Aug/2018:08:46:07 -0300] "GET /cormun/static/Shared/jqueryui/images/ui-bg_flat_55_fafafa_40x100.png HTTP/1.1" 404 1097
190.46.192.47 - - [16/Aug/2018:08:46:07 -0300] "GET /cormun/static/Shared/jqueryui/images/ui-icons_8d78a5_256x240.png HTTP/1.1" 404 1089
190.46.192.47 - - [16/Aug/2018:08:46:07 -0300] "GET /cormun/static/Shared/jqueryui/images/ui-icons_82798d_256x240.png HTTP/1.1" 404 1089
190.46.192.47 - - [16/Aug/2018:08:46:07 -0300] "GET /cormun/servlet/permisosadjuntos?DLT,8721654,P,20180814112456,20180814133941, HTTP/1.1" 200 6038
190.46.192.47 - - [16/Aug/2018:08:46:10 -0300] "GET /cormun/PublicTempStorage/lm_57902888_y._urbina_toro_d213069695.pdf HTTP/1.1" 200 1791952
190.46.192.47 - - [16/Aug/2018:08:46:11 -0300] "POST /cormun/servlet/permisosadjuntos?3cd04193a8362b31ff0aea4115c41fbb,DLT,8721654,P,20180814112456,20180814133941,,gx-no-cache=1534419894915 HTTP/1.1" 200 93
190.46.192.47 - - [16/Aug/2018:08:46:12 -0300] "GET /cormun/servlet/hpexe_return? HTTP/1.1" 200 1041
190.46.192.47 - - [16/Aug/2018:08:46:12 -0300] "GET /cormun/servlet/trpermisosadjuntos?8721654,20180814112456,P, HTTP/1.1" 200 7203
190.46.192.47 - - [16/Aug/2018:08:46:13 -0300] "GET /cormun/servlet/trpermisosadjuntos?8721654,20180814112456,P, HTTP/1.1" 200 7199
200.54.247.70 - - [16/Aug/2018:08:46:16 -0300] "GET /cormun/servlet/solicitudotadjuntos?b99223a32eeca1d093d7bd7512f709f53ecb68fc0592a811bfa1bb1c159dd553,gx-no-cache=1534419903407 HTTP/1.1" 200 30
200.54.247.70 - - [16/Aug/2018:08:46:17 -0300] "GET /cormun/servlet/solicitudotadjuntos?b99223a32eeca1d093d7bd7512f709f53ecb68fc0592a811bfa1bb1c159dd553,gx-no-cache=1534419903529 HTTP/1.1" 200 30
190.46.192.47 - - [16/Aug/2018:08:46:20 -0300] "POST /cormun/servlet/trpermisosadjuntos?3cd04193a8362b31ff0aea4115c41fbb,8721654,20180814112456,P,,gx-no-cache=1534419900282 HTTP/1.1" 200 90
190.46.192.47 - - [16/Aug/2018:08:46:20 -0300] "GET /cormun/servlet/hpexe_link HTTP/1.1" 200 980
190.46.192.47 - - [16/Aug/2018:08:46:20 -0300] "GET /cormun/servlet/trpermisosgoce HTTP/1.1" 200 10983
190.46.192.47 - - [16/Aug/2018:08:46:21 -0300] "GET /cormun/servlet/trpermisosgoce HTTP/1.1" 200 10981
200.54.247.70 - - [16/Aug/2018:08:46:22 -0300] "POST /cormun/servlet/solicitudotadjuntos?a1f2766d80fec4b79abfde5eb360b866,INS,2018,12035,,1, HTTP/1.1" 200 116
200.54.247.70 - - [16/Aug/2018:08:46:23 -0300] "GET /cormun/servlet/hpexe_return? HTTP/1.1" 200 1028
200.54.247.70 - - [16/Aug/2018:08:46:24 -0300] "GET /cormun/servlet/trsolicitudadjuntos?2018,12035, HTTP/1.1" 200 9889
200.111.191.210 - - [16/Aug/2018:08:46:24 -0300] "GET /cormun/servlet/trlicencias? HTTP/1.1" 200 13926
200.54.247.70 - - [16/Aug/2018:08:46:24 -0300] "GET /cormun/servlet/trsolicitudadjuntos?2018,12035, HTTP/1.1" 200 9889
200.111.191.210 - - [16/Aug/2018:08:46:25 -0300] "GET /cormun/servlet/trlicencias? HTTP/1.1" 200 13916
190.46.192.47 - - [16/Aug/2018:08:46:26 -0300] "POST /cormun/servlet/trpermisosgoce?3cd04193a8362b31ff0aea4115c41fbb,gx-no-cache=1534419908592 HTTP/1.1" 200 8005
190.46.192.47 - - [16/Aug/2018:08:46:26 -0300] "GET /cormun/static/Shared/jqueryui/images/ui-bg_highlight-soft_100_c6c2c8_1x100.png HTTP/1.1" 404 1117
190.46.192.47 - - [16/Aug/2018:08:46:26 -0300] "GET /cormun/static/Shared/jqueryui/images/ui-icons_82798d_256x240.png HTTP/1.1" 404 1089
190.46.192.47 - - [16/Aug/2018:08:46:26 -0300] "GET /cormun/static/Shared/jqueryui/images/ui-bg_flat_55_fafafa_40x100.png HTTP/1.1" 404 1097
190.46.192.47 - - [16/Aug/2018:08:46:26 -0300] "GET /cormun/static/Shared/jqueryui/images/ui-icons_8d78a5_256x240.png HTTP/1.1" 404 1089
190.46.192.47 - - [16/Aug/2018:08:46:28 -0300] "GET /cormun/servlet/trlicencias? HTTP/1.1" 200 13192
190.46.192.47 - - [16/Aug/2018:08:46:29 -0300] "GET /cormun/servlet/trlicencias? HTTP/1.1" 200 13192
190.46.192.47 - - [16/Aug/2018:08:46:32 -0300] "GET /cormun/servlet/trlicenciaspermisosadjuntos?9892080,20180816000000,L, HTTP/1.1" 200 7237
200.54.247.70 - - [16/Aug/2018:08:46:32 -0300] "GET /cormun/servlet/solicitudotadjuntos?INS,2018,12035,,1, HTTP/1.1" 200 6278
200.54.247.70 - - [16/Aug/2018:08:46:33 -0300] "GET /cormun/static/about:blank HTTP/1.1" 404 1011
190.46.192.47 - - [16/Aug/2018:08:46:33 -0300] "GET /cormun/servlet/trlicenciaspermisosadjuntos?9892080,20180816000000,L, HTTP/1.1" 200 7236
200.54.247.70 - - [16/Aug/2018:08:46:33 -0300] "GET /cormun/servlet/solicitudotadjuntos?INS,2018,12035,,1, HTTP/1.1" 200 6271
200.54.247.70 - - [16/Aug/2018:08:46:33 -0300] "GET /cormun/servlet/solicitudotadjuntos?b99223a32eeca1d093d7bd7512f709f5b4568145fce9b8376bfa49762b7c02f05be82e776b4595b394e8943c337e158d,gx-no-cache=1534419920366 HTTP/1.1" 200 30
200.54.247.70 - - [16/Aug/2018:08:46:35 -0300] "POST /cormun/servlet/solicitudotadjuntos?a1f2766d80fec4b79abfde5eb360b866,INS,2018,12035,,1,,gx-no-cache=1534419920502 HTTP/1.1" 200 4019
190.46.192.47 - - [16/Aug/2018:08:46:37 -0300] "POST /cormun/servlet/trlicenciaspermisosadjuntos?3cd04193a8362b31ff0aea4115c41fbb,9892080,20180816000000,L,,gx-no-cache=1534419920634 HTTP/1.1" 200 90
190.46.192.47 - - [16/Aug/2018:08:46:37 -0300] "GET /cormun/servlet/hpexe_link HTTP/1.1" 200 982
190.46.192.47 - - [16/Aug/2018:08:46:37 -0300] "GET /cormun/servlet/trlicencias HTTP/1.1" 200 13193
200.54.247.70 - - [16/Aug/2018:08:46:38 -0300] "POST /cormun/servlet/solicitudotadjuntos?gx-no-cache=1534419924680 HTTP/1.1" 200 26
190.46.192.47 - - [16/Aug/2018:08:46:38 -0300] "GET /cormun/servlet/trlicencias HTTP/1.1" 200 13191
190.46.192.47 - - [16/Aug/2018:08:46:41 -0300] "POST /cormun/servlet/trlicencias?3cd04193a8362b31ff0aea4115c41fbb,gx-no-cache=1534419925076 HTTP/1.1" 200 10494
190.46.192.47 - - [16/Aug/2018:08:46:41 -0300] "GET /cormun/static/Shared/jqueryui/images/ui-bg_highlight-soft_100_c6c2c8_1x100.png HTTP/1.1" 404 1117
190.46.192.47 - - [16/Aug/2018:08:46:41 -0300] "GET /cormun/static/Shared/jqueryui/images/ui-icons_82798d_256x240.png HTTP/1.1" 404 1089
190.46.192.47 - - [16/Aug/2018:08:46:41 -0300] "GET /cormun/static/Shared/jqueryui/images/ui-bg_flat_55_fafafa_40x100.png HTTP/1.1" 404 1097
190.46.192.47 - - [16/Aug/2018:08:46:42 -0300] "GET /cormun/static/Shared/jqueryui/images/ui-icons_8d78a5_256x240.png HTTP/1.1" 404 1089
190.46.192.47 - - [16/Aug/2018:08:46:47 -0300] "GET /cormun/servlet/trautorizarpermisogoce? HTTP/1.1" 200 8016
190.46.192.47 - - [16/Aug/2018:08:46:47 -0300] "GET /cormun/servlet/trautorizarpermisogoce? HTTP/1.1" 200 8016
190.46.192.47 - - [16/Aug/2018:08:46:50 -0300] "POST /cormun/servlet/trautorizarpermisogoce?3cd04193a8362b31ff0aea4115c41fbb,,gx-no-cache=1534419934743 HTTP/1.1" 200 4358
190.46.192.47 - - [16/Aug/2018:08:46:50 -0300] "GET /cormun/static/Shared/jqueryui/images/ui-bg_highlight-soft_100_c6c2c8_1x100.png HTTP/1.1" 404 1117
190.46.192.47 - - [16/Aug/2018:08:46:51 -0300] "GET /cormun/static/Shared/jqueryui/images/ui-bg_flat_55_fafafa_40x100.png HTTP/1.1" 404 1097
190.46.192.47 - - [16/Aug/2018:08:46:51 -0300] "GET /cormun/static/Shared/jqueryui/images/ui-icons_8d78a5_256x240.png HTTP/1.1" 404 1089
190.46.192.47 - - [16/Aug/2018:08:46:51 -0300] "GET /cormun/static/Shared/jqueryui/images/ui-icons_82798d_256x240.png HTTP/1.1" 404 1089
190.46.192.47 - - [16/Aug/2018:08:47:31 -0300] "GET /cormun/servlet/hlogin HTTP/1.1" 200 1715
190.46.192.47 - - [16/Aug/2018:08:47:33 -0300] "POST /cormun/servlet/hlogin?3cd04193a8362b31ff0aea4115c41fbb,gx-no-cache=1534419978228 HTTP/1.1" 200 90
190.46.192.47 - - [16/Aug/2018:08:47:33 -0300] "GET /cormun/servlet/hpexe_link HTTP/1.1" 200 962
190.46.192.47 - - [16/Aug/2018:08:47:33 -0300] "GET /cormun/servlet/trautorizarpermisogoce? HTTP/1.1" 200 7183
190.46.192.47 - - [16/Aug/2018:08:47:34 -0300] "GET /cormun/servlet/trautorizarpermisogoce? HTTP/1.1" 200 7182
190.46.192.47 - - [16/Aug/2018:08:47:39 -0300] "GET /cormun/servlet/trlicencias? HTTP/1.1" 200 13133
190.46.192.47 - - [16/Aug/2018:08:47:40 -0300] "GET /cormun/servlet/trlicencias? HTTP/1.1" 200 13132
200.72.197.82 - - [16/Aug/2018:08:47:47 -0300] "GET /cormun/servlet/trvacaciones? HTTP/1.1" 200 7121
200.72.197.82 - - [16/Aug/2018:08:47:48 -0300] "GET /cormun/static/gxcfg.js?201761221242035 HTTP/1.1" 200 953
186.103.132.155 - - [16/Aug/2018:08:47:48 -0300] "GET /cormun/static/trvacaciones.js?201761221242452 HTTP/1.1" 200 32368
186.103.132.155 - - [16/Aug/2018:08:47:49 -0300] "GET /cormun/servlet/trvacaciones? HTTP/1.1" 200 7121
186.10.12.250 - - [16/Aug/2018:08:48:12 -0300] "GET /cormun/servlet/trsolicitudot? HTTP/1.1" 200 7422
186.10.12.250 - - [16/Aug/2018:08:48:13 -0300] "GET /cormun/static/calendar-system.css?85620 HTTP/1.1" 200 5572
186.10.12.250 - - [16/Aug/2018:08:48:13 -0300] "GET /cormun/static/gxui/gxui-all.css?120300 HTTP/1.1" 200 2179
186.10.12.250 - - [16/Aug/2018:08:48:13 -0300] "GET /cormun/static/gxcfg.js?2017111422585916 HTTP/1.1" 200 953
190.151.100.218 - - [16/Aug/2018:08:48:13 -0300] "GET /cormun/static/Resources/Spanish/PXTools.css?1255365 HTTP/1.1" 200 89042
186.10.12.250 - - [16/Aug/2018:08:48:14 -0300] "GET /cormun/static/Shared/ext/resources/css/ext-all.css?215870 HTTP/1.1" 200 416045
186.10.12.250 - - [16/Aug/2018:08:48:15 -0300] "GET /cormun/servlet/trsolicitudot? HTTP/1.1" 200 7422
200.54.247.70 - - [16/Aug/2018:08:48:33 -0300] "GET /cormun/servlet/solicitudotadjuntos?b99223a32eeca1d093d7bd7512f709f53ecb68fc0592a811bfa1bb1c159dd553,gx-no-cache=1534420039633 HTTP/1.1" 200 30
200.54.247.70 - - [16/Aug/2018:08:48:33 -0300] "GET /cormun/servlet/solicitudotadjuntos?b99223a32eeca1d093d7bd7512f709f53ecb68fc0592a811bfa1bb1c159dd553,gx-no-cache=1534420040104 HTTP/1.1" 200 30
200.54.247.70 - - [16/Aug/2018:08:48:34 -0300] "POST /cormun/servlet/solicitudotadjuntos?a1f2766d80fec4b79abfde5eb360b866,INS,2018,12035,,1,,gx-no-cache=1534420040224 HTTP/1.1" 200 93
200.54.247.70 - - [16/Aug/2018:08:48:34 -0300] "GET /cormun/servlet/hpexe_return? HTTP/1.1" 200 1028
200.54.247.70 - - [16/Aug/2018:08:48:34 -0300] "GET /cormun/servlet/trsolicitudadjuntos?2018,12035, HTTP/1.1" 200 10070
200.54.247.70 - - [16/Aug/2018:08:48:35 -0300] "GET /cormun/servlet/trsolicitudadjuntos?2018,12035, HTTP/1.1" 200 10067
200.54.247.70 - - [16/Aug/2018:08:48:37 -0300] "GET /cormun/servlet/solicitudotadjuntos?DLT,2018,12035,TITULO,0, HTTP/1.1" 200 6154
200.54.247.70 - - [16/Aug/2018:08:48:37 -0300] "GET /cormun/static/about:blank HTTP/1.1" 404 1011
200.54.247.70 - - [16/Aug/2018:08:48:38 -0300] "GET /cormun/static/Shared/jqueryui/images/ui-icons_82798d_256x240.png HTTP/1.1" 404 1089
200.54.247.70 - - [16/Aug/2018:08:48:38 -0300] "GET /cormun/static/Shared/jqueryui/images/ui-bg_highlight-soft_100_c6c2c8_1x100.png HTTP/1.1" 404 1117
200.54.247.70 - - [16/Aug/2018:08:48:38 -0300] "GET /cormun/static/Shared/jqueryui/images/ui-bg_flat_55_fafafa_40x100.png HTTP/1.1" 404 1097
200.54.247.70 - - [16/Aug/2018:08:48:38 -0300] "GET /cormun/servlet/solicitudotadjuntos?DLT,2018,12035,TITULO,0, HTTP/1.1" 200 6148
200.54.247.70 - - [16/Aug/2018:08:48:38 -0300] "GET /cormun/static/Shared/jqueryui/images/ui-icons_8d78a5_256x240.png HTTP/1.1" 404 1089
186.67.203.186 - - [16/Aug/2018:08:48:38 -0300] "GET /cormun/servlet/tratrazos? HTTP/1.1" 200 7114
186.67.203.186 - - [16/Aug/2018:08:48:39 -0300] "GET /cormun/static/gxcfg.js?201742714211359 HTTP/1.1" 200 953
186.10.12.250 - - [16/Aug/2018:08:48:39 -0300] "GET /cormun/static/tratrazos.js?201742714211843 HTTP/1.1" 200 33389
186.67.203.186 - - [16/Aug/2018:08:48:39 -0300] "GET /cormun/static/Resources/Spanish/PXTools.css?11294912 HTTP/1.1" 200 89042
200.54.247.70 - - [16/Aug/2018:08:48:41 -0300] "POST /cormun/servlet/solicitudotadjuntos?a1f2766d80fec4b79abfde5eb360b866,DLT,2018,12035,TITULO,0,,gx-no-cache=1534420045971 HTTP/1.1" 200 93
200.54.247.70 - - [16/Aug/2018:08:48:41 -0300] "GET /cormun/servlet/hpexe_return? HTTP/1.1" 200 1033
186.67.203.186 - - [16/Aug/2018:08:48:41 -0300] "GET /cormun/servlet/tratrazos? HTTP/1.1" 200 7113
200.54.247.70 - - [16/Aug/2018:08:48:41 -0300] "GET /cormun/servlet/trsolicitudadjuntos?2018,12035, HTTP/1.1" 200 9889
200.54.247.70 - - [16/Aug/2018:08:48:43 -0300] "GET /cormun/servlet/trsolicitudadjuntos?2018,12035, HTTP/1.1" 200 9886
186.67.203.186 - - [16/Aug/2018:08:48:44 -0300] "GET /cormun/static/menuarrow.gif HTTP/1.1" 404 1015
200.54.247.70 - - [16/Aug/2018:08:48:46 -0300] "GET /cormun/servlet/solicitudotadjuntos?INS,2018,12035,,1, HTTP/1.1" 200 6277
200.54.247.70 - - [16/Aug/2018:08:48:46 -0300] "GET /cormun/servlet/solicitudotadjuntos?INS,2018,12035,,1, HTTP/1.1" 200 6270
200.54.247.70 - - [16/Aug/2018:08:48:46 -0300] "GET /cormun/static/about:blank HTTP/1.1" 404 1011
200.54.247.70 - - [16/Aug/2018:08:48:48 -0300] "GET /cormun/servlet/solicitudotadjuntos?b99223a32eeca1d093d7bd7512f709f5b4568145fce9b8376bfa49762b7c02f05be82e776b4595b394e8943c337e158d,gx-no-cache=1534420053683 HTTP/1.1" 200 30
