186.103.157.98 - - [16/Aug/2018:16:53:24 -0300] "GET /cormun/servlet/permisosadjuntos?INS,15102853,P,20180816164912,, HTTP/1.1" 200 5888
201.215.248.160 - - [16/Aug/2018:16:53:28 -0300] "GET /cormun/servlet/trpermisosgoce? HTTP/1.1" 200 9564
201.215.248.160 - - [16/Aug/2018:16:53:28 -0300] "GET /cormun/static/gxcfg.js?20177612163875 HTTP/1.1" 200 953
201.215.248.160 - - [16/Aug/2018:16:53:28 -0300] "GET /cormun/static/trpermisosgoce.js?20177612164335 HTTP/1.1" 200 35904
201.215.248.160 - - [16/Aug/2018:16:53:29 -0300] "GET /cormun//static/Resources/PXToolsGridUpdate.png HTTP/1.1" 200 2984
201.215.248.160 - - [16/Aug/2018:16:53:29 -0300] "GET /cormun//static/Resources/PXToolsGridDelete.png HTTP/1.1" 200 357
201.215.248.160 - - [16/Aug/2018:16:53:29 -0300] "GET /cormun/servlet/trpermisosgoce? HTTP/1.1" 200 9564
186.103.159.204 - - [16/Aug/2018:16:53:31 -0300] "GET /cormun/servlet/licenciaspermisos?3206befe23fd2f402d66f94453c3d87e9199cac015a76dade72386ddcecbc7a9b68a1c27d45c5127247756d622272fc38d0599abfb98a704d2cdc35e3f6ff9cba3826ff0e5586326280af2e65b0bf9b62e8a2a2850e6347cb29b3f5c39a3a6f79be27f44780b70b7cd014636a3ded101af21ad6865ec26364b685d9378b6dffdbbbbd7263bbfb003fd32868c992dd67afec232f2211cf426384d81ff19e436eb74a075868260030121b0f22637774193,gx-no-cache=1534449129611 HTTP/1.1" 200 30
186.103.159.204 - - [16/Aug/2018:16:53:31 -0300] "GET /cormun/servlet/licenciaspermisos?3206befe23fd2f402d66f94453c3d87e59d2bcda91f84baf6bafc931a856a0fb6c7427198eaa26c85038a0bbad0ad4bb429b5461917ce66bea87efe85956f45930cb60c31e9e27e1432ddf07b0dc9dfa86cd7bc2501e15fcd394a62afd590369622de5df6e990e00549a8f74a0d591a1671049609a7580c6b085cc88091b46bc1694fab84ece5bd9da835ff5232050f3929afcab04d58aeb5a0f6be3969722908af60eb1960be4cdd1ca00fba997a149,gx-no-cache=1534449129646 HTTP/1.1" 200 29
186.103.159.204 - - [16/Aug/2018:16:53:31 -0300] "POST /cormun/servlet/licenciaspermisos?3c3ffee0b225906ea40869bd3e6730dd,INS,0,,,,gx-no-cache=1534449129670 HTTP/1.1" 200 93
186.103.159.204 - - [16/Aug/2018:16:53:31 -0300] "GET /cormun/servlet/hpexe_return? HTTP/1.1" 200 1011
186.103.159.204 - - [16/Aug/2018:16:53:31 -0300] "GET /cormun/servlet/trlicencias HTTP/1.1" 200 9839
186.103.159.204 - - [16/Aug/2018:16:53:31 -0300] "GET /cormun/servlet/trlicencias HTTP/1.1" 200 9834
200.112.233.47 - - [16/Aug/2018:16:53:36 -0300] "POST /cormun/servlet/permisosadjuntos?2857c6df7a8b1074e6e104461d6f2b16,INS,7211375,P,20180816164851,, HTTP/1.1" 200 116
200.112.233.47 - - [16/Aug/2018:16:53:36 -0300] "GET /cormun/servlet/hpexe_return? HTTP/1.1" 200 1038
200.112.233.47 - - [16/Aug/2018:16:53:36 -0300] "GET /cormun/servlet/trpermisosadjuntos?7211375,20180816164851,P, HTTP/1.1" 200 7048
200.112.233.47 - - [16/Aug/2018:16:53:36 -0300] "GET /cormun/servlet/trpermisosadjuntos?7211375,20180816164851,P, HTTP/1.1" 200 7044
200.112.233.47 - - [16/Aug/2018:16:53:39 -0300] "POST /cormun/servlet/trpermisosadjuntos?2857c6df7a8b1074e6e104461d6f2b16,7211375,20180816164851,P,,gx-no-cache=1534449144787 HTTP/1.1" 200 90
200.112.233.47 - - [16/Aug/2018:16:53:39 -0300] "GET /cormun/servlet/hpexe_link HTTP/1.1" 200 984
200.112.233.47 - - [16/Aug/2018:16:53:39 -0300] "GET /cormun/servlet/trpermisosgoce HTTP/1.1" 200 9465
200.112.233.47 - - [16/Aug/2018:16:53:40 -0300] "GET /cormun/servlet/trpermisosgoce HTTP/1.1" 200 9469
186.103.159.187 - - [16/Aug/2018:16:53:41 -0300] "GET /cormun/servlet/prcontratosol?15370691,,,,,MD,,gxPopupLevel%3D0%3B HTTP/1.1" 200 7643
200.112.233.47 - - [16/Aug/2018:16:53:44 -0300] "POST /cormun/servlet/trpermisosgoce?2857c6df7a8b1074e6e104461d6f2b16,gx-no-cache=1534449148706 HTTP/1.1" 200 6606
200.112.233.47 - - [16/Aug/2018:16:53:44 -0300] "GET /cormun/static/Shared/jqueryui/images/ui-bg_highlight-soft_100_c6c2c8_1x100.png HTTP/1.1" 404 1117
200.112.233.47 - - [16/Aug/2018:16:53:44 -0300] "GET /cormun/static/Shared/jqueryui/images/ui-icons_82798d_256x240.png HTTP/1.1" 404 1089
200.112.233.47 - - [16/Aug/2018:16:53:44 -0300] "GET /cormun/static/Shared/jqueryui/images/ui-bg_flat_55_fafafa_40x100.png HTTP/1.1" 404 1097
200.112.233.47 - - [16/Aug/2018:16:53:44 -0300] "GET /cormun/static/Shared/jqueryui/images/ui-icons_8d78a5_256x240.png HTTP/1.1" 404 1089
186.103.159.187 - - [16/Aug/2018:16:53:44 -0300] "POST /cormun/servlet/solicitudot?gx-no-cache=1534452786209 HTTP/1.1" 200 1377
186.103.159.187 - - [16/Aug/2018:16:53:44 -0300] "POST /cormun/servlet/solicitudot?gx-no-cache=1534452786287 HTTP/1.1" 200 38
186.103.159.187 - - [16/Aug/2018:16:53:44 -0300] "GET /cormun/servlet/solicitudot?6ad5cff2dbf3ee61023f91fa30bb069c686c7b7a4e50dce232bad2741c1ef148089a7d8aed7e349f45a065f24404587bb93b4be716e60dfa1418701b09360b48a04300be2ff5312bca28464f8a4482cee126fd025a6bd65f392f051e05fcb000992cad2fa5c9f9d2d2549c6f6d8c8d4e96efec15a69cd108d6390da4c1915e5e9a905731d76ef8ae24a5a6ed7fee8ce167a54a73282058e390e4574691769d72,gx-no-cache=1534452786327 HTTP/1.1" 200 29
186.103.159.187 - - [16/Aug/2018:16:53:45 -0300] "POST /cormun/servlet/solicitudot?gx-no-cache=1534452786361 HTTP/1.1" 200 1358
186.103.159.187 - - [16/Aug/2018:16:53:45 -0300] "POST /cormun/servlet/solicitudot?gx-no-cache=1534452786420 HTTP/1.1" 200 1258
186.103.159.187 - - [16/Aug/2018:16:53:45 -0300] "GET /cormun/servlet/solicitudot?6ad5cff2dbf3ee61023f91fa30bb069c715c9e9a01f23f81d902c5ad5b4c7cc749d776b014bb9c5af8211535dbab33eb,gx-no-cache=1534452786469 HTTP/1.1" 200 134
186.103.159.187 - - [16/Aug/2018:16:53:45 -0300] "GET /cormun/static/Shared/jqueryui/images/ui-bg_highlight-soft_100_c6c2c8_1x100.png HTTP/1.1" 404 1117
186.103.159.187 - - [16/Aug/2018:16:53:45 -0300] "GET /cormun/static/Shared/jqueryui/images/ui-icons_82798d_256x240.png HTTP/1.1" 404 1089
186.103.159.187 - - [16/Aug/2018:16:53:45 -0300] "GET /cormun/static/Shared/jqueryui/images/ui-bg_flat_55_994d53_40x100.png HTTP/1.1" 404 1097
186.103.159.187 - - [16/Aug/2018:16:53:45 -0300] "GET /cormun/static/Shared/jqueryui/images/ui-icons_ebccce_256x240.png HTTP/1.1" 404 1089
200.112.233.47 - - [16/Aug/2018:16:53:46 -0300] "GET /cormun/servlet/trautorizarpermisogoce? HTTP/1.1" 200 7899
200.112.233.47 - - [16/Aug/2018:16:53:47 -0300] "GET /cormun/servlet/trautorizarpermisogoce? HTTP/1.1" 200 7898
186.103.157.98 - - [16/Aug/2018:16:53:48 -0300] "POST /cormun/servlet/permisosadjuntos?13de0ed993112aa0d17a349585c3a29e,INS,15102853,P,20180816164912,, HTTP/1.1" 200 116
186.103.157.98 - - [16/Aug/2018:16:53:48 -0300] "GET /cormun/servlet/hpexe_return? HTTP/1.1" 200 1036
186.103.157.98 - - [16/Aug/2018:16:53:48 -0300] "GET /cormun/servlet/trpermisosadjuntos?15102853,20180816164912,P, HTTP/1.1" 200 7076
186.103.159.204 - - [16/Aug/2018:16:53:48 -0300] "GET /cormun/servlet/licenciaspermisos?UPD,18647240,L,20180816000000, HTTP/1.1" 200 7645
186.103.157.98 - - [16/Aug/2018:16:53:48 -0300] "GET /cormun/servlet/trpermisosadjuntos?15102853,20180816164912,P, HTTP/1.1" 200 7071
186.103.159.204 - - [16/Aug/2018:16:53:48 -0300] "GET /cormun/servlet/licenciaspermisos?UPD,18647240,L,20180816000000, HTTP/1.1" 200 7644
186.103.159.204 - - [16/Aug/2018:16:53:49 -0300] "GET /cormun/servlet/licenciaspermisos?3206befe23fd2f402d66f94453c3d87e5b285ede1c86d42050ac753cc00600e89ae5b36853e3ea8bc37fa23e26af09570ee6521c09107d7424f597eef56f1cf2eae88f8a730d4484e0d31deef78760031f2240c82929677144715fc9b01255a8,gx-no-cache=1534449147792 HTTP/1.1" 200 91
200.112.233.47 - - [16/Aug/2018:16:53:50 -0300] "POST /cormun/servlet/trautorizarpermisogoce?2857c6df7a8b1074e6e104461d6f2b16,,gx-no-cache=1534449154433 HTTP/1.1" 200 4364
200.112.233.47 - - [16/Aug/2018:16:53:50 -0300] "GET /cormun/static/Shared/jqueryui/images/ui-bg_highlight-soft_100_c6c2c8_1x100.png HTTP/1.1" 404 1117
200.112.233.47 - - [16/Aug/2018:16:53:50 -0300] "GET /cormun/static/Shared/jqueryui/images/ui-icons_82798d_256x240.png HTTP/1.1" 404 1089
200.112.233.47 - - [16/Aug/2018:16:53:50 -0300] "GET /cormun/static/Shared/jqueryui/images/ui-bg_flat_55_fafafa_40x100.png HTTP/1.1" 404 1097
200.112.233.47 - - [16/Aug/2018:16:53:50 -0300] "GET /cormun/static/Shared/jqueryui/images/ui-icons_8d78a5_256x240.png HTTP/1.1" 404 1089
186.103.157.98 - - [16/Aug/2018:16:53:52 -0300] "POST /cormun/servlet/trpermisosadjuntos?13de0ed993112aa0d17a349585c3a29e,15102853,20180816164912,P,,gx-no-cache=1534449155822 HTTP/1.1" 200 90
186.103.157.98 - - [16/Aug/2018:16:53:52 -0300] "GET /cormun/servlet/hpexe_link HTTP/1.1" 200 1004
186.103.157.98 - - [16/Aug/2018:16:53:52 -0300] "GET /cormun/servlet/trpermisosgoce?gx-no-cache=1534445772015 HTTP/1.1" 200 8153
186.103.157.98 - - [16/Aug/2018:16:53:53 -0300] "GET /cormun/servlet/trpermisosgoce?gx-no-cache=1534445772015 HTTP/1.1" 200 8173
186.103.157.98 - - [16/Aug/2018:16:53:58 -0300] "POST /cormun/servlet/trpermisosgoce?13de0ed993112aa0d17a349585c3a29e,gx-no-cache=1534445772015,gx-no-cache=1534449161264 HTTP/1.1" 200 5179
186.103.157.98 - - [16/Aug/2018:16:53:58 -0300] "GET /cormun/static/Shared/jqueryui/images/ui-bg_highlight-soft_100_c6c2c8_1x100.png HTTP/1.1" 404 1117
186.103.157.98 - - [16/Aug/2018:16:53:58 -0300] "GET /cormun/static/Shared/jqueryui/images/ui-icons_82798d_256x240.png HTTP/1.1" 404 1089
186.103.157.98 - - [16/Aug/2018:16:53:58 -0300] "GET /cormun/static/Shared/jqueryui/images/ui-bg_flat_55_fafafa_40x100.png HTTP/1.1" 404 1097
186.103.157.98 - - [16/Aug/2018:16:53:58 -0300] "GET /cormun/static/Shared/jqueryui/images/ui-icons_8d78a5_256x240.png HTTP/1.1" 404 1089
186.103.159.187 - - [16/Aug/2018:16:53:58 -0300] "POST /cormun/servlet/solicitudot?gx-no-cache=1534452799541 HTTP/1.1" 200 1358
186.103.159.187 - - [16/Aug/2018:16:53:58 -0300] "POST /cormun/servlet/solicitudot?gx-no-cache=1534452799595 HTTP/1.1" 200 1258
186.103.159.187 - - [16/Aug/2018:16:53:58 -0300] "GET /cormun/static/menuarrow.gif HTTP/1.1" 404 1015
200.112.233.47 - - [16/Aug/2018:16:53:58 -0300] "GET /cormun/servlet/trpermisosgoce? HTTP/1.1" 200 9434
200.112.233.47 - - [16/Aug/2018:16:53:59 -0300] "GET /cormun/servlet/trpermisosgoce? HTTP/1.1" 200 9433
186.103.159.204 - - [16/Aug/2018:16:53:59 -0300] "GET /cormun/servlet/trlicencias HTTP/1.1" 200 9839
186.103.159.204 - - [16/Aug/2018:16:54:00 -0300] "GET /cormun/servlet/trlicencias HTTP/1.1" 200 9834
186.103.159.187 - - [16/Aug/2018:16:54:00 -0300] "POST /cormun/servlet/solicitudot?gx-no-cache=1534452801338 HTTP/1.1" 200 1358
186.103.159.187 - - [16/Aug/2018:16:54:00 -0300] "POST /cormun/servlet/solicitudot?gx-no-cache=1534452801572 HTTP/1.1" 200 1258
200.112.233.47 - - [16/Aug/2018:16:54:02 -0300] "GET /cormun/servlet/permisogoce?INS,0,,, HTTP/1.1" 200 7100
200.112.233.47 - - [16/Aug/2018:16:54:02 -0300] "GET /cormun/servlet/permisogoce?INS,0,,, HTTP/1.1" 200 7100
201.215.248.160 - - [16/Aug/2018:16:54:06 -0300] "GET /cormun/servlet/trpermisosingoce? HTTP/1.1" 200 7712
201.215.248.160 - - [16/Aug/2018:16:54:06 -0300] "GET /cormun/static/gxcfg.js?201742714253516 HTTP/1.1" 200 953
201.215.248.160 - - [16/Aug/2018:16:54:07 -0300] "GET /cormun/static/Resources/Spanish/PXTools.css?11294912 HTTP/1.1" 200 89042
201.215.248.160 - - [16/Aug/2018:16:54:07 -0300] "GET /cormun/static/trpermisosingoce.js?201742714253970 HTTP/1.1" 200 34472
201.215.248.160 - - [16/Aug/2018:16:54:08 -0300] "GET /cormun/servlet/trpermisosingoce? HTTP/1.1" 200 7712
186.103.159.204 - - [16/Aug/2018:16:54:09 -0300] "GET /cormun/servlet/licenciaspermisos?UPD,18647240,L,20180816000000, HTTP/1.1" 200 7645
186.103.159.204 - - [16/Aug/2018:16:54:09 -0300] "GET /cormun/servlet/licenciaspermisos?UPD,18647240,L,20180816000000, HTTP/1.1" 200 7644
186.103.159.204 - - [16/Aug/2018:16:54:10 -0300] "GET /cormun/servlet/licenciaspermisos?3206befe23fd2f402d66f94453c3d87e5b285ede1c86d42050ac753cc00600e89ae5b36853e3ea8bc37fa23e26af09570ee6521c09107d7424f597eef56f1cf2eae88f8a730d4484e0d31deef78760031f2240c82929677144715fc9b01255a8,gx-no-cache=1534449168882 HTTP/1.1" 200 91
200.112.233.47 - - [16/Aug/2018:16:54:11 -0300] "GET /cormun/servlet/permisogoce?c62b89fa621b647f0ae72853f28fafb202765b6ccc1576ce34d5321e712e68f4fb70887842ff48f0f33c790412e201a66026a1a4e656be53b5eeb98dbb5f6458,gx-no-cache=1534449175860 HTTP/1.1" 200 74
186.103.159.204 - - [16/Aug/2018:16:54:17 -0300] "GET /cormun/servlet/licenciaspermisos?3206befe23fd2f402d66f94453c3d87e276a296d080e6824a8c49ce34d258f73b68a1c27d45c5127247756d622272fc38d0599abfb98a704d2cdc35e3f6ff9cba3826ff0e5586326280af2e65b0bf9b62e8a2a2850e6347cb29b3f5c39a3a6f7d21e8df0b526148ffc833d41f333696caf21ad6865ec26364b685d9378b6dffd49677d17862bf9b170bdc176f95886e0931eec0ba8f2ad55b8f00acb2ba39e839e6239e99cf076076ade5358a4b8b2905a195a0c3f37f628b1e98507882646014699b9333cb8afb33d062a3bdd11822958e44fcd22f9b39f4fd5236fef82936d,gx-no-cache=1534449176544 HTTP/1.1" 200 30
186.103.159.204 - - [16/Aug/2018:16:54:17 -0300] "GET /cormun/servlet/licenciaspermisos?3206befe23fd2f402d66f94453c3d87e59d2bcda91f84baf6bafc931a856a0fb6c7427198eaa26c85038a0bbad0ad4bb429b5461917ce66bea87efe85956f45930cb60c31e9e27e1432ddf07b0dc9dfa86cd7bc2501e15fcd394a62afd590369c7231f781996792af0a9f0212f312344671049609a7580c6b085cc88091b46bcb0e879a2ac5f7d138430b3229aeaee030298b3a937b6d00b23e121819124d774276bc1b92f5a885665df37c86d8ce712e78270c771359f2117b1024f070f353d350ef544f4d1263dbe198ef54028a75d04f32663f0981cb5c25a89c2a1585ead,gx-no-cache=1534449176565 HTTP/1.1" 200 29
186.103.159.204 - - [16/Aug/2018:16:54:18 -0300] "POST /cormun/servlet/licenciaspermisos?3c3ffee0b225906ea40869bd3e6730dd,UPD,18647240,L,20180816000000,,gx-no-cache=1534449176589 HTTP/1.1" 200 93
186.103.159.204 - - [16/Aug/2018:16:54:18 -0300] "GET /cormun/servlet/hpexe_return? HTTP/1.1" 200 1027
186.103.159.204 - - [16/Aug/2018:16:54:18 -0300] "GET /cormun/servlet/trlicencias HTTP/1.1" 200 9848
186.103.159.204 - - [16/Aug/2018:16:54:18 -0300] "GET /cormun/servlet/trlicencias HTTP/1.1" 200 9846
200.112.233.47 - - [16/Aug/2018:16:54:40 -0300] "GET /cormun/static/menuarrow.gif HTTP/1.1" 404 1015
186.103.157.98 - - [16/Aug/2018:16:54:45 -0300] "POST /cormun/servlet/trpermisosgoce?13de0ed993112aa0d17a349585c3a29e,gx-no-cache=1534445772015,gx-no-cache=1534449209254 HTTP/1.1" 200 4054
186.103.157.98 - - [16/Aug/2018:16:54:48 -0300] "GET /cormun/servlet/permisogoce?INS,0,,, HTTP/1.1" 200 7145
186.103.157.98 - - [16/Aug/2018:16:54:48 -0300] "GET /cormun/servlet/permisogoce?INS,0,,, HTTP/1.1" 200 7124
200.112.233.47 - - [16/Aug/2018:16:54:49 -0300] "GET /cormun/servlet/permisogoce?c62b89fa621b647f0ae72853f28fafb28aea65a13429cc5f2c0c88ebba7c92e21764baad2011dea26a082b0aa47821fec549bdddfda3028834fbfab6ddf81c5e,gx-no-cache=1534449214586 HTTP/1.1" 200 44
186.103.157.98 - - [16/Aug/2018:16:54:56 -0300] "GET /cormun/servlet/permisogoce?bb7a81c6fbc542202324350f2b0b18f0ef9510ec53e49132afec8e776acb20dedacd0605cc1b3a7f4c58ab56b6802baef9e9aec4879cda914fe0772fe34ce8fe,gx-no-cache=1534449220255 HTTP/1.1" 200 80
186.103.157.98 - - [16/Aug/2018:16:54:58 -0300] "GET /cormun/static/menuarrow.gif HTTP/1.1" 404 1015
186.103.159.187 - - [16/Aug/2018:16:55:03 -0300] "GET /cormun/servlet/solicitudot?6ad5cff2dbf3ee61023f91fa30bb069c76e2aee0116a2c30873085771ec6456449d776b014bb9c5af8211535dbab33eb,gx-no-cache=1534452864393 HTTP/1.1" 200 30
186.103.159.187 - - [16/Aug/2018:16:55:14 -0300] "POST /cormun/servlet/solicitudot?gx-no-cache=1534452876207 HTTP/1.1" 200 33
186.103.157.98 - - [16/Aug/2018:16:55:31 -0300] "GET /cormun/servlet/permisogoce?bb7a81c6fbc542202324350f2b0b18f0cda1b3c0426bee0c6b10794d9cf54867657f932655044864397f3aed88c0773c204ec244cf5666a84eefc55754fa4313,gx-no-cache=1534449255143 HTTP/1.1" 200 46
186.103.157.98 - - [16/Aug/2018:16:55:34 -0300] "POST /cormun/servlet/permisogoce?13de0ed993112aa0d17a349585c3a29e,INS,0,,,,gx-no-cache=1534449257991 HTTP/1.1" 200 93
186.103.157.98 - - [16/Aug/2018:16:55:34 -0300] "GET /cormun/servlet/hpexe_return? HTTP/1.1" 200 1031
186.103.157.98 - - [16/Aug/2018:16:55:35 -0300] "GET /cormun/servlet/trpermisosgoce?gx-no-cache=1534445772015 HTTP/1.1" 200 7941
186.103.157.98 - - [16/Aug/2018:16:55:35 -0300] "GET /cormun/servlet/trpermisosgoce?gx-no-cache=1534445772015 HTTP/1.1" 200 7958
186.103.157.98 - - [16/Aug/2018:16:55:42 -0300] "GET /cormun/servlet/trpermisosadjuntos?12395945,20180816165107,P, HTTP/1.1" 200 6589
186.103.157.98 - - [16/Aug/2018:16:55:43 -0300] "GET /cormun/servlet/trpermisosadjuntos?12395945,20180816165107,P, HTTP/1.1" 200 6568
186.103.157.98 - - [16/Aug/2018:16:55:44 -0300] "GET /cormun/servlet/permisosadjuntos?INS,12395945,P,20180816165107,, HTTP/1.1" 200 5901
186.103.157.98 - - [16/Aug/2018:16:55:44 -0300] "GET /cormun/static/about:blank HTTP/1.1" 404 1011
186.103.157.98 - - [16/Aug/2018:16:55:44 -0300] "GET /cormun/servlet/permisosadjuntos?INS,12395945,P,20180816165107,, HTTP/1.1" 200 5890
186.103.159.187 - - [16/Aug/2018:16:55:48 -0300] "POST /cormun/servlet/solicitudot?a740f2d1bfa73e3e6f03990f413341fb,INS,0,0,,gx-no-cache=1534452910029 HTTP/1.1" 200 93
186.103.159.187 - - [16/Aug/2018:16:55:48 -0300] "GET /cormun/servlet/hpexe_return? HTTP/1.1" 200 1013
186.103.159.187 - - [16/Aug/2018:16:55:49 -0300] "GET /cormun/servlet/trsolicitudot HTTP/1.1" 200 9619
186.103.159.187 - - [16/Aug/2018:16:55:50 -0300] "GET /cormun/servlet/trsolicitudot HTTP/1.1" 200 9615
186.103.159.187 - - [16/Aug/2018:16:56:00 -0300] "GET /cormun/servlet/solicitudot?INS,0,0, HTTP/1.1" 200 13399
186.103.159.187 - - [16/Aug/2018:16:56:01 -0300] "GET /cormun/servlet/solicitudot?INS,0,0, HTTP/1.1" 200 13404
200.112.233.47 - - [16/Aug/2018:16:56:05 -0300] "POST /cormun/servlet/permisogoce?2857c6df7a8b1074e6e104461d6f2b16,INS,0,,,,gx-no-cache=1534449288339 HTTP/1.1" 200 93
200.112.233.47 - - [16/Aug/2018:16:56:05 -0300] "GET /cormun/servlet/hpexe_return? HTTP/1.1" 200 1012
200.112.233.47 - - [16/Aug/2018:16:56:05 -0300] "GET /cormun/servlet/trpermisosgoce HTTP/1.1" 200 9686
200.112.233.47 - - [16/Aug/2018:16:56:05 -0300] "GET /cormun/servlet/trpermisosgoce HTTP/1.1" 200 9685
186.103.157.98 - - [16/Aug/2018:16:56:07 -0300] "POST /cormun/servlet/permisosadjuntos?13de0ed993112aa0d17a349585c3a29e,INS,12395945,P,20180816165107,, HTTP/1.1" 200 116
186.103.157.98 - - [16/Aug/2018:16:56:07 -0300] "GET /cormun/servlet/hpexe_return? HTTP/1.1" 200 1037
186.103.157.98 - - [16/Aug/2018:16:56:07 -0300] "GET /cormun/servlet/trpermisosadjuntos?12395945,20180816165107,P, HTTP/1.1" 200 7080
186.103.157.98 - - [16/Aug/2018:16:56:08 -0300] "GET /cormun/servlet/trpermisosadjuntos?12395945,20180816165107,P, HTTP/1.1" 200 7077
200.112.233.47 - - [16/Aug/2018:16:56:11 -0300] "GET /cormun/servlet/trpermisosadjuntos?16491141,20180816165021,P, HTTP/1.1" 200 6548
186.103.157.98 - - [16/Aug/2018:16:56:11 -0300] "POST /cormun/servlet/trpermisosadjuntos?13de0ed993112aa0d17a349585c3a29e,12395945,20180816165107,P,,gx-no-cache=1534449295279 HTTP/1.1" 200 90
186.103.157.98 - - [16/Aug/2018:16:56:11 -0300] "GET /cormun/servlet/hpexe_link HTTP/1.1" 200 1004
186.103.157.98 - - [16/Aug/2018:16:56:12 -0300] "GET /cormun/servlet/trpermisosgoce?gx-no-cache=1534445772015 HTTP/1.1" 200 7939
200.112.233.47 - - [16/Aug/2018:16:56:12 -0300] "GET /cormun/servlet/trpermisosadjuntos?16491141,20180816165021,P, HTTP/1.1" 200 6548
186.103.157.98 - - [16/Aug/2018:16:56:12 -0300] "GET /cormun/servlet/trpermisosgoce?gx-no-cache=1534445772015 HTTP/1.1" 200 7958
200.112.233.47 - - [16/Aug/2018:16:56:13 -0300] "GET /cormun/servlet/permisosadjuntos?INS,16491141,P,20180816165021,, HTTP/1.1" 200 5876
200.112.233.47 - - [16/Aug/2018:16:56:14 -0300] "GET /cormun/static/about:blank HTTP/1.1" 404 1011
200.112.233.47 - - [16/Aug/2018:16:56:14 -0300] "GET /cormun/servlet/permisosadjuntos?INS,16491141,P,20180816165021,, HTTP/1.1" 200 5866
186.103.157.98 - - [16/Aug/2018:16:56:16 -0300] "POST /cormun/servlet/trpermisosgoce?13de0ed993112aa0d17a349585c3a29e,gx-no-cache=1534445772015,gx-no-cache=1534449299408 HTTP/1.1" 200 4977
186.103.157.98 - - [16/Aug/2018:16:56:16 -0300] "GET /cormun/static/Shared/jqueryui/images/ui-icons_82798d_256x240.png HTTP/1.1" 404 1089
186.103.157.98 - - [16/Aug/2018:16:56:16 -0300] "GET /cormun/static/Shared/jqueryui/images/ui-bg_highlight-soft_100_c6c2c8_1x100.png HTTP/1.1" 404 1117
186.103.157.98 - - [16/Aug/2018:16:56:16 -0300] "GET /cormun/static/Shared/jqueryui/images/ui-bg_flat_55_fafafa_40x100.png HTTP/1.1" 404 1097
186.103.157.98 - - [16/Aug/2018:16:56:16 -0300] "GET /cormun/static/Shared/jqueryui/images/ui-icons_8d78a5_256x240.png HTTP/1.1" 404 1089
200.112.233.47 - - [16/Aug/2018:16:56:27 -0300] "POST /cormun/servlet/permisosadjuntos?2857c6df7a8b1074e6e104461d6f2b16,INS,16491141,P,20180816165021,, HTTP/1.1" 200 116
200.112.233.47 - - [16/Aug/2018:16:56:28 -0300] "GET /cormun/servlet/hpexe_return? HTTP/1.1" 200 1037
200.112.233.47 - - [16/Aug/2018:16:56:28 -0300] "GET /cormun/servlet/trpermisosadjuntos?16491141,20180816165021,P, HTTP/1.1" 200 7060
200.112.233.47 - - [16/Aug/2018:16:56:28 -0300] "GET /cormun/servlet/trpermisosadjuntos?16491141,20180816165021,P, HTTP/1.1" 200 7056
200.112.233.47 - - [16/Aug/2018:16:56:33 -0300] "POST /cormun/servlet/trpermisosadjuntos?2857c6df7a8b1074e6e104461d6f2b16,16491141,20180816165021,P,,gx-no-cache=1534449317998 HTTP/1.1" 200 90
200.112.233.47 - - [16/Aug/2018:16:56:33 -0300] "GET /cormun/servlet/hpexe_link HTTP/1.1" 200 984
200.112.233.47 - - [16/Aug/2018:16:56:33 -0300] "GET /cormun/servlet/trpermisosgoce HTTP/1.1" 200 9696
200.112.233.47 - - [16/Aug/2018:16:56:33 -0300] "GET /cormun/servlet/trpermisosgoce HTTP/1.1" 200 9691
200.112.233.47 - - [16/Aug/2018:16:56:36 -0300] "GET /cormun/servlet/permisogoce?INS,0,,, HTTP/1.1" 200 7100
200.112.233.47 - - [16/Aug/2018:16:56:36 -0300] "GET /cormun/servlet/permisogoce?INS,0,,, HTTP/1.1" 200 7100
186.103.157.98 - - [16/Aug/2018:16:56:40 -0300] "POST /cormun/servlet/trpermisosgoce?13de0ed993112aa0d17a349585c3a29e,gx-no-cache=1534445772015,gx-no-cache=1534449323855 HTTP/1.1" 200 4051
186.103.159.187 - - [16/Aug/2018:16:56:43 -0300] "POST /cormun/servlet/solicitudot?gx-no-cache=1534452964591 HTTP/1.1" 200 3308
186.103.159.187 - - [16/Aug/2018:16:56:43 -0300] "POST /cormun/servlet/solicitudot?a740f2d1bfa73e3e6f03990f413341fb,INS,0,0,,gx-no-cache=1534452964989 HTTP/1.1" 200 10303
186.103.159.187 - - [16/Aug/2018:16:56:47 -0300] "GET /cormun/servlet/solicitudot?6ad5cff2dbf3ee61023f91fa30bb069ca6301c384a9e1a4d4a7985dca19bc26e0b90bdd587c4fd7ae14547719eed1ece,gx-no-cache=1534452969233 HTTP/1.1" 200 30
200.112.233.47 - - [16/Aug/2018:16:56:48 -0300] "GET /cormun/servlet/permisogoce?c62b89fa621b647f0ae72853f28fafb2fcbc74d80c46c6c07803db94902ce6d2369a3428d44751a2f2811e4bba00c293,gx-no-cache=1534449333269 HTTP/1.1" 200 76
186.103.157.98 - - [16/Aug/2018:16:56:48 -0300] "GET /cormun/servlet/permisogoce?INS,0,,, HTTP/1.1" 200 7145
186.103.157.98 - - [16/Aug/2018:16:56:49 -0300] "GET /cormun/servlet/permisogoce?INS,0,,, HTTP/1.1" 200 7125
200.112.233.47 - - [16/Aug/2018:16:56:53 -0300] "GET /cormun/static/menuarrow.gif HTTP/1.1" 404 1015
200.112.233.47 - - [16/Aug/2018:16:56:58 -0300] "GET /cormun/servlet/permisogoce?c62b89fa621b647f0ae72853f28fafb2a6cffb58ce39d28cc93cac45fbb5c4c55851918169918f4236462296ed849ff7fbaba650767c7968c2f7ae15080bab64,gx-no-cache=1534449343858 HTTP/1.1" 200 46
200.112.233.47 - - [16/Aug/2018:16:57:03 -0300] "POST /cormun/servlet/permisogoce?2857c6df7a8b1074e6e104461d6f2b16,INS,0,,,,gx-no-cache=1534449347757 HTTP/1.1" 200 93
200.112.233.47 - - [16/Aug/2018:16:57:03 -0300] "GET /cormun/servlet/hpexe_return? HTTP/1.1" 200 1012
200.112.233.47 - - [16/Aug/2018:16:57:03 -0300] "GET /cormun/servlet/trpermisosgoce HTTP/1.1" 200 9908
186.103.157.98 - - [16/Aug/2018:16:57:03 -0300] "GET /cormun/servlet/permisogoce?bb7a81c6fbc542202324350f2b0b18f0442d12a55fc7a95e2a03ad31d23380cbdacd0605cc1b3a7f4c58ab56b6802baef9e9aec4879cda914fe0772fe34ce8fe,gx-no-cache=1534449347049 HTTP/1.1" 200 226
186.103.157.98 - - [16/Aug/2018:16:57:03 -0300] "GET /cormun/static/Shared/jqueryui/images/ui-bg_highlight-soft_100_c6c2c8_1x100.png HTTP/1.1" 404 1117
186.103.157.98 - - [16/Aug/2018:16:57:03 -0300] "GET /cormun/static/Shared/jqueryui/images/ui-icons_82798d_256x240.png HTTP/1.1" 404 1089
186.103.157.98 - - [16/Aug/2018:16:57:03 -0300] "GET /cormun/static/Shared/jqueryui/images/ui-bg_flat_55_994d53_40x100.png HTTP/1.1" 404 1097
186.103.157.98 - - [16/Aug/2018:16:57:03 -0300] "GET /cormun/static/Shared/jqueryui/images/ui-icons_ebccce_256x240.png HTTP/1.1" 404 1089
200.112.233.47 - - [16/Aug/2018:16:57:03 -0300] "GET /cormun/servlet/trpermisosgoce HTTP/1.1" 200 9915
200.112.233.47 - - [16/Aug/2018:16:57:09 -0300] "GET /cormun/servlet/trpermisosadjuntos?8382968,20180816165255,P, HTTP/1.1" 200 6551
200.112.233.47 - - [16/Aug/2018:16:57:09 -0300] "GET /cormun/servlet/trpermisosadjuntos?8382968,20180816165255,P, HTTP/1.1" 200 6551
200.112.233.47 - - [16/Aug/2018:16:57:11 -0300] "GET /cormun/servlet/permisosadjuntos?INS,8382968,P,20180816165255,, HTTP/1.1" 200 5881
200.112.233.47 - - [16/Aug/2018:16:57:11 -0300] "GET /cormun/static/about:blank HTTP/1.1" 404 1011
200.112.233.47 - - [16/Aug/2018:16:57:11 -0300] "GET /cormun/servlet/permisosadjuntos?INS,8382968,P,20180816165255,, HTTP/1.1" 200 5871
200.112.233.47 - - [16/Aug/2018:16:57:20 -0300] "POST /cormun/servlet/permisosadjuntos?2857c6df7a8b1074e6e104461d6f2b16,INS,8382968,P,20180816165255,, HTTP/1.1" 200 116
200.112.233.47 - - [16/Aug/2018:16:57:20 -0300] "GET /cormun/servlet/hpexe_return? HTTP/1.1" 200 1037
200.112.233.47 - - [16/Aug/2018:16:57:20 -0300] "GET /cormun/servlet/trpermisosadjuntos?8382968,20180816165255,P, HTTP/1.1" 200 7060
200.112.233.47 - - [16/Aug/2018:16:57:21 -0300] "GET /cormun/servlet/trpermisosadjuntos?8382968,20180816165255,P, HTTP/1.1" 200 7056
200.112.233.47 - - [16/Aug/2018:16:57:25 -0300] "POST /cormun/servlet/trpermisosadjuntos?2857c6df7a8b1074e6e104461d6f2b16,8382968,20180816165255,P,,gx-no-cache=1534449370527 HTTP/1.1" 200 90
200.112.233.47 - - [16/Aug/2018:16:57:25 -0300] "GET /cormun/servlet/hpexe_link HTTP/1.1" 200 984
200.112.233.47 - - [16/Aug/2018:16:57:25 -0300] "GET /cormun/servlet/trpermisosgoce HTTP/1.1" 200 9930
200.112.233.47 - - [16/Aug/2018:16:57:26 -0300] "GET /cormun/servlet/trpermisosgoce HTTP/1.1" 200 9937
200.112.233.47 - - [16/Aug/2018:16:57:30 -0300] "GET /cormun/servlet/trautorizarpermisogoce? HTTP/1.1" 200 7068
200.112.233.47 - - [16/Aug/2018:16:57:30 -0300] "GET /cormun/servlet/trautorizarpermisogoce? HTTP/1.1" 200 7068
200.112.233.47 - - [16/Aug/2018:16:57:36 -0300] "GET /cormun/servlet/trpermisosgoce? HTTP/1.1" 200 9931
200.112.233.47 - - [16/Aug/2018:16:57:36 -0300] "GET /cormun/servlet/trpermisosgoce? HTTP/1.1" 200 9912
200.112.233.47 - - [16/Aug/2018:16:57:41 -0300] "POST /cormun/servlet/trpermisosgoce?2857c6df7a8b1074e6e104461d6f2b16,,gx-no-cache=1534449384040 HTTP/1.1" 200 7089
200.112.233.47 - - [16/Aug/2018:16:57:41 -0300] "GET /cormun/static/Shared/jqueryui/images/ui-bg_highlight-soft_100_c6c2c8_1x100.png HTTP/1.1" 404 1117
200.112.233.47 - - [16/Aug/2018:16:57:41 -0300] "GET /cormun/static/Shared/jqueryui/images/ui-icons_82798d_256x240.png HTTP/1.1" 404 1089
200.112.233.47 - - [16/Aug/2018:16:57:41 -0300] "GET /cormun/static/Shared/jqueryui/images/ui-bg_flat_55_fafafa_40x100.png HTTP/1.1" 404 1097
200.112.233.47 - - [16/Aug/2018:16:57:41 -0300] "GET /cormun/static/Shared/jqueryui/images/ui-icons_8d78a5_256x240.png HTTP/1.1" 404 1089
200.112.233.47 - - [16/Aug/2018:16:57:42 -0300] "POST /cormun/servlet/trpermisosgoce?2857c6df7a8b1074e6e104461d6f2b16,,gx-no-cache=1534449388022 HTTP/1.1" 200 7092
200.112.233.47 - - [16/Aug/2018:16:57:45 -0300] "POST /cormun/servlet/trpermisosgoce?2857c6df7a8b1074e6e104461d6f2b16,,gx-no-cache=1534449390125 HTTP/1.1" 200 7061
200.112.233.47 - - [16/Aug/2018:16:57:52 -0300] "GET /cormun/servlet/trautorizarpermisogoce? HTTP/1.1" 200 8178
200.112.233.47 - - [16/Aug/2018:16:57:52 -0300] "GET /cormun/servlet/trautorizarpermisogoce? HTTP/1.1" 200 8177
200.112.233.47 - - [16/Aug/2018:16:57:54 -0300] "POST /cormun/servlet/trautorizarpermisogoce?2857c6df7a8b1074e6e104461d6f2b16,,gx-no-cache=1534449399843 HTTP/1.1" 200 5127
200.112.233.47 - - [16/Aug/2018:16:57:54 -0300] "GET /cormun/static/Shared/jqueryui/images/ui-icons_82798d_256x240.png HTTP/1.1" 404 1089
200.112.233.47 - - [16/Aug/2018:16:57:54 -0300] "GET /cormun/static/Shared/jqueryui/images/ui-bg_highlight-soft_100_c6c2c8_1x100.png HTTP/1.1" 404 1117
200.112.233.47 - - [16/Aug/2018:16:57:54 -0300] "GET /cormun/static/Shared/jqueryui/images/ui-bg_flat_55_fafafa_40x100.png HTTP/1.1" 404 1097
200.112.233.47 - - [16/Aug/2018:16:57:54 -0300] "GET /cormun/static/Shared/jqueryui/images/ui-icons_8d78a5_256x240.png HTTP/1.1" 404 1089
200.112.233.47 - - [16/Aug/2018:16:57:55 -0300] "POST /cormun/servlet/trautorizarpermisogoce?2857c6df7a8b1074e6e104461d6f2b16,,gx-no-cache=1534449400605 HTTP/1.1" 200 4366
186.103.159.187 - - [16/Aug/2018:16:58:27 -0300] "GET /cormun/servlet/solicitudot?6ad5cff2dbf3ee61023f91fa30bb069ccddf219ce45f55175a7f4e449e22a00a841248a3ec6739400925bdc7c5e9766db8254f2b1c827e1a74b5f9c2edfa6203,gx-no-cache=1534453069117 HTTP/1.1" 200 30
186.103.159.187 - - [16/Aug/2018:16:58:29 -0300] "GET /cormun/servlet/prbanco?,MD,,gxPopupLevel%3D0%3B HTTP/1.1" 200 6549
186.103.159.187 - - [16/Aug/2018:16:58:43 -0300] "GET /cormun/servlet/solicitudot?6ad5cff2dbf3ee61023f91fa30bb069c4dee388c6de1dc87b38b1615eb4ca345,gx-no-cache=1534453085156 HTTP/1.1" 200 51
186.103.159.187 - - [16/Aug/2018:16:58:52 -0300] "POST /cormun/servlet/solicitudot?gx-no-cache=1534453093874 HTTP/1.1" 200 255
186.103.159.187 - - [16/Aug/2018:16:58:55 -0300] "GET /cormun/servlet/solicitudot?6ad5cff2dbf3ee61023f91fa30bb069c07c877a931d825a034184737499f11a3208f002d3e9be6d500c90cd15155abeafe06671ccb7840a47a71c9c74823592e2d9a79ea5e9091b6b6431cf2c6f41f155975498ec6ba3f1506267b8f0c0e8d5559e454fc2e3150897d7ce71aabc70e628459db7ba8223527d7aabe84c8bb5dcc251cd25089928f5273b8d6fd1dd5e0d0b10a5dee2720e6049ca4aa02aa72aaa9ba2a3526743f3f7011fbbf727e867199e852bbefb778e6be69f59279cb8c6d5651babfe811f15138d4e0167fce9174666d23ac9d5d82a2f1b902fe9f0858cc85cb7d3e01f719548a94211c0f88cf302a82b976cdf262df4e0c3038a6e173430e13ee2f6f8b786d0cbaa16f33f46df49b9b65d8b98f75a24de7158c4abf2cb3df1c6548cb6a74d73e144a229ae4c6b184024d805ab6af1c2f4e04f851be143a430b3c9cc5fee3267101017f837e46889083188c57746e961776a3ec710251a51feb3799363b6775df4f77dabcdb56fa0d024c5ec773784d49a90316bc6be28acb,gx-no-cache=1534453096768 HTTP/1.1" 200 30
186.103.159.187 - - [16/Aug/2018:16:59:05 -0300] "POST /cormun/servlet/solicitudot?gx-no-cache=1534453106625 HTTP/1.1" 200 30
186.103.159.187 - - [16/Aug/2018:16:59:07 -0300] "GET /cormun/servlet/prcontratosol?17588187,,,,,MD,,gxPopupLevel%3D0%3B HTTP/1.1" 200 5603
186.103.159.187 - - [16/Aug/2018:16:59:32 -0300] "POST /cormun/servlet/solicitudot?gx-no-cache=1534453133550 HTTP/1.1" 200 1455
186.103.159.187 - - [16/Aug/2018:16:59:32 -0300] "GET /cormun/static/Shared/jqueryui/images/ui-bg_highlight-soft_100_c6c2c8_1x100.png HTTP/1.1" 404 1117
186.103.159.187 - - [16/Aug/2018:16:59:32 -0300] "GET /cormun/static/Shared/jqueryui/images/ui-icons_82798d_256x240.png HTTP/1.1" 404 1089
186.103.159.187 - - [16/Aug/2018:16:59:32 -0300] "GET /cormun/static/Shared/jqueryui/images/ui-bg_flat_55_994d53_40x100.png HTTP/1.1" 404 1097
186.103.159.187 - - [16/Aug/2018:16:59:32 -0300] "GET /cormun/static/Shared/jqueryui/images/ui-icons_ebccce_256x240.png HTTP/1.1" 404 1089
186.103.159.187 - - [16/Aug/2018:16:59:32 -0300] "POST /cormun/servlet/solicitudot?gx-no-cache=1534453133665 HTTP/1.1" 200 117
186.103.159.187 - - [16/Aug/2018:16:59:32 -0300] "GET /cormun/servlet/solicitudot?6ad5cff2dbf3ee61023f91fa30bb069c686c7b7a4e50dce232bad2741c1ef148089a7d8aed7e349f45a065f24404587b572496404bb2557273eb2dd3ac5ed6e75e7295c516719ee2bbbb969d023a7fd1a905d03ea81485cc194bf3012c03871118862f4682d3715aa7bdf46c8ee0a57b,gx-no-cache=1534453133711 HTTP/1.1" 200 29
186.103.159.187 - - [16/Aug/2018:16:59:32 -0300] "GET /cormun/servlet/solicitudot?6ad5cff2dbf3ee61023f91fa30bb069cc4a279bd6fe5d60446459b3a8fde7bb1de7d7515147ff2b2de02d7ca649e645aac938083464183ab9efee5a62c9b90061d2036ab1e8f0efe3f4462ae49ccb7ca09e8fa89b1beffc9d7ac068a55db6adf4730e44df26e8579cb0183bade79cd491a50314dbc5648c8304ccebd9b46de7e2ff8287e6d6f9537f6a3392e907d91bd96dfa8df0bcf004772b08f5d1085046ff1e9792544deef7c7bbcb106147bc948efd12f61e6008bc31afa105eee4ffc65,gx-no-cache=1534453133745 HTTP/1.1" 200 62
186.103.159.187 - - [16/Aug/2018:16:59:32 -0300] "GET /cormun/servlet/solicitudot?e5ca38404a10531fbc409848894bc5e00ba949b44fad4ab8eedf46578962a080cacabcd7f315c69049521d5cc59b20341393192dbcb653f5b78c09844a3a30f301ca45b7b351c7ecf30c380f745f3452,gx-no-cache=1534453133782 HTTP/1.1" 200 55
186.103.159.187 - - [16/Aug/2018:16:59:32 -0300] "GET /cormun/servlet/solicitudot?6ad5cff2dbf3ee61023f91fa30bb069cf19040a9429574c0bc92d2ee8eec7453,gx-no-cache=1534453133817 HTTP/1.1" 200 30
186.103.157.98 - - [16/Aug/2018:16:59:53 -0300] "GET /cormun/servlet/permisogoce?bb7a81c6fbc542202324350f2b0b18f09289e177adf892dd51115514f2927f7adacd0605cc1b3a7f4c58ab56b6802baef9e9aec4879cda914fe0772fe34ce8fe,gx-no-cache=1534449516530 HTTP/1.1" 200 226
186.103.159.187 - - [16/Aug/2018:17:00:12 -0300] "GET /cormun/servlet/prfichaempleado?,MD,,gxPopupLevel%3D0%3B HTTP/1.1" 200 9257
186.103.159.187 - - [16/Aug/2018:17:00:23 -0300] "GET /cormun/servlet/prlicenciaspermisos?17505395,L,,MD,,gxPopupLevel%3D0%3B HTTP/1.1" 200 5132
186.103.159.187 - - [16/Aug/2018:17:00:28 -0300] "POST /cormun/servlet/solicitudot?gx-no-cache=1534453189477 HTTP/1.1" 200 1512
186.103.159.187 - - [16/Aug/2018:17:00:31 -0300] "GET /cormun/static/menuarrow.gif HTTP/1.1" 404 1015
186.103.159.187 - - [16/Aug/2018:17:00:41 -0300] "GET /cormun/servlet/prcontratosol?17588187,,,,,MD,,gxPopupLevel%3D0%3B HTTP/1.1" 200 5603
186.103.159.187 - - [16/Aug/2018:17:00:58 -0300] "POST /cormun/servlet/solicitudot?gx-no-cache=1534453219671 HTTP/1.1" 200 1512
186.103.159.187 - - [16/Aug/2018:17:00:58 -0300] "POST /cormun/servlet/solicitudot?gx-no-cache=1534453219783 HTTP/1.1" 200 118
186.103.159.187 - - [16/Aug/2018:17:00:58 -0300] "GET /cormun/servlet/solicitudot?6ad5cff2dbf3ee61023f91fa30bb069cc4a279bd6fe5d60446459b3a8fde7bb1de7d7515147ff2b2de02d7ca649e645aac938083464183ab9efee5a62c9b90061d2036ab1e8f0efe3f4462ae49ccb7ca09e8fa89b1beffc9d7ac068a55db6adf4730e44df26e8579cb0183bade79cd491a50314dbc5648c8304ccebd9b46de7e2ff8287e6d6f9537f6a3392e907d91bd96dfa8df0bcf004772b08f5d1085046ff1e9792544deef7c7bbcb106147bc948efd12f61e6008bc31afa105eee4ffc65,gx-no-cache=1534453219827 HTTP/1.1" 200 62
186.103.159.187 - - [16/Aug/2018:17:00:58 -0300] "GET /cormun/servlet/solicitudot?e5ca38404a10531fbc409848894bc5e00ba949b44fad4ab8eedf46578962a080cacabcd7f315c69049521d5cc59b20341393192dbcb653f5b78c09844a3a30f301ca45b7b351c7ecf30c380f745f3452,gx-no-cache=1534453219866 HTTP/1.1" 200 55
186.103.157.98 - - [16/Aug/2018:17:01:50 -0300] "GET /cormun/servlet/permisogoce?bb7a81c6fbc542202324350f2b0b18f0c38bb9705259eaa482248cd163c4b87adacd0605cc1b3a7f4c58ab56b6802baef9e9aec4879cda914fe0772fe34ce8fe,gx-no-cache=1534449634248 HTTP/1.1" 200 81
186.103.159.187 - - [16/Aug/2018:17:01:59 -0300] "GET /cormun/servlet/prcontratosol?17588187,,,,,MD,,gxPopupLevel%3D0%3B HTTP/1.1" 200 5603
186.103.159.187 - - [16/Aug/2018:17:02:12 -0300] "GET /cormun/servlet/solicitudot?6ad5cff2dbf3ee61023f91fa30bb069cc4a279bd6fe5d60446459b3a8fde7bb1de7d7515147ff2b2de02d7ca649e645aac938083464183ab9efee5a62c9b90061d2036ab1e8f0efe3f4462ae49ccb7ca09e8fa89b1beffc9d7ac068a55db6adf4730e44df26e8579cb0183bade79cd491a50314dbc5648c8304ccebd9b46de7e2ff8287e6d6f9537f6a3392e907d91bd96dfa8df0bcf004772b08f5d1085046ff1e9792544deef7c7bbcb106147bc948efd12f61e6008bc31afa105eee4ffc65,gx-no-cache=1534453294095 HTTP/1.1" 200 62
186.103.159.187 - - [16/Aug/2018:17:02:12 -0300] "GET /cormun/servlet/solicitudot?e5ca38404a10531fbc409848894bc5e00ba949b44fad4ab8eedf46578962a080cacabcd7f315c69049521d5cc59b20341393192dbcb653f5b78c09844a3a30f301ca45b7b351c7ecf30c380f745f3452,gx-no-cache=1534453294144 HTTP/1.1" 200 55
186.103.159.187 - - [16/Aug/2018:17:02:22 -0300] "GET /cormun/servlet/prsolicitudot?17588187,,,,,MD,,gxPopupLevel%3D0%3B HTTP/1.1" 200 5893
186.103.159.187 - - [16/Aug/2018:17:02:25 -0300] "POST /cormun/servlet/solicitudot?gx-no-cache=1534453307270 HTTP/1.1" 200 1512
186.103.159.187 - - [16/Aug/2018:17:02:26 -0300] "POST /cormun/servlet/solicitudot?gx-no-cache=1534453307376 HTTP/1.1" 200 118
186.103.159.187 - - [16/Aug/2018:17:02:26 -0300] "GET /cormun/servlet/solicitudot?6ad5cff2dbf3ee61023f91fa30bb069cc4a279bd6fe5d60446459b3a8fde7bb1de7d7515147ff2b2de02d7ca649e645aac938083464183ab9efee5a62c9b90061d2036ab1e8f0efe3f4462ae49ccb7ca09e8fa89b1beffc9d7ac068a55db6adf4730e44df26e8579cb0183bade79cd491a50314dbc5648c8304ccebd9b46de7e2ff8287e6d6f9537f6a3392e907d91bd96dfa8df0bcf004772b08f5d1085046ff1e9792544deef7c7bbcb106147bc948efd12f61e6008bc31afa105eee4ffc65,gx-no-cache=1534453307425 HTTP/1.1" 200 62
186.103.159.187 - - [16/Aug/2018:17:02:26 -0300] "GET /cormun/servlet/solicitudot?e5ca38404a10531fbc409848894bc5e00ba949b44fad4ab8eedf46578962a080cacabcd7f315c69049521d5cc59b20341393192dbcb653f5b78c09844a3a30f301ca45b7b351c7ecf30c380f745f3452,gx-no-cache=1534453307462 HTTP/1.1" 200 55
186.103.159.187 - - [16/Aug/2018:17:02:26 -0300] "GET /cormun/servlet/solicitudot?6ad5cff2dbf3ee61023f91fa30bb069c76e2aee0116a2c30873085771ec64564d066a315a3a741e2849b842985007d9d,gx-no-cache=1534453307504 HTTP/1.1" 200 30
186.103.159.187 - - [16/Aug/2018:17:02:46 -0300] "GET /cormun/servlet/prfichaempleado?,MD,,gxPopupLevel%3D0%3B HTTP/1.1" 200 9257
186.103.157.98 - - [16/Aug/2018:17:03:00 -0300] "GET /cormun/static/menuarrow.gif HTTP/1.1" 404 1015
186.103.159.187 - - [16/Aug/2018:17:03:03 -0300] "POST /cormun/servlet/prfichaempleado?a740f2d1bfa73e3e6f03990f413341fb,,MD,,gxPopupLevel%3D0%3B,gx-no-cache=1534453344468 HTTP/1.1" 200 3487
186.103.157.98 - - [16/Aug/2018:17:03:08 -0300] "GET /cormun/servlet/permisogoce?bb7a81c6fbc542202324350f2b0b18f09f3eb8daa1a04b8c1c0a7ce3115fbacc2b3bb1707c761f4c9bdd47db831514fa204ec244cf5666a84eefc55754fa4313,gx-no-cache=1534449711497 HTTP/1.1" 200 46
186.103.157.98 - - [16/Aug/2018:17:03:10 -0300] "POST /cormun/servlet/permisogoce?13de0ed993112aa0d17a349585c3a29e,INS,0,,,,gx-no-cache=1534449713319 HTTP/1.1" 200 93
186.103.157.98 - - [16/Aug/2018:17:03:10 -0300] "GET /cormun/servlet/hpexe_return? HTTP/1.1" 200 1031
186.103.157.98 - - [16/Aug/2018:17:03:10 -0300] "GET /cormun/servlet/trpermisosgoce?gx-no-cache=1534445772015 HTTP/1.1" 200 7015
186.103.157.98 - - [16/Aug/2018:17:03:10 -0300] "GET /cormun/servlet/trpermisosgoce?gx-no-cache=1534445772015 HTTP/1.1" 200 7032
186.103.157.98 - - [16/Aug/2018:17:03:20 -0300] "GET /cormun/servlet/permisogoce?INS,0,,, HTTP/1.1" 200 7146
186.103.157.98 - - [16/Aug/2018:17:03:20 -0300] "GET /cormun/servlet/permisogoce?INS,0,,, HTTP/1.1" 200 7125
186.103.159.187 - - [16/Aug/2018:17:03:31 -0300] "POST /cormun/servlet/solicitudot?gx-no-cache=1534453373125 HTTP/1.1" 200 1377
186.103.159.187 - - [16/Aug/2018:17:03:31 -0300] "POST /cormun/servlet/solicitudot?gx-no-cache=1534453373253 HTTP/1.1" 200 41
186.103.159.187 - - [16/Aug/2018:17:03:31 -0300] "POST /cormun/servlet/solicitudot?gx-no-cache=1534453373293 HTTP/1.1" 200 1358
186.103.159.187 - - [16/Aug/2018:17:03:32 -0300] "POST /cormun/servlet/solicitudot?gx-no-cache=1534453373355 HTTP/1.1" 200 1258
186.103.159.187 - - [16/Aug/2018:17:03:32 -0300] "POST /cormun/servlet/solicitudot?gx-no-cache=1534453373408 HTTP/1.1" 200 32
186.103.157.98 - - [16/Aug/2018:17:03:36 -0300] "GET /cormun/servlet/permisogoce?bb7a81c6fbc542202324350f2b0b18f0c38bb9705259eaa482248cd163c4b87adacd0605cc1b3a7f4c58ab56b6802baef9e9aec4879cda914fe0772fe34ce8fe,gx-no-cache=1534449739684 HTTP/1.1" 200 84
186.103.157.98 - - [16/Aug/2018:17:03:38 -0300] "GET /cormun/static/menuarrow.gif HTTP/1.1" 404 1015
186.103.157.98 - - [16/Aug/2018:17:03:43 -0300] "GET /cormun/servlet/permisogoce?bb7a81c6fbc542202324350f2b0b18f09f3eb8daa1a04b8c1c0a7ce3115fbacc2b3bb1707c761f4c9bdd47db831514fa204ec244cf5666a84eefc55754fa4313,gx-no-cache=1534449746791 HTTP/1.1" 200 47
186.103.157.98 - - [16/Aug/2018:17:03:46 -0300] "POST /cormun/servlet/permisogoce?13de0ed993112aa0d17a349585c3a29e,INS,0,,,,gx-no-cache=1534449749679 HTTP/1.1" 200 93
186.103.157.98 - - [16/Aug/2018:17:03:46 -0300] "GET /cormun/servlet/hpexe_return? HTTP/1.1" 200 1031
186.103.157.98 - - [16/Aug/2018:17:03:46 -0300] "GET /cormun/servlet/trpermisosgoce?gx-no-cache=1534445772015 HTTP/1.1" 200 7015
186.103.157.98 - - [16/Aug/2018:17:03:47 -0300] "GET /cormun/servlet/trpermisosgoce?gx-no-cache=1534445772015 HTTP/1.1" 200 7032
186.103.159.187 - - [16/Aug/2018:17:04:00 -0300] "POST /cormun/servlet/solicitudot?a740f2d1bfa73e3e6f03990f413341fb,INS,0,0,,gx-no-cache=1534453401168 HTTP/1.1" 200 11809
186.103.157.98 - - [16/Aug/2018:17:04:02 -0300] "GET /cormun/servlet/permisogoce?INS,0,,, HTTP/1.1" 200 7145
186.103.157.98 - - [16/Aug/2018:17:04:03 -0300] "GET /cormun/servlet/permisogoce?INS,0,,, HTTP/1.1" 200 7124
186.103.159.187 - - [16/Aug/2018:17:04:15 -0300] "POST /cormun/servlet/solicitudot?gx-no-cache=1534453416815 HTTP/1.1" 200 1358
186.103.159.187 - - [16/Aug/2018:17:04:15 -0300] "POST /cormun/servlet/solicitudot?gx-no-cache=1534453416871 HTTP/1.1" 200 1258
186.103.159.187 - - [16/Aug/2018:17:04:15 -0300] "GET /cormun/servlet/solicitudot?6ad5cff2dbf3ee61023f91fa30bb069c76e2aee0116a2c30873085771ec645649f359fa1bd6ea1da2ca7aba10ef0ef5c,gx-no-cache=1534453416915 HTTP/1.1" 200 30
186.103.159.187 - - [16/Aug/2018:17:04:15 -0300] "POST /cormun/servlet/solicitudot?gx-no-cache=1534453416948 HTTP/1.1" 200 32
186.103.159.187 - - [16/Aug/2018:17:04:15 -0300] "POST /cormun/servlet/solicitudot?a740f2d1bfa73e3e6f03990f413341fb,INS,0,0,,gx-no-cache=1534453417016 HTTP/1.1" 200 93
186.103.159.187 - - [16/Aug/2018:17:04:15 -0300] "GET /cormun/servlet/hpexe_return? HTTP/1.1" 200 1013
186.103.159.187 - - [16/Aug/2018:17:04:16 -0300] "GET /cormun/servlet/trsolicitudot HTTP/1.1" 200 9986
186.103.157.98 - - [16/Aug/2018:17:04:18 -0300] "GET /cormun/servlet/trautorizarpermisogoce? HTTP/1.1" 200 10012
186.103.159.187 - - [16/Aug/2018:17:04:18 -0300] "GET /cormun/servlet/trsolicitudot HTTP/1.1" 200 9982
186.103.157.98 - - [16/Aug/2018:17:04:18 -0300] "GET /cormun/servlet/trautorizarpermisogoce? HTTP/1.1" 200 10004
186.103.159.187 - - [16/Aug/2018:17:04:30 -0300] "POST /cormun/servlet/trsolicitudot?a740f2d1bfa73e3e6f03990f413341fb,gx-no-cache=1534453431588 HTTP/1.1" 200 6810
186.103.159.187 - - [16/Aug/2018:17:04:30 -0300] "GET /cormun/static/Shared/jqueryui/images/ui-bg_highlight-soft_100_c6c2c8_1x100.png HTTP/1.1" 404 1117
186.103.159.187 - - [16/Aug/2018:17:04:30 -0300] "GET /cormun/static/Shared/jqueryui/images/ui-icons_82798d_256x240.png HTTP/1.1" 404 1089
186.103.159.187 - - [16/Aug/2018:17:04:30 -0300] "GET /cormun/static/Shared/jqueryui/images/ui-bg_flat_55_fafafa_40x100.png HTTP/1.1" 404 1097
186.103.159.187 - - [16/Aug/2018:17:04:30 -0300] "GET /cormun/static/Shared/jqueryui/images/ui-icons_8d78a5_256x240.png HTTP/1.1" 404 1089
186.103.159.187 - - [16/Aug/2018:17:04:30 -0300] "POST /cormun/servlet/trsolicitudot?a740f2d1bfa73e3e6f03990f413341fb,gx-no-cache=1534453432010 HTTP/1.1" 200 6752
186.103.157.98 - - [16/Aug/2018:17:04:31 -0300] "GET /cormun/servlet/trpermisosgoce? HTTP/1.1" 200 7012
186.103.157.98 - - [16/Aug/2018:17:04:31 -0300] "GET /cormun/servlet/trpermisosgoce? HTTP/1.1" 200 7011
186.103.159.187 - - [16/Aug/2018:17:04:34 -0300] "POST /cormun/servlet/trsolicitudot?a740f2d1bfa73e3e6f03990f413341fb,gx-no-cache=1534453435978 HTTP/1.1" 200 6512
186.103.159.187 - - [16/Aug/2018:17:04:35 -0300] "POST /cormun/servlet/trsolicitudot?a740f2d1bfa73e3e6f03990f413341fb,gx-no-cache=1534453436322 HTTP/1.1" 200 6455
186.103.159.187 - - [16/Aug/2018:17:04:36 -0300] "POST /cormun/servlet/trsolicitudot?a740f2d1bfa73e3e6f03990f413341fb,gx-no-cache=1534453437319 HTTP/1.1" 200 6241
186.103.159.187 - - [16/Aug/2018:17:04:36 -0300] "POST /cormun/servlet/trsolicitudot?a740f2d1bfa73e3e6f03990f413341fb,gx-no-cache=1534453437649 HTTP/1.1" 200 6185
186.103.159.187 - - [16/Aug/2018:17:04:38 -0300] "POST /cormun/servlet/trsolicitudot?a740f2d1bfa73e3e6f03990f413341fb,gx-no-cache=1534453438581 HTTP/1.1" 200 5687
186.103.159.187 - - [16/Aug/2018:17:04:38 -0300] "POST /cormun/servlet/trsolicitudot?a740f2d1bfa73e3e6f03990f413341fb,gx-no-cache=1534453439654 HTTP/1.1" 200 5630
186.103.159.187 - - [16/Aug/2018:17:04:41 -0300] "POST /cormun/servlet/trsolicitudot?a740f2d1bfa73e3e6f03990f413341fb,gx-no-cache=1534453443214 HTTP/1.1" 200 90
186.103.159.187 - - [16/Aug/2018:17:04:41 -0300] "GET /cormun/servlet/hpexe_link HTTP/1.1" 200 962
186.103.159.187 - - [16/Aug/2018:17:04:42 -0300] "GET /cormun/servlet/hhome HTTP/1.1" 200 3920
186.103.159.187 - - [16/Aug/2018:17:04:43 -0300] "GET /cormun/servlet/hhome HTTP/1.1" 200 3917
186.103.159.187 - - [16/Aug/2018:17:04:45 -0300] "GET /cormun/servlet/hlogin HTTP/1.1" 200 1742
186.103.159.187 - - [16/Aug/2018:17:04:53 -0300] "POST /cormun/servlet/hlogin?a740f2d1bfa73e3e6f03990f413341fb,gx-no-cache=1534453455023 HTTP/1.1" 200 447
186.103.159.187 - - [16/Aug/2018:17:05:03 -0300] "POST /cormun/servlet/hlogin?a740f2d1bfa73e3e6f03990f413341fb,gx-no-cache=1534453464365 HTTP/1.1" 200 90
186.103.159.187 - - [16/Aug/2018:17:05:03 -0300] "GET /cormun/servlet/hpexe_link HTTP/1.1" 200 958
186.103.159.187 - - [16/Aug/2018:17:05:03 -0300] "GET /cormun/servlet/hhome HTTP/1.1" 200 4168
186.103.159.187 - - [16/Aug/2018:17:05:04 -0300] "GET /cormun/servlet/hhome HTTP/1.1" 200 4164
186.103.159.187 - - [16/Aug/2018:17:05:09 -0300] "GET /cormun/servlet/trautorizarsolicitud? HTTP/1.1" 200 9698
186.103.159.187 - - [16/Aug/2018:17:05:10 -0300] "GET /cormun/servlet/trautorizarsolicitud? HTTP/1.1" 200 9696
186.103.159.187 - - [16/Aug/2018:17:05:15 -0300] "POST /cormun/servlet/trautorizarsolicitud?a740f2d1bfa73e3e6f03990f413341fb,,gx-no-cache=1534453476184 HTTP/1.1" 200 6493
186.103.159.187 - - [16/Aug/2018:17:05:15 -0300] "GET /cormun/static/Shared/jqueryui/images/ui-bg_highlight-soft_100_c6c2c8_1x100.png HTTP/1.1" 404 1117
186.103.159.187 - - [16/Aug/2018:17:05:15 -0300] "GET /cormun/static/Shared/jqueryui/images/ui-icons_8d78a5_256x240.png HTTP/1.1" 404 1089
186.103.159.187 - - [16/Aug/2018:17:05:15 -0300] "GET /cormun/static/Shared/jqueryui/images/ui-icons_82798d_256x240.png HTTP/1.1" 404 1089
186.103.159.187 - - [16/Aug/2018:17:05:15 -0300] "GET /cormun/static/Shared/jqueryui/images/ui-bg_flat_55_fafafa_40x100.png HTTP/1.1" 404 1097
186.103.159.187 - - [16/Aug/2018:17:05:15 -0300] "POST /cormun/servlet/trautorizarsolicitud?a740f2d1bfa73e3e6f03990f413341fb,,gx-no-cache=1534453477177 HTTP/1.1" 200 6436
186.103.159.187 - - [16/Aug/2018:17:05:16 -0300] "POST /cormun/servlet/trautorizarsolicitud?a740f2d1bfa73e3e6f03990f413341fb,,gx-no-cache=1534453478110 HTTP/1.1" 200 6163
186.103.159.187 - - [16/Aug/2018:17:05:17 -0300] "POST /cormun/servlet/trautorizarsolicitud?a740f2d1bfa73e3e6f03990f413341fb,,gx-no-cache=1534453478419 HTTP/1.1" 200 6107
186.103.159.187 - - [16/Aug/2018:17:05:18 -0300] "POST /cormun/servlet/trautorizarsolicitud?a740f2d1bfa73e3e6f03990f413341fb,,gx-no-cache=1534453479332 HTTP/1.1" 200 5862
186.103.159.187 - - [16/Aug/2018:17:05:18 -0300] "POST /cormun/servlet/trautorizarsolicitud?a740f2d1bfa73e3e6f03990f413341fb,,gx-no-cache=1534453479626 HTTP/1.1" 200 5808
186.103.159.187 - - [16/Aug/2018:17:05:19 -0300] "POST /cormun/servlet/trautorizarsolicitud?a740f2d1bfa73e3e6f03990f413341fb,,gx-no-cache=1534453480529 HTTP/1.1" 200 4635
186.103.159.187 - - [16/Aug/2018:17:05:19 -0300] "POST /cormun/servlet/trautorizarsolicitud?a740f2d1bfa73e3e6f03990f413341fb,,gx-no-cache=1534453480802 HTTP/1.1" 200 4381
186.103.157.98 - - [16/Aug/2018:17:06:34 -0300] "POST /cormun/servlet/trpermisosgoce?13de0ed993112aa0d17a349585c3a29e,,gx-no-cache=1534449917449 HTTP/1.1" 200 5176
186.103.157.98 - - [16/Aug/2018:17:06:45 -0300] "POST /cormun/servlet/trpermisosgoce?13de0ed993112aa0d17a349585c3a29e,,gx-no-cache=1534449928880 HTTP/1.1" 200 4139
186.103.157.98 - - [16/Aug/2018:17:06:45 -0300] "POST /cormun/servlet/trpermisosgoce?13de0ed993112aa0d17a349585c3a29e,,gx-no-cache=1534449929058 HTTP/1.1" 200 4030
186.103.157.98 - - [16/Aug/2018:17:06:53 -0300] "POST /cormun/servlet/trpermisosgoce?13de0ed993112aa0d17a349585c3a29e,,gx-no-cache=1534449936845 HTTP/1.1" 200 4056
186.103.157.98 - - [16/Aug/2018:17:06:58 -0300] "POST /cormun/servlet/trpermisosgoce?13de0ed993112aa0d17a349585c3a29e,,gx-no-cache=1534449941437 HTTP/1.1" 200 4056
186.103.157.98 - - [16/Aug/2018:17:07:00 -0300] "GET /cormun/servlet/permisogoce?INS,0,,, HTTP/1.1" 200 7124
186.103.157.98 - - [16/Aug/2018:17:07:01 -0300] "GET /cormun/servlet/permisogoce?INS,0,,, HTTP/1.1" 200 7124
186.103.157.98 - - [16/Aug/2018:17:07:13 -0300] "GET /cormun/servlet/permisogoce?bb7a81c6fbc542202324350f2b0b18f0c38bb9705259eaa482248cd163c4b87adacd0605cc1b3a7f4c58ab56b6802baef9e9aec4879cda914fe0772fe34ce8fe,gx-no-cache=1534449956448 HTTP/1.1" 200 81
186.103.157.98 - - [16/Aug/2018:17:07:19 -0300] "GET /cormun/static/menuarrow.gif HTTP/1.1" 404 1015
186.103.157.98 - - [16/Aug/2018:17:07:25 -0300] "GET /cormun/servlet/permisogoce?bb7a81c6fbc542202324350f2b0b18f09f3eb8daa1a04b8c1c0a7ce3115fbacc2b3bb1707c761f4c9bdd47db831514fa204ec244cf5666a84eefc55754fa4313,gx-no-cache=1534449969014 HTTP/1.1" 200 46
186.103.157.98 - - [16/Aug/2018:17:07:28 -0300] "POST /cormun/servlet/permisogoce?13de0ed993112aa0d17a349585c3a29e,INS,0,,,,gx-no-cache=1534449970968 HTTP/1.1" 200 93
186.103.157.98 - - [16/Aug/2018:17:07:28 -0300] "GET /cormun/servlet/hpexe_return? HTTP/1.1" 200 1010
186.103.157.98 - - [16/Aug/2018:17:07:28 -0300] "GET /cormun/servlet/trpermisosgoce? HTTP/1.1" 200 7939
186.103.157.98 - - [16/Aug/2018:17:07:29 -0300] "GET /cormun/servlet/trpermisosgoce? HTTP/1.1" 200 7935
186.103.157.98 - - [16/Aug/2018:17:07:33 -0300] "GET /cormun/servlet/trpermisosadjuntos?16734011,20180816170320,P, HTTP/1.1" 200 6571
186.103.157.98 - - [16/Aug/2018:17:07:34 -0300] "GET /cormun/servlet/trpermisosadjuntos?16734011,20180816170320,P, HTTP/1.1" 200 6571
186.103.157.98 - - [16/Aug/2018:17:07:35 -0300] "GET /cormun/servlet/permisosadjuntos?INS,16734011,P,20180816170320,, HTTP/1.1" 200 5900
