186.103.157.235 - - [16/Aug/2018:16:34:54 -0300] "GET /cormun/static/Shared/jqueryui/images/ui-icons_8d78a5_256x240.png HTTP/1.1" 404 1089
186.103.157.235 - - [16/Aug/2018:16:34:54 -0300] "POST /cormun/servlet/trsolicitudot?68d0a5f88ca655e4e321dc5a779493de,gx-no-cache=1534448020949 HTTP/1.1" 200 4450
186.103.157.235 - - [16/Aug/2018:16:34:57 -0300] "GET /cormun/servlet/trautorizarsolicitud? HTTP/1.1" 200 8793
186.103.157.235 - - [16/Aug/2018:16:34:57 -0300] "GET /cormun/static/gxcfg.js?2017111423403364 HTTP/1.1" 200 953
186.103.157.235 - - [16/Aug/2018:16:34:57 -0300] "GET /cormun/static/trautorizarsolicitud.js?201711142340425 HTTP/1.1" 200 53910
186.103.157.235 - - [16/Aug/2018:16:34:58 -0300] "GET /cormun/servlet/trautorizarsolicitud? HTTP/1.1" 200 8795
186.103.157.235 - - [16/Aug/2018:16:35:03 -0300] "POST /cormun/servlet/trautorizarsolicitud?68d0a5f88ca655e4e321dc5a779493de,,gx-no-cache=1534448029235 HTTP/1.1" 200 4652
186.103.157.235 - - [16/Aug/2018:16:35:03 -0300] "GET /cormun/static/Shared/jqueryui/images/ui-icons_82798d_256x240.png HTTP/1.1" 404 1089
186.103.157.235 - - [16/Aug/2018:16:35:03 -0300] "GET /cormun/static/Shared/jqueryui/images/ui-bg_highlight-soft_100_c6c2c8_1x100.png HTTP/1.1" 404 1117
186.103.157.235 - - [16/Aug/2018:16:35:03 -0300] "GET /cormun/static/Shared/jqueryui/images/ui-icons_8d78a5_256x240.png HTTP/1.1" 404 1089
186.103.157.235 - - [16/Aug/2018:16:35:03 -0300] "GET /cormun/static/Shared/jqueryui/images/ui-bg_flat_55_fafafa_40x100.png HTTP/1.1" 404 1097
186.103.157.235 - - [16/Aug/2018:16:35:03 -0300] "POST /cormun/servlet/trautorizarsolicitud?68d0a5f88ca655e4e321dc5a779493de,,gx-no-cache=1534448029803 HTTP/1.1" 200 4390
186.103.159.187 - - [16/Aug/2018:16:35:53 -0300] "GET /cormun/servlet/prfichaempleado?,MD,,gxPopupLevel%3D0%3B HTTP/1.1" 200 9257
186.103.159.187 - - [16/Aug/2018:16:36:01 -0300] "POST /cormun/servlet/solicitudot?gx-no-cache=1534451722241 HTTP/1.1" 200 3430
186.103.159.187 - - [16/Aug/2018:16:36:01 -0300] "POST /cormun/servlet/solicitudot?a740f2d1bfa73e3e6f03990f413341fb,INS,0,0,,gx-no-cache=1534451722545 HTTP/1.1" 200 10438
186.103.159.204 - - [16/Aug/2018:16:36:29 -0300] "GET /cormun/servlet/hlogin HTTP/1.1" 200 1726
186.103.159.204 - - [16/Aug/2018:16:36:30 -0300] "GET /cormun/servlet/hlogin HTTP/1.1" 200 1728
186.103.159.204 - - [16/Aug/2018:16:36:32 -0300] "POST /cormun/servlet/hlogin?3c3ffee0b225906ea40869bd3e6730dd,gx-no-cache=1534448111243 HTTP/1.1" 200 90
186.103.159.204 - - [16/Aug/2018:16:36:32 -0300] "GET /cormun/servlet/hpexe_link HTTP/1.1" 200 950
186.103.159.204 - - [16/Aug/2018:16:36:32 -0300] "GET /cormun/servlet/hhome HTTP/1.1" 200 3918
186.103.159.204 - - [16/Aug/2018:16:36:33 -0300] "GET /cormun/servlet/hhome HTTP/1.1" 200 3915
186.103.159.187 - - [16/Aug/2018:16:36:35 -0300] "GET /cormun/servlet/solicitudot?6ad5cff2dbf3ee61023f91fa30bb069cbe04e360217b7816e23a2b525438e2bd0b90bdd587c4fd7ae14547719eed1ece,gx-no-cache=1534451756415 HTTP/1.1" 200 30
186.103.159.187 - - [16/Aug/2018:16:36:35 -0300] "GET /cormun/servlet/solicitudot?6ad5cff2dbf3ee61023f91fa30bb069c2d9bca9a3fc9cb4afbfbd8d3b04c175393768644d61d4c9855500af5e7807703f8d89c20fa433b02e819b0806875cb65,gx-no-cache=1534451756548 HTTP/1.1" 200 30
186.103.159.187 - - [16/Aug/2018:16:36:35 -0300] "GET /cormun/servlet/solicitudot?6ad5cff2dbf3ee61023f91fa30bb069c2975e631f63cacd95b8d157331cc9823,gx-no-cache=1534451756584 HTTP/1.1" 200 60
186.103.159.187 - - [16/Aug/2018:16:36:35 -0300] "POST /cormun/servlet/solicitudot?gx-no-cache=1534451756624 HTTP/1.1" 200 255
186.103.159.187 - - [16/Aug/2018:16:36:35 -0300] "GET /cormun/servlet/solicitudot?6ad5cff2dbf3ee61023f91fa30bb069c07c877a931d825a034184737499f11a3208f002d3e9be6d500c90cd15155abeafe06671ccb7840a47a71c9c74823592e2d9a79ea5e9091b6b6431cf2c6f41f155975498ec6ba3f1506267b8f0c0e8d5559e454fc2e3150897d7ce71aabc70e628459db7ba8223527d7aabe84c8bb5dcc251cd25089928f5273b8d6fd1dd5e0d0b10a5dee2720e6049ca4aa02aa72aaa9ba2a3526743f3f7011fbbf727e867199e852bbefb778e6be69f59279cb8c6d5651babfe811f15138d4e0167fce9174666d23ac9d5d82a2f1b902fe9f0858cc85cb7d3e01f719548a94211c0f88cf302a82b976cdf262df4e0c3038a6e173430e13ee2f6f8b786d0cbaa16f33f46df49b9b65d8b98f75a24de7158c4abf2cb3df1c6548cb6a74d73e144a229ae4c6b184024d805ab6af1c2f4e04f851be143a430b3c9cc5fee3267101017f837e46889083188c57746e961776a3ec710251a51feb3799363b6775df4f77dabcdb56fa0d024c5ec773784d49a90316bc6be28acb,gx-no-cache=1534451756678 HTTP/1.1" 200 30
186.103.159.204 - - [16/Aug/2018:16:36:38 -0300] "GET /cormun/servlet/trpermisosgoce? HTTP/1.1" 200 10025
186.103.159.204 - - [16/Aug/2018:16:36:38 -0300] "GET /cormun/servlet/trpermisosgoce? HTTP/1.1" 200 10022
186.103.157.98 - - [16/Aug/2018:16:37:24 -0300] "POST /cormun/servlet/trpermisosgoce?e3e441aa4e13aed80c169aaf10997fde,gx-no-cache=1534445772015,gx-no-cache=1534448167911 HTTP/1.1" 440 972
186.103.157.98 - - [16/Aug/2018:16:37:27 -0300] "GET /cormun/servlet/trpermisosgoce?gx-no-cache=1534445772015 HTTP/1.1" 200 6126
186.103.157.98 - - [16/Aug/2018:16:37:28 -0300] "GET /cormun/servlet/hlogin HTTP/1.1" 200 1757
186.103.157.98 - - [16/Aug/2018:16:37:28 -0300] "GET /cormun/servlet/trpermisosgoce?gx-no-cache=1534445772015 HTTP/1.1" 200 6126
186.103.157.98 - - [16/Aug/2018:16:37:41 -0300] "POST /cormun/servlet/hlogin?13de0ed993112aa0d17a349585c3a29e,gx-no-cache=1534448184710 HTTP/1.1" 200 90
186.103.157.98 - - [16/Aug/2018:16:37:41 -0300] "GET /cormun/servlet/hpexe_link HTTP/1.1" 200 976
186.103.157.98 - - [16/Aug/2018:16:37:41 -0300] "GET /cormun/servlet/trpermisosgoce?gx-no-cache=1534445772015 HTTP/1.1" 200 8411
186.103.157.98 - - [16/Aug/2018:16:37:42 -0300] "GET /cormun/servlet/trpermisosgoce?gx-no-cache=1534445772015 HTTP/1.1" 200 8430
186.103.157.98 - - [16/Aug/2018:16:37:59 -0300] "POST /cormun/servlet/trpermisosgoce?13de0ed993112aa0d17a349585c3a29e,gx-no-cache=1534445772015,gx-no-cache=1534448202911 HTTP/1.1" 200 4052
186.103.157.98 - - [16/Aug/2018:16:38:05 -0300] "GET /cormun/servlet/permisogoce?INS,0,,, HTTP/1.1" 200 7145
186.103.157.98 - - [16/Aug/2018:16:38:05 -0300] "GET /cormun/servlet/permisogoce?INS,0,,, HTTP/1.1" 200 7125
186.103.159.187 - - [16/Aug/2018:16:38:09 -0300] "POST /cormun/servlet/solicitudot?gx-no-cache=1534451850556 HTTP/1.1" 200 30
186.103.159.187 - - [16/Aug/2018:16:38:14 -0300] "GET /cormun/servlet/prcontratosol?15370691,,,,,MD,,gxPopupLevel%3D0%3B HTTP/1.1" 200 7643
186.103.159.187 - - [16/Aug/2018:16:38:21 -0300] "POST /cormun/servlet/solicitudot?gx-no-cache=1534451863185 HTTP/1.1" 200 1377
186.103.159.187 - - [16/Aug/2018:16:38:21 -0300] "POST /cormun/servlet/solicitudot?gx-no-cache=1534451863288 HTTP/1.1" 200 38
186.103.159.187 - - [16/Aug/2018:16:38:22 -0300] "GET /cormun/servlet/solicitudot?6ad5cff2dbf3ee61023f91fa30bb069c686c7b7a4e50dce232bad2741c1ef148089a7d8aed7e349f45a065f24404587bb93b4be716e60dfa1418701b09360b48a04300be2ff5312bca28464f8a4482cee126fd025a6bd65f392f051e05fcb000992cad2fa5c9f9d2d2549c6f6d8c8d4e96efec15a69cd108d6390da4c1915e5e9a905731d76ef8ae24a5a6ed7fee8ce167a54a73282058e390e4574691769d72,gx-no-cache=1534451863331 HTTP/1.1" 200 29
186.103.159.187 - - [16/Aug/2018:16:38:22 -0300] "POST /cormun/servlet/solicitudot?gx-no-cache=1534451863375 HTTP/1.1" 200 1358
186.103.159.187 - - [16/Aug/2018:16:38:22 -0300] "POST /cormun/servlet/solicitudot?gx-no-cache=1534451863432 HTTP/1.1" 200 1258
186.103.159.187 - - [16/Aug/2018:16:38:22 -0300] "GET /cormun/servlet/solicitudot?6ad5cff2dbf3ee61023f91fa30bb069c715c9e9a01f23f81d902c5ad5b4c7cc749d776b014bb9c5af8211535dbab33eb,gx-no-cache=1534451863490 HTTP/1.1" 200 134
186.103.159.187 - - [16/Aug/2018:16:38:22 -0300] "GET /cormun/static/Shared/jqueryui/images/ui-bg_highlight-soft_100_c6c2c8_1x100.png HTTP/1.1" 404 1117
186.103.159.187 - - [16/Aug/2018:16:38:22 -0300] "GET /cormun/static/Shared/jqueryui/images/ui-icons_82798d_256x240.png HTTP/1.1" 404 1089
186.103.159.187 - - [16/Aug/2018:16:38:22 -0300] "GET /cormun/static/Shared/jqueryui/images/ui-bg_flat_55_994d53_40x100.png HTTP/1.1" 404 1097
186.103.159.187 - - [16/Aug/2018:16:38:22 -0300] "GET /cormun/static/Shared/jqueryui/images/ui-icons_ebccce_256x240.png HTTP/1.1" 404 1089
186.103.157.98 - - [16/Aug/2018:16:38:23 -0300] "GET /cormun/servlet/permisogoce?bb7a81c6fbc542202324350f2b0b18f0c8f62b2b568a6166bec82b945dae785edacd0605cc1b3a7f4c58ab56b6802baef9e9aec4879cda914fe0772fe34ce8fe,gx-no-cache=1534448226776 HTTP/1.1" 200 78
186.103.157.98 - - [16/Aug/2018:16:38:25 -0300] "GET /cormun/static/menuarrow.gif HTTP/1.1" 404 1015
192.168.10.50 - - [16/Aug/2018:16:38:31 -0300] "GET /cormun/servlet/vesendmailoutbox?31,, HTTP/1.1" 200 7382
192.168.10.50 - - [16/Aug/2018:16:38:31 -0300] "GET /cormun/static/gxcfg.js?20177612133583 HTTP/1.1" 200 953
192.168.10.50 - - [16/Aug/2018:16:38:31 -0300] "GET /cormun/pexe_scrolldiv.js HTTP/1.1" 404 1009
192.168.10.50 - - [16/Aug/2018:16:38:31 -0300] "GET /cormun/static/vesendmailoutbox.js?20177612133625 HTTP/1.1" 200 4682
192.168.10.50 - - [16/Aug/2018:16:38:31 -0300] "GET /cormun/pexe_scrolldiv.js HTTP/1.1" 404 1009
192.168.10.50 - - [16/Aug/2018:16:38:31 -0300] "GET /cormun/static/tbsendmailoutbox01.js?201752511463134 HTTP/1.1" 200 4277
192.168.10.50 - - [16/Aug/2018:16:38:31 -0300] "GET /cormun/servlet/vesendmailoutbox?31,, HTTP/1.1" 200 7382
186.103.159.187 - - [16/Aug/2018:16:38:32 -0300] "POST /cormun/servlet/solicitudot?gx-no-cache=1534451873646 HTTP/1.1" 200 30
186.103.159.187 - - [16/Aug/2018:16:38:34 -0300] "GET /cormun/servlet/prcontratosol?15370691,,,,,MD,,gxPopupLevel%3D0%3B HTTP/1.1" 200 7643
186.103.157.98 - - [16/Aug/2018:16:38:35 -0300] "GET /cormun/servlet/permisogoce?bb7a81c6fbc542202324350f2b0b18f058cb11e030603312e4a422f39e66ee8235d325fc8b2dee57ce1eca8d00d15b50204ec244cf5666a84eefc55754fa4313,gx-no-cache=1534448238366 HTTP/1.1" 200 47
186.103.157.98 - - [16/Aug/2018:16:38:37 -0300] "POST /cormun/servlet/permisogoce?13de0ed993112aa0d17a349585c3a29e,INS,0,,,,gx-no-cache=1534448240527 HTTP/1.1" 200 93
186.103.157.98 - - [16/Aug/2018:16:38:37 -0300] "GET /cormun/servlet/hpexe_return? HTTP/1.1" 200 1031
186.103.157.98 - - [16/Aug/2018:16:38:37 -0300] "GET /cormun/servlet/trpermisosgoce?gx-no-cache=1534445772015 HTTP/1.1" 200 7937
186.103.157.98 - - [16/Aug/2018:16:38:37 -0300] "GET /cormun/servlet/trpermisosgoce?gx-no-cache=1534445772015 HTTP/1.1" 200 7954
186.103.157.98 - - [16/Aug/2018:16:38:42 -0300] "GET /cormun/servlet/trpermisosadjuntos?14725476,20180816163424,P, HTTP/1.1" 200 6588
186.103.157.98 - - [16/Aug/2018:16:38:42 -0300] "GET /cormun/servlet/trpermisosadjuntos?14725476,20180816163424,P, HTTP/1.1" 200 6567
186.103.157.98 - - [16/Aug/2018:16:38:44 -0300] "GET /cormun/servlet/permisosadjuntos?INS,14725476,P,20180816163424,, HTTP/1.1" 200 5896
186.103.157.98 - - [16/Aug/2018:16:38:44 -0300] "GET /cormun/static/about:blank HTTP/1.1" 404 1011
186.103.157.98 - - [16/Aug/2018:16:38:44 -0300] "GET /cormun/servlet/permisosadjuntos?INS,14725476,P,20180816163424,, HTTP/1.1" 200 5886
186.103.159.187 - - [16/Aug/2018:16:38:51 -0300] "POST /cormun/servlet/solicitudot?gx-no-cache=1534451892862 HTTP/1.1" 200 1458
186.103.159.187 - - [16/Aug/2018:16:38:51 -0300] "POST /cormun/servlet/solicitudot?gx-no-cache=1534451892964 HTTP/1.1" 200 121
186.103.159.187 - - [16/Aug/2018:16:38:51 -0300] "POST /cormun/servlet/solicitudot?gx-no-cache=1534451893012 HTTP/1.1" 200 1358
186.103.159.187 - - [16/Aug/2018:16:38:51 -0300] "POST /cormun/servlet/solicitudot?gx-no-cache=1534451893066 HTTP/1.1" 200 1258
186.103.159.187 - - [16/Aug/2018:16:38:51 -0300] "GET /cormun/servlet/solicitudot?6ad5cff2dbf3ee61023f91fa30bb069c715c9e9a01f23f81d902c5ad5b4c7cc749d776b014bb9c5af8211535dbab33eb,gx-no-cache=1534451893118 HTTP/1.1" 200 134
186.103.159.187 - - [16/Aug/2018:16:38:54 -0300] "GET /cormun/servlet/prsolicitudot?15370691,,,,,MD,,gxPopupLevel%3D0%3B HTTP/1.1" 200 6151
186.103.159.187 - - [16/Aug/2018:16:38:54 -0300] "GET /cormun/static/gxcfg.js?2017111422591492 HTTP/1.1" 200 953
186.103.157.98 - - [16/Aug/2018:16:38:58 -0300] "POST /cormun/servlet/permisosadjuntos?13de0ed993112aa0d17a349585c3a29e,INS,14725476,P,20180816163424,, HTTP/1.1" 200 116
186.103.157.98 - - [16/Aug/2018:16:38:58 -0300] "GET /cormun/servlet/hpexe_return? HTTP/1.1" 200 1037
186.103.157.98 - - [16/Aug/2018:16:38:58 -0300] "GET /cormun/servlet/trpermisosadjuntos?14725476,20180816163424,P, HTTP/1.1" 200 7068
186.103.157.98 - - [16/Aug/2018:16:38:59 -0300] "GET /cormun/servlet/trpermisosadjuntos?14725476,20180816163424,P, HTTP/1.1" 200 7064
186.103.157.98 - - [16/Aug/2018:16:39:03 -0300] "POST /cormun/servlet/trpermisosadjuntos?13de0ed993112aa0d17a349585c3a29e,14725476,20180816163424,P,,gx-no-cache=1534448266831 HTTP/1.1" 200 90
186.103.157.98 - - [16/Aug/2018:16:39:03 -0300] "GET /cormun/servlet/hpexe_link HTTP/1.1" 200 1004
186.103.157.98 - - [16/Aug/2018:16:39:03 -0300] "GET /cormun/servlet/trpermisosgoce?gx-no-cache=1534445772015 HTTP/1.1" 200 7935
186.103.157.98 - - [16/Aug/2018:16:39:03 -0300] "GET /cormun/servlet/trpermisosgoce?gx-no-cache=1534445772015 HTTP/1.1" 200 7954
186.103.157.98 - - [16/Aug/2018:16:39:08 -0300] "POST /cormun/servlet/trpermisosgoce?13de0ed993112aa0d17a349585c3a29e,gx-no-cache=1534445772015,gx-no-cache=1534448271297 HTTP/1.1" 200 4975
186.103.157.98 - - [16/Aug/2018:16:39:08 -0300] "GET /cormun/static/Shared/jqueryui/images/ui-bg_highlight-soft_100_c6c2c8_1x100.png HTTP/1.1" 404 1117
186.103.157.98 - - [16/Aug/2018:16:39:08 -0300] "GET /cormun/static/Shared/jqueryui/images/ui-icons_82798d_256x240.png HTTP/1.1" 404 1089
186.103.157.98 - - [16/Aug/2018:16:39:08 -0300] "GET /cormun/static/Shared/jqueryui/images/ui-bg_flat_55_fafafa_40x100.png HTTP/1.1" 404 1097
186.103.157.98 - - [16/Aug/2018:16:39:08 -0300] "GET /cormun/static/Shared/jqueryui/images/ui-icons_8d78a5_256x240.png HTTP/1.1" 404 1089
186.103.157.98 - - [16/Aug/2018:16:39:40 -0300] "POST /cormun/servlet/trpermisosgoce?13de0ed993112aa0d17a349585c3a29e,gx-no-cache=1534445772015,gx-no-cache=1534448302862 HTTP/1.1" 200 4052
186.103.157.98 - - [16/Aug/2018:16:39:44 -0300] "GET /cormun/servlet/permisogoce?INS,0,,, HTTP/1.1" 200 7145
186.103.157.98 - - [16/Aug/2018:16:39:44 -0300] "GET /cormun/servlet/permisogoce?INS,0,,, HTTP/1.1" 200 7125
186.103.159.187 - - [16/Aug/2018:16:39:46 -0300] "GET /cormun/servlet/prpersonalsolicitud?15370691,,,,,MD,,gxPopupLevel%3D0%3B HTTP/1.1" 200 5606
186.103.159.187 - - [16/Aug/2018:16:39:46 -0300] "GET /cormun/static/gxcfg.js?20175251253686 HTTP/1.1" 200 953
186.103.157.98 - - [16/Aug/2018:16:39:52 -0300] "GET /cormun/servlet/permisogoce?bb7a81c6fbc542202324350f2b0b18f0641b96a3c39c897e572109fd3a3d9fbcdacd0605cc1b3a7f4c58ab56b6802baef9e9aec4879cda914fe0772fe34ce8fe,gx-no-cache=1534448315341 HTTP/1.1" 200 87
186.103.159.204 - - [16/Aug/2018:16:40:43 -0300] "GET /cormun/servlet/trpermisosadjuntos?17521520,20180809115344,P, HTTP/1.1" 200 6234
186.103.159.204 - - [16/Aug/2018:16:40:44 -0300] "GET /cormun/servlet/trpermisosadjuntos?17521520,20180809115344,P, HTTP/1.1" 200 6234
186.103.159.204 - - [16/Aug/2018:16:40:47 -0300] "GET /cormun/servlet/permisosadjuntos?INS,17521520,P,20180809115344,, HTTP/1.1" 200 5563
186.103.159.204 - - [16/Aug/2018:16:40:47 -0300] "GET /cormun/static/gxcfg.js?201762717441171 HTTP/1.1" 200 953
186.103.159.204 - - [16/Aug/2018:16:40:47 -0300] "GET /cormun/static/permisosadjuntos.js?201762717441184 HTTP/1.1" 200 8724
186.103.159.204 - - [16/Aug/2018:16:40:47 -0300] "GET /cormun/static/about:blank HTTP/1.1" 404 1011
186.103.159.204 - - [16/Aug/2018:16:40:47 -0300] "GET /cormun/servlet/permisosadjuntos?INS,17521520,P,20180809115344,, HTTP/1.1" 200 5553
186.103.159.204 - - [16/Aug/2018:16:41:12 -0300] "POST /cormun/servlet/permisosadjuntos?3c3ffee0b225906ea40869bd3e6730dd,INS,17521520,P,20180809115344,, HTTP/1.1" 200 116
186.103.159.204 - - [16/Aug/2018:16:41:12 -0300] "GET /cormun/servlet/hpexe_return? HTTP/1.1" 200 1037
186.103.159.204 - - [16/Aug/2018:16:41:12 -0300] "GET /cormun/static/gxcfg.js?2016101716175148 HTTP/1.1" 200 953
186.103.159.204 - - [16/Aug/2018:16:41:12 -0300] "GET /cormun/static/hpexe_return.js?2016101716175153 HTTP/1.1" 200 1633
186.103.159.204 - - [16/Aug/2018:16:41:12 -0300] "GET /cormun/static/Resources/Spanish/PXTools.css?167811 HTTP/1.1" 200 89042
186.103.159.204 - - [16/Aug/2018:16:41:12 -0300] "GET /cormun/servlet/trpermisosadjuntos?17521520,20180809115344,P, HTTP/1.1" 200 6744
186.103.159.204 - - [16/Aug/2018:16:41:13 -0300] "GET /cormun/servlet/trpermisosadjuntos?17521520,20180809115344,P, HTTP/1.1" 200 6740
186.103.159.204 - - [16/Aug/2018:16:41:19 -0300] "GET /cormun/servlet/trpermisosgoce? HTTP/1.1" 200 10023
186.103.159.204 - - [16/Aug/2018:16:41:19 -0300] "GET /cormun/servlet/trpermisosgoce? HTTP/1.1" 200 10022
186.103.159.204 - - [16/Aug/2018:16:41:26 -0300] "POST /cormun/servlet/trpermisosgoce?3c3ffee0b225906ea40869bd3e6730dd,,gx-no-cache=1534448404271 HTTP/1.1" 200 7345
186.103.159.204 - - [16/Aug/2018:16:41:26 -0300] "GET /cormun/static/Shared/jqueryui/images/ui-bg_highlight-soft_100_c6c2c8_1x100.png HTTP/1.1" 404 1117
186.103.159.204 - - [16/Aug/2018:16:41:26 -0300] "GET /cormun/static/Shared/jqueryui/images/ui-icons_82798d_256x240.png HTTP/1.1" 404 1089
186.103.159.204 - - [16/Aug/2018:16:41:26 -0300] "GET /cormun/static/Shared/jqueryui/images/ui-bg_flat_55_fafafa_40x100.png HTTP/1.1" 404 1097
186.103.159.204 - - [16/Aug/2018:16:41:26 -0300] "GET /cormun/static/Shared/jqueryui/images/ui-icons_8d78a5_256x240.png HTTP/1.1" 404 1089
186.103.157.98 - - [16/Aug/2018:16:41:47 -0300] "GET /cormun/static/menuarrow.gif HTTP/1.1" 404 1015
186.103.157.98 - - [16/Aug/2018:16:41:56 -0300] "GET /cormun/servlet/permisogoce?bb7a81c6fbc542202324350f2b0b18f049004b397b6b14257e622d6dc146e4786c0cc4ee1c7a6cfbf1c34d5d246de023204ec244cf5666a84eefc55754fa4313,gx-no-cache=1534448439446 HTTP/1.1" 200 46
186.103.157.98 - - [16/Aug/2018:16:41:58 -0300] "POST /cormun/servlet/permisogoce?13de0ed993112aa0d17a349585c3a29e,INS,0,,,,gx-no-cache=1534448441232 HTTP/1.1" 200 93
186.103.157.98 - - [16/Aug/2018:16:41:58 -0300] "GET /cormun/servlet/hpexe_return? HTTP/1.1" 200 1031
186.103.157.98 - - [16/Aug/2018:16:41:58 -0300] "GET /cormun/servlet/trpermisosgoce?gx-no-cache=1534445772015 HTTP/1.1" 200 7950
186.103.157.98 - - [16/Aug/2018:16:41:58 -0300] "GET /cormun/servlet/trpermisosgoce?gx-no-cache=1534445772015 HTTP/1.1" 200 7967
186.103.157.98 - - [16/Aug/2018:16:42:02 -0300] "GET /cormun/servlet/trpermisosadjuntos?18834102,20180816163603,P, HTTP/1.1" 200 6597
186.103.157.98 - - [16/Aug/2018:16:42:03 -0300] "GET /cormun/servlet/trpermisosadjuntos?18834102,20180816163603,P, HTTP/1.1" 200 6576
186.103.157.98 - - [16/Aug/2018:16:42:10 -0300] "GET /cormun/servlet/permisosadjuntos?INS,18834102,P,20180816163603,, HTTP/1.1" 200 5908
186.103.157.98 - - [16/Aug/2018:16:42:10 -0300] "GET /cormun/static/about:blank HTTP/1.1" 404 1011
186.103.157.98 - - [16/Aug/2018:16:42:10 -0300] "GET /cormun/servlet/permisosadjuntos?INS,18834102,P,20180816163603,, HTTP/1.1" 200 5897
186.103.159.187 - - [16/Aug/2018:16:42:20 -0300] "GET /cormun/servlet/prcontratosol?15370691,,,,,MD,,gxPopupLevel%3D0%3B HTTP/1.1" 200 7643
186.103.157.98 - - [16/Aug/2018:16:42:25 -0300] "POST /cormun/servlet/permisosadjuntos?13de0ed993112aa0d17a349585c3a29e,INS,18834102,P,20180816163603,, HTTP/1.1" 200 116
186.103.157.98 - - [16/Aug/2018:16:42:25 -0300] "GET /cormun/servlet/hpexe_return? HTTP/1.1" 200 1037
186.103.157.98 - - [16/Aug/2018:16:42:25 -0300] "GET /cormun/servlet/trpermisosadjuntos?18834102,20180816163603,P, HTTP/1.1" 200 7079
186.103.157.98 - - [16/Aug/2018:16:42:25 -0300] "GET /cormun/servlet/trpermisosadjuntos?18834102,20180816163603,P, HTTP/1.1" 200 7075
186.103.157.98 - - [16/Aug/2018:16:42:29 -0300] "POST /cormun/servlet/trpermisosadjuntos?13de0ed993112aa0d17a349585c3a29e,18834102,20180816163603,P,,gx-no-cache=1534448472759 HTTP/1.1" 200 90
186.103.157.98 - - [16/Aug/2018:16:42:29 -0300] "GET /cormun/servlet/hpexe_link HTTP/1.1" 200 1004
186.103.157.98 - - [16/Aug/2018:16:42:29 -0300] "GET /cormun/servlet/trpermisosgoce?gx-no-cache=1534445772015 HTTP/1.1" 200 7948
186.103.157.98 - - [16/Aug/2018:16:42:29 -0300] "GET /cormun/servlet/trpermisosgoce?gx-no-cache=1534445772015 HTTP/1.1" 200 7967
186.103.157.98 - - [16/Aug/2018:16:42:36 -0300] "POST /cormun/servlet/trpermisosgoce?13de0ed993112aa0d17a349585c3a29e,gx-no-cache=1534445772015,gx-no-cache=1534448479184 HTTP/1.1" 200 4986
186.103.157.98 - - [16/Aug/2018:16:42:36 -0300] "GET /cormun/static/Shared/jqueryui/images/ui-bg_highlight-soft_100_c6c2c8_1x100.png HTTP/1.1" 404 1117
186.103.157.98 - - [16/Aug/2018:16:42:36 -0300] "GET /cormun/static/Shared/jqueryui/images/ui-icons_82798d_256x240.png HTTP/1.1" 404 1089
186.103.157.98 - - [16/Aug/2018:16:42:36 -0300] "GET /cormun/static/Shared/jqueryui/images/ui-bg_flat_55_fafafa_40x100.png HTTP/1.1" 404 1097
186.103.157.98 - - [16/Aug/2018:16:42:36 -0300] "GET /cormun/static/Shared/jqueryui/images/ui-icons_8d78a5_256x240.png HTTP/1.1" 404 1089
186.103.159.204 - - [16/Aug/2018:16:42:36 -0300] "GET /cormun/servlet/trpermisosadjuntos?13503222,20180813115855,P, HTTP/1.1" 200 6230
186.103.159.204 - - [16/Aug/2018:16:42:37 -0300] "GET /cormun/servlet/trpermisosadjuntos?13503222,20180813115855,P, HTTP/1.1" 200 6229
186.103.159.204 - - [16/Aug/2018:16:42:41 -0300] "GET /cormun/servlet/trpermisosgoce? HTTP/1.1" 200 10028
186.103.159.204 - - [16/Aug/2018:16:42:41 -0300] "GET /cormun/servlet/trpermisosgoce? HTTP/1.1" 200 10026
186.103.159.187 - - [16/Aug/2018:16:43:06 -0300] "POST /cormun/servlet/solicitudot?gx-no-cache=1534452147933 HTTP/1.1" 200 30
186.103.159.187 - - [16/Aug/2018:16:43:06 -0300] "POST /cormun/servlet/solicitudot?gx-no-cache=1534452147997 HTTP/1.1" 200 1458
186.103.159.187 - - [16/Aug/2018:16:43:06 -0300] "POST /cormun/servlet/solicitudot?gx-no-cache=1534452148068 HTTP/1.1" 200 121
186.103.159.187 - - [16/Aug/2018:16:43:06 -0300] "POST /cormun/servlet/solicitudot?gx-no-cache=1534452148114 HTTP/1.1" 200 1358
186.103.159.187 - - [16/Aug/2018:16:43:06 -0300] "POST /cormun/servlet/solicitudot?gx-no-cache=1534452148170 HTTP/1.1" 200 1258
186.103.159.187 - - [16/Aug/2018:16:43:06 -0300] "GET /cormun/servlet/solicitudot?6ad5cff2dbf3ee61023f91fa30bb069c715c9e9a01f23f81d902c5ad5b4c7cc749d776b014bb9c5af8211535dbab33eb,gx-no-cache=1534452148217 HTTP/1.1" 200 134
186.103.159.204 - - [16/Aug/2018:16:43:11 -0300] "GET /cormun/servlet/apermisogoceprn?13503222,P,20180813115855,PU HTTP/1.1" 200 1657
186.103.157.98 - - [16/Aug/2018:16:43:15 -0300] "POST /cormun/servlet/trpermisosgoce?13de0ed993112aa0d17a349585c3a29e,gx-no-cache=1534445772015,gx-no-cache=1534448517878 HTTP/1.1" 200 4049
186.103.157.98 - - [16/Aug/2018:16:43:26 -0300] "GET /cormun/servlet/permisogoce?INS,0,,, HTTP/1.1" 200 7146
186.103.157.98 - - [16/Aug/2018:16:43:27 -0300] "GET /cormun/servlet/permisogoce?INS,0,,, HTTP/1.1" 200 7125
186.103.159.187 - - [16/Aug/2018:16:43:27 -0300] "POST /cormun/servlet/solicitudot?gx-no-cache=1534452169013 HTTP/1.1" 200 1458
186.103.159.187 - - [16/Aug/2018:16:43:27 -0300] "POST /cormun/servlet/solicitudot?gx-no-cache=1534452169091 HTTP/1.1" 200 121
186.103.159.187 - - [16/Aug/2018:16:43:27 -0300] "POST /cormun/servlet/solicitudot?gx-no-cache=1534452169148 HTTP/1.1" 200 1358
186.103.159.187 - - [16/Aug/2018:16:43:27 -0300] "POST /cormun/servlet/solicitudot?gx-no-cache=1534452169202 HTTP/1.1" 200 1258
186.103.159.187 - - [16/Aug/2018:16:43:29 -0300] "GET /cormun/static/menuarrow.gif HTTP/1.1" 404 1015
186.103.159.187 - - [16/Aug/2018:16:43:31 -0300] "POST /cormun/servlet/solicitudot?gx-no-cache=1534452172600 HTTP/1.1" 200 1458
186.103.159.187 - - [16/Aug/2018:16:43:31 -0300] "POST /cormun/servlet/solicitudot?gx-no-cache=1534452172678 HTTP/1.1" 200 121
186.103.159.187 - - [16/Aug/2018:16:43:31 -0300] "POST /cormun/servlet/solicitudot?gx-no-cache=1534452172743 HTTP/1.1" 200 1358
186.103.159.187 - - [16/Aug/2018:16:43:31 -0300] "POST /cormun/servlet/solicitudot?gx-no-cache=1534452172827 HTTP/1.1" 200 1258
186.103.157.98 - - [16/Aug/2018:16:43:39 -0300] "GET /cormun/servlet/permisogoce?bb7a81c6fbc542202324350f2b0b18f064048d069b3afdf0f943a1bc15ed3f7fdacd0605cc1b3a7f4c58ab56b6802baef9e9aec4879cda914fe0772fe34ce8fe,gx-no-cache=1534448542887 HTTP/1.1" 200 81
186.103.159.204 - - [16/Aug/2018:16:44:00 -0300] "GET /cormun/servlet/permisogoce?INS,0,,, HTTP/1.1" 200 6754
186.103.159.204 - - [16/Aug/2018:16:44:00 -0300] "GET /cormun/static/gxcfg.js?201776126440 HTTP/1.1" 200 953
186.103.159.204 - - [16/Aug/2018:16:44:00 -0300] "GET /cormun/static/Resources/prompt.gif HTTP/1.1" 200 902
186.103.159.204 - - [16/Aug/2018:16:44:00 -0300] "GET /cormun/static/permisogoce.js?2017761264459 HTTP/1.1" 200 27897
186.103.159.204 - - [16/Aug/2018:16:44:00 -0300] "GET /cormun/servlet/permisogoce?INS,0,,, HTTP/1.1" 200 6754
186.103.159.187 - - [16/Aug/2018:16:44:32 -0300] "GET /cormun/servlet/prlicenciaspermisos?17505935,L,,MD,,gxPopupLevel%3D0%3B HTTP/1.1" 200 5505
186.103.159.187 - - [16/Aug/2018:16:44:36 -0300] "POST /cormun/servlet/solicitudot?gx-no-cache=1534452238159 HTTP/1.1" 200 1377
186.103.159.204 - - [16/Aug/2018:16:44:52 -0300] "GET /cormun/static/Resources/resize.gif HTTP/1.1" 200 77
186.103.159.204 - - [16/Aug/2018:16:44:52 -0300] "GET /cormun/servlet/prfichaempleado?,MD,,gxPopupLevel%3D0%3B HTTP/1.1" 200 9254
186.103.159.204 - - [16/Aug/2018:16:44:52 -0300] "GET /cormun/static/gxcfg.js?20177612134814 HTTP/1.1" 200 953
186.103.159.204 - - [16/Aug/2018:16:44:52 -0300] "GET /cormun/static/Resources/PXToolsMenuSearch.png HTTP/1.1" 200 2914
186.103.159.204 - - [16/Aug/2018:16:44:52 -0300] "GET /cormun/static/Resources/PXToolsMenuSearchCancel.png HTTP/1.1" 200 2972
186.103.159.204 - - [16/Aug/2018:16:44:53 -0300] "GET /cormun/static/menusearch.js?201610171694467 HTTP/1.1" 200 1424
186.103.159.204 - - [16/Aug/2018:16:44:53 -0300] "GET /cormun/static/prfichaempleado.js?20177612134999 HTTP/1.1" 200 16006
186.103.159.204 - - [16/Aug/2018:16:44:53 -0300] "GET /cormun/static/hmpwkw011.js?20177612121862 HTTP/1.1" 200 1968
186.103.157.98 - - [16/Aug/2018:16:44:57 -0300] "GET /cormun/static/menuarrow.gif HTTP/1.1" 404 1015
186.103.159.204 - - [16/Aug/2018:16:45:04 -0300] "POST /cormun/servlet/prfichaempleado?3c3ffee0b225906ea40869bd3e6730dd,,MD,,gxPopupLevel%3D0%3B,gx-no-cache=1534448622917 HTTP/1.1" 200 3194
186.103.157.98 - - [16/Aug/2018:16:45:11 -0300] "GET /cormun/servlet/permisogoce?bb7a81c6fbc542202324350f2b0b18f022e5211d60888ceef5032a5e826808ed43388fb4693bcea55838a1375fb23fa2204ec244cf5666a84eefc55754fa4313,gx-no-cache=1534448635342 HTTP/1.1" 200 47
186.103.157.98 - - [16/Aug/2018:16:45:16 -0300] "POST /cormun/servlet/permisogoce?13de0ed993112aa0d17a349585c3a29e,INS,0,,,,gx-no-cache=1534448639216 HTTP/1.1" 200 93
186.103.157.98 - - [16/Aug/2018:16:45:16 -0300] "GET /cormun/servlet/hpexe_return? HTTP/1.1" 200 1031
186.103.157.98 - - [16/Aug/2018:16:45:16 -0300] "GET /cormun/servlet/trpermisosgoce?gx-no-cache=1534445772015 HTTP/1.1" 200 7940
186.103.157.98 - - [16/Aug/2018:16:45:16 -0300] "GET /cormun/servlet/trpermisosgoce?gx-no-cache=1534445772015 HTTP/1.1" 200 7957
186.103.157.98 - - [16/Aug/2018:16:45:19 -0300] "GET /cormun/servlet/trpermisosadjuntos?17521826,20180816163946,P, HTTP/1.1" 200 6592
186.103.157.98 - - [16/Aug/2018:16:45:19 -0300] "GET /cormun/servlet/trpermisosadjuntos?17521826,20180816163946,P, HTTP/1.1" 200 6571
192.168.10.50 - - [16/Aug/2018:16:45:20 -0300] "GET /cormun/servlet/trsendmailoutboxcab? HTTP/1.1" 200 7701
192.168.10.50 - - [16/Aug/2018:16:45:20 -0300] "GET /cormun/servlet/trsendmailoutboxcab? HTTP/1.1" 200 7700
186.103.157.98 - - [16/Aug/2018:16:45:21 -0300] "GET /cormun/servlet/permisosadjuntos?INS,17521826,P,20180816163946,, HTTP/1.1" 200 5901
186.103.157.98 - - [16/Aug/2018:16:45:21 -0300] "GET /cormun/static/about:blank HTTP/1.1" 404 1011
186.103.157.98 - - [16/Aug/2018:16:45:21 -0300] "GET /cormun/servlet/permisosadjuntos?INS,17521826,P,20180816163946,, HTTP/1.1" 200 5891
186.103.159.187 - - [16/Aug/2018:16:45:22 -0300] "POST /cormun/servlet/solicitudot?gx-no-cache=1534452283632 HTTP/1.1" 200 41
186.103.159.187 - - [16/Aug/2018:16:45:22 -0300] "POST /cormun/servlet/solicitudot?gx-no-cache=1534452283756 HTTP/1.1" 200 1358
186.103.159.187 - - [16/Aug/2018:16:45:22 -0300] "POST /cormun/servlet/solicitudot?gx-no-cache=1534452283884 HTTP/1.1" 200 1258
186.103.159.187 - - [16/Aug/2018:16:45:22 -0300] "GET /cormun/servlet/solicitudot?6ad5cff2dbf3ee61023f91fa30bb069c5b03722b1b5f60f1538a82fe4c688665603a827f809750b42ae063b15138c7e7,gx-no-cache=1534452283951 HTTP/1.1" 200 30
200.112.233.47 - - [16/Aug/2018:16:45:24 -0300] "GET /cormun/servlet/permisosadjuntos?INS,17525283,P,20180816161350,, HTTP/1.1" 200 5884
192.168.10.50 - - [16/Aug/2018:16:45:26 -0300] "GET /cormun/servlet/vesendmailoutboxcab?32,, HTTP/1.1" 200 8785
192.168.10.50 - - [16/Aug/2018:16:45:26 -0300] "GET /cormun/static/gxcfg.js?20181915531031 HTTP/1.1" 200 953
192.168.10.50 - - [16/Aug/2018:16:45:26 -0300] "GET /cormun/static/vesendmailoutboxcab.js?2018191553115 HTTP/1.1" 200 6800
192.168.10.50 - - [16/Aug/2018:16:45:26 -0300] "GET /cormun/pexe_scrolldiv.js HTTP/1.1" 404 1009
192.168.10.50 - - [16/Aug/2018:16:45:26 -0300] "GET /cormun/pexe_scrolldiv.js HTTP/1.1" 404 1009
192.168.10.50 - - [16/Aug/2018:16:45:26 -0300] "GET /cormun/static/tbsendmailoutboxcab01.js?201819169979 HTTP/1.1" 200 6203
192.168.10.50 - - [16/Aug/2018:16:45:27 -0300] "GET /cormun/servlet/vesendmailoutboxcab?32,, HTTP/1.1" 200 8785
186.103.159.187 - - [16/Aug/2018:16:45:28 -0300] "POST /cormun/servlet/solicitudot?gx-no-cache=1534452289452 HTTP/1.1" 200 1358
186.103.159.187 - - [16/Aug/2018:16:45:28 -0300] "POST /cormun/servlet/solicitudot?gx-no-cache=1534452289505 HTTP/1.1" 200 1258
200.112.233.47 - - [16/Aug/2018:16:45:29 -0300] "GET /cormun/static/about:blank HTTP/1.1" 404 1011
186.67.172.234 - - [16/Aug/2018:16:45:29 -0300] "POST /cormun/servlet/trlicencias?1b0564a55da4f822498fe8b0d56b1355,gx-no-cache=1534448562203 HTTP/1.1" 440 972
200.112.233.47 - - [16/Aug/2018:16:45:31 -0300] "GET /cormun/servlet/permisosadjuntos?INS,17525283,P,20180816161350,, HTTP/1.1" 200 5873
186.67.172.234 - - [16/Aug/2018:16:45:33 -0300] "GET /cormun/servlet/trlicencias HTTP/1.1" 200 6115
186.67.172.234 - - [16/Aug/2018:16:45:33 -0300] "GET /cormun/servlet/hlogin HTTP/1.1" 200 1730
186.67.172.234 - - [16/Aug/2018:16:45:33 -0300] "GET /cormun/servlet/trlicencias HTTP/1.1" 200 6115
186.103.157.98 - - [16/Aug/2018:16:45:42 -0300] "POST /cormun/servlet/permisosadjuntos?13de0ed993112aa0d17a349585c3a29e,INS,17521826,P,20180816163946,, HTTP/1.1" 200 116
186.103.157.98 - - [16/Aug/2018:16:45:42 -0300] "GET /cormun/servlet/hpexe_return? HTTP/1.1" 200 1037
186.103.157.98 - - [16/Aug/2018:16:45:42 -0300] "GET /cormun/servlet/trpermisosadjuntos?17521826,20180816163946,P, HTTP/1.1" 200 7092
186.103.157.98 - - [16/Aug/2018:16:45:42 -0300] "GET /cormun/servlet/trpermisosadjuntos?17521826,20180816163946,P, HTTP/1.1" 200 7087
200.112.233.47 - - [16/Aug/2018:16:45:44 -0300] "POST /cormun/servlet/permisosadjuntos?2857c6df7a8b1074e6e104461d6f2b16,INS,17525283,P,20180816161350,,,gx-no-cache=1534448668417 HTTP/1.1" 200 93
200.112.233.47 - - [16/Aug/2018:16:45:44 -0300] "GET /cormun/servlet/hpexe_return? HTTP/1.1" 200 1038
200.112.233.47 - - [16/Aug/2018:16:45:44 -0300] "GET /cormun/servlet/trpermisosadjuntos?17525283,20180816161350,P, HTTP/1.1" 200 6910
186.103.157.98 - - [16/Aug/2018:16:45:45 -0300] "POST /cormun/servlet/trpermisosadjuntos?13de0ed993112aa0d17a349585c3a29e,17521826,20180816163946,P,,gx-no-cache=1534448668799 HTTP/1.1" 200 90
186.103.157.98 - - [16/Aug/2018:16:45:45 -0300] "GET /cormun/servlet/hpexe_link HTTP/1.1" 200 1004
186.103.157.98 - - [16/Aug/2018:16:45:45 -0300] "GET /cormun/servlet/trpermisosgoce?gx-no-cache=1534445772015 HTTP/1.1" 200 7937
200.112.233.47 - - [16/Aug/2018:16:45:45 -0300] "GET /cormun/servlet/trpermisosadjuntos?17525283,20180816161350,P, HTTP/1.1" 200 6905
186.103.157.98 - - [16/Aug/2018:16:45:46 -0300] "GET /cormun/servlet/trpermisosgoce?gx-no-cache=1534445772015 HTTP/1.1" 200 7957
200.112.233.47 - - [16/Aug/2018:16:45:47 -0300] "GET /cormun/servlet/permisosadjuntos?INS,17525283,P,20180816161350,, HTTP/1.1" 200 5884
200.112.233.47 - - [16/Aug/2018:16:45:47 -0300] "GET /cormun/static/about:blank HTTP/1.1" 404 1011
200.112.233.47 - - [16/Aug/2018:16:45:47 -0300] "GET /cormun/servlet/permisosadjuntos?INS,17525283,P,20180816161350,, HTTP/1.1" 200 5874
186.103.157.98 - - [16/Aug/2018:16:45:48 -0300] "POST /cormun/servlet/trpermisosgoce?13de0ed993112aa0d17a349585c3a29e,gx-no-cache=1534445772015,gx-no-cache=1534448672120 HTTP/1.1" 200 4983
186.103.157.98 - - [16/Aug/2018:16:45:49 -0300] "GET /cormun/static/Shared/jqueryui/images/ui-bg_highlight-soft_100_c6c2c8_1x100.png HTTP/1.1" 404 1117
186.103.157.98 - - [16/Aug/2018:16:45:49 -0300] "GET /cormun/static/Shared/jqueryui/images/ui-icons_82798d_256x240.png HTTP/1.1" 404 1089
186.103.157.98 - - [16/Aug/2018:16:45:49 -0300] "GET /cormun/static/Shared/jqueryui/images/ui-bg_flat_55_fafafa_40x100.png HTTP/1.1" 404 1097
186.103.157.98 - - [16/Aug/2018:16:45:49 -0300] "GET /cormun/static/Shared/jqueryui/images/ui-icons_8d78a5_256x240.png HTTP/1.1" 404 1089
186.103.159.187 - - [16/Aug/2018:16:45:51 -0300] "POST /cormun/servlet/solicitudot?gx-no-cache=1534452312684 HTTP/1.1" 200 32
200.112.233.47 - - [16/Aug/2018:16:46:04 -0300] "POST /cormun/servlet/permisosadjuntos?2857c6df7a8b1074e6e104461d6f2b16,INS,17525283,P,20180816161350,, HTTP/1.1" 200 116
200.112.233.47 - - [16/Aug/2018:16:46:04 -0300] "GET /cormun/servlet/hpexe_return? HTTP/1.1" 200 1038
200.112.233.47 - - [16/Aug/2018:16:46:04 -0300] "GET /cormun/servlet/trpermisosadjuntos?17525283,20180816161350,P, HTTP/1.1" 200 7121
200.112.233.47 - - [16/Aug/2018:16:46:04 -0300] "GET /cormun/servlet/trpermisosadjuntos?17525283,20180816161350,P, HTTP/1.1" 200 7117
200.112.233.47 - - [16/Aug/2018:16:46:07 -0300] "POST /cormun/servlet/trpermisosadjuntos?2857c6df7a8b1074e6e104461d6f2b16,17525283,20180816161350,P,,gx-no-cache=1534448692280 HTTP/1.1" 200 90
200.112.233.47 - - [16/Aug/2018:16:46:08 -0300] "GET /cormun/servlet/hpexe_link HTTP/1.1" 200 983
200.112.233.47 - - [16/Aug/2018:16:46:08 -0300] "GET /cormun/servlet/trpermisosgoce HTTP/1.1" 200 8855
200.112.233.47 - - [16/Aug/2018:16:46:08 -0300] "GET /cormun/servlet/trpermisosgoce HTTP/1.1" 200 8854
200.112.233.47 - - [16/Aug/2018:16:46:16 -0300] "POST /cormun/servlet/trpermisosgoce?2857c6df7a8b1074e6e104461d6f2b16,gx-no-cache=1534448700655 HTTP/1.1" 200 5973
200.112.233.47 - - [16/Aug/2018:16:46:16 -0300] "GET /cormun/static/Shared/jqueryui/images/ui-bg_highlight-soft_100_c6c2c8_1x100.png HTTP/1.1" 404 1117
200.112.233.47 - - [16/Aug/2018:16:46:16 -0300] "GET /cormun/static/Shared/jqueryui/images/ui-icons_82798d_256x240.png HTTP/1.1" 404 1089
200.112.233.47 - - [16/Aug/2018:16:46:16 -0300] "GET /cormun/static/Shared/jqueryui/images/ui-bg_flat_55_fafafa_40x100.png HTTP/1.1" 404 1097
200.112.233.47 - - [16/Aug/2018:16:46:16 -0300] "GET /cormun/static/Shared/jqueryui/images/ui-icons_8d78a5_256x240.png HTTP/1.1" 404 1089
200.112.233.47 - - [16/Aug/2018:16:46:19 -0300] "GET /cormun/servlet/trautorizarpermisogoce? HTTP/1.1" 200 7908
200.112.233.47 - - [16/Aug/2018:16:46:21 -0300] "GET /cormun/servlet/trautorizarpermisogoce? HTTP/1.1" 200 7908
200.112.233.47 - - [16/Aug/2018:16:46:32 -0300] "POST /cormun/servlet/trautorizarpermisogoce?2857c6df7a8b1074e6e104461d6f2b16,,gx-no-cache=1534448716665 HTTP/1.1" 200 4371
200.112.233.47 - - [16/Aug/2018:16:46:32 -0300] "GET /cormun/static/Shared/jqueryui/images/ui-bg_highlight-soft_100_c6c2c8_1x100.png HTTP/1.1" 404 1117
200.112.233.47 - - [16/Aug/2018:16:46:32 -0300] "GET /cormun/static/Shared/jqueryui/images/ui-icons_82798d_256x240.png HTTP/1.1" 404 1089
200.112.233.47 - - [16/Aug/2018:16:46:32 -0300] "GET /cormun/static/Shared/jqueryui/images/ui-bg_flat_55_fafafa_40x100.png HTTP/1.1" 404 1097
200.112.233.47 - - [16/Aug/2018:16:46:32 -0300] "GET /cormun/static/Shared/jqueryui/images/ui-icons_8d78a5_256x240.png HTTP/1.1" 404 1089
186.103.159.204 - - [16/Aug/2018:16:46:33 -0300] "GET /cormun/servlet/permisogoce?3206befe23fd2f402d66f94453c3d87e5f5b1c7e16b137620ad4a4985be122418e329f79f9883545290782c0fcc5140274a075868260030121b0f22637774193,gx-no-cache=1534448711805 HTTP/1.1" 200 84
186.103.159.204 - - [16/Aug/2018:16:46:33 -0300] "GET /cormun/static/menuarrow.gif HTTP/1.1" 404 1015
200.112.233.47 - - [16/Aug/2018:16:46:53 -0300] "POST /cormun/servlet/trautorizarpermisogoce?2857c6df7a8b1074e6e104461d6f2b16,,gx-no-cache=1534448738207 HTTP/1.1" 200 90
200.112.233.47 - - [16/Aug/2018:16:46:53 -0300] "GET /cormun/servlet/hpexe_link HTTP/1.1" 200 987
200.112.233.47 - - [16/Aug/2018:16:46:53 -0300] "GET /cormun/servlet/trpermisosgoce?gx-no-cache=1534448700655 HTTP/1.1" 200 8819
200.112.233.47 - - [16/Aug/2018:16:46:53 -0300] "GET /cormun/servlet/trpermisosgoce?gx-no-cache=1534448700655 HTTP/1.1" 200 8838
186.103.157.98 - - [16/Aug/2018:16:46:54 -0300] "POST /cormun/servlet/trpermisosgoce?13de0ed993112aa0d17a349585c3a29e,gx-no-cache=1534445772015,gx-no-cache=1534448737647 HTTP/1.1" 200 4052
186.103.159.204 - - [16/Aug/2018:16:46:55 -0300] "GET /cormun/servlet/permisogoce?3206befe23fd2f402d66f94453c3d87ee1e82dca5c20844059f063ab69f08efb1cd4ce6e81cad267bad14d2efa42577f8f2229bb6a87f69b82841e87c6d57071,gx-no-cache=1534448734317 HTTP/1.1" 200 129
186.103.159.204 - - [16/Aug/2018:16:46:55 -0300] "GET /cormun/static/Shared/jqueryui/images/ui-bg_highlight-soft_100_c6c2c8_1x100.png HTTP/1.1" 404 1117
186.103.159.204 - - [16/Aug/2018:16:46:55 -0300] "GET /cormun/static/Shared/jqueryui/images/ui-icons_82798d_256x240.png HTTP/1.1" 404 1089
186.103.159.204 - - [16/Aug/2018:16:46:55 -0300] "GET /cormun/static/Shared/jqueryui/images/ui-bg_flat_55_994d53_40x100.png HTTP/1.1" 404 1097
186.103.159.204 - - [16/Aug/2018:16:46:55 -0300] "GET /cormun/static/Shared/jqueryui/images/ui-icons_ebccce_256x240.png HTTP/1.1" 404 1089
186.103.159.204 - - [16/Aug/2018:16:46:55 -0300] "POST /cormun/servlet/permisogoce?3c3ffee0b225906ea40869bd3e6730dd,INS,0,,,,gx-no-cache=1534448734360 HTTP/1.1" 200 4409
200.112.233.47 - - [16/Aug/2018:16:46:59 -0300] "GET /cormun/servlet/permisogoce?INS,0,,, HTTP/1.1" 200 7121
200.112.233.47 - - [16/Aug/2018:16:47:00 -0300] "GET /cormun/servlet/permisogoce?INS,0,,, HTTP/1.1" 200 7100
186.103.157.98 - - [16/Aug/2018:16:47:03 -0300] "GET /cormun/servlet/permisogoce?INS,0,,, HTTP/1.1" 200 7145
186.103.157.98 - - [16/Aug/2018:16:47:03 -0300] "GET /cormun/servlet/permisogoce?INS,0,,, HTTP/1.1" 200 7125
186.103.159.187 - - [16/Aug/2018:16:47:09 -0300] "POST /cormun/servlet/solicitudot?gx-no-cache=1534452391008 HTTP/1.1" 200 1358
186.103.159.187 - - [16/Aug/2018:16:47:09 -0300] "POST /cormun/servlet/solicitudot?gx-no-cache=1534452391173 HTTP/1.1" 200 1258
186.103.159.187 - - [16/Aug/2018:16:47:09 -0300] "GET /cormun/servlet/solicitudot?6ad5cff2dbf3ee61023f91fa30bb069c5b03722b1b5f60f1538a82fe4c6886655828521318369b1657229ee4edfe208e,gx-no-cache=1534452391220 HTTP/1.1" 200 30
186.103.159.187 - - [16/Aug/2018:16:47:09 -0300] "POST /cormun/servlet/solicitudot?gx-no-cache=1534452391260 HTTP/1.1" 200 32
186.103.159.187 - - [16/Aug/2018:16:47:10 -0300] "POST /cormun/servlet/solicitudot?a740f2d1bfa73e3e6f03990f413341fb,INS,0,0,,gx-no-cache=1534452391333 HTTP/1.1" 200 93
186.103.159.187 - - [16/Aug/2018:16:47:10 -0300] "GET /cormun/servlet/hpexe_return? HTTP/1.1" 200 1013
186.103.159.187 - - [16/Aug/2018:16:47:10 -0300] "GET /cormun/servlet/trsolicitudot HTTP/1.1" 200 9070
186.103.159.187 - - [16/Aug/2018:16:47:12 -0300] "GET /cormun/servlet/trsolicitudot HTTP/1.1" 200 9065
186.103.159.204 - - [16/Aug/2018:16:47:12 -0300] "GET /cormun/servlet/permisogoce?3206befe23fd2f402d66f94453c3d87ee1e82dca5c20844059f063ab69f08efb51f60cd5e7ad2dec03b0e1e4925da0055899d0f90d8658f0a9a72a307c2c522a,gx-no-cache=1534448751337 HTTP/1.1" 200 47
186.103.157.98 - - [16/Aug/2018:16:47:14 -0300] "GET /cormun/servlet/permisogoce?bb7a81c6fbc542202324350f2b0b18f022ac771f5ab95a56eac23bd97bb8051ddacd0605cc1b3a7f4c58ab56b6802baef9e9aec4879cda914fe0772fe34ce8fe,gx-no-cache=1534448757893 HTTP/1.1" 200 77
186.103.159.187 - - [16/Aug/2018:16:47:17 -0300] "GET /cormun/servlet/solicitudot?INS,0,0, HTTP/1.1" 200 13399
186.103.159.204 - - [16/Aug/2018:16:47:18 -0300] "POST /cormun/servlet/permisogoce?3c3ffee0b225906ea40869bd3e6730dd,INS,0,,,,gx-no-cache=1534448756777 HTTP/1.1" 200 93
186.103.159.204 - - [16/Aug/2018:16:47:18 -0300] "GET /cormun/servlet/hpexe_return? HTTP/1.1" 200 1009
186.103.159.204 - - [16/Aug/2018:16:47:18 -0300] "GET /cormun/servlet/trpermisosgoce HTTP/1.1" 200 10215
186.103.159.187 - - [16/Aug/2018:16:47:18 -0300] "GET /cormun/servlet/solicitudot?INS,0,0, HTTP/1.1" 200 13404
186.103.159.204 - - [16/Aug/2018:16:47:19 -0300] "GET /cormun/servlet/trpermisosgoce HTTP/1.1" 200 10200
200.112.233.47 - - [16/Aug/2018:16:47:22 -0300] "GET /cormun/servlet/permisogoce?c62b89fa621b647f0ae72853f28fafb252e2970c71174c197650c07d12b1af33fb70887842ff48f0f33c790412e201a66026a1a4e656be53b5eeb98dbb5f6458,gx-no-cache=1534448767634 HTTP/1.1" 200 86
186.103.157.98 - - [16/Aug/2018:16:47:24 -0300] "GET /cormun/static/menuarrow.gif HTTP/1.1" 404 1015
200.112.233.47 - - [16/Aug/2018:16:47:27 -0300] "GET /cormun/static/menuarrow.gif HTTP/1.1" 404 1015
200.112.233.47 - - [16/Aug/2018:16:47:31 -0300] "GET /cormun/servlet/permisogoce?c62b89fa621b647f0ae72853f28fafb29470cdb4df8aa4dfebb93b6e295f5360aa55265aa7b0ea768d19a3d71c3b4bdcfc40e7f7577e4278425f8f68c75c7c80,gx-no-cache=1534448776543 HTTP/1.1" 200 47
186.103.159.187 - - [16/Aug/2018:16:47:33 -0300] "POST /cormun/servlet/solicitudot?gx-no-cache=1534452414572 HTTP/1.1" 200 3430
186.103.159.187 - - [16/Aug/2018:16:47:34 -0300] "POST /cormun/servlet/solicitudot?a740f2d1bfa73e3e6f03990f413341fb,INS,0,0,,gx-no-cache=1534452415290 HTTP/1.1" 200 10437
186.103.157.98 - - [16/Aug/2018:16:47:35 -0300] "GET /cormun/servlet/permisogoce?bb7a81c6fbc542202324350f2b0b18f06afe08ba93c6b48218f03859c7f7699ab2fa339377562a38a1633a56fcd7eb30204ec244cf5666a84eefc55754fa4313,gx-no-cache=1534448778359 HTTP/1.1" 200 48
186.103.159.187 - - [16/Aug/2018:16:47:36 -0300] "GET /cormun/servlet/solicitudot?6ad5cff2dbf3ee61023f91fa30bb069cbe04e360217b7816e23a2b525438e2bd0b90bdd587c4fd7ae14547719eed1ece,gx-no-cache=1534452417945 HTTP/1.1" 200 30
186.103.159.187 - - [16/Aug/2018:16:47:36 -0300] "GET /cormun/servlet/solicitudot?6ad5cff2dbf3ee61023f91fa30bb069c2d9bca9a3fc9cb4afbfbd8d3b04c175393768644d61d4c9855500af5e7807703f8d89c20fa433b02e819b0806875cb65,gx-no-cache=1534452418036 HTTP/1.1" 200 30
186.103.159.187 - - [16/Aug/2018:16:47:36 -0300] "GET /cormun/servlet/solicitudot?6ad5cff2dbf3ee61023f91fa30bb069c2975e631f63cacd95b8d157331cc9823,gx-no-cache=1534452418087 HTTP/1.1" 200 60
186.103.159.187 - - [16/Aug/2018:16:47:36 -0300] "POST /cormun/servlet/solicitudot?gx-no-cache=1534452418132 HTTP/1.1" 200 255
186.103.159.187 - - [16/Aug/2018:16:47:37 -0300] "GET /cormun/servlet/solicitudot?6ad5cff2dbf3ee61023f91fa30bb069c07c877a931d825a034184737499f11a3208f002d3e9be6d500c90cd15155abeafe06671ccb7840a47a71c9c74823592e2d9a79ea5e9091b6b6431cf2c6f41f155975498ec6ba3f1506267b8f0c0e8d5559e454fc2e3150897d7ce71aabc70e628459db7ba8223527d7aabe84c8bb5dcc251cd25089928f5273b8d6fd1dd5e0d0b10a5dee2720e6049ca4aa02aa72aaa9ba2a3526743f3f7011fbbf727e867199e852bbefb778e6be69f59279cb8c6d5651babfe811f15138d4e0167fce9174666d23ac9d5d82a2f1b902fe9f0858cc85cb7d3e01f719548a94211c0f88cf302a82b976cdf262df4e0c3038a6e173430e13ee2f6f8b786d0cbaa16f33f46df49b9b65d8b98f75a24de7158c4abf2cb3df1c6548cb6a74d73e144a229ae4c6b184024d805ab6af1c2f4e04f851be143a430b3c9cc5fee3267101017f837e46889083188c57746e961776a3ec710251a51feb3799363b6775df4f77dabcdb56fa0d024c5ec773784d49a90316bc6be28acb,gx-no-cache=1534452418185 HTTP/1.1" 200 30
186.103.157.98 - - [16/Aug/2018:16:47:38 -0300] "POST /cormun/servlet/permisogoce?13de0ed993112aa0d17a349585c3a29e,INS,0,,,,gx-no-cache=1534448781516 HTTP/1.1" 200 93
186.103.157.98 - - [16/Aug/2018:16:47:38 -0300] "GET /cormun/servlet/hpexe_return? HTTP/1.1" 200 1031
186.103.159.204 - - [16/Aug/2018:16:47:38 -0300] "GET /cormun/servlet/apermisogoceprn?17521520,P,20180816164020,PU HTTP/1.1" 200 1659
186.103.157.98 - - [16/Aug/2018:16:47:38 -0300] "GET /cormun/servlet/trpermisosgoce?gx-no-cache=1534445772015 HTTP/1.1" 200 7935
186.103.157.98 - - [16/Aug/2018:16:47:39 -0300] "GET /cormun/servlet/trpermisosgoce?gx-no-cache=1534445772015 HTTP/1.1" 200 7952
200.112.233.47 - - [16/Aug/2018:16:47:42 -0300] "POST /cormun/servlet/permisogoce?2857c6df7a8b1074e6e104461d6f2b16,INS,0,,,,gx-no-cache=1534448786918 HTTP/1.1" 200 93
186.103.159.187 - - [16/Aug/2018:16:47:42 -0300] "POST /cormun/servlet/solicitudot?gx-no-cache=1534452423485 HTTP/1.1" 200 30
200.112.233.47 - - [16/Aug/2018:16:47:42 -0300] "GET /cormun/servlet/hpexe_return? HTTP/1.1" 200 1032
186.103.157.98 - - [16/Aug/2018:16:47:42 -0300] "GET /cormun/servlet/trpermisosadjuntos?10697377,20180816164322,P, HTTP/1.1" 200 6585
200.112.233.47 - - [16/Aug/2018:16:47:42 -0300] "GET /cormun/servlet/trpermisosgoce?gx-no-cache=1534448700655 HTTP/1.1" 200 9059
186.103.157.98 - - [16/Aug/2018:16:47:42 -0300] "GET /cormun/servlet/trpermisosadjuntos?10697377,20180816164322,P, HTTP/1.1" 200 6564
200.112.233.47 - - [16/Aug/2018:16:47:42 -0300] "GET /cormun/servlet/trpermisosgoce?gx-no-cache=1534448700655 HTTP/1.1" 200 9076
186.103.157.98 - - [16/Aug/2018:16:47:44 -0300] "GET /cormun/servlet/permisosadjuntos?INS,10697377,P,20180816164322,, HTTP/1.1" 200 5896
186.103.157.98 - - [16/Aug/2018:16:47:44 -0300] "GET /cormun/static/about:blank HTTP/1.1" 404 1011
186.103.157.98 - - [16/Aug/2018:16:47:44 -0300] "GET /cormun/servlet/permisosadjuntos?INS,10697377,P,20180816164322,, HTTP/1.1" 200 5885
200.112.233.47 - - [16/Aug/2018:16:47:46 -0300] "GET /cormun/servlet/trpermisosadjuntos?17525283,20180816161350,P, HTTP/1.1" 200 7138
200.112.233.47 - - [16/Aug/2018:16:47:46 -0300] "GET /cormun/servlet/trpermisosadjuntos?17525283,20180816161350,P, HTTP/1.1" 200 7118
200.112.233.47 - - [16/Aug/2018:16:47:48 -0300] "GET /cormun/servlet/permisosadjuntos?INS,17525283,P,20180816161350,, HTTP/1.1" 200 5884
200.112.233.47 - - [16/Aug/2018:16:47:48 -0300] "GET /cormun/static/about:blank HTTP/1.1" 404 1011
200.112.233.47 - - [16/Aug/2018:16:47:49 -0300] "GET /cormun/servlet/permisosadjuntos?INS,17525283,P,20180816161350,, HTTP/1.1" 200 5874
186.103.159.187 - - [16/Aug/2018:16:47:50 -0300] "GET /cormun/servlet/prcontratosol?15370691,,,,,MD,,gxPopupLevel%3D0%3B HTTP/1.1" 200 7643
186.103.159.187 - - [16/Aug/2018:16:47:56 -0300] "POST /cormun/servlet/solicitudot?gx-no-cache=1534452437434 HTTP/1.1" 200 1458
186.103.159.187 - - [16/Aug/2018:16:47:56 -0300] "GET /cormun/static/Shared/jqueryui/images/ui-bg_highlight-soft_100_c6c2c8_1x100.png HTTP/1.1" 404 1117
186.103.159.187 - - [16/Aug/2018:16:47:56 -0300] "GET /cormun/static/Shared/jqueryui/images/ui-icons_82798d_256x240.png HTTP/1.1" 404 1089
186.103.159.187 - - [16/Aug/2018:16:47:56 -0300] "GET /cormun/static/Shared/jqueryui/images/ui-bg_flat_55_994d53_40x100.png HTTP/1.1" 404 1097
186.103.159.187 - - [16/Aug/2018:16:47:56 -0300] "GET /cormun/static/Shared/jqueryui/images/ui-icons_ebccce_256x240.png HTTP/1.1" 404 1089
186.103.159.187 - - [16/Aug/2018:16:47:56 -0300] "POST /cormun/servlet/solicitudot?gx-no-cache=1534452437525 HTTP/1.1" 200 117
186.103.159.187 - - [16/Aug/2018:16:47:56 -0300] "GET /cormun/servlet/solicitudot?6ad5cff2dbf3ee61023f91fa30bb069c686c7b7a4e50dce232bad2741c1ef148089a7d8aed7e349f45a065f24404587bb93b4be716e60dfa1418701b09360b48a04300be2ff5312bca28464f8a4482cee126fd025a6bd65f392f051e05fcb000992cad2fa5c9f9d2d2549c6f6d8c8d4e96efec15a69cd108d6390da4c1915e5e9a905731d76ef8ae24a5a6ed7fee8ce167a54a73282058e390e4574691769d72,gx-no-cache=1534452437574 HTTP/1.1" 200 29
186.103.159.187 - - [16/Aug/2018:16:47:56 -0300] "GET /cormun/servlet/solicitudot?6ad5cff2dbf3ee61023f91fa30bb069cc4a279bd6fe5d60446459b3a8fde7bb1de7d7515147ff2b2de02d7ca649e645aac938083464183ab9efee5a62c9b90061d2036ab1e8f0efe3f4462ae49ccb7ca09e8fa89b1beffc9d7ac068a55db6adf4730e44df26e8579cb0183bade79cd491a50314dbc5648c8304ccebd9b46de7e2ff8287e6d6f9537f6a3392e907d91bd96dfa8df0bcf004772b08f5d1085046ff1e9792544deef7c7bbcb106147bc948efd12f61e6008bc31afa105eee4ffc65,gx-no-cache=1534452437609 HTTP/1.1" 200 62
186.103.159.187 - - [16/Aug/2018:16:47:56 -0300] "GET /cormun/servlet/solicitudot?e5ca38404a10531fbc409848894bc5e00ba949b44fad4ab8eedf46578962a080cacabcd7f315c69049521d5cc59b20341393192dbcb653f5b78c09844a3a30f301ca45b7b351c7ecf30c380f745f3452,gx-no-cache=1534452437647 HTTP/1.1" 200 55
186.103.159.187 - - [16/Aug/2018:16:47:56 -0300] "GET /cormun/servlet/solicitudot?6ad5cff2dbf3ee61023f91fa30bb069c715c9e9a01f23f81d902c5ad5b4c7cc749d776b014bb9c5af8211535dbab33eb,gx-no-cache=1534452437684 HTTP/1.1" 200 134
186.103.157.98 - - [16/Aug/2018:16:47:57 -0300] "POST /cormun/servlet/permisosadjuntos?13de0ed993112aa0d17a349585c3a29e,INS,10697377,P,20180816164322,, HTTP/1.1" 200 116
186.103.157.98 - - [16/Aug/2018:16:47:57 -0300] "GET /cormun/servlet/hpexe_return? HTTP/1.1" 200 1037
186.103.157.98 - - [16/Aug/2018:16:47:57 -0300] "GET /cormun/servlet/trpermisosadjuntos?10697377,20180816164322,P, HTTP/1.1" 200 7070
186.103.157.98 - - [16/Aug/2018:16:47:57 -0300] "GET /cormun/servlet/trpermisosadjuntos?10697377,20180816164322,P, HTTP/1.1" 200 7066
200.112.233.47 - - [16/Aug/2018:16:47:59 -0300] "POST /cormun/servlet/permisosadjuntos?2857c6df7a8b1074e6e104461d6f2b16,INS,17525283,P,20180816161350,, HTTP/1.1" 200 116
200.112.233.47 - - [16/Aug/2018:16:47:59 -0300] "GET /cormun/servlet/hpexe_return? HTTP/1.1" 200 1038
200.112.233.47 - - [16/Aug/2018:16:47:59 -0300] "GET /cormun/servlet/trpermisosadjuntos?17525283,20180816161350,P, HTTP/1.1" 200 7249
200.112.233.47 - - [16/Aug/2018:16:48:00 -0300] "GET /cormun/servlet/trpermisosadjuntos?17525283,20180816161350,P, HTTP/1.1" 200 7244
