201.215.248.34 - - [16/Aug/2018:15:41:50 -0300] "POST /cormun/servlet/licenciaspermisos?8fcf0bcd9eb6557b9e58a8a591dad4cb,INS,0,,,,gx-no-cache=1534444837152 HTTP/1.1" 200 93
201.215.248.34 - - [16/Aug/2018:15:41:50 -0300] "GET /cormun/servlet/hpexe_return? HTTP/1.1" 200 1015
201.215.248.34 - - [16/Aug/2018:15:41:51 -0300] "GET /cormun/servlet/trlicencias HTTP/1.1" 200 14511
201.215.248.34 - - [16/Aug/2018:15:41:52 -0300] "GET /cormun/servlet/trlicencias HTTP/1.1" 200 14510
201.215.248.34 - - [16/Aug/2018:15:41:56 -0300] "GET /cormun/servlet/trlicenciaspermisosadjuntos?24698895,20180816000000,L, HTTP/1.1" 200 6585
201.215.248.34 - - [16/Aug/2018:15:41:57 -0300] "GET /cormun/servlet/trlicenciaspermisosadjuntos?24698895,20180816000000,L, HTTP/1.1" 200 6586
201.215.248.34 - - [16/Aug/2018:15:41:59 -0300] "GET /cormun/servlet/licenciaspermisosadjuntos?INS,24698895,L,20180816000000,, HTTP/1.1" 200 5883
201.215.248.34 - - [16/Aug/2018:15:41:59 -0300] "GET /cormun/static/about:blank HTTP/1.1" 404 1011
201.215.248.34 - - [16/Aug/2018:15:42:00 -0300] "GET /cormun/servlet/licenciaspermisosadjuntos?INS,24698895,L,20180816000000,, HTTP/1.1" 200 5870
186.103.159.182 - - [16/Aug/2018:15:42:11 -0300] "POST /cormun/servlet/trsolicitudot?1771360915488b8f62efb294cb039cbd,,gx-no-cache=1534444746031 HTTP/1.1" 200 5835
201.215.248.34 - - [16/Aug/2018:15:42:13 -0300] "POST /cormun/servlet/licenciaspermisosadjuntos?8fcf0bcd9eb6557b9e58a8a591dad4cb,INS,24698895,L,20180816000000,, HTTP/1.1" 200 116
201.215.248.34 - - [16/Aug/2018:15:42:13 -0300] "GET /cormun/servlet/hpexe_return? HTTP/1.1" 200 1046
201.215.248.34 - - [16/Aug/2018:15:42:13 -0300] "GET /cormun/servlet/trlicenciaspermisosadjuntos?24698895,20180816000000,L, HTTP/1.1" 200 7090
201.215.248.34 - - [16/Aug/2018:15:42:15 -0300] "GET /cormun/servlet/trlicenciaspermisosadjuntos?24698895,20180816000000,L, HTTP/1.1" 200 7088
186.103.159.182 - - [16/Aug/2018:15:42:17 -0300] "GET /cormun/servlet/vesolicitudot?2018,8690,, HTTP/1.1" 200 8591
186.103.159.182 - - [16/Aug/2018:15:42:18 -0300] "GET /cormun/pexe_scrolldiv.js HTTP/1.1" 404 1009
186.103.159.182 - - [16/Aug/2018:15:42:18 -0300] "GET /cormun/pexe_scrolldiv.js HTTP/1.1" 404 1009
201.215.248.34 - - [16/Aug/2018:15:42:18 -0300] "POST /cormun/servlet/trlicenciaspermisosadjuntos?8fcf0bcd9eb6557b9e58a8a591dad4cb,24698895,20180816000000,L,,gx-no-cache=1534444865186 HTTP/1.1" 200 90
201.215.248.34 - - [16/Aug/2018:15:42:18 -0300] "GET /cormun/servlet/hpexe_link HTTP/1.1" 200 987
201.215.248.34 - - [16/Aug/2018:15:42:19 -0300] "GET /cormun/servlet/trlicencias HTTP/1.1" 200 14512
186.103.159.182 - - [16/Aug/2018:15:42:19 -0300] "GET /cormun/servlet/vesolicitudot?2018,8690,, HTTP/1.1" 200 8591
201.215.248.34 - - [16/Aug/2018:15:42:20 -0300] "GET /cormun/servlet/trlicencias HTTP/1.1" 200 14510
201.215.248.34 - - [16/Aug/2018:15:42:23 -0300] "GET /cormun/servlet/alicenciaprn?24698895,L,20180816000000,PU HTTP/1.1" 200 1581
186.103.159.182 - - [16/Aug/2018:15:42:32 -0300] "POST /cormun/servlet/vesolicitudot?1771360915488b8f62efb294cb039cbd,2018,8690,,,gx-no-cache=1534444767210 HTTP/1.1" 200 93
186.103.159.182 - - [16/Aug/2018:15:42:32 -0300] "GET /cormun/servlet/hpexe_return? HTTP/1.1" 200 1004
186.103.159.182 - - [16/Aug/2018:15:42:33 -0300] "GET /cormun/servlet/trsolicitudot? HTTP/1.1" 200 8850
186.103.159.182 - - [16/Aug/2018:15:42:36 -0300] "GET /cormun/servlet/trsolicitudot? HTTP/1.1" 200 8846
186.103.159.182 - - [16/Aug/2018:15:42:41 -0300] "GET /cormun/servlet/trlicencias? HTTP/1.1" 200 15512
186.103.159.182 - - [16/Aug/2018:15:42:44 -0300] "GET /cormun/servlet/trlicencias? HTTP/1.1" 200 15465
201.215.248.34 - - [16/Aug/2018:15:42:50 -0300] "POST /cormun/servlet/trlicencias?8fcf0bcd9eb6557b9e58a8a591dad4cb,gx-no-cache=1534444897056 HTTP/1.1" 200 12019
201.215.248.34 - - [16/Aug/2018:15:42:51 -0300] "GET /cormun/static/Shared/jqueryui/images/ui-bg_highlight-soft_100_c6c2c8_1x100.png HTTP/1.1" 404 1117
201.215.248.34 - - [16/Aug/2018:15:42:51 -0300] "GET /cormun/static/Shared/jqueryui/images/ui-icons_82798d_256x240.png HTTP/1.1" 404 1089
201.215.248.34 - - [16/Aug/2018:15:42:51 -0300] "GET /cormun/static/Shared/jqueryui/images/ui-icons_8d78a5_256x240.png HTTP/1.1" 404 1089
201.215.248.34 - - [16/Aug/2018:15:42:51 -0300] "GET /cormun/static/Shared/jqueryui/images/ui-bg_flat_55_fafafa_40x100.png HTTP/1.1" 404 1097
201.215.248.34 - - [16/Aug/2018:15:42:55 -0300] "GET /cormun/servlet/trsolicitudot? HTTP/1.1" 200 7448
186.103.159.182 - - [16/Aug/2018:15:42:55 -0300] "GET /cormun/static/menuarrow.gif HTTP/1.1" 404 1015
201.215.248.34 - - [16/Aug/2018:15:42:56 -0300] "GET /cormun/servlet/trsolicitudot? HTTP/1.1" 200 7448
201.215.248.34 - - [16/Aug/2018:15:43:00 -0300] "GET /cormun/servlet/solicitudot?INS,0,0, HTTP/1.1" 200 13700
201.215.248.34 - - [16/Aug/2018:15:43:02 -0300] "GET /cormun/servlet/solicitudot?INS,0,0, HTTP/1.1" 200 13705
186.103.159.182 - - [16/Aug/2018:15:43:02 -0300] "POST /cormun/servlet/trlicencias?1771360915488b8f62efb294cb039cbd,,gx-no-cache=1534444796796 HTTP/1.1" 200 7515
201.215.248.34 - - [16/Aug/2018:15:43:16 -0300] "POST /cormun/servlet/solicitudot?gx-no-cache=1534444923371 HTTP/1.1" 200 3316
201.215.248.34 - - [16/Aug/2018:15:43:16 -0300] "POST /cormun/servlet/solicitudot?8fcf0bcd9eb6557b9e58a8a591dad4cb,INS,0,0,,gx-no-cache=1534444923671 HTTP/1.1" 200 10486
186.103.159.182 - - [16/Aug/2018:15:43:37 -0300] "POST /cormun/servlet/trlicencias?1771360915488b8f62efb294cb039cbd,,gx-no-cache=1534444832381 HTTP/1.1" 200 6646
201.215.248.34 - - [16/Aug/2018:15:43:45 -0300] "POST /cormun/servlet/solicitudot?8fcf0bcd9eb6557b9e58a8a591dad4cb,INS,0,0,,gx-no-cache=1534444951929 HTTP/1.1" 200 90
201.215.248.34 - - [16/Aug/2018:15:43:45 -0300] "GET /cormun/servlet/hpexe_link HTTP/1.1" 200 963
201.215.248.34 - - [16/Aug/2018:15:43:45 -0300] "GET /cormun/servlet/trsolicitudot HTTP/1.1" 200 7450
201.215.248.34 - - [16/Aug/2018:15:43:47 -0300] "GET /cormun/servlet/trsolicitudot HTTP/1.1" 200 7448
186.103.157.98 - - [16/Aug/2018:15:43:49 -0300] "POST /cormun/servlet/trpermisosgoce?e3e441aa4e13aed80c169aaf10997fde,,gx-no-cache=1534444952314 HTTP/1.1" 200 5150
186.103.157.98 - - [16/Aug/2018:15:43:49 -0300] "GET /cormun//static/Resources/PXToolsGridDelete.png HTTP/1.1" 200 357
201.215.248.34 - - [16/Aug/2018:15:43:53 -0300] "POST /cormun/servlet/trsolicitudot?8fcf0bcd9eb6557b9e58a8a591dad4cb,gx-no-cache=1534444960253 HTTP/1.1" 200 11590
201.215.248.34 - - [16/Aug/2018:15:44:32 -0300] "POST /cormun/servlet/trsolicitudot?8fcf0bcd9eb6557b9e58a8a591dad4cb,gx-no-cache=1534444999419 HTTP/1.1" 200 11593
186.103.157.98 - - [16/Aug/2018:15:44:37 -0300] "POST /cormun/servlet/trpermisosgoce?e3e441aa4e13aed80c169aaf10997fde,,gx-no-cache=1534445000487 HTTP/1.1" 200 4311
186.103.157.98 - - [16/Aug/2018:15:44:52 -0300] "POST /cormun/servlet/trpermisosgoce?e3e441aa4e13aed80c169aaf10997fde,,gx-no-cache=1534445015462 HTTP/1.1" 200 4312
186.103.157.98 - - [16/Aug/2018:15:44:55 -0300] "GET /cormun/servlet/permisogoce?INS,0,,, HTTP/1.1" 200 7121
186.103.157.98 - - [16/Aug/2018:15:44:55 -0300] "GET /cormun/static/gxcfg.js?201776126440 HTTP/1.1" 200 953
186.103.157.98 - - [16/Aug/2018:15:44:55 -0300] "GET /cormun/static/permisogoce.js?2017761264459 HTTP/1.1" 200 27897
186.103.157.98 - - [16/Aug/2018:15:44:55 -0300] "GET /cormun/static/Resources/prompt.gif HTTP/1.1" 200 902
186.103.157.98 - - [16/Aug/2018:15:44:55 -0300] "GET /cormun/servlet/permisogoce?INS,0,,, HTTP/1.1" 200 7122
201.215.248.34 - - [16/Aug/2018:15:44:56 -0300] "POST /cormun/servlet/trsolicitudot?8fcf0bcd9eb6557b9e58a8a591dad4cb,gx-no-cache=1534445022666 HTTP/1.1" 200 4476
201.215.248.34 - - [16/Aug/2018:15:45:02 -0300] "POST /cormun/servlet/trsolicitudot?8fcf0bcd9eb6557b9e58a8a591dad4cb,gx-no-cache=1534445029005 HTTP/1.1" 200 5870
186.103.157.98 - - [16/Aug/2018:15:45:09 -0300] "GET /cormun/servlet/permisogoce?7867a34e7e9f5b85d10e5f7ea69063c5cfa65353b9c003d944c1de997e6b1d0ed5f8eaa705eecf2aa09d493039c3abd0,gx-no-cache=1534445032686 HTTP/1.1" 200 87
201.215.248.34 - - [16/Aug/2018:15:45:09 -0300] "POST /cormun/servlet/trsolicitudot?8fcf0bcd9eb6557b9e58a8a591dad4cb,gx-no-cache=1534445036535 HTTP/1.1" 200 4476
186.103.157.98 - - [16/Aug/2018:15:45:11 -0300] "GET /cormun/static/menuarrow.gif HTTP/1.1" 404 1015
201.215.248.34 - - [16/Aug/2018:15:45:20 -0300] "POST /cormun/servlet/trsolicitudot?8fcf0bcd9eb6557b9e58a8a591dad4cb,gx-no-cache=1534445046994 HTTP/1.1" 200 8053
186.103.157.98 - - [16/Aug/2018:15:45:23 -0300] "GET /cormun/servlet/permisogoce?7867a34e7e9f5b85d10e5f7ea69063c53c374b4e4b2899f06e75dad361cab0b1374ffeff0a8d3ece56499c2d763cad1a9c75cac88d7e95a369a9530ec5b80262,gx-no-cache=1534445046707 HTTP/1.1" 200 47
201.215.248.34 - - [16/Aug/2018:15:45:29 -0300] "POST /cormun/servlet/trsolicitudot?8fcf0bcd9eb6557b9e58a8a591dad4cb,gx-no-cache=1534445056033 HTTP/1.1" 200 6891
186.103.157.98 - - [16/Aug/2018:15:45:32 -0300] "POST /cormun/servlet/permisogoce?e3e441aa4e13aed80c169aaf10997fde,INS,0,,,,gx-no-cache=1534445055888 HTTP/1.1" 200 93
186.103.157.98 - - [16/Aug/2018:15:45:32 -0300] "GET /cormun/servlet/hpexe_return? HTTP/1.1" 200 1007
186.103.157.98 - - [16/Aug/2018:15:45:33 -0300] "GET /cormun/static/gxcfg.js?2016101716175148 HTTP/1.1" 200 953
186.103.157.98 - - [16/Aug/2018:15:45:33 -0300] "GET /cormun/static/hpexe_return.js?2016101716175153 HTTP/1.1" 200 1633
186.103.157.98 - - [16/Aug/2018:15:45:33 -0300] "GET /cormun/static/Resources/Spanish/PXTools.css?167811 HTTP/1.1" 200 89042
186.103.157.98 - - [16/Aug/2018:15:45:33 -0300] "GET /cormun/servlet/trpermisosgoce? HTTP/1.1" 200 8056
186.103.157.98 - - [16/Aug/2018:15:45:34 -0300] "GET /cormun//static/Resources/PXToolsGridUpdate.png HTTP/1.1" 200 2984
186.103.157.98 - - [16/Aug/2018:15:45:34 -0300] "GET /cormun/servlet/trpermisosgoce? HTTP/1.1" 200 8052
201.215.248.34 - - [16/Aug/2018:15:45:36 -0300] "POST /cormun/servlet/trsolicitudot?8fcf0bcd9eb6557b9e58a8a591dad4cb,gx-no-cache=1534445063240 HTTP/1.1" 200 7502
186.103.157.98 - - [16/Aug/2018:15:45:38 -0300] "GET /cormun/servlet/trpermisosadjuntos?9639700,20180816154114,P, HTTP/1.1" 200 6573
186.103.157.98 - - [16/Aug/2018:15:45:38 -0300] "GET /cormun/static/gxcfg.js?201762817193957 HTTP/1.1" 200 953
186.103.157.98 - - [16/Aug/2018:15:45:38 -0300] "GET /cormun/static/trpermisosadjuntos.js?201762817194366 HTTP/1.1" 200 20158
186.103.157.98 - - [16/Aug/2018:15:45:38 -0300] "GET /cormun/servlet/trpermisosadjuntos?9639700,20180816154114,P, HTTP/1.1" 200 6572
186.103.157.98 - - [16/Aug/2018:15:45:41 -0300] "GET /cormun/servlet/permisosadjuntos?INS,9639700,P,20180816154114,, HTTP/1.1" 200 5902
186.103.157.98 - - [16/Aug/2018:15:45:41 -0300] "GET /cormun/static/gxcfg.js?201762717441171 HTTP/1.1" 200 953
186.103.157.98 - - [16/Aug/2018:15:45:41 -0300] "GET /cormun/static/permisosadjuntos.js?201762717441184 HTTP/1.1" 200 8724
186.103.157.98 - - [16/Aug/2018:15:45:41 -0300] "GET /cormun/static/about:blank HTTP/1.1" 404 1011
186.103.157.98 - - [16/Aug/2018:15:45:42 -0300] "GET /cormun/servlet/permisosadjuntos?INS,9639700,P,20180816154114,, HTTP/1.1" 200 5891
201.215.248.34 - - [16/Aug/2018:15:45:44 -0300] "POST /cormun/servlet/trsolicitudot?8fcf0bcd9eb6557b9e58a8a591dad4cb,gx-no-cache=1534445071421 HTTP/1.1" 200 11594
186.103.159.182 - - [16/Aug/2018:15:45:45 -0300] "GET /cormun/servlet/trsolicitudot? HTTP/1.1" 200 8846
186.103.159.182 - - [16/Aug/2018:15:45:49 -0300] "GET /cormun/servlet/trsolicitudot? HTTP/1.1" 200 8846
201.215.248.34 - - [16/Aug/2018:15:45:52 -0300] "POST /cormun/servlet/trsolicitudot?8fcf0bcd9eb6557b9e58a8a591dad4cb,gx-no-cache=1534445078779 HTTP/1.1" 200 8484
201.215.248.34 - - [16/Aug/2018:15:45:59 -0300] "POST /cormun/servlet/trsolicitudot?8fcf0bcd9eb6557b9e58a8a591dad4cb,gx-no-cache=1534445086092 HTTP/1.1" 200 8950
186.103.157.98 - - [16/Aug/2018:15:46:02 -0300] "POST /cormun/servlet/permisosadjuntos?e3e441aa4e13aed80c169aaf10997fde,INS,9639700,P,20180816154114,, HTTP/1.1" 200 116
186.103.157.98 - - [16/Aug/2018:15:46:02 -0300] "GET /cormun/servlet/hpexe_return? HTTP/1.1" 200 1032
186.103.157.98 - - [16/Aug/2018:15:46:02 -0300] "GET /cormun/servlet/trpermisosadjuntos?9639700,20180816154114,P, HTTP/1.1" 200 7070
186.103.157.98 - - [16/Aug/2018:15:46:02 -0300] "GET /cormun/servlet/trpermisosadjuntos?9639700,20180816154114,P, HTTP/1.1" 200 7067
186.103.159.182 - - [16/Aug/2018:15:46:04 -0300] "POST /cormun/servlet/trsolicitudot?1771360915488b8f62efb294cb039cbd,,gx-no-cache=1534444975519 HTTP/1.1" 200 6921
186.103.159.182 - - [16/Aug/2018:15:46:16 -0300] "GET /cormun/servlet/vesolicitudot?2018,10440,, HTTP/1.1" 200 8638
186.103.159.182 - - [16/Aug/2018:15:46:16 -0300] "GET /cormun/pexe_scrolldiv.js HTTP/1.1" 404 1009
186.103.157.98 - - [16/Aug/2018:15:46:16 -0300] "POST /cormun/servlet/trpermisosadjuntos?e3e441aa4e13aed80c169aaf10997fde,9639700,20180816154114,P,,gx-no-cache=1534445099935 HTTP/1.1" 200 90
186.103.157.98 - - [16/Aug/2018:15:46:16 -0300] "GET /cormun/servlet/hpexe_link HTTP/1.1" 200 978
186.103.157.98 - - [16/Aug/2018:15:46:16 -0300] "GET /cormun/servlet/trpermisosgoce HTTP/1.1" 200 8053
186.103.159.182 - - [16/Aug/2018:15:46:16 -0300] "GET /cormun/pexe_scrolldiv.js HTTP/1.1" 404 1009
186.103.157.98 - - [16/Aug/2018:15:46:17 -0300] "GET /cormun/servlet/trpermisosgoce HTTP/1.1" 200 8052
186.103.159.182 - - [16/Aug/2018:15:46:18 -0300] "GET /cormun/servlet/vesolicitudot?2018,10440,, HTTP/1.1" 200 8634
201.215.248.34 - - [16/Aug/2018:15:46:23 -0300] "POST /cormun/servlet/trsolicitudot?8fcf0bcd9eb6557b9e58a8a591dad4cb,gx-no-cache=1534445109575 HTTP/1.1" 200 11594
201.215.248.34 - - [16/Aug/2018:15:46:39 -0300] "GET /cormun/servlet/solicitudot?INS,0,0, HTTP/1.1" 200 13700
201.215.248.34 - - [16/Aug/2018:15:46:41 -0300] "GET /cormun/servlet/solicitudot?INS,0,0, HTTP/1.1" 200 13705
201.215.248.34 - - [16/Aug/2018:15:46:50 -0300] "POST /cormun/servlet/solicitudot?gx-no-cache=1534445136777 HTTP/1.1" 200 3316
201.215.248.34 - - [16/Aug/2018:15:46:50 -0300] "POST /cormun/servlet/solicitudot?8fcf0bcd9eb6557b9e58a8a591dad4cb,INS,0,0,,gx-no-cache=1534445137051 HTTP/1.1" 200 10484
201.215.248.34 - - [16/Aug/2018:15:46:58 -0300] "GET /cormun/servlet/solicitudot?ad79dd73041bb4e241c8bbab9d7b3b89113f73decc3fad4cbc3211f7420c272f7319159246e2d836d6df9511ab02ec30,gx-no-cache=1534445145738 HTTP/1.1" 200 30
186.103.157.98 - - [16/Aug/2018:15:46:59 -0300] "POST /cormun/servlet/trpermisosgoce?e3e441aa4e13aed80c169aaf10997fde,gx-no-cache=1534445143122 HTTP/1.1" 200 5180
186.103.157.98 - - [16/Aug/2018:15:46:59 -0300] "GET /cormun/static/Shared/jqueryui/images/ui-bg_highlight-soft_100_c6c2c8_1x100.png HTTP/1.1" 404 1117
186.103.157.98 - - [16/Aug/2018:15:46:59 -0300] "GET /cormun/static/Shared/jqueryui/images/ui-icons_82798d_256x240.png HTTP/1.1" 404 1089
186.103.157.98 - - [16/Aug/2018:15:46:59 -0300] "GET /cormun/static/Shared/jqueryui/images/ui-icons_8d78a5_256x240.png HTTP/1.1" 404 1089
186.103.157.98 - - [16/Aug/2018:15:46:59 -0300] "GET /cormun/static/Shared/jqueryui/images/ui-bg_flat_55_fafafa_40x100.png HTTP/1.1" 404 1097
186.103.157.98 - - [16/Aug/2018:15:47:12 -0300] "GET /cormun/servlet/trpermisosgoce? HTTP/1.1" 200 8033
186.103.157.98 - - [16/Aug/2018:15:47:12 -0300] "GET /cormun/servlet/trpermisosgoce? HTTP/1.1" 200 8033
186.103.157.98 - - [16/Aug/2018:15:47:21 -0300] "GET /cormun/static/menuarrow.gif HTTP/1.1" 404 1015
186.103.157.98 - - [16/Aug/2018:15:47:31 -0300] "GET /cormun/servlet/trautorizarpermisogoce? HTTP/1.1" 200 7941
186.103.157.98 - - [16/Aug/2018:15:47:31 -0300] "GET /cormun/servlet/trautorizarpermisogoce? HTTP/1.1" 200 7940
186.103.157.98 - - [16/Aug/2018:15:47:35 -0300] "GET /cormun/static/menuarrow.gif HTTP/1.1" 404 1015
201.215.248.34 - - [16/Aug/2018:15:47:52 -0300] "GET /cormun/servlet/hlogin HTTP/1.1" 200 1747
192.168.10.50 - - [16/Aug/2018:15:47:53 -0300] "GET /cormun/servlet/hlogin HTTP/1.1" 200 1721
192.168.10.50 - - [16/Aug/2018:15:47:55 -0300] "POST /cormun/servlet/hlogin?e31da3fd505c16ed927404811044e711,gx-no-cache=1534445055187 HTTP/1.1" 200 90
192.168.10.50 - - [16/Aug/2018:15:47:55 -0300] "GET /cormun/servlet/hpexe_link HTTP/1.1" 200 959
192.168.10.50 - - [16/Aug/2018:15:47:55 -0300] "GET /cormun/servlet/trautorizarcursodirector HTTP/1.1" 200 6932
192.168.10.50 - - [16/Aug/2018:15:47:56 -0300] "GET /cormun/servlet/trautorizarcursodirector HTTP/1.1" 200 6930
186.103.159.182 - - [16/Aug/2018:15:47:58 -0300] "GET /cormun/servlet/trsolicitudot? HTTP/1.1" 200 9910
186.103.159.182 - - [16/Aug/2018:15:48:04 -0300] "GET /cormun/servlet/trsolicitudot? HTTP/1.1" 200 9911
186.103.157.98 - - [16/Aug/2018:15:48:09 -0300] "POST /cormun/servlet/trautorizarpermisogoce?e3e441aa4e13aed80c169aaf10997fde,,gx-no-cache=1534445212282 HTTP/1.1" 200 4252
186.103.157.98 - - [16/Aug/2018:15:48:22 -0300] "GET /cormun/servlet/trpermisosgoce? HTTP/1.1" 200 8033
186.103.157.98 - - [16/Aug/2018:15:48:23 -0300] "GET /cormun/servlet/trpermisosgoce? HTTP/1.1" 200 8033
186.103.157.98 - - [16/Aug/2018:15:48:37 -0300] "POST /cormun/servlet/trpermisosgoce?e3e441aa4e13aed80c169aaf10997fde,,gx-no-cache=1534445241098 HTTP/1.1" 200 4315
186.103.157.98 - - [16/Aug/2018:15:48:41 -0300] "GET /cormun/servlet/permisogoce?INS,0,,, HTTP/1.1" 200 7122
186.103.157.98 - - [16/Aug/2018:15:48:41 -0300] "GET /cormun/servlet/permisogoce?INS,0,,, HTTP/1.1" 200 7122
186.103.157.98 - - [16/Aug/2018:15:48:49 -0300] "GET /cormun/servlet/permisogoce?7867a34e7e9f5b85d10e5f7ea69063c5869b641b395766ca1cea0a2e72ef6e4200bed2c497349f90bacf90c276ebe099e9ed1473797664e173924478084d94ca,gx-no-cache=1534445253148 HTTP/1.1" 200 85
186.103.157.98 - - [16/Aug/2018:15:48:51 -0300] "GET /cormun/static/menuarrow.gif HTTP/1.1" 404 1015
186.103.157.98 - - [16/Aug/2018:15:49:01 -0300] "GET /cormun/servlet/permisogoce?7867a34e7e9f5b85d10e5f7ea69063c58c9a45437354fc5503083c0f41c301e6d7f44e14b05f2a3d5c5e182b1ce4fb8ed0395a7269f82d60493770749954c251,gx-no-cache=1534445265197 HTTP/1.1" 200 47
186.103.157.98 - - [16/Aug/2018:15:49:06 -0300] "POST /cormun/servlet/permisogoce?e3e441aa4e13aed80c169aaf10997fde,INS,0,,,,gx-no-cache=1534445269936 HTTP/1.1" 200 93
186.103.157.98 - - [16/Aug/2018:15:49:06 -0300] "GET /cormun/servlet/hpexe_return? HTTP/1.1" 200 1007
186.103.157.98 - - [16/Aug/2018:15:49:07 -0300] "GET /cormun/servlet/trpermisosgoce? HTTP/1.1" 200 8058
186.103.157.98 - - [16/Aug/2018:15:49:07 -0300] "GET /cormun/servlet/trpermisosgoce? HTTP/1.1" 200 8054
186.103.157.98 - - [16/Aug/2018:15:49:12 -0300] "GET /cormun/servlet/trpermisosadjuntos?15525765,20180816154500,P, HTTP/1.1" 200 6570
186.103.157.98 - - [16/Aug/2018:15:49:13 -0300] "GET /cormun/servlet/trpermisosadjuntos?15525765,20180816154500,P, HTTP/1.1" 200 6570
186.103.157.98 - - [16/Aug/2018:15:49:15 -0300] "GET /cormun/servlet/permisosadjuntos?INS,15525765,P,20180816154500,, HTTP/1.1" 200 5898
186.103.157.98 - - [16/Aug/2018:15:49:15 -0300] "GET /cormun/static/about:blank HTTP/1.1" 404 1011
186.103.157.98 - - [16/Aug/2018:15:49:15 -0300] "GET /cormun/servlet/permisosadjuntos?INS,15525765,P,20180816154500,, HTTP/1.1" 200 5888
186.103.159.187 - - [16/Aug/2018:15:49:22 -0300] "GET /cormun/servlet/hhome HTTP/1.1" 200 3410
186.103.159.187 - - [16/Aug/2018:15:49:22 -0300] "GET /cormun/servlet/hhome HTTP/1.1" 200 3410
186.103.159.187 - - [16/Aug/2018:15:49:24 -0300] "GET /cormun/servlet/hhome HTTP/1.1" 200 3420
186.103.159.187 - - [16/Aug/2018:15:49:24 -0300] "GET /cormun/servlet/hlogin HTTP/1.1" 200 1735
186.103.157.98 - - [16/Aug/2018:15:49:29 -0300] "POST /cormun/servlet/permisosadjuntos?e3e441aa4e13aed80c169aaf10997fde,INS,15525765,P,20180816154500,, HTTP/1.1" 200 116
186.103.157.98 - - [16/Aug/2018:15:49:29 -0300] "GET /cormun/servlet/hpexe_return? HTTP/1.1" 200 1034
186.103.157.98 - - [16/Aug/2018:15:49:29 -0300] "GET /cormun/servlet/trpermisosadjuntos?15525765,20180816154500,P, HTTP/1.1" 200 7077
186.103.157.98 - - [16/Aug/2018:15:49:30 -0300] "GET /cormun/servlet/trpermisosadjuntos?15525765,20180816154500,P, HTTP/1.1" 200 7074
186.103.159.187 - - [16/Aug/2018:15:50:00 -0300] "POST /cormun/servlet/hlogin?65c115b27e96efd1e71d8d7766ded1f3,gx-no-cache=1534448961469 HTTP/1.1" 200 446
186.103.159.187 - - [16/Aug/2018:15:50:05 -0300] "POST /cormun/servlet/hlogin?65c115b27e96efd1e71d8d7766ded1f3,gx-no-cache=1534448966223 HTTP/1.1" 200 90
186.103.159.187 - - [16/Aug/2018:15:50:05 -0300] "GET /cormun/servlet/hpexe_link HTTP/1.1" 200 954
186.103.159.187 - - [16/Aug/2018:15:50:05 -0300] "GET /cormun/servlet/hhome HTTP/1.1" 200 3916
186.103.159.187 - - [16/Aug/2018:15:50:06 -0300] "GET /cormun/servlet/hhome HTTP/1.1" 200 3913
186.103.159.187 - - [16/Aug/2018:15:50:11 -0300] "GET /cormun/servlet/trsolicitudot? HTTP/1.1" 200 8505
186.103.159.187 - - [16/Aug/2018:15:50:12 -0300] "GET /cormun/servlet/trsolicitudot? HTTP/1.1" 200 8503
186.103.159.187 - - [16/Aug/2018:15:50:16 -0300] "GET /cormun/servlet/solicitudot?INS,0,0, HTTP/1.1" 200 13393
186.103.159.187 - - [16/Aug/2018:15:50:17 -0300] "GET /cormun/servlet/solicitudot?INS,0,0, HTTP/1.1" 200 13398
186.103.159.187 - - [16/Aug/2018:15:50:50 -0300] "POST /cormun/servlet/solicitudot?gx-no-cache=1534449011932 HTTP/1.1" 200 3308
186.103.159.187 - - [16/Aug/2018:15:50:50 -0300] "POST /cormun/servlet/solicitudot?65c115b27e96efd1e71d8d7766ded1f3,INS,0,0,,gx-no-cache=1534449012123 HTTP/1.1" 200 10300
186.103.159.187 - - [16/Aug/2018:15:50:58 -0300] "GET /cormun/servlet/prfichaempleado?,MD,,gxPopupLevel%3D0%3B HTTP/1.1" 200 9252
186.103.159.187 - - [16/Aug/2018:15:51:13 -0300] "POST /cormun/servlet/prfichaempleado?65c115b27e96efd1e71d8d7766ded1f3,,MD,,gxPopupLevel%3D0%3B,gx-no-cache=1534449034530 HTTP/1.1" 200 3187
186.103.159.187 - - [16/Aug/2018:15:51:43 -0300] "POST /cormun/servlet/prfichaempleado?65c115b27e96efd1e71d8d7766ded1f3,,MD,,gxPopupLevel%3D0%3B,gx-no-cache=1534449064590 HTTP/1.1" 200 3187
186.103.159.182 - - [16/Aug/2018:15:51:43 -0300] "GET /cormun/servlet/trlicencias? HTTP/1.1" 200 9439
186.103.159.182 - - [16/Aug/2018:15:51:46 -0300] "GET /cormun/servlet/trlicencias? HTTP/1.1" 200 9438
201.215.248.34 - - [16/Aug/2018:15:51:55 -0300] "POST /cormun/servlet/hlogin?8fcf0bcd9eb6557b9e58a8a591dad4cb,gx-no-cache=1534445441974 HTTP/1.1" 200 90
201.215.248.34 - - [16/Aug/2018:15:51:55 -0300] "GET /cormun/servlet/hpexe_link HTTP/1.1" 200 965
201.215.248.34 - - [16/Aug/2018:15:51:56 -0300] "GET /cormun/servlet/solicitudot?INS,0,0, HTTP/1.1" 200 13700
201.215.248.34 - - [16/Aug/2018:15:51:57 -0300] "GET /cormun/servlet/solicitudot?INS,0,0, HTTP/1.1" 200 13704
201.215.248.34 - - [16/Aug/2018:15:52:09 -0300] "POST /cormun/servlet/solicitudot?gx-no-cache=1534445456341 HTTP/1.1" 200 3316
201.215.248.34 - - [16/Aug/2018:15:52:09 -0300] "POST /cormun/servlet/solicitudot?8fcf0bcd9eb6557b9e58a8a591dad4cb,INS,0,0,,gx-no-cache=1534445456733 HTTP/1.1" 200 10498
201.215.248.34 - - [16/Aug/2018:15:52:15 -0300] "GET /cormun/servlet/solicitudot?ad79dd73041bb4e241c8bbab9d7b3b89113f73decc3fad4cbc3211f7420c272f7319159246e2d836d6df9511ab02ec30,gx-no-cache=1534445461838 HTTP/1.1" 200 30
201.215.248.34 - - [16/Aug/2018:15:53:48 -0300] "GET /cormun/static/Resources/resize.gif HTTP/1.1" 200 77
201.215.248.34 - - [16/Aug/2018:15:53:48 -0300] "GET /cormun/servlet/prbanco?,MD,,gxPopupLevel%3D0%3B HTTP/1.1" 200 6679
201.215.248.34 - - [16/Aug/2018:15:53:48 -0300] "GET /cormun/static/gxcfg.js?20181161016094 HTTP/1.1" 200 953
186.79.8.114 - - [16/Aug/2018:15:53:48 -0300] "GET /cormun/static/Resources/PXToolsMenuSearch.png HTTP/1.1" 200 2914
201.215.248.34 - - [16/Aug/2018:15:53:48 -0300] "GET /cormun/static/Resources/PXToolsMenuSearchCancel.png HTTP/1.1" 200 2972
186.79.8.114 - - [16/Aug/2018:15:53:53 -0300] "GET /cormun/servlet/solicitudot?ad79dd73041bb4e241c8bbab9d7b3b8921b92b310d7e6e16f18fc60ad613118cc37fb124532e80ffcd90e5dcb5be673ffd042732c66c0c92c4df5bd45006bdb4,gx-no-cache=1534445560698 HTTP/1.1" 200 30
186.79.8.114 - - [16/Aug/2018:15:53:55 -0300] "GET /cormun/servlet/solicitudot?ad79dd73041bb4e241c8bbab9d7b3b895f62ab5c431228fa99646504dcecf312,gx-no-cache=1534445562232 HTTP/1.1" 200 53
186.79.8.114 - - [16/Aug/2018:15:54:17 -0300] "POST /cormun/servlet/solicitudot?gx-no-cache=1534445584590 HTTP/1.1" 200 255
200.72.197.82 - - [16/Aug/2018:15:54:20 -0300] "GET /cormun/servlet/hlogin HTTP/1.1" 200 1721
200.72.197.82 - - [16/Aug/2018:15:54:22 -0300] "POST /cormun/servlet/hlogin?83c2e2a5029a0b5718cabb0c030da033,gx-no-cache=1534445587387 HTTP/1.1" 200 90
200.72.197.82 - - [16/Aug/2018:15:54:22 -0300] "GET /cormun/servlet/hpexe_link HTTP/1.1" 200 951
200.72.197.82 - - [16/Aug/2018:15:54:22 -0300] "GET /cormun/servlet/hhome HTTP/1.1" 200 4001
190.151.100.218 - - [16/Aug/2018:15:54:23 -0300] "GET /cormun/static/gxcfg.js?20175251212442 HTTP/1.1" 200 953
200.72.197.82 - - [16/Aug/2018:15:54:23 -0300] "GET /cormun/static/hhome.js?20175251212450 HTTP/1.1" 200 777
200.72.197.82 - - [16/Aug/2018:15:54:23 -0300] "GET /cormun/servlet/hhome HTTP/1.1" 200 3997
186.79.8.114 - - [16/Aug/2018:15:54:23 -0300] "GET /cormun/servlet/solicitudot?ad79dd73041bb4e241c8bbab9d7b3b89dee47d8bbcc03774fda011d9e20cef3d97d0a2e06b064049a148ef9f97c6c681b52097d4b89f2343176da59248d53c4eb8edfd257cebc3c16d8ea5409b25d9f4fcf6a3bf80f33088fa24195a11f63b2c6ef1bccf173fe595f8a9344b12c3b6af3a5238816b5d36d892c63c7a34fc321c159810e14143132eee9e5afc2ef5d0c8d8dbea45747b1cde056e7167701b55b4e66aaebdd086a6cbaa632cfe40af77ab8ce003ede7039f1b8f550049a03a61b9feacae25c83871c13f118ac5a43b5d7338ffbd09058b3a784933fdc8ab6a559682f202afdcb0a578b6fa8bf55331aa44ca0220a44591a5779a228bc4b48f44c30092f769fe006a1bfca123d0cc748bacba76f2dbbbf51698c7c6959a3dd3bcfa466247ece4d4f578693408c025da134b0c9243404e3d30252b90b44d4b9e903266416bc0fb8d35db082b5a31ed894bc22af43e2a0b16dcae6419ef76f4a8679843728c8a7687457bf36da5106a6bcbbe402c826682df89f4fa813273bafbd2d9,gx-no-cache=1534445590680 HTTP/1.1" 200 30
200.72.197.82 - - [16/Aug/2018:15:54:25 -0300] "GET /cormun/servlet/trpermisosgoce? HTTP/1.1" 200 9776
200.72.197.82 - - [16/Aug/2018:15:54:26 -0300] "GET /cormun/servlet/trpermisosgoce? HTTP/1.1" 200 9770
186.79.8.114 - - [16/Aug/2018:15:54:26 -0300] "POST /cormun/servlet/solicitudot?gx-no-cache=1534445592958 HTTP/1.1" 200 30
186.79.8.114 - - [16/Aug/2018:15:54:26 -0300] "POST /cormun/servlet/solicitudot?gx-no-cache=1534445593224 HTTP/1.1" 200 1377
186.79.8.114 - - [16/Aug/2018:15:54:26 -0300] "POST /cormun/servlet/solicitudot?gx-no-cache=1534445593614 HTTP/1.1" 200 38
186.79.8.114 - - [16/Aug/2018:15:54:41 -0300] "POST /cormun/servlet/solicitudot?gx-no-cache=1534445607907 HTTP/1.1" 200 1377
186.79.8.114 - - [16/Aug/2018:15:54:42 -0300] "POST /cormun/servlet/solicitudot?gx-no-cache=1534445608783 HTTP/1.1" 200 38
190.151.100.218 - - [16/Aug/2018:15:55:07 -0300] "GET /cormun/servlet/trpermisosgoce? HTTP/1.1" 200 9780
190.151.100.218 - - [16/Aug/2018:15:55:08 -0300] "GET /cormun/servlet/trpermisosgoce? HTTP/1.1" 200 9789
190.151.100.218 - - [16/Aug/2018:15:55:10 -0300] "GET /cormun/servlet/permisogoce?INS,0,,, HTTP/1.1" 200 6841
186.10.12.250 - - [16/Aug/2018:15:55:11 -0300] "GET /cormun/static/gxcfg.js?201776126440 HTTP/1.1" 200 953
190.151.100.218 - - [16/Aug/2018:15:55:11 -0300] "GET /cormun/static/permisogoce.js?2017761264459 HTTP/1.1" 200 27897
190.151.100.218 - - [16/Aug/2018:15:55:12 -0300] "GET /cormun/servlet/permisogoce?INS,0,,, HTTP/1.1" 200 6841
186.10.12.250 - - [16/Aug/2018:15:55:13 -0300] "GET /cormun/static/Resources/resize.gif HTTP/1.1" 200 77
186.10.12.250 - - [16/Aug/2018:15:55:14 -0300] "GET /cormun/servlet/prfichaempleado?,MD,,gxPopupLevel%3D0%3B HTTP/1.1" 200 9354
186.10.12.250 - - [16/Aug/2018:15:55:14 -0300] "GET /cormun/static/gxcfg.js?20177612134814 HTTP/1.1" 200 953
186.10.12.250 - - [16/Aug/2018:15:55:14 -0300] "GET /cormun/static/Resources/PXToolsMenuSearch.png HTTP/1.1" 200 2914
186.103.161.206 - - [16/Aug/2018:15:55:14 -0300] "GET /cormun/static/Resources/PXToolsMenuSearchCancel.png HTTP/1.1" 200 2972
192.168.10.50 - - [16/Aug/2018:15:55:40 -0300] "GET /cormun/servlet/hlogin HTTP/1.1" 200 1721
192.168.10.50 - - [16/Aug/2018:15:55:42 -0300] "POST /cormun/servlet/hlogin?e31da3fd505c16ed927404811044e711,gx-no-cache=1534445522180 HTTP/1.1" 200 90
192.168.10.50 - - [16/Aug/2018:15:55:42 -0300] "GET /cormun/servlet/hpexe_link HTTP/1.1" 200 959
192.168.10.50 - - [16/Aug/2018:15:55:42 -0300] "GET /cormun/servlet/trautorizarcursodirector HTTP/1.1" 200 6932
192.168.10.50 - - [16/Aug/2018:15:55:43 -0300] "GET /cormun/servlet/trautorizarcursodirector HTTP/1.1" 200 6930
192.168.10.50 - - [16/Aug/2018:15:55:48 -0300] "GET /cormun/servlet/trlicenciasaviso? HTTP/1.1" 200 13611
192.168.10.50 - - [16/Aug/2018:15:55:48 -0300] "GET /cormun/static/gxcfg.js?20177612222270 HTTP/1.1" 200 953
192.168.10.50 - - [16/Aug/2018:15:55:48 -0300] "GET /cormun/static/Resources/PXToolsAddAllStandardAction.png HTTP/1.1" 304 -
192.168.10.50 - - [16/Aug/2018:15:55:48 -0300] "GET /cormun/static/Resources/PXToolsRemoveAllStandardAction.png HTTP/1.1" 304 -
192.168.10.50 - - [16/Aug/2018:15:55:48 -0300] "GET /cormun/static/trlicenciasaviso.js?2017761222281 HTTP/1.1" 200 37125
192.168.10.50 - - [16/Aug/2018:15:55:48 -0300] "GET /cormun//static/Resources/PXToolsHeaderHelp.png HTTP/1.1" 200 4055
192.168.10.50 - - [16/Aug/2018:15:55:48 -0300] "GET /cormun/servlet/trlicenciasaviso? HTTP/1.1" 200 13609
192.168.10.50 - - [16/Aug/2018:15:55:49 -0300] "POST /cormun/servlet/acontrolpreferencessavestate?None,MRAMOS,true HTTP/1.1" 200 35
186.103.161.206 - - [16/Aug/2018:15:55:51 -0300] "POST /cormun/servlet/prfichaempleado?83c2e2a5029a0b5718cabb0c030da033,,MD,,gxPopupLevel%3D0%3B,gx-no-cache=1534445676073 HTTP/1.1" 200 3429
186.103.161.206 - - [16/Aug/2018:15:55:54 -0300] "GET /cormun/servlet/permisogoce?6399533244b6cdf72ce97797044c7c7910e3a95dfdc4218fdd1651a22a7a41faf4c478ad0301934004d958ef22cb3ab49e1bc0128e1e535c4d1187f14710088f,gx-no-cache=1534445679760 HTTP/1.1" 200 84
186.103.161.206 - - [16/Aug/2018:15:55:54 -0300] "GET /cormun/static/menuarrow.gif HTTP/1.1" 404 1015
201.215.248.34 - - [16/Aug/2018:15:55:58 -0300] "GET /cormun/servlet/solicitudot?ad79dd73041bb4e241c8bbab9d7b3b8948091d00e4eb6b19288d0b89d2f164c9735530531d7addaefe52c4adbc56328cc61a968d0808529c1002c02c0f79866f62484fdcbdd820be71b323b530ebc24e2b19b005a146e64b8d415ab6875e7ceebb1cdb94dfbda3f2578e0584b9ae938d,gx-no-cache=1534445685761 HTTP/1.1" 200 29
201.215.248.34 - - [16/Aug/2018:15:55:59 -0300] "POST /cormun/servlet/solicitudot?gx-no-cache=1534445685917 HTTP/1.1" 200 1357
201.215.248.34 - - [16/Aug/2018:15:55:59 -0300] "POST /cormun/servlet/solicitudot?gx-no-cache=1534445686098 HTTP/1.1" 200 1257
201.215.248.34 - - [16/Aug/2018:15:55:59 -0300] "GET /cormun/static/menuarrow.gif HTTP/1.1" 404 1015
186.103.161.206 - - [16/Aug/2018:15:56:02 -0300] "GET /cormun/servlet/permisogoce?6399533244b6cdf72ce97797044c7c79b5033ae60dc2cfb2789618ee07eca6573bf56b158a382e2150aed27f966ea6b9be28bad3ffb674e4a5f527d5897e1d77,gx-no-cache=1534445687325 HTTP/1.1" 200 47
186.103.161.206 - - [16/Aug/2018:15:56:06 -0300] "POST /cormun/servlet/permisogoce?83c2e2a5029a0b5718cabb0c030da033,INS,0,,,,gx-no-cache=1534445690656 HTTP/1.1" 200 93
186.103.161.206 - - [16/Aug/2018:15:56:06 -0300] "GET /cormun/servlet/hpexe_return? HTTP/1.1" 200 1010
190.151.100.218 - - [16/Aug/2018:15:56:06 -0300] "GET /cormun/static/gxcfg.js?2016101716175148 HTTP/1.1" 200 953
186.103.161.206 - - [16/Aug/2018:15:56:06 -0300] "GET /cormun/static/Resources/Spanish/PXTools.css?167811 HTTP/1.1" 200 89042
186.103.161.206 - - [16/Aug/2018:15:56:06 -0300] "GET /cormun/servlet/trpermisosgoce HTTP/1.1" 200 10044
201.215.248.34 - - [16/Aug/2018:15:56:06 -0300] "POST /cormun/servlet/solicitudot?gx-no-cache=1534445693393 HTTP/1.1" 200 1357
201.215.248.34 - - [16/Aug/2018:15:56:06 -0300] "POST /cormun/servlet/solicitudot?gx-no-cache=1534445693511 HTTP/1.1" 200 1257
186.103.161.206 - - [16/Aug/2018:15:56:07 -0300] "GET /cormun/servlet/trpermisosgoce HTTP/1.1" 200 10035
201.215.248.34 - - [16/Aug/2018:15:56:09 -0300] "GET /cormun/servlet/solicitudot?ad79dd73041bb4e241c8bbab9d7b3b89c0fb2e9615b2a65309bdb349e6a8e9b849d718aaea47e9b21dc099bfec837ef2,gx-no-cache=1534445695970 HTTP/1.1" 200 30
201.215.248.34 - - [16/Aug/2018:15:56:11 -0300] "POST /cormun/servlet/solicitudot?gx-no-cache=1534445698471 HTTP/1.1" 200 30
190.151.100.218 - - [16/Aug/2018:15:56:12 -0300] "GET /cormun/servlet/apermisogoceprn?15993655,P,20180816155130,PU HTTP/1.1" 200 1670
186.103.159.182 - - [16/Aug/2018:15:56:14 -0300] "POST /cormun/servlet/trsolicitudot?1771360915488b8f62efb294cb039cbd,,gx-no-cache=1534445587661 HTTP/1.1" 200 24017
186.103.159.182 - - [16/Aug/2018:15:56:15 -0300] "GET /cormun/static/Resources/PXToolsGridNext.gif HTTP/1.1" 200 369
186.103.159.182 - - [16/Aug/2018:15:56:15 -0300] "GET /cormun/static/Resources/PXToolsGridLast.gif HTTP/1.1" 200 370
192.168.10.50 - - [16/Aug/2018:15:56:16 -0300] "GET /cormun/servlet/trpermisosgeneralesgoce? HTTP/1.1" 200 17992
192.168.10.50 - - [16/Aug/2018:15:56:16 -0300] "GET /cormun/static/gxcfg.js?20176272065695 HTTP/1.1" 200 953
192.168.10.50 - - [16/Aug/2018:15:56:16 -0300] "GET /cormun/static/trpermisosgeneralesgoce.js?201762720718 HTTP/1.1" 200 30422
192.168.10.50 - - [16/Aug/2018:15:56:17 -0300] "GET /cormun/servlet/trpermisosgeneralesgoce? HTTP/1.1" 200 17992
192.168.10.50 - - [16/Aug/2018:15:56:18 -0300] "POST /cormun/servlet/acontrolpreferencessavestate?None,MRAMOS,true HTTP/1.1" 200 35
201.215.248.34 - - [16/Aug/2018:15:56:27 -0300] "POST /cormun/servlet/solicitudot?8fcf0bcd9eb6557b9e58a8a591dad4cb,INS,0,0,,gx-no-cache=1534445713792 HTTP/1.1" 200 93
201.215.248.34 - - [16/Aug/2018:15:56:27 -0300] "GET /cormun/servlet/hpexe_return? HTTP/1.1" 200 1032
201.215.248.34 - - [16/Aug/2018:15:56:28 -0300] "GET /cormun/servlet/trsolicitudot?gx-no-cache=1534445109575 HTTP/1.1" 200 14770
186.10.12.250 - - [16/Aug/2018:15:56:29 -0300] "GET /cormun/servlet/permisogoce?INS,0,,, HTTP/1.1" 200 6842
201.215.248.34 - - [16/Aug/2018:15:56:29 -0300] "GET /cormun/servlet/trsolicitudot?gx-no-cache=1534445109575 HTTP/1.1" 200 14787
186.10.12.250 - - [16/Aug/2018:15:56:30 -0300] "GET /cormun/servlet/permisogoce?INS,0,,, HTTP/1.1" 200 6842
186.10.12.250 - - [16/Aug/2018:15:56:32 -0300] "GET /cormun/servlet/prfichaempleado?,MD,,gxPopupLevel%3D0%3B HTTP/1.1" 200 9354
186.103.157.98 - - [16/Aug/2018:15:56:34 -0300] "POST /cormun/servlet/trpermisosadjuntos?e3e441aa4e13aed80c169aaf10997fde,15525765,20180816154500,P,,gx-no-cache=1534445717561 HTTP/1.1" 200 90
186.103.157.98 - - [16/Aug/2018:15:56:34 -0300] "GET /cormun/servlet/hpexe_link HTTP/1.1" 200 980
186.103.157.98 - - [16/Aug/2018:15:56:34 -0300] "GET /cormun/servlet/trpermisosgoce HTTP/1.1" 200 8055
186.103.157.98 - - [16/Aug/2018:15:56:35 -0300] "GET /cormun/servlet/trpermisosgoce HTTP/1.1" 200 8054
201.215.248.34 - - [16/Aug/2018:15:56:42 -0300] "GET /cormun/servlet/vesolicitudot?2018,12046,, HTTP/1.1" 200 8614
201.215.248.34 - - [16/Aug/2018:15:56:42 -0300] "GET /cormun/pexe_scrolldiv.js HTTP/1.1" 404 1009
186.103.157.98 - - [16/Aug/2018:15:56:43 -0300] "POST /cormun/servlet/trpermisosgoce?e3e441aa4e13aed80c169aaf10997fde,gx-no-cache=1534445726139 HTTP/1.1" 200 5185
186.103.157.98 - - [16/Aug/2018:15:56:43 -0300] "GET /cormun/static/Shared/jqueryui/images/ui-icons_82798d_256x240.png HTTP/1.1" 404 1089
186.103.157.98 - - [16/Aug/2018:15:56:43 -0300] "GET /cormun/static/Shared/jqueryui/images/ui-bg_highlight-soft_100_c6c2c8_1x100.png HTTP/1.1" 404 1117
186.103.157.98 - - [16/Aug/2018:15:56:43 -0300] "GET /cormun/static/Shared/jqueryui/images/ui-icons_8d78a5_256x240.png HTTP/1.1" 404 1089
186.103.157.98 - - [16/Aug/2018:15:56:43 -0300] "GET /cormun/static/Shared/jqueryui/images/ui-bg_flat_55_fafafa_40x100.png HTTP/1.1" 404 1097
201.215.248.34 - - [16/Aug/2018:15:56:43 -0300] "GET /cormun/servlet/vesolicitudot?2018,12046,, HTTP/1.1" 200 8591
186.103.159.182 - - [16/Aug/2018:15:56:44 -0300] "POST /cormun/servlet/trsolicitudot?1771360915488b8f62efb294cb039cbd,,gx-no-cache=1534445617504 HTTP/1.1" 200 103
186.103.159.182 - - [16/Aug/2018:15:56:44 -0300] "GET /cormun/SolicitudOT-1750.xls HTTP/1.1" 200 71680
200.72.197.82 - - [16/Aug/2018:15:56:46 -0300] "POST /cormun/servlet/prfichaempleado?83c2e2a5029a0b5718cabb0c030da033,,MD,,gxPopupLevel%3D0%3B,gx-no-cache=1534445730786 HTTP/1.1" 200 3429
200.72.197.82 - - [16/Aug/2018:15:56:49 -0300] "GET /cormun/servlet/permisogoce?6399533244b6cdf72ce97797044c7c7910e3a95dfdc4218fdd1651a22a7a41faf4c478ad0301934004d958ef22cb3ab49e1bc0128e1e535c4d1187f14710088f,gx-no-cache=1534445734423 HTTP/1.1" 200 86
200.72.197.82 - - [16/Aug/2018:15:56:49 -0300] "GET /cormun/static/menuarrow.gif HTTP/1.1" 404 1015
186.103.161.206 - - [16/Aug/2018:15:56:56 -0300] "GET /cormun/servlet/permisogoce?6399533244b6cdf72ce97797044c7c79b5033ae60dc2cfb2789618ee07eca657da7efc90c90d29bd967f344ccabbc9ecbe28bad3ffb674e4a5f527d5897e1d77,gx-no-cache=1534445740973 HTTP/1.1" 200 47
186.103.161.206 - - [16/Aug/2018:15:57:03 -0300] "POST /cormun/servlet/permisogoce?83c2e2a5029a0b5718cabb0c030da033,INS,0,,,,gx-no-cache=1534445748143 HTTP/1.1" 200 93
186.103.161.206 - - [16/Aug/2018:15:57:03 -0300] "GET /cormun/servlet/hpexe_return? HTTP/1.1" 200 1010
186.103.161.206 - - [16/Aug/2018:15:57:04 -0300] "GET /cormun/servlet/trpermisosgoce HTTP/1.1" 200 10206
186.103.161.206 - - [16/Aug/2018:15:57:04 -0300] "GET /cormun/servlet/trpermisosgoce HTTP/1.1" 200 10201
186.103.157.98 - - [16/Aug/2018:15:57:28 -0300] "POST /cormun/servlet/trpermisosgoce?e3e441aa4e13aed80c169aaf10997fde,gx-no-cache=1534445772015 HTTP/1.1" 200 4311
186.103.132.155 - - [16/Aug/2018:15:57:30 -0300] "GET /cormun/servlet/apermisogoceprn?15993655,P,20180816155130,PU HTTP/1.1" 200 1667
186.103.157.98 - - [16/Aug/2018:15:57:31 -0300] "GET /cormun/servlet/permisogoce?INS,0,,, HTTP/1.1" 200 7122
186.103.157.98 - - [16/Aug/2018:15:57:32 -0300] "GET /cormun/servlet/permisogoce?INS,0,,, HTTP/1.1" 200 7122
186.79.8.114 - - [16/Aug/2018:15:57:41 -0300] "POST /cormun/servlet/vesolicitudot?8fcf0bcd9eb6557b9e58a8a591dad4cb,2018,12046,,,gx-no-cache=1534445787033 HTTP/1.1" 200 90
186.79.8.114 - - [16/Aug/2018:15:57:41 -0300] "GET /cormun/servlet/hpexe_link HTTP/1.1" 200 990
186.79.8.114 - - [16/Aug/2018:15:57:42 -0300] "GET /cormun/servlet/trsolicitudot?gx-no-cache=1534445109575 HTTP/1.1" 200 14767
186.103.157.98 - - [16/Aug/2018:15:57:44 -0300] "GET /cormun/servlet/permisogoce?7867a34e7e9f5b85d10e5f7ea69063c57551ed51be6a56df61247510db0a6ca900bed2c497349f90bacf90c276ebe099e9ed1473797664e173924478084d94ca,gx-no-cache=1534445787369 HTTP/1.1" 200 79
186.79.8.114 - - [16/Aug/2018:15:57:45 -0300] "GET /cormun/servlet/trsolicitudot?gx-no-cache=1534445109575 HTTP/1.1" 200 14787
186.103.157.98 - - [16/Aug/2018:15:57:45 -0300] "GET /cormun/static/menuarrow.gif HTTP/1.1" 404 1015
201.215.248.34 - - [16/Aug/2018:15:57:48 -0300] "POST /cormun/servlet/trsolicitudot?8fcf0bcd9eb6557b9e58a8a591dad4cb,gx-no-cache=1534445109575,gx-no-cache=1534445795426 HTTP/1.1" 200 11962
201.215.248.34 - - [16/Aug/2018:15:57:49 -0300] "GET /cormun/static/Shared/jqueryui/images/ui-bg_highlight-soft_100_c6c2c8_1x100.png HTTP/1.1" 404 1117
201.215.248.34 - - [16/Aug/2018:15:57:49 -0300] "GET /cormun/static/Shared/jqueryui/images/ui-icons_82798d_256x240.png HTTP/1.1" 404 1089
201.215.248.34 - - [16/Aug/2018:15:57:49 -0300] "GET /cormun/static/Shared/jqueryui/images/ui-icons_8d78a5_256x240.png HTTP/1.1" 404 1089
201.215.248.34 - - [16/Aug/2018:15:57:49 -0300] "GET /cormun/static/Shared/jqueryui/images/ui-bg_flat_55_fafafa_40x100.png HTTP/1.1" 404 1097
201.215.248.34 - - [16/Aug/2018:15:57:50 -0300] "POST /cormun/servlet/trsolicitudot?8fcf0bcd9eb6557b9e58a8a591dad4cb,gx-no-cache=1534445109575,gx-no-cache=1534445796706 HTTP/1.1" 200 11902
186.103.157.98 - - [16/Aug/2018:15:57:58 -0300] "GET /cormun/servlet/permisogoce?7867a34e7e9f5b85d10e5f7ea69063c5675fea0ad6709bbe95d98eca5a8169ff299dee851c2f8b9c2fd3d4679deef594d0395a7269f82d60493770749954c251,gx-no-cache=1534445802013 HTTP/1.1" 200 47
186.67.203.186 - - [16/Aug/2018:15:57:59 -0300] "GET /cormun/servlet/apermisogoceprn?15993655,P,20180816155249,PU HTTP/1.1" 200 1673
186.103.157.98 - - [16/Aug/2018:15:58:01 -0300] "POST /cormun/servlet/permisogoce?e3e441aa4e13aed80c169aaf10997fde,INS,0,,,,gx-no-cache=1534445804521 HTTP/1.1" 200 93
186.103.157.98 - - [16/Aug/2018:15:58:01 -0300] "GET /cormun/servlet/hpexe_return? HTTP/1.1" 200 1028
186.103.157.98 - - [16/Aug/2018:15:58:01 -0300] "GET /cormun/servlet/trpermisosgoce?gx-no-cache=1534445772015 HTTP/1.1" 200 8054
186.103.157.98 - - [16/Aug/2018:15:58:02 -0300] "GET /cormun/servlet/trpermisosgoce?gx-no-cache=1534445772015 HTTP/1.1" 200 8070
186.103.157.98 - - [16/Aug/2018:15:58:07 -0300] "GET /cormun/servlet/trpermisosadjuntos?11171709,20180816155351,P, HTTP/1.1" 200 6587
186.103.157.98 - - [16/Aug/2018:15:58:08 -0300] "GET /cormun/servlet/trpermisosadjuntos?11171709,20180816155351,P, HTTP/1.1" 200 6565
186.103.157.98 - - [16/Aug/2018:15:58:11 -0300] "GET /cormun/servlet/permisosadjuntos?INS,11171709,P,20180816155351,, HTTP/1.1" 200 5893
186.103.157.98 - - [16/Aug/2018:15:58:11 -0300] "GET /cormun/static/about:blank HTTP/1.1" 404 1011
186.103.157.98 - - [16/Aug/2018:15:58:11 -0300] "GET /cormun/servlet/permisosadjuntos?INS,11171709,P,20180816155351,, HTTP/1.1" 200 5882
200.111.122.170 - - [16/Aug/2018:15:58:22 -0300] "GET /cormun/servlet/apermisogoceprn?15993655,P,20180816155249,PU HTTP/1.1" 200 1669
201.215.248.34 - - [16/Aug/2018:15:58:30 -0300] "GET /cormun/servlet/hlogin HTTP/1.1" 200 1762
186.103.157.98 - - [16/Aug/2018:15:58:37 -0300] "POST /cormun/servlet/permisosadjuntos?e3e441aa4e13aed80c169aaf10997fde,INS,11171709,P,20180816155351,, HTTP/1.1" 200 116
186.103.157.98 - - [16/Aug/2018:15:58:37 -0300] "GET /cormun/servlet/hpexe_return? HTTP/1.1" 200 1033
186.103.157.98 - - [16/Aug/2018:15:58:37 -0300] "GET /cormun/servlet/trpermisosadjuntos?11171709,20180816155351,P, HTTP/1.1" 200 7085
186.103.157.98 - - [16/Aug/2018:15:58:38 -0300] "GET /cormun/servlet/trpermisosadjuntos?11171709,20180816155351,P, HTTP/1.1" 200 7081
186.103.157.98 - - [16/Aug/2018:15:58:41 -0300] "POST /cormun/servlet/trpermisosadjuntos?e3e441aa4e13aed80c169aaf10997fde,11171709,20180816155351,P,,gx-no-cache=1534445844416 HTTP/1.1" 200 90
186.103.157.98 - - [16/Aug/2018:15:58:41 -0300] "GET /cormun/servlet/hpexe_link HTTP/1.1" 200 999
186.103.157.98 - - [16/Aug/2018:15:58:41 -0300] "GET /cormun/servlet/trpermisosgoce?gx-no-cache=1534445772015 HTTP/1.1" 200 8051
186.103.157.98 - - [16/Aug/2018:15:58:41 -0300] "GET /cormun/servlet/trpermisosgoce?gx-no-cache=1534445772015 HTTP/1.1" 200 8070
186.103.157.98 - - [16/Aug/2018:15:58:46 -0300] "POST /cormun/servlet/trpermisosgoce?e3e441aa4e13aed80c169aaf10997fde,gx-no-cache=1534445772015,gx-no-cache=1534445849970 HTTP/1.1" 200 5181
186.103.157.98 - - [16/Aug/2018:15:58:46 -0300] "GET /cormun/static/Shared/jqueryui/images/ui-bg_highlight-soft_100_c6c2c8_1x100.png HTTP/1.1" 404 1117
186.103.157.98 - - [16/Aug/2018:15:58:46 -0300] "GET /cormun/static/Shared/jqueryui/images/ui-icons_82798d_256x240.png HTTP/1.1" 404 1089
186.103.157.98 - - [16/Aug/2018:15:58:46 -0300] "GET /cormun/static/Shared/jqueryui/images/ui-icons_8d78a5_256x240.png HTTP/1.1" 404 1089
186.103.157.98 - - [16/Aug/2018:15:58:46 -0300] "GET /cormun/static/Shared/jqueryui/images/ui-bg_flat_55_fafafa_40x100.png HTTP/1.1" 404 1097
186.103.157.98 - - [16/Aug/2018:16:03:34 -0300] "POST /cormun/servlet/trpermisosgoce?e3e441aa4e13aed80c169aaf10997fde,gx-no-cache=1534445772015,gx-no-cache=1534446137432 HTTP/1.1" 200 5181
186.103.157.235 - - [16/Aug/2018:16:07:20 -0300] "GET /cormun/servlet/hlogin HTTP/1.1" 200 1720
186.103.157.235 - - [16/Aug/2018:16:07:22 -0300] "GET /cormun/servlet/hlogin HTTP/1.1" 200 1720
186.103.157.235 - - [16/Aug/2018:16:07:29 -0300] "POST /cormun/servlet/hlogin?68d0a5f88ca655e4e321dc5a779493de,gx-no-cache=1534446376007 HTTP/1.1" 200 90
186.103.157.235 - - [16/Aug/2018:16:07:29 -0300] "GET /cormun/servlet/hpexe_link HTTP/1.1" 200 954
186.103.157.235 - - [16/Aug/2018:16:07:29 -0300] "GET /cormun/servlet/hhome HTTP/1.1" 200 4227
186.103.157.235 - - [16/Aug/2018:16:07:30 -0300] "GET /cormun/servlet/hhome HTTP/1.1" 200 4223
186.103.157.235 - - [16/Aug/2018:16:07:49 -0300] "GET /cormun/servlet/trrenuncias? HTTP/1.1" 200 7116
186.103.157.235 - - [16/Aug/2018:16:07:49 -0300] "GET /cormun/static/gxcfg.js?20175251282642 HTTP/1.1" 200 953
186.103.157.235 - - [16/Aug/2018:16:07:49 -0300] "GET /cormun/static/trrenuncias.js?20175251283179 HTTP/1.1" 200 31174
186.103.157.235 - - [16/Aug/2018:16:07:50 -0300] "GET /cormun/servlet/trrenuncias? HTTP/1.1" 200 7115
186.103.157.235 - - [16/Aug/2018:16:07:52 -0300] "GET /cormun/servlet/renuncias?INS,0, HTTP/1.1" 200 6364
186.103.157.235 - - [16/Aug/2018:16:07:53 -0300] "GET /cormun/static/gxcfg.js?2017426922787 HTTP/1.1" 200 953
186.103.157.235 - - [16/Aug/2018:16:07:53 -0300] "GET /cormun/static/renuncias.js?201742692287 HTTP/1.1" 200 14762
186.103.157.235 - - [16/Aug/2018:16:07:53 -0300] "GET /cormun/static/Resources/Spanish/PXTools.css?11294912 HTTP/1.1" 200 89042
186.103.157.235 - - [16/Aug/2018:16:07:53 -0300] "GET /cormun/servlet/renuncias?INS,0, HTTP/1.1" 200 6365
186.103.157.235 - - [16/Aug/2018:16:08:10 -0300] "GET /cormun/servlet/renuncias?3460e268bab3f5e38bab188a92e89e9bc1a381217cf2aa2bab9f1d932a41b18670bafbd1504ca56c7068d0c8331954c0,gx-no-cache=1534446416967 HTTP/1.1" 200 33
186.103.157.235 - - [16/Aug/2018:16:08:27 -0300] "GET /cormun/servlet/renuncias?3460e268bab3f5e38bab188a92e89e9b2da75619ae9829101e5098ab4ae909ebfbc69329b1de5bd33ff45024dcf1bf57,gx-no-cache=1534446433982 HTTP/1.1" 200 70
186.103.157.235 - - [16/Aug/2018:16:08:34 -0300] "GET /cormun/static/Resources/resize.gif HTTP/1.1" 200 77
186.103.157.235 - - [16/Aug/2018:16:08:35 -0300] "GET /cormun/servlet/prcontrato?18376827,,,MD,,gxPopupLevel%3D0%3B HTTP/1.1" 200 6231
186.103.157.235 - - [16/Aug/2018:16:08:35 -0300] "GET /cormun/static/gxcfg.js?20175251232326 HTTP/1.1" 200 953
186.103.157.235 - - [16/Aug/2018:16:08:35 -0300] "GET /cormun/static/Resources/PXToolsMenuSearch.png HTTP/1.1" 200 2914
186.103.157.235 - - [16/Aug/2018:16:08:35 -0300] "GET /cormun/static/Resources/PXToolsMenuSearchCancel.png HTTP/1.1" 200 2972
186.103.157.235 - - [16/Aug/2018:16:08:35 -0300] "GET /cormun/static/prcontrato.js?20175251232552 HTTP/1.1" 200 13820
186.103.157.235 - - [16/Aug/2018:16:08:35 -0300] "GET /cormun/static/menusearch.js?201610171694467 HTTP/1.1" 200 1424
186.103.157.235 - - [16/Aug/2018:16:08:35 -0300] "GET /cormun/static/hmpwkw011.js?20177612121862 HTTP/1.1" 200 1968
186.103.157.235 - - [16/Aug/2018:16:08:57 -0300] "POST /cormun/servlet/renuncias?68d0a5f88ca655e4e321dc5a779493de,INS,0,,gx-no-cache=1534446463561 HTTP/1.1" 200 93
186.103.157.235 - - [16/Aug/2018:16:08:57 -0300] "GET /cormun/servlet/hpexe_return? HTTP/1.1" 200 1007
186.103.157.235 - - [16/Aug/2018:16:08:57 -0300] "GET /cormun/servlet/trrenuncias HTTP/1.1" 200 7830
186.103.157.235 - - [16/Aug/2018:16:08:58 -0300] "GET /cormun/servlet/trrenuncias HTTP/1.1" 200 7826
186.103.157.235 - - [16/Aug/2018:16:09:51 -0300] "GET /cormun/servlet/trrenunciasadjuntos?196,18376827, HTTP/1.1" 200 6227
186.103.157.235 - - [16/Aug/2018:16:09:51 -0300] "GET /cormun/static/gxcfg.js?20177612185036 HTTP/1.1" 200 953
186.103.157.235 - - [16/Aug/2018:16:09:51 -0300] "GET /cormun/static/trrenunciasadjuntos.js?20177612185280 HTTP/1.1" 200 15250
186.103.157.235 - - [16/Aug/2018:16:09:52 -0300] "GET /cormun/servlet/trrenunciasadjuntos?196,18376827, HTTP/1.1" 200 6227
186.103.157.235 - - [16/Aug/2018:16:09:54 -0300] "GET /cormun/servlet/renunciasadjuntos?INS,196,, HTTP/1.1" 200 5570
186.103.157.235 - - [16/Aug/2018:16:09:54 -0300] "GET /cormun/static/gxcfg.js?2017761273622 HTTP/1.1" 200 953
186.103.157.235 - - [16/Aug/2018:16:09:54 -0300] "GET /cormun/static/renunciasadjuntos.js?2017761273629 HTTP/1.1" 200 5937
186.103.157.235 - - [16/Aug/2018:16:09:54 -0300] "GET /cormun/static/about:blank HTTP/1.1" 404 1011
186.103.157.235 - - [16/Aug/2018:16:09:54 -0300] "GET /cormun/servlet/renunciasadjuntos?INS,196,, HTTP/1.1" 200 5557
186.103.157.235 - - [16/Aug/2018:16:10:18 -0300] "POST /cormun/servlet/renunciasadjuntos?68d0a5f88ca655e4e321dc5a779493de,INS,196,, HTTP/1.1" 200 116
186.103.157.235 - - [16/Aug/2018:16:10:18 -0300] "GET /cormun/servlet/hpexe_return? HTTP/1.1" 200 1026
186.103.157.235 - - [16/Aug/2018:16:10:18 -0300] "GET /cormun/servlet/trrenunciasadjuntos?196,18376827, HTTP/1.1" 200 6654
186.103.157.235 - - [16/Aug/2018:16:10:19 -0300] "GET /cormun/servlet/trrenunciasadjuntos?196,18376827, HTTP/1.1" 200 6650
186.103.157.235 - - [16/Aug/2018:16:10:22 -0300] "POST /cormun/servlet/trrenunciasadjuntos?68d0a5f88ca655e4e321dc5a779493de,196,18376827,,gx-no-cache=1534446548366 HTTP/1.1" 200 90
186.103.157.235 - - [16/Aug/2018:16:10:22 -0300] "GET /cormun/servlet/hpexe_link HTTP/1.1" 200 974
186.103.157.235 - - [16/Aug/2018:16:10:22 -0300] "GET /cormun/servlet/trrenuncias HTTP/1.1" 200 7828
186.103.157.235 - - [16/Aug/2018:16:10:23 -0300] "GET /cormun/servlet/trrenuncias HTTP/1.1" 200 7826
186.103.157.235 - - [16/Aug/2018:16:10:26 -0300] "POST /cormun/servlet/trrenuncias?68d0a5f88ca655e4e321dc5a779493de,gx-no-cache=1534446552584 HTTP/1.1" 200 4969
186.103.157.235 - - [16/Aug/2018:16:10:26 -0300] "GET /cormun/static/Shared/jqueryui/images/ui-bg_highlight-soft_100_c6c2c8_1x100.png HTTP/1.1" 404 1117
186.103.157.235 - - [16/Aug/2018:16:10:26 -0300] "GET /cormun/static/Shared/jqueryui/images/ui-icons_82798d_256x240.png HTTP/1.1" 404 1089
186.103.157.235 - - [16/Aug/2018:16:10:26 -0300] "GET /cormun/static/Shared/jqueryui/images/ui-bg_flat_55_fafafa_40x100.png HTTP/1.1" 404 1097
186.103.157.235 - - [16/Aug/2018:16:10:26 -0300] "GET /cormun/static/Shared/jqueryui/images/ui-icons_8d78a5_256x240.png HTTP/1.1" 404 1089
186.103.157.235 - - [16/Aug/2018:16:10:29 -0300] "GET /cormun/servlet/arenunciaprn?196,PU HTTP/1.1" 200 1536
186.103.157.235 - - [16/Aug/2018:16:11:45 -0300] "GET /cormun/servlet/trsolicitudot? HTTP/1.1" 200 7441
186.103.157.235 - - [16/Aug/2018:16:11:45 -0300] "GET /cormun/static/gxui/gxui-all.css?120300 HTTP/1.1" 200 2179
