186.10.12.250 - - [14/Aug/2018:08:46:29 -0300] "POST /cormun/servlet/hlogin?eeac479a912ef26a2a250bfb40163356,gx-no-cache=1534247115198 HTTP/1.1" 200 90
186.10.12.250 - - [14/Aug/2018:08:46:30 -0300] "GET /cormun/servlet/hpexe_link HTTP/1.1" 200 948
186.10.12.250 - - [14/Aug/2018:08:46:30 -0300] "GET /cormun/servlet/hhome HTTP/1.1" 200 4206
186.10.12.250 - - [14/Aug/2018:08:46:31 -0300] "GET /cormun/servlet/hhome HTTP/1.1" 200 4202
186.67.172.234 - - [14/Aug/2018:08:46:31 -0300] "GET /cormun/servlet/prfichaempleado?,MD,,gxPopupLevel%3D0%3B HTTP/1.1" 200 9413
190.46.192.47 - - [14/Aug/2018:08:46:43 -0300] "GET /cormun/servlet/solicitudot?e368e64252a86e01bd2397c944f5c32e0e5fa55897db01b661f20f6b85692ed32ec4065f0496980ef8532316702a4350,gx-no-cache=1534247129072 HTTP/1.1" 200 30
190.46.192.47 - - [14/Aug/2018:08:46:49 -0300] "POST /cormun/servlet/solicitudot?gx-no-cache=1534247135064 HTTP/1.1" 200 30
186.67.172.234 - - [14/Aug/2018:08:46:56 -0300] "POST /cormun/servlet/prfichaempleado?a8a21ca52d81463d1e0d74bb3d1b8d1a,,MD,,gxPopupLevel%3D0%3B,gx-no-cache=1534247048513 HTTP/1.1" 200 4782
186.67.172.234 - - [14/Aug/2018:08:47:00 -0300] "GET /cormun/servlet/licenciaspermisos?c4326c947c7ce76feff2559ad085ac9b1508f5765aab8fc4dac61e9031cc9c34cbe532099ed38c2bbb60f1584496b7e0,gx-no-cache=1534247052983 HTTP/1.1" 200 106
186.67.172.234 - - [14/Aug/2018:08:47:00 -0300] "POST /cormun/servlet/licenciaspermisos?a8a21ca52d81463d1e0d74bb3d1b8d1a,INS,0,,,,gx-no-cache=1534247053008 HTTP/1.1" 200 4889
186.67.172.234 - - [14/Aug/2018:08:47:01 -0300] "GET /cormun/servlet/licenciaspermisos?c4326c947c7ce76feff2559ad085ac9b0a65d3248860e73fc2252430a0d5caf13c3e1f202ea9d465b564002e501e9549b596491eee2567ddc3d91c5fa9b58cc12256a77818804b1dd00a79c5c5c409d3e31893e63c632ddea4b47a34ff2802d250ac7c22b1f23b7275627689e09aeb5be0e93b5ca81907055f143375d5b769915149129a2d32b8b07009035168388ea23283a35b4f638218251251480a9c9429f4073148ed087715ee8289a67211e463,gx-no-cache=1534247053128 HTTP/1.1" 200 30
186.10.12.250 - - [14/Aug/2018:08:47:07 -0300] "GET /cormun/servlet/trpermisosgoce? HTTP/1.1" 200 10527
186.10.12.250 - - [14/Aug/2018:08:47:08 -0300] "GET /cormun/servlet/trpermisosgoce? HTTP/1.1" 200 10525
186.10.12.250 - - [14/Aug/2018:08:47:10 -0300] "GET /cormun/servlet/permisogoce?INS,0,,, HTTP/1.1" 200 7066
186.10.12.250 - - [14/Aug/2018:08:47:11 -0300] "GET /cormun/servlet/permisogoce?INS,0,,, HTTP/1.1" 200 7068
190.151.100.218 - - [14/Aug/2018:08:47:41 -0300] "GET /cormun/servlet/permisogoce?56043d5b3f2f90f0ef7c7f91473ef8a567b77c3540b2cdf01174effd0673ab56783ac60c3d7bb1fc1de531ac139393928297aaf57b3128bf12707e9e69699570,gx-no-cache=1534247187014 HTTP/1.1" 200 79
190.151.100.218 - - [14/Aug/2018:08:47:47 -0300] "GET /cormun/servlet/permisogoce?56043d5b3f2f90f0ef7c7f91473ef8a5c276c1fc11489631fd39bb8a33fd248036ccbd38f1d2141b357f43338a31f5b62c3c5a57c8eee9ba9ac55ffeec3fef0c,gx-no-cache=1534247193234 HTTP/1.1" 200 129
190.151.100.218 - - [14/Aug/2018:08:47:48 -0300] "GET /cormun/static/Shared/jqueryui/images/ui-bg_highlight-soft_100_c6c2c8_1x100.png HTTP/1.1" 404 1117
186.103.132.155 - - [14/Aug/2018:08:47:48 -0300] "GET /cormun/static/Shared/jqueryui/images/ui-bg_flat_55_994d53_40x100.png HTTP/1.1" 404 1097
200.72.197.82 - - [14/Aug/2018:08:47:48 -0300] "GET /cormun/static/Shared/jqueryui/images/ui-icons_82798d_256x240.png HTTP/1.1" 404 1089
186.103.132.155 - - [14/Aug/2018:08:47:48 -0300] "GET /cormun/static/Shared/jqueryui/images/ui-icons_ebccce_256x240.png HTTP/1.1" 404 1089
186.103.132.155 - - [14/Aug/2018:08:47:51 -0300] "GET /cormun/servlet/permisogoce?56043d5b3f2f90f0ef7c7f91473ef8a5c276c1fc11489631fd39bb8a33fd248062f21e4a5439fa6d213e672eac16184b1e50b08c7fe952308214b02bd1ef9828,gx-no-cache=1534247196382 HTTP/1.1" 200 48
186.103.132.155 - - [14/Aug/2018:08:47:54 -0300] "GET /cormun/servlet/permisogoce?56043d5b3f2f90f0ef7c7f91473ef8a5c276c1fc11489631fd39bb8a33fd248096db3d014e523dc6f81120437f2d0b6d1cecf0391d93c3c69d141b06337ff262,gx-no-cache=1534247199555 HTTP/1.1" 200 47
186.103.132.155 - - [14/Aug/2018:08:47:58 -0300] "POST /cormun/servlet/permisogoce?eeac479a912ef26a2a250bfb40163356,INS,0,,,,gx-no-cache=1534247202932 HTTP/1.1" 200 93
186.103.132.155 - - [14/Aug/2018:08:47:58 -0300] "GET /cormun/servlet/hpexe_return? HTTP/1.1" 200 1006
186.103.132.155 - - [14/Aug/2018:08:47:58 -0300] "GET /cormun/servlet/trpermisosgoce HTTP/1.1" 200 10777
186.103.132.155 - - [14/Aug/2018:08:47:59 -0300] "GET /cormun/servlet/trpermisosgoce HTTP/1.1" 200 10772
186.103.132.155 - - [14/Aug/2018:08:48:04 -0300] "GET /cormun/servlet/apermisogoceprn?17930300,P,20180814084331,PU HTTP/1.1" 200 1660
190.46.192.47 - - [14/Aug/2018:08:48:10 -0300] "POST /cormun/servlet/solicitudot?1c93a406c46f7926f724a261a41a4d3e,INS,0,0,,gx-no-cache=1534247215290 HTTP/1.1" 200 12027
186.67.172.234 - - [14/Aug/2018:08:48:11 -0300] "GET /cormun/static/menuarrow.gif HTTP/1.1" 404 1015
186.67.172.234 - - [14/Aug/2018:08:50:35 -0300] "POST /cormun/servlet/licenciaspermisos?a8a21ca52d81463d1e0d74bb3d1b8d1a,INS,0,,,,gx-no-cache=1534247267832 HTTP/1.1" 200 90
186.67.172.234 - - [14/Aug/2018:08:50:35 -0300] "GET /cormun/servlet/hpexe_link HTTP/1.1" 200 971
186.67.172.234 - - [14/Aug/2018:08:50:36 -0300] "GET /cormun/servlet/trlicencias HTTP/1.1" 200 16771
186.67.172.234 - - [14/Aug/2018:08:50:36 -0300] "GET /cormun/servlet/trlicencias HTTP/1.1" 200 16927
186.67.172.234 - - [14/Aug/2018:08:50:53 -0300] "GET /cormun/servlet/licenciaspermisos?DSP,18042487,L,20180724000000, HTTP/1.1" 200 7414
186.67.172.234 - - [14/Aug/2018:08:50:53 -0300] "GET /cormun/servlet/licenciaspermisos?DSP,18042487,L,20180724000000, HTTP/1.1" 200 7414
186.67.172.234 - - [14/Aug/2018:08:50:58 -0300] "GET /cormun/servlet/trlicencias HTTP/1.1" 200 16929
186.67.172.234 - - [14/Aug/2018:08:50:58 -0300] "GET /cormun/servlet/trlicencias HTTP/1.1" 200 16902
186.67.172.234 - - [14/Aug/2018:08:51:00 -0300] "GET /cormun/servlet/licenciaspermisos?INS,0,,, HTTP/1.1" 200 7783
186.67.172.234 - - [14/Aug/2018:08:51:01 -0300] "GET /cormun/servlet/licenciaspermisos?INS,0,,, HTTP/1.1" 200 7790
186.67.172.234 - - [14/Aug/2018:08:51:16 -0300] "GET /cormun/servlet/prfichaempleado?,MD,,gxPopupLevel%3D0%3B HTTP/1.1" 200 9413
186.67.172.234 - - [14/Aug/2018:08:51:27 -0300] "POST /cormun/servlet/prfichaempleado?a8a21ca52d81463d1e0d74bb3d1b8d1a,,MD,,gxPopupLevel%3D0%3B,gx-no-cache=1534247319249 HTTP/1.1" 200 4782
186.67.172.234 - - [14/Aug/2018:08:52:26 -0300] "GET /cormun/servlet/licenciaspermisos?c4326c947c7ce76feff2559ad085ac9b1508f5765aab8fc4dac61e9031cc9c34cbe532099ed38c2bbb60f1584496b7e0,gx-no-cache=1534247378165 HTTP/1.1" 200 106
186.67.172.234 - - [14/Aug/2018:08:52:26 -0300] "POST /cormun/servlet/licenciaspermisos?a8a21ca52d81463d1e0d74bb3d1b8d1a,INS,0,,,,gx-no-cache=1534247378238 HTTP/1.1" 200 4889
186.67.172.234 - - [14/Aug/2018:08:52:41 -0300] "GET /cormun/static/menuarrow.gif HTTP/1.1" 404 1015
190.46.192.47 - - [14/Aug/2018:08:53:25 -0300] "GET /cormun/servlet/trsolicitudot? HTTP/1.1" 200 7566
190.46.192.47 - - [14/Aug/2018:08:53:25 -0300] "GET /cormun/servlet/trsolicitudot? HTTP/1.1" 200 7565
190.46.192.47 - - [14/Aug/2018:08:53:28 -0300] "GET /cormun/servlet/solicitudot?INS,0,0, HTTP/1.1" 200 13832
190.46.192.47 - - [14/Aug/2018:08:53:28 -0300] "GET /cormun/servlet/solicitudot?INS,0,0, HTTP/1.1" 200 13837
201.239.193.207 - - [14/Aug/2018:08:53:40 -0300] "GET /cormun/servlet/hlogin HTTP/1.1" 200 1720
201.239.193.207 - - [14/Aug/2018:08:53:41 -0300] "GET /cormun/static/gxcfg.js?20175251213516 HTTP/1.1" 200 953
201.239.193.207 - - [14/Aug/2018:08:53:41 -0300] "GET /cormun/static/Resources/Spanish/PXTools.css?11423723 HTTP/1.1" 200 89042
201.239.193.207 - - [14/Aug/2018:08:53:41 -0300] "GET /cormun/static/Resources/ComunLogin.png HTTP/1.1" 200 17326
190.46.192.47 - - [14/Aug/2018:08:53:43 -0300] "POST /cormun/servlet/solicitudot?gx-no-cache=1534247548216 HTTP/1.1" 200 3427
201.239.193.207 - - [14/Aug/2018:08:53:43 -0300] "GET /cormun/static/Resources/PXToolsLoginBackground.png HTTP/1.1" 200 1164
201.239.193.207 - - [14/Aug/2018:08:53:43 -0300] "GET /cormun/static/Resources/PXToolsLoginBottom.png HTTP/1.1" 200 1389
201.239.193.207 - - [14/Aug/2018:08:53:43 -0300] "GET /cormun/static/Resources/PXToolsButtonLeft21.png HTTP/1.1" 200 1287
201.239.193.207 - - [14/Aug/2018:08:53:43 -0300] "GET /cormun/static/Resources/PXToolsButtonRight21.png HTTP/1.1" 200 1283
201.239.193.207 - - [14/Aug/2018:08:53:43 -0300] "GET /cormun/static/Resources/PXToolsLoginTop.png HTTP/1.1" 200 1337
201.239.193.207 - - [14/Aug/2018:08:53:43 -0300] "GET /cormun/static/Resources/PXToolsButtonBackground2.png HTTP/1.1" 200 1181
190.46.192.47 - - [14/Aug/2018:08:53:43 -0300] "POST /cormun/servlet/solicitudot?1c93a406c46f7926f724a261a41a4d3e,INS,0,0,,gx-no-cache=1534247548507 HTTP/1.1" 200 10615
201.239.193.207 - - [14/Aug/2018:08:53:43 -0300] "GET /cormun/static/Resources/indicator.gif HTTP/1.1" 200 1553
201.239.193.207 - - [14/Aug/2018:08:53:43 -0300] "GET /cormun/servlet/hlogin HTTP/1.1" 200 1725
190.46.192.47 - - [14/Aug/2018:08:53:47 -0300] "GET /cormun/servlet/prbanco?,MD,,gxPopupLevel%3D0%3B HTTP/1.1" 200 6823
190.46.192.47 - - [14/Aug/2018:08:53:51 -0300] "GET /cormun/servlet/solicitudot?e368e64252a86e01bd2397c944f5c32e5d7e999e3e39c960c49515344c4e7371b1c5c9c866626ce27abfdead81b1b83b,gx-no-cache=1534247556315 HTTP/1.1" 200 30
190.46.192.47 - - [14/Aug/2018:08:53:51 -0300] "GET /cormun/servlet/solicitudot?e368e64252a86e01bd2397c944f5c32e0c685b87ece93b9822d88149522f4d1bee38c86f9dc2c8758c6481c0de7906178fcf3e1620882479722b678c9e3a0a13,gx-no-cache=1534247556464 HTTP/1.1" 200 30
190.46.192.47 - - [14/Aug/2018:08:53:52 -0300] "GET /cormun/servlet/solicitudot?e368e64252a86e01bd2397c944f5c32e26618d7a142b983f7a5cf6dad635e5e5,gx-no-cache=1534247557706 HTTP/1.1" 200 53
190.46.192.47 - - [14/Aug/2018:08:54:11 -0300] "POST /cormun/servlet/solicitudot?gx-no-cache=1534247576587 HTTP/1.1" 200 297
190.46.192.47 - - [14/Aug/2018:08:54:11 -0300] "GET /cormun/servlet/solicitudot?e368e64252a86e01bd2397c944f5c32eea613d97863d8d65aae170265fff8919611ac8030f45b988c7cde4607d82226e79afb0eac011a771cd05b3779ebaf320608da24dc8caa19623198532735a9080ffeb074770debd01d2c27d94e11a94394d53227cb64d207da86fffa498b77cafb4a5d382313a7d8c1b8181359969c9684296a5cf09f3ebf133ed03d3a8ea3786dd06288ab79452bd270eaad1648dcfa5a714205226a37f4c6e7b02af8ec683f922256a608acca76914f24492a6bed39f94fb3f01cd7c407b36eaa91163bc36cabc58d5c6e8a6940aed6cd929c6bcc80abe0a5b26e9343deaabefda382d4da73fc3a9b5c3c77cac6e53ecb033830b99e7dd57c4799ee6f2ac55e47cbdcb662ccc6bf73a1562a52d05223738df224575f653f59079643ce3dcf5eab949e1d1011e04e5da72016f56a568d1ba478149bb43301c48e17ca48d8e6afaad02bec345bfe020876c223c3200eb1eb4995c80572090356c02c7f2872061edad3f595fcbaeca7e88958ad5e6610694f1773cd1cd702b26ffe2b3f43b5f448a017f803a5569,gx-no-cache=1534247576666 HTTP/1.1" 200 30
190.46.192.47 - - [14/Aug/2018:08:54:14 -0300] "POST /cormun/servlet/solicitudot?gx-no-cache=1534247579287 HTTP/1.1" 200 30
190.46.192.47 - - [14/Aug/2018:08:54:17 -0300] "POST /cormun/servlet/solicitudot?gx-no-cache=1534247582782 HTTP/1.1" 200 30
190.46.192.47 - - [14/Aug/2018:08:54:19 -0300] "POST /cormun/servlet/solicitudot?gx-no-cache=1534247584507 HTTP/1.1" 200 1374
190.46.192.47 - - [14/Aug/2018:08:54:19 -0300] "POST /cormun/servlet/solicitudot?gx-no-cache=1534247584635 HTTP/1.1" 200 38
49.73.37.148 - - [14/Aug/2018:08:54:29 -0300] "GET / HTTP/1.1" 200 11217
190.46.192.47 - - [14/Aug/2018:08:54:41 -0300] "GET /cormun/servlet/solicitudot?e368e64252a86e01bd2397c944f5c32ecc67bd43003a47565b0de2c3cf1046505ea48708364362915c16530269a639fc99505d316442c17c66e51f227155f5faba13b8858420cd8877f00a6e9acc79e4573a1d02e560a40fbac5338e5f293610097df1df4f54b04a7878c7daa389fc2b,gx-no-cache=1534247606777 HTTP/1.1" 200 29
190.46.192.47 - - [14/Aug/2018:08:54:41 -0300] "POST /cormun/servlet/solicitudot?gx-no-cache=1534247606868 HTTP/1.1" 200 1356
190.46.192.47 - - [14/Aug/2018:08:54:41 -0300] "POST /cormun/servlet/solicitudot?gx-no-cache=1534247606966 HTTP/1.1" 200 1254
190.46.192.47 - - [14/Aug/2018:08:54:46 -0300] "GET /cormun/static/menuarrow.gif HTTP/1.1" 404 1015
190.46.192.47 - - [14/Aug/2018:08:54:49 -0300] "GET /cormun/servlet/solicitudot?e368e64252a86e01bd2397c944f5c32e0e5fa55897db01b661f20f6b85692ed32ec4065f0496980ef8532316702a4350,gx-no-cache=1534247614405 HTTP/1.1" 200 30
190.46.192.47 - - [14/Aug/2018:08:54:56 -0300] "POST /cormun/servlet/solicitudot?gx-no-cache=1534247621756 HTTP/1.1" 200 30
186.67.172.234 - - [14/Aug/2018:08:55:30 -0300] "GET /cormun/servlet/licenciaspermisos?c4326c947c7ce76feff2559ad085ac9b0a65d3248860e73fc2252430a0d5caf1e6c67dee154e6d352cfdb49bf84ce020b596491eee2567ddc3d91c5fa9b58cc12256a77818804b1dd00a79c5c5c409d3e31893e63c632ddea4b47a34ff2802d250ac7c22b1f23b7275627689e09aeb5be0e93b5ca81907055f143375d5b769915149129a2d32b8b07009035168388ea23283a35b4f638218251251480a9c9429f4073148ed087715ee8289a67211e463,gx-no-cache=1534247562655 HTTP/1.1" 200 30
186.67.172.234 - - [14/Aug/2018:08:55:30 -0300] "POST /cormun/servlet/licenciaspermisos?a8a21ca52d81463d1e0d74bb3d1b8d1a,INS,0,,,,gx-no-cache=1534247562706 HTTP/1.1" 200 4992
186.67.172.234 - - [14/Aug/2018:08:55:42 -0300] "GET /cormun/servlet/prfichaempleado?,MD,,gxPopupLevel%3D0%3B HTTP/1.1" 200 9413
186.67.172.234 - - [14/Aug/2018:08:55:52 -0300] "POST /cormun/servlet/prfichaempleado?a8a21ca52d81463d1e0d74bb3d1b8d1a,,MD,,gxPopupLevel%3D0%3B,gx-no-cache=1534247584977 HTTP/1.1" 200 6296
186.67.172.234 - - [14/Aug/2018:08:55:53 -0300] "GET /cormun/static/Resources/PXToolsGridLast.gif HTTP/1.1" 200 370
186.67.172.234 - - [14/Aug/2018:08:55:53 -0300] "GET /cormun/static/Resources/PXToolsGridNext.gif HTTP/1.1" 200 369
186.67.172.234 - - [14/Aug/2018:08:56:18 -0300] "GET /cormun/servlet/prfichaempleado?,MD,,gxPopupLevel%3D0%3B HTTP/1.1" 200 9413
186.67.172.234 - - [14/Aug/2018:08:56:29 -0300] "POST /cormun/servlet/prfichaempleado?a8a21ca52d81463d1e0d74bb3d1b8d1a,,MD,,gxPopupLevel%3D0%3B,gx-no-cache=1534247621337 HTTP/1.1" 200 3204
200.73.230.197 - - [14/Aug/2018:08:56:35 -0300] "GET /cormun/servlet/hlogin HTTP/1.1" 200 1721
186.67.172.234 - - [14/Aug/2018:08:56:39 -0300] "POST /cormun/servlet/prfichaempleado?a8a21ca52d81463d1e0d74bb3d1b8d1a,,MD,,gxPopupLevel%3D0%3B,gx-no-cache=1534247631551 HTTP/1.1" 200 6296
200.73.230.197 - - [14/Aug/2018:08:56:47 -0300] "POST /cormun/servlet/hlogin?e55f8afb9e47dfb655bcf69c6c988c9b,gx-no-cache=1534247731449 HTTP/1.1" 200 90
200.73.230.197 - - [14/Aug/2018:08:56:47 -0300] "GET /cormun/servlet/hpexe_link HTTP/1.1" 200 953
200.73.230.197 - - [14/Aug/2018:08:56:48 -0300] "GET /cormun/servlet/hhome HTTP/1.1" 200 3958
200.73.230.197 - - [14/Aug/2018:08:56:50 -0300] "GET /cormun/servlet/hhome HTTP/1.1" 200 3955
186.67.172.234 - - [14/Aug/2018:08:56:51 -0300] "GET /cormun/servlet/licenciaspermisos?c4326c947c7ce76feff2559ad085ac9bd7ca25184875b4208a8c4d13e8ac04c3f58aa7e2b35a092b9a271245dabf0ee616f314d8b2ddd38d9cc8d6690f6fe3421a84d0bb29d0198058c6b3d066a7d3f652806c1d510d60fac430553078e252ced021f921f917cbd96deea958ddcd017871af33d4cdeb269d176761cc9b88b115abcd1cc5210240417471c56bf6c0563b3d41dcfbefb8cd4705d0a29a9196a68bee06a5d4f5816150d150111844367d4f4f608f6bb43365fed1c8c310765a18d98b1704668b0d2d62ab97a681b13f8ab23942c96b3aacafbb4d9216c51b73abf53654deb4149e9d072c6d83573c023bf0,gx-no-cache=1534247643718 HTTP/1.1" 200 65
186.67.172.234 - - [14/Aug/2018:08:56:51 -0300] "POST /cormun/servlet/licenciaspermisos?a8a21ca52d81463d1e0d74bb3d1b8d1a,INS,0,,,,gx-no-cache=1534247643736 HTTP/1.1" 200 93
186.67.172.234 - - [14/Aug/2018:08:56:51 -0300] "GET /cormun/servlet/hpexe_return? HTTP/1.1" 200 1016
186.67.172.234 - - [14/Aug/2018:08:56:52 -0300] "GET /cormun/servlet/trlicencias HTTP/1.1" 200 17353
186.67.172.234 - - [14/Aug/2018:08:56:52 -0300] "GET /cormun/servlet/trlicencias HTTP/1.1" 200 17348
186.67.172.234 - - [14/Aug/2018:08:57:08 -0300] "GET /cormun/servlet/trlicenciaspermisosadjuntos?18042487,20180814000000,L, HTTP/1.1" 200 6603
186.67.172.234 - - [14/Aug/2018:08:57:08 -0300] "GET /cormun/servlet/trlicenciaspermisosadjuntos?18042487,20180814000000,L, HTTP/1.1" 200 6603
200.73.230.197 - - [14/Aug/2018:08:57:28 -0300] "GET /cormun/servlet/trlicencias? HTTP/1.1" 200 9598
200.73.230.197 - - [14/Aug/2018:08:57:30 -0300] "GET /cormun/servlet/trlicencias? HTTP/1.1" 200 9595
186.67.172.234 - - [14/Aug/2018:08:57:42 -0300] "GET /cormun/servlet/licenciaspermisosadjuntos?INS,18042487,L,20180814000000,, HTTP/1.1" 200 5904
186.67.172.234 - - [14/Aug/2018:08:57:42 -0300] "GET /cormun/static/about:blank HTTP/1.1" 404 1011
186.67.172.234 - - [14/Aug/2018:08:57:43 -0300] "GET /cormun/servlet/licenciaspermisosadjuntos?INS,18042487,L,20180814000000,, HTTP/1.1" 200 5894
200.73.230.197 - - [14/Aug/2018:08:57:52 -0300] "GET /cormun/servlet/licenciaspermisos?INS,0,,, HTTP/1.1" 200 7484
200.73.230.197 - - [14/Aug/2018:08:57:52 -0300] "GET /cormun/static/gxcfg.js?201762917281167 HTTP/1.1" 200 953
200.73.230.197 - - [14/Aug/2018:08:57:53 -0300] "GET /cormun/static/licenciaspermisos.js?201762917281260 HTTP/1.1" 200 37491
200.73.230.197 - - [14/Aug/2018:08:57:53 -0300] "GET /cormun/static/Resources/prompt.gif HTTP/1.1" 200 902
200.73.230.197 - - [14/Aug/2018:08:57:54 -0300] "GET /cormun/servlet/licenciaspermisos?INS,0,,, HTTP/1.1" 200 7483
186.67.172.234 - - [14/Aug/2018:08:58:03 -0300] "POST /cormun/servlet/licenciaspermisosadjuntos?a8a21ca52d81463d1e0d74bb3d1b8d1a,INS,18042487,L,20180814000000,, HTTP/1.1" 200 116
186.67.172.234 - - [14/Aug/2018:08:58:03 -0300] "GET /cormun/servlet/hpexe_return? HTTP/1.1" 200 1046
186.67.172.234 - - [14/Aug/2018:08:58:03 -0300] "GET /cormun/servlet/trlicenciaspermisosadjuntos?18042487,20180814000000,L, HTTP/1.1" 200 7109
186.67.172.234 - - [14/Aug/2018:08:58:04 -0300] "GET /cormun/servlet/trlicenciaspermisosadjuntos?18042487,20180814000000,L, HTTP/1.1" 200 7111
186.67.172.234 - - [14/Aug/2018:08:58:12 -0300] "POST /cormun/servlet/trlicenciaspermisosadjuntos?a8a21ca52d81463d1e0d74bb3d1b8d1a,18042487,20180814000000,L,,gx-no-cache=1534247724196 HTTP/1.1" 200 90
186.67.172.234 - - [14/Aug/2018:08:58:12 -0300] "GET /cormun/servlet/hpexe_link HTTP/1.1" 200 987
186.67.172.234 - - [14/Aug/2018:08:58:12 -0300] "GET /cormun/servlet/trlicencias HTTP/1.1" 200 17375
186.67.172.234 - - [14/Aug/2018:08:58:12 -0300] "GET /cormun/servlet/trlicencias HTTP/1.1" 200 17358
190.46.192.47 - - [14/Aug/2018:08:58:13 -0300] "POST /cormun/servlet/solicitudot?1c93a406c46f7926f724a261a41a4d3e,INS,0,0,,gx-no-cache=1534247818578 HTTP/1.1" 200 93
190.46.192.47 - - [14/Aug/2018:08:58:13 -0300] "GET /cormun/servlet/hpexe_return? HTTP/1.1" 200 1011
190.46.192.47 - - [14/Aug/2018:08:58:13 -0300] "GET /cormun/static/gxcfg.js?2016101716175148 HTTP/1.1" 200 953
190.46.192.47 - - [14/Aug/2018:08:58:14 -0300] "GET /cormun/static/hpexe_return.js?2016101716175153 HTTP/1.1" 200 1633
190.46.192.47 - - [14/Aug/2018:08:58:14 -0300] "GET /cormun/static/Resources/Spanish/PXTools.css?167811 HTTP/1.1" 200 89042
190.46.192.47 - - [14/Aug/2018:08:58:14 -0300] "GET /cormun/servlet/trsolicitudot HTTP/1.1" 200 8926
200.73.230.197 - - [14/Aug/2018:08:58:14 -0300] "GET /cormun/servlet/licenciaspermisos?f713e03e8d10178bf10770935059894080b39ce6255b5421b55af41c3e2bfa27d0b0cc43c891fb35a48b07ded1f8c776,gx-no-cache=1534247818748 HTTP/1.1" 200 94
200.73.230.197 - - [14/Aug/2018:08:58:14 -0300] "POST /cormun/servlet/licenciaspermisos?e55f8afb9e47dfb655bcf69c6c988c9b,INS,0,,,,gx-no-cache=1534247818867 HTTP/1.1" 200 4693
190.46.192.47 - - [14/Aug/2018:08:58:14 -0300] "GET /cormun//static/Resources/PXToolsActionView.png HTTP/1.1" 200 2995
190.46.192.47 - - [14/Aug/2018:08:58:14 -0300] "GET /cormun//static/Resources/PXToolsGridUpdate.png HTTP/1.1" 200 2984
190.46.192.47 - - [14/Aug/2018:08:58:14 -0300] "GET /cormun//static/Resources/PXToolsRemoveAllAction.png HTTP/1.1" 200 3558
190.46.192.47 - - [14/Aug/2018:08:58:14 -0300] "GET /cormun/servlet/trsolicitudot HTTP/1.1" 200 8922
190.46.192.47 - - [14/Aug/2018:08:58:14 -0300] "GET /cormun//static/Resources/PXToolsGridDelete.png HTTP/1.1" 200 357
186.67.172.234 - - [14/Aug/2018:08:58:17 -0300] "GET /cormun/servlet/alicenciaprn?18042487,L,20180814000000,PU HTTP/1.1" 200 1601
190.46.192.47 - - [14/Aug/2018:08:58:19 -0300] "POST /cormun/servlet/trsolicitudot?1c93a406c46f7926f724a261a41a4d3e,gx-no-cache=1534247824778 HTTP/1.1" 200 105
190.46.192.47 - - [14/Aug/2018:08:58:19 -0300] "GET /cormun/servlet/solicitudot?UPD,2018,12029, HTTP/1.1" 200 15735
190.46.192.47 - - [14/Aug/2018:08:58:20 -0300] "GET /cormun/servlet/solicitudot?UPD,2018,12029, HTTP/1.1" 200 15745
190.46.192.47 - - [14/Aug/2018:08:58:20 -0300] "POST /cormun/servlet/solicitudot?gx-no-cache=1534247825888 HTTP/1.1" 200 3454
190.46.192.47 - - [14/Aug/2018:08:58:20 -0300] "POST /cormun/servlet/solicitudot?1c93a406c46f7926f724a261a41a4d3e,UPD,2018,12029,,gx-no-cache=1534247826065 HTTP/1.1" 200 11863
190.46.192.47 - - [14/Aug/2018:08:58:21 -0300] "GET /cormun/servlet/solicitudot?e368e64252a86e01bd2397c944f5c32e5d7e999e3e39c960c49515344c4e737171c214c6748ab980aedeb8ba827bf8df,gx-no-cache=1534247826285 HTTP/1.1" 200 30
190.46.192.47 - - [14/Aug/2018:08:58:21 -0300] "GET /cormun/servlet/solicitudot?e368e64252a86e01bd2397c944f5c32e0c685b87ece93b9822d88149522f4d1bee38c86f9dc2c8758c6481c0de790617524ad0861ccc8446d360429d95adf7e0,gx-no-cache=1534247826330 HTTP/1.1" 200 30
190.46.192.47 - - [14/Aug/2018:08:58:21 -0300] "GET /cormun/servlet/solicitudot?e368e64252a86e01bd2397c944f5c32e1eeb6263d411049d24f8b9b0553f77dbe5a59f345475b557c09e573c63ec47f7f123cb4a0de9e46462c4064a32bfe086,gx-no-cache=1534247826381 HTTP/1.1" 200 53
190.46.192.47 - - [14/Aug/2018:08:58:21 -0300] "POST /cormun/servlet/solicitudot?gx-no-cache=1534247826430 HTTP/1.1" 200 297
190.46.192.47 - - [14/Aug/2018:08:58:21 -0300] "GET /cormun/servlet/solicitudot?e368e64252a86e01bd2397c944f5c32eea613d97863d8d65aae170265fff8919611ac8030f45b988c7cde4607d82226e79afb0eac011a771cd05b3779ebaf320608da24dc8caa19623198532735a9080ffeb074770debd01d2c27d94e11a94394d53227cb64d207da86fffa498b77cafb4a5d382313a7d8c1b8181359969c9684296a5cf09f3ebf133ed03d3a8ea3786dd06288ab79452bd270eaad1648dcfa5a714205226a37f4c6e7b02af8ec683f922256a608acca76914f24492a6bed39f94fb3f01cd7c407b36eaa91163bc36cabc58d5c6e8a6940aed6cd929c6bcc80abe0a5b26e9343deaabefda382d4da73fc3a9b5c3c77cac6e53ecb033830b99e7dd57c4799ee6f2ac55e47cbdcb662ccc6bf73a1562a52d05223738df224575f653f59079643ce3dcf5eab949e1d1011e04e5da72016f56a568d1ba478149bb43301c48e17ca48d8e6afaad02bec345bfe020876c223c3200eb1eb4995c80572090356c02c7f2872061edad3f595fcbae8c5f5913b37202adca5ad56de22e7c9e2b26ffe2b3f43b5f448a017f803a5569,gx-no-cache=1534247826494 HTTP/1.1" 200 30
190.46.192.47 - - [14/Aug/2018:08:58:21 -0300] "POST /cormun/servlet/solicitudot?gx-no-cache=1534247826538 HTTP/1.1" 200 30
190.46.192.47 - - [14/Aug/2018:08:58:21 -0300] "POST /cormun/servlet/solicitudot?gx-no-cache=1534247826612 HTTP/1.1" 200 1371
190.46.192.47 - - [14/Aug/2018:08:58:21 -0300] "POST /cormun/servlet/solicitudot?gx-no-cache=1534247826701 HTTP/1.1" 200 41
190.46.192.47 - - [14/Aug/2018:08:58:32 -0300] "GET /cormun/servlet/solicitudot?e368e64252a86e01bd2397c944f5c32ebfc0ea89853ecaf90584d0236745df8b69cb1fcbeda37a1278edffcbf2e1b75153694824a221f9d8cacaf3e82f6a614b76f9742832b01c2e4f70205ef35f07f1e269ce27cf4b24a3862f48145478140f6610087e4dfd619a1bd95993314f76e9,gx-no-cache=1534247837543 HTTP/1.1" 200 29
190.46.192.47 - - [14/Aug/2018:08:58:32 -0300] "POST /cormun/servlet/solicitudot?gx-no-cache=1534247837638 HTTP/1.1" 200 1356
190.46.192.47 - - [14/Aug/2018:08:58:32 -0300] "POST /cormun/servlet/solicitudot?gx-no-cache=1534247837719 HTTP/1.1" 200 1258
190.46.192.47 - - [14/Aug/2018:08:58:32 -0300] "GET /cormun/servlet/solicitudot?e368e64252a86e01bd2397c944f5c32e0e5fa55897db01b661f20f6b85692ed32ec4065f0496980ef8532316702a4350,gx-no-cache=1534247837777 HTTP/1.1" 200 30
190.46.192.47 - - [14/Aug/2018:08:58:32 -0300] "POST /cormun/servlet/solicitudot?gx-no-cache=1534247837824 HTTP/1.1" 200 30
190.46.192.47 - - [14/Aug/2018:08:58:32 -0300] "POST /cormun/servlet/solicitudot?1c93a406c46f7926f724a261a41a4d3e,UPD,2018,12029,,gx-no-cache=1534247837885 HTTP/1.1" 200 93
190.46.192.47 - - [14/Aug/2018:08:58:32 -0300] "GET /cormun/servlet/hpexe_return? HTTP/1.1" 200 1017
190.46.192.47 - - [14/Aug/2018:08:58:32 -0300] "GET /cormun/servlet/trsolicitudot HTTP/1.1" 200 8926
190.46.192.47 - - [14/Aug/2018:08:58:33 -0300] "GET /cormun/servlet/trsolicitudot HTTP/1.1" 200 8922
200.73.230.197 - - [14/Aug/2018:08:59:06 -0300] "GET /cormun/static/menuarrow.gif HTTP/1.1" 404 1015
186.103.159.188 - - [14/Aug/2018:08:59:31 -0300] "GET /cormun/servlet/hlogin HTTP/1.1" 200 1725
186.103.159.188 - - [14/Aug/2018:08:59:31 -0300] "GET /cormun/servlet/hlogin HTTP/1.1" 200 1732
186.103.159.188 - - [14/Aug/2018:08:59:43 -0300] "POST /cormun/servlet/hlogin?f5b796301ec249868d48e36125a346e6,gx-no-cache=1534247908904 HTTP/1.1" 200 90
186.103.159.188 - - [14/Aug/2018:08:59:43 -0300] "GET /cormun/servlet/hpexe_link HTTP/1.1" 200 953
186.103.159.188 - - [14/Aug/2018:08:59:43 -0300] "GET /cormun/servlet/hhome HTTP/1.1" 200 3948
186.103.159.188 - - [14/Aug/2018:08:59:44 -0300] "GET /cormun/servlet/hhome HTTP/1.1" 200 3944
186.103.159.188 - - [14/Aug/2018:08:59:47 -0300] "GET /cormun/servlet/trlicencias? HTTP/1.1" 200 11820
186.103.159.188 - - [14/Aug/2018:08:59:47 -0300] "GET /cormun/servlet/trlicencias? HTTP/1.1" 200 11818
186.103.159.188 - - [14/Aug/2018:08:59:55 -0300] "GET /cormun/servlet/licenciaspermisos?INS,0,,, HTTP/1.1" 200 7473
186.103.159.188 - - [14/Aug/2018:08:59:56 -0300] "GET /cormun/servlet/licenciaspermisos?INS,0,,, HTTP/1.1" 200 7473
190.164.163.23 - - [14/Aug/2018:09:00:10 -0300] "GET /cormun/servlet/licenciaspermisos?bc25c7af88645216af9c17e342d94c5fda1ef8ef080aa7206a5bfcf9c63ddc49355f4f608f21249f46ba1c7a59a0d721,gx-no-cache=1534247936171 HTTP/1.1" 200 84
190.164.163.23 - - [14/Aug/2018:09:00:10 -0300] "POST /cormun/servlet/licenciaspermisos?f5b796301ec249868d48e36125a346e6,INS,0,,,,gx-no-cache=1534247936462 HTTP/1.1" 200 4672
186.67.172.234 - - [14/Aug/2018:09:00:11 -0300] "POST /cormun/servlet/trlicencias?a8a21ca52d81463d1e0d74bb3d1b8d1a,gx-no-cache=1534247842283 HTTP/1.1" 200 14909
186.67.172.234 - - [14/Aug/2018:09:00:11 -0300] "GET /cormun/static/Shared/jqueryui/images/ui-icons_82798d_256x240.png HTTP/1.1" 404 1089
186.67.172.234 - - [14/Aug/2018:09:00:11 -0300] "GET /cormun/static/Shared/jqueryui/images/ui-bg_highlight-soft_100_c6c2c8_1x100.png HTTP/1.1" 404 1117
186.67.172.234 - - [14/Aug/2018:09:00:11 -0300] "GET /cormun/static/Shared/jqueryui/images/ui-bg_flat_55_fafafa_40x100.png HTTP/1.1" 404 1097
186.67.172.234 - - [14/Aug/2018:09:00:11 -0300] "GET /cormun/static/Shared/jqueryui/images/ui-icons_8d78a5_256x240.png HTTP/1.1" 404 1089
190.164.163.23 - - [14/Aug/2018:09:00:33 -0300] "GET /cormun/static/menuarrow.gif HTTP/1.1" 404 1015
190.46.192.47 - - [14/Aug/2018:09:00:34 -0300] "POST /cormun/servlet/trsolicitudot?1c93a406c46f7926f724a261a41a4d3e,gx-no-cache=1534247959320 HTTP/1.1" 200 106
190.46.192.47 - - [14/Aug/2018:09:00:34 -0300] "GET /cormun/servlet/trsolicitudadjuntos?2018,12029, HTTP/1.1" 200 6446
190.46.192.47 - - [14/Aug/2018:09:00:34 -0300] "GET /cormun/static/gxcfg.js?20177612135366 HTTP/1.1" 200 953
190.46.192.47 - - [14/Aug/2018:09:00:34 -0300] "GET /cormun/static/trsolicitudadjuntos.js?20177612135632 HTTP/1.1" 200 17922
190.46.192.47 - - [14/Aug/2018:09:00:34 -0300] "GET /cormun/servlet/trsolicitudadjuntos?2018,12029, HTTP/1.1" 200 6446
190.46.192.47 - - [14/Aug/2018:09:00:39 -0300] "GET /cormun/servlet/solicitudotadjuntos?INS,2018,12029,,1, HTTP/1.1" 200 6388
190.46.192.47 - - [14/Aug/2018:09:00:39 -0300] "GET /cormun/static/gxcfg.js?2017761244068 HTTP/1.1" 200 953
190.46.192.47 - - [14/Aug/2018:09:00:39 -0300] "GET /cormun/static/solicitudotadjuntos.js?2017761244086 HTTP/1.1" 200 11771
190.46.192.47 - - [14/Aug/2018:09:00:39 -0300] "GET /cormun/static/about:blank HTTP/1.1" 404 1011
190.46.192.47 - - [14/Aug/2018:09:00:39 -0300] "GET /cormun/servlet/solicitudotadjuntos?INS,2018,12029,,1, HTTP/1.1" 200 6380
190.46.192.47 - - [14/Aug/2018:09:00:40 -0300] "GET /cormun/servlet/solicitudotadjuntos?e368e64252a86e01bd2397c944f5c32ea0f8934cba7c1ca0d41cd4079b15afdcb26248f3a0609078f3462223307d79e9,gx-no-cache=1534247965415 HTTP/1.1" 200 30
190.46.192.47 - - [14/Aug/2018:09:00:40 -0300] "POST /cormun/servlet/solicitudotadjuntos?1c93a406c46f7926f724a261a41a4d3e,INS,2018,12029,,1,,gx-no-cache=1534247965514 HTTP/1.1" 200 3996
190.46.192.47 - - [14/Aug/2018:09:00:42 -0300] "POST /cormun/servlet/solicitudotadjuntos?gx-no-cache=1534247967590 HTTP/1.1" 200 26
213.136.94.246 - - [14/Aug/2018:09:00:55 -0300] "GET /manager/html HTTP/1.1" 401 2474
213.136.94.246 - - [14/Aug/2018:09:00:57 -0300] "GET /manager/html HTTP/1.1" 401 2474
190.46.192.47 - - [14/Aug/2018:09:01:08 -0300] "GET /cormun/servlet/solicitudotadjuntos?e368e64252a86e01bd2397c944f5c32e2701079aa88ac82662119ed17ed504ef,gx-no-cache=1534247994100 HTTP/1.1" 200 30
190.46.192.47 - - [14/Aug/2018:09:01:08 -0300] "GET /cormun/servlet/solicitudotadjuntos?e368e64252a86e01bd2397c944f5c32e2701079aa88ac82662119ed17ed504ef,gx-no-cache=1534247994164 HTTP/1.1" 200 30
190.46.192.47 - - [14/Aug/2018:09:01:09 -0300] "POST /cormun/servlet/solicitudotadjuntos?1c93a406c46f7926f724a261a41a4d3e,INS,2018,12029,,1, HTTP/1.1" 200 116
190.46.192.47 - - [14/Aug/2018:09:01:09 -0300] "GET /cormun/servlet/hpexe_return? HTTP/1.1" 200 1031
190.46.192.47 - - [14/Aug/2018:09:01:09 -0300] "GET /cormun/servlet/trsolicitudadjuntos?2018,12029, HTTP/1.1" 200 8994
190.46.192.47 - - [14/Aug/2018:09:01:10 -0300] "GET /cormun/servlet/trsolicitudadjuntos?2018,12029, HTTP/1.1" 200 8993
200.73.230.197 - - [14/Aug/2018:09:01:10 -0300] "GET /cormun/servlet/licenciaspermisos?f713e03e8d10178bf107709350598940be817c020bff3762b2008a5f572ff96c4bd0217499bdf5f750b03b56dda579f7634b7e45d883a3c952f163814ca0831e7ee8c23a700170a15d615dec287e632ee154dcf3ac2f8d49a69097bdbbd174147bb4757fe434a2a775da0031bf4e15ca78ddf4c1ef0b933afdd02c95381169c5988c1e0b8ea3d96c522bd309521753a0ab77c13751b6f947b56d1bc8fbdbaddd01b657aafab69e33c29e9a816c6671705961ef88c0c14eb988f14e8e171dc6c9d913e3012a3dc21d15c3f6d5114a4d2de9bfad7a36b32e0ab887a805ca42825b,gx-no-cache=1534247994766 HTTP/1.1" 200 30
200.73.230.197 - - [14/Aug/2018:09:01:10 -0300] "GET /cormun/servlet/licenciaspermisos?f713e03e8d10178bf10770935059894030a23c59733bbf859f362b74f763fc780dfbe9aaa27ec159590658cfe0cdd7f583c2aaa1208db43031c2db8b4c78d392ddcb7462812c138cc22ea6612540fd9309cc72f92d6138958f1c78e15e45d9b7d0b3605a7a747c46a7dad4020eff9a6f725fdc67ca6b5e2707e8df9d7ace20f12f6f3282391396415450246d462990f15c481bea280e00f5fe4a24c804dfab60361733ab15a67fec0aed896e91779f7540337c9a019891bd6f097f9a89288dd1cf13839768cf53f1d8027a585e3b40075b9961eca096276bc0be8bc4097f096b,gx-no-cache=1534247995044 HTTP/1.1" 200 29
200.73.230.197 - - [14/Aug/2018:09:01:11 -0300] "POST /cormun/servlet/licenciaspermisos?e55f8afb9e47dfb655bcf69c6c988c9b,INS,0,,,,gx-no-cache=1534247995192 HTTP/1.1" 200 93
200.73.230.197 - - [14/Aug/2018:09:01:11 -0300] "GET /cormun/servlet/hpexe_return? HTTP/1.1" 200 1014
200.73.230.197 - - [14/Aug/2018:09:01:11 -0300] "GET /cormun/static/Resources/Spanish/PXTools.css?167811 HTTP/1.1" 304 -
200.73.230.197 - - [14/Aug/2018:09:01:11 -0300] "GET /cormun/static/gxcfg.js?2016101716175148 HTTP/1.1" 304 -
200.73.230.197 - - [14/Aug/2018:09:01:11 -0300] "GET /cormun/static/hpexe_return.js?2016101716175153 HTTP/1.1" 304 -
200.73.230.197 - - [14/Aug/2018:09:01:11 -0300] "GET /cormun/servlet/trlicencias HTTP/1.1" 200 9958
190.46.192.47 - - [14/Aug/2018:09:01:12 -0300] "GET /cormun/servlet/solicitudotadjuntos?INS,2018,12029,,1, HTTP/1.1" 200 6387
190.46.192.47 - - [14/Aug/2018:09:01:12 -0300] "GET /cormun/static/about:blank HTTP/1.1" 404 1011
190.46.192.47 - - [14/Aug/2018:09:01:12 -0300] "GET /cormun/servlet/solicitudotadjuntos?INS,2018,12029,,1, HTTP/1.1" 200 6380
190.46.192.47 - - [14/Aug/2018:09:01:13 -0300] "GET /cormun/servlet/solicitudotadjuntos?e368e64252a86e01bd2397c944f5c32ea0f8934cba7c1ca0d41cd4079b15afdcb26248f3a0609078f3462223307d79e9,gx-no-cache=1534247998388 HTTP/1.1" 200 30
190.46.192.47 - - [14/Aug/2018:09:01:13 -0300] "POST /cormun/servlet/solicitudotadjuntos?1c93a406c46f7926f724a261a41a4d3e,INS,2018,12029,,1,,gx-no-cache=1534247998438 HTTP/1.1" 200 3995
200.73.230.197 - - [14/Aug/2018:09:01:13 -0300] "GET /cormun/servlet/trlicencias HTTP/1.1" 200 9953
190.46.192.47 - - [14/Aug/2018:09:01:15 -0300] "POST /cormun/servlet/solicitudotadjuntos?gx-no-cache=1534248001178 HTTP/1.1" 200 26
200.73.230.197 - - [14/Aug/2018:09:01:19 -0300] "GET /cormun/servlet/trlicenciaspermisosadjuntos?12692670,20180814000000,L, HTTP/1.1" 200 6306
200.73.230.197 - - [14/Aug/2018:09:01:19 -0300] "GET /cormun/static/gxcfg.js?20177612163414 HTTP/1.1" 200 953
200.73.230.197 - - [14/Aug/2018:09:01:19 -0300] "GET /cormun/static/trlicenciaspermisosadjuntos.js?20177612163719 HTTP/1.1" 200 21036
200.73.230.197 - - [14/Aug/2018:09:01:21 -0300] "GET /cormun/servlet/trlicenciaspermisosadjuntos?12692670,20180814000000,L, HTTP/1.1" 200 6306
190.46.192.47 - - [14/Aug/2018:09:01:27 -0300] "GET /cormun/servlet/solicitudotadjuntos?e368e64252a86e01bd2397c944f5c32e2701079aa88ac82662119ed17ed504ef,gx-no-cache=1534248012417 HTTP/1.1" 200 30
190.46.192.47 - - [14/Aug/2018:09:01:27 -0300] "GET /cormun/servlet/solicitudotadjuntos?e368e64252a86e01bd2397c944f5c32e2701079aa88ac82662119ed17ed504ef,gx-no-cache=1534248012561 HTTP/1.1" 200 30
190.46.192.47 - - [14/Aug/2018:09:01:28 -0300] "POST /cormun/servlet/solicitudotadjuntos?1c93a406c46f7926f724a261a41a4d3e,INS,2018,12029,,1, HTTP/1.1" 200 116
190.46.192.47 - - [14/Aug/2018:09:01:28 -0300] "GET /cormun/servlet/hpexe_return? HTTP/1.1" 200 1031
190.46.192.47 - - [14/Aug/2018:09:01:28 -0300] "GET /cormun/servlet/trsolicitudadjuntos?2018,12029, HTTP/1.1" 200 9225
190.46.192.47 - - [14/Aug/2018:09:01:29 -0300] "GET /cormun/servlet/trsolicitudadjuntos?2018,12029, HTTP/1.1" 200 9224
190.46.192.47 - - [14/Aug/2018:09:01:31 -0300] "GET /cormun/servlet/solicitudotadjuntos?INS,2018,12029,,1, HTTP/1.1" 200 6387
190.46.192.47 - - [14/Aug/2018:09:01:31 -0300] "GET /cormun/static/about:blank HTTP/1.1" 404 1011
190.46.192.47 - - [14/Aug/2018:09:01:31 -0300] "GET /cormun/servlet/solicitudotadjuntos?INS,2018,12029,,1, HTTP/1.1" 200 6380
190.46.192.47 - - [14/Aug/2018:09:01:31 -0300] "GET /cormun/servlet/solicitudotadjuntos?e368e64252a86e01bd2397c944f5c32ea0f8934cba7c1ca0d41cd4079b15afdcb26248f3a0609078f3462223307d79e9,gx-no-cache=1534248017213 HTTP/1.1" 200 30
190.46.192.47 - - [14/Aug/2018:09:01:32 -0300] "POST /cormun/servlet/solicitudotadjuntos?1c93a406c46f7926f724a261a41a4d3e,INS,2018,12029,,1,,gx-no-cache=1534248017254 HTTP/1.1" 200 3995
200.73.230.197 - - [14/Aug/2018:09:01:32 -0300] "GET /cormun/servlet/licenciaspermisosadjuntos?INS,12692670,L,20180814000000,, HTTP/1.1" 200 5603
200.73.230.197 - - [14/Aug/2018:09:01:33 -0300] "GET /cormun/static/gxcfg.js?2017761263592 HTTP/1.1" 200 953
200.73.230.197 - - [14/Aug/2018:09:01:33 -0300] "GET /cormun/static/licenciaspermisosadjuntos.js?201776126362 HTTP/1.1" 200 8760
200.73.230.197 - - [14/Aug/2018:09:01:33 -0300] "GET /cormun/static/about:blank HTTP/1.1" 404 1011
200.73.230.197 - - [14/Aug/2018:09:01:34 -0300] "GET /cormun/servlet/licenciaspermisosadjuntos?INS,12692670,L,20180814000000,, HTTP/1.1" 200 5592
190.46.192.47 - - [14/Aug/2018:09:01:34 -0300] "POST /cormun/servlet/solicitudotadjuntos?gx-no-cache=1534248019830 HTTP/1.1" 200 26
190.46.192.47 - - [14/Aug/2018:09:01:40 -0300] "GET /cormun/servlet/solicitudotadjuntos?e368e64252a86e01bd2397c944f5c32e2701079aa88ac82662119ed17ed504ef,gx-no-cache=1534248026104 HTTP/1.1" 200 30
190.46.192.47 - - [14/Aug/2018:09:01:40 -0300] "GET /cormun/servlet/solicitudotadjuntos?e368e64252a86e01bd2397c944f5c32e2701079aa88ac82662119ed17ed504ef,gx-no-cache=1534248026167 HTTP/1.1" 200 30
190.46.192.47 - - [14/Aug/2018:09:01:41 -0300] "POST /cormun/servlet/solicitudotadjuntos?1c93a406c46f7926f724a261a41a4d3e,INS,2018,12029,,1, HTTP/1.1" 200 116
190.46.192.47 - - [14/Aug/2018:09:01:41 -0300] "GET /cormun/servlet/hpexe_return? HTTP/1.1" 200 1031
190.46.192.47 - - [14/Aug/2018:09:01:41 -0300] "GET /cormun/servlet/trsolicitudadjuntos?2018,12029, HTTP/1.1" 200 9417
190.46.192.47 - - [14/Aug/2018:09:01:41 -0300] "GET /cormun/servlet/trsolicitudadjuntos?2018,12029, HTTP/1.1" 200 9414
190.46.192.47 - - [14/Aug/2018:09:01:43 -0300] "GET /cormun/servlet/solicitudotadjuntos?INS,2018,12029,,1, HTTP/1.1" 200 6387
190.46.192.47 - - [14/Aug/2018:09:01:43 -0300] "GET /cormun/static/about:blank HTTP/1.1" 404 1011
190.46.192.47 - - [14/Aug/2018:09:01:43 -0300] "GET /cormun/servlet/solicitudotadjuntos?INS,2018,12029,,1, HTTP/1.1" 200 6380
190.46.192.47 - - [14/Aug/2018:09:01:44 -0300] "GET /cormun/servlet/solicitudotadjuntos?e368e64252a86e01bd2397c944f5c32ea0f8934cba7c1ca0d41cd4079b15afdcb26248f3a0609078f3462223307d79e9,gx-no-cache=1534248029604 HTTP/1.1" 200 30
190.46.192.47 - - [14/Aug/2018:09:01:44 -0300] "POST /cormun/servlet/solicitudotadjuntos?1c93a406c46f7926f724a261a41a4d3e,INS,2018,12029,,1,,gx-no-cache=1534248029684 HTTP/1.1" 200 3995
190.46.192.47 - - [14/Aug/2018:09:01:46 -0300] "POST /cormun/servlet/solicitudotadjuntos?gx-no-cache=1534248031878 HTTP/1.1" 200 26
200.73.230.197 - - [14/Aug/2018:09:01:53 -0300] "POST /cormun/servlet/licenciaspermisosadjuntos?e55f8afb9e47dfb655bcf69c6c988c9b,INS,12692670,L,20180814000000,, HTTP/1.1" 200 116
200.73.230.197 - - [14/Aug/2018:09:01:54 -0300] "GET /cormun/servlet/hpexe_return? HTTP/1.1" 200 1045
190.46.192.47 - - [14/Aug/2018:09:01:54 -0300] "GET /cormun/servlet/solicitudotadjuntos?e368e64252a86e01bd2397c944f5c32e2701079aa88ac82662119ed17ed504ef,gx-no-cache=1534248039743 HTTP/1.1" 200 30
190.46.192.47 - - [14/Aug/2018:09:01:54 -0300] "GET /cormun/servlet/solicitudotadjuntos?e368e64252a86e01bd2397c944f5c32e2701079aa88ac82662119ed17ed504ef,gx-no-cache=1534248039799 HTTP/1.1" 200 30
200.73.230.197 - - [14/Aug/2018:09:01:54 -0300] "GET /cormun/servlet/trlicenciaspermisosadjuntos?12692670,20180814000000,L, HTTP/1.1" 200 6769
190.46.192.47 - - [14/Aug/2018:09:01:54 -0300] "POST /cormun/servlet/solicitudotadjuntos?1c93a406c46f7926f724a261a41a4d3e,INS,2018,12029,,1, HTTP/1.1" 200 116
190.46.192.47 - - [14/Aug/2018:09:01:54 -0300] "GET /cormun/servlet/hpexe_return? HTTP/1.1" 200 1031
190.46.192.47 - - [14/Aug/2018:09:01:55 -0300] "GET /cormun/servlet/trsolicitudadjuntos?2018,12029, HTTP/1.1" 200 9636
190.46.192.47 - - [14/Aug/2018:09:01:55 -0300] "GET /cormun/servlet/trsolicitudadjuntos?2018,12029, HTTP/1.1" 200 9634
200.73.230.197 - - [14/Aug/2018:09:01:56 -0300] "GET /cormun/servlet/trlicenciaspermisosadjuntos?12692670,20180814000000,L, HTTP/1.1" 200 6765
190.46.192.47 - - [14/Aug/2018:09:01:57 -0300] "GET /cormun/servlet/solicitudotadjuntos?INS,2018,12029,,1, HTTP/1.1" 200 6387
190.46.192.47 - - [14/Aug/2018:09:01:57 -0300] "GET /cormun/static/about:blank HTTP/1.1" 404 1011
190.46.192.47 - - [14/Aug/2018:09:01:57 -0300] "GET /cormun/servlet/solicitudotadjuntos?INS,2018,12029,,1, HTTP/1.1" 200 6380
190.46.192.47 - - [14/Aug/2018:09:01:58 -0300] "GET /cormun/servlet/solicitudotadjuntos?e368e64252a86e01bd2397c944f5c32ea0f8934cba7c1ca0d41cd4079b15afdcb26248f3a0609078f3462223307d79e9,gx-no-cache=1534248043342 HTTP/1.1" 200 30
190.46.192.47 - - [14/Aug/2018:09:01:58 -0300] "POST /cormun/servlet/solicitudotadjuntos?1c93a406c46f7926f724a261a41a4d3e,INS,2018,12029,,1,,gx-no-cache=1534248043402 HTTP/1.1" 200 3995
200.73.230.197 - - [14/Aug/2018:09:02:01 -0300] "GET /cormun/servlet/trlicencias? HTTP/1.1" 200 9954
200.73.230.197 - - [14/Aug/2018:09:02:03 -0300] "GET /cormun/servlet/trlicencias? HTTP/1.1" 200 9953
190.46.192.47 - - [14/Aug/2018:09:02:07 -0300] "POST /cormun/servlet/solicitudotadjuntos?gx-no-cache=1534248053050 HTTP/1.1" 200 26
200.73.230.197 - - [14/Aug/2018:09:02:15 -0300] "POST /cormun/servlet/trlicencias?e55f8afb9e47dfb655bcf69c6c988c9b,,gx-no-cache=1534248059877 HTTP/1.1" 200 7310
200.73.230.197 - - [14/Aug/2018:09:02:16 -0300] "GET /cormun/static/Shared/jqueryui/images/ui-bg_highlight-soft_100_c6c2c8_1x100.png HTTP/1.1" 404 1117
200.73.230.197 - - [14/Aug/2018:09:02:16 -0300] "GET /cormun/static/Shared/jqueryui/images/ui-icons_82798d_256x240.png HTTP/1.1" 404 1089
200.73.230.197 - - [14/Aug/2018:09:02:16 -0300] "GET /cormun/static/Shared/jqueryui/images/ui-bg_flat_55_fafafa_40x100.png HTTP/1.1" 404 1097
200.73.230.197 - - [14/Aug/2018:09:02:16 -0300] "GET /cormun/static/Shared/jqueryui/images/ui-icons_8d78a5_256x240.png HTTP/1.1" 404 1089
190.46.192.47 - - [14/Aug/2018:09:02:47 -0300] "GET /cormun/servlet/solicitudotadjuntos?e368e64252a86e01bd2397c944f5c32e2701079aa88ac82662119ed17ed504ef,gx-no-cache=1534248092918 HTTP/1.1" 200 30
190.46.192.47 - - [14/Aug/2018:09:02:47 -0300] "GET /cormun/servlet/solicitudotadjuntos?e368e64252a86e01bd2397c944f5c32e2701079aa88ac82662119ed17ed504ef,gx-no-cache=1534248093122 HTTP/1.1" 200 30
190.46.192.47 - - [14/Aug/2018:09:02:48 -0300] "POST /cormun/servlet/solicitudotadjuntos?1c93a406c46f7926f724a261a41a4d3e,INS,2018,12029,,1, HTTP/1.1" 200 116
190.46.192.47 - - [14/Aug/2018:09:02:48 -0300] "GET /cormun/servlet/hpexe_return? HTTP/1.1" 200 1031
190.46.192.47 - - [14/Aug/2018:09:02:48 -0300] "GET /cormun/servlet/trsolicitudadjuntos?2018,12029, HTTP/1.1" 200 9874
190.46.192.47 - - [14/Aug/2018:09:02:49 -0300] "GET /cormun/servlet/trsolicitudadjuntos?2018,12029, HTTP/1.1" 200 9877
190.46.192.47 - - [14/Aug/2018:09:02:51 -0300] "GET /cormun/servlet/solicitudotadjuntos?INS,2018,12029,,1, HTTP/1.1" 200 6387
200.73.230.197 - - [14/Aug/2018:09:02:51 -0300] "GET /cormun/servlet/hlogin HTTP/1.1" 200 1720
190.46.192.47 - - [14/Aug/2018:09:02:51 -0300] "GET /cormun/static/about:blank HTTP/1.1" 404 1011
190.46.192.47 - - [14/Aug/2018:09:02:51 -0300] "GET /cormun/servlet/solicitudotadjuntos?INS,2018,12029,,1, HTTP/1.1" 200 6380
190.46.192.47 - - [14/Aug/2018:09:02:52 -0300] "GET /cormun/servlet/solicitudotadjuntos?e368e64252a86e01bd2397c944f5c32ea0f8934cba7c1ca0d41cd4079b15afdcb26248f3a0609078f3462223307d79e9,gx-no-cache=1534248097664 HTTP/1.1" 200 30
190.46.192.47 - - [14/Aug/2018:09:02:52 -0300] "POST /cormun/servlet/solicitudotadjuntos?1c93a406c46f7926f724a261a41a4d3e,INS,2018,12029,,1,,gx-no-cache=1534248097722 HTTP/1.1" 200 3995
190.46.192.47 - - [14/Aug/2018:09:02:54 -0300] "POST /cormun/servlet/solicitudotadjuntos?gx-no-cache=1534248100002 HTTP/1.1" 200 26
190.46.192.47 - - [14/Aug/2018:09:03:00 -0300] "GET /cormun/servlet/solicitudotadjuntos?e368e64252a86e01bd2397c944f5c32e2701079aa88ac82662119ed17ed504ef,gx-no-cache=1534248105507 HTTP/1.1" 200 30
190.46.192.47 - - [14/Aug/2018:09:03:00 -0300] "GET /cormun/servlet/solicitudotadjuntos?e368e64252a86e01bd2397c944f5c32e2701079aa88ac82662119ed17ed504ef,gx-no-cache=1534248105544 HTTP/1.1" 200 30
190.46.192.47 - - [14/Aug/2018:09:03:00 -0300] "POST /cormun/servlet/solicitudotadjuntos?1c93a406c46f7926f724a261a41a4d3e,INS,2018,12029,,1, HTTP/1.1" 200 116
190.46.192.47 - - [14/Aug/2018:09:03:00 -0300] "GET /cormun/servlet/hpexe_return? HTTP/1.1" 200 1031
190.46.192.47 - - [14/Aug/2018:09:03:01 -0300] "GET /cormun/servlet/trsolicitudadjuntos?2018,12029, HTTP/1.1" 200 10106
190.46.192.47 - - [14/Aug/2018:09:03:01 -0300] "GET /cormun/servlet/trsolicitudadjuntos?2018,12029, HTTP/1.1" 200 10102
190.46.192.47 - - [14/Aug/2018:09:03:04 -0300] "GET /cormun/servlet/solicitudotadjuntos?INS,2018,12029,,2, HTTP/1.1" 200 6386
190.46.192.47 - - [14/Aug/2018:09:03:04 -0300] "GET /cormun/static/about:blank HTTP/1.1" 404 1011
190.46.192.47 - - [14/Aug/2018:09:03:04 -0300] "GET /cormun/servlet/solicitudotadjuntos?INS,2018,12029,,2, HTTP/1.1" 200 6379
190.46.192.47 - - [14/Aug/2018:09:03:05 -0300] "GET /cormun/servlet/solicitudotadjuntos?e368e64252a86e01bd2397c944f5c32ea0f8934cba7c1ca0d41cd4079b15afdcb26248f3a0609078f3462223307d79e9,gx-no-cache=1534248110352 HTTP/1.1" 200 30
190.46.192.47 - - [14/Aug/2018:09:03:05 -0300] "POST /cormun/servlet/solicitudotadjuntos?1c93a406c46f7926f724a261a41a4d3e,INS,2018,12029,,2,,gx-no-cache=1534248110493 HTTP/1.1" 200 4209
200.73.230.197 - - [14/Aug/2018:09:03:05 -0300] "POST /cormun/servlet/hlogin?f658bf115d592c34b3e7e8afc4814ba6,gx-no-cache=1534248109885 HTTP/1.1" 200 425
200.73.230.197 - - [14/Aug/2018:09:03:11 -0300] "POST /cormun/servlet/hlogin?f658bf115d592c34b3e7e8afc4814ba6,gx-no-cache=1534248116369 HTTP/1.1" 200 90
200.73.230.197 - - [14/Aug/2018:09:03:12 -0300] "GET /cormun/servlet/hpexe_link HTTP/1.1" 200 952
200.73.230.197 - - [14/Aug/2018:09:03:12 -0300] "GET /cormun/servlet/hhome HTTP/1.1" 200 4121
200.73.230.197 - - [14/Aug/2018:09:03:14 -0300] "GET /cormun/servlet/hhome HTTP/1.1" 200 4118
200.73.230.197 - - [14/Aug/2018:09:03:14 -0300] "GET /cormun/static/SmoothNavMenu/resources/images/right.gif HTTP/1.1" 200 860
200.73.230.197 - - [14/Aug/2018:09:03:17 -0300] "GET /cormun/servlet/trlicencias? HTTP/1.1" 200 10032
200.73.230.197 - - [14/Aug/2018:09:03:19 -0300] "GET /cormun/servlet/trlicencias? HTTP/1.1" 200 10030
190.164.163.23 - - [14/Aug/2018:09:03:25 -0300] "GET /cormun/servlet/licenciaspermisos?bc25c7af88645216af9c17e342d94c5f1b7c2fb23ac18a625cc9949914e887c494656fa9caf542977628174a094c530660b2d903be4f669574073351b5b8d2cf31d363046594c09fcd90659205231c6d17c2f87e358eaa167f224ce23d69392c377b04acac11480aeef4a5fc0c7de70b22545a12e2f83d3f9f4cba20f22074c22ca2910a5ddba03892bc088d38d50ee893989468d92ab2851d2677028825ffee7691f85257b827250e743f88cab284e2,gx-no-cache=1534248131025 HTTP/1.1" 200 30
190.164.163.23 - - [14/Aug/2018:09:03:25 -0300] "GET /cormun/servlet/licenciaspermisos?bc25c7af88645216af9c17e342d94c5f8722c0fb2cd6cecacc85cddb2e20729b4741fb0fc2bd24722df32290879a8f72450709df56cbb58ccda81e6d27a278c15cd8d5ae1245b2365bd18825b1c325d411db746e356f2bc77d050a7e8fde13c38484f48ff59dfb370a8208a48411aefdbb48b08922e3ec27ac38e7f6d89e019f17d58f5f960520500774a0fb285d5932d3f82f82acceee650d63afdbc6d3d5648a5d4a9a8a4557eeb0b9a4baf6766609,gx-no-cache=1534248131105 HTTP/1.1" 200 29
190.46.192.47 - - [14/Aug/2018:09:03:25 -0300] "POST /cormun/servlet/solicitudotadjuntos?gx-no-cache=1534248130893 HTTP/1.1" 200 26
190.164.163.23 - - [14/Aug/2018:09:03:25 -0300] "POST /cormun/servlet/licenciaspermisos?f5b796301ec249868d48e36125a346e6,INS,0,,,,gx-no-cache=1534248131156 HTTP/1.1" 200 93
190.164.163.23 - - [14/Aug/2018:09:03:25 -0300] "GET /cormun/servlet/hpexe_return? HTTP/1.1" 200 1012
190.164.163.23 - - [14/Aug/2018:09:03:26 -0300] "GET /cormun/servlet/trlicencias HTTP/1.1" 200 12330
190.164.163.23 - - [14/Aug/2018:09:03:26 -0300] "GET /cormun/servlet/trlicencias HTTP/1.1" 200 12324
78.108.177.53 - - [14/Aug/2018:09:03:31 -0300] "GET / HTTP/1.0" 200 11197
190.46.192.47 - - [14/Aug/2018:09:03:32 -0300] "GET /cormun/servlet/solicitudotadjuntos?e368e64252a86e01bd2397c944f5c32e2701079aa88ac82662119ed17ed504ef,gx-no-cache=1534248137393 HTTP/1.1" 200 30
190.46.192.47 - - [14/Aug/2018:09:03:32 -0300] "GET /cormun/servlet/solicitudotadjuntos?e368e64252a86e01bd2397c944f5c32e2701079aa88ac82662119ed17ed504ef,gx-no-cache=1534248137431 HTTP/1.1" 200 30
190.46.192.47 - - [14/Aug/2018:09:03:32 -0300] "POST /cormun/servlet/solicitudotadjuntos?1c93a406c46f7926f724a261a41a4d3e,INS,2018,12029,,2, HTTP/1.1" 200 116
190.46.192.47 - - [14/Aug/2018:09:03:32 -0300] "GET /cormun/servlet/hpexe_return? HTTP/1.1" 200 1031
200.73.230.197 - - [14/Aug/2018:09:03:33 -0300] "GET /cormun/servlet/alicenciaprn?12692670,L,20180814000000,PU HTTP/1.1" 200 1559
190.46.192.47 - - [14/Aug/2018:09:03:33 -0300] "GET /cormun/servlet/trsolicitudadjuntos?2018,12029, HTTP/1.1" 200 10242
190.46.192.47 - - [14/Aug/2018:09:03:33 -0300] "GET /cormun/servlet/trsolicitudadjuntos?2018,12029, HTTP/1.1" 200 10238
190.46.192.47 - - [14/Aug/2018:09:03:39 -0300] "GET /cormun/servlet/trsolicitudot? HTTP/1.1" 200 8928
190.46.192.47 - - [14/Aug/2018:09:03:40 -0300] "GET /cormun/servlet/trsolicitudot? HTTP/1.1" 200 8922
190.46.192.47 - - [14/Aug/2018:09:03:44 -0300] "POST /cormun/servlet/trsolicitudot?1c93a406c46f7926f724a261a41a4d3e,,gx-no-cache=1534248149508 HTTP/1.1" 200 4701
190.46.192.47 - - [14/Aug/2018:09:03:44 -0300] "GET /cormun/static/Shared/jqueryui/images/ui-bg_highlight-soft_100_c6c2c8_1x100.png HTTP/1.1" 404 1117
190.46.192.47 - - [14/Aug/2018:09:03:44 -0300] "GET /cormun/static/Shared/jqueryui/images/ui-icons_82798d_256x240.png HTTP/1.1" 404 1089
190.46.192.47 - - [14/Aug/2018:09:03:44 -0300] "GET /cormun/static/Shared/jqueryui/images/ui-icons_8d78a5_256x240.png HTTP/1.1" 404 1089
190.46.192.47 - - [14/Aug/2018:09:03:44 -0300] "GET /cormun/static/Shared/jqueryui/images/ui-bg_flat_55_fafafa_40x100.png HTTP/1.1" 404 1097
190.46.192.47 - - [14/Aug/2018:09:03:44 -0300] "POST /cormun/servlet/trsolicitudot?1c93a406c46f7926f724a261a41a4d3e,,gx-no-cache=1534248149839 HTTP/1.1" 200 4477
190.46.192.47 - - [14/Aug/2018:09:03:51 -0300] "GET /cormun/servlet/trautorizarsolicitud? HTTP/1.1" 200 8823
190.46.192.47 - - [14/Aug/2018:09:03:51 -0300] "GET /cormun/servlet/trautorizarsolicitud? HTTP/1.1" 200 8823
200.73.230.197 - - [14/Aug/2018:09:03:59 -0300] "POST /cormun/servlet/trlicencias?f658bf115d592c34b3e7e8afc4814ba6,,gx-no-cache=1534248163750 HTTP/1.1" 200 7514
190.46.192.47 - - [14/Aug/2018:09:04:12 -0300] "POST /cormun/servlet/trautorizarsolicitud?1c93a406c46f7926f724a261a41a4d3e,,gx-no-cache=1534248177143 HTTP/1.1" 200 4622
190.46.192.47 - - [14/Aug/2018:09:04:12 -0300] "GET /cormun/static/Shared/jqueryui/images/ui-bg_highlight-soft_100_c6c2c8_1x100.png HTTP/1.1" 404 1117
190.46.192.47 - - [14/Aug/2018:09:04:12 -0300] "GET /cormun/static/Shared/jqueryui/images/ui-bg_flat_55_fafafa_40x100.png HTTP/1.1" 404 1097
190.46.192.47 - - [14/Aug/2018:09:04:12 -0300] "GET /cormun/static/Shared/jqueryui/images/ui-icons_8d78a5_256x240.png HTTP/1.1" 404 1089
190.46.192.47 - - [14/Aug/2018:09:04:12 -0300] "GET /cormun/static/Shared/jqueryui/images/ui-icons_82798d_256x240.png HTTP/1.1" 404 1089
