186.79.9.232 - - [14/Aug/2018:16:17:23 -0300] "GET /cormun/servlet/solicitudot?0f40b39172b2371f17504e9734e29de97f42c2edd09ef2fc77b1d9108ad4b60de3ea63648560a228cc5656b094078426,gx-no-cache=1534274169570 HTTP/1.1" 200 30
186.79.9.232 - - [14/Aug/2018:16:17:25 -0300] "GET /cormun/servlet/prbanco?,MD,,gxPopupLevel%3D0%3B HTTP/1.1" 200 6551
186.79.61.119 - - [14/Aug/2018:16:17:29 -0300] "GET /cormun/servlet/trlicencias? HTTP/1.1" 200 14345
186.79.61.119 - - [14/Aug/2018:16:17:30 -0300] "GET /cormun/servlet/trlicencias? HTTP/1.1" 200 14344
186.79.9.232 - - [14/Aug/2018:16:17:33 -0300] "GET /cormun/servlet/solicitudot?0f40b39172b2371f17504e9734e29de9996af0d0f6f71f8f966534370b22a2d9,gx-no-cache=1534274179021 HTTP/1.1" 200 53
186.79.61.119 - - [14/Aug/2018:16:17:37 -0300] "GET /cormun/servlet/licenciaspermisos?DSP,8811471,L,20180723000000, HTTP/1.1" 200 7370
186.79.61.119 - - [14/Aug/2018:16:17:38 -0300] "GET /cormun/servlet/licenciaspermisos?DSP,8811471,L,20180723000000, HTTP/1.1" 200 7370
186.79.61.119 - - [14/Aug/2018:16:17:38 -0300] "POST /cormun/servlet/trsolicitudot?b86169b2efe15c431a6e298c4d11ca80,,gx-no-cache=1534274183306 HTTP/1.1" 200 10535
201.215.248.34 - - [14/Aug/2018:16:17:50 -0300] "GET /cormun/servlet/trlicencias? HTTP/1.1" 200 14345
201.215.248.34 - - [14/Aug/2018:16:17:50 -0300] "GET /cormun/servlet/trlicencias? HTTP/1.1" 200 14344
186.79.61.119 - - [14/Aug/2018:16:17:53 -0300] "GET /cormun/servlet/trsolicitudot? HTTP/1.1" 200 7447
186.79.61.119 - - [14/Aug/2018:16:17:54 -0300] "GET /cormun/static/gxui/gxui-all.css?120300 HTTP/1.1" 200 2179
186.79.61.119 - - [14/Aug/2018:16:17:54 -0300] "GET /cormun/static/calendar-system.css?85620 HTTP/1.1" 200 5572
186.79.61.119 - - [14/Aug/2018:16:17:54 -0300] "GET /cormun/static/gxcfg.js?2017111422585916 HTTP/1.1" 200 953
186.79.61.119 - - [14/Aug/2018:16:17:54 -0300] "GET /cormun/static/trsolicitudot.js?201711142259839 HTTP/1.1" 200 54041
186.79.61.119 - - [14/Aug/2018:16:17:55 -0300] "GET /cormun/static/Resources/Spanish/PXTools.css?1255365 HTTP/1.1" 200 89042
186.79.9.232 - - [14/Aug/2018:16:17:59 -0300] "POST /cormun/servlet/solicitudot?gx-no-cache=1534274204597 HTTP/1.1" 200 297
186.79.9.232 - - [14/Aug/2018:16:17:59 -0300] "GET /cormun/servlet/solicitudot?0f40b39172b2371f17504e9734e29de9482d19ff535cb2c32c15801c151c66da5d0639b6e05b58bdf42ff87d25a2ad71e8ce5a3555d785e085a9cd1b8491c31d0c7deee2daa779260498d8cf38de4ccfbf45e354ae7f2aeea937749ea781c01453b9f17d3fd11845edb8ec4be4a6b346116efbc018598dd14fb629995ea3860c764dbc657af7d7b9ab4157dd7d6f5a8cac619e2dadb1074d600ff520d2b2d31ae9a63be279956a95a9972273a60a04b5181ddad8600149429dc281c188e6d379d58fb8d8d780d80f7edfbdc3bd2cd395cf1406bc9448cd889df67b3a3503a01c2c5da36d2d3f00c2cb8d32e9341f40eeab825720d5601536dd9e013e192c80df577dd0818514dd89d005a1824ee43af836a0f2b8016254f4f388e464a0d5470ec4ed72cd4d11c33abfcc03b238ca538fee92e9bba98a8f4a6ed7bfd3be254e0348b597bc2949aa8dadb86f27ad4074dc5d9f22d528e2f04bebfe139567a2fedc0d3a14990b06269f8263b7a4949a117de8c213b8c925427ca9c7cf527cd045b2037b16b723d6b064f7abc7c716bc8c0c,gx-no-cache=1534274204940 HTTP/1.1" 200 30
186.79.9.232 - - [14/Aug/2018:16:17:59 -0300] "POST /cormun/servlet/solicitudot?gx-no-cache=1534274205074 HTTP/1.1" 200 30
186.79.9.232 - - [14/Aug/2018:16:17:59 -0300] "POST /cormun/servlet/solicitudot?gx-no-cache=1534274205226 HTTP/1.1" 200 1375
186.79.9.232 - - [14/Aug/2018:16:17:59 -0300] "POST /cormun/servlet/solicitudot?gx-no-cache=1534274205415 HTTP/1.1" 200 38
186.79.61.119 - - [14/Aug/2018:16:18:02 -0300] "GET /cormun/static/Shared/ext/resources/css/ext-all.css?215870 HTTP/1.1" 200 416045
186.79.61.119 - - [14/Aug/2018:16:18:03 -0300] "GET /cormun/servlet/trsolicitudot? HTTP/1.1" 200 7447
186.79.9.232 - - [14/Aug/2018:16:19:00 -0300] "GET /cormun/servlet/solicitudot?0f40b39172b2371f17504e9734e29de9ca2e3b44634086b640f5a5129f32205c443031c48bf25f103d9ddc0f2b2e7d346da943f3b494c9f8d96cd18161f3ac98169b49dc5db24ecd71369cbb737e00b149bdfc7abb5c9da7976a3549edb862c9d3f87b981387df95484b5c8bd55ce494,gx-no-cache=1534274265715 HTTP/1.1" 200 29
186.79.9.232 - - [14/Aug/2018:16:19:00 -0300] "POST /cormun/servlet/solicitudot?gx-no-cache=1534274266122 HTTP/1.1" 200 1356
186.79.9.232 - - [14/Aug/2018:16:19:00 -0300] "POST /cormun/servlet/solicitudot?gx-no-cache=1534274266472 HTTP/1.1" 200 1256
201.215.248.34 - - [14/Aug/2018:16:19:16 -0300] "GET /cormun/servlet/trcontratounov2? HTTP/1.1" 200 16891
201.215.248.34 - - [14/Aug/2018:16:19:18 -0300] "GET /cormun/servlet/trcontratounov2? HTTP/1.1" 200 16872
201.215.248.34 - - [14/Aug/2018:16:19:27 -0300] "POST /cormun/servlet/trcontratounov2?b86169b2efe15c431a6e298c4d11ca80,,gx-no-cache=1534274291975 HTTP/1.1" 200 17229
186.79.61.119 - - [14/Aug/2018:16:19:47 -0300] "GET /cormun/servlet/trsolicitudot? HTTP/1.1" 200 13426
186.79.61.119 - - [14/Aug/2018:16:19:51 -0300] "GET /cormun/servlet/trsolicitudot? HTTP/1.1" 200 13425
186.79.9.232 - - [14/Aug/2018:16:20:01 -0300] "GET /cormun/servlet/solicitudot?0f40b39172b2371f17504e9734e29de99261a7ac3b463350d4d68b91e131b6156b59da86c31177cbd358ed2f650dbbd3,gx-no-cache=1534274326818 HTTP/1.1" 200 30
186.79.9.232 - - [14/Aug/2018:16:20:11 -0300] "POST /cormun/servlet/solicitudot?gx-no-cache=1534274337059 HTTP/1.1" 200 30
201.215.248.34 - - [14/Aug/2018:16:20:54 -0300] "GET /cormun/servlet/solicitudot?INS,0,0, HTTP/1.1" 200 13697
201.215.248.34 - - [14/Aug/2018:16:20:54 -0300] "GET /cormun/static/gxcfg.js?201812313224582 HTTP/1.1" 200 953
201.215.248.34 - - [14/Aug/2018:16:20:56 -0300] "GET /cormun/servlet/solicitudot?INS,0,0, HTTP/1.1" 200 13702
201.215.248.34 - - [14/Aug/2018:16:21:06 -0300] "POST /cormun/servlet/solicitudot?gx-no-cache=1534274391470 HTTP/1.1" 200 3432
201.215.248.34 - - [14/Aug/2018:16:21:07 -0300] "POST /cormun/servlet/solicitudot?b86169b2efe15c431a6e298c4d11ca80,INS,0,0,,gx-no-cache=1534274392353 HTTP/1.1" 200 10602
201.215.248.34 - - [14/Aug/2018:16:21:11 -0300] "GET /cormun/servlet/solicitudot?71656e79a3de9b180aa0f2a400db2bad5e7cbd01fd7e7e6929d2d27164435e13f94ce462b905d5ee27aa4bf96b14fb54,gx-no-cache=1534274397334 HTTP/1.1" 200 30
201.215.248.34 - - [14/Aug/2018:16:21:12 -0300] "GET /cormun/servlet/solicitudot?71656e79a3de9b180aa0f2a400db2bad66d2f323fbd2c6ac36703568fe50b5789a41c2c20ae08f74b67d20763f46fd734c26facee892545c3a25b5723052f727,gx-no-cache=1534274397439 HTTP/1.1" 200 30
201.215.248.34 - - [14/Aug/2018:16:21:12 -0300] "GET /cormun/servlet/solicitudot?71656e79a3de9b180aa0f2a400db2bad295723d76142592f6ef0e5312915a72b,gx-no-cache=1534274397498 HTTP/1.1" 200 53
201.215.248.34 - - [14/Aug/2018:16:21:12 -0300] "POST /cormun/servlet/solicitudot?gx-no-cache=1534274397591 HTTP/1.1" 200 255
201.215.248.34 - - [14/Aug/2018:16:21:12 -0300] "GET /cormun/servlet/solicitudot?71656e79a3de9b180aa0f2a400db2bad9b3d6cc633506cd3c19bf3fa6876570e4fe97148480cf7e5cffdfee3b25fa8af920f9e65cb2c686a141721caaa18da8278b1156fe4d7925a832dfa56467d05b75bcaf9bbc78ae788f6d8ccc233b78e2fe563664c89931d23c87272b31f6d40eddfd2e08c00d2dbb3aaef0518b2a1cc45a9d0a5ad40237ddf63818b75453e35f31c6875ae8b6f44000a9de4cde578822b1644cc8a526d9527d31faf3706833b860ad068a1c8778820016a9691acf8c7eb6268590b143115cd0c9ea6d81b2d808f7c009047b90e4d83e37837491587bb1ddab5088b4129e35f1f641599ca9edba48ed5b276fe5582c9e1ed8531a7c5fe85e43f1acac977581c3919ccf0a53784810ca0dbcf43d6d300cf544012d7537023f9c5ea89951b61c0bdd86842250b7e71272526c481648e8a9052328142b96d9dc96d9bc45960ffc817b42ecb2290caea401189bcc6a26fb4e61c99d75011cec38900691c15620e3515d9f3e0665ff80bf336509b19b1828137feae221dd022f2,gx-no-cache=1534274397691 HTTP/1.1" 200 30
201.215.248.34 - - [14/Aug/2018:16:21:12 -0300] "POST /cormun/servlet/solicitudot?gx-no-cache=1534274397738 HTTP/1.1" 200 30
201.215.248.34 - - [14/Aug/2018:16:21:12 -0300] "POST /cormun/servlet/solicitudot?gx-no-cache=1534274397827 HTTP/1.1" 200 1377
201.215.248.34 - - [14/Aug/2018:16:21:12 -0300] "POST /cormun/servlet/solicitudot?gx-no-cache=1534274397988 HTTP/1.1" 200 38
201.215.248.34 - - [14/Aug/2018:16:21:27 -0300] "POST /cormun/servlet/solicitudot?gx-no-cache=1534274412342 HTTP/1.1" 200 1377
201.215.248.34 - - [14/Aug/2018:16:21:27 -0300] "POST /cormun/servlet/solicitudot?gx-no-cache=1534274412443 HTTP/1.1" 200 38
201.215.248.34 - - [14/Aug/2018:16:21:31 -0300] "GET /cormun/servlet/solicitudot?71656e79a3de9b180aa0f2a400db2bada8a42034ccbd577de395c6b7a92ce7512933bf6d4ab741d0523264f0ff2fa75b2cea77d53aec09ac68efdd745009c6e6c08b682f2d42f0e57d5ae4a0099ed769e459c984586a9a171ee8ddcbc24a5e718e841b9f8baeca3116fb7b9e5f011ffbd32c0b9792e37555fbdce1f8fa637710ce39e886b57b766b2ba50f744a83c36f407b6670f9f6f81671608439c14fe874,gx-no-cache=1534274417264 HTTP/1.1" 200 29
201.215.248.34 - - [14/Aug/2018:16:21:32 -0300] "POST /cormun/servlet/solicitudot?gx-no-cache=1534274417345 HTTP/1.1" 200 1358
201.215.248.34 - - [14/Aug/2018:16:21:32 -0300] "POST /cormun/servlet/solicitudot?gx-no-cache=1534274417464 HTTP/1.1" 200 1258
201.215.248.34 - - [14/Aug/2018:16:21:32 -0300] "GET /cormun/static/menuarrow.gif HTTP/1.1" 404 1015
201.215.248.34 - - [14/Aug/2018:16:21:37 -0300] "POST /cormun/servlet/solicitudot?gx-no-cache=1534274423200 HTTP/1.1" 200 1358
201.215.248.34 - - [14/Aug/2018:16:21:38 -0300] "POST /cormun/servlet/solicitudot?gx-no-cache=1534274423331 HTTP/1.1" 200 1258
201.215.248.34 - - [14/Aug/2018:16:21:39 -0300] "GET /cormun/servlet/solicitudot?71656e79a3de9b180aa0f2a400db2bade5b3bbab8c4d8eae9c837736fa7756fa4cdce1f74846044b13de0b80cec36ba6,gx-no-cache=1534274424410 HTTP/1.1" 200 30
186.79.9.232 - - [14/Aug/2018:16:21:41 -0300] "POST /cormun/servlet/solicitudot?gx-no-cache=1534274427242 HTTP/1.1" 200 1357
186.79.9.232 - - [14/Aug/2018:16:21:41 -0300] "POST /cormun/servlet/solicitudot?gx-no-cache=1534274427645 HTTP/1.1" 200 1256
186.79.9.232 - - [14/Aug/2018:16:21:42 -0300] "GET /cormun/servlet/solicitudot?0f40b39172b2371f17504e9734e29de99261a7ac3b463350d4d68b91e131b6156b59da86c31177cbd358ed2f650dbbd3,gx-no-cache=1534274427840 HTTP/1.1" 200 30
186.79.9.232 - - [14/Aug/2018:16:21:42 -0300] "POST /cormun/servlet/solicitudot?gx-no-cache=1534274427952 HTTP/1.1" 200 30
186.79.9.232 - - [14/Aug/2018:16:21:43 -0300] "POST /cormun/servlet/solicitudot?0ba052f38b832a602e417b7e7b15a1b6,INS,0,0,,gx-no-cache=1534274428080 HTTP/1.1" 200 93
186.79.9.232 - - [14/Aug/2018:16:21:43 -0300] "GET /cormun/servlet/hpexe_return? HTTP/1.1" 200 999
186.79.9.232 - - [14/Aug/2018:16:21:43 -0300] "GET /cormun/servlet/trsolicitudot HTTP/1.1" 200 8552
201.215.248.34 - - [14/Aug/2018:16:21:44 -0300] "POST /cormun/servlet/solicitudot?gx-no-cache=1534274429492 HTTP/1.1" 200 30
186.79.9.232 - - [14/Aug/2018:16:21:44 -0300] "GET /cormun/servlet/trsolicitudot HTTP/1.1" 200 8548
201.215.248.34 - - [14/Aug/2018:16:21:53 -0300] "POST /cormun/servlet/solicitudot?b86169b2efe15c431a6e298c4d11ca80,INS,0,0,,gx-no-cache=1534274438698 HTTP/1.1" 200 93
201.215.248.34 - - [14/Aug/2018:16:21:53 -0300] "GET /cormun/servlet/hpexe_return? HTTP/1.1" 200 1006
201.215.248.34 - - [14/Aug/2018:16:21:54 -0300] "GET /cormun/servlet/trsolicitudot HTTP/1.1" 200 13853
201.215.248.34 - - [14/Aug/2018:16:21:55 -0300] "GET /cormun/servlet/trsolicitudot HTTP/1.1" 200 13849
201.215.248.34 - - [14/Aug/2018:16:22:03 -0300] "GET /cormun/servlet/vesolicitudot?2018,12032,, HTTP/1.1" 200 8630
201.215.248.34 - - [14/Aug/2018:16:22:03 -0300] "GET /cormun/static/gxcfg.js?2017111422591385 HTTP/1.1" 200 953
186.79.61.119 - - [14/Aug/2018:16:22:03 -0300] "GET /cormun/pexe_scrolldiv.js HTTP/1.1" 404 1009
201.215.248.34 - - [14/Aug/2018:16:22:03 -0300] "GET /cormun/static/Resources/PXToolsTabFirstSelected.png HTTP/1.1" 200 1259
201.215.248.34 - - [14/Aug/2018:16:22:03 -0300] "GET /cormun/static/vesolicitudot.js?2017111422591449 HTTP/1.1" 200 6091
201.215.248.34 - - [14/Aug/2018:16:22:03 -0300] "GET /cormun/static/hwcviewtabs.js?20177611594913 HTTP/1.1" 200 1074
201.215.248.34 - - [14/Aug/2018:16:22:03 -0300] "GET /cormun/static/hpexe_tabsview.js?201610171694228 HTTP/1.1" 200 1661
201.215.248.34 - - [14/Aug/2018:16:22:04 -0300] "GET /cormun/static/Resources/PXToolsTabLastUnselected.png HTTP/1.1" 200 1291
201.215.248.34 - - [14/Aug/2018:16:22:04 -0300] "GET /cormun/static/Resources/PXToolsTabPrevious.gif HTTP/1.1" 200 172
186.79.61.119 - - [14/Aug/2018:16:22:04 -0300] "GET /cormun/static/Resources/PXToolsTabNext.gif HTTP/1.1" 200 168
201.215.248.34 - - [14/Aug/2018:16:22:04 -0300] "GET /cormun/static/tbsolicitudot01.js?2017111422581186 HTTP/1.1" 200 30566
201.215.248.34 - - [14/Aug/2018:16:22:04 -0300] "GET /cormun/static/calendar-system.css HTTP/1.1" 200 5572
201.215.248.34 - - [14/Aug/2018:16:22:04 -0300] "GET /cormun/static/Resources/PXToolsTabBackUnselected.png HTTP/1.1" 200 1175
201.215.248.34 - - [14/Aug/2018:16:22:04 -0300] "GET /cormun/static/Resources/PXToolsTabBackSelected.png HTTP/1.1" 200 1157
186.79.61.119 - - [14/Aug/2018:16:22:05 -0300] "GET /cormun/static/Resources/PXToolsTabSelectedUnselected.png HTTP/1.1" 200 1428
186.79.61.119 - - [14/Aug/2018:16:22:05 -0300] "GET /cormun/static/Resources/PXToolsTabUnselectedUnselected.png HTTP/1.1" 200 1459
186.79.61.119 - - [14/Aug/2018:16:22:05 -0300] "GET /cormun/servlet/vesolicitudot?2018,12032,, HTTP/1.1" 200 8629
201.215.248.34 - - [14/Aug/2018:16:22:09 -0300] "POST /cormun/servlet/vesolicitudot?b86169b2efe15c431a6e298c4d11ca80,2018,12032,,,gx-no-cache=1534274454529 HTTP/1.1" 200 90
201.215.248.34 - - [14/Aug/2018:16:22:09 -0300] "GET /cormun/servlet/hpexe_link HTTP/1.1" 200 965
201.215.248.34 - - [14/Aug/2018:16:22:09 -0300] "GET /cormun/servlet/trsolicitudot HTTP/1.1" 200 13850
201.215.248.34 - - [14/Aug/2018:16:22:11 -0300] "GET /cormun/servlet/trsolicitudot HTTP/1.1" 200 13849
186.79.61.119 - - [14/Aug/2018:16:22:13 -0300] "GET /cormun/servlet/solicitudot?INS,0,0, HTTP/1.1" 200 13693
186.79.61.119 - - [14/Aug/2018:16:22:15 -0300] "GET /cormun/servlet/solicitudot?INS,0,0, HTTP/1.1" 200 13698
186.79.61.119 - - [14/Aug/2018:16:22:25 -0300] "POST /cormun/servlet/solicitudot?gx-no-cache=1534274470003 HTTP/1.1" 200 3433
186.79.61.119 - - [14/Aug/2018:16:22:26 -0300] "POST /cormun/servlet/solicitudot?b86169b2efe15c431a6e298c4d11ca80,INS,0,0,,gx-no-cache=1534274470736 HTTP/1.1" 200 10585
186.79.61.119 - - [14/Aug/2018:16:22:30 -0300] "GET /cormun/servlet/solicitudot?71656e79a3de9b180aa0f2a400db2bad7a2cbb40a9b617bd9bb5601ddfa6fa1f42bde83b17898b916fe3ef5eff5b6362,gx-no-cache=1534274475680 HTTP/1.1" 200 30
186.79.61.119 - - [14/Aug/2018:16:22:31 -0300] "GET /cormun/servlet/solicitudot?71656e79a3de9b180aa0f2a400db2bad5649b3b523a8bf2e8e66af1e7a0b59e185224c24cc9c0b36de656af8438669e5420d809ff172fbc9cf61a9382793af1c,gx-no-cache=1534274476557 HTTP/1.1" 200 30
186.79.61.119 - - [14/Aug/2018:16:22:35 -0300] "GET /cormun/servlet/solicitudot?71656e79a3de9b180aa0f2a400db2bad295723d76142592f6ef0e5312915a72b,gx-no-cache=1534274480323 HTTP/1.1" 200 53
186.79.61.119 - - [14/Aug/2018:16:22:35 -0300] "POST /cormun/servlet/solicitudot?gx-no-cache=1534274480596 HTTP/1.1" 200 240
186.79.61.119 - - [14/Aug/2018:16:22:35 -0300] "GET /cormun/servlet/solicitudot?71656e79a3de9b180aa0f2a400db2bad9b3d6cc633506cd3c19bf3fa6876570eb56b84f86584f623b0d1f33ddbdb901f920f9e65cb2c686a141721caaa18da8278b1156fe4d7925a832dfa56467d05b75bcaf9bbc78ae788f6d8ccc233b78e2fe563664c89931d23c87272b31f6d40eddfd2e08c00d2dbb3aaef0518b2a1cc45a9d0a5ad40237ddf63818b75453e35f31c6875ae8b6f44000a9de4cde578822b1644cc8a526d9527d31faf3706833b860ad068a1c8778820016a9691acf8c7eb6268590b143115cd0c9ea6d81b2d808f7c009047b90e4d83e37837491587bb1ddab5088b4129e35f1f641599ca9edba48ed5b276fe5582c9e1ed8531a7c5fe85e43f1acac977581c3919ccf0a537848111107a55915871fe2a772800dbad039ede0f17d1a5abd05137b128ded9736c7c79cf4223652ba4275b1415abcf16bd37fd8d636e5348324de3f7b9e92e979e1aaf3f73848652d19c21b62b96aab6675836cf936d0453fb5fb5029b83c2b7000cc899e322f24f8d458fc76b2c73331feb,gx-no-cache=1534274480861 HTTP/1.1" 200 30
186.79.61.119 - - [14/Aug/2018:16:22:35 -0300] "POST /cormun/servlet/solicitudot?gx-no-cache=1534274481088 HTTP/1.1" 200 30
186.79.61.119 - - [14/Aug/2018:16:22:36 -0300] "POST /cormun/servlet/solicitudot?gx-no-cache=1534274481844 HTTP/1.1" 200 1377
186.79.61.119 - - [14/Aug/2018:16:22:37 -0300] "POST /cormun/servlet/solicitudot?gx-no-cache=1534274483301 HTTP/1.1" 200 38
186.79.61.119 - - [14/Aug/2018:16:22:53 -0300] "POST /cormun/servlet/solicitudot?gx-no-cache=1534274498021 HTTP/1.1" 200 1377
186.79.61.119 - - [14/Aug/2018:16:22:53 -0300] "POST /cormun/servlet/solicitudot?gx-no-cache=1534274498726 HTTP/1.1" 200 38
186.79.61.119 - - [14/Aug/2018:16:22:57 -0300] "GET /cormun/servlet/solicitudot?71656e79a3de9b180aa0f2a400db2bada8a42034ccbd577de395c6b7a92ce7512933bf6d4ab741d0523264f0ff2fa75b2cea77d53aec09ac68efdd745009c6e6c08b682f2d42f0e57d5ae4a0099ed769e459c984586a9a171ee8ddcbc24a5e718e841b9f8baeca3116fb7b9e5f011ffbd32c0b9792e37555fbdce1f8fa637710ce39e886b57b766b2ba50f744a83c36f407b6670f9f6f81671608439c14fe874,gx-no-cache=1534274502539 HTTP/1.1" 200 29
186.79.61.119 - - [14/Aug/2018:16:22:57 -0300] "POST /cormun/servlet/solicitudot?gx-no-cache=1534274502787 HTTP/1.1" 200 1358
186.79.61.119 - - [14/Aug/2018:16:22:58 -0300] "POST /cormun/servlet/solicitudot?gx-no-cache=1534274503311 HTTP/1.1" 200 1258
186.79.61.119 - - [14/Aug/2018:16:22:58 -0300] "GET /cormun/static/menuarrow.gif HTTP/1.1" 404 1015
186.79.61.119 - - [14/Aug/2018:16:23:22 -0300] "POST /cormun/servlet/solicitudot?gx-no-cache=1534274513199 HTTP/1.1" 200 1358
186.79.61.119 - - [14/Aug/2018:16:23:23 -0300] "POST /cormun/servlet/solicitudot?gx-no-cache=1534274528533 HTTP/1.1" 200 1258
186.79.61.119 - - [14/Aug/2018:16:23:23 -0300] "GET /cormun/servlet/solicitudot?71656e79a3de9b180aa0f2a400db2bade5b3bbab8c4d8eae9c837736fa7756fa4cdce1f74846044b13de0b80cec36ba6,gx-no-cache=1534274528939 HTTP/1.1" 200 30
186.79.61.119 - - [14/Aug/2018:16:23:23 -0300] "POST /cormun/servlet/solicitudot?gx-no-cache=1534274529127 HTTP/1.1" 200 30
190.151.100.218 - - [14/Aug/2018:16:23:25 -0300] "POST /cormun/servlet/hlogin?7fe0baf4b7136b580a4d526c968377e6,gx-no-cache=1534274527024 HTTP/1.1" 200 90
190.151.100.218 - - [14/Aug/2018:16:23:25 -0300] "GET /cormun/servlet/hpexe_link HTTP/1.1" 200 977
190.151.100.218 - - [14/Aug/2018:16:23:25 -0300] "GET /cormun/servlet/licenciaspermisos?DSP,15738079,L,20180730000000, HTTP/1.1" 200 7116
186.79.61.119 - - [14/Aug/2018:16:23:27 -0300] "GET /cormun/servlet/solicitudot?71656e79a3de9b180aa0f2a400db2bade5b3bbab8c4d8eae9c837736fa7756fa4cdce1f74846044b13de0b80cec36ba6,gx-no-cache=1534274532580 HTTP/1.1" 200 30
190.151.100.218 - - [14/Aug/2018:16:23:28 -0300] "GET /cormun/servlet/licenciaspermisos?DSP,15738079,L,20180730000000, HTTP/1.1" 200 7114
186.79.61.119 - - [14/Aug/2018:16:23:30 -0300] "POST /cormun/servlet/solicitudot?gx-no-cache=1534274536093 HTTP/1.1" 200 30
201.215.248.160 - - [14/Aug/2018:16:23:38 -0300] "POST /cormun/servlet/permisogoce?1899d611d9ac7aa3f30820181e33eab4,INS,0,,,,gx-no-cache=1534274756070 HTTP/1.1" 200 93
201.215.248.160 - - [14/Aug/2018:16:23:38 -0300] "GET /cormun/servlet/hpexe_return? HTTP/1.1" 200 1010
201.215.248.160 - - [14/Aug/2018:16:23:39 -0300] "GET /cormun/servlet/trpermisosgoce HTTP/1.1" 200 9573
201.215.248.160 - - [14/Aug/2018:16:23:40 -0300] "GET /cormun/servlet/trpermisosgoce HTTP/1.1" 200 9568
200.72.197.82 - - [14/Aug/2018:16:23:42 -0300] "GET /cormun/servlet/trlicencias? HTTP/1.1" 200 10800
186.79.61.119 - - [14/Aug/2018:16:23:43 -0300] "POST /cormun/servlet/solicitudot?b86169b2efe15c431a6e298c4d11ca80,INS,0,0,,gx-no-cache=1534274547479 HTTP/1.1" 200 93
186.79.61.119 - - [14/Aug/2018:16:23:43 -0300] "GET /cormun/servlet/hpexe_return? HTTP/1.1" 200 1006
200.72.197.82 - - [14/Aug/2018:16:23:43 -0300] "GET /cormun/servlet/trlicencias? HTTP/1.1" 200 10798
186.79.61.119 - - [14/Aug/2018:16:23:43 -0300] "GET /cormun/servlet/trsolicitudot HTTP/1.1" 200 14099
186.79.61.119 - - [14/Aug/2018:16:23:46 -0300] "GET /cormun/servlet/trsolicitudot HTTP/1.1" 200 14094
186.79.61.119 - - [14/Aug/2018:16:23:53 -0300] "GET /cormun/servlet/solicitudot?INS,0,0, HTTP/1.1" 200 13695
186.79.61.119 - - [14/Aug/2018:16:23:55 -0300] "GET /cormun/servlet/solicitudot?INS,0,0, HTTP/1.1" 200 13700
186.79.61.119 - - [14/Aug/2018:16:24:11 -0300] "POST /cormun/servlet/solicitudot?gx-no-cache=1534274576063 HTTP/1.1" 200 3308
186.79.61.119 - - [14/Aug/2018:16:24:11 -0300] "POST /cormun/servlet/solicitudot?b86169b2efe15c431a6e298c4d11ca80,INS,0,0,,gx-no-cache=1534274576868 HTTP/1.1" 200 10471
200.111.191.210 - - [14/Aug/2018:16:24:17 -0300] "GET /cormun/servlet/trpermisosgoce? HTTP/1.1" 200 16653
186.103.159.230 - - [14/Aug/2018:16:24:17 -0300] "GET /cormun/servlet/hpexe_return? HTTP/1.1" 200 983
186.103.159.230 - - [14/Aug/2018:16:24:17 -0300] "GET /cormun/servlet/hhome HTTP/1.1" 200 3420
200.111.191.210 - - [14/Aug/2018:16:24:18 -0300] "GET /cormun/servlet/trpermisosgoce? HTTP/1.1" 200 16637
186.103.159.230 - - [14/Aug/2018:16:24:18 -0300] "GET /cormun/servlet/hlogin HTTP/1.1" 200 1732
186.103.159.230 - - [14/Aug/2018:16:24:18 -0300] "GET /cormun/servlet/hhome HTTP/1.1" 200 3416
200.111.191.210 - - [14/Aug/2018:16:24:20 -0300] "GET /cormun/servlet/permisogoce?INS,0,,, HTTP/1.1" 200 6796
200.111.191.210 - - [14/Aug/2018:16:24:20 -0300] "GET /cormun/servlet/permisogoce?INS,0,,, HTTP/1.1" 200 6796
186.79.61.119 - - [14/Aug/2018:16:24:26 -0300] "GET /cormun/servlet/solicitudot?71656e79a3de9b180aa0f2a400db2bad35f453a121c9dd63a3ad720d71adca9cf94ce462b905d5ee27aa4bf96b14fb54,gx-no-cache=1534274591980 HTTP/1.1" 200 30
200.111.191.210 - - [14/Aug/2018:16:24:27 -0300] "GET /cormun/servlet/permisogoce?4991662a320fc3d4ad10eaad6314274a52887f431c1de82219515789ed3202ac98f436fc046a33be63737452dd779ee19349933ef78bcdcf2a18dc88df9aae40,gx-no-cache=1534274732599 HTTP/1.1" 200 76
186.103.159.230 - - [14/Aug/2018:16:24:35 -0300] "POST /cormun/servlet/hlogin?e03199359b04f41362e083a6f121fbcd,gx-no-cache=1534274603516 HTTP/1.1" 200 90
186.103.159.230 - - [14/Aug/2018:16:24:35 -0300] "GET /cormun/servlet/hpexe_link HTTP/1.1" 200 949
200.111.191.210 - - [14/Aug/2018:16:24:35 -0300] "GET /cormun/servlet/permisogoce?4991662a320fc3d4ad10eaad6314274a0a427f5a8a53494c6e3f1e8f0953a64450fcca49266681ff900cd303e9c655b65ae28b2cb6ee737cdb208a210c984db5,gx-no-cache=1534274739777 HTTP/1.1" 200 47
186.103.159.230 - - [14/Aug/2018:16:24:35 -0300] "GET /cormun/servlet/hhome HTTP/1.1" 200 4180
186.103.159.230 - - [14/Aug/2018:16:24:35 -0300] "GET /cormun/servlet/hhome HTTP/1.1" 200 4176
186.103.159.230 - - [14/Aug/2018:16:24:39 -0300] "GET /cormun/servlet/trsolicitudot? HTTP/1.1" 200 7396
186.103.159.230 - - [14/Aug/2018:16:24:40 -0300] "GET /cormun/servlet/trsolicitudot? HTTP/1.1" 200 7396
200.111.191.210 - - [14/Aug/2018:16:24:46 -0300] "POST /cormun/servlet/permisogoce?a0594411d51917cfdd2ee06e46e55323,INS,0,,,,gx-no-cache=1534274750531 HTTP/1.1" 200 93
200.111.191.210 - - [14/Aug/2018:16:24:46 -0300] "GET /cormun/servlet/hpexe_return? HTTP/1.1" 200 1010
200.111.191.210 - - [14/Aug/2018:16:24:46 -0300] "GET /cormun/servlet/trpermisosgoce HTTP/1.1" 200 16912
200.111.191.210 - - [14/Aug/2018:16:24:46 -0300] "GET /cormun/servlet/trpermisosgoce HTTP/1.1" 200 16901
186.103.159.230 - - [14/Aug/2018:16:24:47 -0300] "GET /cormun/servlet/trautorizarsolicitud? HTTP/1.1" 200 7300
186.103.159.230 - - [14/Aug/2018:16:24:48 -0300] "GET /cormun/servlet/trautorizarsolicitud? HTTP/1.1" 200 7300
200.111.191.210 - - [14/Aug/2018:16:24:50 -0300] "GET /cormun/servlet/apermisogoceprn?17521323,P,20180814162040,PU HTTP/1.1" 200 1653
186.103.159.230 - - [14/Aug/2018:16:24:55 -0300] "GET /cormun/servlet/trsolicitudot? HTTP/1.1" 200 7396
186.103.159.230 - - [14/Aug/2018:16:24:56 -0300] "GET /cormun/servlet/trsolicitudot? HTTP/1.1" 200 7396
186.103.159.230 - - [14/Aug/2018:16:24:59 -0300] "GET /cormun/servlet/trvisualizadoreventos? HTTP/1.1" 200 6940
186.103.159.230 - - [14/Aug/2018:16:24:59 -0300] "GET /cormun/static/gxcfg.js?20175251251426 HTTP/1.1" 200 953
186.103.159.230 - - [14/Aug/2018:16:24:59 -0300] "GET /cormun/static/Resources/PXToolsActionPrint.png HTTP/1.1" 200 3317
186.103.159.230 - - [14/Aug/2018:16:24:59 -0300] "GET /cormun/static/trvisualizadoreventos.js?20175251251768 HTTP/1.1" 200 19318
186.103.159.230 - - [14/Aug/2018:16:25:00 -0300] "GET /cormun/servlet/trvisualizadoreventos? HTTP/1.1" 200 6940
186.103.159.230 - - [14/Aug/2018:16:25:03 -0300] "GET /cormun/servlet/trsolicitudot? HTTP/1.1" 200 7396
186.103.159.230 - - [14/Aug/2018:16:25:04 -0300] "GET /cormun/servlet/trsolicitudot? HTTP/1.1" 200 7396
186.103.159.230 - - [14/Aug/2018:16:25:06 -0300] "GET /cormun/servlet/solicitudot?INS,0,0, HTTP/1.1" 200 13650
186.103.159.230 - - [14/Aug/2018:16:25:06 -0300] "GET /cormun/servlet/solicitudot?INS,0,0, HTTP/1.1" 200 13655
200.111.191.210 - - [14/Aug/2018:16:25:26 -0300] "GET /cormun/servlet/permisogoce?INS,0,,, HTTP/1.1" 200 6795
200.111.191.210 - - [14/Aug/2018:16:25:26 -0300] "GET /cormun/servlet/permisogoce?INS,0,,, HTTP/1.1" 200 6795
200.111.191.210 - - [14/Aug/2018:16:25:31 -0300] "GET /cormun/servlet/permisogoce?4991662a320fc3d4ad10eaad6314274a52887f431c1de82219515789ed3202ac98f436fc046a33be63737452dd779ee19349933ef78bcdcf2a18dc88df9aae40,gx-no-cache=1534274796399 HTTP/1.1" 200 75
186.103.159.230 - - [14/Aug/2018:16:25:32 -0300] "GET /cormun/servlet/trautorizarsolicitud? HTTP/1.1" 200 7305
186.103.159.230 - - [14/Aug/2018:16:25:32 -0300] "GET /cormun/servlet/trautorizarsolicitud? HTTP/1.1" 200 7300
201.215.248.160 - - [14/Aug/2018:16:25:32 -0300] "GET /cormun/servlet/apermisogoceprn?16252974,P,20180814161222,PU HTTP/1.1" 200 1687
186.103.159.230 - - [14/Aug/2018:16:25:42 -0300] "GET /cormun/servlet/trvisualizadoreventos? HTTP/1.1" 200 6932
186.103.159.230 - - [14/Aug/2018:16:25:43 -0300] "GET /cormun/servlet/trvisualizadoreventos? HTTP/1.1" 200 6931
201.215.248.160 - - [14/Aug/2018:16:25:44 -0300] "GET /cormun/servlet/apermisogoceprn?16252974,P,20180814161222,PU HTTP/1.1" 200 1695
200.111.191.210 - - [14/Aug/2018:16:25:45 -0300] "POST /cormun/servlet/permisogoce?a0594411d51917cfdd2ee06e46e55323,INS,0,,,,gx-no-cache=1534274809823 HTTP/1.1" 200 93
200.111.191.210 - - [14/Aug/2018:16:25:45 -0300] "GET /cormun/servlet/hpexe_return? HTTP/1.1" 200 1010
200.111.191.210 - - [14/Aug/2018:16:25:45 -0300] "GET /cormun/servlet/trpermisosgoce HTTP/1.1" 200 16912
200.111.191.210 - - [14/Aug/2018:16:25:45 -0300] "GET /cormun/servlet/trpermisosgoce HTTP/1.1" 200 16907
186.103.159.230 - - [14/Aug/2018:16:25:46 -0300] "GET /cormun/servlet/trsolicitudot? HTTP/1.1" 200 7396
186.103.159.230 - - [14/Aug/2018:16:25:46 -0300] "GET /cormun/servlet/trsolicitudot? HTTP/1.1" 200 7396
186.103.159.230 - - [14/Aug/2018:16:25:48 -0300] "POST /cormun/servlet/trsolicitudot?e03199359b04f41362e083a6f121fbcd,,gx-no-cache=1534274676676 HTTP/1.1" 200 4471
186.103.159.230 - - [14/Aug/2018:16:25:49 -0300] "POST /cormun/servlet/trsolicitudot?e03199359b04f41362e083a6f121fbcd,,gx-no-cache=1534274677967 HTTP/1.1" 200 4474
186.103.159.230 - - [14/Aug/2018:16:25:56 -0300] "POST /cormun/servlet/trsolicitudot?e03199359b04f41362e083a6f121fbcd,,gx-no-cache=1534274684793 HTTP/1.1" 200 103
186.103.159.230 - - [14/Aug/2018:16:25:56 -0300] "POST /cormun/servlet/trsolicitudot?e03199359b04f41362e083a6f121fbcd,,gx-no-cache=1534274684922 HTTP/1.1" 200 4455
186.103.159.230 - - [14/Aug/2018:16:25:56 -0300] "GET /cormun/SolicitudOT-8219.xls HTTP/1.1" 200 4608
201.215.248.34 - - [14/Aug/2018:16:26:12 -0300] "GET /cormun/servlet/prbanco?,MD,,gxPopupLevel%3D0%3B HTTP/1.1" 200 6675
201.215.248.34 - - [14/Aug/2018:16:26:12 -0300] "GET /cormun/static/Resources/resize.gif HTTP/1.1" 200 77
186.79.61.119 - - [14/Aug/2018:16:26:12 -0300] "GET /cormun/static/gxcfg.js?20181161016094 HTTP/1.1" 200 953
201.215.248.34 - - [14/Aug/2018:16:26:12 -0300] "GET /cormun/static/Resources/PXToolsMenuSearch.png HTTP/1.1" 200 2914
201.215.248.34 - - [14/Aug/2018:16:26:12 -0300] "GET /cormun/static/Resources/PXToolsMenuSearchCancel.png HTTP/1.1" 200 2972
201.215.248.34 - - [14/Aug/2018:16:26:12 -0300] "GET /cormun/static/prbanco.js?2018116101633 HTTP/1.1" 200 10693
201.215.248.34 - - [14/Aug/2018:16:26:12 -0300] "GET /cormun/static/menusearch.js?201610171694467 HTTP/1.1" 200 1424
201.215.248.34 - - [14/Aug/2018:16:26:12 -0300] "GET /cormun/static/hmpwkw011.js?20177612121862 HTTP/1.1" 200 1968
186.79.61.119 - - [14/Aug/2018:16:26:18 -0300] "GET /cormun/servlet/solicitudot?71656e79a3de9b180aa0f2a400db2bad63adebc07591043fbf83fff188230bcdebe7b9d4975ee0e9f76ab96865167717129891fdd0e5adc0d4ccdcbd644329fe,gx-no-cache=1534274703434 HTTP/1.1" 200 30
186.79.61.119 - - [14/Aug/2018:16:26:20 -0300] "GET /cormun/servlet/prbanco?,MD,,gxPopupLevel%3D0%3B HTTP/1.1" 200 6675
186.103.159.230 - - [14/Aug/2018:16:26:21 -0300] "GET /cormun/servlet/trcontratoobservaciondir? HTTP/1.1" 200 7113
186.103.159.230 - - [14/Aug/2018:16:26:21 -0300] "GET /cormun/static/gxcfg.js?20175251262281 HTTP/1.1" 200 953
186.103.159.230 - - [14/Aug/2018:16:26:21 -0300] "GET /cormun/static/trcontratoobservaciondir.js?20175251262715 HTTP/1.1" 200 27185
186.103.159.230 - - [14/Aug/2018:16:26:22 -0300] "GET /cormun/servlet/trcontratoobservaciondir? HTTP/1.1" 200 7112
186.79.61.119 - - [14/Aug/2018:16:26:34 -0300] "GET /cormun/servlet/solicitudot?71656e79a3de9b180aa0f2a400db2bad24d3bdac1dceff8d37ef8f7e3a1c32c4,gx-no-cache=1534274719952 HTTP/1.1" 200 51
186.79.61.119 - - [14/Aug/2018:16:26:40 -0300] "POST /cormun/servlet/solicitudot?gx-no-cache=1534274725359 HTTP/1.1" 200 255
186.79.61.119 - - [14/Aug/2018:16:26:42 -0300] "GET /cormun/servlet/solicitudot?71656e79a3de9b180aa0f2a400db2bad9b3d6cc633506cd3c19bf3fa6876570e4fe97148480cf7e5cffdfee3b25fa8af920f9e65cb2c686a141721caaa18da8278b1156fe4d7925a832dfa56467d05b75bcaf9bbc78ae788f6d8ccc233b78e2fe563664c89931d23c87272b31f6d40eddfd2e08c00d2dbb3aaef0518b2a1cc45a9d0a5ad40237ddf63818b75453e35f31c6875ae8b6f44000a9de4cde578822b1644cc8a526d9527d31faf3706833b860ad068a1c8778820016a9691acf8c7eb6268590b143115cd0c9ea6d81b2d808f7c009047b90e4d83e37837491587bb1ddab5088b4129e35f1f641599ca9edba48ed5b276fe5582c9e1ed8531a7c5fe85e43f1acac977581c3919ccf0a53784810ca0dbcf43d6d300cf544012d7537023f9c5ea89951b61c0bdd86842250b7e71272526c481648e8a9052328142b96d9dc96d9bc45960ffc817b42ecb2290caea401189bcc6a26fb4e61c99d75011cec38900691c15620e3515d9f3e0665ff80bf336509b19b1828137feae221dd022f2,gx-no-cache=1534274727825 HTTP/1.1" 200 30
186.79.61.119 - - [14/Aug/2018:16:26:48 -0300] "POST /cormun/servlet/solicitudot?gx-no-cache=1534274733452 HTTP/1.1" 200 30
186.103.159.230 - - [14/Aug/2018:16:26:48 -0300] "GET /cormun/servlet/trsolicitudot? HTTP/1.1" 200 7396
186.79.61.119 - - [14/Aug/2018:16:26:48 -0300] "POST /cormun/servlet/solicitudot?gx-no-cache=1534274733751 HTTP/1.1" 200 1374
186.79.61.119 - - [14/Aug/2018:16:26:48 -0300] "POST /cormun/servlet/solicitudot?gx-no-cache=1534274734034 HTTP/1.1" 200 38
186.103.159.230 - - [14/Aug/2018:16:26:48 -0300] "GET /cormun/servlet/trsolicitudot? HTTP/1.1" 200 7396
186.103.159.230 - - [14/Aug/2018:16:26:51 -0300] "GET /cormun/servlet/solicitudot?INS,0,0, HTTP/1.1" 200 13651
186.103.159.230 - - [14/Aug/2018:16:26:51 -0300] "GET /cormun/servlet/solicitudot?INS,0,0, HTTP/1.1" 200 13655
186.103.159.230 - - [14/Aug/2018:16:27:07 -0300] "POST /cormun/servlet/solicitudot?gx-no-cache=1534274755831 HTTP/1.1" 200 3388
186.103.159.230 - - [14/Aug/2018:16:27:07 -0300] "POST /cormun/servlet/solicitudot?e03199359b04f41362e083a6f121fbcd,INS,0,0,,gx-no-cache=1534274756019 HTTP/1.1" 200 10563
186.103.159.230 - - [14/Aug/2018:16:27:11 -0300] "GET /cormun/servlet/solicitudot?0ab312fff80750a592938f78d1c20c61063f6b8dbd132441dd30edfd4ed4080f6d86b3a22dec0ae6599a74a4a28ddf1c,gx-no-cache=1534274759968 HTTP/1.1" 200 30
186.79.61.119 - - [14/Aug/2018:16:27:40 -0300] "POST /cormun/servlet/solicitudot?gx-no-cache=1534274785768 HTTP/1.1" 200 1374
186.79.61.119 - - [14/Aug/2018:16:27:41 -0300] "POST /cormun/servlet/solicitudot?gx-no-cache=1534274786425 HTTP/1.1" 200 38
186.79.61.119 - - [14/Aug/2018:16:27:41 -0300] "GET /cormun/servlet/solicitudot?71656e79a3de9b180aa0f2a400db2bada8a42034ccbd577de395c6b7a92ce7512933bf6d4ab741d0523264f0ff2fa75b7bd10d045d9c3909b3e4a3fc406a9e8b93f2b378617de94491bef0a08451de2821727393bf3c99a4e3cb4808867e7148d5efb57764cac5c9f149d61fb59b5339,gx-no-cache=1534274786698 HTTP/1.1" 200 29
186.79.61.119 - - [14/Aug/2018:16:27:41 -0300] "POST /cormun/servlet/solicitudot?gx-no-cache=1534274786963 HTTP/1.1" 200 1357
186.79.61.119 - - [14/Aug/2018:16:27:42 -0300] "POST /cormun/servlet/solicitudot?gx-no-cache=1534274787342 HTTP/1.1" 200 1254
186.79.61.119 - - [14/Aug/2018:16:27:42 -0300] "GET /cormun/static/menuarrow.gif HTTP/1.1" 404 1015
186.79.61.119 - - [14/Aug/2018:16:27:46 -0300] "POST /cormun/servlet/solicitudot?gx-no-cache=1534274791694 HTTP/1.1" 200 1374
186.79.61.119 - - [14/Aug/2018:16:27:47 -0300] "POST /cormun/servlet/solicitudot?gx-no-cache=1534274792407 HTTP/1.1" 200 38
186.79.61.119 - - [14/Aug/2018:16:27:48 -0300] "POST /cormun/servlet/solicitudot?gx-no-cache=1534274793134 HTTP/1.1" 200 1357
186.79.61.119 - - [14/Aug/2018:16:27:48 -0300] "POST /cormun/servlet/solicitudot?gx-no-cache=1534274793845 HTTP/1.1" 200 1254
186.79.61.119 - - [14/Aug/2018:16:27:50 -0300] "GET /cormun/servlet/solicitudot?71656e79a3de9b180aa0f2a400db2bade5b3bbab8c4d8eae9c837736fa7756fa6ea10ce7169ab6863b6c4645bec1f7b7,gx-no-cache=1534274795599 HTTP/1.1" 200 30
186.79.61.119 - - [14/Aug/2018:16:27:57 -0300] "POST /cormun/servlet/solicitudot?gx-no-cache=1534274802391 HTTP/1.1" 200 30
200.111.191.210 - - [14/Aug/2018:16:28:04 -0300] "GET /cormun/servlet/trlicencias? HTTP/1.1" 200 13927
200.111.191.210 - - [14/Aug/2018:16:28:05 -0300] "GET /cormun/servlet/trlicencias? HTTP/1.1" 200 13926
200.111.191.210 - - [14/Aug/2018:16:28:07 -0300] "POST /cormun/servlet/trlicencias?a0594411d51917cfdd2ee06e46e55323,,gx-no-cache=1534274951855 HTTP/1.1" 200 11528
186.79.61.119 - - [14/Aug/2018:16:28:42 -0300] "GET /cormun/servlet/solicitudot?71656e79a3de9b180aa0f2a400db2bade5b3bbab8c4d8eae9c837736fa7756fa6ea10ce7169ab6863b6c4645bec1f7b7,gx-no-cache=1534274847679 HTTP/1.1" 200 30
186.79.61.119 - - [14/Aug/2018:16:28:42 -0300] "POST /cormun/servlet/solicitudot?gx-no-cache=1534274847915 HTTP/1.1" 200 30
186.79.61.119 - - [14/Aug/2018:16:28:43 -0300] "POST /cormun/servlet/solicitudot?b86169b2efe15c431a6e298c4d11ca80,INS,0,0,,gx-no-cache=1534274848083 HTTP/1.1" 200 93
186.79.61.119 - - [14/Aug/2018:16:28:43 -0300] "GET /cormun/servlet/hpexe_return? HTTP/1.1" 200 1006
186.79.61.119 - - [14/Aug/2018:16:28:44 -0300] "GET /cormun/servlet/trsolicitudot HTTP/1.1" 200 14423
186.79.61.119 - - [14/Aug/2018:16:28:46 -0300] "GET /cormun/servlet/trsolicitudot HTTP/1.1" 200 14418
186.103.159.230 - - [14/Aug/2018:16:28:53 -0300] "GET /cormun/servlet/prbanco?,MD,,gxPopupLevel%3D0%3B HTTP/1.1" 200 6624
186.79.61.119 - - [14/Aug/2018:16:28:54 -0300] "GET /cormun/servlet/vesolicitudot?2018,12034,, HTTP/1.1" 200 8601
186.79.61.119 - - [14/Aug/2018:16:28:54 -0300] "GET /cormun/pexe_scrolldiv.js HTTP/1.1" 404 1009
186.79.61.119 - - [14/Aug/2018:16:28:55 -0300] "GET /cormun/servlet/vesolicitudot?2018,12034,, HTTP/1.1" 200 8600
186.103.159.230 - - [14/Aug/2018:16:29:04 -0300] "GET /cormun/servlet/solicitudot?0ab312fff80750a592938f78d1c20c6135a57862973c7efd59753e5b863ba30323421cf6002666bba7a9986794e944a7,gx-no-cache=1534274873154 HTTP/1.1" 200 30
186.103.159.230 - - [14/Aug/2018:16:29:06 -0300] "GET /cormun/servlet/solicitudot?0ab312fff80750a592938f78d1c20c6137d450768ceb380e7792c411dc62be04,gx-no-cache=1534274875179 HTTP/1.1" 200 53
186.103.159.230 - - [14/Aug/2018:16:29:27 -0300] "POST /cormun/servlet/solicitudot?gx-no-cache=1534274895950 HTTP/1.1" 200 255
186.103.159.230 - - [14/Aug/2018:16:29:27 -0300] "GET /cormun/servlet/solicitudot?0ab312fff80750a592938f78d1c20c61bc752f8d0e736327671e8438da53d119a765eb50b400ae2efe0e9055ed0256e3620c55d48aa1adc753c13ad7e1ff641e79e8a1583769416c825d44252216ba587c829e0caf3c639b2e1150b2445e5f94f8a10956bee798ae0af8f7bce795ec08b67222c9d8273bf520f7c6595714e0037e9e3c34a72ac35de20d1b4a6028e93f61ce77b6320e399e7905bb03a492bd9f5f8c17c4eace57458ac6b47997baa389e4dc22d04c26b91f6712109e47bf3ba6795b015b8984183c66dbfbddd73956f1aa0274b0c49cbf8103cdcd15e2e8b4a0b56fe012a32ac47b36985c4f7e941c726459e928a8c1fad26a6a4a4e0a64866c12794d3c8e8f005158b4a1be242ef9d55e266a9697dd6becc86158d2491c393b994c2d800b9223605be8844581813e11ea2bdf895df0e33f054fdef86d93d2613aaa99be95d49f221f2270abce5d2da9b3f363e81754b9d43024b19d759e73e513133ff17895a0b735ef09d026ea54b2ade611dd69d6f53b4b826b2465123c53,gx-no-cache=1534274896055 HTTP/1.1" 200 30
186.103.159.230 - - [14/Aug/2018:16:29:44 -0300] "POST /cormun/servlet/solicitudot?gx-no-cache=1534274913513 HTTP/1.1" 200 30
186.103.159.230 - - [14/Aug/2018:16:29:45 -0300] "POST /cormun/servlet/solicitudot?gx-no-cache=1534274913556 HTTP/1.1" 200 1377
186.103.159.230 - - [14/Aug/2018:16:29:45 -0300] "POST /cormun/servlet/solicitudot?gx-no-cache=1534274913617 HTTP/1.1" 200 38
93.158.161.6 - - [14/Aug/2018:16:29:45 -0300] "GET /robots.txt HTTP/1.1" 404 981
93.158.161.6 - - [14/Aug/2018:16:29:49 -0300] "GET /docs/config/valve.html HTTP/1.1" 200 115892
186.103.159.230 - - [14/Aug/2018:16:30:08 -0300] "POST /cormun/servlet/solicitudot?gx-no-cache=1534274936833 HTTP/1.1" 200 1377
186.103.159.230 - - [14/Aug/2018:16:30:08 -0300] "POST /cormun/servlet/solicitudot?gx-no-cache=1534274936924 HTTP/1.1" 200 38
186.67.203.186 - - [14/Aug/2018:16:30:09 -0300] "GET /cormun/static/menuarrow.gif HTTP/1.1" 404 1015
201.215.248.34 - - [14/Aug/2018:16:30:14 -0300] "POST /cormun/servlet/vesolicitudot?b86169b2efe15c431a6e298c4d11ca80,2018,12034,,,gx-no-cache=1534274939584 HTTP/1.1" 200 90
201.215.248.34 - - [14/Aug/2018:16:30:14 -0300] "GET /cormun/servlet/hpexe_link HTTP/1.1" 200 965
201.215.248.34 - - [14/Aug/2018:16:30:15 -0300] "GET /cormun/servlet/trsolicitudot HTTP/1.1" 200 14420
201.215.248.34 - - [14/Aug/2018:16:30:16 -0300] "GET /cormun/servlet/trsolicitudot HTTP/1.1" 200 14418
186.103.159.230 - - [14/Aug/2018:16:30:17 -0300] "GET /cormun/servlet/solicitudot?0ab312fff80750a592938f78d1c20c612b83036f4e9af4834894a75ff526ad687fe0c2908f81dfabeabf7be0e68b6d35e279652ce41256d46e882d1c33b8e6dde7092891f243bec05d7506395328efca5ac72c1ab9bcd913e4dc71a9c4c956f6f98c2a0e98db56a8e9a3bf8400b70247d9a6b9a9c62e9c7e2be127b73441177d14d65d2026c76f559a62abb7e935b0c3c6884999397fda8abdb94cd97b911c75,gx-no-cache=1534274946231 HTTP/1.1" 200 29
186.103.159.230 - - [14/Aug/2018:16:30:17 -0300] "POST /cormun/servlet/solicitudot?gx-no-cache=1534274946336 HTTP/1.1" 200 1358
186.103.159.230 - - [14/Aug/2018:16:30:17 -0300] "POST /cormun/servlet/solicitudot?gx-no-cache=1534274946457 HTTP/1.1" 200 1258
201.215.248.34 - - [14/Aug/2018:16:30:20 -0300] "GET /cormun/servlet/vesolicitudot?2018,12033,, HTTP/1.1" 200 8632
186.79.61.119 - - [14/Aug/2018:16:30:20 -0300] "GET /cormun/pexe_scrolldiv.js HTTP/1.1" 404 1009
186.67.203.186 - - [14/Aug/2018:16:30:23 -0300] "POST /cormun/servlet/trlicencias?7fe0baf4b7136b580a4d526c968377e6,,gx-no-cache=1534274944189 HTTP/1.1" 200 7624
186.79.61.119 - - [14/Aug/2018:16:30:24 -0300] "GET /cormun/servlet/vesolicitudot?2018,12033,, HTTP/1.1" 200 8632
186.67.203.186 - - [14/Aug/2018:16:30:33 -0300] "GET /cormun/servlet/licenciaspermisos?DSP,15738079,L,20180409000000, HTTP/1.1" 200 7110
186.103.159.230 - - [14/Aug/2018:16:30:35 -0300] "GET /cormun/servlet/solicitudot?0ab312fff80750a592938f78d1c20c61fb089785897d7914013d748f7bdbc7a7de8a454bd7bd5c13165d33f5daceb94f,gx-no-cache=1534274964453 HTTP/1.1" 200 30
186.67.203.186 - - [14/Aug/2018:16:30:35 -0300] "GET /cormun/servlet/licenciaspermisos?DSP,15738079,L,20180409000000, HTTP/1.1" 200 7110
186.79.61.119 - - [14/Aug/2018:16:30:51 -0300] "POST /cormun/servlet/vesolicitudot?b86169b2efe15c431a6e298c4d11ca80,2018,12033,,,gx-no-cache=1534274975743 HTTP/1.1" 200 90
186.79.61.119 - - [14/Aug/2018:16:30:51 -0300] "GET /cormun/servlet/hpexe_link HTTP/1.1" 200 965
186.79.61.119 - - [14/Aug/2018:16:30:52 -0300] "GET /cormun/servlet/trsolicitudot HTTP/1.1" 200 14420
186.79.61.119 - - [14/Aug/2018:16:30:58 -0300] "GET /cormun/servlet/trsolicitudot HTTP/1.1" 200 14418
186.79.61.119 - - [14/Aug/2018:16:31:06 -0300] "GET /cormun/servlet/vesolicitudot?2018,12032,, HTTP/1.1" 200 8630
186.79.61.119 - - [14/Aug/2018:16:31:06 -0300] "GET /cormun/pexe_scrolldiv.js HTTP/1.1" 404 1009
186.79.61.119 - - [14/Aug/2018:16:31:07 -0300] "GET /cormun/servlet/vesolicitudot?2018,12032,, HTTP/1.1" 200 8629
186.10.12.250 - - [14/Aug/2018:16:31:23 -0300] "GET /cormun/servlet/trlicencias? HTTP/1.1" 200 10235
186.10.12.250 - - [14/Aug/2018:16:31:25 -0300] "GET /cormun/servlet/trlicencias? HTTP/1.1" 200 10233
186.10.12.250 - - [14/Aug/2018:16:31:29 -0300] "GET /cormun/servlet/licenciaspermisos?DSP,15738079,L,20180508000000, HTTP/1.1" 200 7155
186.10.12.250 - - [14/Aug/2018:16:31:31 -0300] "GET /cormun/servlet/licenciaspermisos?DSP,15738079,L,20180508000000, HTTP/1.1" 200 7155
200.111.122.170 - - [14/Aug/2018:16:31:50 -0300] "GET /cormun/servlet/trlicencias? HTTP/1.1" 200 10235
200.111.122.170 - - [14/Aug/2018:16:31:52 -0300] "GET /cormun/servlet/trlicencias? HTTP/1.1" 200 10233
186.103.132.155 - - [14/Aug/2018:16:31:56 -0300] "GET /cormun/servlet/licenciaspermisos?DSP,15738079,L,20180515000000, HTTP/1.1" 200 7152
186.103.132.155 - - [14/Aug/2018:16:31:58 -0300] "GET /cormun/servlet/licenciaspermisos?DSP,15738079,L,20180515000000, HTTP/1.1" 200 7152
186.67.203.186 - - [14/Aug/2018:16:32:18 -0300] "GET /cormun/servlet/trlicencias? HTTP/1.1" 200 10235
186.67.203.186 - - [14/Aug/2018:16:32:21 -0300] "GET /cormun/servlet/trlicencias? HTTP/1.1" 200 10233
200.72.197.82 - - [14/Aug/2018:16:32:27 -0300] "GET /cormun/servlet/licenciaspermisos?DSP,15738079,L,20180529000000, HTTP/1.1" 200 7180
200.72.197.82 - - [14/Aug/2018:16:32:28 -0300] "GET /cormun/servlet/licenciaspermisos?DSP,15738079,L,20180529000000, HTTP/1.1" 200 7180
200.111.122.170 - - [14/Aug/2018:16:32:44 -0300] "GET /cormun/servlet/trlicencias? HTTP/1.1" 200 10235
200.111.122.170 - - [14/Aug/2018:16:32:46 -0300] "GET /cormun/servlet/trlicencias? HTTP/1.1" 200 10233
186.10.12.250 - - [14/Aug/2018:16:32:51 -0300] "GET /cormun/servlet/licenciaspermisos?DSP,15738079,L,20180613000000, HTTP/1.1" 200 7109
186.10.12.250 - - [14/Aug/2018:16:32:53 -0300] "GET /cormun/servlet/licenciaspermisos?DSP,15738079,L,20180613000000, HTTP/1.1" 200 7108
186.79.61.119 - - [14/Aug/2018:16:33:11 -0300] "POST /cormun/servlet/vesolicitudot?b86169b2efe15c431a6e298c4d11ca80,2018,12032,,,gx-no-cache=1534275115859 HTTP/1.1" 200 90
186.79.61.119 - - [14/Aug/2018:16:33:11 -0300] "GET /cormun/servlet/hpexe_link HTTP/1.1" 200 965
186.10.12.250 - - [14/Aug/2018:16:33:11 -0300] "GET /cormun/servlet/trlicencias? HTTP/1.1" 200 10235
186.79.61.119 - - [14/Aug/2018:16:33:12 -0300] "GET /cormun/servlet/trsolicitudot HTTP/1.1" 200 14420
186.10.12.250 - - [14/Aug/2018:16:33:13 -0300] "GET /cormun/servlet/trlicencias? HTTP/1.1" 200 10233
186.79.61.119 - - [14/Aug/2018:16:33:15 -0300] "GET /cormun/servlet/trsolicitudot HTTP/1.1" 200 14418
201.215.248.34 - - [14/Aug/2018:16:33:20 -0300] "POST /cormun/servlet/trsolicitudot?b86169b2efe15c431a6e298c4d11ca80,gx-no-cache=1534275125792 HTTP/1.1" 200 11640
201.215.248.34 - - [14/Aug/2018:16:33:21 -0300] "GET /cormun/static/Shared/jqueryui/images/ui-bg_highlight-soft_100_c6c2c8_1x100.png HTTP/1.1" 404 1117
201.215.248.34 - - [14/Aug/2018:16:33:21 -0300] "GET /cormun/static/Shared/jqueryui/images/ui-icons_82798d_256x240.png HTTP/1.1" 404 1089
190.151.100.218 - - [14/Aug/2018:16:33:21 -0300] "GET /cormun/servlet/licenciaspermisos?DSP,15738079,L,20180705000000, HTTP/1.1" 200 7142
201.215.248.34 - - [14/Aug/2018:16:33:21 -0300] "GET /cormun/static/Shared/jqueryui/images/ui-bg_flat_55_fafafa_40x100.png HTTP/1.1" 404 1097
186.79.61.119 - - [14/Aug/2018:16:33:21 -0300] "GET /cormun/static/Shared/jqueryui/images/ui-icons_8d78a5_256x240.png HTTP/1.1" 404 1089
190.151.100.218 - - [14/Aug/2018:16:33:22 -0300] "GET /cormun/servlet/licenciaspermisos?DSP,15738079,L,20180705000000, HTTP/1.1" 200 7141
186.79.61.119 - - [14/Aug/2018:16:33:23 -0300] "POST /cormun/servlet/trsolicitudot?b86169b2efe15c431a6e298c4d11ca80,gx-no-cache=1534275126951 HTTP/1.1" 200 11582
186.79.61.119 - - [14/Aug/2018:16:33:31 -0300] "POST /cormun/servlet/trsolicitudot?b86169b2efe15c431a6e298c4d11ca80,gx-no-cache=1534275134436 HTTP/1.1" 200 11643
186.79.61.119 - - [14/Aug/2018:16:33:34 -0300] "POST /cormun/servlet/trsolicitudot?b86169b2efe15c431a6e298c4d11ca80,gx-no-cache=1534275138096 HTTP/1.1" 200 11583
186.79.61.119 - - [14/Aug/2018:16:33:37 -0300] "POST /cormun/servlet/trsolicitudot?b86169b2efe15c431a6e298c4d11ca80,gx-no-cache=1534275141798 HTTP/1.1" 200 11635
186.79.61.119 - - [14/Aug/2018:16:33:40 -0300] "POST /cormun/servlet/trsolicitudot?b86169b2efe15c431a6e298c4d11ca80,gx-no-cache=1534275144295 HTTP/1.1" 200 11577
186.79.61.119 - - [14/Aug/2018:16:33:46 -0300] "GET /cormun/servlet/solicitudot?INS,0,0, HTTP/1.1" 200 13696
186.79.61.119 - - [14/Aug/2018:16:33:48 -0300] "GET /cormun/servlet/solicitudot?INS,0,0, HTTP/1.1" 200 13701
186.79.61.119 - - [14/Aug/2018:16:33:52 -0300] "GET /cormun/servlet/trsolicitudot? HTTP/1.1" 200 14424
186.79.61.119 - - [14/Aug/2018:16:33:54 -0300] "GET /cormun/servlet/trsolicitudot? HTTP/1.1" 200 14418
186.79.61.119 - - [14/Aug/2018:16:34:02 -0300] "POST /cormun/servlet/trsolicitudot?b86169b2efe15c431a6e298c4d11ca80,,gx-no-cache=1534275165679 HTTP/1.1" 200 4472
186.79.61.119 - - [14/Aug/2018:16:34:09 -0300] "GET /cormun/servlet/hlogin HTTP/1.1" 200 1736
186.103.132.155 - - [14/Aug/2018:16:34:19 -0300] "GET /cormun/servlet/trlicencias? HTTP/1.1" 200 10235
186.103.132.155 - - [14/Aug/2018:16:34:21 -0300] "GET /cormun/servlet/trlicencias? HTTP/1.1" 200 10233
186.67.203.186 - - [14/Aug/2018:16:34:39 -0300] "GET /cormun/servlet/licenciaspermisos?DSP,15738079,L,20180716000000, HTTP/1.1" 200 7102
186.67.203.186 - - [14/Aug/2018:16:34:41 -0300] "GET /cormun/servlet/licenciaspermisos?DSP,15738079,L,20180716000000, HTTP/1.1" 200 7102
200.111.122.170 - - [14/Aug/2018:16:35:11 -0300] "GET /cormun/servlet/trlicencias? HTTP/1.1" 200 10235
200.111.122.170 - - [14/Aug/2018:16:35:12 -0300] "GET /cormun/servlet/trlicencias? HTTP/1.1" 200 10233
200.111.122.170 - - [14/Aug/2018:16:35:19 -0300] "GET /cormun/servlet/licenciaspermisos?DSP,15738079,L,20180730000000, HTTP/1.1" 200 7114
200.111.122.170 - - [14/Aug/2018:16:35:21 -0300] "GET /cormun/servlet/licenciaspermisos?DSP,15738079,L,20180730000000, HTTP/1.1" 200 7114
186.10.12.250 - - [14/Aug/2018:16:35:46 -0300] "GET /cormun/servlet/trlicencias? HTTP/1.1" 200 10235
186.10.12.250 - - [14/Aug/2018:16:35:51 -0300] "GET /cormun/servlet/trlicencias? HTTP/1.1" 200 10233
186.10.12.250 - - [14/Aug/2018:16:36:03 -0300] "GET /cormun/servlet/licenciaspermisos?DSP,15738079,L,20180810000000, HTTP/1.1" 200 7111
186.10.12.250 - - [14/Aug/2018:16:36:06 -0300] "GET /cormun/servlet/licenciaspermisos?DSP,15738079,L,20180810000000, HTTP/1.1" 200 7111
186.79.9.232 - - [14/Aug/2018:16:37:45 -0300] "POST /cormun/servlet/trsolicitudot?0ba052f38b832a602e417b7e7b15a1b6,gx-no-cache=1534275390610 HTTP/1.1" 200 105
186.79.9.232 - - [14/Aug/2018:16:37:45 -0300] "GET /cormun/servlet/solicitudot?UPD,2018,12031, HTTP/1.1" 200 15285
186.79.9.232 - - [14/Aug/2018:16:37:46 -0300] "GET /cormun/servlet/solicitudot?UPD,2018,12031, HTTP/1.1" 200 15295
186.79.9.232 - - [14/Aug/2018:16:37:48 -0300] "POST /cormun/servlet/solicitudot?gx-no-cache=1534275392944 HTTP/1.1" 200 3412
186.79.9.232 - - [14/Aug/2018:16:37:51 -0300] "POST /cormun/servlet/solicitudot?0ba052f38b832a602e417b7e7b15a1b6,UPD,2018,12031,,gx-no-cache=1534275395948 HTTP/1.1" 200 11588
186.79.9.232 - - [14/Aug/2018:16:37:51 -0300] "GET /cormun/servlet/solicitudot?0f40b39172b2371f17504e9734e29de9bc3a5049f249a7b564c9d205bf676a8f878929f333b9f37bbc096421c4d470ac,gx-no-cache=1534275397594 HTTP/1.1" 200 30
186.79.9.232 - - [14/Aug/2018:16:37:51 -0300] "GET /cormun/servlet/solicitudot?0f40b39172b2371f17504e9734e29de97f42c2edd09ef2fc77b1d9108ad4b60db230fe47559999e959b08c7971cb73bf,gx-no-cache=1534275397723 HTTP/1.1" 200 30
186.79.9.232 - - [14/Aug/2018:16:37:52 -0300] "GET /cormun/servlet/solicitudot?0f40b39172b2371f17504e9734e29de98193b72e6e745bd5190c30309c74b238fb0776936fa062ab6ab5377fbefa9a394ec327cb486cd292e2816a26a814235c,gx-no-cache=1534275397882 HTTP/1.1" 200 53
186.79.9.232 - - [14/Aug/2018:16:37:52 -0300] "POST /cormun/servlet/solicitudot?gx-no-cache=1534275398170 HTTP/1.1" 200 297
186.79.9.232 - - [14/Aug/2018:16:37:52 -0300] "GET /cormun/servlet/solicitudot?0f40b39172b2371f17504e9734e29de9482d19ff535cb2c32c15801c151c66da5d0639b6e05b58bdf42ff87d25a2ad71e8ce5a3555d785e085a9cd1b8491c31d0c7deee2daa779260498d8cf38de4ccfbf45e354ae7f2aeea937749ea781c01453b9f17d3fd11845edb8ec4be4a6b346116efbc018598dd14fb629995ea3860c764dbc657af7d7b9ab4157dd7d6f5a8cac619e2dadb1074d600ff520d2b2d31ae9a63be279956a95a9972273a60a04b5181ddad8600149429dc281c188e6d379d58fb8d8d780d80f7edfbdc3bd2cd395cf1406bc9448cd889df67b3a3503a01c2c5da36d2d3f00c2cb8d32e9341f40eeab825720d5601536dd9e013e192c80df577dd0818514dd89d005a1824ee43af836a0f2b8016254f4f388e464a0d5470ec4ed72cd4d11c33abfcc03b238ca538fee92e9bba98a8f4a6ed7bfd3be254e0348b597bc2949aa8dadb86f27ad4074dc5d9f22d528e2f04bebfe139567a2fedc0d3a14990b06269f8263b7a4949a117db461b597618c995d896b67f6b056f663037b16b723d6b064f7abc7c716bc8c0c,gx-no-cache=1534275398380 HTTP/1.1" 200 30
186.79.9.232 - - [14/Aug/2018:16:37:52 -0300] "POST /cormun/servlet/solicitudot?gx-no-cache=1534275398537 HTTP/1.1" 200 30
186.79.9.232 - - [14/Aug/2018:16:37:53 -0300] "POST /cormun/servlet/solicitudot?gx-no-cache=1534275398774 HTTP/1.1" 200 1374
186.79.9.232 - - [14/Aug/2018:16:37:53 -0300] "POST /cormun/servlet/solicitudot?gx-no-cache=1534275399133 HTTP/1.1" 200 41
186.79.9.232 - - [14/Aug/2018:16:37:58 -0300] "POST /cormun/servlet/solicitudot?gx-no-cache=1534275404435 HTTP/1.1" 200 30
186.79.9.232 - - [14/Aug/2018:16:38:07 -0300] "POST /cormun/servlet/solicitudot?gx-no-cache=1534275412813 HTTP/1.1" 200 1374
186.79.9.232 - - [14/Aug/2018:16:38:07 -0300] "POST /cormun/servlet/solicitudot?gx-no-cache=1534275413583 HTTP/1.1" 200 41
