186.67.164.142 - - [10/Aug/2018:12:39:53 -0300] "GET /cormun/servlet/solicitudot?1852ffe1e0d740727e7fc15326bb97c48ded1bd64da54e9a64ddb92d7dcf92adf9d3a93a14a7d4e13015fa03daacab65,gx-no-cache=1533915518778 HTTP/1.1" 200 30
186.67.164.142 - - [10/Aug/2018:12:39:53 -0300] "GET /cormun/servlet/solicitudot?1852ffe1e0d740727e7fc15326bb97c4be920627aa03ee61963f7692b8cfc4acc78b162bcfa0e54532f4ea7c2bc85c0e,gx-no-cache=1533915518814 HTTP/1.1" 200 30
186.67.164.142 - - [10/Aug/2018:12:39:53 -0300] "GET /cormun/servlet/solicitudot?1852ffe1e0d740727e7fc15326bb97c494116cefe48c5e246edcc59f73428ab0,gx-no-cache=1533915518844 HTTP/1.1" 200 29
186.67.164.142 - - [10/Aug/2018:12:39:53 -0300] "POST /cormun/servlet/solicitudot?gx-no-cache=1533915518878 HTTP/1.1" 200 240
186.67.164.142 - - [10/Aug/2018:12:39:53 -0300] "GET /cormun/servlet/solicitudot?1852ffe1e0d740727e7fc15326bb97c4051dde35116ca9b4ebb3df0e4aa7ce6f723fe01ac71b1620d91d6299e10b5b782a2af45141b19bdef2bdb907b9a70c8a9bda3c16afa4ed522b1b3f82a931b4ea5341ba3a23e670e199b5da27f92e758fbd04ad5f146d910410966ae7f062e80d1c329bba8d331d5a8ccac6d88014200a2437697e32f24bcc666d4670ff30c1f6c195d5568a467a6689f1958b4721d18dcc41929107d7c8d8e8ae26e0436866d69c8b5511955070f594b98b42450e48a4272b005fa9366598872740a8d384fe2b934d162a0770323ab3f4ea20b8b901bc3a3886713c2311adab51bcf18dc6e0b03dfe54d3d1e046595dfc478ddcacf35aefe0f95a82f14321241fda68f1f63312facec22f548a6e2e12bf06678811116a9ec52c565afa71088730397d7ab37fa14df544050cbad84c3f6e83d37877ff95d4718c3caeb1c2bbd0e3f411098150e175f5525b04601f192b45767e6924ca9765eedda6e9351821029b13746315a13c072f91e0d0c851ffbe2117ec1c103f5d,gx-no-cache=1533915518918 HTTP/1.1" 200 30
186.67.164.142 - - [10/Aug/2018:12:39:53 -0300] "POST /cormun/servlet/solicitudot?gx-no-cache=1533915518949 HTTP/1.1" 200 30
186.67.164.142 - - [10/Aug/2018:12:39:53 -0300] "POST /cormun/servlet/solicitudot?gx-no-cache=1533915518990 HTTP/1.1" 200 1376
186.67.164.142 - - [10/Aug/2018:12:39:53 -0300] "POST /cormun/servlet/solicitudot?gx-no-cache=1533915519083 HTTP/1.1" 200 41
186.67.164.142 - - [10/Aug/2018:12:39:56 -0300] "GET /cormun/servlet/solicitudot?1852ffe1e0d740727e7fc15326bb97c4ab29cc556e02ca799ac60a9946ab2013d5ddb0dfc06daf9f04eb0d1cf30d73a6abe21d6221a7f8a462ee5c1df3b544b0f95206b17390ff411a5eb97086118c4dbf0808eb77b08920c8872b440a9c2c75ebfc319883715276078ba11c2e3cedb51e70f2647206e3e9c22f502656ab900e01b58d43d94c47338c64e0ee66d88d2586e7150e390a06a1cae2fd8b838766e891df160e645218f2a9c5c4ad5257b0df8eee39cb4c518f87a123b05ec1979aa1fdf792ee86f2ac1abbbdd157c4145e9e,gx-no-cache=1533915521762 HTTP/1.1" 200 30
186.67.164.142 - - [10/Aug/2018:12:39:57 -0300] "POST /cormun/servlet/solicitudot?gx-no-cache=1533915522917 HTTP/1.1" 200 1357
186.67.164.142 - - [10/Aug/2018:12:39:57 -0300] "POST /cormun/servlet/solicitudot?gx-no-cache=1533915522987 HTTP/1.1" 200 1257
186.67.164.142 - - [10/Aug/2018:12:39:57 -0300] "GET /cormun/servlet/solicitudot?1852ffe1e0d740727e7fc15326bb97c40e09b4b069b856d0a52dc6aa78189bc875920f5a82a52c35463e6e565ee1a5a6,gx-no-cache=1533915523037 HTTP/1.1" 200 30
186.67.164.142 - - [10/Aug/2018:12:39:57 -0300] "POST /cormun/servlet/solicitudot?gx-no-cache=1533915523065 HTTP/1.1" 200 34
186.67.164.142 - - [10/Aug/2018:12:39:57 -0300] "POST /cormun/servlet/solicitudot?c9946332c81ccf6353aa00e3c27507a8,UPD,2018,12020,,gx-no-cache=1533915523098 HTTP/1.1" 200 93
186.67.164.142 - - [10/Aug/2018:12:39:58 -0300] "GET /cormun/servlet/hpexe_return? HTTP/1.1" 200 1013
186.67.164.142 - - [10/Aug/2018:12:39:58 -0300] "GET /cormun/servlet/trsolicitudot HTTP/1.1" 200 8652
186.67.164.142 - - [10/Aug/2018:12:39:58 -0300] "GET /cormun/servlet/trsolicitudot HTTP/1.1" 200 8648
186.67.164.142 - - [10/Aug/2018:12:40:07 -0300] "POST /cormun/servlet/trsolicitudot?c9946332c81ccf6353aa00e3c27507a8,gx-no-cache=1533915532496 HTTP/1.1" 200 4522
186.67.164.142 - - [10/Aug/2018:12:40:07 -0300] "GET /cormun/static/Shared/jqueryui/images/ui-bg_highlight-soft_100_c6c2c8_1x100.png HTTP/1.1" 404 1117
186.67.164.142 - - [10/Aug/2018:12:40:07 -0300] "GET /cormun/static/Shared/jqueryui/images/ui-icons_8d78a5_256x240.png HTTP/1.1" 404 1089
186.67.164.142 - - [10/Aug/2018:12:40:07 -0300] "GET /cormun/static/Shared/jqueryui/images/ui-icons_82798d_256x240.png HTTP/1.1" 404 1089
186.67.164.142 - - [10/Aug/2018:12:40:07 -0300] "GET /cormun/static/Shared/jqueryui/images/ui-bg_flat_55_fafafa_40x100.png HTTP/1.1" 404 1097
186.67.164.142 - - [10/Aug/2018:12:40:07 -0300] "POST /cormun/servlet/trsolicitudot?c9946332c81ccf6353aa00e3c27507a8,gx-no-cache=1533915532722 HTTP/1.1" 200 4270
186.67.164.142 - - [10/Aug/2018:12:40:19 -0300] "GET /cormun/servlet/solicitudot?INS,0,0, HTTP/1.1" 200 13454
186.67.164.142 - - [10/Aug/2018:12:40:20 -0300] "GET /cormun/servlet/solicitudot?INS,0,0, HTTP/1.1" 200 13459
186.10.12.250 - - [10/Aug/2018:12:40:35 -0300] "GET /cormun/servlet/hlogin HTTP/1.1" 200 1722
186.10.12.250 - - [10/Aug/2018:12:40:35 -0300] "GET /cormun/static/gxtimezone.js?85251 HTTP/1.1" 304 -
186.10.12.250 - - [10/Aug/2018:12:40:35 -0300] "GET /cormun/static/messages.spa.js?85251 HTTP/1.1" 304 -
186.10.12.250 - - [10/Aug/2018:12:40:36 -0300] "GET /cormun/servlet/hlogin HTTP/1.1" 200 1733
201.215.248.160 - - [10/Aug/2018:12:40:44 -0300] "GET /cormun/servlet/trlicenciaspermisosadjuntos?16881995,20180810000000,L, HTTP/1.1" 200 5575
201.215.248.160 - - [10/Aug/2018:12:40:44 -0300] "GET /cormun/static/gxcfg.js?20177612163414 HTTP/1.1" 304 -
201.215.248.160 - - [10/Aug/2018:12:40:45 -0300] "GET /cormun/servlet/trlicenciaspermisosadjuntos?16881995,20180810000000,L, HTTP/1.1" 200 5574
201.215.248.160 - - [10/Aug/2018:12:40:45 -0300] "GET /cormun/servlet/hlogin HTTP/1.1" 200 1770
186.10.12.250 - - [10/Aug/2018:12:40:51 -0300] "POST /cormun/servlet/hlogin?91716f812f66453a99765d721438a7cd,gx-no-cache=1533915575276 HTTP/1.1" 200 90
186.10.12.250 - - [10/Aug/2018:12:40:52 -0300] "GET /cormun/servlet/hpexe_link HTTP/1.1" 200 953
186.10.12.250 - - [10/Aug/2018:12:40:52 -0300] "GET /cormun/servlet/hhome HTTP/1.1" 200 4207
186.10.12.250 - - [10/Aug/2018:12:40:54 -0300] "GET /cormun/servlet/hhome HTTP/1.1" 200 4205
186.103.132.155 - - [10/Aug/2018:12:41:02 -0300] "GET /cormun/servlet/trpermisosgoce? HTTP/1.1" 200 8561
186.103.132.155 - - [10/Aug/2018:12:41:04 -0300] "GET /cormun/static/calendar.js?85251 HTTP/1.1" 304 -
186.10.12.250 - - [10/Aug/2018:12:41:04 -0300] "GET /cormun/static/calendar-es.js?85251 HTTP/1.1" 304 -
186.10.12.250 - - [10/Aug/2018:12:41:04 -0300] "GET /cormun/static/calendar-setup.js?85251 HTTP/1.1" 304 -
186.103.132.155 - - [10/Aug/2018:12:41:04 -0300] "GET /cormun/static/gxcfg.js?20177612163875 HTTP/1.1" 304 -
186.10.12.250 - - [10/Aug/2018:12:41:04 -0300] "GET /cormun/static/gxdec.js?85251 HTTP/1.1" 304 -
186.10.12.250 - - [10/Aug/2018:12:41:06 -0300] "GET /cormun/servlet/trpermisosgoce? HTTP/1.1" 200 8560
186.10.12.250 - - [10/Aug/2018:12:41:11 -0300] "GET /cormun/servlet/permisogoce?INS,0,,, HTTP/1.1" 200 7075
186.10.12.250 - - [10/Aug/2018:12:41:12 -0300] "GET /cormun/servlet/permisogoce?INS,0,,, HTTP/1.1" 200 7074
186.103.161.206 - - [10/Aug/2018:12:41:18 -0300] "GET /cormun/servlet/prfichaempleado?,MD,,gxPopupLevel%3D0%3B HTTP/1.1" 200 9368
201.215.248.160 - - [10/Aug/2018:12:41:22 -0300] "POST /cormun/servlet/hlogin?93f7b37292b8fec8f8cb010233182318,gx-no-cache=1533915815699 HTTP/1.1" 200 90
201.215.248.160 - - [10/Aug/2018:12:41:22 -0300] "GET /cormun/servlet/hpexe_link HTTP/1.1" 200 989
201.215.248.160 - - [10/Aug/2018:12:41:23 -0300] "GET /cormun/servlet/trlicenciaspermisosadjuntos?16881995,20180810000000,L, HTTP/1.1" 200 6165
201.215.248.160 - - [10/Aug/2018:12:41:24 -0300] "GET /cormun/servlet/trlicenciaspermisosadjuntos?16881995,20180810000000,L, HTTP/1.1" 200 6163
186.67.203.186 - - [10/Aug/2018:12:41:34 -0300] "GET /cormun/servlet/trpermisosgoce? HTTP/1.1" 200 8561
200.111.122.170 - - [10/Aug/2018:12:41:45 -0300] "GET /cormun/servlet/hhome HTTP/1.1" 200 4207
200.111.122.170 - - [10/Aug/2018:12:41:48 -0300] "GET /cormun/servlet/hhome HTTP/1.1" 200 4205
186.10.12.250 - - [10/Aug/2018:12:41:53 -0300] "GET /cormun/servlet/trpermisosgoce? HTTP/1.1" 200 8561
186.10.12.250 - - [10/Aug/2018:12:41:55 -0300] "GET /cormun/servlet/trpermisosgoce? HTTP/1.1" 200 8560
186.67.203.186 - - [10/Aug/2018:12:41:59 -0300] "GET /cormun/servlet/permisogoce?INS,0,,, HTTP/1.1" 200 7074
186.67.203.186 - - [10/Aug/2018:12:42:00 -0300] "GET /cormun/servlet/permisogoce?INS,0,,, HTTP/1.1" 200 7074
201.215.248.160 - - [10/Aug/2018:12:42:12 -0300] "GET /cormun/servlet/licenciaspermisosadjuntos?INS,16881995,L,20180810000000,, HTTP/1.1" 200 5631
201.215.248.160 - - [10/Aug/2018:12:42:12 -0300] "GET /cormun/static/gxcfg.js?2017761263592 HTTP/1.1" 304 -
201.215.248.160 - - [10/Aug/2018:12:42:12 -0300] "GET /cormun/static/about:blank HTTP/1.1" 404 1011
201.215.248.160 - - [10/Aug/2018:12:42:13 -0300] "GET /cormun/servlet/licenciaspermisosadjuntos?INS,16881995,L,20180810000000,, HTTP/1.1" 200 5621
186.10.12.250 - - [10/Aug/2018:12:42:17 -0300] "GET /cormun/servlet/permisogoce?b6c85a0a6f2e8ed53a31eab3479763d0c9f8b8b06bf3a850941d5fa39abbab6e4a15f6768d28770edb79a11e8520962d4656940868545baac052d4d25929fe9b,gx-no-cache=1533915660526 HTTP/1.1" 200 72
186.10.12.250 - - [10/Aug/2018:12:42:18 -0300] "GET /cormun/static/menuarrow.gif HTTP/1.1" 404 1015
186.10.12.250 - - [10/Aug/2018:12:42:27 -0300] "GET /cormun/servlet/permisogoce?b6c85a0a6f2e8ed53a31eab3479763d096aef1cbcd984586511021626ed9bd4ab34987185998ac5fc03f0d8ee1c2a4d7bf543864b5f0689b1fc4bf6fd20eca05,gx-no-cache=1533915670540 HTTP/1.1" 200 47
186.10.12.250 - - [10/Aug/2018:12:42:32 -0300] "POST /cormun/servlet/permisogoce?91716f812f66453a99765d721438a7cd,INS,0,,,,gx-no-cache=1533915674934 HTTP/1.1" 200 93
186.10.12.250 - - [10/Aug/2018:12:42:32 -0300] "GET /cormun/servlet/hpexe_return? HTTP/1.1" 200 1012
201.215.248.160 - - [10/Aug/2018:12:42:50 -0300] "POST /cormun/servlet/licenciaspermisosadjuntos?93f7b37292b8fec8f8cb010233182318,INS,16881995,L,20180810000000,, HTTP/1.1" 200 116
201.215.248.160 - - [10/Aug/2018:12:42:50 -0300] "GET /cormun/servlet/hpexe_return? HTTP/1.1" 200 1043
201.215.248.160 - - [10/Aug/2018:12:42:51 -0300] "GET /cormun/servlet/trlicenciaspermisosadjuntos?16881995,20180810000000,L, HTTP/1.1" 200 6746
201.215.248.160 - - [10/Aug/2018:12:42:52 -0300] "GET /cormun/servlet/trlicenciaspermisosadjuntos?16881995,20180810000000,L, HTTP/1.1" 200 6746
186.10.12.250 - - [10/Aug/2018:12:44:32 -0300] "GET /cormun/servlet/hpexe_return? HTTP/1.1" 200 993
186.10.12.250 - - [10/Aug/2018:12:44:32 -0300] "GET /cormun/servlet/trpermisosgoce HTTP/1.1" 200 8788
186.67.172.234 - - [10/Aug/2018:12:44:37 -0300] "GET /cormun/servlet/hlogin HTTP/1.1" 200 1723
186.67.172.234 - - [10/Aug/2018:12:44:38 -0300] "GET /cormun/servlet/hlogin HTTP/1.1" 200 1734
186.67.172.234 - - [10/Aug/2018:12:44:38 -0300] "GET /favicon.ico HTTP/1.1" 200 21630
186.67.172.234 - - [10/Aug/2018:12:44:47 -0300] "POST /cormun/servlet/hlogin?8984633d2f74e7d9df02c9ebc57b7f9b,gx-no-cache=1533915811469 HTTP/1.1" 200 90
186.67.172.234 - - [10/Aug/2018:12:44:47 -0300] "GET /cormun/servlet/hpexe_link HTTP/1.1" 200 955
186.67.172.234 - - [10/Aug/2018:12:44:47 -0300] "GET /cormun/servlet/hhome HTTP/1.1" 200 4252
186.67.172.234 - - [10/Aug/2018:12:44:48 -0300] "GET /cormun/servlet/hhome HTTP/1.1" 200 4249
186.103.132.155 - - [10/Aug/2018:12:45:03 -0300] "GET /cormun/servlet/hlogin HTTP/1.1" 200 1722
186.67.172.234 - - [10/Aug/2018:12:45:16 -0300] "GET /cormun/servlet/trsolicitudot? HTTP/1.1" 200 7466
186.67.172.234 - - [10/Aug/2018:12:45:16 -0300] "GET /cormun/servlet/trsolicitudot? HTTP/1.1" 200 7465
186.103.132.155 - - [10/Aug/2018:12:45:18 -0300] "POST /cormun/servlet/hlogin?91716f812f66453a99765d721438a7cd,gx-no-cache=1533915841276 HTTP/1.1" 200 90
186.103.132.155 - - [10/Aug/2018:12:45:18 -0300] "GET /cormun/servlet/hpexe_link HTTP/1.1" 200 958
186.103.132.155 - - [10/Aug/2018:12:45:18 -0300] "GET /cormun/servlet/trpermisosgoce HTTP/1.1" 200 8786
186.67.172.234 - - [10/Aug/2018:12:45:20 -0300] "GET /cormun/servlet/solicitudot?INS,0,0, HTTP/1.1" 200 13714
186.67.172.234 - - [10/Aug/2018:12:45:20 -0300] "GET /cormun/servlet/solicitudot?INS,0,0, HTTP/1.1" 200 13719
186.103.132.155 - - [10/Aug/2018:12:45:29 -0300] "GET /cormun/servlet/trpermisosgoce HTTP/1.1" 200 8784
186.67.172.234 - - [10/Aug/2018:12:45:29 -0300] "POST /cormun/servlet/solicitudot?gx-no-cache=1533915853830 HTTP/1.1" 200 3308
186.67.172.234 - - [10/Aug/2018:12:45:30 -0300] "POST /cormun/servlet/solicitudot?8984633d2f74e7d9df02c9ebc57b7f9b,INS,0,0,,gx-no-cache=1533915854088 HTTP/1.1" 200 10468
186.67.172.234 - - [10/Aug/2018:12:45:31 -0300] "GET /cormun/servlet/solicitudot?c6d314c079bd2f321755caf129067d3c5fa0b2155e3c554720f79f94411fb679882aa9b2a6990bf11c3d1cdb32757fb0,gx-no-cache=1533915855820 HTTP/1.1" 200 30
186.10.12.250 - - [10/Aug/2018:12:45:44 -0300] "GET /cormun/servlet/apermisogoceprn?16816748,P,20180810113820,PU HTTP/1.1" 200 1660
186.103.132.155 - - [10/Aug/2018:12:46:26 -0300] "GET /cormun/servlet/trlicencias? HTTP/1.1" 200 10338
200.111.122.170 - - [10/Aug/2018:12:46:30 -0300] "GET /cormun/servlet/trlicencias? HTTP/1.1" 200 10337
186.67.172.234 - - [10/Aug/2018:12:47:51 -0300] "GET /cormun/servlet/prbanco?,MD,,gxPopupLevel%3D0%3B HTTP/1.1" 200 6691
186.67.172.234 - - [10/Aug/2018:12:47:51 -0300] "GET /cormun/static/gxcfg.js?20181161016094 HTTP/1.1" 200 953
186.67.172.234 - - [10/Aug/2018:12:47:52 -0300] "GET /cormun/static/prbanco.js?2018116101633 HTTP/1.1" 200 10693
186.103.159.46 - - [10/Aug/2018:12:47:53 -0300] "GET /cormun/servlet/trlicencias? HTTP/1.1" 200 6116
186.103.159.46 - - [10/Aug/2018:12:47:57 -0300] "GET /cormun/servlet/trlicencias? HTTP/1.1" 200 6116
186.103.159.46 - - [10/Aug/2018:12:47:57 -0300] "GET /cormun/servlet/hlogin HTTP/1.1" 200 1734
186.103.159.46 - - [10/Aug/2018:12:48:06 -0300] "POST /cormun/servlet/hlogin?328dfd2ed330704a5f158f29d916a396,gx-no-cache=1533916011486 HTTP/1.1" 200 90
186.103.159.46 - - [10/Aug/2018:12:48:06 -0300] "GET /cormun/servlet/hpexe_link HTTP/1.1" 200 953
186.103.159.46 - - [10/Aug/2018:12:48:07 -0300] "GET /cormun/servlet/trlicencias HTTP/1.1" 200 9144
186.103.159.46 - - [10/Aug/2018:12:48:09 -0300] "GET /cormun/servlet/trlicencias HTTP/1.1" 200 9142
186.67.172.234 - - [10/Aug/2018:12:48:10 -0300] "GET /cormun/servlet/solicitudot?c6d314c079bd2f321755caf129067d3cd2fa03a6e66416f0504b087675960cfb42476172ffdcc3dcb510507aecea381e,gx-no-cache=1533916014924 HTTP/1.1" 200 30
186.103.159.46 - - [10/Aug/2018:12:48:12 -0300] "GET /cormun/servlet/licenciaspermisos?INS,0,,, HTTP/1.1" 200 7511
186.67.172.234 - - [10/Aug/2018:12:48:12 -0300] "GET /cormun/servlet/solicitudot?c6d314c079bd2f321755caf129067d3cebc8db988dd0cbf4dfd69710194d3638,gx-no-cache=1533916016777 HTTP/1.1" 200 61
186.103.159.46 - - [10/Aug/2018:12:48:14 -0300] "GET /cormun/servlet/licenciaspermisos?INS,0,,, HTTP/1.1" 200 7509
186.103.159.46 - - [10/Aug/2018:12:48:15 -0300] "GET /cormun/servlet/licenciaspermisos?2c5ff760fa48a4bcf9c1a75ca988c507c60396d4d6206df2d31efadcdfbf86b9a9b9a1a85ff1b5d60a80e84b8a376b03,gx-no-cache=1533916020874 HTTP/1.1" 200 180
186.103.159.46 - - [10/Aug/2018:12:48:16 -0300] "GET /cormun/static/Shared/jqueryui/images/ui-bg_highlight-soft_100_c6c2c8_1x100.png HTTP/1.1" 404 1117
186.103.159.46 - - [10/Aug/2018:12:48:16 -0300] "GET /cormun/static/Shared/jqueryui/images/ui-icons_82798d_256x240.png HTTP/1.1" 404 1089
186.103.159.46 - - [10/Aug/2018:12:48:16 -0300] "GET /cormun/static/Shared/jqueryui/images/ui-icons_ebccce_256x240.png HTTP/1.1" 404 1089
186.103.159.46 - - [10/Aug/2018:12:48:16 -0300] "GET /cormun/static/Shared/jqueryui/images/ui-bg_flat_55_994d53_40x100.png HTTP/1.1" 404 1097
186.67.172.234 - - [10/Aug/2018:12:48:26 -0300] "POST /cormun/servlet/solicitudot?gx-no-cache=1533916030360 HTTP/1.1" 200 240
186.103.159.46 - - [10/Aug/2018:12:48:28 -0300] "GET /cormun/servlet/licenciaspermisos?2c5ff760fa48a4bcf9c1a75ca988c5077226d36da6420d6d8973abe45a34cd5c1b64e90517d3d0762cc349ec44310074,gx-no-cache=1533916033275 HTTP/1.1" 200 101
186.67.172.234 - - [10/Aug/2018:12:48:28 -0300] "GET /cormun/servlet/solicitudot?c6d314c079bd2f321755caf129067d3ce155d6f8917ee7684cfc22e16a98038a4584c77a239827371df36d1b0e75a7236869c753d6f5af9c9028ea1acce65a78591b28e55b65040f1df92a52ce682fac739b2cf6d7ffe04d34e43e1578126ca553df7bc0ea5cc86157d28aea07f00e161cc72b8d3eb901f968f33767f27c6c0ee0bd11ff91821fc405c98bd80078d8487323ce65e2ee4a273ed96da86961ae271a25269672534418780f8128a379d7bdc708b36accb65f7f5968896bb8a1d3d32cd3bdaf0d6633d54184add610e08a999c3fcad737b984b8e94cae9bf85176473a2ce6b0497f5554ac89b2cbe32343cf4ab50d1b921294824652919ad3990d1d8f8cbf290ada0943e22cb7501f9defe983b6c7c8b5802ae58270245dfbdca4cacf56dc44eb767526992de50b7953362a1e3152a68da1653a3087932765f197744683f0e71f72c4da4c3644c01cf23df8cee390b717e681f4e629847aa0c4e9829772b72882d357eba7ae74b5426c7bb4340d3f0516875b32fb6131389557fc11,gx-no-cache=1533916032259 HTTP/1.1" 200 30
186.103.159.46 - - [10/Aug/2018:12:48:28 -0300] "POST /cormun/servlet/licenciaspermisos?328dfd2ed330704a5f158f29d916a396,INS,0,,,,gx-no-cache=1533916033460 HTTP/1.1" 200 4679
186.67.172.234 - - [10/Aug/2018:12:48:31 -0300] "POST /cormun/servlet/solicitudot?gx-no-cache=1533916035728 HTTP/1.1" 200 30
186.103.159.46 - - [10/Aug/2018:12:48:55 -0300] "GET /cormun/static/menuarrow.gif HTTP/1.1" 404 1015
186.67.172.234 - - [10/Aug/2018:12:49:10 -0300] "POST /cormun/servlet/solicitudot?gx-no-cache=1533916074773 HTTP/1.1" 200 1376
186.67.172.234 - - [10/Aug/2018:12:49:11 -0300] "GET /cormun/servlet/prlicenciaspermisos?14083819,L,,MD,,gxPopupLevel%3D0%3B HTTP/1.1" 200 5590
186.67.172.234 - - [10/Aug/2018:12:49:20 -0300] "POST /cormun/servlet/solicitudot?gx-no-cache=1533916084263 HTTP/1.1" 200 41
186.103.159.187 - - [10/Aug/2018:12:51:15 -0300] "GET /cormun/servlet/hhome HTTP/1.1" 200 3409
186.103.159.187 - - [10/Aug/2018:12:51:17 -0300] "GET /cormun/servlet/hhome HTTP/1.1" 200 3418
186.103.159.187 - - [10/Aug/2018:12:51:17 -0300] "GET /cormun/servlet/hlogin HTTP/1.1" 200 1733
186.67.172.234 - - [10/Aug/2018:12:51:20 -0300] "GET /cormun/servlet/solicitudot?c6d314c079bd2f321755caf129067d3cfa5857e55bec06e1ab9701e2def711c753b42fee4fc7bf7c47f82775bc3e289b6a35363ccdbf3696e269d231547995e11d0af9472d1890a4c0af441b5b261a2197cb6a924c67e4e43d638d34b0dbb524e58be07be5240a6775a5b8854dd1615f,gx-no-cache=1533916204345 HTTP/1.1" 200 29
186.67.172.234 - - [10/Aug/2018:12:51:20 -0300] "POST /cormun/servlet/solicitudot?gx-no-cache=1533916204428 HTTP/1.1" 200 1357
186.67.172.234 - - [10/Aug/2018:12:51:20 -0300] "POST /cormun/servlet/solicitudot?gx-no-cache=1533916204489 HTTP/1.1" 200 1258
186.103.159.187 - - [10/Aug/2018:12:51:24 -0300] "POST /cormun/servlet/hlogin?08acb4b1e864cc5512516d98331604ab,gx-no-cache=1533916250444 HTTP/1.1" 200 90
186.103.159.187 - - [10/Aug/2018:12:51:24 -0300] "GET /cormun/servlet/hpexe_link HTTP/1.1" 200 953
186.103.159.187 - - [10/Aug/2018:12:51:25 -0300] "GET /cormun/servlet/hhome HTTP/1.1" 200 3914
186.103.159.187 - - [10/Aug/2018:12:51:26 -0300] "GET /cormun/servlet/hhome HTTP/1.1" 200 3911
186.103.159.187 - - [10/Aug/2018:12:51:29 -0300] "GET /cormun/servlet/trsolicitudot? HTTP/1.1" 200 8503
186.103.159.187 - - [10/Aug/2018:12:51:30 -0300] "GET /cormun/servlet/trsolicitudot? HTTP/1.1" 200 8500
186.103.159.187 - - [10/Aug/2018:12:51:34 -0300] "GET /cormun/servlet/solicitudot?INS,0,0, HTTP/1.1" 200 13389
186.103.159.187 - - [10/Aug/2018:12:51:35 -0300] "GET /cormun/servlet/solicitudot?INS,0,0, HTTP/1.1" 200 13394
186.103.159.187 - - [10/Aug/2018:12:51:47 -0300] "POST /cormun/servlet/solicitudot?gx-no-cache=1533916272926 HTTP/1.1" 200 3308
186.103.159.187 - - [10/Aug/2018:12:51:47 -0300] "POST /cormun/servlet/solicitudot?08acb4b1e864cc5512516d98331604ab,INS,0,0,,gx-no-cache=1533916273086 HTTP/1.1" 200 10274
186.103.159.187 - - [10/Aug/2018:12:51:49 -0300] "GET /cormun/servlet/solicitudot?e18ed83767cc99d77e1d79526889072d1249c505b56d5e036659099f32586d8b08b894c493a60cc2d97466eae5f7a2ec,gx-no-cache=1533916275485 HTTP/1.1" 200 30
186.67.172.234 - - [10/Aug/2018:12:52:02 -0300] "GET /cormun/static/menuarrow.gif HTTP/1.1" 404 1015
186.67.172.234 - - [10/Aug/2018:12:52:09 -0300] "GET /cormun/servlet/prlicenciaspermisos?14083819,L,,MD,,gxPopupLevel%3D0%3B HTTP/1.1" 200 5590
186.67.172.234 - - [10/Aug/2018:12:52:22 -0300] "POST /cormun/servlet/solicitudot?gx-no-cache=1533916266751 HTTP/1.1" 200 1357
186.67.172.234 - - [10/Aug/2018:12:52:22 -0300] "POST /cormun/servlet/solicitudot?gx-no-cache=1533916266793 HTTP/1.1" 200 1258
186.67.172.234 - - [10/Aug/2018:12:52:22 -0300] "GET /cormun/servlet/solicitudot?c6d314c079bd2f321755caf129067d3c2152948766f8c328f6a0a19c107f309df67dab910fd0906d4e626483a85d5916,gx-no-cache=1533916266851 HTTP/1.1" 200 30
186.67.172.234 - - [10/Aug/2018:12:52:22 -0300] "POST /cormun/servlet/solicitudot?gx-no-cache=1533916266886 HTTP/1.1" 200 34
186.67.172.234 - - [10/Aug/2018:12:52:23 -0300] "POST /cormun/servlet/solicitudot?8984633d2f74e7d9df02c9ebc57b7f9b,INS,0,0,,gx-no-cache=1533916266940 HTTP/1.1" 200 93
186.67.172.234 - - [10/Aug/2018:12:52:23 -0300] "GET /cormun/servlet/hpexe_return? HTTP/1.1" 200 1009
186.67.172.234 - - [10/Aug/2018:12:52:23 -0300] "GET /cormun/servlet/trsolicitudot HTTP/1.1" 200 8930
186.67.172.234 - - [10/Aug/2018:12:52:23 -0300] "GET /cormun/servlet/trsolicitudot HTTP/1.1" 200 8926
186.67.172.234 - - [10/Aug/2018:12:52:25 -0300] "GET /cormun/servlet/solicitudot?INS,0,0, HTTP/1.1" 200 13713
186.67.172.234 - - [10/Aug/2018:12:52:26 -0300] "GET /cormun/servlet/solicitudot?INS,0,0, HTTP/1.1" 200 13718
186.67.172.234 - - [10/Aug/2018:12:52:38 -0300] "POST /cormun/servlet/solicitudot?gx-no-cache=1533916282102 HTTP/1.1" 200 3308
186.67.172.234 - - [10/Aug/2018:12:52:38 -0300] "POST /cormun/servlet/solicitudot?8984633d2f74e7d9df02c9ebc57b7f9b,INS,0,0,,gx-no-cache=1533916282212 HTTP/1.1" 200 10466
186.67.172.234 - - [10/Aug/2018:12:52:39 -0300] "GET /cormun/servlet/solicitudot?c6d314c079bd2f321755caf129067d3c5fa0b2155e3c554720f79f94411fb679882aa9b2a6990bf11c3d1cdb32757fb0,gx-no-cache=1533916283879 HTTP/1.1" 200 30
200.54.247.70 - - [10/Aug/2018:12:53:00 -0300] "POST /cormun/servlet/trsolicitudot?9e8a5563a1f2e07c625259bdac87b106,,gx-no-cache=1533916306960 HTTP/1.1" 440 972
200.54.247.70 - - [10/Aug/2018:12:53:02 -0300] "GET /cormun/servlet/trsolicitudot? HTTP/1.1" 200 7836
200.54.247.70 - - [10/Aug/2018:12:53:02 -0300] "GET /cormun/servlet/hlogin HTTP/1.1" 200 1730
200.54.247.70 - - [10/Aug/2018:12:53:02 -0300] "GET /cormun/servlet/trsolicitudot? HTTP/1.1" 200 7836
186.103.159.187 - - [10/Aug/2018:12:53:28 -0300] "GET /cormun/servlet/solicitudot?e18ed83767cc99d77e1d79526889072d550bf4c42255923c59967763f5824ad9c46089be0b056d01a0fad8dc4d77a3375cb7e7cc9bc79859aad8563fd84b2098,gx-no-cache=1533916373773 HTTP/1.1" 200 30
186.103.159.187 - - [10/Aug/2018:12:53:31 -0300] "GET /cormun/servlet/prbanco?,MD,,gxPopupLevel%3D0%3B HTTP/1.1" 200 6543
200.54.247.70 - - [10/Aug/2018:12:53:34 -0300] "POST /cormun/servlet/hlogin?4d73a5ec999103fc1185c4f0e4fb5ebb,gx-no-cache=1533916340647 HTTP/1.1" 200 90
200.54.247.70 - - [10/Aug/2018:12:53:34 -0300] "GET /cormun/servlet/hpexe_link HTTP/1.1" 200 949
200.54.247.70 - - [10/Aug/2018:12:53:34 -0300] "GET /cormun/servlet/trsolicitudot HTTP/1.1" 200 7266
186.67.172.234 - - [10/Aug/2018:12:53:35 -0300] "GET /cormun/servlet/prbanco?,MD,,gxPopupLevel%3D0%3B HTTP/1.1" 200 6691
200.54.247.70 - - [10/Aug/2018:12:53:35 -0300] "GET /cormun/servlet/trsolicitudot HTTP/1.1" 200 7264
186.103.159.187 - - [10/Aug/2018:12:53:38 -0300] "GET /cormun/servlet/solicitudot?e18ed83767cc99d77e1d79526889072d28f75569021de393f3958cb231a8d8e3,gx-no-cache=1533916384386 HTTP/1.1" 200 51
186.67.172.234 - - [10/Aug/2018:12:53:39 -0300] "GET /cormun/servlet/solicitudot?c6d314c079bd2f321755caf129067d3cd2fa03a6e66416f0504b087675960cfb42476172ffdcc3dcb510507aecea381e,gx-no-cache=1533916343782 HTTP/1.1" 200 30
200.54.247.70 - - [10/Aug/2018:12:53:41 -0300] "GET /cormun/servlet/trlicencias? HTTP/1.1" 200 14708
186.67.172.234 - - [10/Aug/2018:12:53:41 -0300] "GET /cormun/servlet/solicitudot?c6d314c079bd2f321755caf129067d3cebc8db988dd0cbf4dfd69710194d3638,gx-no-cache=1533916345015 HTTP/1.1" 200 61
200.54.247.70 - - [10/Aug/2018:12:53:41 -0300] "GET /cormun/servlet/trlicencias? HTTP/1.1" 200 14703
186.103.159.187 - - [10/Aug/2018:12:53:44 -0300] "POST /cormun/servlet/solicitudot?gx-no-cache=1533916390459 HTTP/1.1" 200 297
186.103.159.187 - - [10/Aug/2018:12:53:44 -0300] "GET /cormun/servlet/solicitudot?e18ed83767cc99d77e1d79526889072da197f68539301adf794c46eee85fcce003855c8f1028807e952f882205c1ca0b170a9de40a7353cd94e123b18ddbbc79fc2389627030b397f36d025e51ed26628f0ca1659f2c20639439425e7b945642946efc85a8565a5133ddcdcd07cf9c71233b565dc3f5e4faed2ec995fb37da8cd304ca5711b7d07fe6498d0b6d0fefa9910bd81b7aa4d558453b6c23e643126be737e22f04ffe3e6f1425d923730c6418767188405da61436a79244bd1e884852dfcacaa593aa59c0b1a88b6c5f0f81798faa42918f52e366bfb6ae8ab2096309cbc989ad05c7333b1b6b7f3f93ba5bf4423d4d9b321e1495263bc356c3c988821f8da2429e433044f909fba476d42aa6b60b2c8478503309cdb9f07c0ae5a08f42c96a1a62f69d61b51cdce66afb7e7eca1b94437314280337359e02dab1950e198608c6eab5c810d90e0017def51993b60896753e39b9ca8aacb48b3969b976d1879185beb05bdaec03d0cf7871f6023ee4a1ce07b1182969d77cc0723a464a0aaa3a8580700b8a3f56b37a21260e7,gx-no-cache=1533916390514 HTTP/1.1" 200 30
186.103.159.187 - - [10/Aug/2018:12:53:52 -0300] "POST /cormun/servlet/solicitudot?gx-no-cache=1533916397707 HTTP/1.1" 200 30
186.67.172.234 - - [10/Aug/2018:12:53:53 -0300] "POST /cormun/servlet/solicitudot?gx-no-cache=1533916357909 HTTP/1.1" 200 240
186.103.159.187 - - [10/Aug/2018:12:53:54 -0300] "POST /cormun/servlet/solicitudot?gx-no-cache=1533916400202 HTTP/1.1" 200 1374
200.54.247.70 - - [10/Aug/2018:12:53:54 -0300] "GET /cormun/servlet/trsolicitudot? HTTP/1.1" 200 7264
186.103.159.187 - - [10/Aug/2018:12:53:54 -0300] "POST /cormun/servlet/solicitudot?gx-no-cache=1533916400297 HTTP/1.1" 200 38
200.54.247.70 - - [10/Aug/2018:12:53:55 -0300] "GET /cormun/servlet/trsolicitudot? HTTP/1.1" 200 7264
186.67.172.234 - - [10/Aug/2018:12:53:55 -0300] "GET /cormun/servlet/solicitudot?c6d314c079bd2f321755caf129067d3ce155d6f8917ee7684cfc22e16a98038a4584c77a239827371df36d1b0e75a7236869c753d6f5af9c9028ea1acce65a78591b28e55b65040f1df92a52ce682fac739b2cf6d7ffe04d34e43e1578126ca553df7bc0ea5cc86157d28aea07f00e161cc72b8d3eb901f968f33767f27c6c0ee0bd11ff91821fc405c98bd80078d8487323ce65e2ee4a273ed96da86961ae271a25269672534418780f8128a379d7bdc708b36accb65f7f5968896bb8a1d3d32cd3bdaf0d6633d54184add610e08a999c3fcad737b984b8e94cae9bf85176473a2ce6b0497f5554ac89b2cbe32343cf4ab50d1b921294824652919ad3990d1d8f8cbf290ada0943e22cb7501f9defe983b6c7c8b5802ae58270245dfbdca4cacf56dc44eb767526992de50b7953362a1e3152a68da1653a3087932765f197744683f0e71f72c4da4c3644c01cf23df8cee390b717e681f4e629847aa0c4e9829772b72882d357eba7ae74b5426c7bb4340d3f0516875b32fb6131389557fc11,gx-no-cache=1533916359512 HTTP/1.1" 200 30
200.54.247.70 - - [10/Aug/2018:12:54:00 -0300] "POST /cormun/servlet/trsolicitudot?4d73a5ec999103fc1185c4f0e4fb5ebb,,gx-no-cache=1533916366434 HTTP/1.1" 200 9939
186.67.172.234 - - [10/Aug/2018:12:54:02 -0300] "POST /cormun/servlet/solicitudot?gx-no-cache=1533916366118 HTTP/1.1" 200 30
186.103.159.46 - - [10/Aug/2018:12:54:08 -0300] "GET /cormun/servlet/licenciaspermisos?2c5ff760fa48a4bcf9c1a75ca988c507ea8202d89e972761b2239b74ac6dc05b2b6d794a5fedecfdf3586e0353e1ad935330505cb46ddc58992a4a25aa91dd29b758160fae0ced2adb1498f948d0d9f72bd854ff8d7bc372a5e00d817e8390797799d8e4bb16ad1d23ee6f80e23ce05ef3d826409ba34b731d8b08083dd98197deefc8a400c485422957493c0f1e0babe524cfe13403d1ff82524b09e690497832f50332f4b0dcd6649a7d8ef3cdf4e4,gx-no-cache=1533916373668 HTTP/1.1" 200 30
186.103.159.46 - - [10/Aug/2018:12:54:08 -0300] "GET /cormun/servlet/licenciaspermisos?2c5ff760fa48a4bcf9c1a75ca988c507ee4c7d5e79abaa86d697e0d4b6ced2d15a4967635e2e52c002fe878cc2c40001c43f2280f46dd5b5d3a4f523e7d94281da407ec9c2e4910842939594aae32ce12fb2863a7627ab484aa092d4d7ce6e3d85bfeba878d68bcbf68e6e7718e256cf4311d81ef2cbdd269a9e216c6301645dc38554f750f2a9923fb2e9eb82edb4f6be56c70146c4d6cd8032dc2d7b023c4ee1c7c0bd92d9dfcb542b4a10a500c851,gx-no-cache=1533916373758 HTTP/1.1" 200 29
186.103.159.46 - - [10/Aug/2018:12:54:09 -0300] "POST /cormun/servlet/licenciaspermisos?328dfd2ed330704a5f158f29d916a396,INS,0,,,,gx-no-cache=1533916373828 HTTP/1.1" 200 93
186.103.159.46 - - [10/Aug/2018:12:54:09 -0300] "GET /cormun/servlet/hpexe_return? HTTP/1.1" 200 1009
186.103.159.46 - - [10/Aug/2018:12:54:09 -0300] "GET /cormun/servlet/trlicencias HTTP/1.1" 200 9535
186.103.159.46 - - [10/Aug/2018:12:54:11 -0300] "GET /cormun/servlet/trlicencias HTTP/1.1" 200 9530
186.103.159.46 - - [10/Aug/2018:12:54:14 -0300] "GET /cormun/servlet/alicenciaprn?16621149,L,20180810000000,PU HTTP/1.1" 200 1539
186.67.172.234 - - [10/Aug/2018:12:54:42 -0300] "GET /cormun/servlet/prlicenciaspermisos?14083819,L,,MD,,gxPopupLevel%3D0%3B HTTP/1.1" 200 5590
186.67.172.234 - - [10/Aug/2018:12:54:47 -0300] "POST /cormun/servlet/solicitudot?gx-no-cache=1533916411926 HTTP/1.1" 200 1376
186.67.172.234 - - [10/Aug/2018:12:56:05 -0300] "POST /cormun/servlet/solicitudot?gx-no-cache=1533916489063 HTTP/1.1" 200 41
186.103.159.187 - - [10/Aug/2018:12:56:10 -0300] "GET /cormun/servlet/solicitudot?e18ed83767cc99d77e1d79526889072db070408d5c250d75521cd53331b427e57ac69cee3b15083b5c1a62da6bbc926c6a3f73298f501c7f12a740c1d835cea1db36883dd49936982fba4b64c0325f91a85b978c93de4b33385f2e2bafdcf0d14b214c2f3dc007fd88c8d3885d97a199,gx-no-cache=1533916535629 HTTP/1.1" 200 29
186.103.159.187 - - [10/Aug/2018:12:56:10 -0300] "POST /cormun/servlet/solicitudot?gx-no-cache=1533916535683 HTTP/1.1" 200 1357
186.103.159.187 - - [10/Aug/2018:12:56:10 -0300] "POST /cormun/servlet/solicitudot?gx-no-cache=1533916535767 HTTP/1.1" 200 1254
186.103.159.187 - - [10/Aug/2018:12:56:16 -0300] "GET /cormun/servlet/solicitudot?e18ed83767cc99d77e1d79526889072dbea4208532f839fb5088621f2502527f,gx-no-cache=1533916542126 HTTP/1.1" 200 30
186.103.159.187 - - [10/Aug/2018:12:56:16 -0300] "POST /cormun/servlet/solicitudot?gx-no-cache=1533916542179 HTTP/1.1" 200 30
186.67.172.234 - - [10/Aug/2018:12:56:24 -0300] "GET /cormun/servlet/solicitudot?c6d314c079bd2f321755caf129067d3cfa5857e55bec06e1ab9701e2def711c753b42fee4fc7bf7c47f82775bc3e289b6a35363ccdbf3696e269d231547995e11d0af9472d1890a4c0af441b5b261a2197cb6a924c67e4e43d638d34b0dbb524e58be07be5240a6775a5b8854dd1615f,gx-no-cache=1533916508946 HTTP/1.1" 200 29
186.67.172.234 - - [10/Aug/2018:12:56:25 -0300] "POST /cormun/servlet/solicitudot?gx-no-cache=1533916509010 HTTP/1.1" 200 1359
186.67.172.234 - - [10/Aug/2018:12:56:25 -0300] "POST /cormun/servlet/solicitudot?gx-no-cache=1533916509065 HTTP/1.1" 200 1258
186.67.172.234 - - [10/Aug/2018:12:56:36 -0300] "GET /cormun/static/menuarrow.gif HTTP/1.1" 404 1015
186.67.172.234 - - [10/Aug/2018:12:56:38 -0300] "GET /cormun/servlet/solicitudot?c6d314c079bd2f321755caf129067d3c2152948766f8c328f6a0a19c107f309df67dab910fd0906d4e626483a85d5916,gx-no-cache=1533916522644 HTTP/1.1" 200 30
186.67.172.234 - - [10/Aug/2018:12:56:38 -0300] "POST /cormun/servlet/solicitudot?gx-no-cache=1533916522691 HTTP/1.1" 200 34
186.103.159.187 - - [10/Aug/2018:12:56:44 -0300] "GET /cormun/static/menuarrow.gif HTTP/1.1" 404 1015
186.103.159.187 - - [10/Aug/2018:12:56:48 -0300] "GET /cormun/servlet/solicitudot?e18ed83767cc99d77e1d79526889072de6c905d1b8a0c440a47c19870f0dbba6d40a563db8f96ebd7e5968877ebbec83,gx-no-cache=1533916574186 HTTP/1.1" 200 30
186.67.172.234 - - [10/Aug/2018:12:56:49 -0300] "POST /cormun/servlet/solicitudot?8984633d2f74e7d9df02c9ebc57b7f9b,INS,0,0,,gx-no-cache=1533916533081 HTTP/1.1" 200 93
186.67.172.234 - - [10/Aug/2018:12:56:49 -0300] "GET /cormun/servlet/hpexe_return? HTTP/1.1" 200 1009
186.67.172.234 - - [10/Aug/2018:12:56:49 -0300] "GET /cormun/servlet/trsolicitudot HTTP/1.1" 200 9227
186.67.172.234 - - [10/Aug/2018:12:56:49 -0300] "GET /cormun/servlet/trsolicitudot HTTP/1.1" 200 9224
201.215.248.160 - - [10/Aug/2018:12:57:24 -0300] "GET /cormun/servlet/trlicencias? HTTP/1.1" 200 10712
186.67.172.234 - - [10/Aug/2018:12:57:25 -0300] "POST /cormun/servlet/trsolicitudot?8984633d2f74e7d9df02c9ebc57b7f9b,gx-no-cache=1533916569518 HTTP/1.1" 200 106
186.67.172.234 - - [10/Aug/2018:12:57:25 -0300] "GET /cormun/servlet/trsolicitudadjuntos?2018,12021, HTTP/1.1" 200 6350
186.67.172.234 - - [10/Aug/2018:12:57:25 -0300] "GET /cormun/static/gxcfg.js?20177612135366 HTTP/1.1" 200 953
186.67.172.234 - - [10/Aug/2018:12:57:25 -0300] "GET /cormun/static/trsolicitudadjuntos.js?20177612135632 HTTP/1.1" 200 17922
186.67.172.234 - - [10/Aug/2018:12:57:25 -0300] "GET /cormun/servlet/trsolicitudadjuntos?2018,12021, HTTP/1.1" 200 6350
201.215.248.160 - - [10/Aug/2018:12:57:26 -0300] "GET /cormun/servlet/trlicencias? HTTP/1.1" 200 10710
186.67.172.234 - - [10/Aug/2018:12:57:28 -0300] "GET /cormun/servlet/solicitudotadjuntos?INS,2018,12021,,1, HTTP/1.1" 200 6290
186.67.172.234 - - [10/Aug/2018:12:57:28 -0300] "GET /cormun/static/gxcfg.js?2017761244068 HTTP/1.1" 200 953
186.67.172.234 - - [10/Aug/2018:12:57:28 -0300] "GET /cormun/static/solicitudotadjuntos.js?2017761244086 HTTP/1.1" 200 11771
186.67.172.234 - - [10/Aug/2018:12:57:28 -0300] "GET /cormun/static/about:blank HTTP/1.1" 404 1011
186.67.172.234 - - [10/Aug/2018:12:57:28 -0300] "GET /cormun/servlet/solicitudotadjuntos?INS,2018,12021,,1, HTTP/1.1" 200 6284
186.67.172.234 - - [10/Aug/2018:12:57:29 -0300] "GET /cormun/servlet/solicitudotadjuntos?c6d314c079bd2f321755caf129067d3ca3f8789b2d83a590e4185d30b771e3b4339e33c7f3e68d0e1051df5cf4eada65,gx-no-cache=1533916573381 HTTP/1.1" 200 30
186.67.172.234 - - [10/Aug/2018:12:57:29 -0300] "POST /cormun/servlet/solicitudotadjuntos?8984633d2f74e7d9df02c9ebc57b7f9b,INS,2018,12021,,1,,gx-no-cache=1533916573422 HTTP/1.1" 200 4025
201.215.248.160 - - [10/Aug/2018:12:57:31 -0300] "POST /cormun/servlet/trlicencias?93f7b37292b8fec8f8cb010233182318,,gx-no-cache=1533916783872 HTTP/1.1" 200 8167
201.215.248.160 - - [10/Aug/2018:12:57:31 -0300] "GET /cormun/static/Shared/jqueryui/images/ui-bg_highlight-soft_100_c6c2c8_1x100.png HTTP/1.1" 404 1117
201.215.248.160 - - [10/Aug/2018:12:57:31 -0300] "GET /cormun/static/Shared/jqueryui/images/ui-icons_82798d_256x240.png HTTP/1.1" 404 1089
201.215.248.160 - - [10/Aug/2018:12:57:31 -0300] "GET /cormun/static/Shared/jqueryui/images/ui-bg_flat_55_fafafa_40x100.png HTTP/1.1" 404 1097
201.215.248.160 - - [10/Aug/2018:12:57:31 -0300] "GET /cormun/static/Shared/jqueryui/images/ui-icons_8d78a5_256x240.png HTTP/1.1" 404 1089
186.67.172.234 - - [10/Aug/2018:12:57:31 -0300] "POST /cormun/servlet/solicitudotadjuntos?gx-no-cache=1533916575770 HTTP/1.1" 200 26
186.67.172.234 - - [10/Aug/2018:12:57:31 -0300] "GET /cormun/servlet/solicitudotadjuntos?c6d314c079bd2f321755caf129067d3ca37c9198935bbf65b6b8b412ba58b3af,gx-no-cache=1533916575784 HTTP/1.1" 200 30
186.67.172.234 - - [10/Aug/2018:12:57:31 -0300] "GET /cormun/servlet/solicitudotadjuntos?c6d314c079bd2f321755caf129067d3ca37c9198935bbf65b6b8b412ba58b3af,gx-no-cache=1533916575795 HTTP/1.1" 200 30
186.67.172.234 - - [10/Aug/2018:12:57:31 -0300] "POST /cormun/servlet/solicitudotadjuntos?8984633d2f74e7d9df02c9ebc57b7f9b,INS,2018,12021,,1,,gx-no-cache=1533916575806 HTTP/1.1" 200 93
186.67.172.234 - - [10/Aug/2018:12:57:31 -0300] "GET /cormun/servlet/hpexe_return? HTTP/1.1" 200 1029
186.67.172.234 - - [10/Aug/2018:12:57:31 -0300] "GET /cormun/servlet/trsolicitudadjuntos?2018,12021, HTTP/1.1" 200 8775
186.67.172.234 - - [10/Aug/2018:12:57:32 -0300] "GET /cormun/servlet/trsolicitudadjuntos?2018,12021, HTTP/1.1" 200 8774
186.67.172.234 - - [10/Aug/2018:12:57:34 -0300] "GET /cormun/servlet/solicitudotadjuntos?DLT,2018,12021,CARNET,0, HTTP/1.1" 200 6165
186.67.172.234 - - [10/Aug/2018:12:57:34 -0300] "GET /cormun/static/about:blank HTTP/1.1" 404 1011
186.67.172.234 - - [10/Aug/2018:12:57:34 -0300] "GET /cormun/static/Shared/jqueryui/images/ui-icons_82798d_256x240.png HTTP/1.1" 404 1089
186.67.172.234 - - [10/Aug/2018:12:57:34 -0300] "GET /cormun/static/Shared/jqueryui/images/ui-bg_highlight-soft_100_c6c2c8_1x100.png HTTP/1.1" 404 1117
186.67.172.234 - - [10/Aug/2018:12:57:34 -0300] "GET /cormun/static/Shared/jqueryui/images/ui-bg_flat_55_fafafa_40x100.png HTTP/1.1" 404 1097
186.67.172.234 - - [10/Aug/2018:12:57:34 -0300] "GET /cormun/static/Shared/jqueryui/images/ui-icons_8d78a5_256x240.png HTTP/1.1" 404 1089
186.67.172.234 - - [10/Aug/2018:12:57:34 -0300] "GET /cormun/servlet/solicitudotadjuntos?DLT,2018,12021,CARNET,0, HTTP/1.1" 200 6158
186.103.159.46 - - [10/Aug/2018:12:57:35 -0300] "GET /cormun/servlet/trlicenciaspermisosadjuntos?16621149,20180810000000,L, HTTP/1.1" 200 6334
186.67.172.234 - - [10/Aug/2018:12:57:36 -0300] "POST /cormun/servlet/solicitudotadjuntos?8984633d2f74e7d9df02c9ebc57b7f9b,DLT,2018,12021,CARNET,0,,gx-no-cache=1533916580266 HTTP/1.1" 200 93
186.67.172.234 - - [10/Aug/2018:12:57:36 -0300] "GET /cormun/servlet/hpexe_return? HTTP/1.1" 200 1035
186.67.172.234 - - [10/Aug/2018:12:57:36 -0300] "GET /cormun/servlet/trsolicitudadjuntos?2018,12021, HTTP/1.1" 200 6353
186.67.172.234 - - [10/Aug/2018:12:57:36 -0300] "GET /cormun/servlet/trsolicitudadjuntos?2018,12021, HTTP/1.1" 200 6350
186.103.159.46 - - [10/Aug/2018:12:57:36 -0300] "GET /cormun/servlet/trlicenciaspermisosadjuntos?16621149,20180810000000,L, HTTP/1.1" 200 6334
186.103.159.46 - - [10/Aug/2018:12:57:38 -0300] "GET /cormun/servlet/licenciaspermisosadjuntos?INS,16621149,L,20180810000000,, HTTP/1.1" 200 5628
186.103.159.46 - - [10/Aug/2018:12:57:38 -0300] "GET /cormun/static/about:blank HTTP/1.1" 404 1011
186.103.159.46 - - [10/Aug/2018:12:57:40 -0300] "GET /cormun/servlet/licenciaspermisosadjuntos?INS,16621149,L,20180810000000,, HTTP/1.1" 200 5621
186.67.172.234 - - [10/Aug/2018:12:57:40 -0300] "GET /cormun/servlet/solicitudotadjuntos?INS,2018,12021,,1, HTTP/1.1" 200 6289
186.67.172.234 - - [10/Aug/2018:12:57:40 -0300] "GET /cormun/static/about:blank HTTP/1.1" 404 1011
186.67.172.234 - - [10/Aug/2018:12:57:40 -0300] "GET /cormun/servlet/solicitudotadjuntos?INS,2018,12021,,1, HTTP/1.1" 200 6283
186.67.172.234 - - [10/Aug/2018:12:57:41 -0300] "GET /cormun/servlet/solicitudotadjuntos?c6d314c079bd2f321755caf129067d3ca3f8789b2d83a590e4185d30b771e3b4339e33c7f3e68d0e1051df5cf4eada65,gx-no-cache=1533916585239 HTTP/1.1" 200 30
186.67.172.234 - - [10/Aug/2018:12:57:41 -0300] "POST /cormun/servlet/solicitudotadjuntos?8984633d2f74e7d9df02c9ebc57b7f9b,INS,2018,12021,,1,,gx-no-cache=1533916585285 HTTP/1.1" 200 4024
186.67.172.234 - - [10/Aug/2018:12:57:43 -0300] "POST /cormun/servlet/solicitudotadjuntos?gx-no-cache=1533916587003 HTTP/1.1" 200 26
186.67.172.234 - - [10/Aug/2018:12:57:48 -0300] "GET /cormun/servlet/solicitudotadjuntos?c6d314c079bd2f321755caf129067d3ca37c9198935bbf65b6b8b412ba58b3af,gx-no-cache=1533916592968 HTTP/1.1" 200 30
186.67.172.234 - - [10/Aug/2018:12:57:48 -0300] "GET /cormun/servlet/solicitudotadjuntos?c6d314c079bd2f321755caf129067d3ca37c9198935bbf65b6b8b412ba58b3af,gx-no-cache=1533916592981 HTTP/1.1" 200 30
186.67.172.234 - - [10/Aug/2018:12:57:49 -0300] "POST /cormun/servlet/solicitudotadjuntos?8984633d2f74e7d9df02c9ebc57b7f9b,INS,2018,12021,,1, HTTP/1.1" 200 116
186.67.172.234 - - [10/Aug/2018:12:57:49 -0300] "GET /cormun/servlet/hpexe_return? HTTP/1.1" 200 1029
186.67.172.234 - - [10/Aug/2018:12:57:49 -0300] "GET /cormun/servlet/trsolicitudadjuntos?2018,12021, HTTP/1.1" 200 8892
186.67.172.234 - - [10/Aug/2018:12:57:50 -0300] "GET /cormun/servlet/trsolicitudadjuntos?2018,12021, HTTP/1.1" 200 8891
186.67.172.234 - - [10/Aug/2018:12:57:51 -0300] "GET /cormun/servlet/solicitudotadjuntos?INS,2018,12021,,1, HTTP/1.1" 200 6289
186.67.172.234 - - [10/Aug/2018:12:57:52 -0300] "GET /cormun/static/about:blank HTTP/1.1" 404 1011
186.67.172.234 - - [10/Aug/2018:12:57:52 -0300] "GET /cormun/servlet/solicitudotadjuntos?INS,2018,12021,,1, HTTP/1.1" 200 6283
186.67.172.234 - - [10/Aug/2018:12:57:52 -0300] "GET /cormun/servlet/solicitudotadjuntos?c6d314c079bd2f321755caf129067d3ca3f8789b2d83a590e4185d30b771e3b4339e33c7f3e68d0e1051df5cf4eada65,gx-no-cache=1533916596601 HTTP/1.1" 200 30
186.67.172.234 - - [10/Aug/2018:12:57:52 -0300] "POST /cormun/servlet/solicitudotadjuntos?8984633d2f74e7d9df02c9ebc57b7f9b,INS,2018,12021,,1,,gx-no-cache=1533916596626 HTTP/1.1" 200 4024
186.67.172.234 - - [10/Aug/2018:12:57:54 -0300] "POST /cormun/servlet/solicitudotadjuntos?gx-no-cache=1533916598968 HTTP/1.1" 200 26
186.67.172.234 - - [10/Aug/2018:12:58:00 -0300] "GET /cormun/servlet/solicitudotadjuntos?c6d314c079bd2f321755caf129067d3ca37c9198935bbf65b6b8b412ba58b3af,gx-no-cache=1533916604842 HTTP/1.1" 200 30
186.67.172.234 - - [10/Aug/2018:12:58:00 -0300] "GET /cormun/servlet/solicitudotadjuntos?c6d314c079bd2f321755caf129067d3ca37c9198935bbf65b6b8b412ba58b3af,gx-no-cache=1533916604852 HTTP/1.1" 200 30
186.67.172.234 - - [10/Aug/2018:12:58:01 -0300] "POST /cormun/servlet/solicitudotadjuntos?8984633d2f74e7d9df02c9ebc57b7f9b,INS,2018,12021,,1, HTTP/1.1" 200 116
186.67.172.234 - - [10/Aug/2018:12:58:01 -0300] "GET /cormun/servlet/hpexe_return? HTTP/1.1" 200 1029
186.67.172.234 - - [10/Aug/2018:12:58:02 -0300] "GET /cormun/servlet/trsolicitudadjuntos?2018,12021, HTTP/1.1" 200 9106
186.67.172.234 - - [10/Aug/2018:12:58:02 -0300] "GET /cormun/servlet/trsolicitudadjuntos?2018,12021, HTTP/1.1" 200 9106
186.103.159.46 - - [10/Aug/2018:12:58:04 -0300] "POST /cormun/servlet/licenciaspermisosadjuntos?328dfd2ed330704a5f158f29d916a396,INS,16621149,L,20180810000000,, HTTP/1.1" 200 116
186.103.159.46 - - [10/Aug/2018:12:58:04 -0300] "GET /cormun/servlet/hpexe_return? HTTP/1.1" 200 1038
186.103.159.46 - - [10/Aug/2018:12:58:04 -0300] "GET /cormun/servlet/trlicenciaspermisosadjuntos?16621149,20180810000000,L, HTTP/1.1" 200 6842
186.103.159.46 - - [10/Aug/2018:12:58:06 -0300] "GET /cormun/servlet/trlicenciaspermisosadjuntos?16621149,20180810000000,L, HTTP/1.1" 200 6838
186.67.172.234 - - [10/Aug/2018:12:58:08 -0300] "GET /cormun/servlet/solicitudotadjuntos?INS,2018,12021,,1, HTTP/1.1" 200 6289
186.67.172.234 - - [10/Aug/2018:12:58:08 -0300] "GET /cormun/static/about:blank HTTP/1.1" 404 1011
186.67.172.234 - - [10/Aug/2018:12:58:08 -0300] "GET /cormun/servlet/solicitudotadjuntos?INS,2018,12021,,1, HTTP/1.1" 200 6283
186.103.159.46 - - [10/Aug/2018:12:58:08 -0300] "GET /cormun/servlet/licenciaspermisosadjuntos?INS,16621149,L,20180810000000,, HTTP/1.1" 200 5630
186.67.172.234 - - [10/Aug/2018:12:58:08 -0300] "GET /cormun/servlet/solicitudotadjuntos?c6d314c079bd2f321755caf129067d3ca3f8789b2d83a590e4185d30b771e3b4339e33c7f3e68d0e1051df5cf4eada65,gx-no-cache=1533916612821 HTTP/1.1" 200 30
186.67.172.234 - - [10/Aug/2018:12:58:08 -0300] "POST /cormun/servlet/solicitudotadjuntos?8984633d2f74e7d9df02c9ebc57b7f9b,INS,2018,12021,,1,,gx-no-cache=1533916612846 HTTP/1.1" 200 4024
186.103.159.46 - - [10/Aug/2018:12:58:08 -0300] "GET /cormun/static/about:blank HTTP/1.1" 404 1011
186.103.159.46 - - [10/Aug/2018:12:58:09 -0300] "GET /cormun/servlet/licenciaspermisosadjuntos?INS,16621149,L,20180810000000,, HTTP/1.1" 200 5620
186.67.172.234 - - [10/Aug/2018:12:58:11 -0300] "POST /cormun/servlet/solicitudotadjuntos?gx-no-cache=1533916615456 HTTP/1.1" 200 26
186.67.172.234 - - [10/Aug/2018:12:58:17 -0300] "GET /cormun/servlet/solicitudotadjuntos?c6d314c079bd2f321755caf129067d3ca37c9198935bbf65b6b8b412ba58b3af,gx-no-cache=1533916621448 HTTP/1.1" 200 30
186.67.172.234 - - [10/Aug/2018:12:58:17 -0300] "GET /cormun/servlet/solicitudotadjuntos?c6d314c079bd2f321755caf129067d3ca37c9198935bbf65b6b8b412ba58b3af,gx-no-cache=1533916621499 HTTP/1.1" 200 30
186.67.172.234 - - [10/Aug/2018:12:58:18 -0300] "POST /cormun/servlet/solicitudotadjuntos?8984633d2f74e7d9df02c9ebc57b7f9b,INS,2018,12021,,1, HTTP/1.1" 200 116
186.67.172.234 - - [10/Aug/2018:12:58:18 -0300] "GET /cormun/servlet/hpexe_return? HTTP/1.1" 200 1029
186.103.159.46 - - [10/Aug/2018:12:58:18 -0300] "POST /cormun/servlet/licenciaspermisosadjuntos?328dfd2ed330704a5f158f29d916a396,INS,16621149,L,20180810000000,, HTTP/1.1" 200 116
186.103.159.46 - - [10/Aug/2018:12:58:18 -0300] "GET /cormun/servlet/hpexe_return? HTTP/1.1" 200 1038
186.67.172.234 - - [10/Aug/2018:12:58:18 -0300] "GET /cormun/servlet/trsolicitudadjuntos?2018,12021, HTTP/1.1" 200 9270
186.103.159.46 - - [10/Aug/2018:12:58:19 -0300] "GET /cormun/servlet/trlicenciaspermisosadjuntos?16621149,20180810000000,L, HTTP/1.1" 200 6971
186.67.172.234 - - [10/Aug/2018:12:58:19 -0300] "GET /cormun/servlet/trsolicitudadjuntos?2018,12021, HTTP/1.1" 200 9268
186.103.159.46 - - [10/Aug/2018:12:58:20 -0300] "GET /cormun/servlet/trlicenciaspermisosadjuntos?16621149,20180810000000,L, HTTP/1.1" 200 6968
186.67.172.234 - - [10/Aug/2018:12:58:22 -0300] "GET /cormun/servlet/solicitudotadjuntos?INS,2018,12021,,1, HTTP/1.1" 200 6289
186.67.172.234 - - [10/Aug/2018:12:58:22 -0300] "GET /cormun/static/about:blank HTTP/1.1" 404 1011
186.67.172.234 - - [10/Aug/2018:12:58:22 -0300] "GET /cormun/servlet/solicitudotadjuntos?INS,2018,12021,,1, HTTP/1.1" 200 6283
186.67.172.234 - - [10/Aug/2018:12:58:23 -0300] "GET /cormun/servlet/solicitudotadjuntos?c6d314c079bd2f321755caf129067d3ca3f8789b2d83a590e4185d30b771e3b4339e33c7f3e68d0e1051df5cf4eada65,gx-no-cache=1533916627136 HTTP/1.1" 200 30
186.67.172.234 - - [10/Aug/2018:12:58:23 -0300] "POST /cormun/servlet/solicitudotadjuntos?8984633d2f74e7d9df02c9ebc57b7f9b,INS,2018,12021,,1,,gx-no-cache=1533916627201 HTTP/1.1" 200 4024
186.67.172.234 - - [10/Aug/2018:12:58:25 -0300] "POST /cormun/servlet/solicitudotadjuntos?gx-no-cache=1533916629620 HTTP/1.1" 200 26
186.103.159.46 - - [10/Aug/2018:12:58:29 -0300] "GET /cormun/servlet/trlicencias? HTTP/1.1" 200 9531
186.67.172.234 - - [10/Aug/2018:12:58:30 -0300] "GET /cormun/servlet/solicitudotadjuntos?c6d314c079bd2f321755caf129067d3ca37c9198935bbf65b6b8b412ba58b3af,gx-no-cache=1533916634534 HTTP/1.1" 200 30
186.67.172.234 - - [10/Aug/2018:12:58:30 -0300] "GET /cormun/servlet/solicitudotadjuntos?c6d314c079bd2f321755caf129067d3ca37c9198935bbf65b6b8b412ba58b3af,gx-no-cache=1533916634630 HTTP/1.1" 200 30
186.103.159.46 - - [10/Aug/2018:12:58:31 -0300] "GET /cormun/servlet/trlicencias? HTTP/1.1" 200 9530
186.67.172.234 - - [10/Aug/2018:12:58:32 -0300] "POST /cormun/servlet/solicitudotadjuntos?8984633d2f74e7d9df02c9ebc57b7f9b,INS,2018,12021,,1, HTTP/1.1" 200 116
186.67.172.234 - - [10/Aug/2018:12:58:32 -0300] "GET /cormun/servlet/hpexe_return? HTTP/1.1" 200 1029
186.67.172.234 - - [10/Aug/2018:12:58:33 -0300] "GET /cormun/servlet/trsolicitudadjuntos?2018,12021, HTTP/1.1" 200 9490
186.67.172.234 - - [10/Aug/2018:12:58:34 -0300] "GET /cormun/servlet/trsolicitudadjuntos?2018,12021, HTTP/1.1" 200 9490
186.103.159.46 - - [10/Aug/2018:12:58:35 -0300] "POST /cormun/servlet/trlicencias?328dfd2ed330704a5f158f29d916a396,,gx-no-cache=1533916640736 HTTP/1.1" 200 6740
186.103.159.46 - - [10/Aug/2018:12:58:36 -0300] "GET /cormun/static/Shared/jqueryui/images/ui-bg_highlight-soft_100_c6c2c8_1x100.png HTTP/1.1" 404 1117
186.103.159.46 - - [10/Aug/2018:12:58:36 -0300] "GET /cormun/static/Shared/jqueryui/images/ui-icons_82798d_256x240.png HTTP/1.1" 404 1089
186.103.159.46 - - [10/Aug/2018:12:58:36 -0300] "GET /cormun/static/Shared/jqueryui/images/ui-icons_8d78a5_256x240.png HTTP/1.1" 404 1089
186.103.159.46 - - [10/Aug/2018:12:58:36 -0300] "GET /cormun/static/Shared/jqueryui/images/ui-bg_flat_55_fafafa_40x100.png HTTP/1.1" 404 1097
186.67.172.234 - - [10/Aug/2018:12:58:37 -0300] "GET /cormun/servlet/solicitudotadjuntos?INS,2018,12021,,1, HTTP/1.1" 200 6289
186.67.172.234 - - [10/Aug/2018:12:58:38 -0300] "GET /cormun/static/about:blank HTTP/1.1" 404 1011
186.67.172.234 - - [10/Aug/2018:12:58:38 -0300] "GET /cormun/servlet/solicitudotadjuntos?INS,2018,12021,,1, HTTP/1.1" 200 6283
186.67.172.234 - - [10/Aug/2018:12:58:38 -0300] "GET /cormun/servlet/solicitudotadjuntos?c6d314c079bd2f321755caf129067d3ca3f8789b2d83a590e4185d30b771e3b4339e33c7f3e68d0e1051df5cf4eada65,gx-no-cache=1533916642719 HTTP/1.1" 200 30
186.67.172.234 - - [10/Aug/2018:12:58:38 -0300] "POST /cormun/servlet/solicitudotadjuntos?8984633d2f74e7d9df02c9ebc57b7f9b,INS,2018,12021,,1,,gx-no-cache=1533916642762 HTTP/1.1" 200 4024
186.67.172.234 - - [10/Aug/2018:12:58:41 -0300] "POST /cormun/servlet/solicitudotadjuntos?gx-no-cache=1533916645748 HTTP/1.1" 200 26
186.67.172.234 - - [10/Aug/2018:12:58:45 -0300] "GET /cormun/servlet/solicitudotadjuntos?c6d314c079bd2f321755caf129067d3ca37c9198935bbf65b6b8b412ba58b3af,gx-no-cache=1533916649253 HTTP/1.1" 200 30
186.67.172.234 - - [10/Aug/2018:12:58:45 -0300] "GET /cormun/servlet/solicitudotadjuntos?c6d314c079bd2f321755caf129067d3ca37c9198935bbf65b6b8b412ba58b3af,gx-no-cache=1533916649352 HTTP/1.1" 200 30
186.67.172.234 - - [10/Aug/2018:12:58:47 -0300] "POST /cormun/servlet/solicitudotadjuntos?8984633d2f74e7d9df02c9ebc57b7f9b,INS,2018,12021,,1, HTTP/1.1" 200 116
186.67.172.234 - - [10/Aug/2018:12:58:47 -0300] "GET /cormun/servlet/hpexe_return? HTTP/1.1" 200 1029
186.67.172.234 - - [10/Aug/2018:12:58:48 -0300] "GET /cormun/servlet/trsolicitudadjuntos?2018,12021, HTTP/1.1" 200 9714
186.67.172.234 - - [10/Aug/2018:12:58:49 -0300] "GET /cormun/servlet/trsolicitudadjuntos?2018,12021, HTTP/1.1" 200 9712
186.67.172.234 - - [10/Aug/2018:12:58:51 -0300] "GET /cormun/servlet/solicitudotadjuntos?INS,2018,12021,,1, HTTP/1.1" 200 6290
186.67.172.234 - - [10/Aug/2018:12:58:51 -0300] "GET /cormun/static/about:blank HTTP/1.1" 404 1011
186.67.172.234 - - [10/Aug/2018:12:58:51 -0300] "GET /cormun/servlet/solicitudotadjuntos?INS,2018,12021,,1, HTTP/1.1" 200 6284
186.67.172.234 - - [10/Aug/2018:12:58:51 -0300] "GET /cormun/servlet/solicitudotadjuntos?c6d314c079bd2f321755caf129067d3ca3f8789b2d83a590e4185d30b771e3b4339e33c7f3e68d0e1051df5cf4eada65,gx-no-cache=1533916655876 HTTP/1.1" 200 30
186.67.172.234 - - [10/Aug/2018:12:58:52 -0300] "POST /cormun/servlet/solicitudotadjuntos?8984633d2f74e7d9df02c9ebc57b7f9b,INS,2018,12021,,1,,gx-no-cache=1533916655972 HTTP/1.1" 200 4025
