186.67.172.234 - - [09/Aug/2018:11:56:24 -0300] "GET /cormun/static/Shared/jqueryui/images/ui-bg_flat_55_994d53_40x100.png HTTP/1.1" 404 1097
186.67.172.234 - - [09/Aug/2018:11:56:24 -0300] "GET /cormun/static/Shared/jqueryui/images/ui-icons_ebccce_256x240.png HTTP/1.1" 404 1089
186.67.172.234 - - [09/Aug/2018:11:56:24 -0300] "POST /cormun/servlet/solicitudot?gx-no-cache=1533826509278 HTTP/1.1" 200 117
186.67.172.234 - - [09/Aug/2018:11:56:24 -0300] "GET /cormun/servlet/solicitudot?a46963e2bcd5f33650b38d95af3992f376090262d4e149c0ee4189098d822bb08477b8ef6c9b483f0eff840ef9037a09dea73178092005cf9bb5a5306769a317ddd5dfc631d75cb36df18ae879dc35720ba5f6fff886df201bd87f500f749ceec54c514433901f298c32f6cdeac499f938fa31ec799016686a85a6f0a4c52d23833205c6a5e34ffe5e366a7a0d8c13bf8711f6401606c573e906eb4aa1ef1a5bd66cdd3e48ca3bec2a06af3b912b6f66f9332046afc08abc1488787e6d8e6f2d5c5cbff2a7f8e4f4187768b412a06046,gx-no-cache=1533826509309 HTTP/1.1" 200 29
186.67.172.234 - - [09/Aug/2018:11:56:24 -0300] "GET /cormun/servlet/solicitudot?a46963e2bcd5f33650b38d95af3992f3e11cee473ae76ebe348e28be51e8d54746b658854199b3c5a168968f136f10d27811d7756ba5cb9786f5f0aa4ba19513628e6f3f2143bd0d25739e8538182fe3572afabc0b66f8fc2d1c98f7bd7c45aea18bd1bb028c0b3b30ed21d6a905d7bec2626a049fb21060d19167628b7f6aa915aeae718ca38df076e77e366feb5310c049fcb025d7a58a147b2d5fed942ddd9ba268b66c39efe6b34ee0192286ff94ae6f73b898b265fd2af0a6e6b627579b,gx-no-cache=1533826509334 HTTP/1.1" 200 62
186.67.172.234 - - [09/Aug/2018:11:56:24 -0300] "GET /cormun/servlet/solicitudot?c7892b2bc8d113493608ba0d4fe788114e599ee034aebdc7ec0b3a0f9079aed348a2b39f49e1fede849956b38248c804c8ce6587612b7d2ddf3885fdb05b7b49b69a334c903de90e91e3476936614817,gx-no-cache=1533826509378 HTTP/1.1" 200 55
186.67.172.234 - - [09/Aug/2018:11:56:24 -0300] "GET /cormun/servlet/solicitudot?a46963e2bcd5f33650b38d95af3992f3863ea384d0f9b1af12af36a4fa9b38c2f156922570804685e044381ea2e6e50d,gx-no-cache=1533826509412 HTTP/1.1" 200 134
186.67.172.234 - - [09/Aug/2018:11:56:48 -0300] "GET /cormun/servlet/prlicenciaspermisos?14083819,L,,MD,,gxPopupLevel%3D0%3B HTTP/1.1" 200 5585
186.67.172.234 - - [09/Aug/2018:11:56:48 -0300] "GET /cormun/static/gxcfg.js?20176272053834 HTTP/1.1" 200 953
186.67.172.234 - - [09/Aug/2018:11:56:48 -0300] "GET /cormun/static/Resources/Spanish/PXTools.css?17315867 HTTP/1.1" 200 89042
186.67.172.234 - - [09/Aug/2018:11:56:48 -0300] "GET /cormun/static/prlicenciaspermisos.js?20176272054050 HTTP/1.1" 200 13379
186.79.60.162 - - [09/Aug/2018:11:56:49 -0300] "GET /cormun/servlet/hlogin HTTP/1.1" 200 1719
186.67.172.234 - - [09/Aug/2018:11:56:57 -0300] "POST /cormun/servlet/solicitudot?gx-no-cache=1533826542210 HTTP/1.1" 200 1376
186.79.60.162 - - [09/Aug/2018:11:56:59 -0300] "POST /cormun/servlet/hlogin?7f282ef6cd7e42f199df93f14c70353a,gx-no-cache=1533822948172 HTTP/1.1" 200 90
186.79.60.162 - - [09/Aug/2018:11:56:59 -0300] "GET /cormun/servlet/hpexe_link HTTP/1.1" 200 946
186.79.60.162 - - [09/Aug/2018:11:56:59 -0300] "GET /cormun/servlet/hhome HTTP/1.1" 200 3995
186.79.60.162 - - [09/Aug/2018:11:56:59 -0300] "GET /cormun/servlet/hhome HTTP/1.1" 200 3992
186.79.60.162 - - [09/Aug/2018:11:57:02 -0300] "GET /cormun/servlet/trlicencias? HTTP/1.1" 200 10049
186.79.60.162 - - [09/Aug/2018:11:57:03 -0300] "GET /cormun/servlet/trlicencias? HTTP/1.1" 200 10047
186.67.172.234 - - [09/Aug/2018:11:57:04 -0300] "POST /cormun/servlet/solicitudot?gx-no-cache=1533826548870 HTTP/1.1" 200 41
186.79.60.162 - - [09/Aug/2018:11:57:07 -0300] "GET /cormun/servlet/hlogin HTTP/1.1" 200 1732
186.67.172.234 - - [09/Aug/2018:11:57:08 -0300] "GET /cormun/servlet/solicitudot?a46963e2bcd5f33650b38d95af3992f376090262d4e149c0ee4189098d822bb08477b8ef6c9b483f0eff840ef9037a09bdcdad6ec21a0c5ed22dad61f81be193ddd5dfc631d75cb36df18ae879dc35720ba5f6fff886df201bd87f500f749ceec54c514433901f298c32f6cdeac499f938fa31ec799016686a85a6f0a4c52d23833205c6a5e34ffe5e366a7a0d8c13bf8711f6401606c573e906eb4aa1ef1a5bd66cdd3e48ca3bec2a06af3b912b6f66f9332046afc08abc1488787e6d8e6f2d5c5cbff2a7f8e4f4187768b412a06046,gx-no-cache=1533826552874 HTTP/1.1" 200 29
186.67.172.234 - - [09/Aug/2018:11:57:10 -0300] "POST /cormun/servlet/solicitudot?gx-no-cache=1533826555327 HTTP/1.1" 200 1357
186.67.172.234 - - [09/Aug/2018:11:57:10 -0300] "POST /cormun/servlet/solicitudot?gx-no-cache=1533826555410 HTTP/1.1" 200 1258
186.103.132.155 - - [09/Aug/2018:11:57:51 -0300] "GET /cormun/servlet/trlicencias? HTTP/1.1" 200 9576
186.103.132.155 - - [09/Aug/2018:11:57:57 -0300] "GET /cormun/servlet/trlicencias? HTTP/1.1" 200 9575
186.67.172.234 - - [09/Aug/2018:11:58:36 -0300] "GET /cormun/static/menuarrow.gif HTTP/1.1" 404 1015
186.67.172.234 - - [09/Aug/2018:11:59:00 -0300] "GET /cormun/servlet/solicitudot?a46963e2bcd5f33650b38d95af3992f3e0433aa653d59be594545e5fe6299534a0193d1da271004d7056c83c1974b114,gx-no-cache=1533826665373 HTTP/1.1" 200 134
186.67.172.234 - - [09/Aug/2018:11:59:20 -0300] "GET /cormun/servlet/solicitudot?a46963e2bcd5f33650b38d95af3992f3e0433aa653d59be594545e5fe6299534a0193d1da271004d7056c83c1974b114,gx-no-cache=1533826685573 HTTP/1.1" 200 134
186.67.172.234 - - [09/Aug/2018:11:59:20 -0300] "POST /cormun/servlet/solicitudot?gx-no-cache=1533826685629 HTTP/1.1" 200 107
186.67.172.234 - - [09/Aug/2018:11:59:36 -0300] "POST /cormun/servlet/solicitudot?gx-no-cache=1533826701080 HTTP/1.1" 200 32
186.67.172.234 - - [09/Aug/2018:12:00:08 -0300] "POST /cormun/servlet/solicitudot?15d9df774fa9f28e3055cb31b4cbc49c,INS,0,0,,gx-no-cache=1533826732572 HTTP/1.1" 200 12113
200.72.197.82 - - [09/Aug/2018:12:03:56 -0300] "GET /cormun/servlet/trcontratounov2? HTTP/1.1" 200 17304
200.72.197.82 - - [09/Aug/2018:12:03:57 -0300] "GET /cormun/servlet/trcontratounov2? HTTP/1.1" 200 17305
190.151.100.218 - - [09/Aug/2018:12:04:42 -0300] "GET /cormun/servlet/trvisualizadoreventos? HTTP/1.1" 200 6906
190.151.100.218 - - [09/Aug/2018:12:04:44 -0300] "GET /cormun/servlet/trvisualizadoreventos? HTTP/1.1" 200 6906
186.103.132.155 - - [09/Aug/2018:12:04:55 -0300] "POST /cormun/servlet/trvisualizadoreventos?3c83d3a907c5003eb3ffd7acb627fc93,,gx-no-cache=1533827019119 HTTP/1.1" 200 4144
186.103.132.155 - - [09/Aug/2018:12:05:02 -0300] "GET /cormun/static/menuarrow.gif HTTP/1.1" 404 1015
186.103.132.155 - - [09/Aug/2018:12:05:20 -0300] "POST /cormun/servlet/trvisualizadoreventos?3c83d3a907c5003eb3ffd7acb627fc93,,gx-no-cache=1533827045822 HTTP/1.1" 200 4153
186.103.132.155 - - [09/Aug/2018:12:05:27 -0300] "POST /cormun/servlet/trvisualizadoreventos?3c83d3a907c5003eb3ffd7acb627fc93,,gx-no-cache=1533827052396 HTTP/1.1" 200 4890
186.103.132.155 - - [09/Aug/2018:12:05:40 -0300] "GET /cormun/servlet/trautorizarsolicitud? HTTP/1.1" 200 7264
186.103.132.155 - - [09/Aug/2018:12:05:40 -0300] "GET /cormun/static/Resources/Spanish/PXTools.css?1255365 HTTP/1.1" 304 -
186.103.132.155 - - [09/Aug/2018:12:05:41 -0300] "GET /cormun/servlet/trautorizarsolicitud? HTTP/1.1" 200 7263
186.103.132.155 - - [09/Aug/2018:12:05:56 -0300] "POST /cormun/servlet/trautorizarsolicitud?3c83d3a907c5003eb3ffd7acb627fc93,,gx-no-cache=1533827081678 HTTP/1.1" 200 7072
201.215.248.34 - - [09/Aug/2018:12:05:58 -0300] "GET /cormun/servlet/hlogin HTTP/1.1" 200 1721
201.215.248.34 - - [09/Aug/2018:12:06:09 -0300] "POST /cormun/servlet/hlogin?43942b47ca73b08b3af46beccf3e16c7,gx-no-cache=1533827097322 HTTP/1.1" 200 90
201.215.248.34 - - [09/Aug/2018:12:06:09 -0300] "GET /cormun/servlet/hpexe_link HTTP/1.1" 200 952
201.215.248.34 - - [09/Aug/2018:12:06:09 -0300] "GET /cormun/servlet/hhome HTTP/1.1" 200 4238
201.215.248.34 - - [09/Aug/2018:12:06:10 -0300] "GET /cormun/servlet/hhome HTTP/1.1" 200 4234
201.215.248.34 - - [09/Aug/2018:12:06:14 -0300] "GET /cormun/servlet/trsolicitudot? HTTP/1.1" 200 7452
201.215.248.34 - - [09/Aug/2018:12:06:15 -0300] "GET /cormun/servlet/trsolicitudot? HTTP/1.1" 200 7451
201.215.248.34 - - [09/Aug/2018:12:06:17 -0300] "GET /cormun/servlet/solicitudot?INS,0,0, HTTP/1.1" 200 13700
201.215.248.34 - - [09/Aug/2018:12:06:18 -0300] "GET /cormun/servlet/solicitudot?INS,0,0, HTTP/1.1" 200 13705
186.79.246.163 - - [09/Aug/2018:12:06:29 -0300] "POST /cormun/servlet/solicitudot?gx-no-cache=1533827116723 HTTP/1.1" 200 3317
186.79.246.163 - - [09/Aug/2018:12:06:29 -0300] "POST /cormun/servlet/solicitudot?43942b47ca73b08b3af46beccf3e16c7,INS,0,0,,gx-no-cache=1533827117538 HTTP/1.1" 200 10478
186.79.246.163 - - [09/Aug/2018:12:06:43 -0300] "GET /cormun/servlet/solicitudot?d4dac901f1219ac8082205356076552146bc04b9ce7ec5d4faf6a0bd80afb0d071652db5501173663c70251f2d474cd6,gx-no-cache=1533827131997 HTTP/1.1" 200 30
186.79.246.163 - - [09/Aug/2018:12:08:13 -0300] "GET /cormun/static/Resources/resize.gif HTTP/1.1" 200 77
201.215.248.34 - - [09/Aug/2018:12:08:13 -0300] "GET /cormun/servlet/prbanco?,MD,,gxPopupLevel%3D0%3B HTTP/1.1" 200 6677
186.79.246.163 - - [09/Aug/2018:12:08:13 -0300] "GET /cormun/static/gxcfg.js?20181161016094 HTTP/1.1" 200 953
201.215.248.34 - - [09/Aug/2018:12:08:14 -0300] "GET /cormun/static/Resources/PXToolsMenuSearch.png HTTP/1.1" 200 2914
201.215.248.34 - - [09/Aug/2018:12:08:14 -0300] "GET /cormun/static/prbanco.js?2018116101633 HTTP/1.1" 200 10693
186.79.246.163 - - [09/Aug/2018:12:08:14 -0300] "GET /cormun/static/Resources/PXToolsMenuSearchCancel.png HTTP/1.1" 200 2972
201.215.248.34 - - [09/Aug/2018:12:08:14 -0300] "GET /cormun/static/menusearch.js?201610171694467 HTTP/1.1" 200 1424
201.215.248.34 - - [09/Aug/2018:12:08:14 -0300] "GET /cormun/static/hmpwkw011.js?20177612121862 HTTP/1.1" 200 1968
186.79.246.163 - - [09/Aug/2018:12:08:22 -0300] "GET /cormun/servlet/solicitudot?d4dac901f1219ac8082205356076552100ddb2fbf2da312086339160fd847dfbd9b216d2a0e649e174bac27dd66ec37e27e49f348e632f48fb2bfb00aa339810,gx-no-cache=1533827230181 HTTP/1.1" 200 30
186.79.246.163 - - [09/Aug/2018:12:08:25 -0300] "GET /cormun/servlet/solicitudot?d4dac901f1219ac80822053560765521c7ffcce118becdd4cf10efc52681ed49,gx-no-cache=1533827233619 HTTP/1.1" 200 53
186.79.246.163 - - [09/Aug/2018:12:08:42 -0300] "POST /cormun/servlet/solicitudot?gx-no-cache=1533827250103 HTTP/1.1" 200 255
186.79.246.163 - - [09/Aug/2018:12:08:45 -0300] "GET /cormun/servlet/solicitudot?d4dac901f1219ac808220535607655214f590698d8bdcef8a4d69d045c25b4845e4b0712a1330719b1a99cd14e4549fb8b2626d8ad93240846000b5295d195405c58e97e0d0ecf3ac938d7a9a366d2adc98704a85133b8c6fb154f5f0c8751e992d27f1f97e51029e7612db6ce2872bd793c40674a506ce048b82dd6f45ea0a5ad0f02370b4ee712d4d7841189dcd21524d711fb3e5c5a8107bc5bdb55098ba5ef66d9f8b89718ac77a6476c012ef8140a5de9da8872a9974e75791ea530096488fcf8f95e032b5d98e9393502c9b3fa0cb0e32f5fc6c223e60b1fc3ba0ac214d82505d1e554f11ea25738fa12cf6a11eb6ba6f9b67a6ea388d1832e28426b427c71e029af72e9060eb1d1693930fd5609e5e94d7fb30ec22a21e1fcb90443b0909f7ae2c9cc3e94d3de5c60ac3e8f835b533727bc7b81140e76c327c2992fa681e0af00408a1ff77a0e36ca2f3b77f03a047ca6d7214b8e03721497b6cc5b951a5becab81b97559c6a027aae6f4d265127e8194d2a37426600816460fa84cb3,gx-no-cache=1533827253082 HTTP/1.1" 200 30
186.79.246.163 - - [09/Aug/2018:12:08:50 -0300] "POST /cormun/servlet/solicitudot?gx-no-cache=1533827258911 HTTP/1.1" 200 30
186.79.246.163 - - [09/Aug/2018:12:08:54 -0300] "GET /cormun/servlet/prsolicitudot?17502673,,,,,MD,,gxPopupLevel%3D0%3B HTTP/1.1" 200 6178
186.79.246.163 - - [09/Aug/2018:12:08:55 -0300] "GET /cormun/static/gxcfg.js?2017111422591492 HTTP/1.1" 200 953
186.79.246.163 - - [09/Aug/2018:12:08:55 -0300] "GET /cormun/static/prsolicitudot.js?2017111422591715 HTTP/1.1" 200 13680
186.67.172.234 - - [09/Aug/2018:12:08:59 -0300] "GET /cormun/servlet/solicitudot?a46963e2bcd5f33650b38d95af3992f394618c5ea6045cb47e65df39739a80e9067adb694e94cccfb34ff6cdc2477ab9,gx-no-cache=1533827263680 HTTP/1.1" 200 30
186.67.172.234 - - [09/Aug/2018:12:08:59 -0300] "POST /cormun/servlet/solicitudot?gx-no-cache=1533827263844 HTTP/1.1" 200 32
186.67.172.234 - - [09/Aug/2018:12:08:59 -0300] "POST /cormun/servlet/solicitudot?15d9df774fa9f28e3055cb31b4cbc49c,INS,0,0,,gx-no-cache=1533827263940 HTTP/1.1" 200 93
186.67.172.234 - - [09/Aug/2018:12:08:59 -0300] "GET /cormun/servlet/hpexe_return? HTTP/1.1" 200 1005
186.67.172.234 - - [09/Aug/2018:12:08:59 -0300] "GET /cormun/static/gxcfg.js?2016101716175148 HTTP/1.1" 200 953
186.67.172.234 - - [09/Aug/2018:12:08:59 -0300] "GET /cormun/static/hpexe_return.js?2016101716175153 HTTP/1.1" 200 1633
186.67.172.234 - - [09/Aug/2018:12:08:59 -0300] "GET /cormun/static/Resources/Spanish/PXTools.css?167811 HTTP/1.1" 200 89042
186.67.172.234 - - [09/Aug/2018:12:08:59 -0300] "GET /cormun/servlet/trsolicitudot HTTP/1.1" 200 8933
186.67.172.234 - - [09/Aug/2018:12:09:00 -0300] "GET /cormun//static/Resources/PXToolsActionView.png HTTP/1.1" 200 2995
186.67.172.234 - - [09/Aug/2018:12:09:00 -0300] "GET /cormun//static/Resources/PXToolsGridUpdate.png HTTP/1.1" 200 2984
186.67.172.234 - - [09/Aug/2018:12:09:00 -0300] "GET /cormun//static/Resources/PXToolsRemoveAllAction.png HTTP/1.1" 200 3558
186.67.172.234 - - [09/Aug/2018:12:09:00 -0300] "GET /cormun//static/Resources/PXTools/ActionInsert.png HTTP/1.1" 200 1482
186.67.172.234 - - [09/Aug/2018:12:09:00 -0300] "GET /cormun//static/Resources/PXToolsGridDelete.png HTTP/1.1" 200 357
186.67.172.234 - - [09/Aug/2018:12:09:00 -0300] "GET /cormun/servlet/trsolicitudot HTTP/1.1" 200 8927
186.67.172.234 - - [09/Aug/2018:12:09:02 -0300] "GET /cormun/servlet/solicitudot?INS,0,0, HTTP/1.1" 200 13710
186.67.172.234 - - [09/Aug/2018:12:09:03 -0300] "GET /cormun/servlet/solicitudot?INS,0,0, HTTP/1.1" 200 13715
186.79.246.163 - - [09/Aug/2018:12:09:09 -0300] "POST /cormun/servlet/solicitudot?gx-no-cache=1533827277331 HTTP/1.1" 200 1458
201.215.248.34 - - [09/Aug/2018:12:09:10 -0300] "GET /cormun/static/Shared/jqueryui/images/ui-icons_82798d_256x240.png HTTP/1.1" 404 1089
201.215.248.34 - - [09/Aug/2018:12:09:10 -0300] "POST /cormun/servlet/solicitudot?gx-no-cache=1533827278021 HTTP/1.1" 200 117
201.215.248.34 - - [09/Aug/2018:12:09:10 -0300] "GET /cormun/static/Shared/jqueryui/images/ui-bg_flat_55_994d53_40x100.png HTTP/1.1" 404 1097
201.215.248.34 - - [09/Aug/2018:12:09:10 -0300] "GET /cormun/static/Shared/jqueryui/images/ui-icons_ebccce_256x240.png HTTP/1.1" 404 1089
186.79.246.163 - - [09/Aug/2018:12:09:10 -0300] "GET /cormun/static/Shared/jqueryui/images/ui-bg_highlight-soft_100_c6c2c8_1x100.png HTTP/1.1" 404 1117
201.215.248.34 - - [09/Aug/2018:12:09:10 -0300] "GET /cormun/servlet/solicitudot?d4dac901f1219ac80822053560765521fa984e42e1d7c63fa1c645bb2451c3624bba439b63c499d93be6a74d6973c91c130763c760c51a96722680d3e3e69777f46d85e1a57c316552de3dc455e5534b87ac7b2952b6456da6fd8cc6a782c87f52cb3ec29de64820b4d8db017cedba09,gx-no-cache=1533827278181 HTTP/1.1" 200 29
201.215.248.34 - - [09/Aug/2018:12:09:10 -0300] "GET /cormun/servlet/solicitudot?d4dac901f1219ac808220535607655211ad72c557e88118f92c05e4ef6c2c21d0b1c304ba0b3219171304702534882d9336e02b977ce1e957ca60f82f639a88b748b53120971d8515cf889109810f4abbcf1f43052b9e48fa9f5ced1bf3193259a601f1c6efc33895e3f1b0fac0720a155652c168afae8b3f6df273f330d162c2282672159d859480c1ac2d09cd35de6f0ac04f2146750a1f96cedc7161593ee264db174dbe2d2a8534d00e0954ec6e981f67acd986d496a4b1840a0901f2b1c,gx-no-cache=1533827278311 HTTP/1.1" 200 62
201.215.248.34 - - [09/Aug/2018:12:09:10 -0300] "GET /cormun/servlet/solicitudot?18fd4a166d29dc4c58162ec731747d47aa8e03ba7744c2b54894ca17277641b33b90764cf0db9f3f833fa29070ed55468a4c96fa5cbb992c0f1fef796d463b79d06a6edfecab8d17f350cb15ad59dde5,gx-no-cache=1533827278395 HTTP/1.1" 200 55
201.215.248.34 - - [09/Aug/2018:12:09:10 -0300] "GET /cormun/servlet/solicitudot?d4dac901f1219ac808220535607655211756103c9b8143f64d18a601b3493417,gx-no-cache=1533827278515 HTTP/1.1" 200 30
201.215.248.34 - - [09/Aug/2018:12:09:15 -0300] "GET /cormun/servlet/prcontratosol?17502673,,,,,MD,,gxPopupLevel%3D0%3B HTTP/1.1" 200 7760
201.215.248.34 - - [09/Aug/2018:12:09:15 -0300] "GET /cormun/static/gxcfg.js?201761413223964 HTTP/1.1" 200 953
186.79.246.163 - - [09/Aug/2018:12:09:16 -0300] "GET /cormun/static/prcontratosol.js?201761413224174 HTTP/1.1" 200 15806
186.67.172.234 - - [09/Aug/2018:12:09:20 -0300] "POST /cormun/servlet/solicitudot?gx-no-cache=1533827285469 HTTP/1.1" 200 3421
186.67.172.234 - - [09/Aug/2018:12:09:20 -0300] "POST /cormun/servlet/solicitudot?15d9df774fa9f28e3055cb31b4cbc49c,INS,0,0,,gx-no-cache=1533827285594 HTTP/1.1" 200 10590
186.67.172.234 - - [09/Aug/2018:12:09:27 -0300] "GET /cormun/servlet/solicitudot?a46963e2bcd5f33650b38d95af3992f3dc4999464bd3a0ae205e702f764c36a9c9c37be5f615f665802acf359d139f85,gx-no-cache=1533827292100 HTTP/1.1" 200 30
186.67.172.234 - - [09/Aug/2018:12:09:27 -0300] "GET /cormun/servlet/solicitudot?a46963e2bcd5f33650b38d95af3992f3e5241d893a2ff1ca0fa77ccf86ef91c77b55613abdbf150604ca28c4eba869b115321fb010e4fb6741ff6e81b0d68d9f,gx-no-cache=1533827292178 HTTP/1.1" 200 30
186.67.172.234 - - [09/Aug/2018:12:09:27 -0300] "GET /cormun/servlet/solicitudot?a46963e2bcd5f33650b38d95af3992f30a20818738d52519a2787d414fcc8371,gx-no-cache=1533827292201 HTTP/1.1" 200 53
186.67.172.234 - - [09/Aug/2018:12:09:27 -0300] "POST /cormun/servlet/solicitudot?gx-no-cache=1533827292227 HTTP/1.1" 200 255
186.67.172.234 - - [09/Aug/2018:12:09:27 -0300] "GET /cormun/servlet/solicitudot?a46963e2bcd5f33650b38d95af3992f368a2e04ed656a47fbc973079ea0b35f942d1d13bd628cddf6f9e344694fa8b4f850d5c621350b3e9d15f157dc20a0050137fb1d4b9c2c8bf3b786f3d5d00d15b67fa2bc7898227be45237e9337fea1498727dc6e449d931c34db466873773d592caa43240958b4104b806baa1915933130cfc5d05431711c19ec0e728cb1df0f90f88166b34643f647da6a1f19061826c602183d5d935d2ffb270b0093bf2369cbfe4d5dfcb0b5b8f8dd3f2bfabf5f5ed8312d49e9d7eb3adc7e2e55099cab7c33cdecfa25a5748f9f8ad412d495101a806f8894366fd5b55ca51a103691ab7fa8065dead412afdb0b6aade5fecd727408ffee813bdadeaddc6264efd8860edc85c07d444ccd8e85b943f27e4c9c7761e62d187d162dd7b4d25c32713efa9a6c0ffb7346f2f814bbecd259b299cfc799d06a7c39a54d4f80100627faf33ffcd40ceb9962f677a280e84d6a8263d7817b6730141f0f3c712302ef0ac7a085886e8080aeb0e763b4464e79b6cd1ea376ae,gx-no-cache=1533827292271 HTTP/1.1" 200 30
186.79.246.163 - - [09/Aug/2018:12:09:27 -0300] "POST /cormun/servlet/solicitudot?gx-no-cache=1533827295980 HTTP/1.1" 200 1458
186.79.246.163 - - [09/Aug/2018:12:09:28 -0300] "POST /cormun/servlet/solicitudot?gx-no-cache=1533827296251 HTTP/1.1" 200 117
186.79.246.163 - - [09/Aug/2018:12:09:28 -0300] "GET /cormun/servlet/solicitudot?d4dac901f1219ac808220535607655211ad72c557e88118f92c05e4ef6c2c21d0b1c304ba0b3219171304702534882d9336e02b977ce1e957ca60f82f639a88b748b53120971d8515cf889109810f4abbcf1f43052b9e48fa9f5ced1bf3193259a601f1c6efc33895e3f1b0fac0720a155652c168afae8b3f6df273f330d162c2282672159d859480c1ac2d09cd35de6f0ac04f2146750a1f96cedc7161593ee264db174dbe2d2a8534d00e0954ec6e981f67acd986d496a4b1840a0901f2b1c,gx-no-cache=1533827296474 HTTP/1.1" 200 62
186.79.246.163 - - [09/Aug/2018:12:09:28 -0300] "GET /cormun/servlet/solicitudot?18fd4a166d29dc4c58162ec731747d47aa8e03ba7744c2b54894ca17277641b33b90764cf0db9f3f833fa29070ed55468a4c96fa5cbb992c0f1fef796d463b79d06a6edfecab8d17f350cb15ad59dde5,gx-no-cache=1533827296768 HTTP/1.1" 200 55
186.103.159.46 - - [09/Aug/2018:12:09:28 -0300] "GET /cormun/servlet/hlogin HTTP/1.1" 200 1726
186.79.246.163 - - [09/Aug/2018:12:09:29 -0300] "GET /cormun/servlet/solicitudot?d4dac901f1219ac8082205356076552153cae4f9d03e642f134447e2122c99e796b408f8c21daec2fe147ccdb307e681,gx-no-cache=1533827297030 HTTP/1.1" 200 134
186.67.172.234 - - [09/Aug/2018:12:09:29 -0300] "POST /cormun/servlet/solicitudot?gx-no-cache=1533827294030 HTTP/1.1" 200 30
186.103.159.46 - - [09/Aug/2018:12:09:29 -0300] "GET /cormun/servlet/hlogin HTTP/1.1" 200 1734
186.67.172.234 - - [09/Aug/2018:12:09:30 -0300] "GET /cormun/servlet/prcontratosol?16817419,,,,,MD,,gxPopupLevel%3D0%3B HTTP/1.1" 200 7910
186.67.172.234 - - [09/Aug/2018:12:09:41 -0300] "POST /cormun/servlet/solicitudot?gx-no-cache=1533827306378 HTTP/1.1" 200 1458
186.67.172.234 - - [09/Aug/2018:12:09:41 -0300] "GET /cormun/static/Shared/jqueryui/images/ui-bg_highlight-soft_100_c6c2c8_1x100.png HTTP/1.1" 404 1117
186.67.172.234 - - [09/Aug/2018:12:09:41 -0300] "GET /cormun/static/Shared/jqueryui/images/ui-icons_82798d_256x240.png HTTP/1.1" 404 1089
186.67.172.234 - - [09/Aug/2018:12:09:41 -0300] "GET /cormun/static/Shared/jqueryui/images/ui-bg_flat_55_994d53_40x100.png HTTP/1.1" 404 1097
186.67.172.234 - - [09/Aug/2018:12:09:41 -0300] "GET /cormun/static/Shared/jqueryui/images/ui-icons_ebccce_256x240.png HTTP/1.1" 404 1089
186.67.172.234 - - [09/Aug/2018:12:09:41 -0300] "POST /cormun/servlet/solicitudot?gx-no-cache=1533827306432 HTTP/1.1" 200 117
186.67.172.234 - - [09/Aug/2018:12:09:41 -0300] "GET /cormun/servlet/solicitudot?a46963e2bcd5f33650b38d95af3992f376090262d4e149c0ee4189098d822bb08477b8ef6c9b483f0eff840ef9037a09dea73178092005cf9bb5a5306769a317ddd5dfc631d75cb36df18ae879dc35720ba5f6fff886df201bd87f500f749ceec54c514433901f298c32f6cdeac499f938fa31ec799016686a85a6f0a4c52d23833205c6a5e34ffe5e366a7a0d8c13bf8711f6401606c573e906eb4aa1ef1a5bd66cdd3e48ca3bec2a06af3b912b6f66f9332046afc08abc1488787e6d8e6f2d5c5cbff2a7f8e4f4187768b412a06046,gx-no-cache=1533827306464 HTTP/1.1" 200 29
186.67.172.234 - - [09/Aug/2018:12:09:41 -0300] "GET /cormun/servlet/solicitudot?a46963e2bcd5f33650b38d95af3992f3e11cee473ae76ebe348e28be51e8d54746b658854199b3c5a168968f136f10d27811d7756ba5cb9786f5f0aa4ba19513628e6f3f2143bd0d25739e8538182fe3572afabc0b66f8fc2d1c98f7bd7c45aea18bd1bb028c0b3b30ed21d6a905d7bec2626a049fb21060d19167628b7f6aa915aeae718ca38df076e77e366feb5310c049fcb025d7a58a147b2d5fed942ddd9ba268b66c39efe6b34ee0192286ff94ae6f73b898b265fd2af0a6e6b627579b,gx-no-cache=1533827306489 HTTP/1.1" 200 62
186.67.172.234 - - [09/Aug/2018:12:09:41 -0300] "GET /cormun/servlet/solicitudot?c7892b2bc8d113493608ba0d4fe788114e599ee034aebdc7ec0b3a0f9079aed348a2b39f49e1fede849956b38248c804c8ce6587612b7d2ddf3885fdb05b7b49b69a334c903de90e91e3476936614817,gx-no-cache=1533827306518 HTTP/1.1" 200 55
186.67.172.234 - - [09/Aug/2018:12:09:41 -0300] "GET /cormun/servlet/solicitudot?a46963e2bcd5f33650b38d95af3992f382e8216947d1ec3b5719580dd211b1ddf156922570804685e044381ea2e6e50d,gx-no-cache=1533827306545 HTTP/1.1" 200 134
186.103.159.46 - - [09/Aug/2018:12:09:43 -0300] "POST /cormun/servlet/hlogin?4a2832a5852f29c4ba11270cf9d7eaec,gx-no-cache=1533827308097 HTTP/1.1" 200 90
186.103.159.46 - - [09/Aug/2018:12:09:43 -0300] "GET /cormun/servlet/hpexe_link HTTP/1.1" 200 954
186.103.159.46 - - [09/Aug/2018:12:09:43 -0300] "GET /cormun/servlet/hhome HTTP/1.1" 200 4157
186.103.159.46 - - [09/Aug/2018:12:09:44 -0300] "GET /cormun/servlet/hhome HTTP/1.1" 200 4153
186.79.246.163 - - [09/Aug/2018:12:09:45 -0300] "POST /cormun/servlet/solicitudot?gx-no-cache=1533827313882 HTTP/1.1" 200 1375
186.79.246.163 - - [09/Aug/2018:12:09:46 -0300] "GET /cormun/static/menuarrow.gif HTTP/1.1" 404 1015
186.103.159.46 - - [09/Aug/2018:12:09:46 -0300] "GET /cormun/servlet/trlicencias? HTTP/1.1" 200 9180
186.103.159.46 - - [09/Aug/2018:12:09:47 -0300] "GET /cormun/servlet/trlicencias? HTTP/1.1" 200 9177
186.79.246.163 - - [09/Aug/2018:12:09:48 -0300] "GET /cormun/servlet/prlicenciaspermisos?12365836,L,,MD,,gxPopupLevel%3D0%3B HTTP/1.1" 200 7171
186.79.246.163 - - [09/Aug/2018:12:09:48 -0300] "GET /cormun/static/gxcfg.js?20176272053834 HTTP/1.1" 200 953
186.79.246.163 - - [09/Aug/2018:12:09:48 -0300] "GET /cormun/static/prlicenciaspermisos.js?20176272054050 HTTP/1.1" 200 13379
186.79.246.163 - - [09/Aug/2018:12:09:59 -0300] "POST /cormun/servlet/solicitudot?gx-no-cache=1533827326939 HTTP/1.1" 200 41
186.67.172.234 - - [09/Aug/2018:12:10:03 -0300] "GET /cormun/servlet/prlicenciaspermisos?14083819,L,,MD,,gxPopupLevel%3D0%3B HTTP/1.1" 200 5585
186.103.159.46 - - [09/Aug/2018:12:10:06 -0300] "POST /cormun/servlet/trlicencias?4a2832a5852f29c4ba11270cf9d7eaec,,gx-no-cache=1533827331374 HTTP/1.1" 200 4281
186.67.172.234 - - [09/Aug/2018:12:10:07 -0300] "POST /cormun/servlet/solicitudot?gx-no-cache=1533827332377 HTTP/1.1" 200 1376
186.103.159.46 - - [09/Aug/2018:12:10:10 -0300] "POST /cormun/servlet/trlicencias?4a2832a5852f29c4ba11270cf9d7eaec,,gx-no-cache=1533827335937 HTTP/1.1" 200 4282
186.67.172.234 - - [09/Aug/2018:12:10:12 -0300] "POST /cormun/servlet/solicitudot?gx-no-cache=1533827337527 HTTP/1.1" 200 41
186.79.246.163 - - [09/Aug/2018:12:10:21 -0300] "POST /cormun/servlet/solicitudot?gx-no-cache=1533827348728 HTTP/1.1" 200 1357
186.79.246.163 - - [09/Aug/2018:12:10:21 -0300] "POST /cormun/servlet/solicitudot?gx-no-cache=1533827349740 HTTP/1.1" 200 1258
186.67.172.234 - - [09/Aug/2018:12:10:22 -0300] "GET /cormun/servlet/solicitudot?a46963e2bcd5f33650b38d95af3992f376090262d4e149c0ee4189098d822bb08477b8ef6c9b483f0eff840ef9037a09bdcdad6ec21a0c5ed22dad61f81be193ddd5dfc631d75cb36df18ae879dc35720ba5f6fff886df201bd87f500f749ceec54c514433901f298c32f6cdeac499f938fa31ec799016686a85a6f0a4c52d23833205c6a5e34ffe5e366a7a0d8c13bf8711f6401606c573e906eb4aa1ef1a5bd66cdd3e48ca3bec2a06af3b912b6f66f9332046afc08abc1488787e6d8e6f2d5c5cbff2a7f8e4f4187768b412a06046,gx-no-cache=1533827347566 HTTP/1.1" 200 29
186.79.246.163 - - [09/Aug/2018:12:10:24 -0300] "POST /cormun/servlet/solicitudot?gx-no-cache=1533827352408 HTTP/1.1" 200 1357
186.79.246.163 - - [09/Aug/2018:12:10:24 -0300] "POST /cormun/servlet/solicitudot?gx-no-cache=1533827352702 HTTP/1.1" 200 1258
186.79.246.163 - - [09/Aug/2018:12:10:30 -0300] "GET /cormun/servlet/solicitudot?d4dac901f1219ac80822053560765521cc94df49e7af59398cc4f6aae072116c147f025b85e8fd33a0bd2a55bcac4df0,gx-no-cache=1533827358165 HTTP/1.1" 200 30
186.79.246.163 - - [09/Aug/2018:12:10:42 -0300] "POST /cormun/servlet/solicitudot?gx-no-cache=1533827370800 HTTP/1.1" 200 32
186.79.246.163 - - [09/Aug/2018:12:10:59 -0300] "POST /cormun/servlet/solicitudot?43942b47ca73b08b3af46beccf3e16c7,INS,0,0,,gx-no-cache=1533827384754 HTTP/1.1" 200 11992
186.67.172.234 - - [09/Aug/2018:12:11:07 -0300] "POST /cormun/servlet/solicitudot?gx-no-cache=1533827391714 HTTP/1.1" 200 1357
186.67.172.234 - - [09/Aug/2018:12:11:07 -0300] "POST /cormun/servlet/solicitudot?gx-no-cache=1533827391845 HTTP/1.1" 200 1258
186.67.172.234 - - [09/Aug/2018:12:11:12 -0300] "GET /cormun/static/menuarrow.gif HTTP/1.1" 404 1015
186.67.172.234 - - [09/Aug/2018:12:11:20 -0300] "GET /cormun/servlet/solicitudot?a46963e2bcd5f33650b38d95af3992f394618c5ea6045cb47e65df39739a80e9067adb694e94cccfb34ff6cdc2477ab9,gx-no-cache=1533827405105 HTTP/1.1" 200 30
186.67.172.234 - - [09/Aug/2018:12:11:28 -0300] "POST /cormun/servlet/solicitudot?gx-no-cache=1533827413139 HTTP/1.1" 200 32
201.215.248.34 - - [09/Aug/2018:12:11:39 -0300] "GET /cormun/servlet/solicitudot?d4dac901f1219ac808220535607655214f590698d8bdcef8a4d69d045c25b4845e4b0712a1330719b1a99cd14e4549fb8b2626d8ad93240846000b5295d195405c58e97e0d0ecf3ac938d7a9a366d2adc98704a85133b8c6fb154f5f0c8751e992d27f1f97e51029e7612db6ce2872bd793c40674a506ce048b82dd6f45ea0a5ad0f02370b4ee712d4d7841189dcd21524d711fb3e5c5a8107bc5bdb55098ba5ef66d9f8b89718ac77a6476c012ef8140a5de9da8872a9974e75791ea530096488fcf8f95e032b5d98e9393502c9b3fa0cb0e32f5fc6c223e60b1fc3ba0ac214d82505d1e554f11ea25738fa12cf6a11eb6ba6f9b67a6ea388d1832e28426b427c71e029af72e9060eb1d1693930fd5609e5e94d7fb30ec22a21e1fcb90443b0909f7ae2c9cc3e94d3de5c60ac3e8f835b533727bc7b81140e76c327c2992fa681e0af00408a1ff77a0e36ca2f3b77f03a047ca6d7214b8e03721497b6cc5b951a5becab81b97559c6a027aae6f4d26543dd011089167d28fb8b89109ae65f6b,gx-no-cache=1533827427117 HTTP/1.1" 200 30
201.215.248.34 - - [09/Aug/2018:12:11:39 -0300] "POST /cormun/servlet/solicitudot?gx-no-cache=1533827427738 HTTP/1.1" 200 30
201.215.248.34 - - [09/Aug/2018:12:11:39 -0300] "POST /cormun/servlet/solicitudot?gx-no-cache=1533827427876 HTTP/1.1" 200 1375
201.215.248.34 - - [09/Aug/2018:12:11:39 -0300] "POST /cormun/servlet/solicitudot?gx-no-cache=1533827428022 HTTP/1.1" 200 41
201.215.248.34 - - [09/Aug/2018:12:11:40 -0300] "POST /cormun/servlet/solicitudot?gx-no-cache=1533827428106 HTTP/1.1" 200 1357
201.215.248.34 - - [09/Aug/2018:12:11:40 -0300] "POST /cormun/servlet/solicitudot?gx-no-cache=1533827428224 HTTP/1.1" 200 1258
201.215.248.34 - - [09/Aug/2018:12:11:40 -0300] "GET /cormun/servlet/solicitudot?d4dac901f1219ac80822053560765521cc94df49e7af59398cc4f6aae072116c147f025b85e8fd33a0bd2a55bcac4df0,gx-no-cache=1533827428309 HTTP/1.1" 200 30
201.215.248.34 - - [09/Aug/2018:12:11:40 -0300] "POST /cormun/servlet/solicitudot?gx-no-cache=1533827428364 HTTP/1.1" 200 32
201.215.248.34 - - [09/Aug/2018:12:11:40 -0300] "POST /cormun/servlet/solicitudot?43942b47ca73b08b3af46beccf3e16c7,INS,0,0,,gx-no-cache=1533827428465 HTTP/1.1" 200 93
201.215.248.34 - - [09/Aug/2018:12:11:40 -0300] "GET /cormun/servlet/hpexe_return? HTTP/1.1" 200 1008
201.215.248.34 - - [09/Aug/2018:12:11:41 -0300] "GET /cormun/servlet/trsolicitudot HTTP/1.1" 200 8911
201.215.248.34 - - [09/Aug/2018:12:11:42 -0300] "GET /cormun//static/Resources/PXToolsActionView.png HTTP/1.1" 200 2995
201.215.248.34 - - [09/Aug/2018:12:11:42 -0300] "GET /cormun//static/Resources/PXToolsRemoveAllAction.png HTTP/1.1" 200 3558
201.215.248.34 - - [09/Aug/2018:12:11:42 -0300] "GET /cormun/servlet/trsolicitudot HTTP/1.1" 200 8907
201.215.248.34 - - [09/Aug/2018:12:11:44 -0300] "GET /cormun/servlet/vesolicitudot?2018,12012,, HTTP/1.1" 200 8572
201.215.248.34 - - [09/Aug/2018:12:11:45 -0300] "GET /cormun/static/gxcfg.js?2017111422591385 HTTP/1.1" 200 953
201.215.248.34 - - [09/Aug/2018:12:11:45 -0300] "GET /cormun/pexe_scrolldiv.js HTTP/1.1" 404 1009
201.215.248.34 - - [09/Aug/2018:12:11:45 -0300] "GET /cormun/static/Resources/PXToolsTabFirstSelected.png HTTP/1.1" 200 1259
201.215.248.34 - - [09/Aug/2018:12:11:45 -0300] "GET /cormun/static/hwcviewtabs.js?20177611594913 HTTP/1.1" 200 1074
201.215.248.34 - - [09/Aug/2018:12:11:45 -0300] "GET /cormun/static/hpexe_tabsview.js?201610171694228 HTTP/1.1" 200 1661
201.215.248.34 - - [09/Aug/2018:12:11:45 -0300] "GET /cormun/static/vesolicitudot.js?2017111422591449 HTTP/1.1" 200 6091
201.215.248.34 - - [09/Aug/2018:12:11:45 -0300] "GET /cormun/pexe_scrolldiv.js HTTP/1.1" 404 1009
201.215.248.34 - - [09/Aug/2018:12:11:45 -0300] "GET /cormun/static/Resources/PXToolsTabLastUnselected.png HTTP/1.1" 200 1291
201.215.248.34 - - [09/Aug/2018:12:11:45 -0300] "GET /cormun/static/tbsolicitudot01.js?2017111422581186 HTTP/1.1" 200 30566
201.215.248.34 - - [09/Aug/2018:12:11:45 -0300] "GET /cormun/static/Resources/PXToolsTabNext.gif HTTP/1.1" 200 168
201.215.248.34 - - [09/Aug/2018:12:11:45 -0300] "GET /cormun/static/Resources/PXToolsTabPrevious.gif HTTP/1.1" 200 172
201.215.248.34 - - [09/Aug/2018:12:11:46 -0300] "GET /cormun/static/calendar-system.css HTTP/1.1" 200 5572
201.215.248.34 - - [09/Aug/2018:12:11:46 -0300] "GET /cormun/static/Resources/PXToolsTabBackUnselected.png HTTP/1.1" 200 1175
201.215.248.34 - - [09/Aug/2018:12:11:46 -0300] "GET /cormun/static/Resources/PXToolsTabBackSelected.png HTTP/1.1" 200 1157
201.215.248.34 - - [09/Aug/2018:12:11:46 -0300] "GET /cormun/static/Resources/PXToolsTabSelectedUnselected.png HTTP/1.1" 200 1428
201.215.248.34 - - [09/Aug/2018:12:11:46 -0300] "GET /cormun/static/Resources/PXToolsTabUnselectedUnselected.png HTTP/1.1" 200 1459
201.215.248.34 - - [09/Aug/2018:12:11:46 -0300] "GET /cormun/servlet/vesolicitudot?2018,12012,, HTTP/1.1" 200 8571
186.67.172.234 - - [09/Aug/2018:12:11:54 -0300] "POST /cormun/servlet/solicitudot?15d9df774fa9f28e3055cb31b4cbc49c,INS,0,0,,gx-no-cache=1533827439203 HTTP/1.1" 200 93
186.67.172.234 - - [09/Aug/2018:12:11:54 -0300] "GET /cormun/servlet/hpexe_return? HTTP/1.1" 200 1005
186.67.172.234 - - [09/Aug/2018:12:11:54 -0300] "GET /cormun/servlet/trsolicitudot HTTP/1.1" 200 9328
186.67.172.234 - - [09/Aug/2018:12:11:55 -0300] "GET /cormun/servlet/trsolicitudot HTTP/1.1" 200 9324
201.215.248.160 - - [09/Aug/2018:12:11:57 -0300] "GET /cormun/servlet/hhome HTTP/1.1" 200 3411
201.215.248.160 - - [09/Aug/2018:12:11:58 -0300] "GET /cormun/servlet/hlogin HTTP/1.1" 200 1736
201.215.248.160 - - [09/Aug/2018:12:11:58 -0300] "GET /cormun/servlet/hhome HTTP/1.1" 200 3421
186.67.172.234 - - [09/Aug/2018:12:11:59 -0300] "GET /cormun/servlet/solicitudot?INS,0,0, HTTP/1.1" 200 13708
186.67.172.234 - - [09/Aug/2018:12:11:59 -0300] "GET /cormun/servlet/solicitudot?INS,0,0, HTTP/1.1" 200 13713
201.215.248.160 - - [09/Aug/2018:12:12:11 -0300] "POST /cormun/servlet/hlogin?1b6e26b67dd7d3d220d778dda4e8bf34,gx-no-cache=1533827662715 HTTP/1.1" 200 90
201.215.248.160 - - [09/Aug/2018:12:12:11 -0300] "GET /cormun/servlet/hpexe_link HTTP/1.1" 200 955
201.215.248.160 - - [09/Aug/2018:12:12:11 -0300] "GET /cormun/servlet/hhome HTTP/1.1" 200 3995
201.215.248.160 - - [09/Aug/2018:12:12:12 -0300] "GET /cormun/servlet/hhome HTTP/1.1" 200 3992
201.215.248.34 - - [09/Aug/2018:12:12:14 -0300] "GET /cormun/servlet/trcontratounov2? HTTP/1.1" 200 17522
201.215.248.160 - - [09/Aug/2018:12:12:16 -0300] "GET /cormun/servlet/trlicencias? HTTP/1.1" 200 10182
201.215.248.34 - - [09/Aug/2018:12:12:16 -0300] "GET /cormun/servlet/trcontratounov2? HTTP/1.1" 200 17507
201.215.248.160 - - [09/Aug/2018:12:12:17 -0300] "GET /cormun/servlet/trlicencias? HTTP/1.1" 200 10179
186.67.172.234 - - [09/Aug/2018:12:12:21 -0300] "POST /cormun/servlet/solicitudot?gx-no-cache=1533827466454 HTTP/1.1" 200 3316
186.67.172.234 - - [09/Aug/2018:12:12:21 -0300] "POST /cormun/servlet/solicitudot?15d9df774fa9f28e3055cb31b4cbc49c,INS,0,0,,gx-no-cache=1533827466567 HTTP/1.1" 200 10468
201.215.248.34 - - [09/Aug/2018:12:12:24 -0300] "POST /cormun/servlet/trcontratounov2?43942b47ca73b08b3af46beccf3e16c7,,gx-no-cache=1533827471852 HTTP/1.1" 200 17466
201.215.248.160 - - [09/Aug/2018:12:12:37 -0300] "GET /cormun/servlet/trpermisosgoce? HTTP/1.1" 200 8579
201.215.248.160 - - [09/Aug/2018:12:12:38 -0300] "GET /cormun/servlet/trpermisosgoce? HTTP/1.1" 200 8579
201.215.248.34 - - [09/Aug/2018:12:12:38 -0300] "GET /cormun/servlet/trsolicitudot? HTTP/1.1" 200 8907
186.67.172.234 - - [09/Aug/2018:12:12:38 -0300] "GET /cormun/servlet/prfichaempleado?,MD,,gxPopupLevel%3D0%3B HTTP/1.1" 200 9402
186.67.172.234 - - [09/Aug/2018:12:12:38 -0300] "GET /cormun/static/gxcfg.js?20177612134814 HTTP/1.1" 200 953
186.67.172.234 - - [09/Aug/2018:12:12:38 -0300] "GET /cormun/static/prfichaempleado.js?20177612134999 HTTP/1.1" 200 16006
201.215.248.34 - - [09/Aug/2018:12:12:39 -0300] "GET /cormun/servlet/trsolicitudot? HTTP/1.1" 200 8907
201.215.248.34 - - [09/Aug/2018:12:12:41 -0300] "GET /cormun/servlet/vesolicitudot?2018,12012,, HTTP/1.1" 200 8572
201.215.248.34 - - [09/Aug/2018:12:12:41 -0300] "GET /cormun/pexe_scrolldiv.js HTTP/1.1" 404 1009
201.215.248.34 - - [09/Aug/2018:12:12:43 -0300] "GET /cormun/servlet/vesolicitudot?2018,12012,, HTTP/1.1" 200 8571
186.67.172.234 - - [09/Aug/2018:12:12:46 -0300] "POST /cormun/servlet/prfichaempleado?15d9df774fa9f28e3055cb31b4cbc49c,,MD,,gxPopupLevel%3D0%3B,gx-no-cache=1533827490372 HTTP/1.1" 200 6350
186.67.172.234 - - [09/Aug/2018:12:12:47 -0300] "POST /cormun/servlet/prfichaempleado?15d9df774fa9f28e3055cb31b4cbc49c,,MD,,gxPopupLevel%3D0%3B,gx-no-cache=1533827491992 HTTP/1.1" 200 6373
186.67.172.234 - - [09/Aug/2018:12:12:50 -0300] "POST /cormun/servlet/prfichaempleado?15d9df774fa9f28e3055cb31b4cbc49c,,MD,,gxPopupLevel%3D0%3B,gx-no-cache=1533827494297 HTTP/1.1" 200 6324
186.67.172.234 - - [09/Aug/2018:12:12:52 -0300] "POST /cormun/servlet/prfichaempleado?15d9df774fa9f28e3055cb31b4cbc49c,,MD,,gxPopupLevel%3D0%3B,gx-no-cache=1533827496386 HTTP/1.1" 200 6371
201.215.248.160 - - [09/Aug/2018:12:12:53 -0300] "GET /cormun/servlet/trpermisosingoce? HTTP/1.1" 200 7712
201.215.248.160 - - [09/Aug/2018:12:12:53 -0300] "GET /cormun/static/gxcfg.js?201742714253516 HTTP/1.1" 304 -
186.67.172.234 - - [09/Aug/2018:12:12:53 -0300] "POST /cormun/servlet/prfichaempleado?15d9df774fa9f28e3055cb31b4cbc49c,,MD,,gxPopupLevel%3D0%3B,gx-no-cache=1533827498145 HTTP/1.1" 200 6424
201.215.248.160 - - [09/Aug/2018:12:12:54 -0300] "GET /cormun/servlet/trpermisosingoce? HTTP/1.1" 200 7712
186.67.172.234 - - [09/Aug/2018:12:12:55 -0300] "POST /cormun/servlet/prfichaempleado?15d9df774fa9f28e3055cb31b4cbc49c,,MD,,gxPopupLevel%3D0%3B,gx-no-cache=1533827499320 HTTP/1.1" 200 6471
186.67.172.234 - - [09/Aug/2018:12:12:56 -0300] "POST /cormun/servlet/prfichaempleado?15d9df774fa9f28e3055cb31b4cbc49c,,MD,,gxPopupLevel%3D0%3B,gx-no-cache=1533827500466 HTTP/1.1" 200 6345
186.67.172.234 - - [09/Aug/2018:12:12:57 -0300] "POST /cormun/servlet/prfichaempleado?15d9df774fa9f28e3055cb31b4cbc49c,,MD,,gxPopupLevel%3D0%3B,gx-no-cache=1533827501787 HTTP/1.1" 200 6291
40.77.188.59 - - [09/Aug/2018:12:13:04 -0300] "GET /cormun/servlet/hhome HTTP/1.1" 200 15606
40.77.188.59 - - [09/Aug/2018:12:13:04 -0300] "GET /cormun/static/Shared/jqueryui/jquery-ui.min.css?1245370 HTTP/1.1" 200 30288
40.77.188.87 - - [09/Aug/2018:12:13:06 -0300] "GET /cormun/static/SmoothNavMenu/resources/ddsmoothmenu-v.css?1012540 HTTP/1.1" 200 1188
40.77.188.87 - - [09/Aug/2018:12:13:06 -0300] "GET /cormun/static/scaMessage/css/jquery.pnotify.default.css?1716380 HTTP/1.1" 200 1707
186.67.172.234 - - [09/Aug/2018:12:13:08 -0300] "GET /cormun/servlet/solicitudot?a46963e2bcd5f33650b38d95af3992f3358c96156877452bd144de5d2da805a1c9c37be5f615f665802acf359d139f85,gx-no-cache=1533827512686 HTTP/1.1" 200 30
40.77.189.18 - - [09/Aug/2018:12:13:08 -0300] "GET /cormun/static/PXToolsJavascripts/pexe_autoreload.js HTTP/1.1" 200 1762
40.77.188.224 - - [09/Aug/2018:12:13:09 -0300] "GET /cormun/static/PXToolsJavascripts/pexe_cookies.js HTTP/1.1" 200 792
201.215.248.160 - - [09/Aug/2018:12:13:09 -0300] "GET /cormun/servlet/trpermisosgoce? HTTP/1.1" 200 8579
40.77.190.117 - - [09/Aug/2018:12:13:09 -0300] "GET /cormun/static/PXToolsJavascripts/pexe_windows.js HTTP/1.1" 200 15207
40.77.188.59 - - [09/Aug/2018:12:13:10 -0300] "GET /cormun/static/PXToolsJavascripts/pexe_link.js HTTP/1.1" 200 5671
201.215.248.160 - - [09/Aug/2018:12:13:10 -0300] "GET /cormun/servlet/trpermisosgoce? HTTP/1.1" 200 8579
186.67.172.234 - - [09/Aug/2018:12:13:10 -0300] "GET /cormun/servlet/prfichaempleado?,MD,,gxPopupLevel%3D0%3B HTTP/1.1" 200 9402
40.77.188.250 - - [09/Aug/2018:12:13:11 -0300] "GET /cormun/static/PXToolsJavascripts/pexe_menudivfix.js HTTP/1.1" 200 333
201.215.248.160 - - [09/Aug/2018:12:13:11 -0300] "GET /cormun/servlet/trlicencias? HTTP/1.1" 200 10182
40.77.190.128 - - [09/Aug/2018:12:13:12 -0300] "GET /cormun/static/PXToolsJavascripts/pexe_oav.js HTTP/1.1" 200 645
201.215.248.160 - - [09/Aug/2018:12:13:12 -0300] "GET /cormun/servlet/trlicencias? HTTP/1.1" 200 10179
40.77.189.166 - - [09/Aug/2018:12:13:13 -0300] "GET /cormun/static/PXToolsJavascripts/pexe_oavdivfix.js HTTP/1.1" 200 639
40.77.188.250 - - [09/Aug/2018:12:13:13 -0300] "GET /cormun/static/PXToolsJavascripts/pexe_picture.js HTTP/1.1" 200 689
40.77.189.18 - - [09/Aug/2018:12:13:14 -0300] "GET /cormun/static/PXToolsJavascripts/pexe_tabdivfix.js HTTP/1.1" 200 876
40.77.188.222 - - [09/Aug/2018:12:13:15 -0300] "GET /cormun/static/PXToolsJavascripts/pexe_tabs.js HTTP/1.1" 200 3748
40.77.188.59 - - [09/Aug/2018:12:13:15 -0300] "GET /cormun/static/PXToolsJavascripts/PXToolsJavascriptsRender.js HTTP/1.1" 200 367
201.215.248.160 - - [09/Aug/2018:12:13:16 -0300] "GET /cormun/servlet/hhome HTTP/1.1" 200 3995
201.215.248.160 - - [09/Aug/2018:12:13:17 -0300] "GET /cormun/servlet/hhome HTTP/1.1" 200 3992
40.77.189.166 - - [09/Aug/2018:12:13:17 -0300] "GET /cormun/static/Resources/logo4.png HTTP/1.1" 200 6582
186.67.172.234 - - [09/Aug/2018:12:13:18 -0300] "POST /cormun/servlet/prfichaempleado?15d9df774fa9f28e3055cb31b4cbc49c,,MD,,gxPopupLevel%3D0%3B,gx-no-cache=1533827522827 HTTP/1.1" 200 3927
40.77.188.222 - - [09/Aug/2018:12:13:19 -0300] "GET /cormun/static/gxui/gxui-all.js HTTP/1.1" 200 107772
40.77.188.222 - - [09/Aug/2018:12:13:19 -0300] "GET /cormun/static/Resources/PXToolsHeaderHome.png HTTP/1.1" 200 4147
40.77.190.117 - - [09/Aug/2018:12:13:20 -0300] "GET /cormun/static/Resources/PXToolsHeaderPreferences.png HTTP/1.1" 200 4189
40.77.190.17 - - [09/Aug/2018:12:13:21 -0300] "GET /cormun/static/Resources/PXToolsHeaderSecurity.png HTTP/1.1" 200 4166
40.77.188.59 - - [09/Aug/2018:12:13:21 -0300] "GET /cormun/static/Resources/PXToolsHeaderActionsRight.png HTTP/1.1" 200 1201
40.77.189.166 - - [09/Aug/2018:12:13:21 -0300] "GET /cormun/static/Resources/PXToolsHeaderActionsBackground.png HTTP/1.1" 200 484
40.77.188.87 - - [09/Aug/2018:12:13:21 -0300] "GET /cormun/static/Shared/ext/ext-all.js HTTP/1.1" 200 1289687
186.79.246.163 - - [09/Aug/2018:12:13:46 -0300] "POST /cormun/servlet/vesolicitudot?43942b47ca73b08b3af46beccf3e16c7,2018,12012,,,gx-no-cache=1533827554012 HTTP/1.1" 200 90
186.79.246.163 - - [09/Aug/2018:12:13:46 -0300] "GET /cormun/servlet/hpexe_link HTTP/1.1" 200 966
186.79.246.163 - - [09/Aug/2018:12:13:47 -0300] "GET /cormun/servlet/trsolicitudot HTTP/1.1" 200 8908
186.79.246.163 - - [09/Aug/2018:12:13:48 -0300] "GET /cormun/servlet/trsolicitudot HTTP/1.1" 200 8907
186.67.172.234 - - [09/Aug/2018:12:13:51 -0300] "GET /cormun/servlet/trsolicitudot? HTTP/1.1" 200 9325
201.215.248.160 - - [09/Aug/2018:12:13:51 -0300] "GET /cormun/servlet/trpermisosgoce? HTTP/1.1" 200 8586
186.67.172.234 - - [09/Aug/2018:12:13:52 -0300] "GET /cormun/servlet/trsolicitudot? HTTP/1.1" 200 9324
201.215.248.160 - - [09/Aug/2018:12:13:52 -0300] "GET /cormun/servlet/trpermisosgoce? HTTP/1.1" 200 8584
186.79.246.163 - - [09/Aug/2018:12:13:52 -0300] "POST /cormun/servlet/trsolicitudot?43942b47ca73b08b3af46beccf3e16c7,gx-no-cache=1533827560371 HTTP/1.1" 200 4715
201.215.248.34 - - [09/Aug/2018:12:13:52 -0300] "GET /cormun/static/Shared/jqueryui/images/ui-bg_flat_55_fafafa_40x100.png HTTP/1.1" 404 1097
201.215.248.34 - - [09/Aug/2018:12:13:52 -0300] "GET /cormun/static/Shared/jqueryui/images/ui-icons_8d78a5_256x240.png HTTP/1.1" 404 1089
186.79.246.163 - - [09/Aug/2018:12:13:53 -0300] "GET /cormun/static/Shared/jqueryui/images/ui-bg_highlight-soft_100_c6c2c8_1x100.png HTTP/1.1" 404 1117
186.79.246.163 - - [09/Aug/2018:12:13:53 -0300] "GET /cormun/static/Shared/jqueryui/images/ui-icons_82798d_256x240.png HTTP/1.1" 404 1089
201.215.248.34 - - [09/Aug/2018:12:13:53 -0300] "POST /cormun/servlet/trsolicitudot?43942b47ca73b08b3af46beccf3e16c7,gx-no-cache=1533827561107 HTTP/1.1" 200 4453
186.67.172.234 - - [09/Aug/2018:12:14:04 -0300] "GET /cormun/servlet/solicitudot?INS,0,0, HTTP/1.1" 200 13708
186.67.172.234 - - [09/Aug/2018:12:14:04 -0300] "GET /cormun/servlet/solicitudot?INS,0,0, HTTP/1.1" 200 13713
186.67.172.234 - - [09/Aug/2018:12:14:21 -0300] "GET /cormun/servlet/prfichaempleado?,MD,,gxPopupLevel%3D0%3B HTTP/1.1" 200 9402
186.67.172.234 - - [09/Aug/2018:12:14:26 -0300] "POST /cormun/servlet/solicitudot?gx-no-cache=1533827590993 HTTP/1.1" 200 3316
186.67.172.234 - - [09/Aug/2018:12:14:26 -0300] "POST /cormun/servlet/solicitudot?15d9df774fa9f28e3055cb31b4cbc49c,INS,0,0,,gx-no-cache=1533827591098 HTTP/1.1" 200 10469
201.215.248.34 - - [09/Aug/2018:12:14:51 -0300] "GET /cormun/servlet/hlogin HTTP/1.1" 200 1737
186.67.172.234 - - [09/Aug/2018:12:15:26 -0300] "GET /cormun/servlet/solicitudot?a46963e2bcd5f33650b38d95af3992f38c9295c44fdc7bc6946fe681cbcbabf7bfc5eae99272a7a20b9c5554b58e32b6,gx-no-cache=1533827651271 HTTP/1.1" 200 111
186.67.172.234 - - [09/Aug/2018:12:15:26 -0300] "GET /cormun/static/Shared/jqueryui/images/ui-bg_highlight-soft_100_c6c2c8_1x100.png HTTP/1.1" 404 1117
186.67.172.234 - - [09/Aug/2018:12:15:26 -0300] "GET /cormun/static/Shared/jqueryui/images/ui-bg_flat_55_994d53_40x100.png HTTP/1.1" 404 1097
186.67.172.234 - - [09/Aug/2018:12:15:26 -0300] "GET /cormun/static/Shared/jqueryui/images/ui-icons_ebccce_256x240.png HTTP/1.1" 404 1089
186.67.172.234 - - [09/Aug/2018:12:15:26 -0300] "GET /cormun/static/Shared/jqueryui/images/ui-icons_82798d_256x240.png HTTP/1.1" 404 1089
186.67.172.234 - - [09/Aug/2018:12:15:36 -0300] "GET /cormun/servlet/solicitudot?a46963e2bcd5f33650b38d95af3992f3358c96156877452bd144de5d2da805a1c9c37be5f615f665802acf359d139f85,gx-no-cache=1533827661220 HTTP/1.1" 200 30
192.168.10.96 - - [09/Aug/2018:12:16:09 -0300] "GET /cormun/servlet/trsolicitudgral? HTTP/1.1" 500 10
192.168.10.96 - - [09/Aug/2018:12:16:14 -0300] "GET /cormun/servlet/hlogin HTTP/1.1" 200 1720
192.168.10.96 - - [09/Aug/2018:12:16:14 -0300] "GET /cormun/servlet/hlogin HTTP/1.1" 200 1720
186.67.172.234 - - [09/Aug/2018:12:17:06 -0300] "GET /cormun/servlet/solicitudot?a46963e2bcd5f33650b38d95af3992f33ba3ec8b8288b92d5de223e8ca2fd5f63a624a1c0a2921ffe80addd04cd3ea7615321fb010e4fb6741ff6e81b0d68d9f,gx-no-cache=1533827751176 HTTP/1.1" 200 30
186.67.172.234 - - [09/Aug/2018:12:17:06 -0300] "GET /cormun/servlet/solicitudot?a46963e2bcd5f33650b38d95af3992f3c1857ef208767a2ec3cdb57e42a538d9,gx-no-cache=1533827751238 HTTP/1.1" 200 29
186.67.172.234 - - [09/Aug/2018:12:17:09 -0300] "POST /cormun/servlet/solicitudot?gx-no-cache=1533827753832 HTTP/1.1" 200 255
186.67.172.234 - - [09/Aug/2018:12:17:12 -0300] "GET /cormun/servlet/solicitudot?a46963e2bcd5f33650b38d95af3992f368a2e04ed656a47fbc973079ea0b35f942d1d13bd628cddf6f9e344694fa8b4f850d5c621350b3e9d15f157dc20a0050137fb1d4b9c2c8bf3b786f3d5d00d15b67fa2bc7898227be45237e9337fea1498727dc6e449d931c34db466873773d592caa43240958b4104b806baa1915933130cfc5d05431711c19ec0e728cb1df0f90f88166b34643f647da6a1f19061826c602183d5d935d2ffb270b0093bf2369cbfe4d5dfcb0b5b8f8dd3f2bfabf5f5ed8312d49e9d7eb3adc7e2e55099cab7c33cdecfa25a5748f9f8ad412d495101a806f8894366fd5b55ca51a103691ab7fa8065dead412afdb0b6aade5fecd727408ffee813bdadeaddc6264efd8860edc85c07d444ccd8e85b943f27e4c9c7761e62d187d162dd7b4d25c32713efa9a6c0ffb7346f2f814bbecd259b299cfc799d06a7c39a54d4f80100627faf33ffcd40ceb9962f677a280e84d6a8263d7817b6730141f0f3c712302ef0ac7a085886e8080aeb0e763b4464e79b6cd1ea376ae,gx-no-cache=1533827756778 HTTP/1.1" 200 30
186.67.172.234 - - [09/Aug/2018:12:17:14 -0300] "POST /cormun/servlet/solicitudot?gx-no-cache=1533827759143 HTTP/1.1" 200 30
186.67.172.234 - - [09/Aug/2018:12:17:15 -0300] "GET /cormun/servlet/prcontratosol?17133905,,,,,MD,,gxPopupLevel%3D0%3B HTTP/1.1" 200 7554
186.67.172.234 - - [09/Aug/2018:12:17:20 -0300] "POST /cormun/servlet/solicitudot?gx-no-cache=1533827765128 HTTP/1.1" 200 1458
186.67.172.234 - - [09/Aug/2018:12:17:20 -0300] "POST /cormun/servlet/solicitudot?gx-no-cache=1533827765171 HTTP/1.1" 200 117
186.67.172.234 - - [09/Aug/2018:12:17:20 -0300] "GET /cormun/servlet/solicitudot?a46963e2bcd5f33650b38d95af3992f376090262d4e149c0ee4189098d822bb08477b8ef6c9b483f0eff840ef9037a09e1452730c30ba40a07f49a0de39e9476389907594f2473b43dab6a2a489fd25c55fccecb0a834e83b396652651803f49317fe40f1a49fcb2a33b6298b7b5f3c3,gx-no-cache=1533827765201 HTTP/1.1" 200 29
186.67.172.234 - - [09/Aug/2018:12:17:20 -0300] "GET /cormun/servlet/solicitudot?a46963e2bcd5f33650b38d95af3992f3e11cee473ae76ebe348e28be51e8d54746b658854199b3c5a168968f136f10d27811d7756ba5cb9786f5f0aa4ba19513628e6f3f2143bd0d25739e8538182fe3572afabc0b66f8fc2d1c98f7bd7c45aea18bd1bb028c0b3b30ed21d6a905d7bec2626a049fb21060d19167628b7f6aa915aeae718ca38df076e77e366feb5310c049fcb025d7a58a147b2d5fed942ddd9ba268b66c39efe6b34ee0192286ff94ae6f73b898b265fd2af0a6e6b627579b,gx-no-cache=1533827765226 HTTP/1.1" 200 62
186.67.172.234 - - [09/Aug/2018:12:17:20 -0300] "GET /cormun/servlet/solicitudot?c7892b2bc8d113493608ba0d4fe788114e599ee034aebdc7ec0b3a0f9079aed348a2b39f49e1fede849956b38248c804c8ce6587612b7d2ddf3885fdb05b7b49b69a334c903de90e91e3476936614817,gx-no-cache=1533827765257 HTTP/1.1" 200 55
186.67.172.234 - - [09/Aug/2018:12:17:20 -0300] "GET /cormun/servlet/solicitudot?a46963e2bcd5f33650b38d95af3992f382e8216947d1ec3b5719580dd211b1ddf156922570804685e044381ea2e6e50d,gx-no-cache=1533827765282 HTTP/1.1" 200 134
186.67.172.234 - - [09/Aug/2018:12:18:37 -0300] "GET /cormun/servlet/prlicenciaspermisos?14083819,L,,MD,,gxPopupLevel%3D0%3B HTTP/1.1" 200 5585
186.67.172.234 - - [09/Aug/2018:12:18:40 -0300] "POST /cormun/servlet/solicitudot?gx-no-cache=1533827845630 HTTP/1.1" 200 1376
186.67.172.234 - - [09/Aug/2018:12:18:47 -0300] "POST /cormun/servlet/solicitudot?gx-no-cache=1533827852340 HTTP/1.1" 200 41
186.67.172.234 - - [09/Aug/2018:12:19:23 -0300] "POST /cormun/servlet/solicitudot?gx-no-cache=1533827887828 HTTP/1.1" 200 1357
186.67.172.234 - - [09/Aug/2018:12:19:23 -0300] "POST /cormun/servlet/solicitudot?gx-no-cache=1533827887913 HTTP/1.1" 200 1258
186.67.203.186 - - [09/Aug/2018:12:19:27 -0300] "GET /cormun/servlet/trcontratosolicitud? HTTP/1.1" 200 14448
186.67.172.234 - - [09/Aug/2018:12:19:28 -0300] "GET /cormun/static/menuarrow.gif HTTP/1.1" 404 1015
186.67.203.186 - - [09/Aug/2018:12:19:31 -0300] "GET /cormun/servlet/trcontratosolicitud? HTTP/1.1" 200 14452
186.67.172.234 - - [09/Aug/2018:12:19:33 -0300] "GET /cormun/servlet/solicitudot?a46963e2bcd5f33650b38d95af3992f394618c5ea6045cb47e65df39739a80e9067adb694e94cccfb34ff6cdc2477ab9,gx-no-cache=1533827898220 HTTP/1.1" 200 30
186.67.172.234 - - [09/Aug/2018:12:19:41 -0300] "POST /cormun/servlet/solicitudot?gx-no-cache=1533827906533 HTTP/1.1" 200 32
186.67.172.234 - - [09/Aug/2018:12:20:12 -0300] "POST /cormun/servlet/solicitudot?15d9df774fa9f28e3055cb31b4cbc49c,INS,0,0,,gx-no-cache=1533827936601 HTTP/1.1" 200 93
186.67.172.234 - - [09/Aug/2018:12:20:12 -0300] "GET /cormun/servlet/hpexe_return? HTTP/1.1" 200 1005
186.67.172.234 - - [09/Aug/2018:12:20:12 -0300] "GET /cormun/servlet/trsolicitudot HTTP/1.1" 200 9696
186.67.172.234 - - [09/Aug/2018:12:20:13 -0300] "GET /cormun/servlet/trsolicitudot HTTP/1.1" 200 9691
186.67.172.234 - - [09/Aug/2018:12:21:26 -0300] "POST /cormun/servlet/trsolicitudot?15d9df774fa9f28e3055cb31b4cbc49c,gx-no-cache=1533828011453 HTTP/1.1" 200 6358
186.67.172.234 - - [09/Aug/2018:12:21:26 -0300] "GET /cormun/static/Shared/jqueryui/images/ui-bg_highlight-soft_100_c6c2c8_1x100.png HTTP/1.1" 404 1117
186.67.172.234 - - [09/Aug/2018:12:21:26 -0300] "GET /cormun/static/Shared/jqueryui/images/ui-icons_82798d_256x240.png HTTP/1.1" 404 1089
186.67.172.234 - - [09/Aug/2018:12:21:26 -0300] "GET /cormun/static/Shared/jqueryui/images/ui-bg_flat_55_fafafa_40x100.png HTTP/1.1" 404 1097
186.67.172.234 - - [09/Aug/2018:12:21:26 -0300] "GET /cormun/static/Shared/jqueryui/images/ui-icons_8d78a5_256x240.png HTTP/1.1" 404 1089
