186.103.159.182 - - [03/Aug/2018:14:43:35 -0300] "POST /cormun/servlet/solicitudotadjuntos?871eef3e1b550ddd8a5686255ed23045,INS,2018,11986,,1, HTTP/1.1" 200 116
186.103.159.182 - - [03/Aug/2018:14:43:35 -0300] "GET /cormun/servlet/hpexe_return? HTTP/1.1" 200 1024
186.103.159.182 - - [03/Aug/2018:14:43:35 -0300] "GET /cormun/servlet/trsolicitudadjuntos?2018,11986, HTTP/1.1" 200 8956
186.103.159.182 - - [03/Aug/2018:14:43:36 -0300] "GET /cormun/servlet/trsolicitudadjuntos?2018,11986, HTTP/1.1" 200 8955
186.103.159.182 - - [03/Aug/2018:14:43:38 -0300] "GET /cormun/servlet/solicitudotadjuntos?INS,2018,11986,,1, HTTP/1.1" 200 6305
186.103.157.235 - - [03/Aug/2018:14:43:38 -0300] "GET /cormun/servlet/licenciaspermisos?0a6ea707670fdde8ec1c110ca378f6f3eccdfd886f369080746762a30f7fcc8da956b0d5070da4883c2ba42f78457538b373bb985db87c672a386cb8f51b71611fd292105a6d1565a77ae572e6dd8e6193b545f3d5fd3523096e3bf67cb3b4270efadd748552b0c6ccd72b6f392a11ebdef2d759da943809add5e6772df8ea42f52f56c8ccddf91ff706f4d523d53fb0038ccb959a2fd0fc3213181c9abea15ff937358d65c5efff989a73b132972b2f,gx-no-cache=1533318147787 HTTP/1.1" 200 30
186.103.157.235 - - [03/Aug/2018:14:43:38 -0300] "GET /cormun/servlet/licenciaspermisos?0a6ea707670fdde8ec1c110ca378f6f33a917cc2c3d4c16c6db325a3a04cace36bf070041e4d0db3c39d7e78d65665dd5edc0451e0df8a2073ed90a3ede92f60cdb915d595cee4c1244a6eebea6f1837adf99a3e1c4a385dd5e1c0c7172a03370cc4990729bb9700a84da4ea6faec790970ebf134d252f93a21a9ffe49fa6fa86e8e5f96ce9cb9006f4ed233fe8f6cbc307eff5a4a0b85864a6a9b7251b8fb8c944911f21ad4ef85aa6ea284bf053de8,gx-no-cache=1533318147828 HTTP/1.1" 200 29
186.103.159.182 - - [03/Aug/2018:14:43:39 -0300] "GET /cormun/static/about:blank HTTP/1.1" 404 1011
186.103.159.182 - - [03/Aug/2018:14:43:39 -0300] "GET /cormun/servlet/solicitudotadjuntos?INS,2018,11986,,1, HTTP/1.1" 200 6298
186.103.157.235 - - [03/Aug/2018:14:43:39 -0300] "POST /cormun/servlet/licenciaspermisos?e492bb4cbc8dacbe933acbe3fc06fba7,INS,0,,,,gx-no-cache=1533318147858 HTTP/1.1" 200 93
186.103.157.235 - - [03/Aug/2018:14:43:39 -0300] "GET /cormun/servlet/hpexe_return? HTTP/1.1" 200 1035
186.103.157.235 - - [03/Aug/2018:14:43:39 -0300] "GET /cormun/servlet/trlicencias?gx-no-cache=1533317989011 HTTP/1.1" 200 11557
186.103.159.182 - - [03/Aug/2018:14:43:39 -0300] "GET /cormun/servlet/solicitudotadjuntos?f676b4e6882ea168fa7fb5a864bdd7a401dfaed69e418dec26e56a5c1fe1a9cf182f37aa3f7529ba71a91f7c05d1d5e0,gx-no-cache=1533318145216 HTTP/1.1" 200 30
186.103.159.182 - - [03/Aug/2018:14:43:39 -0300] "POST /cormun/servlet/solicitudotadjuntos?871eef3e1b550ddd8a5686255ed23045,INS,2018,11986,,1,,gx-no-cache=1533318145240 HTTP/1.1" 200 3981
186.103.157.235 - - [03/Aug/2018:14:43:40 -0300] "GET /cormun/servlet/trlicencias?gx-no-cache=1533317989011 HTTP/1.1" 200 11573
186.103.159.182 - - [03/Aug/2018:14:43:41 -0300] "POST /cormun/servlet/solicitudotadjuntos?gx-no-cache=1533318146662 HTTP/1.1" 200 26
186.103.159.182 - - [03/Aug/2018:14:43:44 -0300] "GET /cormun/servlet/solicitudotadjuntos?f676b4e6882ea168fa7fb5a864bdd7a49408de1765850b06c28c178c8a12bab2,gx-no-cache=1533318149918 HTTP/1.1" 200 30
186.103.159.182 - - [03/Aug/2018:14:43:44 -0300] "GET /cormun/servlet/solicitudotadjuntos?f676b4e6882ea168fa7fb5a864bdd7a49408de1765850b06c28c178c8a12bab2,gx-no-cache=1533318149957 HTTP/1.1" 200 30
186.103.157.235 - - [03/Aug/2018:14:43:44 -0300] "GET /cormun/servlet/trlicenciaspermisosadjuntos?14200237,20180803000000,L, HTTP/1.1" 200 6592
186.103.159.182 - - [03/Aug/2018:14:43:44 -0300] "POST /cormun/servlet/solicitudotadjuntos?871eef3e1b550ddd8a5686255ed23045,INS,2018,11986,,1, HTTP/1.1" 200 116
186.103.159.182 - - [03/Aug/2018:14:43:45 -0300] "GET /cormun/servlet/hpexe_return? HTTP/1.1" 200 1024
186.103.157.235 - - [03/Aug/2018:14:43:45 -0300] "GET /cormun/servlet/trlicenciaspermisosadjuntos?14200237,20180803000000,L, HTTP/1.1" 200 6571
186.103.159.182 - - [03/Aug/2018:14:43:45 -0300] "GET /cormun/servlet/trsolicitudadjuntos?2018,11986, HTTP/1.1" 200 9179
186.103.159.182 - - [03/Aug/2018:14:43:45 -0300] "GET /cormun/servlet/trsolicitudadjuntos?2018,11986, HTTP/1.1" 200 9180
186.103.157.235 - - [03/Aug/2018:14:43:46 -0300] "GET /cormun/servlet/licenciaspermisosadjuntos?INS,14200237,L,20180803000000,, HTTP/1.1" 200 5872
186.103.157.235 - - [03/Aug/2018:14:43:47 -0300] "GET /cormun/static/about:blank HTTP/1.1" 404 1011
186.103.157.235 - - [03/Aug/2018:14:43:47 -0300] "GET /cormun/servlet/licenciaspermisosadjuntos?INS,14200237,L,20180803000000,, HTTP/1.1" 200 5861
186.103.159.182 - - [03/Aug/2018:14:43:47 -0300] "GET /cormun/servlet/solicitudotadjuntos?INS,2018,11986,,1, HTTP/1.1" 200 6305
186.103.159.182 - - [03/Aug/2018:14:43:47 -0300] "GET /cormun/static/about:blank HTTP/1.1" 404 1011
186.103.159.182 - - [03/Aug/2018:14:43:47 -0300] "GET /cormun/servlet/solicitudotadjuntos?INS,2018,11986,,1, HTTP/1.1" 200 6298
186.103.159.182 - - [03/Aug/2018:14:43:48 -0300] "GET /cormun/servlet/solicitudotadjuntos?f676b4e6882ea168fa7fb5a864bdd7a401dfaed69e418dec26e56a5c1fe1a9cf182f37aa3f7529ba71a91f7c05d1d5e0,gx-no-cache=1533318153823 HTTP/1.1" 200 30
186.103.159.182 - - [03/Aug/2018:14:43:48 -0300] "POST /cormun/servlet/solicitudotadjuntos?871eef3e1b550ddd8a5686255ed23045,INS,2018,11986,,1,,gx-no-cache=1533318153858 HTTP/1.1" 200 3981
186.103.159.182 - - [03/Aug/2018:14:43:50 -0300] "POST /cormun/servlet/solicitudotadjuntos?gx-no-cache=1533318155798 HTTP/1.1" 200 26
186.103.159.182 - - [03/Aug/2018:14:43:54 -0300] "GET /cormun/servlet/solicitudotadjuntos?f676b4e6882ea168fa7fb5a864bdd7a49408de1765850b06c28c178c8a12bab2,gx-no-cache=1533318159591 HTTP/1.1" 200 30
186.103.159.182 - - [03/Aug/2018:14:43:54 -0300] "GET /cormun/servlet/solicitudotadjuntos?f676b4e6882ea168fa7fb5a864bdd7a49408de1765850b06c28c178c8a12bab2,gx-no-cache=1533318159607 HTTP/1.1" 200 30
186.103.159.182 - - [03/Aug/2018:14:43:54 -0300] "POST /cormun/servlet/solicitudotadjuntos?871eef3e1b550ddd8a5686255ed23045,INS,2018,11986,,1, HTTP/1.1" 200 116
186.103.159.182 - - [03/Aug/2018:14:43:54 -0300] "GET /cormun/servlet/hpexe_return? HTTP/1.1" 200 1024
186.103.159.182 - - [03/Aug/2018:14:43:54 -0300] "GET /cormun/servlet/trsolicitudadjuntos?2018,11986, HTTP/1.1" 200 9348
186.103.159.182 - - [03/Aug/2018:14:43:55 -0300] "GET /cormun/servlet/trsolicitudadjuntos?2018,11986, HTTP/1.1" 200 9347
186.103.157.235 - - [03/Aug/2018:14:43:56 -0300] "POST /cormun/servlet/licenciaspermisosadjuntos?e492bb4cbc8dacbe933acbe3fc06fba7,INS,14200237,L,20180803000000,, HTTP/1.1" 200 116
186.103.157.235 - - [03/Aug/2018:14:43:56 -0300] "GET /cormun/servlet/hpexe_return? HTTP/1.1" 200 1042
186.103.157.235 - - [03/Aug/2018:14:43:56 -0300] "GET /cormun/servlet/trlicenciaspermisosadjuntos?14200237,20180803000000,L, HTTP/1.1" 200 7110
186.103.159.182 - - [03/Aug/2018:14:43:56 -0300] "GET /cormun/servlet/solicitudotadjuntos?INS,2018,11986,,1, HTTP/1.1" 200 6305
186.103.159.182 - - [03/Aug/2018:14:43:57 -0300] "GET /cormun/static/about:blank HTTP/1.1" 404 1011
186.103.157.235 - - [03/Aug/2018:14:43:57 -0300] "GET /cormun/servlet/trlicenciaspermisosadjuntos?14200237,20180803000000,L, HTTP/1.1" 200 7106
186.103.159.182 - - [03/Aug/2018:14:43:57 -0300] "GET /cormun/servlet/solicitudotadjuntos?INS,2018,11986,,1, HTTP/1.1" 200 6298
186.103.159.182 - - [03/Aug/2018:14:43:57 -0300] "GET /cormun/servlet/solicitudotadjuntos?f676b4e6882ea168fa7fb5a864bdd7a401dfaed69e418dec26e56a5c1fe1a9cf182f37aa3f7529ba71a91f7c05d1d5e0,gx-no-cache=1533318163314 HTTP/1.1" 200 30
186.103.159.182 - - [03/Aug/2018:14:43:57 -0300] "POST /cormun/servlet/solicitudotadjuntos?871eef3e1b550ddd8a5686255ed23045,INS,2018,11986,,1,,gx-no-cache=1533318163361 HTTP/1.1" 200 3981
186.103.159.182 - - [03/Aug/2018:14:43:59 -0300] "POST /cormun/servlet/solicitudotadjuntos?gx-no-cache=1533318164806 HTTP/1.1" 200 26
186.103.157.235 - - [03/Aug/2018:14:44:01 -0300] "POST /cormun/servlet/trlicenciaspermisosadjuntos?e492bb4cbc8dacbe933acbe3fc06fba7,14200237,20180803000000,L,,gx-no-cache=1533318169879 HTTP/1.1" 200 90
186.103.157.235 - - [03/Aug/2018:14:44:01 -0300] "GET /cormun/servlet/hpexe_link HTTP/1.1" 200 1006
186.103.157.235 - - [03/Aug/2018:14:44:01 -0300] "GET /cormun/servlet/trlicencias?gx-no-cache=1533317989011 HTTP/1.1" 200 11554
186.103.157.235 - - [03/Aug/2018:14:44:01 -0300] "GET /cormun/servlet/trlicencias?gx-no-cache=1533317989011 HTTP/1.1" 200 11573
186.103.159.182 - - [03/Aug/2018:14:44:03 -0300] "GET /cormun/servlet/solicitudotadjuntos?f676b4e6882ea168fa7fb5a864bdd7a49408de1765850b06c28c178c8a12bab2,gx-no-cache=1533318168935 HTTP/1.1" 200 30
186.103.159.182 - - [03/Aug/2018:14:44:03 -0300] "GET /cormun/servlet/solicitudotadjuntos?f676b4e6882ea168fa7fb5a864bdd7a49408de1765850b06c28c178c8a12bab2,gx-no-cache=1533318168951 HTTP/1.1" 200 30
186.103.159.182 - - [03/Aug/2018:14:44:04 -0300] "POST /cormun/servlet/solicitudotadjuntos?871eef3e1b550ddd8a5686255ed23045,INS,2018,11986,,1, HTTP/1.1" 200 116
186.103.159.182 - - [03/Aug/2018:14:44:04 -0300] "GET /cormun/servlet/hpexe_return? HTTP/1.1" 200 1024
186.103.159.182 - - [03/Aug/2018:14:44:04 -0300] "GET /cormun/servlet/trsolicitudadjuntos?2018,11986, HTTP/1.1" 200 9567
186.103.159.182 - - [03/Aug/2018:14:44:05 -0300] "GET /cormun/servlet/trsolicitudadjuntos?2018,11986, HTTP/1.1" 200 9565
186.103.157.235 - - [03/Aug/2018:14:44:05 -0300] "POST /cormun/servlet/trlicencias?e492bb4cbc8dacbe933acbe3fc06fba7,gx-no-cache=1533317989011,gx-no-cache=1533318173937 HTTP/1.1" 200 8901
186.103.157.235 - - [03/Aug/2018:14:44:05 -0300] "GET /cormun/static/Shared/jqueryui/images/ui-bg_highlight-soft_100_c6c2c8_1x100.png HTTP/1.1" 404 1117
186.103.157.235 - - [03/Aug/2018:14:44:05 -0300] "GET /cormun/static/Shared/jqueryui/images/ui-icons_82798d_256x240.png HTTP/1.1" 404 1089
186.103.157.235 - - [03/Aug/2018:14:44:05 -0300] "GET /cormun/static/Shared/jqueryui/images/ui-icons_8d78a5_256x240.png HTTP/1.1" 404 1089
186.103.157.235 - - [03/Aug/2018:14:44:05 -0300] "GET /cormun/static/Shared/jqueryui/images/ui-bg_flat_55_fafafa_40x100.png HTTP/1.1" 404 1097
186.103.159.182 - - [03/Aug/2018:14:44:09 -0300] "GET /cormun/servlet/solicitudotadjuntos?INS,2018,11986,,1, HTTP/1.1" 200 6305
186.103.159.182 - - [03/Aug/2018:14:44:09 -0300] "GET /cormun/static/about:blank HTTP/1.1" 404 1011
186.103.159.182 - - [03/Aug/2018:14:44:09 -0300] "GET /cormun/servlet/solicitudotadjuntos?INS,2018,11986,,1, HTTP/1.1" 200 6298
186.103.157.235 - - [03/Aug/2018:14:44:09 -0300] "GET /cormun/servlet/alicenciaprn?11277524,L,20180803000000,PU HTTP/1.1" 200 1536
186.103.159.182 - - [03/Aug/2018:14:44:09 -0300] "GET /cormun/servlet/solicitudotadjuntos?f676b4e6882ea168fa7fb5a864bdd7a401dfaed69e418dec26e56a5c1fe1a9cf182f37aa3f7529ba71a91f7c05d1d5e0,gx-no-cache=1533318175319 HTTP/1.1" 200 30
186.103.159.182 - - [03/Aug/2018:14:44:09 -0300] "POST /cormun/servlet/solicitudotadjuntos?871eef3e1b550ddd8a5686255ed23045,INS,2018,11986,,1,,gx-no-cache=1533318175351 HTTP/1.1" 200 3981
186.103.159.182 - - [03/Aug/2018:14:44:11 -0300] "POST /cormun/servlet/solicitudotadjuntos?gx-no-cache=1533318176694 HTTP/1.1" 200 26
201.215.248.34 - - [03/Aug/2018:14:44:11 -0300] "GET /cormun/servlet/trsolicitudot? HTTP/1.1" 200 7458
201.215.248.34 - - [03/Aug/2018:14:44:12 -0300] "GET /cormun/servlet/trsolicitudot? HTTP/1.1" 200 7442
186.103.159.182 - - [03/Aug/2018:14:44:15 -0300] "GET /cormun/servlet/solicitudotadjuntos?f676b4e6882ea168fa7fb5a864bdd7a49408de1765850b06c28c178c8a12bab2,gx-no-cache=1533318181215 HTTP/1.1" 200 30
186.103.159.182 - - [03/Aug/2018:14:44:15 -0300] "GET /cormun/servlet/solicitudotadjuntos?f676b4e6882ea168fa7fb5a864bdd7a49408de1765850b06c28c178c8a12bab2,gx-no-cache=1533318181231 HTTP/1.1" 200 30
186.103.159.182 - - [03/Aug/2018:14:44:16 -0300] "POST /cormun/servlet/solicitudotadjuntos?871eef3e1b550ddd8a5686255ed23045,INS,2018,11986,,1, HTTP/1.1" 200 116
186.103.159.182 - - [03/Aug/2018:14:44:16 -0300] "GET /cormun/servlet/hpexe_return? HTTP/1.1" 200 1024
186.103.159.182 - - [03/Aug/2018:14:44:17 -0300] "GET /cormun/servlet/trsolicitudadjuntos?2018,11986, HTTP/1.1" 200 9819
186.103.159.182 - - [03/Aug/2018:14:44:18 -0300] "GET /cormun/servlet/trsolicitudadjuntos?2018,11986, HTTP/1.1" 200 9819
186.103.159.182 - - [03/Aug/2018:14:44:19 -0300] "GET /cormun/servlet/solicitudotadjuntos?INS,2018,11986,,1, HTTP/1.1" 200 6305
186.103.159.182 - - [03/Aug/2018:14:44:19 -0300] "GET /cormun/static/about:blank HTTP/1.1" 404 1011
186.103.159.182 - - [03/Aug/2018:14:44:19 -0300] "GET /cormun/servlet/solicitudotadjuntos?INS,2018,11986,,1, HTTP/1.1" 200 6298
186.103.159.182 - - [03/Aug/2018:14:44:20 -0300] "GET /cormun/servlet/solicitudotadjuntos?f676b4e6882ea168fa7fb5a864bdd7a401dfaed69e418dec26e56a5c1fe1a9cf182f37aa3f7529ba71a91f7c05d1d5e0,gx-no-cache=1533318185847 HTTP/1.1" 200 30
186.103.159.182 - - [03/Aug/2018:14:44:20 -0300] "POST /cormun/servlet/solicitudotadjuntos?871eef3e1b550ddd8a5686255ed23045,INS,2018,11986,,1,,gx-no-cache=1533318185880 HTTP/1.1" 200 3981
186.103.159.182 - - [03/Aug/2018:14:44:21 -0300] "POST /cormun/servlet/solicitudotadjuntos?gx-no-cache=1533318187359 HTTP/1.1" 200 26
186.103.159.182 - - [03/Aug/2018:14:44:25 -0300] "GET /cormun/servlet/solicitudotadjuntos?f676b4e6882ea168fa7fb5a864bdd7a49408de1765850b06c28c178c8a12bab2,gx-no-cache=1533318190862 HTTP/1.1" 200 30
186.103.159.182 - - [03/Aug/2018:14:44:25 -0300] "GET /cormun/servlet/solicitudotadjuntos?f676b4e6882ea168fa7fb5a864bdd7a49408de1765850b06c28c178c8a12bab2,gx-no-cache=1533318190882 HTTP/1.1" 200 30
186.103.159.182 - - [03/Aug/2018:14:44:26 -0300] "POST /cormun/servlet/solicitudotadjuntos?871eef3e1b550ddd8a5686255ed23045,INS,2018,11986,,1, HTTP/1.1" 200 116
186.103.159.182 - - [03/Aug/2018:14:44:26 -0300] "GET /cormun/servlet/hpexe_return? HTTP/1.1" 200 1024
186.103.159.182 - - [03/Aug/2018:14:44:26 -0300] "GET /cormun/servlet/trsolicitudadjuntos?2018,11986, HTTP/1.1" 200 10050
186.103.159.182 - - [03/Aug/2018:14:44:27 -0300] "GET /cormun/servlet/trsolicitudadjuntos?2018,11986, HTTP/1.1" 200 10049
186.103.159.182 - - [03/Aug/2018:14:44:29 -0300] "POST /cormun/servlet/trsolicitudadjuntos?871eef3e1b550ddd8a5686255ed23045,2018,11986,,gx-no-cache=1533318194905 HTTP/1.1" 200 90
186.103.159.182 - - [03/Aug/2018:14:44:29 -0300] "GET /cormun/servlet/hpexe_link HTTP/1.1" 200 965
186.103.159.182 - - [03/Aug/2018:14:44:29 -0300] "GET /cormun/servlet/trsolicitudot HTTP/1.1" 200 9545
186.103.159.182 - - [03/Aug/2018:14:44:30 -0300] "GET /cormun/servlet/trsolicitudot HTTP/1.1" 200 9544
186.103.159.182 - - [03/Aug/2018:14:44:53 -0300] "POST /cormun/servlet/trsolicitudot?871eef3e1b550ddd8a5686255ed23045,gx-no-cache=1533318218674 HTTP/1.1" 200 6227
186.103.159.182 - - [03/Aug/2018:14:44:53 -0300] "GET /cormun/static/Shared/jqueryui/images/ui-bg_highlight-soft_100_c6c2c8_1x100.png HTTP/1.1" 404 1117
186.103.159.182 - - [03/Aug/2018:14:44:53 -0300] "GET /cormun/static/Shared/jqueryui/images/ui-icons_82798d_256x240.png HTTP/1.1" 404 1089
186.103.159.182 - - [03/Aug/2018:14:44:53 -0300] "GET /cormun/static/Shared/jqueryui/images/ui-icons_8d78a5_256x240.png HTTP/1.1" 404 1089
186.103.159.182 - - [03/Aug/2018:14:44:53 -0300] "GET /cormun/static/Shared/jqueryui/images/ui-bg_flat_55_fafafa_40x100.png HTTP/1.1" 404 1097
186.103.159.182 - - [03/Aug/2018:14:44:53 -0300] "POST /cormun/servlet/trsolicitudot?871eef3e1b550ddd8a5686255ed23045,gx-no-cache=1533318218980 HTTP/1.1" 200 6169
186.103.159.182 - - [03/Aug/2018:14:44:54 -0300] "POST /cormun/servlet/trsolicitudot?871eef3e1b550ddd8a5686255ed23045,gx-no-cache=1533318219704 HTTP/1.1" 200 5847
186.103.159.182 - - [03/Aug/2018:14:44:54 -0300] "POST /cormun/servlet/trsolicitudot?871eef3e1b550ddd8a5686255ed23045,gx-no-cache=1533318219881 HTTP/1.1" 200 5791
186.103.159.182 - - [03/Aug/2018:14:44:55 -0300] "POST /cormun/servlet/trsolicitudot?871eef3e1b550ddd8a5686255ed23045,gx-no-cache=1533318220696 HTTP/1.1" 200 4670
186.103.159.182 - - [03/Aug/2018:14:44:55 -0300] "POST /cormun/servlet/trsolicitudot?871eef3e1b550ddd8a5686255ed23045,gx-no-cache=1533318220849 HTTP/1.1" 200 4447
186.103.159.182 - - [03/Aug/2018:14:44:58 -0300] "GET /cormun/servlet/trautorizarsolicitud? HTTP/1.1" 200 9438
186.103.159.182 - - [03/Aug/2018:14:44:58 -0300] "GET /cormun/static/gxcfg.js?2017111423403364 HTTP/1.1" 200 953
186.103.159.182 - - [03/Aug/2018:14:44:58 -0300] "GET /cormun/static/trautorizarsolicitud.js?201711142340425 HTTP/1.1" 200 53910
186.103.159.182 - - [03/Aug/2018:14:44:58 -0300] "GET /cormun/servlet/trautorizarsolicitud? HTTP/1.1" 200 9438
186.103.159.182 - - [03/Aug/2018:14:45:02 -0300] "POST /cormun/servlet/trautorizarsolicitud?871eef3e1b550ddd8a5686255ed23045,,gx-no-cache=1533318227436 HTTP/1.1" 200 6155
186.103.159.182 - - [03/Aug/2018:14:45:02 -0300] "POST /cormun/servlet/trautorizarsolicitud?871eef3e1b550ddd8a5686255ed23045,,gx-no-cache=1533318227641 HTTP/1.1" 200 6097
186.103.159.182 - - [03/Aug/2018:14:45:04 -0300] "POST /cormun/servlet/trautorizarsolicitud?871eef3e1b550ddd8a5686255ed23045,,gx-no-cache=1533318229968 HTTP/1.1" 200 5774
186.103.159.182 - - [03/Aug/2018:14:45:04 -0300] "POST /cormun/servlet/trautorizarsolicitud?871eef3e1b550ddd8a5686255ed23045,,gx-no-cache=1533318230142 HTTP/1.1" 200 5717
186.103.159.182 - - [03/Aug/2018:14:45:05 -0300] "POST /cormun/servlet/trautorizarsolicitud?871eef3e1b550ddd8a5686255ed23045,,gx-no-cache=1533318230808 HTTP/1.1" 200 4602
186.103.159.182 - - [03/Aug/2018:14:45:05 -0300] "POST /cormun/servlet/trautorizarsolicitud?871eef3e1b550ddd8a5686255ed23045,,gx-no-cache=1533318230968 HTTP/1.1" 200 4383
186.103.159.182 - - [03/Aug/2018:14:45:07 -0300] "POST /cormun/servlet/trautorizarsolicitud?871eef3e1b550ddd8a5686255ed23045,,gx-no-cache=1533318233168 HTTP/1.1" 200 90
186.103.159.182 - - [03/Aug/2018:14:45:07 -0300] "GET /cormun/servlet/hpexe_link HTTP/1.1" 200 981
186.103.159.182 - - [03/Aug/2018:14:45:07 -0300] "GET /cormun/servlet/trsolicitudot?gx-no-cache=1533318220849 HTTP/1.1" 200 7475
186.103.159.182 - - [03/Aug/2018:14:45:08 -0300] "GET /cormun/servlet/trsolicitudot?gx-no-cache=1533318220849 HTTP/1.1" 200 7495
186.103.159.182 - - [03/Aug/2018:14:45:13 -0300] "POST /cormun/servlet/trsolicitudot?871eef3e1b550ddd8a5686255ed23045,gx-no-cache=1533318220849,gx-no-cache=1533318239003 HTTP/1.1" 200 8633
201.215.248.34 - - [03/Aug/2018:14:45:21 -0300] "GET /cormun/servlet/solicitudot?INS,0,0, HTTP/1.1" 200 13690
201.215.248.34 - - [03/Aug/2018:14:45:22 -0300] "GET /cormun/static/gxcfg.js?201812313224582 HTTP/1.1" 200 953
190.101.8.3 - - [03/Aug/2018:14:45:22 -0300] "GET /cormun/servlet/hlogin HTTP/1.1" 200 1722
201.215.248.34 - - [03/Aug/2018:14:45:22 -0300] "GET /cormun/static/solicitudot.js?201812313224831 HTTP/1.1" 200 72336
201.215.248.34 - - [03/Aug/2018:14:45:22 -0300] "GET /cormun/servlet/solicitudot?INS,0,0, HTTP/1.1" 200 13695
190.101.8.3 - - [03/Aug/2018:14:45:24 -0300] "POST /cormun/servlet/hlogin?a7e4a2b915312bae1d8dcddb4a32f5ba,gx-no-cache=1533318251149 HTTP/1.1" 200 90
190.101.8.3 - - [03/Aug/2018:14:45:24 -0300] "GET /cormun/servlet/hpexe_link HTTP/1.1" 200 954
190.101.8.3 - - [03/Aug/2018:14:45:24 -0300] "GET /cormun/servlet/hhome HTTP/1.1" 200 4350
190.101.8.3 - - [03/Aug/2018:14:45:25 -0300] "GET /cormun/servlet/hhome HTTP/1.1" 200 4348
190.101.8.3 - - [03/Aug/2018:14:45:31 -0300] "GET /cormun/servlet/trpermisosgoce? HTTP/1.1" 200 9478
190.101.8.3 - - [03/Aug/2018:14:45:32 -0300] "GET /cormun/servlet/trpermisosgoce? HTTP/1.1" 200 9477
190.101.8.3 - - [03/Aug/2018:14:45:34 -0300] "GET /cormun/servlet/permisogoce?INS,0,,, HTTP/1.1" 200 7214
190.101.8.3 - - [03/Aug/2018:14:45:34 -0300] "GET /cormun/servlet/permisogoce?INS,0,,, HTTP/1.1" 200 7213
190.101.8.3 - - [03/Aug/2018:14:45:37 -0300] "GET /cormun/servlet/prfichaempleado?,MD,,gxPopupLevel%3D0%3B HTTP/1.1" 200 9523
201.215.248.34 - - [03/Aug/2018:14:45:39 -0300] "POST /cormun/servlet/solicitudot?gx-no-cache=1533318266520 HTTP/1.1" 200 3308
201.215.248.34 - - [03/Aug/2018:14:45:39 -0300] "POST /cormun/servlet/solicitudot?1325b65e02708b8e8269e71bb76232a2,INS,0,0,,gx-no-cache=1533318266730 HTTP/1.1" 200 10461
201.215.248.34 - - [03/Aug/2018:14:45:44 -0300] "GET /cormun/servlet/solicitudot?07928d2086f698b963be6f3680c00632561dbadc01640a306fa4952d5688c9091a0fba39304c2adc62c2b19d6e966375,gx-no-cache=1533318272038 HTTP/1.1" 200 30
190.101.8.3 - - [03/Aug/2018:14:45:46 -0300] "GET /cormun/servlet/permisogoce?2692fed20f2f5ce75062d164570609b376528e9e08ccd3b760276a819cbf689947dea35c7c06cb1201468b00a1e259cb,gx-no-cache=1533318273453 HTTP/1.1" 200 85
190.101.8.3 - - [03/Aug/2018:14:45:48 -0300] "GET /cormun/static/menuarrow.gif HTTP/1.1" 404 1015
190.101.8.3 - - [03/Aug/2018:14:46:29 -0300] "GET /cormun/servlet/permisogoce?2692fed20f2f5ce75062d164570609b3cd6ac597bfb5436047239994a23edc04f3284209b8d4df6209ba0ceae1536628f065c0274f19612d379b64a10ab377fe,gx-no-cache=1533318315837 HTTP/1.1" 200 47
190.101.8.3 - - [03/Aug/2018:14:46:40 -0300] "POST /cormun/servlet/permisogoce?a7e4a2b915312bae1d8dcddb4a32f5ba,INS,0,,,,gx-no-cache=1533318326234 HTTP/1.1" 200 93
190.101.8.3 - - [03/Aug/2018:14:46:40 -0300] "GET /cormun/servlet/hpexe_return? HTTP/1.1" 200 1012
190.101.8.3 - - [03/Aug/2018:14:46:40 -0300] "GET /cormun/servlet/trpermisosgoce HTTP/1.1" 200 9723
190.101.8.3 - - [03/Aug/2018:14:46:40 -0300] "GET /cormun/servlet/trpermisosgoce HTTP/1.1" 200 9719
190.101.8.3 - - [03/Aug/2018:14:46:43 -0300] "GET /cormun/servlet/apermisogoceprn?8721654,P,20180803134157,PU HTTP/1.1" 200 1676
201.215.248.34 - - [03/Aug/2018:14:48:11 -0300] "GET /cormun/servlet/solicitudot?07928d2086f698b963be6f3680c00632e5e34718d5fabea840b78c6ab97d79388c1ef15ccd2a9be7fb4f0a0f6a0847c9353153c8863418b1086b2097c50830be,gx-no-cache=1533318418376 HTTP/1.1" 200 30
201.215.248.34 - - [03/Aug/2018:14:48:14 -0300] "GET /cormun/servlet/solicitudot?07928d2086f698b963be6f3680c006321344edee0c03597902a1913249a0f1dd,gx-no-cache=1533318421639 HTTP/1.1" 200 29
192.168.10.56 - - [03/Aug/2018:14:48:26 -0300] "GET /cormun/servlet/hlogin HTTP/1.1" 200 1721
201.215.248.34 - - [03/Aug/2018:14:48:26 -0300] "POST /cormun/servlet/solicitudot?gx-no-cache=1533318433720 HTTP/1.1" 200 255
192.168.10.56 - - [03/Aug/2018:14:48:28 -0300] "POST /cormun/servlet/hlogin?a7a866d29d5338d23d45c3491ff8569d,gx-no-cache=1533318291757 HTTP/1.1" 200 90
192.168.10.56 - - [03/Aug/2018:14:48:28 -0300] "GET /cormun/servlet/hpexe_link HTTP/1.1" 200 950
192.168.10.56 - - [03/Aug/2018:14:48:28 -0300] "GET /cormun/servlet/hhome HTTP/1.1" 200 4512
192.168.10.56 - - [03/Aug/2018:14:48:28 -0300] "GET /cormun/servlet/hhome HTTP/1.1" 200 4508
201.215.248.34 - - [03/Aug/2018:14:48:31 -0300] "GET /cormun/servlet/solicitudot?07928d2086f698b963be6f3680c00632e807578f3adb1c2838551facb0be84f30a0a09a46421f64e5aa3cd971bb6fe8e8be3d3fc18d2bfdba5b8560637a167a75da349eb23de571b12a99efc7ba3eb35559e1b1d81b21c9c4ac1f401b6947f1f36fa94648045e0fe390586fdaaea0888a5e126ecdd4720d522b1d6e10480b68defcc8e0ef5bee16f2a262ed96040966b0a3b53409bd314fd15c7c892cc079beb052510b56a4f6cf4e4ae4e26ef3b6ae9fd55f0be81e747e56b486b831182d8e102578d54fb5943cd8614b9a5ca7295802d6d5c1662fbb76cddce13a29a9c73b4635e664a975da9df3729f97a20562d19f476f5367a4ce77735c1cf00113126e9f731eaaf24d7364b226a88a5bcefbb1ab51df2cf71bd55f22a96e80b602d45b9d2d8293620312d0135bab9015908864afbacf4a97780ad98d4d08a6c80d7fd6f6efd76f497d01b55e08bc84b69cd2b4c7d95fce42a336c24d7d8671b1009431850167d547ef4477b2044efbdf2ac9ce86ea6770f905faf1b02ae460ffac6a685,gx-no-cache=1533318438210 HTTP/1.1" 200 30
192.168.10.56 - - [03/Aug/2018:14:48:31 -0300] "GET /cormun/servlet/trsolicitudgral? HTTP/1.1" 200 21986
192.168.10.56 - - [03/Aug/2018:14:48:31 -0300] "GET /cormun/servlet/trsolicitudgral? HTTP/1.1" 200 21984
201.215.248.34 - - [03/Aug/2018:14:48:37 -0300] "POST /cormun/servlet/solicitudot?gx-no-cache=1533318444975 HTTP/1.1" 200 30
192.168.10.56 - - [03/Aug/2018:14:48:39 -0300] "POST /cormun/servlet/trsolicitudgral?a7a866d29d5338d23d45c3491ff8569d,,gx-no-cache=1533318302791 HTTP/1.1" 200 7277
201.215.248.34 - - [03/Aug/2018:14:48:40 -0300] "POST /cormun/servlet/solicitudot?gx-no-cache=1533318447615 HTTP/1.1" 200 1374
201.215.248.34 - - [03/Aug/2018:14:48:40 -0300] "POST /cormun/servlet/solicitudot?gx-no-cache=1533318447711 HTTP/1.1" 200 38
192.168.10.56 - - [03/Aug/2018:14:48:59 -0300] "POST /cormun/servlet/trsolicitudgral?a7a866d29d5338d23d45c3491ff8569d,,gx-no-cache=1533318323239 HTTP/1.1" 200 6123
192.168.10.56 - - [03/Aug/2018:14:48:59 -0300] "GET /cormun/static/Shared/jqueryui/images/ui-bg_highlight-soft_100_c6c2c8_1x100.png HTTP/1.1" 404 1117
192.168.10.56 - - [03/Aug/2018:14:48:59 -0300] "GET /cormun/static/Shared/jqueryui/images/ui-icons_82798d_256x240.png HTTP/1.1" 404 1089
192.168.10.56 - - [03/Aug/2018:14:48:59 -0300] "GET /cormun/static/Shared/jqueryui/images/ui-bg_flat_55_fafafa_40x100.png HTTP/1.1" 404 1097
192.168.10.56 - - [03/Aug/2018:14:48:59 -0300] "GET /cormun/static/Shared/jqueryui/images/ui-icons_8d78a5_256x240.png HTTP/1.1" 404 1089
192.168.10.56 - - [03/Aug/2018:14:49:16 -0300] "GET /cormun/servlet/hlogin HTTP/1.1" 200 1738
186.79.182.148 - - [03/Aug/2018:14:50:15 -0300] "GET /cormun/servlet/solicitudot?07928d2086f698b963be6f3680c0063242ee9cef07f5c1845ff8717b34835ee1f262910372165f9030d578a8cb511c62ddaf10afbea40d05d72c0850f95aa432cbaaff2910be050e2d368808e0dc631c0b3aa42c0eca191e350b50a52724c05070bcf57a6604c7af38245c2e706b8116,gx-no-cache=1533318542051 HTTP/1.1" 200 29
186.79.182.148 - - [03/Aug/2018:14:50:15 -0300] "POST /cormun/servlet/solicitudot?gx-no-cache=1533318542466 HTTP/1.1" 200 1357
186.79.182.148 - - [03/Aug/2018:14:50:15 -0300] "POST /cormun/servlet/solicitudot?gx-no-cache=1533318542763 HTTP/1.1" 200 1254
186.79.182.148 - - [03/Aug/2018:14:50:44 -0300] "GET /cormun/static/menuarrow.gif HTTP/1.1" 404 1015
186.79.182.148 - - [03/Aug/2018:14:50:53 -0300] "GET /cormun/servlet/solicitudot?07928d2086f698b963be6f3680c0063288da38c562cc0f88035282193436650f0df4bf75d2dea5927f9efc2081be8d04,gx-no-cache=1533318580389 HTTP/1.1" 200 30
186.79.182.148 - - [03/Aug/2018:14:51:01 -0300] "POST /cormun/servlet/solicitudot?gx-no-cache=1533318588156 HTTP/1.1" 200 30
201.215.248.34 - - [03/Aug/2018:14:51:41 -0300] "POST /cormun/servlet/solicitudot?1325b65e02708b8e8269e71bb76232a2,INS,0,0,,gx-no-cache=1533318628081 HTTP/1.1" 200 12001
201.215.248.34 - - [03/Aug/2018:14:51:41 -0300] "GET /cormun/static/Shared/jqueryui/images/ui-bg_highlight-soft_100_c6c2c8_1x100.png HTTP/1.1" 404 1117
201.215.248.34 - - [03/Aug/2018:14:51:41 -0300] "GET /cormun/static/Shared/jqueryui/images/ui-icons_82798d_256x240.png HTTP/1.1" 404 1089
201.215.248.34 - - [03/Aug/2018:14:51:41 -0300] "GET /cormun/static/Shared/jqueryui/images/ui-bg_flat_55_994d53_40x100.png HTTP/1.1" 404 1097
201.215.248.34 - - [03/Aug/2018:14:51:41 -0300] "GET /cormun/static/Shared/jqueryui/images/ui-icons_ebccce_256x240.png HTTP/1.1" 404 1089
186.103.158.250 - - [03/Aug/2018:14:57:10 -0300] "GET /cormun/servlet/hlogin HTTP/1.1" 200 1716
201.215.248.34 - - [03/Aug/2018:14:57:17 -0300] "POST /cormun/servlet/solicitudot?gx-no-cache=1533318964132 HTTP/1.1" 200 30
186.103.158.250 - - [03/Aug/2018:14:57:20 -0300] "POST /cormun/servlet/hlogin?a45a37355a9b68c19d0768f9ec1525b8,gx-no-cache=1533318966782 HTTP/1.1" 200 424
201.215.248.34 - - [03/Aug/2018:14:57:21 -0300] "POST /cormun/servlet/solicitudot?1325b65e02708b8e8269e71bb76232a2,INS,0,0,,gx-no-cache=1533318967957 HTTP/1.1" 200 93
201.215.248.34 - - [03/Aug/2018:14:57:21 -0300] "GET /cormun/servlet/hpexe_return? HTTP/1.1" 200 1001
201.215.248.34 - - [03/Aug/2018:14:57:21 -0300] "GET /cormun/servlet/trsolicitudot HTTP/1.1" 200 8812
201.215.248.34 - - [03/Aug/2018:14:57:21 -0300] "GET /cormun//static/Resources/PXToolsRemoveAllAction.png HTTP/1.1" 200 3558
201.215.248.34 - - [03/Aug/2018:14:57:21 -0300] "GET /cormun/servlet/trsolicitudot HTTP/1.1" 200 8808
186.79.182.148 - - [03/Aug/2018:14:57:21 -0300] "GET /cormun//static/Resources/PXToolsActionView.png HTTP/1.1" 200 2995
186.103.158.250 - - [03/Aug/2018:14:57:24 -0300] "POST /cormun/servlet/hlogin?a45a37355a9b68c19d0768f9ec1525b8,gx-no-cache=1533318970353 HTTP/1.1" 200 424
186.79.182.148 - - [03/Aug/2018:14:57:27 -0300] "POST /cormun/servlet/trsolicitudot?1325b65e02708b8e8269e71bb76232a2,gx-no-cache=1533318973789 HTTP/1.1" 200 107
186.79.182.148 - - [03/Aug/2018:14:57:27 -0300] "GET /cormun/servlet/trsolicitudadjuntos?2018,11987, HTTP/1.1" 200 6326
186.79.182.148 - - [03/Aug/2018:14:57:27 -0300] "GET /cormun/static/gxcfg.js?20177612135366 HTTP/1.1" 200 953
201.215.248.34 - - [03/Aug/2018:14:57:27 -0300] "GET /cormun/static/trsolicitudadjuntos.js?20177612135632 HTTP/1.1" 200 17922
201.215.248.34 - - [03/Aug/2018:14:57:27 -0300] "GET /cormun/servlet/trsolicitudadjuntos?2018,11987, HTTP/1.1" 200 6326
201.215.248.34 - - [03/Aug/2018:14:57:30 -0300] "GET /cormun/servlet/solicitudotadjuntos?INS,2018,11987,,2, HTTP/1.1" 200 6269
201.215.248.34 - - [03/Aug/2018:14:57:30 -0300] "GET /cormun/static/gxcfg.js?2017761244068 HTTP/1.1" 200 953
186.79.182.148 - - [03/Aug/2018:14:57:30 -0300] "GET /cormun/static/solicitudotadjuntos.js?2017761244086 HTTP/1.1" 200 11771
201.215.248.34 - - [03/Aug/2018:14:57:30 -0300] "GET /cormun/static/about:blank HTTP/1.1" 404 1011
186.79.182.148 - - [03/Aug/2018:14:57:31 -0300] "GET /cormun/servlet/solicitudotadjuntos?INS,2018,11987,,2, HTTP/1.1" 200 6262
186.103.158.250 - - [03/Aug/2018:14:57:31 -0300] "POST /cormun/servlet/hlogin?a45a37355a9b68c19d0768f9ec1525b8,gx-no-cache=1533318977656 HTTP/1.1" 200 422
201.215.248.34 - - [03/Aug/2018:14:57:32 -0300] "GET /cormun/servlet/solicitudotadjuntos?07928d2086f698b963be6f3680c006321e4c60f0e3ca6c3f52676861a371366628ece56664c9e306d747c4f1bf63e069,gx-no-cache=1533318979279 HTTP/1.1" 200 30
201.215.248.34 - - [03/Aug/2018:14:57:32 -0300] "POST /cormun/servlet/solicitudotadjuntos?1325b65e02708b8e8269e71bb76232a2,INS,2018,11987,,2,,gx-no-cache=1533318979328 HTTP/1.1" 200 4155
186.103.158.250 - - [03/Aug/2018:14:57:40 -0300] "POST /cormun/servlet/hlogin?a45a37355a9b68c19d0768f9ec1525b8,gx-no-cache=1533318986798 HTTP/1.1" 200 424
186.103.158.250 - - [03/Aug/2018:14:57:52 -0300] "POST /cormun/servlet/hlogin?a45a37355a9b68c19d0768f9ec1525b8,gx-no-cache=1533318998581 HTTP/1.1" 200 90
186.103.158.250 - - [03/Aug/2018:14:57:52 -0300] "GET /cormun/servlet/hpexe_link HTTP/1.1" 200 948
186.103.158.250 - - [03/Aug/2018:14:57:52 -0300] "GET /cormun/servlet/hhome HTTP/1.1" 200 4192
186.103.158.250 - - [03/Aug/2018:14:57:54 -0300] "GET /cormun/servlet/hhome HTTP/1.1" 200 4188
186.103.158.250 - - [03/Aug/2018:14:57:56 -0300] "GET /cormun/servlet/trsolicitudot? HTTP/1.1" 200 7411
186.103.158.250 - - [03/Aug/2018:14:57:58 -0300] "GET /cormun/servlet/trsolicitudot? HTTP/1.1" 200 7410
186.103.158.250 - - [03/Aug/2018:14:58:02 -0300] "GET /cormun/servlet/solicitudot?INS,0,0, HTTP/1.1" 200 13668
186.103.158.250 - - [03/Aug/2018:14:58:04 -0300] "GET /cormun/servlet/solicitudot?INS,0,0, HTTP/1.1" 200 13673
186.79.182.148 - - [03/Aug/2018:14:58:28 -0300] "POST /cormun/servlet/solicitudotadjuntos?gx-no-cache=1533319035511 HTTP/1.1" 200 26
186.79.182.148 - - [03/Aug/2018:14:58:41 -0300] "GET /cormun/servlet/solicitudotadjuntos?07928d2086f698b963be6f3680c006329820d3eb685c02cc0a171cc8e73f6fa8,gx-no-cache=1533319048960 HTTP/1.1" 200 30
186.79.182.148 - - [03/Aug/2018:14:58:42 -0300] "GET /cormun/servlet/solicitudotadjuntos?07928d2086f698b963be6f3680c006329820d3eb685c02cc0a171cc8e73f6fa8,gx-no-cache=1533319049116 HTTP/1.1" 200 30
186.79.182.148 - - [03/Aug/2018:14:58:50 -0300] "POST /cormun/servlet/solicitudotadjuntos?1325b65e02708b8e8269e71bb76232a2,INS,2018,11987,,2, HTTP/1.1" 200 116
186.79.182.148 - - [03/Aug/2018:14:58:50 -0300] "GET /cormun/servlet/hpexe_return? HTTP/1.1" 200 1021
186.79.182.148 - - [03/Aug/2018:14:58:50 -0300] "GET /cormun/servlet/trsolicitudadjuntos?2018,11987, HTTP/1.1" 200 8863
186.79.182.148 - - [03/Aug/2018:14:58:51 -0300] "GET /cormun/servlet/trsolicitudadjuntos?2018,11987, HTTP/1.1" 200 8862
201.215.248.34 - - [03/Aug/2018:14:58:54 -0300] "GET /cormun/servlet/solicitudotadjuntos?INS,2018,11987,,1, HTTP/1.1" 200 6271
201.215.248.34 - - [03/Aug/2018:14:58:55 -0300] "GET /cormun/static/about:blank HTTP/1.1" 404 1011
186.79.182.148 - - [03/Aug/2018:14:58:55 -0300] "GET /cormun/servlet/solicitudotadjuntos?INS,2018,11987,,1, HTTP/1.1" 200 6265
201.215.248.34 - - [03/Aug/2018:14:58:55 -0300] "GET /cormun/servlet/solicitudotadjuntos?07928d2086f698b963be6f3680c006321e4c60f0e3ca6c3f52676861a371366628ece56664c9e306d747c4f1bf63e069,gx-no-cache=1533319062534 HTTP/1.1" 200 30
201.215.248.34 - - [03/Aug/2018:14:58:55 -0300] "POST /cormun/servlet/solicitudotadjuntos?1325b65e02708b8e8269e71bb76232a2,INS,2018,11987,,1,,gx-no-cache=1533319062572 HTTP/1.1" 200 4016
201.215.248.34 - - [03/Aug/2018:14:58:59 -0300] "POST /cormun/servlet/solicitudotadjuntos?gx-no-cache=1533319066151 HTTP/1.1" 200 26
201.215.248.34 - - [03/Aug/2018:14:59:09 -0300] "GET /cormun/servlet/solicitudotadjuntos?07928d2086f698b963be6f3680c006329820d3eb685c02cc0a171cc8e73f6fa8,gx-no-cache=1533319077087 HTTP/1.1" 200 30
201.215.248.34 - - [03/Aug/2018:14:59:10 -0300] "GET /cormun/servlet/solicitudotadjuntos?07928d2086f698b963be6f3680c006329820d3eb685c02cc0a171cc8e73f6fa8,gx-no-cache=1533319077127 HTTP/1.1" 200 30
201.215.248.34 - - [03/Aug/2018:14:59:10 -0300] "POST /cormun/servlet/solicitudotadjuntos?1325b65e02708b8e8269e71bb76232a2,INS,2018,11987,,1, HTTP/1.1" 200 116
201.215.248.34 - - [03/Aug/2018:14:59:10 -0300] "GET /cormun/servlet/hpexe_return? HTTP/1.1" 200 1021
201.215.248.34 - - [03/Aug/2018:14:59:10 -0300] "GET /cormun/servlet/trsolicitudadjuntos?2018,11987, HTTP/1.1" 200 9093
201.215.248.34 - - [03/Aug/2018:14:59:11 -0300] "GET /cormun/servlet/trsolicitudadjuntos?2018,11987, HTTP/1.1" 200 9091
201.215.248.34 - - [03/Aug/2018:14:59:13 -0300] "GET /cormun/servlet/solicitudotadjuntos?INS,2018,11987,,1, HTTP/1.1" 200 6271
201.215.248.34 - - [03/Aug/2018:14:59:13 -0300] "GET /cormun/static/about:blank HTTP/1.1" 404 1011
201.215.248.34 - - [03/Aug/2018:14:59:13 -0300] "GET /cormun/servlet/solicitudotadjuntos?INS,2018,11987,,1, HTTP/1.1" 200 6265
201.215.248.34 - - [03/Aug/2018:14:59:14 -0300] "GET /cormun/servlet/solicitudotadjuntos?07928d2086f698b963be6f3680c006321e4c60f0e3ca6c3f52676861a371366628ece56664c9e306d747c4f1bf63e069,gx-no-cache=1533319081174 HTTP/1.1" 200 30
201.215.248.34 - - [03/Aug/2018:14:59:14 -0300] "POST /cormun/servlet/solicitudotadjuntos?1325b65e02708b8e8269e71bb76232a2,INS,2018,11987,,1,,gx-no-cache=1533319081481 HTTP/1.1" 200 4016
201.215.248.34 - - [03/Aug/2018:14:59:28 -0300] "POST /cormun/servlet/solicitudotadjuntos?gx-no-cache=1533319096031 HTTP/1.1" 200 26
201.215.248.34 - - [03/Aug/2018:14:59:45 -0300] "GET /cormun/servlet/solicitudotadjuntos?07928d2086f698b963be6f3680c006329820d3eb685c02cc0a171cc8e73f6fa8,gx-no-cache=1533319112223 HTTP/1.1" 200 30
201.215.248.34 - - [03/Aug/2018:14:59:45 -0300] "GET /cormun/servlet/solicitudotadjuntos?07928d2086f698b963be6f3680c006329820d3eb685c02cc0a171cc8e73f6fa8,gx-no-cache=1533319112255 HTTP/1.1" 200 30
201.215.248.34 - - [03/Aug/2018:14:59:45 -0300] "POST /cormun/servlet/solicitudotadjuntos?1325b65e02708b8e8269e71bb76232a2,INS,2018,11987,,1, HTTP/1.1" 200 116
201.215.248.34 - - [03/Aug/2018:14:59:45 -0300] "GET /cormun/servlet/hpexe_return? HTTP/1.1" 200 1021
201.215.248.34 - - [03/Aug/2018:14:59:45 -0300] "GET /cormun/servlet/trsolicitudadjuntos?2018,11987, HTTP/1.1" 200 9274
201.215.248.34 - - [03/Aug/2018:14:59:46 -0300] "GET /cormun/servlet/trsolicitudadjuntos?2018,11987, HTTP/1.1" 200 9273
201.215.248.34 - - [03/Aug/2018:14:59:49 -0300] "GET /cormun/servlet/solicitudotadjuntos?INS,2018,11987,,1, HTTP/1.1" 200 6272
201.215.248.34 - - [03/Aug/2018:14:59:49 -0300] "GET /cormun/static/about:blank HTTP/1.1" 404 1011
201.215.248.34 - - [03/Aug/2018:14:59:49 -0300] "GET /cormun/servlet/solicitudotadjuntos?INS,2018,11987,,1, HTTP/1.1" 200 6265
186.79.182.148 - - [03/Aug/2018:14:59:49 -0300] "GET /cormun/servlet/solicitudotadjuntos?07928d2086f698b963be6f3680c006321e4c60f0e3ca6c3f52676861a371366628ece56664c9e306d747c4f1bf63e069,gx-no-cache=1533319116924 HTTP/1.1" 200 30
186.79.182.148 - - [03/Aug/2018:14:59:50 -0300] "POST /cormun/servlet/solicitudotadjuntos?1325b65e02708b8e8269e71bb76232a2,INS,2018,11987,,1,,gx-no-cache=1533319117161 HTTP/1.1" 200 4016
186.79.182.148 - - [03/Aug/2018:14:59:52 -0300] "POST /cormun/servlet/solicitudotadjuntos?gx-no-cache=1533319119790 HTTP/1.1" 200 26
164.77.113.188 - - [03/Aug/2018:15:00:00 -0300] "GET /cormun/servlet/hlogin HTTP/1.1" 200 1717
152.231.70.149 - - [03/Aug/2018:15:00:00 -0300] "GET /cormun/static/gxtimezone.js?85251 HTTP/1.1" 200 5781
186.103.196.84 - - [03/Aug/2018:15:00:00 -0300] "GET /cormun/static/gxcfg.js?20175251213516 HTTP/1.1" 200 953
164.77.113.188 - - [03/Aug/2018:15:00:00 -0300] "GET /cormun/static/Resources/ComunLogin.png HTTP/1.1" 200 17326
164.77.113.188 - - [03/Aug/2018:15:00:00 -0300] "GET /cormun/static/Resources/Spanish/PXTools.css?11423723 HTTP/1.1" 200 89042
186.67.84.236 - - [03/Aug/2018:15:00:01 -0300] "GET /cormun/static/messages.spa.js?85251 HTTP/1.1" 200 30736
164.77.113.188 - - [03/Aug/2018:15:00:01 -0300] "GET /cormun/static/hlogin.js?20175251213537 HTTP/1.1" 200 2136
186.79.182.148 - - [03/Aug/2018:15:00:01 -0300] "GET /cormun/servlet/solicitudotadjuntos?07928d2086f698b963be6f3680c006329820d3eb685c02cc0a171cc8e73f6fa8,gx-no-cache=1533319128376 HTTP/1.1" 200 30
186.79.182.148 - - [03/Aug/2018:15:00:01 -0300] "GET /cormun/servlet/solicitudotadjuntos?07928d2086f698b963be6f3680c006329820d3eb685c02cc0a171cc8e73f6fa8,gx-no-cache=1533319128439 HTTP/1.1" 200 30
164.77.113.188 - - [03/Aug/2018:15:00:01 -0300] "GET /cormun/static/gxgral.js?85251 HTTP/1.1" 200 384558
164.77.113.188 - - [03/Aug/2018:15:00:01 -0300] "GET /cormun/static/Resources/PXToolsLoginBottom.png HTTP/1.1" 200 1389
164.77.113.188 - - [03/Aug/2018:15:00:01 -0300] "GET /cormun/static/Resources/PXToolsLoginBackground.png HTTP/1.1" 200 1164
164.77.113.188 - - [03/Aug/2018:15:00:01 -0300] "GET /cormun/static/Resources/PXToolsButtonRight21.png HTTP/1.1" 200 1283
186.67.84.236 - - [03/Aug/2018:15:00:01 -0300] "GET /cormun/static/Resources/PXToolsButtonLeft21.png HTTP/1.1" 200 1287
152.231.70.149 - - [03/Aug/2018:15:00:01 -0300] "GET /cormun/static/Resources/PXToolsLoginTop.png HTTP/1.1" 200 1337
186.103.196.84 - - [03/Aug/2018:15:00:01 -0300] "GET /cormun/static/Resources/PXToolsButtonBackground2.png HTTP/1.1" 200 1181
186.103.196.84 - - [03/Aug/2018:15:00:02 -0300] "GET /cormun/static/Resources/indicator.gif HTTP/1.1" 200 1553
186.103.196.84 - - [03/Aug/2018:15:00:03 -0300] "POST /cormun/servlet/hlogin?f771fc4f04c27085b6335088966ef45b,gx-no-cache=1533319127529 HTTP/1.1" 200 90
186.103.196.84 - - [03/Aug/2018:15:00:03 -0300] "GET /cormun/servlet/hpexe_link HTTP/1.1" 200 946
152.231.70.149 - - [03/Aug/2018:15:00:03 -0300] "GET /cormun/static/gxcfg.js?20177612121792 HTTP/1.1" 200 953
164.77.113.188 - - [03/Aug/2018:15:00:03 -0300] "GET /cormun/static/hpexe_link.js?20177612121795 HTTP/1.1" 200 625
186.103.196.84 - - [03/Aug/2018:15:00:03 -0300] "GET /cormun/static/Resources/Spanish/PXTools.css?1155365 HTTP/1.1" 200 89042
186.103.196.84 - - [03/Aug/2018:15:00:04 -0300] "GET /cormun/servlet/hhome HTTP/1.1" 200 4209
164.77.113.188 - - [03/Aug/2018:15:00:04 -0300] "GET /cormun/static/SmoothNavMenu/resources/ddsmoothmenu-v.css?1012540 HTTP/1.1" 200 1188
152.231.70.149 - - [03/Aug/2018:15:00:04 -0300] "GET /cormun/static/SmoothNavMenu/resources/ddsmoothmenu.css?1012540 HTTP/1.1" 200 2223
186.103.196.84 - - [03/Aug/2018:15:00:04 -0300] "GET /cormun/static/Shared/jqueryui/jquery-ui.min.css?1245370 HTTP/1.1" 200 30288
164.77.113.188 - - [03/Aug/2018:15:00:04 -0300] "GET /cormun/static/gxcfg.js?20175251212442 HTTP/1.1" 200 953
186.67.84.236 - - [03/Aug/2018:15:00:04 -0300] "GET /cormun/static/scaMessage/css/jquery.pnotify.default.css?1716380 HTTP/1.1" 200 1707
164.77.113.188 - - [03/Aug/2018:15:00:04 -0300] "GET /cormun/static/PXToolsJavascripts/pexe_autoreload.js HTTP/1.1" 200 1762
152.231.70.149 - - [03/Aug/2018:15:00:04 -0300] "GET /cormun/static/PXToolsJavascripts/pexe_windows.js HTTP/1.1" 200 15207
164.77.113.188 - - [03/Aug/2018:15:00:04 -0300] "GET /cormun/static/PXToolsJavascripts/pexe_cookies.js HTTP/1.1" 200 792
164.77.113.188 - - [03/Aug/2018:15:00:04 -0300] "GET /cormun/static/PXToolsJavascripts/pexe_grid.js HTTP/1.1" 200 7559
186.67.84.236 - - [03/Aug/2018:15:00:04 -0300] "GET /cormun/static/PXToolsJavascripts/pexe_griddivfix.js HTTP/1.1" 200 6644
164.77.113.188 - - [03/Aug/2018:15:00:04 -0300] "GET /cormun/static/PXToolsJavascripts/pexe_link.js HTTP/1.1" 200 5671
164.77.113.188 - - [03/Aug/2018:15:00:04 -0300] "GET /cormun/static/PXToolsJavascripts/pexe_menudivfix.js HTTP/1.1" 200 333
164.77.113.188 - - [03/Aug/2018:15:00:04 -0300] "GET /cormun/static/PXToolsJavascripts/pexe_layers.js HTTP/1.1" 200 4114
186.67.84.236 - - [03/Aug/2018:15:00:04 -0300] "GET /cormun/static/PXToolsJavascripts/pexe_menus.js HTTP/1.1" 200 1286
164.77.113.188 - - [03/Aug/2018:15:00:04 -0300] "GET /cormun/static/PXToolsJavascripts/pexe_oav.js HTTP/1.1" 200 645
152.231.70.149 - - [03/Aug/2018:15:00:04 -0300] "GET /cormun/static/PXToolsJavascripts/pexe_oavdivfix.js HTTP/1.1" 200 639
186.103.196.84 - - [03/Aug/2018:15:00:04 -0300] "GET /cormun/static/PXToolsJavascripts/pexe_picture.js HTTP/1.1" 200 689
164.77.113.188 - - [03/Aug/2018:15:00:04 -0300] "GET /cormun/static/PXToolsJavascripts/pexe_popup.js HTTP/1.1" 200 13458
186.67.84.236 - - [03/Aug/2018:15:00:04 -0300] "GET /cormun/static/PXToolsJavascripts/pexe_scrolldiv.js HTTP/1.1" 200 4138
164.77.113.188 - - [03/Aug/2018:15:00:04 -0300] "GET /cormun/static/PXToolsJavascripts/pexe_tabdivfix.js HTTP/1.1" 200 876
164.77.113.188 - - [03/Aug/2018:15:00:04 -0300] "GET /cormun/static/PXToolsJavascripts/pexe_tabs.js HTTP/1.1" 200 3748
152.231.70.149 - - [03/Aug/2018:15:00:04 -0300] "GET /cormun/static/PXToolsJavascripts/pexe_upload.js HTTP/1.1" 200 1423
186.103.196.84 - - [03/Aug/2018:15:00:04 -0300] "GET /cormun/static/PXToolsJavascripts/PXToolsJavascriptsRender.js HTTP/1.1" 200 367
186.67.84.236 - - [03/Aug/2018:15:00:04 -0300] "GET /cormun/static/Resources/logo4.png HTTP/1.1" 200 6582
186.103.196.84 - - [03/Aug/2018:15:00:04 -0300] "GET /cormun/static/RunJS/RunJS.js HTTP/1.1" 200 288
164.77.113.188 - - [03/Aug/2018:15:00:04 -0300] "GET /cormun/static/Shared/ext/locale/ext-lang-en.js HTTP/1.1" 200 10940
164.77.113.188 - - [03/Aug/2018:15:00:04 -0300] "GET /cormun/static/Resources/PXToolsHeaderActionsLeft.png HTTP/1.1" 200 1118
164.77.113.188 - - [03/Aug/2018:15:00:04 -0300] "GET /cormun/static/hwchdr01.js?201752511465785 HTTP/1.1" 200 1183
186.67.84.236 - - [03/Aug/2018:15:00:04 -0300] "GET /cormun/static/hhome.js?20175251212450 HTTP/1.1" 200 777
186.103.196.84 - - [03/Aug/2018:15:00:04 -0300] "GET /cormun/static/Resources/PXToolsFooterBackground2.png HTTP/1.1" 200 1172
164.77.113.188 - - [03/Aug/2018:15:00:04 -0300] "GET /cormun/static/Resources/PXToolsHeaderBackground2.png HTTP/1.1" 200 1174
186.103.196.84 - - [03/Aug/2018:15:00:04 -0300] "GET /cormun/static/Resources/PXToolsDataTitle.png HTTP/1.1" 200 1173
152.231.70.149 - - [03/Aug/2018:15:00:04 -0300] "GET /cormun/static/gxui/gxui-all.js HTTP/1.1" 200 107772
164.77.113.188 - - [03/Aug/2018:15:00:04 -0300] "GET /cormun/static/Resources/PXToolsHeaderActionsBackground.png HTTP/1.1" 200 484
186.67.84.236 - - [03/Aug/2018:15:00:04 -0300] "GET /cormun/static/Resources/PXToolsHeaderHome.png HTTP/1.1" 200 4147
186.103.196.84 - - [03/Aug/2018:15:00:04 -0300] "GET /cormun/static/Resources/PXToolsHeaderPreferences.png HTTP/1.1" 200 4189
164.77.113.188 - - [03/Aug/2018:15:00:04 -0300] "GET /cormun/static/Resources/PXToolsHeaderSecurity.png HTTP/1.1" 200 4166
152.231.70.149 - - [03/Aug/2018:15:00:04 -0300] "GET /cormun/static/Resources/PXToolsHeaderActionsRight.png HTTP/1.1" 200 1201
164.77.113.188 - - [03/Aug/2018:15:00:04 -0300] "GET /cormun/static/Resources/PXToolsHeaderLogin.png HTTP/1.1" 200 4279
186.103.196.84 - - [03/Aug/2018:15:00:04 -0300] "GET /cormun/static/hpexe_recentlink.js?20177611595044 HTTP/1.1" 200 2144
152.231.70.149 - - [03/Aug/2018:15:00:04 -0300] "GET /cormun/static/hpexe_scripts.js?201752511465715 HTTP/1.1" 200 1544
186.103.196.84 - - [03/Aug/2018:15:00:05 -0300] "GET /cormun/static/hpexe_messagecontroller.js?20177611595012 HTTP/1.1" 200 870
152.231.70.149 - - [03/Aug/2018:15:00:05 -0300] "GET /cormun/static/hpexe_messagepopupcomponent.js?20161017169425 HTTP/1.1" 200 605
186.103.196.84 - - [03/Aug/2018:15:00:05 -0300] "GET /cormun/static/hpexe_messagegenexuscomponent.js?201752511465344 HTTP/1.1" 200 587
152.231.70.149 - - [03/Aug/2018:15:00:05 -0300] "GET /cormun/static/cmcontrolpreferences.js?201752511465670 HTTP/1.1" 200 1375
186.67.84.236 - - [03/Aug/2018:15:00:05 -0300] "GET /cormun/static/SmoothNavMenu/resources/ddsmoothmenu.js HTTP/1.1" 200 12712
186.103.196.84 - - [03/Aug/2018:15:00:05 -0300] "GET /cormun/static/Shared/jquery/jquery-1.4.2.min.js HTTP/1.1" 200 72174
164.77.113.188 - - [03/Aug/2018:15:00:05 -0300] "GET /cormun/static/SmoothNavMenu/resources/SmoothNavMenuRender.js HTTP/1.1" 200 5951
164.77.113.188 - - [03/Aug/2018:15:00:05 -0300] "GET /cormun/static/scaMessage/js/jquery.pnotify.min.js HTTP/1.1" 200 13038
186.67.84.236 - - [03/Aug/2018:15:00:05 -0300] "GET /cormun/static/scaMessage/scaMessageRender.js HTTP/1.1" 200 11977
164.77.113.188 - - [03/Aug/2018:15:00:05 -0300] "GET /cormun/static/hmpwkw03.js?20177612122668 HTTP/1.1" 200 3965
186.79.182.148 - - [03/Aug/2018:15:00:06 -0300] "POST /cormun/servlet/solicitudotadjuntos?1325b65e02708b8e8269e71bb76232a2,INS,2018,11987,,1, HTTP/1.1" 200 6402
201.215.248.34 - - [03/Aug/2018:15:00:06 -0300] "GET /cormun/static/Shared/jqueryui/images/ui-icons_ebccce_256x240.png HTTP/1.1" 404 1089
201.215.248.34 - - [03/Aug/2018:15:00:06 -0300] "GET /cormun/static/Shared/jqueryui/images/ui-bg_highlight-soft_100_c6c2c8_1x100.png HTTP/1.1" 404 1117
201.215.248.34 - - [03/Aug/2018:15:00:06 -0300] "GET /cormun/static/Shared/jqueryui/images/ui-icons_82798d_256x240.png HTTP/1.1" 404 1089
201.215.248.34 - - [03/Aug/2018:15:00:06 -0300] "GET /cormun/static/Shared/jqueryui/images/ui-bg_flat_55_994d53_40x100.png HTTP/1.1" 404 1097
186.79.182.148 - - [03/Aug/2018:15:00:06 -0300] "GET /home/sistema/apache-tomcat-7.0.65/webapps/cormun/PrivateTempStorage/upload_00054456.pdf HTTP/1.1" 404 1135
201.215.248.34 - - [03/Aug/2018:15:00:06 -0300] "GET /cormun/PrivateTempStorage/upload_00054456.pdf HTTP/1.1" 200 158808
164.77.113.188 - - [03/Aug/2018:15:00:07 -0300] "GET /cormun/static/Shared/jqueryui/jquery-ui.min.js HTTP/1.1" 200 240427
152.231.70.149 - - [03/Aug/2018:15:00:07 -0300] "GET /cormun/static/Shared/jquery/jquery-1.10.2.min.js HTTP/1.1" 200 273199
164.77.113.188 - - [03/Aug/2018:15:00:12 -0300] "GET /cormun/static/Shared/ext/ext-all.js HTTP/1.1" 200 1289687
164.77.113.188 - - [03/Aug/2018:15:00:12 -0300] "GET /cormun/static/SmoothNavMenu/resources/images/right.gif HTTP/1.1" 200 860
152.231.70.149 - - [03/Aug/2018:15:00:12 -0300] "GET /cormun/static/SmoothNavMenu/resources/images/down.gif HTTP/1.1" 200 854
164.77.113.188 - - [03/Aug/2018:15:00:12 -0300] "GET /cormun/servlet/hhome HTTP/1.1" 200 4205
164.77.113.188 - - [03/Aug/2018:15:00:15 -0300] "GET /cormun/servlet/trlicencias? HTTP/1.1" 200 9249
186.67.84.236 - - [03/Aug/2018:15:00:15 -0300] "GET /cormun/static/gxui/gxui-all.css?110300 HTTP/1.1" 200 2179
186.103.196.84 - - [03/Aug/2018:15:00:15 -0300] "GET /cormun/static/calendar-system.css?75620 HTTP/1.1" 200 5572
186.103.196.84 - - [03/Aug/2018:15:00:16 -0300] "GET /cormun/static/gxcfg.js?20176272054169 HTTP/1.1" 200 953
186.103.196.84 - - [03/Aug/2018:15:00:16 -0300] "GET /cormun/static/calendar-setup.js?85251 HTTP/1.1" 200 2588
164.77.113.188 - - [03/Aug/2018:15:00:16 -0300] "GET /cormun/static/Resources/Spanish/PXTools.css?17315867 HTTP/1.1" 200 89042
186.67.84.236 - - [03/Aug/2018:15:00:16 -0300] "GET /cormun/static/calendar.js?85251 HTTP/1.1" 200 26246
164.77.113.188 - - [03/Aug/2018:15:00:16 -0300] "GET /cormun/static/Resources/PXTools/calendar.png HTTP/1.1" 200 1306
186.103.196.84 - - [03/Aug/2018:15:00:16 -0300] "GET /cormun/static/calendar-es.js?85251 HTTP/1.1" 200 1901
164.77.113.188 - - [03/Aug/2018:15:00:16 -0300] "GET /cormun/static/Resources/PXToolsDataSearch.png HTTP/1.1" 200 419
164.77.113.188 - - [03/Aug/2018:15:00:16 -0300] "GET /cormun/static/gxdec.js?85251 HTTP/1.1" 200 19579
164.77.113.188 - - [03/Aug/2018:15:00:16 -0300] "GET /cormun/static/trlicencias.js?20176272054837 HTTP/1.1" 200 41883
164.77.113.188 - - [03/Aug/2018:15:00:16 -0300] "GET /cormun/static/Resources/PXToolsGridFirstDisabled.gif HTTP/1.1" 200 100
164.77.113.188 - - [03/Aug/2018:15:00:16 -0300] "GET /cormun/static/Resources/PXToolsGridPreviousDisabled.gif HTTP/1.1" 200 90
164.77.113.188 - - [03/Aug/2018:15:00:16 -0300] "GET /cormun/static/Resources/PXToolsGridNextDisabled.gif HTTP/1.1" 200 90
164.77.113.188 - - [03/Aug/2018:15:00:16 -0300] "GET /cormun/static/Resources/PXToolsGridLastDisabled.gif HTTP/1.1" 200 98
164.77.113.188 - - [03/Aug/2018:15:00:16 -0300] "GET /cormun/static/Resources/PXToolsGridPage.gif HTTP/1.1" 200 725
164.77.113.188 - - [03/Aug/2018:15:00:16 -0300] "GET /cormun/static/Resources/PXToolsActionExcel.png HTTP/1.1" 200 3187
164.77.113.188 - - [03/Aug/2018:15:00:17 -0300] "GET /cormun/static/Resources/PXToolsGridNew.png HTTP/1.1" 200 2949
152.231.70.149 - - [03/Aug/2018:15:00:17 -0300] "GET /cormun/static/Shared/ext/resources/css/ext-all.css?205870 HTTP/1.1" 200 416045
164.77.113.188 - - [03/Aug/2018:15:00:18 -0300] "GET /cormun/static/Resources/asc.gif HTTP/1.1" 200 67
164.77.113.188 - - [03/Aug/2018:15:00:18 -0300] "GET /cormun/static/Resources/desc.gif HTTP/1.1" 200 65
186.67.84.236 - - [03/Aug/2018:15:00:18 -0300] "GET /cormun//static/Resources/PXToolsActionDisabled.gif HTTP/1.1" 200 53
186.103.196.84 - - [03/Aug/2018:15:00:18 -0300] "GET /cormun//static/Resources/PXToolsGridDisplay.png HTTP/1.1" 200 362
