200.72.197.82 - - [02/Aug/2018:09:32:15 -0300] "GET /cormun/servlet/permisogoce?UPD,16271586,P,20180802082441, HTTP/1.1" 200 7137
200.72.197.82 - - [02/Aug/2018:09:32:16 -0300] "GET /cormun/servlet/permisogoce?5728df2f418ce74d8e8a3b4ea205ae9daa43b5b5dc068b7122623a52ea23bb4f3dba67fb93492ed7819bad59387ea084dce18d4c533f10b95bad746dc28064ce,gx-no-cache=1533213063266 HTTP/1.1" 200 77
186.10.12.250 - - [02/Aug/2018:09:32:23 -0300] "GET /cormun/servlet/hlogin HTTP/1.1" 200 1713
186.10.12.250 - - [02/Aug/2018:09:32:25 -0300] "POST /cormun/servlet/hlogin?a7614e9f035a38036435fabcea777e7f,gx-no-cache=1533213073565 HTTP/1.1" 200 90
186.10.12.250 - - [02/Aug/2018:09:32:25 -0300] "GET /cormun/servlet/hpexe_link HTTP/1.1" 200 946
186.10.12.250 - - [02/Aug/2018:09:32:26 -0300] "GET /cormun/servlet/hhome HTTP/1.1" 200 3991
186.10.12.250 - - [02/Aug/2018:09:32:26 -0300] "GET /cormun/servlet/hhome HTTP/1.1" 200 3988
186.10.12.250 - - [02/Aug/2018:09:32:30 -0300] "GET /cormun/servlet/trrenuncias? HTTP/1.1" 200 6849
186.10.12.250 - - [02/Aug/2018:09:32:30 -0300] "GET /cormun/static/gxcfg.js?20175251282642 HTTP/1.1" 200 953
186.10.12.250 - - [02/Aug/2018:09:32:30 -0300] "GET /cormun/static/trrenuncias.js?20175251283179 HTTP/1.1" 200 31174
186.10.12.250 - - [02/Aug/2018:09:32:31 -0300] "GET /cormun/servlet/trrenuncias? HTTP/1.1" 200 6848
190.151.100.218 - - [02/Aug/2018:09:32:33 -0300] "GET /cormun/static/menuarrow.gif HTTP/1.1" 404 1015
190.151.100.218 - - [02/Aug/2018:09:32:41 -0300] "POST /cormun/servlet/trrenuncias?a7614e9f035a38036435fabcea777e7f,,gx-no-cache=1533213088900 HTTP/1.1" 200 4999
186.103.159.182 - - [02/Aug/2018:09:32:53 -0300] "GET /cormun/servlet/hlogin HTTP/1.1" 200 1715
186.103.159.182 - - [02/Aug/2018:09:32:54 -0300] "GET /cormun/servlet/hlogin HTTP/1.1" 200 1724
186.103.159.182 - - [02/Aug/2018:09:32:59 -0300] "POST /cormun/servlet/hlogin?ec8e616ace2a3fa10979402e75a0ad57,gx-no-cache=1533213105717 HTTP/1.1" 200 90
186.103.159.182 - - [02/Aug/2018:09:32:59 -0300] "GET /cormun/servlet/hpexe_link HTTP/1.1" 200 947
186.103.159.182 - - [02/Aug/2018:09:32:59 -0300] "GET /cormun/static/hpexe_link.js?20177612121795 HTTP/1.1" 304 -
186.103.161.206 - - [02/Aug/2018:09:32:59 -0300] "POST /cormun/servlet/permisogoce?cd8d77bb044df16e72f51be89cd32814,UPD,16271586,P,20180802082441,,gx-no-cache=1533213106764 HTTP/1.1" 200 93
186.103.161.206 - - [02/Aug/2018:09:32:59 -0300] "GET /cormun/servlet/hpexe_return? HTTP/1.1" 200 1025
186.103.159.182 - - [02/Aug/2018:09:33:00 -0300] "GET /cormun/servlet/hhome HTTP/1.1" 200 4256
186.103.161.206 - - [02/Aug/2018:09:33:00 -0300] "GET /cormun/servlet/trpermisosgoce HTTP/1.1" 200 9690
186.103.159.182 - - [02/Aug/2018:09:33:00 -0300] "GET /cormun/static/hhome.js?20175251212450 HTTP/1.1" 304 -
186.103.161.206 - - [02/Aug/2018:09:33:00 -0300] "GET /cormun/servlet/trpermisosgoce HTTP/1.1" 200 9686
186.103.159.182 - - [02/Aug/2018:09:33:00 -0300] "GET /cormun/servlet/hhome HTTP/1.1" 200 4253
186.103.157.42 - - [02/Aug/2018:09:33:08 -0300] "POST /cormun/servlet/trsolicitudot?dd098290ba99151be63cd53ac07c69e3,,gx-no-cache=1533213131787 HTTP/1.1" 200 4702
186.103.157.42 - - [02/Aug/2018:09:33:08 -0300] "GET /cormun/static/Shared/jqueryui/images/ui-bg_highlight-soft_100_c6c2c8_1x100.png HTTP/1.1" 404 1117
186.103.157.42 - - [02/Aug/2018:09:33:08 -0300] "GET /cormun/static/Shared/jqueryui/images/ui-icons_82798d_256x240.png HTTP/1.1" 404 1089
186.103.157.42 - - [02/Aug/2018:09:33:08 -0300] "GET /cormun/static/Shared/jqueryui/images/ui-icons_8d78a5_256x240.png HTTP/1.1" 404 1089
186.103.157.42 - - [02/Aug/2018:09:33:08 -0300] "GET /cormun/static/Shared/jqueryui/images/ui-bg_flat_55_fafafa_40x100.png HTTP/1.1" 404 1097
186.103.157.42 - - [02/Aug/2018:09:33:08 -0300] "POST /cormun/servlet/trsolicitudot?dd098290ba99151be63cd53ac07c69e3,,gx-no-cache=1533213132184 HTTP/1.1" 200 4465
186.103.157.42 - - [02/Aug/2018:09:33:12 -0300] "GET /cormun/servlet/trautorizarsolicitud? HTTP/1.1" 200 8708
186.103.157.42 - - [02/Aug/2018:09:33:13 -0300] "GET /cormun/servlet/trautorizarsolicitud? HTTP/1.1" 200 8708
186.103.157.42 - - [02/Aug/2018:09:33:15 -0300] "POST /cormun/servlet/trautorizarsolicitud?dd098290ba99151be63cd53ac07c69e3,,gx-no-cache=1533213138866 HTTP/1.1" 200 4610
186.103.157.42 - - [02/Aug/2018:09:33:15 -0300] "GET /cormun/static/Shared/jqueryui/images/ui-icons_82798d_256x240.png HTTP/1.1" 404 1089
186.103.157.42 - - [02/Aug/2018:09:33:15 -0300] "GET /cormun/static/Shared/jqueryui/images/ui-bg_highlight-soft_100_c6c2c8_1x100.png HTTP/1.1" 404 1117
186.103.157.42 - - [02/Aug/2018:09:33:15 -0300] "GET /cormun/static/Shared/jqueryui/images/ui-icons_8d78a5_256x240.png HTTP/1.1" 404 1089
186.103.157.42 - - [02/Aug/2018:09:33:15 -0300] "GET /cormun/static/Shared/jqueryui/images/ui-bg_flat_55_fafafa_40x100.png HTTP/1.1" 404 1097
186.103.157.42 - - [02/Aug/2018:09:33:15 -0300] "POST /cormun/servlet/trautorizarsolicitud?dd098290ba99151be63cd53ac07c69e3,,gx-no-cache=1533213139075 HTTP/1.1" 200 4372
186.103.157.42 - - [02/Aug/2018:09:33:17 -0300] "GET /cormun/servlet/trsolicitudot? HTTP/1.1" 200 7464
186.103.157.42 - - [02/Aug/2018:09:33:18 -0300] "GET /cormun/servlet/trsolicitudot? HTTP/1.1" 200 7464
200.111.122.170 - - [02/Aug/2018:09:33:19 -0300] "GET /cormun/servlet/permisogoce?UPD,16271586,P,20180802082441, HTTP/1.1" 200 7136
200.111.122.170 - - [02/Aug/2018:09:33:19 -0300] "GET /cormun/servlet/permisogoce?UPD,16271586,P,20180802082441, HTTP/1.1" 200 7137
190.151.100.218 - - [02/Aug/2018:09:33:20 -0300] "GET /cormun/servlet/permisogoce?5728df2f418ce74d8e8a3b4ea205ae9daa43b5b5dc068b7122623a52ea23bb4f3dba67fb93492ed7819bad59387ea084dce18d4c533f10b95bad746dc28064ce,gx-no-cache=1533213127145 HTTP/1.1" 200 77
186.103.157.42 - - [02/Aug/2018:09:33:21 -0300] "GET /cormun/servlet/solicitudot?INS,0,0, HTTP/1.1" 200 13719
186.103.157.42 - - [02/Aug/2018:09:33:21 -0300] "GET /cormun/servlet/solicitudot?INS,0,0, HTTP/1.1" 200 13724
190.151.100.218 - - [02/Aug/2018:09:33:25 -0300] "POST /cormun/servlet/permisogoce?cd8d77bb044df16e72f51be89cd32814,UPD,16271586,P,20180802082441,,gx-no-cache=1533213131741 HTTP/1.1" 200 93
190.151.100.218 - - [02/Aug/2018:09:33:25 -0300] "GET /cormun/servlet/hpexe_return? HTTP/1.1" 200 1025
190.151.100.218 - - [02/Aug/2018:09:33:25 -0300] "GET /cormun/servlet/trpermisosgoce HTTP/1.1" 200 9690
190.151.100.218 - - [02/Aug/2018:09:33:25 -0300] "GET /cormun/servlet/trpermisosgoce HTTP/1.1" 200 9686
186.103.157.42 - - [02/Aug/2018:09:33:31 -0300] "POST /cormun/servlet/solicitudot?gx-no-cache=1533213155329 HTTP/1.1" 200 3308
186.103.157.42 - - [02/Aug/2018:09:33:31 -0300] "POST /cormun/servlet/solicitudot?dd098290ba99151be63cd53ac07c69e3,INS,0,0,,gx-no-cache=1533213155454 HTTP/1.1" 200 10464
186.103.157.42 - - [02/Aug/2018:09:33:34 -0300] "GET /cormun/servlet/solicitudot?229557d0d9628bacef26f7f172cdd1851ff1a5c3a5e588034abc19af368b2089360b4b8ea628aed641050ccf3fd4c2a9,gx-no-cache=1533213157891 HTTP/1.1" 200 111
186.103.157.42 - - [02/Aug/2018:09:33:34 -0300] "GET /cormun/static/Shared/jqueryui/images/ui-icons_82798d_256x240.png HTTP/1.1" 404 1089
186.103.157.42 - - [02/Aug/2018:09:33:34 -0300] "GET /cormun/static/Shared/jqueryui/images/ui-bg_highlight-soft_100_c6c2c8_1x100.png HTTP/1.1" 404 1117
186.103.157.42 - - [02/Aug/2018:09:33:34 -0300] "GET /cormun/static/Shared/jqueryui/images/ui-bg_flat_55_994d53_40x100.png HTTP/1.1" 404 1097
186.103.157.42 - - [02/Aug/2018:09:33:34 -0300] "GET /cormun/static/Shared/jqueryui/images/ui-icons_ebccce_256x240.png HTTP/1.1" 404 1089
186.103.158.250 - - [02/Aug/2018:09:33:34 -0300] "GET /cormun/servlet/trpermisosadjuntos?13568596,20180802082351,P, HTTP/1.1" 200 6276
186.103.158.250 - - [02/Aug/2018:09:33:35 -0300] "GET /cormun/static/gxcfg.js?201762817193957 HTTP/1.1" 200 953
186.103.158.250 - - [02/Aug/2018:09:33:35 -0300] "GET /cormun/static/Resources/Spanish/PXTools.css?17315867 HTTP/1.1" 200 89042
186.103.158.250 - - [02/Aug/2018:09:33:35 -0300] "GET /cormun/static/trpermisosadjuntos.js?201762817194366 HTTP/1.1" 200 20158
186.103.158.250 - - [02/Aug/2018:09:33:36 -0300] "GET /cormun/servlet/trpermisosadjuntos?13568596,20180802082351,P, HTTP/1.1" 200 6276
186.103.159.182 - - [02/Aug/2018:09:33:37 -0300] "GET /cormun/servlet/trsolicitudot? HTTP/1.1" 200 7471
186.103.159.182 - - [02/Aug/2018:09:33:37 -0300] "GET /cormun/static/Resources/Spanish/PXTools.css?1255365 HTTP/1.1" 304 -
186.103.159.182 - - [02/Aug/2018:09:33:37 -0300] "GET /cormun/static/gxcfg.js?2017111422585916 HTTP/1.1" 200 953
186.103.159.182 - - [02/Aug/2018:09:33:37 -0300] "GET /cormun/static/trsolicitudot.js?201711142259839 HTTP/1.1" 304 -
186.103.159.182 - - [02/Aug/2018:09:33:38 -0300] "GET /cormun/servlet/trsolicitudot? HTTP/1.1" 200 7470
186.103.158.250 - - [02/Aug/2018:09:33:38 -0300] "GET /cormun/servlet/permisosadjuntos?INS,13568596,P,20180802082351,, HTTP/1.1" 200 5600
186.103.158.250 - - [02/Aug/2018:09:33:38 -0300] "GET /cormun/static/gxcfg.js?201762717441171 HTTP/1.1" 200 953
186.103.158.250 - - [02/Aug/2018:09:33:38 -0300] "GET /cormun/static/permisosadjuntos.js?201762717441184 HTTP/1.1" 200 8724
186.103.158.250 - - [02/Aug/2018:09:33:39 -0300] "GET /cormun/static/about:blank HTTP/1.1" 404 1011
186.103.158.250 - - [02/Aug/2018:09:33:40 -0300] "GET /cormun/servlet/permisosadjuntos?INS,13568596,P,20180802082351,, HTTP/1.1" 200 5590
200.112.233.47 - - [02/Aug/2018:09:33:41 -0300] "GET /cormun/servlet/hlogin HTTP/1.1" 200 1723
200.112.233.47 - - [02/Aug/2018:09:33:41 -0300] "GET /cormun/static/gxtimezone.js?85251 HTTP/1.1" 200 5781
200.112.233.47 - - [02/Aug/2018:09:33:42 -0300] "GET /cormun/static/gxcfg.js?20175251213516 HTTP/1.1" 200 953
186.103.157.42 - - [02/Aug/2018:09:33:43 -0300] "POST /cormun/servlet/solicitudot?gx-no-cache=1533213167523 HTTP/1.1" 200 3309
186.103.157.42 - - [02/Aug/2018:09:33:44 -0300] "POST /cormun/servlet/solicitudot?dd098290ba99151be63cd53ac07c69e3,INS,0,0,,gx-no-cache=1533213167729 HTTP/1.1" 200 10517
186.103.159.182 - - [02/Aug/2018:09:33:47 -0300] "GET /cormun/servlet/solicitudot?INS,0,0, HTTP/1.1" 200 13725
186.103.157.42 - - [02/Aug/2018:09:33:47 -0300] "GET /cormun/servlet/solicitudot?229557d0d9628bacef26f7f172cdd1851b7eb28f3e1a56e2aa355c822b5cd1e3360b4b8ea628aed641050ccf3fd4c2a9,gx-no-cache=1533213171634 HTTP/1.1" 200 30
186.103.159.182 - - [02/Aug/2018:09:33:47 -0300] "GET /cormun/static/gxcfg.js?201812313224582 HTTP/1.1" 200 953
186.103.159.182 - - [02/Aug/2018:09:33:48 -0300] "GET /cormun/static/Resources/prompt.gif HTTP/1.1" 200 902
186.103.159.182 - - [02/Aug/2018:09:33:48 -0300] "GET /cormun/static/solicitudot.js?201812313224831 HTTP/1.1" 200 72336
186.103.159.182 - - [02/Aug/2018:09:33:48 -0300] "GET /cormun/servlet/solicitudot?INS,0,0, HTTP/1.1" 200 13730
186.103.159.182 - - [02/Aug/2018:09:34:02 -0300] "GET /cormun/static/Resources/resize.gif HTTP/1.1" 200 77
186.103.159.182 - - [02/Aug/2018:09:34:03 -0300] "GET /cormun/servlet/prfichaempleado?,MD,,gxPopupLevel%3D0%3B HTTP/1.1" 200 9422
186.103.159.182 - - [02/Aug/2018:09:34:03 -0300] "GET /cormun/static/Resources/PXToolsMenuSearch.png HTTP/1.1" 200 2914
186.103.159.182 - - [02/Aug/2018:09:34:03 -0300] "GET /cormun/static/gxcfg.js?20177612134814 HTTP/1.1" 200 953
186.103.159.182 - - [02/Aug/2018:09:34:03 -0300] "GET /cormun/static/Resources/PXToolsMenuSearchCancel.png HTTP/1.1" 200 2972
186.103.159.182 - - [02/Aug/2018:09:34:03 -0300] "GET /cormun/static/menusearch.js?201610171694467 HTTP/1.1" 200 1424
186.103.159.182 - - [02/Aug/2018:09:34:03 -0300] "GET /cormun/static/prfichaempleado.js?20177612134999 HTTP/1.1" 200 16006
186.103.159.182 - - [02/Aug/2018:09:34:03 -0300] "GET /cormun/static/hmpwkw011.js?20177612121862 HTTP/1.1" 200 1968
186.103.158.250 - - [02/Aug/2018:09:34:09 -0300] "POST /cormun/servlet/permisosadjuntos?b44a83342f3778dc34b5fa70c2d6c44c,INS,13568596,P,20180802082351,, HTTP/1.1" 200 116
186.103.158.250 - - [02/Aug/2018:09:34:09 -0300] "GET /cormun/servlet/hpexe_return? HTTP/1.1" 200 1037
186.103.158.250 - - [02/Aug/2018:09:34:09 -0300] "GET /cormun/servlet/trpermisosadjuntos?13568596,20180802082351,P, HTTP/1.1" 200 6750
186.103.158.250 - - [02/Aug/2018:09:34:11 -0300] "GET /cormun/servlet/trpermisosadjuntos?13568596,20180802082351,P, HTTP/1.1" 200 6746
190.151.100.218 - - [02/Aug/2018:09:34:14 -0300] "GET /cormun/servlet/permisogoce?INS,0,,, HTTP/1.1" 200 7069
200.112.233.47 - - [02/Aug/2018:09:34:15 -0300] "GET /cormun/static/Resources/Spanish/PXTools.css?11423723 HTTP/1.1" 200 89042
190.151.100.218 - - [02/Aug/2018:09:34:15 -0300] "GET /cormun/servlet/permisogoce?INS,0,,, HTTP/1.1" 200 7069
200.112.233.47 - - [02/Aug/2018:09:34:16 -0300] "GET /cormun/static/messages.spa.js?85251 HTTP/1.1" 200 30736
200.112.233.47 - - [02/Aug/2018:09:34:19 -0300] "GET /cormun/static/hlogin.js?20175251213537 HTTP/1.1" 200 2136
200.112.233.47 - - [02/Aug/2018:09:34:19 -0300] "GET /cormun/static/Resources/ComunLogin.png HTTP/1.1" 200 17326
186.10.12.250 - - [02/Aug/2018:09:34:24 -0300] "GET /cormun/servlet/permisogoce?5728df2f418ce74d8e8a3b4ea205ae9d595247503a1f941bcb87209d89a8cef1ab2bfbd1c18b46b4f0b3999499b453c62f14cfc87faaa97da11cb0a6bd93e356,gx-no-cache=1533213191419 HTTP/1.1" 200 78
200.111.122.170 - - [02/Aug/2018:09:34:33 -0300] "GET /cormun/servlet/permisogoce?5728df2f418ce74d8e8a3b4ea205ae9d7a10bc49e2d2e04cab5dbfb96c70d478614db0a205846d3efb2ff80a22e9c527b4c1698f12f7ed0753dcfb4a9faeb73c,gx-no-cache=1533213199912 HTTP/1.1" 200 47
186.103.159.182 - - [02/Aug/2018:09:34:35 -0300] "POST /cormun/servlet/prfichaempleado?ec8e616ace2a3fa10979402e75a0ad57,,MD,,gxPopupLevel%3D0%3B,gx-no-cache=1533213201273 HTTP/1.1" 200 4602
186.103.158.250 - - [02/Aug/2018:09:34:43 -0300] "GET /cormun/servlet/trpermisosgoce? HTTP/1.1" 200 8056
186.103.158.250 - - [02/Aug/2018:09:34:45 -0300] "GET /cormun/servlet/trpermisosgoce? HTTP/1.1" 200 8055
186.103.161.206 - - [02/Aug/2018:09:34:47 -0300] "POST /cormun/servlet/permisogoce?cd8d77bb044df16e72f51be89cd32814,INS,0,,,,gx-no-cache=1533213214681 HTTP/1.1" 200 93
186.103.161.206 - - [02/Aug/2018:09:34:47 -0300] "GET /cormun/servlet/hpexe_return? HTTP/1.1" 200 1008
186.103.161.206 - - [02/Aug/2018:09:34:48 -0300] "GET /cormun/servlet/trpermisosgoce HTTP/1.1" 200 9690
186.67.203.186 - - [02/Aug/2018:09:34:48 -0300] "GET /cormun/servlet/trpermisosgoce HTTP/1.1" 200 9686
186.103.157.42 - - [02/Aug/2018:09:34:50 -0300] "GET /cormun/servlet/prbanco?,MD,,gxPopupLevel%3D0%3B HTTP/1.1" 200 6704
186.103.158.250 - - [02/Aug/2018:09:34:51 -0300] "POST /cormun/servlet/trpermisosgoce?b44a83342f3778dc34b5fa70c2d6c44c,,gx-no-cache=1533213134768 HTTP/1.1" 200 5277
186.103.158.250 - - [02/Aug/2018:09:34:52 -0300] "GET /cormun/static/Shared/jqueryui/images/ui-bg_highlight-soft_100_c6c2c8_1x100.png HTTP/1.1" 404 1117
186.103.158.250 - - [02/Aug/2018:09:34:52 -0300] "GET /cormun/static/Shared/jqueryui/images/ui-icons_82798d_256x240.png HTTP/1.1" 404 1089
186.103.158.250 - - [02/Aug/2018:09:34:52 -0300] "GET /cormun/static/Shared/jqueryui/images/ui-bg_flat_55_fafafa_40x100.png HTTP/1.1" 404 1097
186.103.158.250 - - [02/Aug/2018:09:34:52 -0300] "GET /cormun/static/Shared/jqueryui/images/ui-icons_8d78a5_256x240.png HTTP/1.1" 404 1089
186.103.157.42 - - [02/Aug/2018:09:35:07 -0300] "GET /cormun/servlet/solicitudot?229557d0d9628bacef26f7f172cdd1852ca883a4f547fa725d5cdbe9d2ee7aff889ee51ffaf743602e4a7087ccc919c3360b4b8ea628aed641050ccf3fd4c2a9,gx-no-cache=1533213251727 HTTP/1.1" 200 30
186.103.157.42 - - [02/Aug/2018:09:35:09 -0300] "GET /cormun/servlet/solicitudot?229557d0d9628bacef26f7f172cdd185a844c95b90c7ca10569ba945825e4365,gx-no-cache=1533213253306 HTTP/1.1" 200 53
186.103.159.182 - - [02/Aug/2018:09:35:13 -0300] "POST /cormun/servlet/solicitudot?gx-no-cache=1533213239024 HTTP/1.1" 200 3424
186.103.159.182 - - [02/Aug/2018:09:35:13 -0300] "POST /cormun/servlet/solicitudot?ec8e616ace2a3fa10979402e75a0ad57,INS,0,0,,gx-no-cache=1533213239204 HTTP/1.1" 200 10599
186.103.159.182 - - [02/Aug/2018:09:35:13 -0300] "GET /cormun/servlet/solicitudot?b698b3833bb3eb156686dec261cda45950b127c5b5a2063244943de085475444f4495d47ed83d42acc4dec1fbb5feacf,gx-no-cache=1533213239369 HTTP/1.1" 200 30
186.103.157.42 - - [02/Aug/2018:09:35:19 -0300] "POST /cormun/servlet/solicitudot?gx-no-cache=1533213263022 HTTP/1.1" 200 297
186.103.157.42 - - [02/Aug/2018:09:35:19 -0300] "GET /cormun/servlet/solicitudot?229557d0d9628bacef26f7f172cdd18553baf5d338f72dbc551934de33d9d4c9e4042b6513399fa7c1c2c57e260661e433e090c68a040d326ba7097fb03810089c7105f88408fbe0f2ec22b70609fb8bb27e84667552251d80286cba4f7f875202e7f1c446aaae72569c531b41c067a869a53b838f9ba969c1facd6e7b97439bc3a64cb5cb30f2cc18c8c2ea05863e564816f6b2996099bad796cc19482f37ca7e7ad16576076b2bd334ba5d05e050d15c0aedfc37696d0e8a03c655214e08b7b066214094c22a2eca230b61f2917bb5dc77c535a7191a5c19172ec7b7bca09b832a5d0af163cb2c30c49da53780b84572381b3aaa841682026852140cc130a2ed0a5378c4f0febb529a245b8907e6f25402d18f8b94a03960f45b18159ed86d7228646fa004976ce130bdf7f7aa81e941362b534d05cee2186d9be70540da29c2a0fe25d3cbfa0ca977b58575f51c7c6928bfc57261ab82e7d85d0f04d3e32bba1ef0dd6278cc3782279f8214bf682158509fda55f1483bb6d83979d4d37977c00feff4cab911e93927b1c70fcdaab5,gx-no-cache=1533213263084 HTTP/1.1" 200 30
186.103.157.42 - - [02/Aug/2018:09:35:27 -0300] "POST /cormun/servlet/solicitudot?gx-no-cache=1533213271076 HTTP/1.1" 200 30
186.103.157.42 - - [02/Aug/2018:09:35:28 -0300] "POST /cormun/servlet/solicitudot?gx-no-cache=1533213272756 HTTP/1.1" 200 1374
186.103.157.42 - - [02/Aug/2018:09:35:29 -0300] "POST /cormun/servlet/solicitudot?gx-no-cache=1533213272840 HTTP/1.1" 200 38
186.103.157.42 - - [02/Aug/2018:09:35:42 -0300] "GET /cormun/servlet/solicitudot?229557d0d9628bacef26f7f172cdd18545b96889051a25d153d93eaf73a3b820c1e53fdc71661caad1d18ad9da89bb2614b5e9f7382252b37ea39f48dbd9f7c75a2438152292b3f85a47ce06b68454e5a1a0f401478c46f1c70826103403f40dfabf732bbc11fe9937720d371131d99f,gx-no-cache=1533213285880 HTTP/1.1" 200 29
186.103.157.42 - - [02/Aug/2018:09:35:42 -0300] "POST /cormun/servlet/solicitudot?gx-no-cache=1533213285957 HTTP/1.1" 200 1358
186.103.157.42 - - [02/Aug/2018:09:35:42 -0300] "POST /cormun/servlet/solicitudot?gx-no-cache=1533213286055 HTTP/1.1" 200 1254
186.103.157.42 - - [02/Aug/2018:09:35:46 -0300] "GET /cormun/static/menuarrow.gif HTTP/1.1" 404 1015
186.103.157.42 - - [02/Aug/2018:09:35:51 -0300] "GET /cormun/servlet/solicitudot?229557d0d9628bacef26f7f172cdd1858bdcd360aee3959ca9d84982e0c877858f6810e8cdc03bafc9889c3423f732d2,gx-no-cache=1533213294852 HTTP/1.1" 200 30
186.103.159.182 - - [02/Aug/2018:09:35:53 -0300] "GET /cormun/servlet/trsolicitudot? HTTP/1.1" 200 7471
186.103.159.182 - - [02/Aug/2018:09:35:53 -0300] "GET /cormun/servlet/trsolicitudot? HTTP/1.1" 200 7470
186.103.157.42 - - [02/Aug/2018:09:35:57 -0300] "POST /cormun/servlet/solicitudot?gx-no-cache=1533213301342 HTTP/1.1" 200 30
186.103.159.182 - - [02/Aug/2018:09:35:58 -0300] "GET /cormun/servlet/solicitudot?INS,0,0, HTTP/1.1" 200 13726
186.103.159.182 - - [02/Aug/2018:09:35:59 -0300] "GET /cormun/servlet/solicitudot?INS,0,0, HTTP/1.1" 200 13731
186.103.157.42 - - [02/Aug/2018:09:36:01 -0300] "POST /cormun/servlet/solicitudot?dd098290ba99151be63cd53ac07c69e3,INS,0,0,,gx-no-cache=1533213305505 HTTP/1.1" 200 93
186.103.157.42 - - [02/Aug/2018:09:36:01 -0300] "GET /cormun/servlet/hpexe_return? HTTP/1.1" 200 1003
186.103.157.42 - - [02/Aug/2018:09:36:02 -0300] "GET /cormun/servlet/trsolicitudot HTTP/1.1" 200 8820
186.103.159.182 - - [02/Aug/2018:09:36:02 -0300] "GET /cormun/servlet/prfichaempleado?,MD,,gxPopupLevel%3D0%3B HTTP/1.1" 200 9422
186.103.157.42 - - [02/Aug/2018:09:36:02 -0300] "GET /cormun/servlet/trsolicitudot HTTP/1.1" 200 8815
186.103.159.182 - - [02/Aug/2018:09:36:12 -0300] "POST /cormun/servlet/prfichaempleado?ec8e616ace2a3fa10979402e75a0ad57,,MD,,gxPopupLevel%3D0%3B,gx-no-cache=1533213298530 HTTP/1.1" 200 4602
186.103.159.182 - - [02/Aug/2018:09:36:35 -0300] "GET /cormun/servlet/prfichaempleado?,MD,,gxPopupLevel%3D0%3B HTTP/1.1" 200 9422
186.103.157.42 - - [02/Aug/2018:09:36:51 -0300] "POST /cormun/servlet/trsolicitudot?dd098290ba99151be63cd53ac07c69e3,gx-no-cache=1533213354821 HTTP/1.1" 200 107
186.103.157.42 - - [02/Aug/2018:09:36:51 -0300] "GET /cormun/servlet/trsolicitudadjuntos?2018,11968, HTTP/1.1" 200 6347
186.103.157.42 - - [02/Aug/2018:09:36:51 -0300] "GET /cormun/servlet/trsolicitudadjuntos?2018,11968, HTTP/1.1" 200 6346
186.103.159.182 - - [02/Aug/2018:09:36:52 -0300] "POST /cormun/servlet/prfichaempleado?ec8e616ace2a3fa10979402e75a0ad57,,MD,,gxPopupLevel%3D0%3B,gx-no-cache=1533213338338 HTTP/1.1" 200 3798
186.103.157.42 - - [02/Aug/2018:09:36:53 -0300] "GET /cormun/servlet/solicitudotadjuntos?INS,2018,11968,,1, HTTP/1.1" 200 6293
186.103.157.42 - - [02/Aug/2018:09:36:54 -0300] "GET /cormun/static/about:blank HTTP/1.1" 404 1011
186.103.157.42 - - [02/Aug/2018:09:36:54 -0300] "GET /cormun/servlet/solicitudotadjuntos?INS,2018,11968,,1, HTTP/1.1" 200 6286
186.103.157.42 - - [02/Aug/2018:09:36:55 -0300] "GET /cormun/servlet/solicitudotadjuntos?229557d0d9628bacef26f7f172cdd185715fc8d5687f240be384ce7d665b6ae0955f9c18e78e8fffc02b2ad2821e5467,gx-no-cache=1533213358575 HTTP/1.1" 200 30
186.103.157.42 - - [02/Aug/2018:09:36:55 -0300] "POST /cormun/servlet/solicitudotadjuntos?dd098290ba99151be63cd53ac07c69e3,INS,2018,11968,,1,,gx-no-cache=1533213359058 HTTP/1.1" 200 3985
186.103.157.42 - - [02/Aug/2018:09:36:57 -0300] "POST /cormun/servlet/solicitudotadjuntos?gx-no-cache=1533213361149 HTTP/1.1" 200 26
186.103.157.42 - - [02/Aug/2018:09:37:08 -0300] "GET /cormun/servlet/solicitudotadjuntos?229557d0d9628bacef26f7f172cdd1857ee4051fc60345afd5b05d179de11347,gx-no-cache=1533213372078 HTTP/1.1" 200 30
186.103.157.42 - - [02/Aug/2018:09:37:08 -0300] "GET /cormun/servlet/solicitudotadjuntos?229557d0d9628bacef26f7f172cdd1857ee4051fc60345afd5b05d179de11347,gx-no-cache=1533213372188 HTTP/1.1" 200 30
200.54.247.70 - - [02/Aug/2018:09:37:10 -0300] "GET /cormun/servlet/trlicencias? HTTP/1.1" 200 13557
186.103.157.42 - - [02/Aug/2018:09:37:10 -0300] "POST /cormun/servlet/solicitudotadjuntos?dd098290ba99151be63cd53ac07c69e3,INS,2018,11968,,1, HTTP/1.1" 200 116
186.103.157.42 - - [02/Aug/2018:09:37:10 -0300] "GET /cormun/servlet/hpexe_return? HTTP/1.1" 200 1023
186.103.157.42 - - [02/Aug/2018:09:37:11 -0300] "GET /cormun/servlet/trsolicitudadjuntos?2018,11968, HTTP/1.1" 200 8901
186.103.157.42 - - [02/Aug/2018:09:37:11 -0300] "GET /cormun/servlet/trsolicitudadjuntos?2018,11968, HTTP/1.1" 200 8901
200.54.247.70 - - [02/Aug/2018:09:37:12 -0300] "GET /cormun/servlet/trlicencias? HTTP/1.1" 200 13555
186.103.157.42 - - [02/Aug/2018:09:37:13 -0300] "GET /cormun/servlet/solicitudotadjuntos?INS,2018,11968,,1, HTTP/1.1" 200 6293
186.103.157.42 - - [02/Aug/2018:09:37:13 -0300] "GET /cormun/static/about:blank HTTP/1.1" 404 1011
186.103.157.42 - - [02/Aug/2018:09:37:14 -0300] "GET /cormun/servlet/solicitudotadjuntos?INS,2018,11968,,1, HTTP/1.1" 200 6286
186.103.157.42 - - [02/Aug/2018:09:37:14 -0300] "GET /cormun/servlet/solicitudotadjuntos?229557d0d9628bacef26f7f172cdd185715fc8d5687f240be384ce7d665b6ae0955f9c18e78e8fffc02b2ad2821e5467,gx-no-cache=1533213377933 HTTP/1.1" 200 30
186.103.157.42 - - [02/Aug/2018:09:37:14 -0300] "POST /cormun/servlet/solicitudotadjuntos?dd098290ba99151be63cd53ac07c69e3,INS,2018,11968,,1,,gx-no-cache=1533213378094 HTTP/1.1" 200 3985
200.54.247.70 - - [02/Aug/2018:09:37:15 -0300] "POST /cormun/servlet/trlicencias?ebc86f109fc31e0a138df1744a960f47,,gx-no-cache=1533213362303 HTTP/1.1" 200 11215
186.103.157.42 - - [02/Aug/2018:09:37:15 -0300] "POST /cormun/servlet/solicitudotadjuntos?gx-no-cache=1533213379750 HTTP/1.1" 200 26
186.103.157.42 - - [02/Aug/2018:09:37:23 -0300] "GET /cormun/servlet/trfichaempleado? HTTP/1.1" 200 14122
186.103.157.42 - - [02/Aug/2018:09:37:25 -0300] "GET /cormun/servlet/solicitudotadjuntos?229557d0d9628bacef26f7f172cdd1857ee4051fc60345afd5b05d179de11347,gx-no-cache=1533213389101 HTTP/1.1" 200 30
186.103.157.42 - - [02/Aug/2018:09:37:25 -0300] "GET /cormun/servlet/solicitudotadjuntos?229557d0d9628bacef26f7f172cdd1857ee4051fc60345afd5b05d179de11347,gx-no-cache=1533213389114 HTTP/1.1" 200 30
186.103.157.42 - - [02/Aug/2018:09:37:27 -0300] "POST /cormun/servlet/solicitudotadjuntos?dd098290ba99151be63cd53ac07c69e3,INS,2018,11968,,1, HTTP/1.1" 200 116
186.103.157.42 - - [02/Aug/2018:09:37:27 -0300] "GET /cormun/servlet/hpexe_return? HTTP/1.1" 200 1023
186.103.157.42 - - [02/Aug/2018:09:37:27 -0300] "GET /cormun/servlet/trsolicitudadjuntos?2018,11968, HTTP/1.1" 200 9149
186.103.157.42 - - [02/Aug/2018:09:37:27 -0300] "GET /cormun/servlet/trsolicitudadjuntos?2018,11968, HTTP/1.1" 200 9147
186.103.157.42 - - [02/Aug/2018:09:37:30 -0300] "GET /cormun/servlet/solicitudotadjuntos?INS,2018,11968,,1, HTTP/1.1" 200 6293
186.103.157.42 - - [02/Aug/2018:09:37:31 -0300] "GET /cormun/static/about:blank HTTP/1.1" 404 1011
186.103.157.42 - - [02/Aug/2018:09:37:31 -0300] "GET /cormun/servlet/solicitudotadjuntos?INS,2018,11968,,1, HTTP/1.1" 200 6286
186.103.157.42 - - [02/Aug/2018:09:37:31 -0300] "GET /cormun/servlet/solicitudotadjuntos?229557d0d9628bacef26f7f172cdd185715fc8d5687f240be384ce7d665b6ae0955f9c18e78e8fffc02b2ad2821e5467,gx-no-cache=1533213395389 HTTP/1.1" 200 30
186.103.157.42 - - [02/Aug/2018:09:37:31 -0300] "POST /cormun/servlet/solicitudotadjuntos?dd098290ba99151be63cd53ac07c69e3,INS,2018,11968,,1,,gx-no-cache=1533213395433 HTTP/1.1" 200 3985
186.103.157.42 - - [02/Aug/2018:09:37:33 -0300] "POST /cormun/servlet/solicitudotadjuntos?gx-no-cache=1533213397670 HTTP/1.1" 200 26
186.103.157.42 - - [02/Aug/2018:09:37:38 -0300] "GET /cormun/servlet/solicitudotadjuntos?229557d0d9628bacef26f7f172cdd1857ee4051fc60345afd5b05d179de11347,gx-no-cache=1533213402726 HTTP/1.1" 200 30
186.103.157.42 - - [02/Aug/2018:09:37:38 -0300] "GET /cormun/servlet/solicitudotadjuntos?229557d0d9628bacef26f7f172cdd1857ee4051fc60345afd5b05d179de11347,gx-no-cache=1533213402747 HTTP/1.1" 200 30
186.103.157.42 - - [02/Aug/2018:09:37:39 -0300] "POST /cormun/servlet/solicitudotadjuntos?dd098290ba99151be63cd53ac07c69e3,INS,2018,11968,,1, HTTP/1.1" 200 116
186.103.157.42 - - [02/Aug/2018:09:37:39 -0300] "GET /cormun/servlet/hpexe_return? HTTP/1.1" 200 1023
186.103.157.42 - - [02/Aug/2018:09:37:39 -0300] "GET /cormun/servlet/trsolicitudadjuntos?2018,11968, HTTP/1.1" 200 9333
186.103.157.42 - - [02/Aug/2018:09:37:40 -0300] "GET /cormun/servlet/trsolicitudadjuntos?2018,11968, HTTP/1.1" 200 9331
186.103.157.42 - - [02/Aug/2018:09:37:42 -0300] "GET /cormun/servlet/solicitudotadjuntos?INS,2018,11968,,1, HTTP/1.1" 200 6292
186.103.157.42 - - [02/Aug/2018:09:37:42 -0300] "GET /cormun/static/about:blank HTTP/1.1" 404 1011
186.103.157.42 - - [02/Aug/2018:09:37:42 -0300] "GET /cormun/servlet/solicitudotadjuntos?INS,2018,11968,,1, HTTP/1.1" 200 6286
186.103.157.42 - - [02/Aug/2018:09:37:43 -0300] "GET /cormun/servlet/solicitudotadjuntos?229557d0d9628bacef26f7f172cdd185715fc8d5687f240be384ce7d665b6ae0955f9c18e78e8fffc02b2ad2821e5467,gx-no-cache=1533213406839 HTTP/1.1" 200 30
186.103.157.42 - - [02/Aug/2018:09:37:43 -0300] "POST /cormun/servlet/solicitudotadjuntos?dd098290ba99151be63cd53ac07c69e3,INS,2018,11968,,1,,gx-no-cache=1533213406870 HTTP/1.1" 200 3984
186.103.159.182 - - [02/Aug/2018:09:37:44 -0300] "POST /cormun/servlet/solicitudot?gx-no-cache=1533213390659 HTTP/1.1" 200 3443
200.112.233.47 - - [02/Aug/2018:09:37:45 -0300] "GET /cormun/servlet/hlogin HTTP/1.1" 200 1723
200.112.233.47 - - [02/Aug/2018:09:37:45 -0300] "GET /cormun/static/gxgral.js?85251 HTTP/1.1" 206 1
186.103.159.182 - - [02/Aug/2018:09:37:45 -0300] "POST /cormun/servlet/solicitudot?ec8e616ace2a3fa10979402e75a0ad57,INS,0,0,,gx-no-cache=1533213390805 HTTP/1.1" 200 10622
186.103.159.182 - - [02/Aug/2018:09:37:45 -0300] "GET /cormun/servlet/solicitudot?b698b3833bb3eb156686dec261cda45912c70fb9a2b6141e6f76e476ce6f1127f4495d47ed83d42acc4dec1fbb5feacf,gx-no-cache=1533213391249 HTTP/1.1" 200 30
186.103.159.182 - - [02/Aug/2018:09:37:45 -0300] "GET /cormun/servlet/solicitudot?b698b3833bb3eb156686dec261cda4590942f82f736558352c6284f145d894f0adef76bcd86f77ca56b48f5f51c84a00f4495d47ed83d42acc4dec1fbb5feacf,gx-no-cache=1533213391282 HTTP/1.1" 200 30
186.103.157.42 - - [02/Aug/2018:09:37:45 -0300] "POST /cormun/servlet/solicitudotadjuntos?gx-no-cache=1533213409526 HTTP/1.1" 200 26
186.103.159.182 - - [02/Aug/2018:09:37:45 -0300] "GET /cormun/servlet/solicitudot?b698b3833bb3eb156686dec261cda4593189657d8e00daae1b06776f6c3a6716,gx-no-cache=1533213391329 HTTP/1.1" 200 70
186.103.159.182 - - [02/Aug/2018:09:37:45 -0300] "POST /cormun/servlet/solicitudot?gx-no-cache=1533213391754 HTTP/1.1" 200 297
186.103.159.182 - - [02/Aug/2018:09:37:46 -0300] "GET /cormun/servlet/solicitudot?b698b3833bb3eb156686dec261cda4592ac2b88ee1036ec382bb84bf86c3e1a087bd13e73ac00f497a1c24070ac63a22b66db990b51d6d7d2591a68f94915058ffe0ed5a35e6254ee4d5b4080ac265634830681142f98acab5a19d2cbd6c962aa50c3736d8cb49945307fef85ffad5b28bf8738ef55c6b2699ec43f770ffba7ad535b20f804801a850c2acab3ed1f6c798dfde0f882dffffa508e4e22499fe7b8845f63ff79b296b14d819f911788252fe73472f0c56d0f5b50e32205ccad3c4e99aeedb0fcd35ba62bc14abe87169ff42127a68c5da400d9e85fdc631afc4808f27bb644beacb91f6c3cb572caf60fefc83923da6a102b97dc6c25741b32702965c5fb4bdfb50c9309f72a2364d2b7110d0d78b7cc5767fc666e71d2d54e1ada0213ee29eaf2536ffdf6dca7f075d3187d8320098e78f9f074024d19dce11b81a485b0b5fd3a19111709a7cb9e00f815a3c8c23e9e5c751c66fd3f9158f36b69c322d64d2ad0845003416501f92a665f04879b45d649d6d87c3db45f4d689540c61bd84193eab8b96ba39f20671c009,gx-no-cache=1533213391808 HTTP/1.1" 200 30
186.103.159.182 - - [02/Aug/2018:09:37:46 -0300] "POST /cormun/servlet/solicitudot?gx-no-cache=1533213392161 HTTP/1.1" 200 30
186.103.159.182 - - [02/Aug/2018:09:37:46 -0300] "POST /cormun/servlet/solicitudot?gx-no-cache=1533213392235 HTTP/1.1" 200 1376
186.103.159.182 - - [02/Aug/2018:09:37:46 -0300] "POST /cormun/servlet/solicitudot?gx-no-cache=1533213392328 HTTP/1.1" 200 38
186.103.159.182 - - [02/Aug/2018:09:37:46 -0300] "GET /cormun/servlet/solicitudot?b698b3833bb3eb156686dec261cda459be68a675d33722b13975ceb38d5a22d0134e3cc16099d5341b1245f9b7f7ff5310fb97542995faa03e4584d17af66d1afd17cc04ee759004b373628271752b93e2c789b06d664f5a92099bc3b82b6961af2124600f3ac546a47663b1a9948b6e,gx-no-cache=1533213392364 HTTP/1.1" 200 29
186.103.159.182 - - [02/Aug/2018:09:37:46 -0300] "POST /cormun/servlet/solicitudot?gx-no-cache=1533213392391 HTTP/1.1" 200 1357
186.103.159.182 - - [02/Aug/2018:09:37:46 -0300] "POST /cormun/servlet/solicitudot?gx-no-cache=1533213392474 HTTP/1.1" 200 1258
186.103.159.182 - - [02/Aug/2018:09:37:46 -0300] "GET /cormun/servlet/solicitudot?b698b3833bb3eb156686dec261cda459474329dbcbe12af0c1ad9f6747abc83f,gx-no-cache=1533213392543 HTTP/1.1" 200 30
186.103.159.182 - - [02/Aug/2018:09:37:46 -0300] "POST /cormun/servlet/solicitudot?gx-no-cache=1533213392584 HTTP/1.1" 200 30
186.103.157.42 - - [02/Aug/2018:09:37:51 -0300] "GET /cormun/servlet/solicitudotadjuntos?229557d0d9628bacef26f7f172cdd1857ee4051fc60345afd5b05d179de11347,gx-no-cache=1533213415005 HTTP/1.1" 200 30
186.103.157.42 - - [02/Aug/2018:09:37:51 -0300] "GET /cormun/servlet/solicitudotadjuntos?229557d0d9628bacef26f7f172cdd1857ee4051fc60345afd5b05d179de11347,gx-no-cache=1533213415083 HTTP/1.1" 200 30
186.103.157.42 - - [02/Aug/2018:09:37:52 -0300] "POST /cormun/servlet/solicitudotadjuntos?dd098290ba99151be63cd53ac07c69e3,INS,2018,11968,,1, HTTP/1.1" 200 116
186.103.157.42 - - [02/Aug/2018:09:37:52 -0300] "GET /cormun/servlet/hpexe_return? HTTP/1.1" 200 1023
186.103.157.42 - - [02/Aug/2018:09:37:52 -0300] "GET /cormun/servlet/trsolicitudadjuntos?2018,11968, HTTP/1.1" 200 9569
186.103.157.42 - - [02/Aug/2018:09:37:52 -0300] "GET /cormun/servlet/trsolicitudadjuntos?2018,11968, HTTP/1.1" 200 9568
186.103.157.42 - - [02/Aug/2018:09:37:55 -0300] "GET /cormun/servlet/solicitudotadjuntos?INS,2018,11968,,1, HTTP/1.1" 200 6292
186.103.157.42 - - [02/Aug/2018:09:37:55 -0300] "GET /cormun/static/about:blank HTTP/1.1" 404 1011
186.103.157.42 - - [02/Aug/2018:09:37:56 -0300] "GET /cormun/servlet/solicitudotadjuntos?INS,2018,11968,,1, HTTP/1.1" 200 6286
186.103.157.42 - - [02/Aug/2018:09:37:56 -0300] "GET /cormun/servlet/solicitudotadjuntos?229557d0d9628bacef26f7f172cdd185715fc8d5687f240be384ce7d665b6ae0955f9c18e78e8fffc02b2ad2821e5467,gx-no-cache=1533213420139 HTTP/1.1" 200 30
186.103.157.42 - - [02/Aug/2018:09:37:56 -0300] "POST /cormun/servlet/solicitudotadjuntos?dd098290ba99151be63cd53ac07c69e3,INS,2018,11968,,1,,gx-no-cache=1533213420176 HTTP/1.1" 200 3984
186.103.157.42 - - [02/Aug/2018:09:37:58 -0300] "POST /cormun/servlet/solicitudotadjuntos?gx-no-cache=1533213421981 HTTP/1.1" 200 26
186.103.157.42 - - [02/Aug/2018:09:38:03 -0300] "GET /cormun/servlet/solicitudotadjuntos?229557d0d9628bacef26f7f172cdd1857ee4051fc60345afd5b05d179de11347,gx-no-cache=1533213426981 HTTP/1.1" 200 30
186.103.157.42 - - [02/Aug/2018:09:38:03 -0300] "GET /cormun/servlet/solicitudotadjuntos?229557d0d9628bacef26f7f172cdd1857ee4051fc60345afd5b05d179de11347,gx-no-cache=1533213427085 HTTP/1.1" 200 30
186.103.157.42 - - [02/Aug/2018:09:38:04 -0300] "POST /cormun/servlet/solicitudotadjuntos?dd098290ba99151be63cd53ac07c69e3,INS,2018,11968,,1, HTTP/1.1" 200 116
186.103.157.42 - - [02/Aug/2018:09:38:04 -0300] "GET /cormun/servlet/hpexe_return? HTTP/1.1" 200 1023
186.103.157.42 - - [02/Aug/2018:09:38:05 -0300] "GET /cormun/servlet/trsolicitudadjuntos?2018,11968, HTTP/1.1" 200 9796
186.103.157.42 - - [02/Aug/2018:09:38:05 -0300] "GET /cormun/servlet/trsolicitudadjuntos?2018,11968, HTTP/1.1" 200 9799
186.103.157.42 - - [02/Aug/2018:09:38:07 -0300] "GET /cormun/servlet/solicitudotadjuntos?INS,2018,11968,,1, HTTP/1.1" 200 6292
186.103.157.42 - - [02/Aug/2018:09:38:07 -0300] "GET /cormun/static/about:blank HTTP/1.1" 404 1011
186.103.157.42 - - [02/Aug/2018:09:38:07 -0300] "GET /cormun/servlet/solicitudotadjuntos?INS,2018,11968,,1, HTTP/1.1" 200 6286
186.103.157.42 - - [02/Aug/2018:09:38:08 -0300] "GET /cormun/servlet/solicitudotadjuntos?229557d0d9628bacef26f7f172cdd185715fc8d5687f240be384ce7d665b6ae0955f9c18e78e8fffc02b2ad2821e5467,gx-no-cache=1533213431924 HTTP/1.1" 200 30
186.103.157.42 - - [02/Aug/2018:09:38:08 -0300] "POST /cormun/servlet/solicitudotadjuntos?dd098290ba99151be63cd53ac07c69e3,INS,2018,11968,,1,,gx-no-cache=1533213431959 HTTP/1.1" 200 3984
186.103.157.42 - - [02/Aug/2018:09:38:09 -0300] "POST /cormun/servlet/solicitudotadjuntos?gx-no-cache=1533213433405 HTTP/1.1" 200 26
186.103.157.42 - - [02/Aug/2018:09:38:14 -0300] "GET /cormun/servlet/solicitudotadjuntos?229557d0d9628bacef26f7f172cdd1857ee4051fc60345afd5b05d179de11347,gx-no-cache=1533213438021 HTTP/1.1" 200 30
186.103.157.42 - - [02/Aug/2018:09:38:14 -0300] "GET /cormun/servlet/solicitudotadjuntos?229557d0d9628bacef26f7f172cdd1857ee4051fc60345afd5b05d179de11347,gx-no-cache=1533213438034 HTTP/1.1" 200 30
186.103.157.42 - - [02/Aug/2018:09:38:14 -0300] "POST /cormun/servlet/solicitudotadjuntos?dd098290ba99151be63cd53ac07c69e3,INS,2018,11968,,1, HTTP/1.1" 200 116
186.103.157.42 - - [02/Aug/2018:09:38:14 -0300] "GET /cormun/servlet/hpexe_return? HTTP/1.1" 200 1023
186.103.159.182 - - [02/Aug/2018:09:38:14 -0300] "POST /cormun/servlet/solicitudot?gx-no-cache=1533213420462 HTTP/1.1" 200 30
186.103.157.42 - - [02/Aug/2018:09:38:15 -0300] "GET /cormun/servlet/trsolicitudadjuntos?2018,11968, HTTP/1.1" 200 10089
186.103.157.42 - - [02/Aug/2018:09:38:15 -0300] "GET /cormun/servlet/trsolicitudadjuntos?2018,11968, HTTP/1.1" 200 10087
186.103.157.42 - - [02/Aug/2018:09:38:18 -0300] "GET /cormun/servlet/trsolicitudot? HTTP/1.1" 200 8821
186.103.157.42 - - [02/Aug/2018:09:38:18 -0300] "GET /cormun/servlet/trsolicitudot? HTTP/1.1" 200 8816
186.103.157.42 - - [02/Aug/2018:09:38:30 -0300] "POST /cormun/servlet/trsolicitudot?dd098290ba99151be63cd53ac07c69e3,,gx-no-cache=1533213454122 HTTP/1.1" 200 4682
186.103.157.42 - - [02/Aug/2018:09:38:30 -0300] "GET /cormun/static/Shared/jqueryui/images/ui-bg_highlight-soft_100_c6c2c8_1x100.png HTTP/1.1" 404 1117
186.103.157.42 - - [02/Aug/2018:09:38:30 -0300] "GET /cormun/static/Shared/jqueryui/images/ui-bg_flat_55_fafafa_40x100.png HTTP/1.1" 404 1097
186.103.159.182 - - [02/Aug/2018:09:38:30 -0300] "POST /cormun/servlet/solicitudot?gx-no-cache=1533213436326 HTTP/1.1" 200 1376
186.103.157.42 - - [02/Aug/2018:09:38:30 -0300] "GET /cormun/static/Shared/jqueryui/images/ui-icons_8d78a5_256x240.png HTTP/1.1" 404 1089
186.103.157.42 - - [02/Aug/2018:09:38:30 -0300] "GET /cormun/static/Shared/jqueryui/images/ui-icons_82798d_256x240.png HTTP/1.1" 404 1089
186.103.159.182 - - [02/Aug/2018:09:38:30 -0300] "POST /cormun/servlet/solicitudot?gx-no-cache=1533213436389 HTTP/1.1" 200 38
186.103.157.42 - - [02/Aug/2018:09:38:30 -0300] "POST /cormun/servlet/trsolicitudot?dd098290ba99151be63cd53ac07c69e3,,gx-no-cache=1533213454304 HTTP/1.1" 200 4463
186.103.157.42 - - [02/Aug/2018:09:38:33 -0300] "GET /cormun/static/menuarrow.gif HTTP/1.1" 404 1015
186.103.157.42 - - [02/Aug/2018:09:38:38 -0300] "POST /cormun/servlet/trsolicitudot?dd098290ba99151be63cd53ac07c69e3,,gx-no-cache=1533213462350 HTTP/1.1" 200 7378
186.103.159.182 - - [02/Aug/2018:09:38:40 -0300] "POST /cormun/servlet/solicitudot?gx-no-cache=1533213446161 HTTP/1.1" 200 1357
186.103.159.182 - - [02/Aug/2018:09:38:40 -0300] "POST /cormun/servlet/solicitudot?gx-no-cache=1533213446208 HTTP/1.1" 200 1258
186.103.159.182 - - [02/Aug/2018:09:38:40 -0300] "GET /cormun/servlet/solicitudot?b698b3833bb3eb156686dec261cda459474329dbcbe12af0c1ad9f6747abc83f,gx-no-cache=1533213446248 HTTP/1.1" 200 30
186.103.159.182 - - [02/Aug/2018:09:38:40 -0300] "POST /cormun/servlet/solicitudot?gx-no-cache=1533213446275 HTTP/1.1" 200 30
186.103.159.182 - - [02/Aug/2018:09:38:52 -0300] "POST /cormun/servlet/solicitudot?gx-no-cache=1533213458251 HTTP/1.1" 200 1357
186.103.159.182 - - [02/Aug/2018:09:38:52 -0300] "POST /cormun/servlet/solicitudot?gx-no-cache=1533213458298 HTTP/1.1" 200 1258
186.103.159.182 - - [02/Aug/2018:09:38:52 -0300] "GET /cormun/static/menuarrow.gif HTTP/1.1" 404 1015
200.112.233.47 - - [02/Aug/2018:09:38:54 -0300] "GET /cormun/static/gxgral.js?85251 HTTP/1.1" 200 131072
186.103.159.182 - - [02/Aug/2018:09:38:55 -0300] "POST /cormun/servlet/solicitudot?gx-no-cache=1533213461688 HTTP/1.1" 200 1357
186.103.159.182 - - [02/Aug/2018:09:38:55 -0300] "POST /cormun/servlet/solicitudot?gx-no-cache=1533213461732 HTTP/1.1" 200 1258
186.103.157.42 - - [02/Aug/2018:09:38:55 -0300] "GET /cormun/servlet/trautorizarsolicitud? HTTP/1.1" 200 8712
186.103.157.42 - - [02/Aug/2018:09:38:56 -0300] "GET /cormun/servlet/trautorizarsolicitud? HTTP/1.1" 200 8711
186.103.157.42 - - [02/Aug/2018:09:38:58 -0300] "POST /cormun/servlet/trautorizarsolicitud?dd098290ba99151be63cd53ac07c69e3,,gx-no-cache=1533213481704 HTTP/1.1" 200 4600
186.103.157.42 - - [02/Aug/2018:09:38:58 -0300] "GET /cormun/static/Shared/jqueryui/images/ui-bg_highlight-soft_100_c6c2c8_1x100.png HTTP/1.1" 404 1117
186.103.157.42 - - [02/Aug/2018:09:38:58 -0300] "GET /cormun/static/Shared/jqueryui/images/ui-bg_flat_55_fafafa_40x100.png HTTP/1.1" 404 1097
186.103.157.42 - - [02/Aug/2018:09:38:58 -0300] "GET /cormun/static/Shared/jqueryui/images/ui-icons_8d78a5_256x240.png HTTP/1.1" 404 1089
186.103.157.42 - - [02/Aug/2018:09:38:58 -0300] "GET /cormun/static/Shared/jqueryui/images/ui-icons_82798d_256x240.png HTTP/1.1" 404 1089
186.103.157.42 - - [02/Aug/2018:09:38:58 -0300] "POST /cormun/servlet/trautorizarsolicitud?dd098290ba99151be63cd53ac07c69e3,,gx-no-cache=1533213481963 HTTP/1.1" 200 4387
186.103.159.182 - - [02/Aug/2018:09:39:14 -0300] "GET /cormun/servlet/solicitudot?b698b3833bb3eb156686dec261cda459e75db0efeb8a4df6edf2d515dabba3401c1b04166c2d4e4f754648f689c149db,gx-no-cache=1533213480841 HTTP/1.1" 200 134
186.103.159.182 - - [02/Aug/2018:09:39:15 -0300] "GET /cormun/static/Shared/jqueryui/images/ui-bg_highlight-soft_100_c6c2c8_1x100.png HTTP/1.1" 404 1117
186.103.159.182 - - [02/Aug/2018:09:39:15 -0300] "GET /cormun/static/Shared/jqueryui/images/ui-bg_flat_55_994d53_40x100.png HTTP/1.1" 404 1097
186.103.159.182 - - [02/Aug/2018:09:39:15 -0300] "GET /cormun/static/Shared/jqueryui/images/ui-icons_ebccce_256x240.png HTTP/1.1" 404 1089
186.103.159.182 - - [02/Aug/2018:09:39:15 -0300] "GET /cormun/static/Shared/jqueryui/images/ui-icons_82798d_256x240.png HTTP/1.1" 404 1089
186.103.159.182 - - [02/Aug/2018:09:40:06 -0300] "POST /cormun/servlet/solicitudot?ec8e616ace2a3fa10979402e75a0ad57,INS,0,0,,gx-no-cache=1533213532258 HTTP/1.1" 200 93
186.103.159.182 - - [02/Aug/2018:09:40:06 -0300] "GET /cormun/servlet/hpexe_return? HTTP/1.1" 200 1001
186.103.159.182 - - [02/Aug/2018:09:40:06 -0300] "GET /cormun/static/Resources/Spanish/PXTools.css?167811 HTTP/1.1" 200 89042
186.103.159.182 - - [02/Aug/2018:09:40:06 -0300] "GET /cormun/static/gxcfg.js?2016101716175148 HTTP/1.1" 200 953
186.103.159.182 - - [02/Aug/2018:09:40:06 -0300] "GET /cormun/static/hpexe_return.js?2016101716175153 HTTP/1.1" 200 1633
186.103.159.182 - - [02/Aug/2018:09:40:06 -0300] "GET /cormun/servlet/trsolicitudot HTTP/1.1" 200 7474
186.103.159.182 - - [02/Aug/2018:09:40:07 -0300] "GET /cormun/servlet/trsolicitudot HTTP/1.1" 200 7471
200.112.233.47 - - [02/Aug/2018:09:40:18 -0300] "GET /cormun/servlet/hlogin HTTP/1.1" 200 1723
200.112.233.47 - - [02/Aug/2018:09:40:18 -0300] "GET /cormun/static/gxgral.js?85251 HTTP/1.1" 206 1
186.103.132.155 - - [02/Aug/2018:09:41:50 -0300] "GET /cormun/servlet/trpermisosadjuntos?16885126,20180801114355,P, HTTP/1.1" 200 6520
186.103.132.155 - - [02/Aug/2018:09:41:51 -0300] "GET /cormun/servlet/trpermisosadjuntos?16885126,20180801114355,P, HTTP/1.1" 200 6520
186.103.132.155 - - [02/Aug/2018:09:41:52 -0300] "GET /cormun/servlet/permisosadjuntos?INS,16885126,P,20180801114355,, HTTP/1.1" 200 5853
186.103.132.155 - - [02/Aug/2018:09:41:52 -0300] "GET /cormun/static/about:blank HTTP/1.1" 404 1011
186.103.132.155 - - [02/Aug/2018:09:41:53 -0300] "GET /cormun/servlet/permisosadjuntos?INS,16885126,P,20180801114355,, HTTP/1.1" 200 5842
186.103.132.155 - - [02/Aug/2018:09:42:52 -0300] "POST /cormun/servlet/permisosadjuntos?cd8d77bb044df16e72f51be89cd32814,INS,16885126,P,20180801114355,, HTTP/1.1" 200 116
186.103.132.155 - - [02/Aug/2018:09:42:53 -0300] "GET /cormun/servlet/hpexe_return? HTTP/1.1" 200 1034
186.103.132.155 - - [02/Aug/2018:09:42:53 -0300] "GET /cormun/servlet/trpermisosadjuntos?16885126,20180801114355,P, HTTP/1.1" 200 7012
186.103.132.155 - - [02/Aug/2018:09:42:54 -0300] "GET /cormun/servlet/trpermisosadjuntos?16885126,20180801114355,P, HTTP/1.1" 200 7010
200.72.197.82 - - [02/Aug/2018:09:43:01 -0300] "GET /cormun/servlet/trpermisosgoce? HTTP/1.1" 200 9687
200.72.197.82 - - [02/Aug/2018:09:43:02 -0300] "GET /cormun/servlet/trpermisosgoce? HTTP/1.1" 200 9686
200.72.197.82 - - [02/Aug/2018:09:43:07 -0300] "GET /cormun/servlet/trpermisosadjuntos?16271586,20180802082441,P, HTTP/1.1" 200 6514
200.72.197.82 - - [02/Aug/2018:09:43:07 -0300] "GET /cormun/servlet/trpermisosadjuntos?16271586,20180802082441,P, HTTP/1.1" 200 6515
200.72.197.82 - - [02/Aug/2018:09:43:09 -0300] "GET /cormun/servlet/permisosadjuntos?INS,16271586,P,20180802082441,, HTTP/1.1" 200 5846
200.72.197.82 - - [02/Aug/2018:09:43:09 -0300] "GET /cormun/static/about:blank HTTP/1.1" 404 1011
200.72.197.82 - - [02/Aug/2018:09:43:09 -0300] "GET /cormun/servlet/permisosadjuntos?INS,16271586,P,20180802082441,, HTTP/1.1" 200 5836
200.111.122.170 - - [02/Aug/2018:09:43:22 -0300] "POST /cormun/servlet/permisosadjuntos?cd8d77bb044df16e72f51be89cd32814,INS,16271586,P,20180802082441,, HTTP/1.1" 200 116
200.111.122.170 - - [02/Aug/2018:09:43:22 -0300] "GET /cormun/servlet/hpexe_return? HTTP/1.1" 200 1035
200.111.122.170 - - [02/Aug/2018:09:43:22 -0300] "GET /cormun/servlet/trpermisosadjuntos?16271586,20180802082441,P, HTTP/1.1" 200 6998
200.111.122.170 - - [02/Aug/2018:09:43:23 -0300] "GET /cormun/servlet/trpermisosadjuntos?16271586,20180802082441,P, HTTP/1.1" 200 6995
200.111.122.170 - - [02/Aug/2018:09:43:26 -0300] "GET /cormun/servlet/trautorizarpermisogoce? HTTP/1.1" 200 7059
186.103.159.186 - - [02/Aug/2018:09:43:26 -0300] "GET /cormun/servlet/hlogin HTTP/1.1" 200 1716
200.111.122.170 - - [02/Aug/2018:09:43:27 -0300] "GET /cormun/servlet/trautorizarpermisogoce? HTTP/1.1" 200 7035
186.103.132.155 - - [02/Aug/2018:09:43:36 -0300] "GET /cormun/servlet/trpermisosgoce? HTTP/1.1" 200 9687
186.103.132.155 - - [02/Aug/2018:09:43:37 -0300] "GET /cormun/servlet/trpermisosgoce? HTTP/1.1" 200 9686
200.111.122.170 - - [02/Aug/2018:09:43:41 -0300] "POST /cormun/servlet/trpermisosgoce?cd8d77bb044df16e72f51be89cd32814,,gx-no-cache=1533213747960 HTTP/1.1" 200 6877
200.111.122.170 - - [02/Aug/2018:09:43:41 -0300] "GET /cormun/static/Shared/jqueryui/images/ui-bg_highlight-soft_100_c6c2c8_1x100.png HTTP/1.1" 404 1117
186.103.161.206 - - [02/Aug/2018:09:43:41 -0300] "GET /cormun/static/Shared/jqueryui/images/ui-icons_82798d_256x240.png HTTP/1.1" 404 1089
200.111.122.170 - - [02/Aug/2018:09:43:41 -0300] "GET /cormun/static/Shared/jqueryui/images/ui-bg_flat_55_fafafa_40x100.png HTTP/1.1" 404 1097
186.103.161.206 - - [02/Aug/2018:09:43:41 -0300] "GET /cormun/static/Shared/jqueryui/images/ui-icons_8d78a5_256x240.png HTTP/1.1" 404 1089
186.103.159.186 - - [02/Aug/2018:09:43:43 -0300] "POST /cormun/servlet/hlogin?e4776150ad6e5166722ffbc50d8cae8a,gx-no-cache=1533213751264 HTTP/1.1" 200 90
186.103.159.186 - - [02/Aug/2018:09:43:43 -0300] "GET /cormun/servlet/hpexe_link HTTP/1.1" 200 949
186.103.161.206 - - [02/Aug/2018:09:43:44 -0300] "POST /cormun/servlet/trpermisosgoce?cd8d77bb044df16e72f51be89cd32814,,gx-no-cache=1533213751077 HTTP/1.1" 200 6842
186.103.159.186 - - [02/Aug/2018:09:43:45 -0300] "GET /cormun/servlet/hhome HTTP/1.1" 200 3961
186.103.159.186 - - [02/Aug/2018:09:43:46 -0300] "GET /cormun/servlet/hhome HTTP/1.1" 200 3958
186.103.161.206 - - [02/Aug/2018:09:43:47 -0300] "GET /cormun/servlet/trautorizarpermisogoce? HTTP/1.1" 200 8128
200.111.122.170 - - [02/Aug/2018:09:43:47 -0300] "GET /cormun/servlet/trautorizarpermisogoce? HTTP/1.1" 200 8128
200.111.122.170 - - [02/Aug/2018:09:43:48 -0300] "GET /cormun/servlet/trautorizarpermisogoce? HTTP/1.1" 200 8128
186.103.159.186 - - [02/Aug/2018:09:43:52 -0300] "GET /cormun/servlet/trlicencias? HTTP/1.1" 200 8721
200.72.197.82 - - [02/Aug/2018:09:43:52 -0300] "POST /cormun/servlet/trautorizarpermisogoce?cd8d77bb044df16e72f51be89cd32814,,gx-no-cache=1533213758749 HTTP/1.1" 200 5110
200.72.197.82 - - [02/Aug/2018:09:43:52 -0300] "GET /cormun/static/Shared/jqueryui/images/ui-bg_highlight-soft_100_c6c2c8_1x100.png HTTP/1.1" 404 1117
186.103.159.186 - - [02/Aug/2018:09:43:52 -0300] "GET /cormun/static/trlicencias.js?20176272054837 HTTP/1.1" 200 41883
186.103.159.186 - - [02/Aug/2018:09:43:52 -0300] "GET /cormun/static/Resources/Spanish/PXTools.css?17315867 HTTP/1.1" 200 89042
200.72.197.82 - - [02/Aug/2018:09:43:52 -0300] "GET /cormun/static/Shared/jqueryui/images/ui-bg_flat_55_fafafa_40x100.png HTTP/1.1" 404 1097
200.72.197.82 - - [02/Aug/2018:09:43:52 -0300] "GET /cormun/static/Shared/jqueryui/images/ui-icons_8d78a5_256x240.png HTTP/1.1" 404 1089
200.72.197.82 - - [02/Aug/2018:09:43:52 -0300] "GET /cormun/static/Shared/jqueryui/images/ui-icons_82798d_256x240.png HTTP/1.1" 404 1089
186.103.159.186 - - [02/Aug/2018:09:43:52 -0300] "GET /cormun/static/gxcfg.js?20176272054169 HTTP/1.1" 200 953
200.72.197.82 - - [02/Aug/2018:09:43:53 -0300] "POST /cormun/servlet/trautorizarpermisogoce?cd8d77bb044df16e72f51be89cd32814,,gx-no-cache=1533213759911 HTTP/1.1" 200 4352
186.103.159.186 - - [02/Aug/2018:09:43:53 -0300] "GET /cormun/servlet/trlicencias? HTTP/1.1" 200 8718
186.103.159.189 - - [02/Aug/2018:09:44:50 -0300] "GET /cormun/servlet/hlogin HTTP/1.1" 200 1715
186.103.159.189 - - [02/Aug/2018:09:45:04 -0300] "POST /cormun/servlet/hlogin?e022d89dc3c4bf4c543b33af71c637bf,gx-no-cache=1533213828965 HTTP/1.1" 200 90
186.103.159.189 - - [02/Aug/2018:09:45:04 -0300] "GET /cormun/servlet/hpexe_link HTTP/1.1" 200 946
186.103.159.189 - - [02/Aug/2018:09:45:04 -0300] "GET /cormun/servlet/hhome HTTP/1.1" 200 3963
186.103.159.189 - - [02/Aug/2018:09:45:05 -0300] "GET /cormun/static/PXToolsJavascripts/pexe_menudivfix.js HTTP/1.1" 200 333
186.103.159.189 - - [02/Aug/2018:09:45:05 -0300] "GET /cormun/static/PXToolsJavascripts/pexe_oav.js HTTP/1.1" 200 645
186.103.159.189 - - [02/Aug/2018:09:45:05 -0300] "GET /cormun/static/PXToolsJavascripts/pexe_picture.js HTTP/1.1" 200 689
186.103.159.189 - - [02/Aug/2018:09:45:05 -0300] "GET /cormun/static/PXToolsJavascripts/pexe_tabdivfix.js HTTP/1.1" 200 876
186.103.159.189 - - [02/Aug/2018:09:45:05 -0300] "GET /cormun/static/PXToolsJavascripts/PXToolsJavascriptsRender.js HTTP/1.1" 200 367
186.103.159.189 - - [02/Aug/2018:09:45:05 -0300] "GET /cormun/static/gxcfg.js?20175251212442 HTTP/1.1" 200 953
186.103.159.189 - - [02/Aug/2018:09:45:05 -0300] "GET /cormun/static/Resources/PXToolsHeaderActionsLeft.png HTTP/1.1" 200 1118
186.103.159.189 - - [02/Aug/2018:09:45:05 -0300] "GET /cormun/static/PXToolsJavascripts/pexe_cookies.js HTTP/1.1" 200 792
186.103.159.189 - - [02/Aug/2018:09:45:05 -0300] "GET /cormun/static/RunJS/RunJS.js HTTP/1.1" 200 288
186.103.159.189 - - [02/Aug/2018:09:45:05 -0300] "GET /cormun/static/PXToolsJavascripts/pexe_oavdivfix.js HTTP/1.1" 200 639
186.103.159.189 - - [02/Aug/2018:09:45:05 -0300] "GET /cormun/static/Resources/logo4.png HTTP/1.1" 200 6582
186.103.159.189 - - [02/Aug/2018:09:45:06 -0300] "GET /cormun/static/hhome.js?20175251212450 HTTP/1.1" 200 777
186.103.159.189 - - [02/Aug/2018:09:45:06 -0300] "GET /cormun/static/hpexe_messagecontroller.js?20177611595012 HTTP/1.1" 200 870
186.103.159.189 - - [02/Aug/2018:09:45:06 -0300] "GET /cormun/static/hpexe_messagepopupcomponent.js?20161017169425 HTTP/1.1" 200 605
186.103.159.189 - - [02/Aug/2018:09:45:06 -0300] "GET /cormun/static/hpexe_messagegenexuscomponent.js?201752511465344 HTTP/1.1" 200 587
186.103.159.189 - - [02/Aug/2018:09:45:06 -0300] "GET /cormun/static/Resources/PXToolsDataTitle.png HTTP/1.1" 200 1173
