200.54.247.70 - - [01/Aug/2018:17:14:54 -0300] "POST /cormun/servlet/prfichaempleado?e228a7b79dca97f04caf57a75eae28c9,,MD,,gxPopupLevel%3D0%3B,gx-no-cache=1533154420489 HTTP/1.1" 200 3408
200.54.247.70 - - [01/Aug/2018:17:14:58 -0300] "POST /cormun/servlet/solicitudot?gx-no-cache=1533154424508 HTTP/1.1" 200 1376
200.54.247.70 - - [01/Aug/2018:17:14:58 -0300] "GET /cormun/static/menuarrow.gif HTTP/1.1" 404 1015
200.54.247.70 - - [01/Aug/2018:17:15:03 -0300] "POST /cormun/servlet/solicitudot?gx-no-cache=1533154429727 HTTP/1.1" 200 41
200.54.247.70 - - [01/Aug/2018:17:15:37 -0300] "GET /cormun/servlet/solicitudot?720232f46031b16da536d991e565ae0e6d227c7e2e59fb9090ef3b936571a60f5c84d6e7c543e311028b08f9e5a917f383ed81023f6142e2f4cf5f54b3950548036611eaffe7da32931ed9780f6875b4,gx-no-cache=1533154464117 HTTP/1.1" 200 29
200.54.247.70 - - [01/Aug/2018:17:15:37 -0300] "POST /cormun/servlet/solicitudot?gx-no-cache=1533154464164 HTTP/1.1" 200 1357
200.54.247.70 - - [01/Aug/2018:17:15:37 -0300] "POST /cormun/servlet/solicitudot?gx-no-cache=1533154464225 HTTP/1.1" 200 1258
200.54.247.70 - - [01/Aug/2018:17:15:50 -0300] "GET /cormun/servlet/solicitudot?720232f46031b16da536d991e565ae0e32c18d0d866fe8764893fd8546e140555e84b39381fd6aaf3cc8d11b50910bae,gx-no-cache=1533154477101 HTTP/1.1" 200 30
200.54.247.70 - - [01/Aug/2018:17:15:50 -0300] "POST /cormun/servlet/solicitudot?gx-no-cache=1533154477148 HTTP/1.1" 200 34
200.54.247.70 - - [01/Aug/2018:17:16:04 -0300] "POST /cormun/servlet/solicitudot?e228a7b79dca97f04caf57a75eae28c9,INS,0,0,,gx-no-cache=1533154490051 HTTP/1.1" 200 11943
200.54.247.70 - - [01/Aug/2018:17:16:14 -0300] "GET /cormun/servlet/trsolicitudot? HTTP/1.1" 200 7273
200.54.247.70 - - [01/Aug/2018:17:16:15 -0300] "GET /cormun/servlet/trsolicitudot? HTTP/1.1" 200 7272
200.54.247.70 - - [01/Aug/2018:17:16:17 -0300] "GET /cormun/servlet/solicitudot?INS,0,0, HTTP/1.1" 200 13700
200.54.247.70 - - [01/Aug/2018:17:16:18 -0300] "GET /cormun/servlet/solicitudot?INS,0,0, HTTP/1.1" 200 13705
200.54.247.70 - - [01/Aug/2018:17:16:28 -0300] "POST /cormun/servlet/solicitudot?gx-no-cache=1533154514592 HTTP/1.1" 200 3382
200.54.247.70 - - [01/Aug/2018:17:16:28 -0300] "GET /cormun/static/Shared/jqueryui/images/ui-bg_highlight-soft_100_c6c2c8_1x100.png HTTP/1.1" 404 1117
200.54.247.70 - - [01/Aug/2018:17:16:28 -0300] "GET /cormun/static/Shared/jqueryui/images/ui-icons_82798d_256x240.png HTTP/1.1" 404 1089
200.54.247.70 - - [01/Aug/2018:17:16:28 -0300] "GET /cormun/static/Shared/jqueryui/images/ui-bg_flat_55_994d53_40x100.png HTTP/1.1" 404 1097
200.54.247.70 - - [01/Aug/2018:17:16:28 -0300] "GET /cormun/static/Shared/jqueryui/images/ui-icons_ebccce_256x240.png HTTP/1.1" 404 1089
200.54.247.70 - - [01/Aug/2018:17:16:32 -0300] "GET /cormun/servlet/solicitudot?720232f46031b16da536d991e565ae0eb2019c6cdef79514fdeefc42a08200c4cf0c49c978d4e9a251771b413f32defa,gx-no-cache=1533154518314 HTTP/1.1" 200 30
200.54.247.70 - - [01/Aug/2018:17:17:08 -0300] "POST /cormun/servlet/solicitudot?e228a7b79dca97f04caf57a75eae28c9,INS,0,0,,gx-no-cache=1533154554740 HTTP/1.1" 200 10549
200.54.247.70 - - [01/Aug/2018:17:17:09 -0300] "GET /cormun/static/Shared/jqueryui/images/ui-bg_flat_55_fafafa_40x100.png HTTP/1.1" 404 1097
200.54.247.70 - - [01/Aug/2018:17:17:09 -0300] "GET /cormun/static/Shared/jqueryui/images/ui-icons_8d78a5_256x240.png HTTP/1.1" 404 1089
200.54.247.70 - - [01/Aug/2018:17:17:12 -0300] "POST /cormun/servlet/solicitudot?gx-no-cache=1533154558515 HTTP/1.1" 200 3423
200.54.247.70 - - [01/Aug/2018:17:17:12 -0300] "GET /cormun/servlet/solicitudot?720232f46031b16da536d991e565ae0ea3d5a6df420fb4290a2372d48f4e4145,gx-no-cache=1533154558646 HTTP/1.1" 200 94
200.54.247.70 - - [01/Aug/2018:17:17:12 -0300] "GET /cormun/servlet/solicitudot?720232f46031b16da536d991e565ae0efdb21b2b6721e83dfb93b10ecf7fd924,gx-no-cache=1533154558683 HTTP/1.1" 200 29
200.54.247.70 - - [01/Aug/2018:17:17:14 -0300] "POST /cormun/servlet/solicitudot?gx-no-cache=1533154561112 HTTP/1.1" 200 240
200.54.247.70 - - [01/Aug/2018:17:17:18 -0300] "GET /cormun/servlet/solicitudot?720232f46031b16da536d991e565ae0ee545afedfef5721830f991315c9cef443dc34da4f2a639fc79898196635cde37deab3394a793b20cf3424110fd582b5ecccf1949813305ab43100311f8201a22e333ef658a20f07121d8d650a6e838c7c33d03ddabeac540b409e69906c099ea92cdceef30be64a290b0bb503dd46a2a16823a88fd97459da4785d52ad4453be7a99efc083cef4fd861b376074cac913625cf145c976e1a58ee3468292c59123851208647dfbc2bed4fd439dcee4a9a0d95ceaa369b0d0afa53b31a79934ccd76bee7956910db0c8eefe8d4c0c557f74b163f9e7398de332b5a6d274e2c6f886cbccb050c7a3baff47fd9960d451a8ee4cc62746fedf2a6eb7ded53c1db4e91474b23c44ddc2c451750b4e9c75689144385f9fc3aae20309383b9a9587bbe0fd64c7d10f9dac49d2523a25c244aed251b48d8f1f409a19e091e0f625a564b6d0d4d3ac4ceea966b884a2a5aa618f1a70e99de08011d40d6243e4dadaf1cb3819bd0108739f6c8a06bd69c22815162fd7,gx-no-cache=1533154564423 HTTP/1.1" 200 30
200.54.247.70 - - [01/Aug/2018:17:17:41 -0300] "GET /cormun/servlet/solicitudot?720232f46031b16da536d991e565ae0e95231e23775b8e604c7d3ea87e1ad50147ad81d7aab3840c4c595cfc32e22d499df3998ea582cd5b105ebda133edca92,gx-no-cache=1533154587453 HTTP/1.1" 200 30
200.54.247.70 - - [01/Aug/2018:17:17:41 -0300] "POST /cormun/servlet/solicitudot?gx-no-cache=1533154587513 HTTP/1.1" 200 30
200.54.247.70 - - [01/Aug/2018:17:17:41 -0300] "POST /cormun/servlet/solicitudot?gx-no-cache=1533154587549 HTTP/1.1" 200 1371
200.54.247.70 - - [01/Aug/2018:17:17:41 -0300] "POST /cormun/servlet/solicitudot?gx-no-cache=1533154587619 HTTP/1.1" 200 38
200.54.247.70 - - [01/Aug/2018:17:17:46 -0300] "POST /cormun/servlet/solicitudot?gx-no-cache=1533154592653 HTTP/1.1" 200 30
200.54.247.70 - - [01/Aug/2018:17:17:53 -0300] "GET /cormun/servlet/prfichaempleado?,MD,,gxPopupLevel%3D0%3B HTTP/1.1" 200 9389
200.54.247.70 - - [01/Aug/2018:17:18:09 -0300] "POST /cormun/servlet/prfichaempleado?e228a7b79dca97f04caf57a75eae28c9,,MD,,gxPopupLevel%3D0%3B,gx-no-cache=1533154615344 HTTP/1.1" 200 3181
200.54.247.70 - - [01/Aug/2018:17:18:11 -0300] "POST /cormun/servlet/prfichaempleado?e228a7b79dca97f04caf57a75eae28c9,,MD,,gxPopupLevel%3D0%3B,gx-no-cache=1533154617980 HTTP/1.1" 200 3181
200.54.247.70 - - [01/Aug/2018:17:18:17 -0300] "POST /cormun/servlet/prfichaempleado?e228a7b79dca97f04caf57a75eae28c9,,MD,,gxPopupLevel%3D0%3B,gx-no-cache=1533154623274 HTTP/1.1" 200 3408
200.54.247.70 - - [01/Aug/2018:17:18:21 -0300] "POST /cormun/servlet/solicitudot?gx-no-cache=1533154627403 HTTP/1.1" 200 1376
200.54.247.70 - - [01/Aug/2018:17:18:21 -0300] "GET /cormun/static/menuarrow.gif HTTP/1.1" 404 1015
200.54.247.70 - - [01/Aug/2018:17:18:27 -0300] "POST /cormun/servlet/solicitudot?gx-no-cache=1533154634024 HTTP/1.1" 200 41
200.54.247.70 - - [01/Aug/2018:17:18:59 -0300] "GET /cormun/servlet/solicitudot?720232f46031b16da536d991e565ae0e6d227c7e2e59fb9090ef3b936571a60f5c84d6e7c543e311028b08f9e5a917f383ed81023f6142e2f4cf5f54b3950548036611eaffe7da32931ed9780f6875b4,gx-no-cache=1533154665952 HTTP/1.1" 200 29
200.54.247.70 - - [01/Aug/2018:17:18:59 -0300] "POST /cormun/servlet/solicitudot?gx-no-cache=1533154666137 HTTP/1.1" 200 1357
200.54.247.70 - - [01/Aug/2018:17:18:59 -0300] "POST /cormun/servlet/solicitudot?gx-no-cache=1533154666200 HTTP/1.1" 200 1258
200.54.247.70 - - [01/Aug/2018:17:19:02 -0300] "POST /cormun/servlet/solicitudot?gx-no-cache=1533154668303 HTTP/1.1" 200 1357
200.54.247.70 - - [01/Aug/2018:17:19:02 -0300] "POST /cormun/servlet/solicitudot?gx-no-cache=1533154668357 HTTP/1.1" 200 1258
200.54.247.70 - - [01/Aug/2018:17:19:03 -0300] "GET /cormun/servlet/solicitudot?720232f46031b16da536d991e565ae0e32c18d0d866fe8764893fd8546e140555e84b39381fd6aaf3cc8d11b50910bae,gx-no-cache=1533154669999 HTTP/1.1" 200 30
200.54.247.70 - - [01/Aug/2018:17:19:03 -0300] "POST /cormun/servlet/solicitudot?gx-no-cache=1533154670036 HTTP/1.1" 200 34
200.54.247.70 - - [01/Aug/2018:17:19:10 -0300] "POST /cormun/servlet/solicitudot?e228a7b79dca97f04caf57a75eae28c9,INS,0,0,,gx-no-cache=1533154676348 HTTP/1.1" 200 11939
192.168.10.96 - - [01/Aug/2018:17:20:31 -0300] "POST /cormun/servlet/trlicenciasgenerales?a5a47dafc00a67280ab7b38b2f5a6dd6,,gx-no-cache=1533154615848 HTTP/1.1" 440 972
192.168.10.96 - - [01/Aug/2018:17:20:33 -0300] "GET /cormun/servlet/trlicenciasgenerales? HTTP/1.1" 200 11399
192.168.10.96 - - [01/Aug/2018:17:20:33 -0300] "GET /cormun/servlet/hlogin HTTP/1.1" 200 1743
192.168.10.96 - - [01/Aug/2018:17:20:34 -0300] "GET /cormun/servlet/trlicenciasgenerales? HTTP/1.1" 200 11399
192.168.10.96 - - [01/Aug/2018:17:20:39 -0300] "POST /cormun/servlet/hlogin?29fe056867c45f212002683001c2fcaf,gx-no-cache=1533154623473 HTTP/1.1" 200 90
192.168.10.96 - - [01/Aug/2018:17:20:39 -0300] "GET /cormun/servlet/hpexe_link HTTP/1.1" 200 960
192.168.10.96 - - [01/Aug/2018:17:20:39 -0300] "GET /cormun/servlet/trlicenciasgenerales HTTP/1.1" 200 12783
192.168.10.96 - - [01/Aug/2018:17:20:40 -0300] "GET /cormun/servlet/trlicenciasgenerales HTTP/1.1" 200 12781
192.168.10.96 - - [01/Aug/2018:17:20:51 -0300] "POST /cormun/servlet/trlicenciasgenerales?29fe056867c45f212002683001c2fcaf,gx-no-cache=1533154635961 HTTP/1.1" 200 12237
192.168.10.96 - - [01/Aug/2018:17:21:03 -0300] "GET /cormun/servlet/trlicenciaspermisosadjuntos?10523974,20180723000000,L, HTTP/1.1" 200 7527
192.168.10.96 - - [01/Aug/2018:17:21:03 -0300] "GET /cormun/static/gxcfg.js?20177612163414 HTTP/1.1" 200 953
192.168.10.96 - - [01/Aug/2018:17:21:03 -0300] "GET /cormun/static/trlicenciaspermisosadjuntos.js?20177612163719 HTTP/1.1" 200 21036
192.168.10.96 - - [01/Aug/2018:17:21:03 -0300] "GET /cormun/servlet/trlicenciaspermisosadjuntos?10523974,20180723000000,L, HTTP/1.1" 200 7527
192.168.10.96 - - [01/Aug/2018:17:21:04 -0300] "GET /cormun/PublicTempStorage/doc007974201807231316567744246.pdf HTTP/1.1" 200 236059
200.54.247.70 - - [01/Aug/2018:17:21:27 -0300] "GET /cormun/servlet/trsolicitudot? HTTP/1.1" 200 7273
200.54.247.70 - - [01/Aug/2018:17:21:27 -0300] "GET /cormun/servlet/trsolicitudot? HTTP/1.1" 200 7272
200.54.247.70 - - [01/Aug/2018:17:21:31 -0300] "GET /cormun/servlet/solicitudot?INS,0,0, HTTP/1.1" 200 13701
200.54.247.70 - - [01/Aug/2018:17:21:31 -0300] "GET /cormun/servlet/solicitudot?INS,0,0, HTTP/1.1" 200 13706
200.54.247.70 - - [01/Aug/2018:17:21:42 -0300] "GET /cormun/servlet/prfichaempleado?,MD,,gxPopupLevel%3D0%3B HTTP/1.1" 200 9389
200.54.247.70 - - [01/Aug/2018:17:21:54 -0300] "POST /cormun/servlet/solicitudot?gx-no-cache=1533154840671 HTTP/1.1" 200 3308
200.54.247.70 - - [01/Aug/2018:17:21:54 -0300] "POST /cormun/servlet/solicitudot?e228a7b79dca97f04caf57a75eae28c9,INS,0,0,,gx-no-cache=1533154840829 HTTP/1.1" 200 10467
200.54.247.70 - - [01/Aug/2018:17:22:08 -0300] "POST /cormun/servlet/solicitudot?gx-no-cache=1533154854244 HTTP/1.1" 200 3310
200.54.247.70 - - [01/Aug/2018:17:22:08 -0300] "POST /cormun/servlet/solicitudot?e228a7b79dca97f04caf57a75eae28c9,INS,0,0,,gx-no-cache=1533154854360 HTTP/1.1" 200 10521
200.54.247.70 - - [01/Aug/2018:17:22:08 -0300] "GET /cormun/servlet/solicitudot?720232f46031b16da536d991e565ae0eb2019c6cdef79514fdeefc42a08200c4cf0c49c978d4e9a251771b413f32defa,gx-no-cache=1533154854553 HTTP/1.1" 200 30
200.54.247.70 - - [01/Aug/2018:17:23:20 -0300] "GET /cormun/servlet/prbanco?,MD,,gxPopupLevel%3D0%3B HTTP/1.1" 200 6673
200.54.247.70 - - [01/Aug/2018:17:23:20 -0300] "GET /cormun/static/gxcfg.js?20181161016094 HTTP/1.1" 200 953
200.54.247.70 - - [01/Aug/2018:17:23:20 -0300] "GET /cormun/static/prbanco.js?2018116101633 HTTP/1.1" 200 10693
200.54.247.70 - - [01/Aug/2018:17:23:26 -0300] "GET /cormun/servlet/solicitudot?720232f46031b16da536d991e565ae0e95231e23775b8e604c7d3ea87e1ad50147ad81d7aab3840c4c595cfc32e22d499df3998ea582cd5b105ebda133edca92,gx-no-cache=1533154932636 HTTP/1.1" 200 30
200.54.247.70 - - [01/Aug/2018:17:23:27 -0300] "GET /cormun/servlet/solicitudot?720232f46031b16da536d991e565ae0ed4aa81c4898e2abf66778d75a8690c58,gx-no-cache=1533154934044 HTTP/1.1" 200 53
200.54.247.70 - - [01/Aug/2018:17:23:41 -0300] "POST /cormun/servlet/solicitudot?gx-no-cache=1533154948037 HTTP/1.1" 200 240
200.54.247.70 - - [01/Aug/2018:17:23:43 -0300] "GET /cormun/servlet/solicitudot?720232f46031b16da536d991e565ae0ee545afedfef5721830f991315c9cef443dc34da4f2a639fc79898196635cde37deab3394a793b20cf3424110fd582b5ecccf1949813305ab43100311f8201a22e333ef658a20f07121d8d650a6e838c7c33d03ddabeac540b409e69906c099ea92cdceef30be64a290b0bb503dd46a2a16823a88fd97459da4785d52ad4453be7a99efc083cef4fd861b376074cac913625cf145c976e1a58ee3468292c59123851208647dfbc2bed4fd439dcee4a9a0d95ceaa369b0d0afa53b31a79934ccd76bee7956910db0c8eefe8d4c0c557f74b163f9e7398de332b5a6d274e2c6f886cbccb050c7a3baff47fd9960d451a8ee4cc62746fedf2a6eb7ded53c1db4e91474b23c44ddc2c451750b4e9c75689144385f9fc3aae20309383b9a9587bbe0fd64c7d10f9dac49d2523a25c244aed251b48d8f1f409a19e091e0f625a564b6d0d4d3ac4ceea966b884a2a5aa618f1a70e99de08011d40d6243e4dadaf1cb3819bd0108739f6c8a06bd69c22815162fd7,gx-no-cache=1533154949703 HTTP/1.1" 200 30
200.54.247.70 - - [01/Aug/2018:17:23:46 -0300] "POST /cormun/servlet/solicitudot?gx-no-cache=1533154952714 HTTP/1.1" 200 30
200.54.247.70 - - [01/Aug/2018:17:23:48 -0300] "GET /cormun/servlet/prfichaempleado?,MD,,gxPopupLevel%3D0%3B HTTP/1.1" 200 9389
200.54.247.70 - - [01/Aug/2018:17:23:56 -0300] "POST /cormun/servlet/prfichaempleado?e228a7b79dca97f04caf57a75eae28c9,,MD,,gxPopupLevel%3D0%3B,gx-no-cache=1533154962378 HTTP/1.1" 200 3408
200.54.247.70 - - [01/Aug/2018:17:23:58 -0300] "POST /cormun/servlet/solicitudot?gx-no-cache=1533154964817 HTTP/1.1" 200 1376
200.54.247.70 - - [01/Aug/2018:17:23:59 -0300] "GET /cormun/static/menuarrow.gif HTTP/1.1" 404 1015
200.54.247.70 - - [01/Aug/2018:17:24:02 -0300] "POST /cormun/servlet/solicitudot?gx-no-cache=1533154968988 HTTP/1.1" 200 41
200.54.247.70 - - [01/Aug/2018:17:24:44 -0300] "GET /cormun/servlet/solicitudot?720232f46031b16da536d991e565ae0e6d227c7e2e59fb9090ef3b936571a60f5c84d6e7c543e311028b08f9e5a917f3076c9a31f19f0e31f9c5ef533a81de300eb0c6fecd92730875038ecd96ede78c8b58b9ff4b2ed9a7817112ff0e3cb3b51f3c9f765452bf961d03cb856e252eaf,gx-no-cache=1533155010837 HTTP/1.1" 200 29
200.54.247.70 - - [01/Aug/2018:17:24:44 -0300] "POST /cormun/servlet/solicitudot?gx-no-cache=1533155011055 HTTP/1.1" 200 1357
200.54.247.70 - - [01/Aug/2018:17:24:44 -0300] "POST /cormun/servlet/solicitudot?gx-no-cache=1533155011123 HTTP/1.1" 200 1258
200.54.247.70 - - [01/Aug/2018:17:24:46 -0300] "POST /cormun/servlet/solicitudot?gx-no-cache=1533155012383 HTTP/1.1" 200 1357
200.54.247.70 - - [01/Aug/2018:17:24:46 -0300] "POST /cormun/servlet/solicitudot?gx-no-cache=1533155012497 HTTP/1.1" 200 1258
200.54.247.70 - - [01/Aug/2018:17:24:47 -0300] "GET /cormun/servlet/solicitudot?720232f46031b16da536d991e565ae0e32c18d0d866fe8764893fd8546e140555e84b39381fd6aaf3cc8d11b50910bae,gx-no-cache=1533155013763 HTTP/1.1" 200 30
200.54.247.70 - - [01/Aug/2018:17:24:47 -0300] "POST /cormun/servlet/solicitudot?gx-no-cache=1533155013804 HTTP/1.1" 200 34
200.54.247.70 - - [01/Aug/2018:17:24:53 -0300] "POST /cormun/servlet/solicitudot?e228a7b79dca97f04caf57a75eae28c9,INS,0,0,,gx-no-cache=1533155018377 HTTP/1.1" 200 93
200.54.247.70 - - [01/Aug/2018:17:24:53 -0300] "GET /cormun/servlet/hpexe_return? HTTP/1.1" 200 1005
200.54.247.70 - - [01/Aug/2018:17:24:53 -0300] "GET /cormun/servlet/trsolicitudot HTTP/1.1" 200 8750
200.54.247.70 - - [01/Aug/2018:17:24:53 -0300] "GET /cormun/servlet/trsolicitudot HTTP/1.1" 200 8746
186.10.12.250 - - [01/Aug/2018:17:24:55 -0300] "GET /cormun/servlet/hlogin HTTP/1.1" 200 1723
200.54.247.70 - - [01/Aug/2018:17:24:57 -0300] "POST /cormun/servlet/trsolicitudot?e228a7b79dca97f04caf57a75eae28c9,gx-no-cache=1533155023588 HTTP/1.1" 200 107
200.54.247.70 - - [01/Aug/2018:17:24:57 -0300] "GET /cormun/servlet/trsolicitudadjuntos?2018,11964, HTTP/1.1" 200 6329
200.54.247.70 - - [01/Aug/2018:17:24:57 -0300] "GET /cormun/static/gxcfg.js?20177612135366 HTTP/1.1" 200 953
200.54.247.70 - - [01/Aug/2018:17:24:57 -0300] "GET /cormun/static/trsolicitudadjuntos.js?20177612135632 HTTP/1.1" 200 17922
200.54.247.70 - - [01/Aug/2018:17:24:57 -0300] "GET /cormun/servlet/trsolicitudadjuntos?2018,11964, HTTP/1.1" 200 6329
200.54.247.70 - - [01/Aug/2018:17:24:59 -0300] "GET /cormun/servlet/solicitudotadjuntos?INS,2018,11964,,1, HTTP/1.1" 200 6274
200.54.247.70 - - [01/Aug/2018:17:24:59 -0300] "GET /cormun/static/gxcfg.js?2017761244068 HTTP/1.1" 200 953
200.54.247.70 - - [01/Aug/2018:17:24:59 -0300] "GET /cormun/static/solicitudotadjuntos.js?2017761244086 HTTP/1.1" 200 11771
200.54.247.70 - - [01/Aug/2018:17:24:59 -0300] "GET /cormun/static/about:blank HTTP/1.1" 404 1011
200.54.247.70 - - [01/Aug/2018:17:24:59 -0300] "GET /cormun/servlet/solicitudotadjuntos?INS,2018,11964,,1, HTTP/1.1" 200 6267
200.54.247.70 - - [01/Aug/2018:17:25:00 -0300] "GET /cormun/servlet/solicitudotadjuntos?720232f46031b16da536d991e565ae0e3a99810ee0f4cf88e991f0bd54be7c4aad362f8d9b490ab57803ed2bf071d011,gx-no-cache=1533155026264 HTTP/1.1" 200 30
200.54.247.70 - - [01/Aug/2018:17:25:00 -0300] "POST /cormun/servlet/solicitudotadjuntos?e228a7b79dca97f04caf57a75eae28c9,INS,2018,11964,,1,,gx-no-cache=1533155026297 HTTP/1.1" 200 4012
200.54.247.70 - - [01/Aug/2018:17:25:01 -0300] "POST /cormun/servlet/solicitudotadjuntos?gx-no-cache=1533155028022 HTTP/1.1" 200 26
186.67.203.186 - - [01/Aug/2018:17:25:10 -0300] "POST /cormun/servlet/hlogin?6474f35b41b1f8881529527af0e562e3,gx-no-cache=1533155036995 HTTP/1.1" 200 90
186.67.203.186 - - [01/Aug/2018:17:25:11 -0300] "GET /cormun/servlet/hpexe_link HTTP/1.1" 200 953
186.67.203.186 - - [01/Aug/2018:17:25:11 -0300] "GET /cormun/servlet/hhome HTTP/1.1" 200 4211
186.67.203.186 - - [01/Aug/2018:17:25:11 -0300] "GET /cormun/servlet/hhome HTTP/1.1" 200 4208
200.54.247.70 - - [01/Aug/2018:17:25:18 -0300] "GET /cormun/servlet/solicitudotadjuntos?720232f46031b16da536d991e565ae0e1f67eafd6c11729e7abae344bd83b4ae,gx-no-cache=1533155045036 HTTP/1.1" 200 30
200.54.247.70 - - [01/Aug/2018:17:25:18 -0300] "GET /cormun/servlet/solicitudotadjuntos?720232f46031b16da536d991e565ae0e1f67eafd6c11729e7abae344bd83b4ae,gx-no-cache=1533155045053 HTTP/1.1" 200 30
200.54.247.70 - - [01/Aug/2018:17:25:19 -0300] "POST /cormun/servlet/solicitudotadjuntos?e228a7b79dca97f04caf57a75eae28c9,INS,2018,11964,,1, HTTP/1.1" 200 116
200.54.247.70 - - [01/Aug/2018:17:25:19 -0300] "GET /cormun/servlet/hpexe_return? HTTP/1.1" 200 1025
200.54.247.70 - - [01/Aug/2018:17:25:19 -0300] "GET /cormun/servlet/trsolicitudadjuntos?2018,11964, HTTP/1.1" 200 8866
200.54.247.70 - - [01/Aug/2018:17:25:20 -0300] "GET /cormun/servlet/trsolicitudadjuntos?2018,11964, HTTP/1.1" 200 8865
186.10.12.250 - - [01/Aug/2018:17:25:21 -0300] "GET /cormun/servlet/trpermisosgoce? HTTP/1.1" 200 9491
186.10.12.250 - - [01/Aug/2018:17:25:22 -0300] "GET /cormun/servlet/trpermisosgoce? HTTP/1.1" 200 9489
200.54.247.70 - - [01/Aug/2018:17:25:23 -0300] "GET /cormun/servlet/solicitudotadjuntos?INS,2018,11964,,1, HTTP/1.1" 200 6274
200.54.247.70 - - [01/Aug/2018:17:25:23 -0300] "GET /cormun/static/about:blank HTTP/1.1" 404 1011
200.54.247.70 - - [01/Aug/2018:17:25:23 -0300] "GET /cormun/servlet/solicitudotadjuntos?INS,2018,11964,,1, HTTP/1.1" 200 6267
200.54.247.70 - - [01/Aug/2018:17:25:24 -0300] "GET /cormun/servlet/solicitudotadjuntos?720232f46031b16da536d991e565ae0e3a99810ee0f4cf88e991f0bd54be7c4aad362f8d9b490ab57803ed2bf071d011,gx-no-cache=1533155050257 HTTP/1.1" 200 30
200.54.247.70 - - [01/Aug/2018:17:25:24 -0300] "POST /cormun/servlet/solicitudotadjuntos?e228a7b79dca97f04caf57a75eae28c9,INS,2018,11964,,1,,gx-no-cache=1533155050307 HTTP/1.1" 200 4012
200.54.247.70 - - [01/Aug/2018:17:25:27 -0300] "POST /cormun/servlet/solicitudotadjuntos?gx-no-cache=1533155053948 HTTP/1.1" 200 26
200.54.247.70 - - [01/Aug/2018:17:25:35 -0300] "GET /cormun/servlet/solicitudotadjuntos?720232f46031b16da536d991e565ae0e1f67eafd6c11729e7abae344bd83b4ae,gx-no-cache=1533155061519 HTTP/1.1" 200 30
200.54.247.70 - - [01/Aug/2018:17:25:35 -0300] "GET /cormun/servlet/solicitudotadjuntos?720232f46031b16da536d991e565ae0e1f67eafd6c11729e7abae344bd83b4ae,gx-no-cache=1533155061538 HTTP/1.1" 200 30
200.54.247.70 - - [01/Aug/2018:17:25:35 -0300] "POST /cormun/servlet/solicitudotadjuntos?e228a7b79dca97f04caf57a75eae28c9,INS,2018,11964,,1, HTTP/1.1" 200 116
200.54.247.70 - - [01/Aug/2018:17:25:35 -0300] "GET /cormun/servlet/hpexe_return? HTTP/1.1" 200 1025
200.54.247.70 - - [01/Aug/2018:17:25:35 -0300] "GET /cormun/servlet/trsolicitudadjuntos?2018,11964, HTTP/1.1" 200 9091
200.54.247.70 - - [01/Aug/2018:17:25:36 -0300] "GET /cormun/servlet/trsolicitudadjuntos?2018,11964, HTTP/1.1" 200 9093
200.54.247.70 - - [01/Aug/2018:17:25:40 -0300] "GET /cormun/servlet/solicitudotadjuntos?INS,2018,11964,,1, HTTP/1.1" 200 6275
200.54.247.70 - - [01/Aug/2018:17:25:41 -0300] "GET /cormun/static/about:blank HTTP/1.1" 404 1011
200.54.247.70 - - [01/Aug/2018:17:25:41 -0300] "GET /cormun/servlet/solicitudotadjuntos?INS,2018,11964,,1, HTTP/1.1" 200 6268
200.54.247.70 - - [01/Aug/2018:17:25:41 -0300] "GET /cormun/servlet/solicitudotadjuntos?720232f46031b16da536d991e565ae0e3a99810ee0f4cf88e991f0bd54be7c4aad362f8d9b490ab57803ed2bf071d011,gx-no-cache=1533155068003 HTTP/1.1" 200 30
200.54.247.70 - - [01/Aug/2018:17:25:41 -0300] "POST /cormun/servlet/solicitudotadjuntos?e228a7b79dca97f04caf57a75eae28c9,INS,2018,11964,,1,,gx-no-cache=1533155068041 HTTP/1.1" 200 4014
186.10.12.250 - - [01/Aug/2018:17:25:42 -0300] "GET /cormun/static/menuarrow.gif HTTP/1.1" 404 1015
200.54.247.70 - - [01/Aug/2018:17:25:46 -0300] "POST /cormun/servlet/solicitudotadjuntos?gx-no-cache=1533155072520 HTTP/1.1" 200 26
200.54.247.70 - - [01/Aug/2018:17:26:06 -0300] "POST /cormun/servlet/solicitudotadjuntos?gx-no-cache=1533155093180 HTTP/1.1" 200 26
200.54.247.70 - - [01/Aug/2018:17:26:11 -0300] "GET /cormun/servlet/solicitudotadjuntos?720232f46031b16da536d991e565ae0e1f67eafd6c11729e7abae344bd83b4ae,gx-no-cache=1533155097621 HTTP/1.1" 200 30
200.54.247.70 - - [01/Aug/2018:17:26:11 -0300] "GET /cormun/servlet/solicitudotadjuntos?720232f46031b16da536d991e565ae0e1f67eafd6c11729e7abae344bd83b4ae,gx-no-cache=1533155097636 HTTP/1.1" 200 30
200.54.247.70 - - [01/Aug/2018:17:26:11 -0300] "POST /cormun/servlet/solicitudotadjuntos?e228a7b79dca97f04caf57a75eae28c9,INS,2018,11964,,1, HTTP/1.1" 200 116
200.54.247.70 - - [01/Aug/2018:17:26:11 -0300] "GET /cormun/servlet/hpexe_return? HTTP/1.1" 200 1025
200.54.247.70 - - [01/Aug/2018:17:26:12 -0300] "GET /cormun/servlet/trsolicitudadjuntos?2018,11964, HTTP/1.1" 200 9272
200.54.247.70 - - [01/Aug/2018:17:26:12 -0300] "GET /cormun/servlet/trsolicitudadjuntos?2018,11964, HTTP/1.1" 200 9269
200.54.247.70 - - [01/Aug/2018:17:26:14 -0300] "GET /cormun/servlet/solicitudotadjuntos?INS,2018,11964,,1, HTTP/1.1" 200 6275
200.54.247.70 - - [01/Aug/2018:17:26:14 -0300] "GET /cormun/static/about:blank HTTP/1.1" 404 1011
200.54.247.70 - - [01/Aug/2018:17:26:15 -0300] "GET /cormun/servlet/solicitudotadjuntos?INS,2018,11964,,1, HTTP/1.1" 200 6268
200.54.247.70 - - [01/Aug/2018:17:26:15 -0300] "GET /cormun/servlet/solicitudotadjuntos?720232f46031b16da536d991e565ae0e3a99810ee0f4cf88e991f0bd54be7c4aad362f8d9b490ab57803ed2bf071d011,gx-no-cache=1533155101719 HTTP/1.1" 200 30
200.54.247.70 - - [01/Aug/2018:17:26:15 -0300] "POST /cormun/servlet/solicitudotadjuntos?e228a7b79dca97f04caf57a75eae28c9,INS,2018,11964,,1,,gx-no-cache=1533155101764 HTTP/1.1" 200 4014
200.54.247.70 - - [01/Aug/2018:17:26:17 -0300] "POST /cormun/servlet/solicitudotadjuntos?gx-no-cache=1533155103923 HTTP/1.1" 200 26
200.54.247.70 - - [01/Aug/2018:17:26:23 -0300] "GET /cormun/servlet/solicitudotadjuntos?720232f46031b16da536d991e565ae0e1f67eafd6c11729e7abae344bd83b4ae,gx-no-cache=1533155109449 HTTP/1.1" 200 30
200.54.247.70 - - [01/Aug/2018:17:26:23 -0300] "GET /cormun/servlet/solicitudotadjuntos?720232f46031b16da536d991e565ae0e1f67eafd6c11729e7abae344bd83b4ae,gx-no-cache=1533155109490 HTTP/1.1" 200 30
200.54.247.70 - - [01/Aug/2018:17:26:23 -0300] "POST /cormun/servlet/solicitudotadjuntos?e228a7b79dca97f04caf57a75eae28c9,INS,2018,11964,,1, HTTP/1.1" 200 116
200.54.247.70 - - [01/Aug/2018:17:26:23 -0300] "GET /cormun/servlet/hpexe_return? HTTP/1.1" 200 1025
200.54.247.70 - - [01/Aug/2018:17:26:23 -0300] "GET /cormun/servlet/trsolicitudadjuntos?2018,11964, HTTP/1.1" 200 9542
200.54.247.70 - - [01/Aug/2018:17:26:24 -0300] "GET /cormun/servlet/trsolicitudadjuntos?2018,11964, HTTP/1.1" 200 9539
186.103.132.155 - - [01/Aug/2018:17:26:25 -0300] "POST /cormun/servlet/trpermisosgoce?6474f35b41b1f8881529527af0e562e3,,gx-no-cache=1533155111556 HTTP/1.1" 200 4320
200.54.247.70 - - [01/Aug/2018:17:26:26 -0300] "GET /cormun/servlet/solicitudotadjuntos?INS,2018,11964,,1, HTTP/1.1" 200 6275
200.54.247.70 - - [01/Aug/2018:17:26:26 -0300] "GET /cormun/static/about:blank HTTP/1.1" 404 1011
200.54.247.70 - - [01/Aug/2018:17:26:26 -0300] "GET /cormun/servlet/solicitudotadjuntos?INS,2018,11964,,1, HTTP/1.1" 200 6268
200.54.247.70 - - [01/Aug/2018:17:26:27 -0300] "GET /cormun/servlet/solicitudotadjuntos?720232f46031b16da536d991e565ae0e3a99810ee0f4cf88e991f0bd54be7c4aad362f8d9b490ab57803ed2bf071d011,gx-no-cache=1533155113315 HTTP/1.1" 200 30
200.54.247.70 - - [01/Aug/2018:17:26:27 -0300] "POST /cormun/servlet/solicitudotadjuntos?e228a7b79dca97f04caf57a75eae28c9,INS,2018,11964,,1,,gx-no-cache=1533155113348 HTTP/1.1" 200 4014
200.54.247.70 - - [01/Aug/2018:17:26:29 -0300] "POST /cormun/servlet/solicitudotadjuntos?gx-no-cache=1533155116026 HTTP/1.1" 200 26
200.54.247.70 - - [01/Aug/2018:17:26:38 -0300] "GET /cormun/servlet/solicitudotadjuntos?720232f46031b16da536d991e565ae0e1f67eafd6c11729e7abae344bd83b4ae,gx-no-cache=1533155124726 HTTP/1.1" 200 30
200.54.247.70 - - [01/Aug/2018:17:26:38 -0300] "GET /cormun/servlet/solicitudotadjuntos?720232f46031b16da536d991e565ae0e1f67eafd6c11729e7abae344bd83b4ae,gx-no-cache=1533155124742 HTTP/1.1" 200 30
200.54.247.70 - - [01/Aug/2018:17:26:39 -0300] "POST /cormun/servlet/solicitudotadjuntos?e228a7b79dca97f04caf57a75eae28c9,INS,2018,11964,,1, HTTP/1.1" 200 116
200.54.247.70 - - [01/Aug/2018:17:26:39 -0300] "GET /cormun/servlet/hpexe_return? HTTP/1.1" 200 1025
200.54.247.70 - - [01/Aug/2018:17:26:39 -0300] "GET /cormun/servlet/trsolicitudadjuntos?2018,11964, HTTP/1.1" 200 9769
200.54.247.70 - - [01/Aug/2018:17:26:40 -0300] "GET /cormun/servlet/trsolicitudadjuntos?2018,11964, HTTP/1.1" 200 9766
186.103.132.155 - - [01/Aug/2018:17:26:53 -0300] "GET /cormun/servlet/permisogoce?INS,0,,, HTTP/1.1" 200 7073
186.103.132.155 - - [01/Aug/2018:17:26:54 -0300] "GET /cormun/servlet/permisogoce?INS,0,,, HTTP/1.1" 200 7073
190.151.100.218 - - [01/Aug/2018:17:27:06 -0300] "GET /cormun/servlet/prfichaempleado?,MD,,gxPopupLevel%3D0%3B HTTP/1.1" 200 9369
200.72.197.82 - - [01/Aug/2018:17:27:18 -0300] "POST /cormun/servlet/prfichaempleado?6474f35b41b1f8881529527af0e562e3,,MD,,gxPopupLevel%3D0%3B,gx-no-cache=1533155164000 HTTP/1.1" 200 3184
200.72.197.82 - - [01/Aug/2018:17:27:28 -0300] "GET /cormun/servlet/permisogoce?0769a8069f79bc214e7f8f47f7ccfea916a31ec8f4efef112b1954215f8d3b269f8a4ad293fa526a955d8034197f9557b3819db1869ed9d10599456bf6967c89,gx-no-cache=1533155174789 HTTP/1.1" 200 226
200.72.197.82 - - [01/Aug/2018:17:27:28 -0300] "GET /cormun/static/Shared/jqueryui/images/ui-bg_highlight-soft_100_c6c2c8_1x100.png HTTP/1.1" 404 1117
186.10.12.250 - - [01/Aug/2018:17:27:28 -0300] "GET /cormun/static/Shared/jqueryui/images/ui-bg_flat_55_994d53_40x100.png HTTP/1.1" 404 1097
186.103.132.155 - - [01/Aug/2018:17:27:28 -0300] "GET /cormun/static/Shared/jqueryui/images/ui-icons_ebccce_256x240.png HTTP/1.1" 404 1089
186.103.161.206 - - [01/Aug/2018:17:27:28 -0300] "GET /cormun/static/Shared/jqueryui/images/ui-icons_82798d_256x240.png HTTP/1.1" 404 1089
200.72.197.82 - - [01/Aug/2018:17:27:28 -0300] "GET /cormun/static/menuarrow.gif HTTP/1.1" 404 1015
186.103.161.206 - - [01/Aug/2018:17:27:46 -0300] "GET /cormun/servlet/prfichaempleado?,MD,,gxPopupLevel%3D0%3B HTTP/1.1" 200 9369
186.10.12.250 - - [01/Aug/2018:17:27:57 -0300] "POST /cormun/servlet/prfichaempleado?6474f35b41b1f8881529527af0e562e3,,MD,,gxPopupLevel%3D0%3B,gx-no-cache=1533155203298 HTTP/1.1" 200 3184
186.67.203.186 - - [01/Aug/2018:17:28:07 -0300] "POST /cormun/servlet/prfichaempleado?6474f35b41b1f8881529527af0e562e3,,MD,,gxPopupLevel%3D0%3B,gx-no-cache=1533155213538 HTTP/1.1" 200 5722
200.54.247.70 - - [01/Aug/2018:17:28:12 -0300] "GET /cormun/servlet/solicitudotadjuntos?INS,2018,11964,,1, HTTP/1.1" 200 6274
200.54.247.70 - - [01/Aug/2018:17:28:12 -0300] "GET /cormun/static/about:blank HTTP/1.1" 404 1011
200.54.247.70 - - [01/Aug/2018:17:28:13 -0300] "GET /cormun/servlet/solicitudotadjuntos?INS,2018,11964,,1, HTTP/1.1" 200 6267
200.54.247.70 - - [01/Aug/2018:17:28:13 -0300] "GET /cormun/servlet/solicitudotadjuntos?720232f46031b16da536d991e565ae0e3a99810ee0f4cf88e991f0bd54be7c4aad362f8d9b490ab57803ed2bf071d011,gx-no-cache=1533155219912 HTTP/1.1" 200 30
200.54.247.70 - - [01/Aug/2018:17:28:13 -0300] "POST /cormun/servlet/solicitudotadjuntos?e228a7b79dca97f04caf57a75eae28c9,INS,2018,11964,,1,,gx-no-cache=1533155219982 HTTP/1.1" 200 4013
200.54.247.70 - - [01/Aug/2018:17:28:23 -0300] "POST /cormun/servlet/solicitudotadjuntos?gx-no-cache=1533155230090 HTTP/1.1" 200 26
200.54.247.70 - - [01/Aug/2018:17:28:48 -0300] "GET /cormun/servlet/solicitudotadjuntos?720232f46031b16da536d991e565ae0e1f67eafd6c11729e7abae344bd83b4ae,gx-no-cache=1533155255178 HTTP/1.1" 200 30
200.54.247.70 - - [01/Aug/2018:17:28:48 -0300] "GET /cormun/servlet/solicitudotadjuntos?720232f46031b16da536d991e565ae0e1f67eafd6c11729e7abae344bd83b4ae,gx-no-cache=1533155255202 HTTP/1.1" 200 30
200.54.247.70 - - [01/Aug/2018:17:28:49 -0300] "POST /cormun/servlet/solicitudotadjuntos?e228a7b79dca97f04caf57a75eae28c9,INS,2018,11964,,1, HTTP/1.1" 200 116
200.54.247.70 - - [01/Aug/2018:17:28:49 -0300] "GET /cormun/servlet/hpexe_return? HTTP/1.1" 200 1025
200.54.247.70 - - [01/Aug/2018:17:28:49 -0300] "GET /cormun/servlet/trsolicitudadjuntos?2018,11964, HTTP/1.1" 200 10003
200.54.247.70 - - [01/Aug/2018:17:28:50 -0300] "GET /cormun/servlet/trsolicitudadjuntos?2018,11964, HTTP/1.1" 200 10001
200.54.247.70 - - [01/Aug/2018:17:28:53 -0300] "POST /cormun/servlet/trsolicitudadjuntos?e228a7b79dca97f04caf57a75eae28c9,2018,11964,,gx-no-cache=1533155259240 HTTP/1.1" 200 90
200.54.247.70 - - [01/Aug/2018:17:28:53 -0300] "GET /cormun/servlet/hpexe_link HTTP/1.1" 200 967
200.54.247.70 - - [01/Aug/2018:17:28:53 -0300] "GET /cormun/servlet/trsolicitudot HTTP/1.1" 200 8747
200.54.247.70 - - [01/Aug/2018:17:28:53 -0300] "GET /cormun/servlet/trsolicitudot HTTP/1.1" 200 8746
200.54.247.70 - - [01/Aug/2018:17:28:55 -0300] "POST /cormun/servlet/trsolicitudot?e228a7b79dca97f04caf57a75eae28c9,gx-no-cache=1533155261874 HTTP/1.1" 200 4425
200.54.247.70 - - [01/Aug/2018:17:28:55 -0300] "GET /cormun/static/Shared/jqueryui/images/ui-bg_highlight-soft_100_c6c2c8_1x100.png HTTP/1.1" 404 1117
200.54.247.70 - - [01/Aug/2018:17:28:55 -0300] "GET /cormun/static/Shared/jqueryui/images/ui-icons_8d78a5_256x240.png HTTP/1.1" 404 1089
200.54.247.70 - - [01/Aug/2018:17:28:55 -0300] "GET /cormun/static/Shared/jqueryui/images/ui-icons_82798d_256x240.png HTTP/1.1" 404 1089
200.54.247.70 - - [01/Aug/2018:17:28:55 -0300] "GET /cormun/static/Shared/jqueryui/images/ui-bg_flat_55_fafafa_40x100.png HTTP/1.1" 404 1097
200.54.247.70 - - [01/Aug/2018:17:28:55 -0300] "POST /cormun/servlet/trsolicitudot?e228a7b79dca97f04caf57a75eae28c9,gx-no-cache=1533155262046 HTTP/1.1" 200 4182
186.67.203.186 - - [01/Aug/2018:17:28:56 -0300] "GET /cormun/servlet/permisogoce?0769a8069f79bc214e7f8f47f7ccfea916a31ec8f4efef112b1954215f8d3b269f8a4ad293fa526a955d8034197f9557b3819db1869ed9d10599456bf6967c89,gx-no-cache=1533155262197 HTTP/1.1" 200 226
186.103.159.204 - - [01/Aug/2018:17:29:01 -0300] "GET /cormun/servlet/hlogin HTTP/1.1" 200 1729
186.103.159.204 - - [01/Aug/2018:17:29:01 -0300] "GET /cormun/servlet/hlogin HTTP/1.1" 200 1733
200.54.247.70 - - [01/Aug/2018:17:29:01 -0300] "POST /cormun/servlet/trsolicitudot?e228a7b79dca97f04caf57a75eae28c9,gx-no-cache=1533155267863 HTTP/1.1" 200 5684
186.103.132.155 - - [01/Aug/2018:17:29:02 -0300] "GET /cormun/servlet/permisogoce?0769a8069f79bc214e7f8f47f7ccfea9962e4260cedf5ab24198ff36a569f24b63ee1cbc9db6d2f800c7bf173dcdd0d1105d24a95c5b0bbb9f917f529ffc08a8,gx-no-cache=1533155268748 HTTP/1.1" 200 129
200.54.247.70 - - [01/Aug/2018:17:29:03 -0300] "POST /cormun/servlet/trsolicitudot?e228a7b79dca97f04caf57a75eae28c9,gx-no-cache=1533155269652 HTTP/1.1" 200 5661
200.54.247.70 - - [01/Aug/2018:17:29:05 -0300] "POST /cormun/servlet/trsolicitudot?e228a7b79dca97f04caf57a75eae28c9,gx-no-cache=1533155271972 HTTP/1.1" 200 5661
186.103.132.155 - - [01/Aug/2018:17:29:09 -0300] "GET /cormun/servlet/permisogoce?0769a8069f79bc214e7f8f47f7ccfea9962e4260cedf5ab24198ff36a569f24b195ebdd5cd36ae6285479e59a522b945105d24a95c5b0bbb9f917f529ffc08a8,gx-no-cache=1533155275380 HTTP/1.1" 200 46
200.54.247.70 - - [01/Aug/2018:17:29:09 -0300] "POST /cormun/servlet/trsolicitudot?e228a7b79dca97f04caf57a75eae28c9,gx-no-cache=1533155275699 HTTP/1.1" 200 4201
186.103.159.204 - - [01/Aug/2018:17:29:09 -0300] "POST /cormun/servlet/hlogin?de44368c3735e53643ce2d49def5b17a,gx-no-cache=1533155272462 HTTP/1.1" 200 449
200.54.247.70 - - [01/Aug/2018:17:29:14 -0300] "POST /cormun/servlet/trsolicitudot?e228a7b79dca97f04caf57a75eae28c9,gx-no-cache=1533155280366 HTTP/1.1" 200 4201
186.103.159.204 - - [01/Aug/2018:17:29:14 -0300] "POST /cormun/servlet/hlogin?de44368c3735e53643ce2d49def5b17a,gx-no-cache=1533155277472 HTTP/1.1" 200 90
186.103.159.204 - - [01/Aug/2018:17:29:14 -0300] "GET /cormun/servlet/hpexe_link HTTP/1.1" 200 953
186.103.159.204 - - [01/Aug/2018:17:29:15 -0300] "GET /cormun/servlet/hhome HTTP/1.1" 200 3921
186.103.159.204 - - [01/Aug/2018:17:29:15 -0300] "GET /cormun/servlet/hhome HTTP/1.1" 200 3916
200.54.247.70 - - [01/Aug/2018:17:29:16 -0300] "GET /cormun/servlet/trsolicitudot? HTTP/1.1" 200 7273
200.54.247.70 - - [01/Aug/2018:17:29:16 -0300] "GET /cormun/servlet/trsolicitudot? HTTP/1.1" 200 7273
186.103.159.204 - - [01/Aug/2018:17:29:20 -0300] "GET /cormun/servlet/trpermisosgoce? HTTP/1.1" 200 8678
186.103.159.204 - - [01/Aug/2018:17:29:20 -0300] "GET /cormun/servlet/trpermisosgoce? HTTP/1.1" 200 8671
200.54.247.70 - - [01/Aug/2018:17:29:23 -0300] "GET /cormun/servlet/trsolicitudot? HTTP/1.1" 200 7273
200.54.247.70 - - [01/Aug/2018:17:29:23 -0300] "GET /cormun/servlet/trsolicitudot? HTTP/1.1" 200 7273
200.54.247.70 - - [01/Aug/2018:17:29:25 -0300] "GET /cormun/servlet/solicitudot?INS,0,0, HTTP/1.1" 200 13701
200.54.247.70 - - [01/Aug/2018:17:29:25 -0300] "GET /cormun/servlet/solicitudot?INS,0,0, HTTP/1.1" 200 13706
186.103.159.204 - - [01/Aug/2018:17:29:27 -0300] "GET /cormun/servlet/trpermisosadjuntos?18015367,20180731125309,P, HTTP/1.1" 200 6233
186.103.159.204 - - [01/Aug/2018:17:29:27 -0300] "GET /cormun/static/gxcfg.js?201762817193957 HTTP/1.1" 200 953
186.103.159.204 - - [01/Aug/2018:17:29:27 -0300] "GET /cormun/static/trpermisosadjuntos.js?201762817194366 HTTP/1.1" 200 20158
186.103.159.204 - - [01/Aug/2018:17:29:27 -0300] "GET /cormun/servlet/trpermisosadjuntos?18015367,20180731125309,P, HTTP/1.1" 200 6233
200.54.247.70 - - [01/Aug/2018:17:29:28 -0300] "GET /cormun/servlet/prfichaempleado?,MD,,gxPopupLevel%3D0%3B HTTP/1.1" 200 9389
186.103.159.204 - - [01/Aug/2018:17:29:31 -0300] "GET /cormun/servlet/permisosadjuntos?INS,18015367,P,20180731125309,, HTTP/1.1" 200 5563
186.103.159.204 - - [01/Aug/2018:17:29:31 -0300] "GET /cormun/static/gxcfg.js?201762717441171 HTTP/1.1" 200 953
186.103.159.204 - - [01/Aug/2018:17:29:31 -0300] "GET /cormun/static/permisosadjuntos.js?201762717441184 HTTP/1.1" 200 8724
186.103.159.204 - - [01/Aug/2018:17:29:31 -0300] "GET /cormun/static/about:blank HTTP/1.1" 404 1011
186.103.159.204 - - [01/Aug/2018:17:29:31 -0300] "GET /cormun/servlet/permisosadjuntos?INS,18015367,P,20180731125309,, HTTP/1.1" 200 5553
200.54.247.70 - - [01/Aug/2018:17:29:42 -0300] "POST /cormun/servlet/solicitudot?gx-no-cache=1533155308196 HTTP/1.1" 200 3308
200.54.247.70 - - [01/Aug/2018:17:29:42 -0300] "POST /cormun/servlet/solicitudot?e228a7b79dca97f04caf57a75eae28c9,INS,0,0,,gx-no-cache=1533155308359 HTTP/1.1" 200 10469
200.54.247.70 - - [01/Aug/2018:17:29:45 -0300] "GET /cormun/servlet/solicitudot?720232f46031b16da536d991e565ae0eb2019c6cdef79514fdeefc42a08200c4cf0c49c978d4e9a251771b413f32defa,gx-no-cache=1533155311298 HTTP/1.1" 200 30
186.103.159.204 - - [01/Aug/2018:17:29:55 -0300] "POST /cormun/servlet/permisosadjuntos?de44368c3735e53643ce2d49def5b17a,INS,18015367,P,20180731125309,, HTTP/1.1" 200 116
186.103.159.204 - - [01/Aug/2018:17:29:55 -0300] "GET /cormun/servlet/hpexe_return? HTTP/1.1" 200 1040
186.103.159.204 - - [01/Aug/2018:17:29:55 -0300] "GET /cormun/servlet/trpermisosadjuntos?18015367,20180731125309,P, HTTP/1.1" 200 6737
186.103.159.204 - - [01/Aug/2018:17:29:55 -0300] "GET /cormun/servlet/trpermisosadjuntos?18015367,20180731125309,P, HTTP/1.1" 200 6733
186.103.159.204 - - [01/Aug/2018:17:29:59 -0300] "GET /cormun/PublicTempStorage/edith_reyes_03_de_agosto201808013298236.pdf HTTP/1.1" 200 125848
186.103.132.155 - - [01/Aug/2018:17:30:07 -0300] "GET /cormun/servlet/permisogoce?0769a8069f79bc214e7f8f47f7ccfea916a31ec8f4efef112b1954215f8d3b2654a6517232d531c06a465f3d93bbf6f608069ccdb4ca9960f7a8d7da4e1dae7f,gx-no-cache=1533155333216 HTTP/1.1" 200 77
186.103.132.155 - - [01/Aug/2018:17:30:08 -0300] "POST /cormun/servlet/permisogoce?6474f35b41b1f8881529527af0e562e3,INS,0,,,,gx-no-cache=1533155333721 HTTP/1.1" 200 93
186.103.132.155 - - [01/Aug/2018:17:30:08 -0300] "GET /cormun/servlet/hpexe_return? HTTP/1.1" 200 1012
186.103.132.155 - - [01/Aug/2018:17:30:08 -0300] "GET /cormun/servlet/trpermisosgoce? HTTP/1.1" 200 7157
186.103.132.155 - - [01/Aug/2018:17:30:08 -0300] "GET /cormun/servlet/trpermisosgoce? HTTP/1.1" 200 7153
186.103.159.204 - - [01/Aug/2018:17:30:18 -0300] "GET /cormun/servlet/hlogin HTTP/1.1" 200 1729
186.10.12.250 - - [01/Aug/2018:17:30:21 -0300] "GET /cormun/servlet/permisogoce?INS,0,,, HTTP/1.1" 200 7072
186.10.12.250 - - [01/Aug/2018:17:30:22 -0300] "GET /cormun/servlet/permisogoce?INS,0,,, HTTP/1.1" 200 7072
200.111.122.170 - - [01/Aug/2018:17:30:25 -0300] "POST /cormun/servlet/permisogoce?6474f35b41b1f8881529527af0e562e3,INS,0,,,,gx-no-cache=1533155351003 HTTP/1.1" 200 90
200.111.122.170 - - [01/Aug/2018:17:30:25 -0300] "GET /cormun/servlet/hpexe_link HTTP/1.1" 200 967
200.111.122.170 - - [01/Aug/2018:17:30:26 -0300] "GET /cormun/servlet/trpermisosgoce HTTP/1.1" 200 7155
200.111.122.170 - - [01/Aug/2018:17:30:26 -0300] "GET /cormun/servlet/trpermisosgoce HTTP/1.1" 200 7153
186.103.159.204 - - [01/Aug/2018:17:30:28 -0300] "POST /cormun/servlet/hlogin?de44368c3735e53643ce2d49def5b17a,gx-no-cache=1533155350571 HTTP/1.1" 200 90
186.103.159.204 - - [01/Aug/2018:17:30:28 -0300] "GET /cormun/servlet/hpexe_link HTTP/1.1" 200 984
186.103.159.204 - - [01/Aug/2018:17:30:28 -0300] "GET /cormun/servlet/trpermisosadjuntos?18015367,20180731125309,P, HTTP/1.1" 200 6734
186.103.159.204 - - [01/Aug/2018:17:30:28 -0300] "GET /cormun/servlet/trpermisosadjuntos?18015367,20180731125309,P, HTTP/1.1" 200 6734
186.103.159.204 - - [01/Aug/2018:17:30:32 -0300] "GET /cormun/servlet/trpermisosgoce? HTTP/1.1" 200 8680
186.103.159.204 - - [01/Aug/2018:17:30:33 -0300] "GET /cormun/servlet/trpermisosgoce? HTTP/1.1" 200 8678
186.103.159.204 - - [01/Aug/2018:17:30:39 -0300] "GET /cormun/servlet/trpermisosadjuntos?12414107,20180731125040,P, HTTP/1.1" 200 6231
186.103.159.204 - - [01/Aug/2018:17:30:39 -0300] "GET /cormun/servlet/trpermisosadjuntos?12414107,20180731125040,P, HTTP/1.1" 200 6231
186.10.12.250 - - [01/Aug/2018:17:30:40 -0300] "POST /cormun/servlet/trpermisosgoce?6474f35b41b1f8881529527af0e562e3,gx-no-cache=1533155366102 HTTP/1.1" 200 104
186.10.12.250 - - [01/Aug/2018:17:30:40 -0300] "GET /cormun/PermisosGoce-9407.xls HTTP/1.1" 200 4096
186.103.159.204 - - [01/Aug/2018:17:30:41 -0300] "GET /cormun/servlet/permisosadjuntos?INS,12414107,P,20180731125040,, HTTP/1.1" 200 5563
186.103.159.204 - - [01/Aug/2018:17:30:41 -0300] "GET /cormun/static/about:blank HTTP/1.1" 404 1011
186.103.159.204 - - [01/Aug/2018:17:30:41 -0300] "GET /cormun/servlet/permisosadjuntos?INS,12414107,P,20180731125040,, HTTP/1.1" 200 5553
186.103.159.204 - - [01/Aug/2018:17:30:51 -0300] "POST /cormun/servlet/permisosadjuntos?de44368c3735e53643ce2d49def5b17a,INS,12414107,P,20180731125040,, HTTP/1.1" 200 116
186.103.159.204 - - [01/Aug/2018:17:30:51 -0300] "GET /cormun/servlet/hpexe_return? HTTP/1.1" 200 1039
186.103.159.204 - - [01/Aug/2018:17:30:51 -0300] "GET /cormun/servlet/trpermisosadjuntos?12414107,20180731125040,P, HTTP/1.1" 200 6729
186.103.159.204 - - [01/Aug/2018:17:30:52 -0300] "GET /cormun/servlet/trpermisosadjuntos?12414107,20180731125040,P, HTTP/1.1" 200 6725
186.103.159.204 - - [01/Aug/2018:17:30:55 -0300] "GET /cormun/servlet/trpermisosgoce? HTTP/1.1" 200 8679
186.103.159.204 - - [01/Aug/2018:17:30:56 -0300] "GET /cormun/servlet/trpermisosgoce? HTTP/1.1" 200 8672
186.103.159.204 - - [01/Aug/2018:17:31:01 -0300] "GET /cormun/servlet/trpermisosadjuntos?13503222,20180731125705,P, HTTP/1.1" 200 6233
186.103.159.204 - - [01/Aug/2018:17:31:01 -0300] "GET /cormun/servlet/trpermisosadjuntos?13503222,20180731125705,P, HTTP/1.1" 200 6233
186.103.159.204 - - [01/Aug/2018:17:31:03 -0300] "GET /cormun/servlet/permisosadjuntos?INS,13503222,P,20180731125705,, HTTP/1.1" 200 5565
186.103.159.204 - - [01/Aug/2018:17:31:04 -0300] "GET /cormun/static/about:blank HTTP/1.1" 404 1011
186.103.159.204 - - [01/Aug/2018:17:31:04 -0300] "GET /cormun/servlet/permisosadjuntos?INS,13503222,P,20180731125705,, HTTP/1.1" 200 5555
200.54.247.70 - - [01/Aug/2018:17:31:06 -0300] "GET /cormun/servlet/solicitudot?720232f46031b16da536d991e565ae0e95231e23775b8e604c7d3ea87e1ad50147ad81d7aab3840c4c595cfc32e22d499df3998ea582cd5b105ebda133edca92,gx-no-cache=1533155393024 HTTP/1.1" 200 30
200.54.247.70 - - [01/Aug/2018:17:31:08 -0300] "GET /cormun/servlet/prbanco?,MD,,gxPopupLevel%3D0%3B HTTP/1.1" 200 6673
186.103.159.204 - - [01/Aug/2018:17:31:12 -0300] "POST /cormun/servlet/permisosadjuntos?de44368c3735e53643ce2d49def5b17a,INS,13503222,P,20180731125705,, HTTP/1.1" 200 116
186.103.159.204 - - [01/Aug/2018:17:31:12 -0300] "GET /cormun/servlet/hpexe_return? HTTP/1.1" 200 1039
186.103.159.204 - - [01/Aug/2018:17:31:12 -0300] "GET /cormun/servlet/trpermisosadjuntos?13503222,20180731125705,P, HTTP/1.1" 200 6736
186.103.159.204 - - [01/Aug/2018:17:31:13 -0300] "GET /cormun/servlet/trpermisosadjuntos?13503222,20180731125705,P, HTTP/1.1" 200 6730
186.103.159.204 - - [01/Aug/2018:17:31:16 -0300] "GET /cormun/servlet/trpermisosgoce? HTTP/1.1" 200 8672
186.103.159.204 - - [01/Aug/2018:17:31:16 -0300] "GET /cormun/servlet/trpermisosgoce? HTTP/1.1" 200 8674
200.54.247.70 - - [01/Aug/2018:17:31:16 -0300] "GET /cormun/servlet/solicitudot?720232f46031b16da536d991e565ae0ed4aa81c4898e2abf66778d75a8690c58,gx-no-cache=1533155402902 HTTP/1.1" 200 53
186.67.203.186 - - [01/Aug/2018:17:31:20 -0300] "POST /cormun/servlet/acontrolpreferencessavestate?None,GVALDES,true HTTP/1.1" 200 35
200.111.122.170 - - [01/Aug/2018:17:31:21 -0300] "POST /cormun/servlet/acontrolpreferencessavestate?None,GVALDES,true HTTP/1.1" 200 35
186.103.159.204 - - [01/Aug/2018:17:31:25 -0300] "GET /cormun/servlet/trpermisosadjuntos?17134268,20180731130429,P, HTTP/1.1" 200 6230
186.103.159.204 - - [01/Aug/2018:17:31:26 -0300] "GET /cormun/servlet/trpermisosadjuntos?17134268,20180731130429,P, HTTP/1.1" 200 6230
200.54.247.70 - - [01/Aug/2018:17:31:27 -0300] "POST /cormun/servlet/solicitudot?gx-no-cache=1533155413474 HTTP/1.1" 200 240
186.103.159.204 - - [01/Aug/2018:17:31:28 -0300] "GET /cormun/servlet/permisosadjuntos?INS,17134268,P,20180731130429,, HTTP/1.1" 200 5562
186.103.159.204 - - [01/Aug/2018:17:31:28 -0300] "GET /cormun/static/about:blank HTTP/1.1" 404 1011
186.103.159.204 - - [01/Aug/2018:17:31:28 -0300] "GET /cormun/servlet/permisosadjuntos?INS,17134268,P,20180731130429,, HTTP/1.1" 200 5552
200.54.247.70 - - [01/Aug/2018:17:31:28 -0300] "GET /cormun/servlet/solicitudot?720232f46031b16da536d991e565ae0ee545afedfef5721830f991315c9cef443dc34da4f2a639fc79898196635cde37deab3394a793b20cf3424110fd582b5ecccf1949813305ab43100311f8201a22e333ef658a20f07121d8d650a6e838c7c33d03ddabeac540b409e69906c099ea92cdceef30be64a290b0bb503dd46a2a16823a88fd97459da4785d52ad4453be7a99efc083cef4fd861b376074cac913625cf145c976e1a58ee3468292c59123851208647dfbc2bed4fd439dcee4a9a0d95ceaa369b0d0afa53b31a79934ccd76bee7956910db0c8eefe8d4c0c557f74b163f9e7398de332b5a6d274e2c6f886cbccb050c7a3baff47fd9960d451a8ee4cc62746fedf2a6eb7ded53c1db4e91474b23c44ddc2c451750b4e9c75689144385f9fc3aae20309383b9a9587bbe0fd64c7d10f9dac49d2523a25c244aed251b48d8f1f409a19e091e0f625a564b6d0d4d3ac4ceea966b884a2a5aa618f1a70e99de08011d40d6243e4dadaf1cb3819bd0108739f6c8a06bd69c22815162fd7,gx-no-cache=1533155414739 HTTP/1.1" 200 30
200.54.247.70 - - [01/Aug/2018:17:31:31 -0300] "POST /cormun/servlet/solicitudot?gx-no-cache=1533155417360 HTTP/1.1" 200 30
190.151.100.218 - - [01/Aug/2018:17:31:32 -0300] "GET /cormun/servlet/permisogoce?INS,0,,, HTTP/1.1" 200 7072
190.151.100.218 - - [01/Aug/2018:17:31:33 -0300] "GET /cormun/servlet/permisogoce?INS,0,,, HTTP/1.1" 200 7072
200.54.247.70 - - [01/Aug/2018:17:31:33 -0300] "GET /cormun/servlet/prfichaempleado?,MD,,gxPopupLevel%3D0%3B HTTP/1.1" 200 9389
200.54.247.70 - - [01/Aug/2018:17:31:40 -0300] "POST /cormun/servlet/prfichaempleado?e228a7b79dca97f04caf57a75eae28c9,,MD,,gxPopupLevel%3D0%3B,gx-no-cache=1533155426544 HTTP/1.1" 200 3408
190.151.100.218 - - [01/Aug/2018:17:31:40 -0300] "POST /cormun/servlet/permisogoce?6474f35b41b1f8881529527af0e562e3,INS,0,,,,gx-no-cache=1533155426914 HTTP/1.1" 200 90
190.151.100.218 - - [01/Aug/2018:17:31:40 -0300] "GET /cormun/servlet/hpexe_link HTTP/1.1" 200 967
190.151.100.218 - - [01/Aug/2018:17:31:41 -0300] "GET /cormun/servlet/trpermisosgoce HTTP/1.1" 200 7155
190.151.100.218 - - [01/Aug/2018:17:31:41 -0300] "GET /cormun/servlet/trpermisosgoce HTTP/1.1" 200 7153
186.103.159.204 - - [01/Aug/2018:17:31:43 -0300] "POST /cormun/servlet/permisosadjuntos?de44368c3735e53643ce2d49def5b17a,INS,17134268,P,20180731130429,, HTTP/1.1" 200 116
186.103.159.204 - - [01/Aug/2018:17:31:43 -0300] "GET /cormun/servlet/hpexe_return? HTTP/1.1" 200 1040
186.103.159.204 - - [01/Aug/2018:17:31:43 -0300] "GET /cormun/servlet/trpermisosadjuntos?17134268,20180731130429,P, HTTP/1.1" 200 6733
200.54.247.70 - - [01/Aug/2018:17:31:43 -0300] "POST /cormun/servlet/solicitudot?gx-no-cache=1533155429438 HTTP/1.1" 200 1376
200.54.247.70 - - [01/Aug/2018:17:31:43 -0300] "GET /cormun/static/menuarrow.gif HTTP/1.1" 404 1015
186.103.159.204 - - [01/Aug/2018:17:31:43 -0300] "GET /cormun/servlet/trpermisosadjuntos?17134268,20180731130429,P, HTTP/1.1" 200 6727
186.103.159.204 - - [01/Aug/2018:17:31:47 -0300] "GET /cormun/servlet/trpermisosgoce? HTTP/1.1" 200 8677
186.103.159.204 - - [01/Aug/2018:17:31:47 -0300] "GET /cormun/servlet/trpermisosgoce? HTTP/1.1" 200 8681
200.54.247.70 - - [01/Aug/2018:17:31:47 -0300] "POST /cormun/servlet/solicitudot?gx-no-cache=1533155434052 HTTP/1.1" 200 41
200.54.247.70 - - [01/Aug/2018:17:31:47 -0300] "GET /cormun/servlet/solicitudot?720232f46031b16da536d991e565ae0e6d227c7e2e59fb9090ef3b936571a60f5c84d6e7c543e311028b08f9e5a917f3076c9a31f19f0e31f9c5ef533a81de300eb0c6fecd92730875038ecd96ede78c8b58b9ff4b2ed9a7817112ff0e3cb3b51f3c9f765452bf961d03cb856e252eaf,gx-no-cache=1533155434120 HTTP/1.1" 200 29
200.54.247.70 - - [01/Aug/2018:17:31:48 -0300] "POST /cormun/servlet/solicitudot?gx-no-cache=1533155434191 HTTP/1.1" 200 1357
200.54.247.70 - - [01/Aug/2018:17:31:48 -0300] "POST /cormun/servlet/solicitudot?gx-no-cache=1533155434307 HTTP/1.1" 200 1258
200.54.247.70 - - [01/Aug/2018:17:31:51 -0300] "POST /cormun/servlet/solicitudot?gx-no-cache=1533155437894 HTTP/1.1" 200 1357
200.54.247.70 - - [01/Aug/2018:17:31:51 -0300] "POST /cormun/servlet/solicitudot?gx-no-cache=1533155437950 HTTP/1.1" 200 1258
200.54.247.70 - - [01/Aug/2018:17:31:53 -0300] "GET /cormun/servlet/solicitudot?720232f46031b16da536d991e565ae0e32c18d0d866fe8764893fd8546e140555e84b39381fd6aaf3cc8d11b50910bae,gx-no-cache=1533155439559 HTTP/1.1" 200 30
200.54.247.70 - - [01/Aug/2018:17:31:53 -0300] "POST /cormun/servlet/solicitudot?gx-no-cache=1533155439594 HTTP/1.1" 200 34
186.103.159.204 - - [01/Aug/2018:17:32:04 -0300] "POST /cormun/servlet/trpermisosgoce?de44368c3735e53643ce2d49def5b17a,,gx-no-cache=1533155446519 HTTP/1.1" 200 5982
186.103.159.204 - - [01/Aug/2018:17:32:04 -0300] "GET /cormun/static/Shared/jqueryui/images/ui-bg_highlight-soft_100_c6c2c8_1x100.png HTTP/1.1" 404 1117
186.103.159.204 - - [01/Aug/2018:17:32:04 -0300] "GET /cormun/static/Shared/jqueryui/images/ui-icons_82798d_256x240.png HTTP/1.1" 404 1089
186.103.159.204 - - [01/Aug/2018:17:32:04 -0300] "GET /cormun/static/Shared/jqueryui/images/ui-bg_flat_55_fafafa_40x100.png HTTP/1.1" 404 1097
186.103.159.204 - - [01/Aug/2018:17:32:04 -0300] "GET /cormun/static/Shared/jqueryui/images/ui-icons_8d78a5_256x240.png HTTP/1.1" 404 1089
200.54.247.70 - - [01/Aug/2018:17:32:05 -0300] "POST /cormun/servlet/solicitudot?gx-no-cache=1533155451519 HTTP/1.1" 200 1357
200.54.247.70 - - [01/Aug/2018:17:32:05 -0300] "POST /cormun/servlet/solicitudot?gx-no-cache=1533155451568 HTTP/1.1" 200 1258
200.54.247.70 - - [01/Aug/2018:17:32:05 -0300] "GET /cormun/servlet/solicitudot?720232f46031b16da536d991e565ae0e32c18d0d866fe8764893fd8546e14055f3f66732a4d6973b1d2a4e83ee68e010,gx-no-cache=1533155451607 HTTP/1.1" 200 30
200.54.247.70 - - [01/Aug/2018:17:32:05 -0300] "POST /cormun/servlet/solicitudot?gx-no-cache=1533155451636 HTTP/1.1" 200 34
200.54.247.70 - - [01/Aug/2018:17:32:05 -0300] "POST /cormun/servlet/solicitudot?e228a7b79dca97f04caf57a75eae28c9,INS,0,0,,gx-no-cache=1533155451686 HTTP/1.1" 200 93
200.54.247.70 - - [01/Aug/2018:17:32:05 -0300] "GET /cormun/servlet/hpexe_return? HTTP/1.1" 200 1005
