192.168.10.96 - - [30/Jul/2018:17:00:01 -0300] "GET /cormun/servlet/vesolicitudgral?2018,11892,,SolicitudOTAdjuntos HTTP/1.1" 200 11652
192.168.10.96 - - [30/Jul/2018:17:00:02 -0300] "GET /cormun/servlet/vesolicitudgral?2018,11892,,SolicitudOTAdjuntos HTTP/1.1" 200 11654
192.168.10.96 - - [30/Jul/2018:17:00:02 -0300] "POST /cormun/servlet/acontrolpreferencessavestate?None,DZAMUDIO,true HTTP/1.1" 200 35
192.168.10.96 - - [30/Jul/2018:17:00:03 -0300] "GET /cormun/PublicTempStorage/cedula_identidad_milena_%281%29962581.pdf HTTP/1.1" 200 671357
192.168.10.96 - - [30/Jul/2018:17:00:06 -0300] "GET /cormun/servlet/vesolicitudgral?2018,11892,,SolicitudOTAdjuntos HTTP/1.1" 200 11653
192.168.10.96 - - [30/Jul/2018:17:00:07 -0300] "GET /cormun/servlet/vesolicitudgral?2018,11892,,SolicitudOTAdjuntos HTTP/1.1" 200 11655
192.168.10.96 - - [30/Jul/2018:17:00:07 -0300] "POST /cormun/servlet/acontrolpreferencessavestate?None,DZAMUDIO,true HTTP/1.1" 200 35
192.168.10.96 - - [30/Jul/2018:17:00:09 -0300] "GET /cormun/PublicTempStorage/certificado_titulo_milena8420299.pdf HTTP/1.1" 200 812190
192.168.10.96 - - [30/Jul/2018:17:00:14 -0300] "GET /cormun/servlet/vesolicitudgral?2018,11892,,SolicitudOTAdjuntos HTTP/1.1" 200 11647
192.168.10.96 - - [30/Jul/2018:17:00:15 -0300] "GET /cormun/servlet/vesolicitudgral?2018,11892,,SolicitudOTAdjuntos HTTP/1.1" 200 11652
192.168.10.96 - - [30/Jul/2018:17:00:16 -0300] "POST /cormun/servlet/acontrolpreferencessavestate?None,DZAMUDIO,true HTTP/1.1" 200 35
192.168.10.96 - - [30/Jul/2018:17:00:19 -0300] "GET /cormun/PublicTempStorage/certificado_afiliacion_milena4368244.pdf HTTP/1.1" 200 233687
192.168.10.96 - - [30/Jul/2018:17:00:25 -0300] "GET /cormun/servlet/vesolicitudgral?2018,11892,,SolicitudOTAdjuntos HTTP/1.1" 200 11647
192.168.10.96 - - [30/Jul/2018:17:00:26 -0300] "GET /cormun/servlet/vesolicitudgral?2018,11892,,SolicitudOTAdjuntos HTTP/1.1" 200 11657
192.168.10.96 - - [30/Jul/2018:17:00:26 -0300] "POST /cormun/servlet/acontrolpreferencessavestate?None,DZAMUDIO,true HTTP/1.1" 200 35
192.168.10.96 - - [30/Jul/2018:17:00:28 -0300] "GET /cormun/PublicTempStorage/fonasa_milena5023285.pdf HTTP/1.1" 200 78164
192.168.10.96 - - [30/Jul/2018:17:00:33 -0300] "GET /cormun/servlet/vesolicitudgral?2018,11892,,SolicitudOTAdjuntos HTTP/1.1" 200 11652
192.168.10.96 - - [30/Jul/2018:17:00:34 -0300] "GET /cormun/servlet/vesolicitudgral?2018,11892,,SolicitudOTAdjuntos HTTP/1.1" 200 11650
192.168.10.96 - - [30/Jul/2018:17:00:34 -0300] "POST /cormun/servlet/acontrolpreferencessavestate?None,DZAMUDIO,true HTTP/1.1" 200 35
192.168.10.96 - - [30/Jul/2018:17:00:36 -0300] "GET /cormun/PublicTempStorage/certificado_antecedentes_milena7253387.pdf HTTP/1.1" 200 833928
192.168.10.96 - - [30/Jul/2018:17:00:39 -0300] "GET /cormun/servlet/vesolicitudgral?2018,11892,,SolicitudOTAdjuntos HTTP/1.1" 200 11652
192.168.10.96 - - [30/Jul/2018:17:00:40 -0300] "GET /cormun/servlet/vesolicitudgral?2018,11892,,SolicitudOTAdjuntos HTTP/1.1" 200 11651
192.168.10.96 - - [30/Jul/2018:17:00:41 -0300] "POST /cormun/servlet/acontrolpreferencessavestate?None,DZAMUDIO,true HTTP/1.1" 200 35
192.168.10.96 - - [30/Jul/2018:17:00:41 -0300] "GET /cormun/PublicTempStorage/curriculum_vitae_milena9980643.pdf HTTP/1.1" 200 478582
200.111.191.210 - - [30/Jul/2018:17:03:19 -0300] "GET /cormun/servlet/trpermisosgoce? HTTP/1.1" 200 6106
200.111.191.210 - - [30/Jul/2018:17:03:20 -0300] "GET /cormun/servlet/hlogin HTTP/1.1" 200 1741
200.111.191.210 - - [30/Jul/2018:17:03:20 -0300] "GET /cormun/servlet/trpermisosgoce? HTTP/1.1" 200 6106
186.103.156.24 - - [30/Jul/2018:17:03:49 -0300] "GET /cormun/servlet/hlogin HTTP/1.1" 200 1719
186.103.156.24 - - [30/Jul/2018:17:04:00 -0300] "POST /cormun/servlet/hlogin?c124c3b93939f7d264b4fbcfd6e260f8,gx-no-cache=1532980966752 HTTP/1.1" 200 90
186.103.156.24 - - [30/Jul/2018:17:04:00 -0300] "GET /cormun/servlet/hpexe_link HTTP/1.1" 200 950
186.103.156.24 - - [30/Jul/2018:17:04:00 -0300] "GET /cormun/servlet/hhome HTTP/1.1" 200 4241
186.103.156.24 - - [30/Jul/2018:17:04:01 -0300] "GET /cormun/servlet/hhome HTTP/1.1" 200 4238
186.103.156.24 - - [30/Jul/2018:17:04:04 -0300] "GET /cormun/servlet/trlicencias? HTTP/1.1" 200 11933
186.103.156.24 - - [30/Jul/2018:17:04:04 -0300] "GET /cormun/static/gxcfg.js?20176272054169 HTTP/1.1" 200 953
186.103.156.24 - - [30/Jul/2018:17:04:04 -0300] "GET /cormun/static/trlicencias.js?20176272054837 HTTP/1.1" 200 41883
186.103.156.24 - - [30/Jul/2018:17:04:05 -0300] "GET /cormun/static/Resources/Spanish/PXTools.css?17315867 HTTP/1.1" 200 89042
186.103.156.24 - - [30/Jul/2018:17:04:05 -0300] "GET /cormun/servlet/trlicencias? HTTP/1.1" 200 11930
200.73.230.197 - - [30/Jul/2018:17:05:18 -0300] "GET /cormun/servlet/hlogin HTTP/1.1" 200 1716
200.73.230.197 - - [30/Jul/2018:17:05:31 -0300] "POST /cormun/servlet/hlogin?98bb6f35c5e40ced2a073089a5e34967,gx-no-cache=1532981058797 HTTP/1.1" 200 90
200.73.230.197 - - [30/Jul/2018:17:05:31 -0300] "GET /cormun/servlet/hpexe_link HTTP/1.1" 200 948
200.73.230.197 - - [30/Jul/2018:17:05:32 -0300] "GET /cormun/servlet/hhome HTTP/1.1" 200 3955
200.73.230.197 - - [30/Jul/2018:17:05:34 -0300] "GET /cormun/servlet/hhome HTTP/1.1" 200 3952
200.73.230.197 - - [30/Jul/2018:17:05:38 -0300] "GET /cormun/servlet/trpermisosgoce? HTTP/1.1" 200 9766
200.73.230.197 - - [30/Jul/2018:17:05:40 -0300] "GET /cormun/servlet/trpermisosgoce? HTTP/1.1" 200 9764
200.73.230.197 - - [30/Jul/2018:17:05:49 -0300] "GET /cormun/servlet/trpermisosadjuntos?9299678,20180730142250,P, HTTP/1.1" 200 6271
200.73.230.197 - - [30/Jul/2018:17:05:49 -0300] "GET /cormun/static/gxcfg.js?201762817193957 HTTP/1.1" 200 953
200.73.230.197 - - [30/Jul/2018:17:05:50 -0300] "GET /cormun/static/trpermisosadjuntos.js?201762817194366 HTTP/1.1" 200 20158
200.73.230.197 - - [30/Jul/2018:17:05:51 -0300] "GET /cormun/servlet/trpermisosadjuntos?9299678,20180730142250,P, HTTP/1.1" 200 6271
200.73.230.197 - - [30/Jul/2018:17:05:55 -0300] "GET /cormun/servlet/permisosadjuntos?INS,9299678,P,20180730142250,, HTTP/1.1" 200 5597
200.73.230.197 - - [30/Jul/2018:17:05:55 -0300] "GET /cormun/static/gxcfg.js?201762717441171 HTTP/1.1" 200 953
200.73.230.197 - - [30/Jul/2018:17:05:55 -0300] "GET /cormun/static/permisosadjuntos.js?201762717441184 HTTP/1.1" 200 8724
200.73.230.197 - - [30/Jul/2018:17:05:56 -0300] "GET /cormun/static/about:blank HTTP/1.1" 404 1011
200.73.230.197 - - [30/Jul/2018:17:05:56 -0300] "GET /cormun/servlet/permisosadjuntos?INS,9299678,P,20180730142250,, HTTP/1.1" 200 5588
200.73.230.197 - - [30/Jul/2018:17:06:20 -0300] "POST /cormun/servlet/permisosadjuntos?98bb6f35c5e40ced2a073089a5e34967,INS,9299678,P,20180730142250,, HTTP/1.1" 200 116
200.73.230.197 - - [30/Jul/2018:17:06:23 -0300] "GET /cormun/servlet/hpexe_return? HTTP/1.1" 200 1035
200.73.230.197 - - [30/Jul/2018:17:06:24 -0300] "GET /cormun/servlet/trpermisosadjuntos?9299678,20180730142250,P, HTTP/1.1" 200 6732
200.73.230.197 - - [30/Jul/2018:17:06:26 -0300] "GET /cormun/servlet/trpermisosadjuntos?9299678,20180730142250,P, HTTP/1.1" 200 6728
200.73.230.197 - - [30/Jul/2018:17:06:39 -0300] "GET /cormun/servlet/trpermisosgoce? HTTP/1.1" 200 9766
200.73.230.197 - - [30/Jul/2018:17:06:41 -0300] "GET /cormun/servlet/trpermisosgoce? HTTP/1.1" 200 9764
200.73.230.197 - - [30/Jul/2018:17:06:46 -0300] "GET /cormun/servlet/trpermisosadjuntos?10979458,20180730142136,P, HTTP/1.1" 200 6265
186.67.172.234 - - [30/Jul/2018:17:06:47 -0300] "GET /cormun/servlet/trlicencias? HTTP/1.1" 200 6102
200.73.230.197 - - [30/Jul/2018:17:06:48 -0300] "GET /cormun/servlet/trpermisosadjuntos?10979458,20180730142136,P, HTTP/1.1" 200 6266
186.67.172.234 - - [30/Jul/2018:17:06:48 -0300] "GET /cormun/servlet/trlicencias? HTTP/1.1" 200 6112
186.67.172.234 - - [30/Jul/2018:17:06:48 -0300] "GET /cormun/servlet/hlogin HTTP/1.1" 200 1733
200.73.230.197 - - [30/Jul/2018:17:06:52 -0300] "GET /cormun/servlet/permisosadjuntos?INS,10979458,P,20180730142136,, HTTP/1.1" 200 5591
200.73.230.197 - - [30/Jul/2018:17:06:52 -0300] "GET /cormun/static/about:blank HTTP/1.1" 404 1011
200.73.230.197 - - [30/Jul/2018:17:06:53 -0300] "GET /cormun/servlet/permisosadjuntos?INS,10979458,P,20180730142136,, HTTP/1.1" 200 5581
186.67.172.234 - - [30/Jul/2018:17:07:07 -0300] "POST /cormun/servlet/hlogin?37ccadd090d6aa52499dce96b4e6df03,gx-no-cache=1532981061987 HTTP/1.1" 200 90
186.67.172.234 - - [30/Jul/2018:17:07:07 -0300] "GET /cormun/servlet/hpexe_link HTTP/1.1" 200 950
186.67.172.234 - - [30/Jul/2018:17:07:07 -0300] "GET /cormun/servlet/trlicencias HTTP/1.1" 200 17823
186.67.172.234 - - [30/Jul/2018:17:07:08 -0300] "GET /cormun/servlet/trlicencias HTTP/1.1" 200 17820
200.73.230.197 - - [30/Jul/2018:17:07:16 -0300] "POST /cormun/servlet/permisosadjuntos?98bb6f35c5e40ced2a073089a5e34967,INS,10979458,P,20180730142136,, HTTP/1.1" 200 116
200.73.230.197 - - [30/Jul/2018:17:07:16 -0300] "GET /cormun/servlet/hpexe_return? HTTP/1.1" 200 1036
200.73.230.197 - - [30/Jul/2018:17:07:16 -0300] "GET /cormun/servlet/trpermisosadjuntos?10979458,20180730142136,P, HTTP/1.1" 200 6727
200.73.230.197 - - [30/Jul/2018:17:07:18 -0300] "GET /cormun/servlet/trpermisosadjuntos?10979458,20180730142136,P, HTTP/1.1" 200 6723
200.73.230.197 - - [30/Jul/2018:17:07:27 -0300] "GET /cormun/servlet/trpermisosgoce? HTTP/1.1" 200 9769
200.73.230.197 - - [30/Jul/2018:17:07:28 -0300] "GET /cormun/servlet/trpermisosgoce? HTTP/1.1" 200 9764
200.73.230.197 - - [30/Jul/2018:17:07:39 -0300] "POST /cormun/servlet/trpermisosgoce?98bb6f35c5e40ced2a073089a5e34967,,gx-no-cache=1532981186788 HTTP/1.1" 200 7024
200.73.230.197 - - [30/Jul/2018:17:07:40 -0300] "GET /cormun/static/Shared/jqueryui/images/ui-bg_highlight-soft_100_c6c2c8_1x100.png HTTP/1.1" 404 1117
200.73.230.197 - - [30/Jul/2018:17:07:40 -0300] "GET /cormun/static/Shared/jqueryui/images/ui-icons_82798d_256x240.png HTTP/1.1" 404 1089
200.73.230.197 - - [30/Jul/2018:17:07:40 -0300] "GET /cormun/static/Shared/jqueryui/images/ui-bg_flat_55_fafafa_40x100.png HTTP/1.1" 404 1097
200.73.230.197 - - [30/Jul/2018:17:07:40 -0300] "GET /cormun/static/Shared/jqueryui/images/ui-icons_8d78a5_256x240.png HTTP/1.1" 404 1089
200.73.230.197 - - [30/Jul/2018:17:07:46 -0300] "POST /cormun/servlet/trpermisosgoce?98bb6f35c5e40ced2a073089a5e34967,,gx-no-cache=1532981193008 HTTP/1.1" 200 7020
186.67.172.234 - - [30/Jul/2018:17:07:47 -0300] "GET /cormun/static/menuarrow.gif HTTP/1.1" 404 1015
186.67.172.234 - - [30/Jul/2018:17:08:05 -0300] "POST /cormun/servlet/trlicencias?37ccadd090d6aa52499dce96b4e6df03,gx-no-cache=1532981119180 HTTP/1.1" 200 4021
186.67.172.234 - - [30/Jul/2018:17:08:11 -0300] "POST /cormun/servlet/trlicencias?37ccadd090d6aa52499dce96b4e6df03,gx-no-cache=1532981126743 HTTP/1.1" 200 4020
200.73.230.197 - - [30/Jul/2018:17:08:20 -0300] "GET /cormun/servlet/trpermisosadjuntos?10512872,20180703123030,P, HTTP/1.1" 200 6269
200.73.230.197 - - [30/Jul/2018:17:08:22 -0300] "GET /cormun/servlet/trpermisosadjuntos?10512872,20180703123030,P, HTTP/1.1" 200 6269
186.67.172.234 - - [30/Jul/2018:17:08:25 -0300] "POST /cormun/servlet/trlicencias?37ccadd090d6aa52499dce96b4e6df03,gx-no-cache=1532981140768 HTTP/1.1" 200 5365
200.73.230.197 - - [30/Jul/2018:17:08:28 -0300] "GET /cormun/servlet/permisosadjuntos?INS,10512872,P,20180703123030,, HTTP/1.1" 200 5600
200.73.230.197 - - [30/Jul/2018:17:08:29 -0300] "GET /cormun/static/about:blank HTTP/1.1" 404 1011
200.73.230.197 - - [30/Jul/2018:17:08:30 -0300] "GET /cormun/servlet/permisosadjuntos?INS,10512872,P,20180703123030,, HTTP/1.1" 200 5590
186.67.172.234 - - [30/Jul/2018:17:08:37 -0300] "GET /cormun/servlet/hlogin HTTP/1.1" 200 1730
200.73.230.197 - - [30/Jul/2018:17:09:23 -0300] "POST /cormun/servlet/permisosadjuntos?98bb6f35c5e40ced2a073089a5e34967,INS,10512872,P,20180703123030,, HTTP/1.1" 200 116
200.73.230.197 - - [30/Jul/2018:17:09:24 -0300] "GET /cormun/servlet/hpexe_return? HTTP/1.1" 200 1037
200.73.230.197 - - [30/Jul/2018:17:09:25 -0300] "GET /cormun/servlet/trpermisosadjuntos?10512872,20180703123030,P, HTTP/1.1" 200 6737
200.73.230.197 - - [30/Jul/2018:17:09:26 -0300] "GET /cormun/servlet/trpermisosadjuntos?10512872,20180703123030,P, HTTP/1.1" 200 6732
200.73.230.197 - - [30/Jul/2018:17:09:31 -0300] "GET /cormun/servlet/trpermisosgoce? HTTP/1.1" 200 9763
200.73.230.197 - - [30/Jul/2018:17:09:32 -0300] "GET /cormun/servlet/trpermisosgoce? HTTP/1.1" 200 9762
200.73.230.197 - - [30/Jul/2018:17:09:42 -0300] "POST /cormun/servlet/trpermisosgoce?98bb6f35c5e40ced2a073089a5e34967,,gx-no-cache=1532981309704 HTTP/1.1" 200 7020
200.73.230.197 - - [30/Jul/2018:17:09:43 -0300] "GET /cormun/static/Shared/jqueryui/images/ui-bg_highlight-soft_100_c6c2c8_1x100.png HTTP/1.1" 404 1117
200.73.230.197 - - [30/Jul/2018:17:09:43 -0300] "GET /cormun/static/Shared/jqueryui/images/ui-icons_82798d_256x240.png HTTP/1.1" 404 1089
200.73.230.197 - - [30/Jul/2018:17:09:43 -0300] "GET /cormun/static/Shared/jqueryui/images/ui-bg_flat_55_fafafa_40x100.png HTTP/1.1" 404 1097
200.73.230.197 - - [30/Jul/2018:17:09:43 -0300] "GET /cormun/static/Shared/jqueryui/images/ui-icons_8d78a5_256x240.png HTTP/1.1" 404 1089
200.73.230.197 - - [30/Jul/2018:17:10:02 -0300] "GET /cormun/static/menuarrow.gif HTTP/1.1" 404 1015
200.111.191.210 - - [30/Jul/2018:17:10:44 -0300] "POST /cormun/servlet/hlogin?0341591af552237c6838679daa4f26db,gx-no-cache=1532981485145 HTTP/1.1" 200 451
200.111.191.210 - - [30/Jul/2018:17:10:46 -0300] "POST /cormun/servlet/hlogin?0341591af552237c6838679daa4f26db,gx-no-cache=1532981487455 HTTP/1.1" 200 451
200.73.230.197 - - [30/Jul/2018:17:11:26 -0300] "POST /cormun/servlet/trpermisosgoce?98bb6f35c5e40ced2a073089a5e34967,,gx-no-cache=1532981413734 HTTP/1.1" 200 4152
200.73.230.197 - - [30/Jul/2018:17:11:33 -0300] "POST /cormun/servlet/trpermisosgoce?98bb6f35c5e40ced2a073089a5e34967,,gx-no-cache=1532981420488 HTTP/1.1" 200 4152
200.73.230.197 - - [30/Jul/2018:17:11:37 -0300] "POST /cormun/servlet/trpermisosgoce?98bb6f35c5e40ced2a073089a5e34967,,gx-no-cache=1532981424480 HTTP/1.1" 200 4240
200.73.230.197 - - [30/Jul/2018:17:11:37 -0300] "GET /cormun/static/Resources/PXToolsGridNext.gif HTTP/1.1" 200 369
200.73.230.197 - - [30/Jul/2018:17:11:37 -0300] "GET /cormun/static/Resources/PXToolsGridLast.gif HTTP/1.1" 200 370
200.73.230.197 - - [30/Jul/2018:17:11:42 -0300] "GET /cormun/servlet/trpermisosgoce? HTTP/1.1" 200 8176
200.73.230.197 - - [30/Jul/2018:17:11:44 -0300] "GET /cormun/servlet/trpermisosgoce? HTTP/1.1" 200 8176
200.86.99.60 - - [30/Jul/2018:17:11:46 -0300] "GET /cormun/servlet/hlogin HTTP/1.1" 200 1725
200.86.99.60 - - [30/Jul/2018:17:11:50 -0300] "POST /cormun/servlet/hlogin?7279eb742944d3312b5d30f87dfde627,gx-no-cache=1532981438305 HTTP/1.1" 200 90
200.86.99.60 - - [30/Jul/2018:17:11:50 -0300] "GET /cormun/servlet/hpexe_link HTTP/1.1" 200 977
200.86.99.60 - - [30/Jul/2018:17:11:50 -0300] "GET /cormun/servlet/trlicencias?gx-no-cache=1532979202565 HTTP/1.1" 200 9682
200.86.99.60 - - [30/Jul/2018:17:11:53 -0300] "GET /cormun/servlet/trlicencias?gx-no-cache=1532979202565 HTTP/1.1" 200 9699
200.73.230.197 - - [30/Jul/2018:17:12:04 -0300] "GET /cormun/servlet/trpermisosadjuntos?10512872,20180606102348,P, HTTP/1.1" 200 6270
200.73.230.197 - - [30/Jul/2018:17:12:05 -0300] "GET /cormun/servlet/trpermisosadjuntos?10512872,20180606102348,P, HTTP/1.1" 200 6267
200.73.230.197 - - [30/Jul/2018:17:12:09 -0300] "GET /cormun/servlet/permisosadjuntos?INS,10512872,P,20180606102348,, HTTP/1.1" 200 5601
200.73.230.197 - - [30/Jul/2018:17:12:09 -0300] "GET /cormun/static/about:blank HTTP/1.1" 404 1011
200.73.230.197 - - [30/Jul/2018:17:12:10 -0300] "GET /cormun/servlet/permisosadjuntos?INS,10512872,P,20180606102348,, HTTP/1.1" 200 5591
200.73.230.197 - - [30/Jul/2018:17:12:33 -0300] "POST /cormun/servlet/permisosadjuntos?98bb6f35c5e40ced2a073089a5e34967,INS,10512872,P,20180606102348,, HTTP/1.1" 200 116
200.111.191.210 - - [30/Jul/2018:17:12:33 -0300] "POST /cormun/servlet/hlogin?0341591af552237c6838679daa4f26db,gx-no-cache=1532981594207 HTTP/1.1" 200 90
200.111.191.210 - - [30/Jul/2018:17:12:33 -0300] "GET /cormun/servlet/hpexe_link HTTP/1.1" 200 957
200.73.230.197 - - [30/Jul/2018:17:12:33 -0300] "GET /cormun/servlet/hpexe_return? HTTP/1.1" 200 1036
200.111.191.210 - - [30/Jul/2018:17:12:33 -0300] "GET /cormun/servlet/trpermisosgoce HTTP/1.1" 200 10918
200.111.191.210 - - [30/Jul/2018:17:12:33 -0300] "GET /cormun/servlet/trpermisosgoce HTTP/1.1" 200 10917
200.73.230.197 - - [30/Jul/2018:17:12:34 -0300] "GET /cormun/servlet/trpermisosadjuntos?10512872,20180606102348,P, HTTP/1.1" 200 6743
200.73.230.197 - - [30/Jul/2018:17:12:35 -0300] "GET /cormun/servlet/trpermisosadjuntos?10512872,20180606102348,P, HTTP/1.1" 200 6738
200.73.230.197 - - [30/Jul/2018:17:12:42 -0300] "GET /cormun/servlet/permisosadjuntos?INS,10512872,P,20180606102348,, HTTP/1.1" 200 5601
200.73.230.197 - - [30/Jul/2018:17:12:42 -0300] "GET /cormun/static/about:blank HTTP/1.1" 404 1011
200.73.230.197 - - [30/Jul/2018:17:12:43 -0300] "GET /cormun/servlet/permisosadjuntos?INS,10512872,P,20180606102348,, HTTP/1.1" 200 5591
200.111.191.210 - - [30/Jul/2018:17:13:01 -0300] "GET /cormun/servlet/trsolicitudot? HTTP/1.1" 200 7172
200.111.191.210 - - [30/Jul/2018:17:13:01 -0300] "GET /cormun/static/trsolicitudot.js?201711142259839 HTTP/1.1" 304 -
200.111.191.210 - - [30/Jul/2018:17:13:01 -0300] "GET /cormun/servlet/trsolicitudot? HTTP/1.1" 200 7171
200.73.230.197 - - [30/Jul/2018:17:13:04 -0300] "GET /cormun/servlet/trpermisosadjuntos?10512872,20180606102348,P, HTTP/1.1" 200 6744
200.73.230.197 - - [30/Jul/2018:17:13:05 -0300] "GET /cormun/servlet/trpermisosadjuntos?10512872,20180606102348,P, HTTP/1.1" 200 6739
200.111.191.210 - - [30/Jul/2018:17:13:09 -0300] "POST /cormun/servlet/trsolicitudot?0341591af552237c6838679daa4f26db,,gx-no-cache=1532981630439 HTTP/1.1" 200 7696
200.111.191.210 - - [30/Jul/2018:17:13:13 -0300] "GET /cormun/static/menuarrow.gif HTTP/1.1" 404 1015
200.73.230.197 - - [30/Jul/2018:17:13:13 -0300] "GET /cormun/servlet/trpermisosgoce? HTTP/1.1" 200 8177
200.73.230.197 - - [30/Jul/2018:17:13:15 -0300] "GET /cormun/servlet/trpermisosgoce? HTTP/1.1" 200 8176
200.73.230.197 - - [30/Jul/2018:17:13:24 -0300] "POST /cormun/servlet/trpermisosgoce?98bb6f35c5e40ced2a073089a5e34967,,gx-no-cache=1532981531433 HTTP/1.1" 200 4262
200.111.191.210 - - [30/Jul/2018:17:13:24 -0300] "POST /cormun/servlet/trsolicitudot?0341591af552237c6838679daa4f26db,,gx-no-cache=1532981645422 HTTP/1.1" 200 5742
200.73.230.197 - - [30/Jul/2018:17:13:24 -0300] "GET /cormun/static/Shared/jqueryui/images/ui-bg_highlight-soft_100_c6c2c8_1x100.png HTTP/1.1" 404 1117
200.73.230.197 - - [30/Jul/2018:17:13:24 -0300] "GET /cormun/static/Shared/jqueryui/images/ui-icons_82798d_256x240.png HTTP/1.1" 404 1089
200.73.230.197 - - [30/Jul/2018:17:13:24 -0300] "GET /cormun/static/Shared/jqueryui/images/ui-bg_flat_55_fafafa_40x100.png HTTP/1.1" 404 1097
200.73.230.197 - - [30/Jul/2018:17:13:24 -0300] "GET /cormun/static/Shared/jqueryui/images/ui-icons_8d78a5_256x240.png HTTP/1.1" 404 1089
200.111.191.210 - - [30/Jul/2018:17:13:27 -0300] "GET /cormun/servlet/vesolicitudot?2018,11711,, HTTP/1.1" 200 8348
200.111.191.210 - - [30/Jul/2018:17:13:27 -0300] "GET /cormun/pexe_scrolldiv.js HTTP/1.1" 404 1009
200.111.191.210 - - [30/Jul/2018:17:13:27 -0300] "GET /cormun/static/tbsolicitudot01.js?2017111422581186 HTTP/1.1" 304 -
200.111.191.210 - - [30/Jul/2018:17:13:27 -0300] "GET /cormun/static/vesolicitudot.js?2017111422591449 HTTP/1.1" 304 -
200.111.191.210 - - [30/Jul/2018:17:13:27 -0300] "GET /cormun/servlet/vesolicitudot?2018,11711,, HTTP/1.1" 200 8348
200.73.230.197 - - [30/Jul/2018:17:13:32 -0300] "GET /cormun/servlet/trpermisosgoce? HTTP/1.1" 200 6868
200.73.230.197 - - [30/Jul/2018:17:13:34 -0300] "GET /cormun/servlet/trpermisosgoce? HTTP/1.1" 200 6868
200.73.230.197 - - [30/Jul/2018:17:13:40 -0300] "POST /cormun/servlet/trpermisosgoce?98bb6f35c5e40ced2a073089a5e34967,,gx-no-cache=1532981547144 HTTP/1.1" 200 4132
200.73.230.197 - - [30/Jul/2018:17:13:44 -0300] "GET /cormun/servlet/permisogoce?INS,0,,, HTTP/1.1" 200 6785
200.111.191.210 - - [30/Jul/2018:17:13:44 -0300] "GET /cormun/servlet/trsolicitudot? HTTP/1.1" 200 8656
200.111.191.210 - - [30/Jul/2018:17:13:45 -0300] "GET /cormun/servlet/trsolicitudot? HTTP/1.1" 200 8655
200.73.230.197 - - [30/Jul/2018:17:13:45 -0300] "GET /cormun/servlet/permisogoce?INS,0,,, HTTP/1.1" 200 6783
200.111.191.210 - - [30/Jul/2018:17:13:47 -0300] "GET /cormun/servlet/solicitudot?INS,0,0, HTTP/1.1" 200 13427
200.111.191.210 - - [30/Jul/2018:17:13:48 -0300] "GET /cormun/servlet/solicitudot?INS,0,0, HTTP/1.1" 200 13432
200.73.230.197 - - [30/Jul/2018:17:13:49 -0300] "POST /cormun/servlet/permisogoce?98bb6f35c5e40ced2a073089a5e34967,INS,0,,,,gx-no-cache=1532981557013 HTTP/1.1" 200 93
200.73.230.197 - - [30/Jul/2018:17:13:49 -0300] "GET /cormun/servlet/hpexe_return? HTTP/1.1" 200 1008
200.111.191.210 - - [30/Jul/2018:17:13:50 -0300] "POST /cormun/servlet/solicitudot?gx-no-cache=1532981671085 HTTP/1.1" 200 3421
200.73.230.197 - - [30/Jul/2018:17:13:50 -0300] "GET /cormun/servlet/trpermisosgoce? HTTP/1.1" 200 6871
200.111.191.210 - - [30/Jul/2018:17:13:50 -0300] "POST /cormun/servlet/solicitudot?0341591af552237c6838679daa4f26db,INS,0,0,,gx-no-cache=1532981671764 HTTP/1.1" 200 10360
200.73.230.197 - - [30/Jul/2018:17:13:51 -0300] "GET /cormun/servlet/trpermisosgoce? HTTP/1.1" 200 6868
200.73.230.197 - - [30/Jul/2018:17:13:55 -0300] "POST /cormun/servlet/trpermisosgoce?98bb6f35c5e40ced2a073089a5e34967,,gx-no-cache=1532981562529 HTTP/1.1" 200 4135
200.111.191.210 - - [30/Jul/2018:17:14:03 -0300] "GET /cormun/servlet/solicitudot?8d5d8c810fdbc48376d34e37dd5e0ac3223c91f7a9492285303c40f665011c182a7776f9ef8f7009e56505565d18466a,gx-no-cache=1532981684749 HTTP/1.1" 200 30
200.111.191.210 - - [30/Jul/2018:17:14:03 -0300] "GET /cormun/servlet/solicitudot?8d5d8c810fdbc48376d34e37dd5e0ac3cb91f13ad061c0b173a7414eca947e76dbdc0ea89b9ec44039570176ac38af19562862955e5311de3be500ebaf5c603a,gx-no-cache=1532981684800 HTTP/1.1" 200 30
200.73.230.197 - - [30/Jul/2018:17:14:04 -0300] "GET /cormun/static/menuarrow.gif HTTP/1.1" 404 1015
200.111.191.210 - - [30/Jul/2018:17:14:04 -0300] "GET /cormun/servlet/solicitudot?8d5d8c810fdbc48376d34e37dd5e0ac3df918f31598f6d20f8fba91e167164eb,gx-no-cache=1532981685181 HTTP/1.1" 200 53
200.111.191.210 - - [30/Jul/2018:17:14:04 -0300] "POST /cormun/servlet/solicitudot?gx-no-cache=1532981685245 HTTP/1.1" 200 240
200.111.191.210 - - [30/Jul/2018:17:14:04 -0300] "GET /cormun/servlet/solicitudot?8d5d8c810fdbc48376d34e37dd5e0ac300fe8cf057af886b0d61968584309de91f322d85753b53dff3bd94822e617d26699ef9d2b1ec6d813d420d5d9c856a2eee0cc7a8f6c65a96c7eb6b30d0418492f24041ab430cc3848cf10a2626b30cabf7dfb2980d3e519acf004900c48d82fac240a357ab92c40d639bef70c0624ac6ef2bfc703bdd74460c705b07710630205442c4dfdeb58a3622418530a2fdf66428a4fdaca330ab4c23f93c61e7b74a506e6557b02f5875a8956dc1597c16e583c52540f00670f68a8461085060216955378f359d8117b8cf678c1048d4d787d18a7f40dfcfc35024fbfd6652ef09fa7a745a3c1dbd7464e63f00e5ff04631914b80e5cac59aa7023f4481bd1713affb13fe35c9df1a06968b1ad50df358d65a21575698eefd5add5f4ac5ea52b51a930139e265ad1c9ffa18e94e8d45ee75752e15bbc39052ad0c7d75e18dc95251fbef473dc04d71b31bce324216a5475356d83aa856e32ad65c46b9ab8b45aa909b1f3465df96588ca706721c8f613d0ed5b,gx-no-cache=1532981685327 HTTP/1.1" 200 30
200.111.191.210 - - [30/Jul/2018:17:14:09 -0300] "POST /cormun/servlet/solicitudot?gx-no-cache=1532981690782 HTTP/1.1" 200 30
200.111.191.210 - - [30/Jul/2018:17:14:12 -0300] "GET /cormun/servlet/prfichaempleado?,MD,,gxPopupLevel%3D0%3B HTTP/1.1" 200 9311
200.111.191.210 - - [30/Jul/2018:17:14:19 -0300] "POST /cormun/servlet/prfichaempleado?0341591af552237c6838679daa4f26db,,MD,,gxPopupLevel%3D0%3B,gx-no-cache=1532981700723 HTTP/1.1" 200 4983
200.111.191.210 - - [30/Jul/2018:17:14:24 -0300] "POST /cormun/servlet/solicitudot?gx-no-cache=1532981705529 HTTP/1.1" 200 1377
200.111.191.210 - - [30/Jul/2018:17:14:25 -0300] "GET /cormun/servlet/prlicenciaspermisos?15523885,L,,MD,,gxPopupLevel%3D0%3B HTTP/1.1" 200 6243
200.111.191.210 - - [30/Jul/2018:17:14:25 -0300] "GET /cormun/static/gxcfg.js?20176272053834 HTTP/1.1" 200 953
200.111.191.210 - - [30/Jul/2018:17:14:26 -0300] "GET /cormun/static/prlicenciaspermisos.js?20176272054050 HTTP/1.1" 200 13379
200.73.230.197 - - [30/Jul/2018:17:14:31 -0300] "POST /cormun/servlet/trpermisosgoce?98bb6f35c5e40ced2a073089a5e34967,,gx-no-cache=1532981598902 HTTP/1.1" 200 4135
200.111.191.210 - - [30/Jul/2018:17:14:31 -0300] "POST /cormun/servlet/solicitudot?gx-no-cache=1532981712852 HTTP/1.1" 200 41
200.86.99.60 - - [30/Jul/2018:17:14:33 -0300] "GET /cormun/servlet/licenciaspermisos?INS,0,,, HTTP/1.1" 200 7717
200.86.99.60 - - [30/Jul/2018:17:14:36 -0300] "GET /cormun/servlet/licenciaspermisos?INS,0,,, HTTP/1.1" 200 7704
200.73.230.197 - - [30/Jul/2018:17:14:38 -0300] "POST /cormun/servlet/trpermisosgoce?98bb6f35c5e40ced2a073089a5e34967,,gx-no-cache=1532981605248 HTTP/1.1" 200 4134
200.111.191.210 - - [30/Jul/2018:17:14:38 -0300] "GET /cormun/servlet/solicitudot?8d5d8c810fdbc48376d34e37dd5e0ac3f08e5831a1e8245106a2edb2788b834b626e706ab66df25a28fda053fa55b1d266bfd50f19531dbbc96c6eed81a4f9f8b325394d9d128db326ecd25fe29c6f0c327f578e22c2e0adb74e050f820ab296eb1ae0c9546fad64bab2064d69d85a51c8a5f375dfe1e4a30765aa7e65773a8e75b2fa32206607cf2130986be189a48a83a0b12ae9adf956e0a55dc2b1138c9f,gx-no-cache=1532981719257 HTTP/1.1" 200 29
200.111.191.210 - - [30/Jul/2018:17:14:38 -0300] "POST /cormun/servlet/solicitudot?gx-no-cache=1532981719300 HTTP/1.1" 200 1358
200.111.191.210 - - [30/Jul/2018:17:14:38 -0300] "POST /cormun/servlet/solicitudot?gx-no-cache=1532981719349 HTTP/1.1" 200 1258
200.111.191.210 - - [30/Jul/2018:17:14:43 -0300] "GET /cormun/servlet/solicitudot?8d5d8c810fdbc48376d34e37dd5e0ac32530d551b8be3759f117d883f70b1456517c45453463fa4565f753fcdc91d712,gx-no-cache=1532981724281 HTTP/1.1" 200 30
200.111.191.210 - - [30/Jul/2018:17:14:43 -0300] "POST /cormun/servlet/solicitudot?gx-no-cache=1532981724324 HTTP/1.1" 200 34
200.73.230.197 - - [30/Jul/2018:17:14:43 -0300] "GET /cormun/servlet/permisogoce?INS,0,,, HTTP/1.1" 200 6786
200.86.99.60 - - [30/Jul/2018:17:14:44 -0300] "GET /cormun/servlet/prfichaempleado?,MD,,gxPopupLevel%3D0%3B HTTP/1.1" 200 9320
200.73.230.197 - - [30/Jul/2018:17:14:45 -0300] "GET /cormun/servlet/permisogoce?INS,0,,, HTTP/1.1" 200 6785
200.73.230.197 - - [30/Jul/2018:17:14:50 -0300] "POST /cormun/servlet/permisogoce?98bb6f35c5e40ced2a073089a5e34967,INS,0,,,,gx-no-cache=1532981617324 HTTP/1.1" 200 93
200.73.230.197 - - [30/Jul/2018:17:14:50 -0300] "GET /cormun/servlet/hpexe_return? HTTP/1.1" 200 1008
200.73.230.197 - - [30/Jul/2018:17:14:50 -0300] "GET /cormun/servlet/trpermisosgoce? HTTP/1.1" 200 6870
200.73.230.197 - - [30/Jul/2018:17:14:52 -0300] "GET /cormun/servlet/trpermisosgoce? HTTP/1.1" 200 6867
200.111.191.210 - - [30/Jul/2018:17:14:56 -0300] "POST /cormun/servlet/solicitudot?0341591af552237c6838679daa4f26db,INS,0,0,,gx-no-cache=1532981736678 HTTP/1.1" 200 93
200.111.191.210 - - [30/Jul/2018:17:14:56 -0300] "GET /cormun/servlet/hpexe_return? HTTP/1.1" 200 1008
200.111.191.210 - - [30/Jul/2018:17:14:56 -0300] "GET /cormun/servlet/trsolicitudot HTTP/1.1" 200 8962
200.111.191.210 - - [30/Jul/2018:17:14:56 -0300] "GET /cormun/servlet/trsolicitudot HTTP/1.1" 200 8958
200.86.99.60 - - [30/Jul/2018:17:14:59 -0300] "POST /cormun/servlet/prfichaempleado?7279eb742944d3312b5d30f87dfde627,,MD,,gxPopupLevel%3D0%3B,gx-no-cache=1532981626865 HTTP/1.1" 200 3435
200.111.191.210 - - [30/Jul/2018:17:15:00 -0300] "POST /cormun/servlet/trsolicitudot?0341591af552237c6838679daa4f26db,gx-no-cache=1532981741370 HTTP/1.1" 200 6096
200.111.191.210 - - [30/Jul/2018:17:15:00 -0300] "GET /cormun/static/Shared/jqueryui/images/ui-bg_highlight-soft_100_c6c2c8_1x100.png HTTP/1.1" 404 1117
200.111.191.210 - - [30/Jul/2018:17:15:00 -0300] "GET /cormun/static/Shared/jqueryui/images/ui-icons_8d78a5_256x240.png HTTP/1.1" 404 1089
200.111.191.210 - - [30/Jul/2018:17:15:00 -0300] "GET /cormun/static/Shared/jqueryui/images/ui-icons_82798d_256x240.png HTTP/1.1" 404 1089
200.111.191.210 - - [30/Jul/2018:17:15:00 -0300] "GET /cormun/static/Shared/jqueryui/images/ui-bg_flat_55_fafafa_40x100.png HTTP/1.1" 404 1097
200.111.191.210 - - [30/Jul/2018:17:15:00 -0300] "POST /cormun/servlet/trsolicitudot?0341591af552237c6838679daa4f26db,gx-no-cache=1532981741613 HTTP/1.1" 200 6038
200.73.230.197 - - [30/Jul/2018:17:15:01 -0300] "POST /cormun/servlet/trpermisosgoce?98bb6f35c5e40ced2a073089a5e34967,,gx-no-cache=1532981628906 HTTP/1.1" 200 4135
200.86.99.60 - - [30/Jul/2018:17:15:03 -0300] "GET /cormun/servlet/licenciaspermisos?b3e42a91b593797f259e5e1f0c111c792db1cb2991e5971db6a928d2e49effbc4e45bdd83e005221030f383e9d17e5bf,gx-no-cache=1532981631194 HTTP/1.1" 200 107
200.86.99.60 - - [30/Jul/2018:17:15:03 -0300] "POST /cormun/servlet/licenciaspermisos?7279eb742944d3312b5d30f87dfde627,INS,0,,,,gx-no-cache=1532981631281 HTTP/1.1" 200 4918
200.111.191.210 - - [30/Jul/2018:17:15:04 -0300] "GET /cormun/servlet/trsolicitudot? HTTP/1.1" 200 8958
200.111.191.210 - - [30/Jul/2018:17:15:04 -0300] "GET /cormun/servlet/trsolicitudot? HTTP/1.1" 200 8958
200.111.191.210 - - [30/Jul/2018:17:15:05 -0300] "GET /cormun/servlet/hlogin HTTP/1.1" 200 1741
200.73.230.197 - - [30/Jul/2018:17:15:05 -0300] "GET /cormun/servlet/trpermisosgoce? HTTP/1.1" 200 6867
200.73.230.197 - - [30/Jul/2018:17:15:07 -0300] "GET /cormun/servlet/trpermisosgoce? HTTP/1.1" 200 6867
200.111.191.210 - - [30/Jul/2018:17:15:09 -0300] "POST /cormun/servlet/hlogin?0341591af552237c6838679daa4f26db,gx-no-cache=1532981750696 HTTP/1.1" 200 90
200.111.191.210 - - [30/Jul/2018:17:15:10 -0300] "GET /cormun/servlet/hpexe_link HTTP/1.1" 200 952
200.111.191.210 - - [30/Jul/2018:17:15:10 -0300] "GET /cormun/servlet/hhome HTTP/1.1" 200 4197
200.111.191.210 - - [30/Jul/2018:17:15:10 -0300] "GET /cormun/servlet/hhome HTTP/1.1" 200 4193
200.111.191.210 - - [30/Jul/2018:17:15:13 -0300] "GET /cormun/servlet/trautorizarsolicitud? HTTP/1.1" 200 8748
200.111.191.210 - - [30/Jul/2018:17:15:13 -0300] "GET /cormun/static/trautorizarsolicitud.js?201711142340425 HTTP/1.1" 304 -
200.111.191.210 - - [30/Jul/2018:17:15:13 -0300] "GET /cormun/servlet/trautorizarsolicitud? HTTP/1.1" 200 8747
200.111.191.210 - - [30/Jul/2018:17:15:15 -0300] "POST /cormun/servlet/trautorizarsolicitud?0341591af552237c6838679daa4f26db,,gx-no-cache=1532981756243 HTTP/1.1" 200 4638
200.111.191.210 - - [30/Jul/2018:17:15:15 -0300] "GET /cormun/static/Shared/jqueryui/images/ui-bg_highlight-soft_100_c6c2c8_1x100.png HTTP/1.1" 404 1117
200.111.191.210 - - [30/Jul/2018:17:15:15 -0300] "GET /cormun/static/Shared/jqueryui/images/ui-bg_flat_55_fafafa_40x100.png HTTP/1.1" 404 1097
200.111.191.210 - - [30/Jul/2018:17:15:15 -0300] "GET /cormun/static/Shared/jqueryui/images/ui-icons_8d78a5_256x240.png HTTP/1.1" 404 1089
200.111.191.210 - - [30/Jul/2018:17:15:15 -0300] "GET /cormun/static/Shared/jqueryui/images/ui-icons_82798d_256x240.png HTTP/1.1" 404 1089
200.111.191.210 - - [30/Jul/2018:17:15:15 -0300] "POST /cormun/servlet/trautorizarsolicitud?0341591af552237c6838679daa4f26db,,gx-no-cache=1532981756397 HTTP/1.1" 200 4370
200.111.191.210 - - [30/Jul/2018:17:15:17 -0300] "GET /cormun/servlet/trsolicitudot? HTTP/1.1" 200 9194
200.111.191.210 - - [30/Jul/2018:17:15:18 -0300] "GET /cormun/servlet/trsolicitudot? HTTP/1.1" 200 9193
200.73.230.197 - - [30/Jul/2018:17:15:18 -0300] "GET /cormun/servlet/permisogoce?INS,0,,, HTTP/1.1" 200 6786
200.111.191.210 - - [30/Jul/2018:17:15:19 -0300] "GET /cormun/servlet/hlogin HTTP/1.1" 200 1741
200.73.230.197 - - [30/Jul/2018:17:15:19 -0300] "GET /cormun/servlet/permisogoce?INS,0,,, HTTP/1.1" 200 6785
200.73.230.197 - - [30/Jul/2018:17:15:24 -0300] "POST /cormun/servlet/permisogoce?98bb6f35c5e40ced2a073089a5e34967,INS,0,,,,gx-no-cache=1532981651885 HTTP/1.1" 200 93
200.73.230.197 - - [30/Jul/2018:17:15:25 -0300] "GET /cormun/servlet/hpexe_return? HTTP/1.1" 200 1008
200.73.230.197 - - [30/Jul/2018:17:15:25 -0300] "GET /cormun/servlet/trpermisosgoce HTTP/1.1" 200 6870
200.73.230.197 - - [30/Jul/2018:17:15:27 -0300] "GET /cormun/servlet/trpermisosgoce HTTP/1.1" 200 6867
200.86.99.60 - - [30/Jul/2018:17:15:48 -0300] "GET /cormun/static/menuarrow.gif HTTP/1.1" 404 1015
200.73.230.197 - - [30/Jul/2018:17:15:58 -0300] "POST /cormun/servlet/trpermisosgoce?98bb6f35c5e40ced2a073089a5e34967,gx-no-cache=1532981685355 HTTP/1.1" 200 4134
200.73.230.197 - - [30/Jul/2018:17:16:36 -0300] "POST /cormun/servlet/trpermisosgoce?98bb6f35c5e40ced2a073089a5e34967,gx-no-cache=1532981722748 HTTP/1.1" 200 4132
200.73.230.197 - - [30/Jul/2018:17:16:43 -0300] "GET /cormun/servlet/trpermisosgoce? HTTP/1.1" 200 8348
200.73.230.197 - - [30/Jul/2018:17:16:45 -0300] "GET /cormun/servlet/trpermisosgoce? HTTP/1.1" 200 8348
200.73.230.197 - - [30/Jul/2018:17:17:54 -0300] "GET /cormun/servlet/hlogin HTTP/1.1" 200 1716
200.73.230.197 - - [30/Jul/2018:17:18:10 -0300] "POST /cormun/servlet/hlogin?4548dbaa405ff1f8e94e40887ae41e49,gx-no-cache=1532981817481 HTTP/1.1" 200 90
200.73.230.197 - - [30/Jul/2018:17:18:10 -0300] "GET /cormun/servlet/hpexe_link HTTP/1.1" 200 945
200.73.230.197 - - [30/Jul/2018:17:18:11 -0300] "GET /cormun/servlet/hhome HTTP/1.1" 200 3951
200.73.230.197 - - [30/Jul/2018:17:18:13 -0300] "GET /cormun/servlet/hhome HTTP/1.1" 200 3948
200.73.230.197 - - [30/Jul/2018:17:18:19 -0300] "GET /cormun/servlet/trpermisosgoce? HTTP/1.1" 200 9765
200.73.230.197 - - [30/Jul/2018:17:18:20 -0300] "GET /cormun/servlet/trpermisosgoce? HTTP/1.1" 200 9752
186.103.159.189 - - [30/Jul/2018:17:18:27 -0300] "GET /cormun/servlet/trpermisosgoce? HTTP/1.1" 200 6106
186.103.159.189 - - [30/Jul/2018:17:18:29 -0300] "GET /cormun/servlet/trpermisosgoce? HTTP/1.1" 200 6106
186.103.159.189 - - [30/Jul/2018:17:18:29 -0300] "GET /cormun/servlet/hlogin HTTP/1.1" 200 1740
186.103.159.189 - - [30/Jul/2018:17:18:38 -0300] "POST /cormun/servlet/hlogin?1407ab4172c5860de1e6267fa0da6d3f,gx-no-cache=1532981844871 HTTP/1.1" 200 90
186.103.159.189 - - [30/Jul/2018:17:18:38 -0300] "GET /cormun/servlet/hpexe_link HTTP/1.1" 200 957
186.103.159.189 - - [30/Jul/2018:17:18:38 -0300] "GET /cormun/servlet/trpermisosgoce HTTP/1.1" 200 10044
186.103.159.189 - - [30/Jul/2018:17:18:39 -0300] "GET /cormun/servlet/trpermisosgoce HTTP/1.1" 200 10043
200.73.230.197 - - [30/Jul/2018:17:18:56 -0300] "POST /cormun/servlet/trpermisosgoce?4548dbaa405ff1f8e94e40887ae41e49,,gx-no-cache=1532981862342 HTTP/1.1" 200 7008
200.73.230.197 - - [30/Jul/2018:17:18:57 -0300] "GET /cormun/static/Shared/jqueryui/images/ui-bg_highlight-soft_100_c6c2c8_1x100.png HTTP/1.1" 404 1117
200.73.230.197 - - [30/Jul/2018:17:18:57 -0300] "GET /cormun/static/Shared/jqueryui/images/ui-bg_flat_55_fafafa_40x100.png HTTP/1.1" 404 1097
200.73.230.197 - - [30/Jul/2018:17:18:57 -0300] "GET /cormun/static/Shared/jqueryui/images/ui-icons_82798d_256x240.png HTTP/1.1" 404 1089
200.73.230.197 - - [30/Jul/2018:17:18:58 -0300] "GET /cormun/static/Shared/jqueryui/images/ui-icons_8d78a5_256x240.png HTTP/1.1" 404 1089
186.103.159.189 - - [30/Jul/2018:17:18:58 -0300] "POST /cormun/servlet/trpermisosgoce?1407ab4172c5860de1e6267fa0da6d3f,gx-no-cache=1532981864896 HTTP/1.1" 200 6956
186.103.159.189 - - [30/Jul/2018:17:18:58 -0300] "POST /cormun/servlet/trpermisosgoce?1407ab4172c5860de1e6267fa0da6d3f,gx-no-cache=1532981865386 HTTP/1.1" 200 6935
200.73.230.197 - - [30/Jul/2018:17:19:12 -0300] "GET /cormun/servlet/trpermisosadjuntos?10512872,20180703123030,P, HTTP/1.1" 200 6730
200.73.230.197 - - [30/Jul/2018:17:19:14 -0300] "GET /cormun/servlet/trpermisosadjuntos?10512872,20180703123030,P, HTTP/1.1" 200 6729
200.73.230.197 - - [30/Jul/2018:17:19:26 -0300] "GET /cormun/servlet/permisosadjuntos?INS,10512872,P,20180703123030,, HTTP/1.1" 200 5597
200.73.230.197 - - [30/Jul/2018:17:19:26 -0300] "GET /cormun/static/about:blank HTTP/1.1" 404 1011
200.73.230.197 - - [30/Jul/2018:17:19:27 -0300] "GET /cormun/servlet/permisosadjuntos?INS,10512872,P,20180703123030,, HTTP/1.1" 200 5588
200.73.230.197 - - [30/Jul/2018:17:19:46 -0300] "POST /cormun/servlet/permisosadjuntos?4548dbaa405ff1f8e94e40887ae41e49,INS,10512872,P,20180703123030,, HTTP/1.1" 200 116
200.73.230.197 - - [30/Jul/2018:17:19:46 -0300] "GET /cormun/servlet/hpexe_return? HTTP/1.1" 200 1032
200.73.230.197 - - [30/Jul/2018:17:19:47 -0300] "GET /cormun/servlet/trpermisosadjuntos?10512872,20180703123030,P, HTTP/1.1" 200 6828
200.73.230.197 - - [30/Jul/2018:17:19:49 -0300] "GET /cormun/servlet/trpermisosadjuntos?10512872,20180703123030,P, HTTP/1.1" 200 6824
200.73.230.197 - - [30/Jul/2018:17:19:55 -0300] "GET /cormun/servlet/trpermisosgoce? HTTP/1.1" 200 9754
200.73.230.197 - - [30/Jul/2018:17:19:56 -0300] "GET /cormun/servlet/trpermisosgoce? HTTP/1.1" 200 9754
200.73.230.197 - - [30/Jul/2018:17:20:04 -0300] "POST /cormun/servlet/trpermisosgoce?4548dbaa405ff1f8e94e40887ae41e49,,gx-no-cache=1532981931161 HTTP/1.1" 200 7020
200.73.230.197 - - [30/Jul/2018:17:20:04 -0300] "GET /cormun/static/Shared/jqueryui/images/ui-bg_highlight-soft_100_c6c2c8_1x100.png HTTP/1.1" 404 1117
200.73.230.197 - - [30/Jul/2018:17:20:04 -0300] "GET /cormun/static/Shared/jqueryui/images/ui-icons_82798d_256x240.png HTTP/1.1" 404 1089
200.73.230.197 - - [30/Jul/2018:17:20:04 -0300] "GET /cormun/static/Shared/jqueryui/images/ui-icons_8d78a5_256x240.png HTTP/1.1" 404 1089
200.73.230.197 - - [30/Jul/2018:17:20:04 -0300] "GET /cormun/static/Shared/jqueryui/images/ui-bg_flat_55_fafafa_40x100.png HTTP/1.1" 404 1097
200.73.230.197 - - [30/Jul/2018:17:20:13 -0300] "GET /cormun/servlet/trpermisosadjuntos?10512872,20180703123030,P, HTTP/1.1" 200 6822
200.73.230.197 - - [30/Jul/2018:17:20:15 -0300] "GET /cormun/servlet/trpermisosadjuntos?10512872,20180703123030,P, HTTP/1.1" 200 6825
200.73.230.197 - - [30/Jul/2018:17:20:24 -0300] "GET /cormun/servlet/permisosadjuntos?DLT,10512872,P,20180703123030,20180730160453, HTTP/1.1" 200 5623
200.73.230.197 - - [30/Jul/2018:17:20:26 -0300] "GET /cormun/static/Shared/jqueryui/images/ui-bg_highlight-soft_100_c6c2c8_1x100.png HTTP/1.1" 404 1117
200.73.230.197 - - [30/Jul/2018:17:20:26 -0300] "GET /cormun/static/Shared/jqueryui/images/ui-bg_flat_55_fafafa_40x100.png HTTP/1.1" 404 1097
200.73.230.197 - - [30/Jul/2018:17:20:26 -0300] "GET /cormun/static/Shared/jqueryui/images/ui-icons_8d78a5_256x240.png HTTP/1.1" 404 1089
200.73.230.197 - - [30/Jul/2018:17:20:26 -0300] "GET /cormun/servlet/permisosadjuntos?DLT,10512872,P,20180703123030,20180730160453, HTTP/1.1" 200 5613
200.73.230.197 - - [30/Jul/2018:17:20:26 -0300] "GET /cormun/static/Shared/jqueryui/images/ui-icons_82798d_256x240.png HTTP/1.1" 404 1089
200.73.230.197 - - [30/Jul/2018:17:20:26 -0300] "GET /cormun/PublicTempStorage/51_alex5899305.pdf HTTP/1.1" 200 275883
200.73.230.197 - - [30/Jul/2018:17:20:33 -0300] "POST /cormun/servlet/permisosadjuntos?4548dbaa405ff1f8e94e40887ae41e49,DLT,10512872,P,20180703123030,20180730160453,,gx-no-cache=1532981960278 HTTP/1.1" 200 93
200.73.230.197 - - [30/Jul/2018:17:20:33 -0300] "GET /cormun/servlet/hpexe_return? HTTP/1.1" 200 1041
200.73.230.197 - - [30/Jul/2018:17:20:33 -0300] "GET /cormun/servlet/trpermisosadjuntos?10512872,20180703123030,P, HTTP/1.1" 200 6732
200.73.230.197 - - [30/Jul/2018:17:20:35 -0300] "GET /cormun/servlet/trpermisosadjuntos?10512872,20180703123030,P, HTTP/1.1" 200 6728
200.73.230.197 - - [30/Jul/2018:17:20:38 -0300] "GET /cormun/servlet/permisosadjuntos?DLT,10512872,P,20180703123030,20180730161550, HTTP/1.1" 200 5621
200.73.230.197 - - [30/Jul/2018:17:20:39 -0300] "GET /cormun/static/Shared/jqueryui/images/ui-bg_highlight-soft_100_c6c2c8_1x100.png HTTP/1.1" 404 1117
200.73.230.197 - - [30/Jul/2018:17:20:39 -0300] "GET /cormun/static/Shared/jqueryui/images/ui-icons_82798d_256x240.png HTTP/1.1" 404 1089
200.73.230.197 - - [30/Jul/2018:17:20:39 -0300] "GET /cormun/static/Shared/jqueryui/images/ui-bg_flat_55_fafafa_40x100.png HTTP/1.1" 404 1097
200.73.230.197 - - [30/Jul/2018:17:20:39 -0300] "GET /cormun/static/Shared/jqueryui/images/ui-icons_8d78a5_256x240.png HTTP/1.1" 404 1089
200.73.230.197 - - [30/Jul/2018:17:20:40 -0300] "GET /cormun/PublicTempStorage/51_alex6945270.pdf HTTP/1.1" 200 275883
200.73.230.197 - - [30/Jul/2018:17:20:40 -0300] "GET /cormun/servlet/permisosadjuntos?DLT,10512872,P,20180703123030,20180730161550, HTTP/1.1" 200 5611
200.73.230.197 - - [30/Jul/2018:17:20:42 -0300] "POST /cormun/servlet/permisosadjuntos?4548dbaa405ff1f8e94e40887ae41e49,DLT,10512872,P,20180703123030,20180730161550,,gx-no-cache=1532981969319 HTTP/1.1" 200 93
200.73.230.197 - - [30/Jul/2018:17:20:42 -0300] "GET /cormun/servlet/hpexe_return? HTTP/1.1" 200 1040
200.73.230.197 - - [30/Jul/2018:17:20:43 -0300] "GET /cormun/servlet/trpermisosadjuntos?10512872,20180703123030,P, HTTP/1.1" 200 6270
200.73.230.197 - - [30/Jul/2018:17:20:44 -0300] "GET /cormun/servlet/trpermisosadjuntos?10512872,20180703123030,P, HTTP/1.1" 200 6267
200.73.230.197 - - [30/Jul/2018:17:20:48 -0300] "GET /cormun/servlet/trpermisosgoce? HTTP/1.1" 200 9753
200.73.230.197 - - [30/Jul/2018:17:20:50 -0300] "GET /cormun/servlet/trpermisosgoce? HTTP/1.1" 200 9752
200.73.230.197 - - [30/Jul/2018:17:20:56 -0300] "GET /cormun/servlet/trpermisosadjuntos?10512872,20180703123030,P, HTTP/1.1" 200 6267
200.73.230.197 - - [30/Jul/2018:17:20:57 -0300] "GET /cormun/servlet/trpermisosadjuntos?10512872,20180703123030,P, HTTP/1.1" 200 6267
200.73.230.197 - - [30/Jul/2018:17:21:00 -0300] "GET /cormun/servlet/permisosadjuntos?INS,10512872,P,20180703123030,, HTTP/1.1" 200 5598
200.73.230.197 - - [30/Jul/2018:17:21:01 -0300] "GET /cormun/static/about:blank HTTP/1.1" 404 1011
200.73.230.197 - - [30/Jul/2018:17:21:02 -0300] "GET /cormun/servlet/permisosadjuntos?INS,10512872,P,20180703123030,, HTTP/1.1" 200 5587
200.73.230.197 - - [30/Jul/2018:17:21:22 -0300] "POST /cormun/servlet/permisosadjuntos?4548dbaa405ff1f8e94e40887ae41e49,INS,10512872,P,20180703123030,, HTTP/1.1" 200 116
200.73.230.197 - - [30/Jul/2018:17:21:22 -0300] "GET /cormun/servlet/hpexe_return? HTTP/1.1" 200 1032
200.73.230.197 - - [30/Jul/2018:17:21:23 -0300] "GET /cormun/servlet/trpermisosadjuntos?10512872,20180703123030,P, HTTP/1.1" 200 6733
200.73.230.197 - - [30/Jul/2018:17:21:24 -0300] "GET /cormun/servlet/trpermisosadjuntos?10512872,20180703123030,P, HTTP/1.1" 200 6728
200.73.230.197 - - [30/Jul/2018:17:21:33 -0300] "GET /cormun/servlet/trpermisosgoce? HTTP/1.1" 200 9754
200.73.230.197 - - [30/Jul/2018:17:21:34 -0300] "GET /cormun/servlet/trpermisosgoce? HTTP/1.1" 200 9754
200.73.230.197 - - [30/Jul/2018:17:21:40 -0300] "POST /cormun/servlet/trpermisosgoce?4548dbaa405ff1f8e94e40887ae41e49,,gx-no-cache=1532982027030 HTTP/1.1" 200 7015
200.73.230.197 - - [30/Jul/2018:17:21:40 -0300] "GET /cormun/static/Shared/jqueryui/images/ui-bg_highlight-soft_100_c6c2c8_1x100.png HTTP/1.1" 404 1117
200.73.230.197 - - [30/Jul/2018:17:21:40 -0300] "GET /cormun/static/Shared/jqueryui/images/ui-icons_82798d_256x240.png HTTP/1.1" 404 1089
200.73.230.197 - - [30/Jul/2018:17:21:40 -0300] "GET /cormun/static/Shared/jqueryui/images/ui-bg_flat_55_fafafa_40x100.png HTTP/1.1" 404 1097
200.73.230.197 - - [30/Jul/2018:17:21:40 -0300] "GET /cormun/static/Shared/jqueryui/images/ui-icons_8d78a5_256x240.png HTTP/1.1" 404 1089
200.73.230.197 - - [30/Jul/2018:17:22:25 -0300] "POST /cormun/servlet/trpermisosgoce?4548dbaa405ff1f8e94e40887ae41e49,,gx-no-cache=1532982072050 HTTP/1.1" 200 7020
115.127.67.66 - - [30/Jul/2018:17:22:39 -0300] "GET / HTTP/1.1" 200 11217
200.73.230.197 - - [30/Jul/2018:17:23:22 -0300] "GET /cormun/servlet/hlogin HTTP/1.1" 200 1722
200.73.230.197 - - [30/Jul/2018:17:23:35 -0300] "POST /cormun/servlet/hlogin?56fd3276a11142a110a8862205a79351,gx-no-cache=1532982142374 HTTP/1.1" 200 90
200.73.230.197 - - [30/Jul/2018:17:23:35 -0300] "GET /cormun/servlet/hpexe_link HTTP/1.1" 200 951
200.73.230.197 - - [30/Jul/2018:17:23:36 -0300] "GET /cormun/servlet/hhome HTTP/1.1" 200 4121
200.73.230.197 - - [30/Jul/2018:17:23:38 -0300] "GET /cormun/servlet/hhome HTTP/1.1" 200 4118
200.73.230.197 - - [30/Jul/2018:17:23:38 -0300] "GET /cormun/static/SmoothNavMenu/resources/images/right.gif HTTP/1.1" 200 860
200.73.230.197 - - [30/Jul/2018:17:23:42 -0300] "GET /cormun/servlet/trautorizarpermisogoce? HTTP/1.1" 200 8305
200.73.230.197 - - [30/Jul/2018:17:23:42 -0300] "GET /cormun/static/gxcfg.js?20177612165975 HTTP/1.1" 200 953
200.73.230.197 - - [30/Jul/2018:17:23:42 -0300] "GET /cormun/static/trautorizarpermisogoce.js?2017761217384 HTTP/1.1" 200 34948
200.73.230.197 - - [30/Jul/2018:17:23:44 -0300] "GET /cormun/servlet/trautorizarpermisogoce? HTTP/1.1" 200 8303
200.73.230.197 - - [30/Jul/2018:17:23:50 -0300] "POST /cormun/servlet/trautorizarpermisogoce?56fd3276a11142a110a8862205a79351,,gx-no-cache=1532982156914 HTTP/1.1" 200 5380
200.73.230.197 - - [30/Jul/2018:17:23:50 -0300] "GET /cormun/static/Shared/jqueryui/images/ui-bg_highlight-soft_100_c6c2c8_1x100.png HTTP/1.1" 404 1117
200.73.230.197 - - [30/Jul/2018:17:23:50 -0300] "GET /cormun/static/Shared/jqueryui/images/ui-icons_82798d_256x240.png HTTP/1.1" 404 1089
200.73.230.197 - - [30/Jul/2018:17:23:50 -0300] "GET /cormun/static/Shared/jqueryui/images/ui-bg_flat_55_fafafa_40x100.png HTTP/1.1" 404 1097
200.73.230.197 - - [30/Jul/2018:17:23:50 -0300] "GET /cormun/static/Shared/jqueryui/images/ui-icons_8d78a5_256x240.png HTTP/1.1" 404 1089
200.73.230.197 - - [30/Jul/2018:17:23:53 -0300] "POST /cormun/servlet/trautorizarpermisogoce?56fd3276a11142a110a8862205a79351,,gx-no-cache=1532982159984 HTTP/1.1" 200 5115
200.73.230.197 - - [30/Jul/2018:17:24:21 -0300] "POST /cormun/servlet/trautorizarpermisogoce?56fd3276a11142a110a8862205a79351,,gx-no-cache=1532982188111 HTTP/1.1" 200 4357
200.73.230.197 - - [30/Jul/2018:17:26:07 -0300] "GET /cormun/servlet/hlogin HTTP/1.1" 200 1720
200.73.230.197 - - [30/Jul/2018:17:26:16 -0300] "POST /cormun/servlet/hlogin?7175a11fc5ea7aa167a432ba7296f434,gx-no-cache=1532982303391 HTTP/1.1" 200 90
200.73.230.197 - - [30/Jul/2018:17:26:16 -0300] "GET /cormun/servlet/hpexe_link HTTP/1.1" 200 950
200.73.230.197 - - [30/Jul/2018:17:26:16 -0300] "GET /cormun/servlet/hhome HTTP/1.1" 200 3957
200.73.230.197 - - [30/Jul/2018:17:26:19 -0300] "GET /cormun/servlet/hhome HTTP/1.1" 200 3953
200.73.230.197 - - [30/Jul/2018:17:26:23 -0300] "GET /cormun/servlet/trpermisosgoce? HTTP/1.1" 200 9757
200.73.230.197 - - [30/Jul/2018:17:26:26 -0300] "GET /cormun/servlet/trpermisosgoce? HTTP/1.1" 200 9755
200.73.230.197 - - [30/Jul/2018:17:27:15 -0300] "POST /cormun/servlet/trpermisosgoce?7175a11fc5ea7aa167a432ba7296f434,,gx-no-cache=1532982362771 HTTP/1.1" 200 5836
78.108.177.50 - - [30/Jul/2018:17:27:30 -0300] "GET / HTTP/1.0" 200 11197
200.73.230.197 - - [30/Jul/2018:17:27:52 -0300] "GET /cormun/static/menuarrow.gif HTTP/1.1" 404 1015
200.86.99.60 - - [30/Jul/2018:17:28:22 -0300] "GET /cormun/servlet/licenciaspermisos?b3e42a91b593797f259e5e1f0c111c798167f81d9fea12b171a1d15398790681b95fc7a728c209f8170100621682436340b8807993ca4438dacb745f3288fe68c355ba20637761686c979096536eebcf87240ebf13051eb958d79daeb1b74b99b75f419d6d4745ab0b3771a114f825b1ab5033786c3f6b5509b1f6e46fce4307b2fcb7a281fc119a9c227c89554f90b473ee577243e3d63ee938433b5fcb68ff557748420145c85c39857d4dc59c3c2f2fc4b5c469727110a7853a63bfa4a6c4767edc9f44c1e9e47942441841132d54024d32a259b95f2311cdb2a92c5ec11c,gx-no-cache=1532982430103 HTTP/1.1" 200 30
200.86.99.60 - - [30/Jul/2018:17:28:22 -0300] "POST /cormun/servlet/licenciaspermisos?7279eb742944d3312b5d30f87dfde627,INS,0,,,,gx-no-cache=1532982430335 HTTP/1.1" 200 4983
200.86.99.60 - - [30/Jul/2018:17:28:25 -0300] "GET /cormun/servlet/licenciaspermisos?b3e42a91b593797f259e5e1f0c111c792db1cb2991e5971db6a928d2e49effbca6e58f8259af84dd17ddc71aae022ba41c66cd4efd74590fb1960c4f29351f882252f2754d182a783be060180e11b4c680dd692ef736670ad536625a80229acd6a5f6990a58aa8295dba1fbfeb3d8c217837c697e4936449465159772e52b7215ccefa5032d69461f21f73de6537b640,gx-no-cache=1532982433102 HTTP/1.1" 200 100
200.86.99.60 - - [30/Jul/2018:17:28:25 -0300] "POST /cormun/servlet/licenciaspermisos?7279eb742944d3312b5d30f87dfde627,INS,0,,,,gx-no-cache=1532982433235 HTTP/1.1" 200 4983
200.73.230.197 - - [30/Jul/2018:17:28:28 -0300] "POST /cormun/servlet/trpermisosgoce?7175a11fc5ea7aa167a432ba7296f434,,gx-no-cache=1532982434592 HTTP/1.1" 200 5834
200.86.99.60 - - [30/Jul/2018:17:28:33 -0300] "GET /cormun/servlet/licenciaspermisos?b3e42a91b593797f259e5e1f0c111c792953b8eda87fab2af0447705906f50edb0e1537c777ad9a5c0f2e18a178fbd1f343a244661beec4da7ec34e8c1094d10abaeb25ed8413811bbc9161ad7e6dc6eb8ffb53d5e8350bcec354e225b7a0d2ca15ac4098566ab315b7edfba315966c5c35fa267017e99dd9ee3a553e59ff68741801b9395dd36cf65fc7ee8ff4d9e0fb51a5cadab7d3a9cd7b08d28466a2b3f43512bdb186e13c7e5fa253113e14c34c86bb3693a3a73a74169541f585dd5b7a7b0f995545919d8789d2f18fa77503edd9b612d917a2ce033e12a3a2be88a9c1366d9e6becba9e4db15c11b875ffba7,gx-no-cache=1532982441569 HTTP/1.1" 200 65
200.73.230.197 - - [30/Jul/2018:17:28:56 -0300] "POST /cormun/servlet/trpermisosgoce?7175a11fc5ea7aa167a432ba7296f434,,gx-no-cache=1532982463111 HTTP/1.1" 200 5507
200.86.99.60 - - [30/Jul/2018:17:29:30 -0300] "POST /cormun/servlet/licenciaspermisos?7279eb742944d3312b5d30f87dfde627,INS,0,,,,gx-no-cache=1532982498163 HTTP/1.1" 200 93
200.86.99.60 - - [30/Jul/2018:17:29:30 -0300] "GET /cormun/servlet/hpexe_return? HTTP/1.1" 200 1035
200.86.99.60 - - [30/Jul/2018:17:29:31 -0300] "GET /cormun/servlet/trlicencias?gx-no-cache=1532979202565 HTTP/1.1" 200 9964
200.86.99.60 - - [30/Jul/2018:17:29:32 -0300] "GET /cormun/servlet/trlicencias?gx-no-cache=1532979202565 HTTP/1.1" 200 9979
200.86.99.60 - - [30/Jul/2018:17:29:41 -0300] "GET /cormun/servlet/trlicenciaspermisosadjuntos?14221368,20180730000000,L, HTTP/1.1" 200 6540
200.86.99.60 - - [30/Jul/2018:17:29:43 -0300] "GET /cormun/servlet/trlicenciaspermisosadjuntos?14221368,20180730000000,L, HTTP/1.1" 200 6521
200.86.99.60 - - [30/Jul/2018:17:29:46 -0300] "GET /cormun/servlet/licenciaspermisosadjuntos?INS,14221368,L,20180730000000,, HTTP/1.1" 200 5822
