200.112.233.47 - - [27/Jul/2018:09:22:49 -0300] "GET /cormun/servlet/licenciaspermisos?7fc702f0081a504aab50c186e4ec85254541638d3e0cbea4ec47a659182437e2f3f2673522e20d50b861701e8cb7443481a33027a207709b9f1008a34187374772c346913c4d54f515d1b9ef9446d32707cbf3d08aaaaf9e1880cc97d249495a1f0dc6a585b91d86986164a6f70802ddc787a1a271f23f98d5254ffd3160f28ca6eca2dcc2edc198f1354609f1fbc48cff612d88b8d0c128f5c74321165c990522edb9ef431d7b237ab54db8bb6763cb24eea32ff9efb9c4830e05f62a8a0639c787589c84f19aac5052edc257ad0a4d29ef17840edeebb281e08974cf717e7b,gx-no-cache=1532694097953 HTTP/1.1" 200 30
200.112.233.47 - - [27/Jul/2018:09:22:50 -0300] "GET /cormun/servlet/licenciaspermisos?7fc702f0081a504aab50c186e4ec8525afe53e823f3ac092791c357085f6d69be675ba296e14d0e610c87a89f3709e2b43c47ad19a70440eaa83c13dafb11dc6b93be3ba452e878e17726fba33db0a850fd40ad77be058016bb8fb89370f8b16d71adffe93c554f8e9f1b84dbc5049dd994fb88140eef9666b16ff9a6a931f0362952bfa109edd8e5434021be0b5f600f525bae87d20fdb6eae7c4decbd117fd57de38ce585927287566c3134d8dbc2e604f231fc0cd8b582dbdfaa57f3930f7854615be7bd54f5e5538395435dfb398e8332709e35d0c806aaff0ec2853be3c,gx-no-cache=1532694098332 HTTP/1.1" 200 29
200.112.233.47 - - [27/Jul/2018:09:22:50 -0300] "POST /cormun/servlet/licenciaspermisos?b4b59f6c403749f6eb46d0f410d37df6,INS,0,,,,gx-no-cache=1532694098632 HTTP/1.1" 200 93
200.112.233.47 - - [27/Jul/2018:09:22:50 -0300] "GET /cormun/servlet/hpexe_return? HTTP/1.1" 200 1012
200.112.233.47 - - [27/Jul/2018:09:22:51 -0300] "GET /cormun/servlet/trlicencias HTTP/1.1" 200 12363
200.112.233.47 - - [27/Jul/2018:09:22:51 -0300] "GET /cormun/servlet/trlicencias HTTP/1.1" 200 12358
200.112.233.47 - - [27/Jul/2018:09:22:54 -0300] "GET /cormun/servlet/trlicenciaspermisosadjuntos?11842464,20180727000000,L, HTTP/1.1" 200 6584
200.112.233.47 - - [27/Jul/2018:09:22:55 -0300] "GET /cormun/servlet/trlicenciaspermisosadjuntos?11842464,20180727000000,L, HTTP/1.1" 200 6585
192.168.10.89 - - [27/Jul/2018:09:22:58 -0300] "GET /cormun/servlet/hlogin HTTP/1.1" 200 1711
200.112.233.47 - - [27/Jul/2018:09:22:58 -0300] "GET /cormun/servlet/licenciaspermisosadjuntos?INS,11842464,L,20180727000000,, HTTP/1.1" 200 5883
200.112.233.47 - - [27/Jul/2018:09:22:58 -0300] "GET /cormun/static/about:blank HTTP/1.1" 404 1011
200.112.233.47 - - [27/Jul/2018:09:22:58 -0300] "GET /cormun/servlet/licenciaspermisosadjuntos?INS,11842464,L,20180727000000,, HTTP/1.1" 200 5872
192.168.10.89 - - [27/Jul/2018:09:23:06 -0300] "POST /cormun/servlet/hlogin?13d7877e3a35da066d4fdc65eec26ac0,gx-no-cache=1532693972032 HTTP/1.1" 200 90
192.168.10.89 - - [27/Jul/2018:09:23:06 -0300] "GET /cormun/servlet/hpexe_link HTTP/1.1" 200 942
192.168.10.89 - - [27/Jul/2018:09:23:06 -0300] "GET /cormun/servlet/hhome HTTP/1.1" 200 4917
192.168.10.89 - - [27/Jul/2018:09:23:13 -0300] "GET /cormun/servlet/trsecurityuser01? HTTP/1.1" 200 12362
192.168.10.89 - - [27/Jul/2018:09:23:19 -0300] "POST /cormun/servlet/trsecurityuser01?13d7877e3a35da066d4fdc65eec26ac0,,gx-no-cache=1532693985089 HTTP/1.1" 200 4431
192.168.10.89 - - [27/Jul/2018:09:23:23 -0300] "POST /cormun/servlet/trsecurityuser01?13d7877e3a35da066d4fdc65eec26ac0,,gx-no-cache=1532693989081 HTTP/1.1" 200 5524
200.54.247.70 - - [27/Jul/2018:09:23:24 -0300] "GET /cormun/servlet/hlogin HTTP/1.1" 200 1720
200.112.233.47 - - [27/Jul/2018:09:23:26 -0300] "POST /cormun/servlet/licenciaspermisosadjuntos?b4b59f6c403749f6eb46d0f410d37df6,INS,11842464,L,20180727000000,, HTTP/1.1" 200 116
200.112.233.47 - - [27/Jul/2018:09:23:27 -0300] "GET /cormun/servlet/hpexe_return? HTTP/1.1" 200 1043
200.112.233.47 - - [27/Jul/2018:09:23:27 -0300] "GET /cormun/servlet/trlicenciaspermisosadjuntos?11842464,20180727000000,L, HTTP/1.1" 200 7110
200.112.233.47 - - [27/Jul/2018:09:23:29 -0300] "GET /cormun/servlet/trlicenciaspermisosadjuntos?11842464,20180727000000,L, HTTP/1.1" 200 7110
192.168.10.89 - - [27/Jul/2018:09:23:30 -0300] "GET /cormun/servlet/securityusers?UPD,3848, HTTP/1.1" 200 7978
200.54.247.70 - - [27/Jul/2018:09:23:30 -0300] "POST /cormun/servlet/hlogin?81e806f5fc7808fe7076ef5ec175d094,gx-no-cache=1532694140717 HTTP/1.1" 200 90
200.54.247.70 - - [27/Jul/2018:09:23:30 -0300] "GET /cormun/servlet/hpexe_link HTTP/1.1" 200 958
200.54.247.70 - - [27/Jul/2018:09:23:31 -0300] "GET /cormun/servlet/prfichaempleado?,MD, HTTP/1.1" 200 9392
200.112.233.47 - - [27/Jul/2018:09:23:32 -0300] "POST /cormun/servlet/trlicenciaspermisosadjuntos?b4b59f6c403749f6eb46d0f410d37df6,11842464,20180727000000,L,,gx-no-cache=1532694140752 HTTP/1.1" 200 90
200.112.233.47 - - [27/Jul/2018:09:23:35 -0300] "GET /cormun/servlet/hpexe_link HTTP/1.1" 200 984
192.168.10.89 - - [27/Jul/2018:09:23:37 -0300] "POST /cormun/servlet/securityusers?13d7877e3a35da066d4fdc65eec26ac0,UPD,3848,,gx-no-cache=1532694003362 HTTP/1.1" 200 90
192.168.10.89 - - [27/Jul/2018:09:23:37 -0300] "GET /cormun/servlet/hpexe_link HTTP/1.1" 200 960
192.168.10.89 - - [27/Jul/2018:09:23:37 -0300] "GET /cormun/servlet/trsecurityuser01? HTTP/1.1" 200 8182
192.168.10.89 - - [27/Jul/2018:09:23:39 -0300] "GET /cormun/servlet/securityusers?UPD,3852, HTTP/1.1" 200 7987
200.112.233.47 - - [27/Jul/2018:09:23:41 -0300] "GET /cormun/servlet/trlicencias HTTP/1.1" 200 12360
200.112.233.47 - - [27/Jul/2018:09:23:43 -0300] "GET /cormun/servlet/trlicencias HTTP/1.1" 200 12358
192.168.10.89 - - [27/Jul/2018:09:23:47 -0300] "GET /cormun/servlet/trsecurityuser01? HTTP/1.1" 200 8182
192.168.10.89 - - [27/Jul/2018:09:23:50 -0300] "GET /cormun/servlet/securityusers?UPD,3848, HTTP/1.1" 200 7978
200.54.247.70 - - [27/Jul/2018:09:23:55 -0300] "GET /cormun/servlet/trcontratounov2? HTTP/1.1" 200 17541
200.54.247.70 - - [27/Jul/2018:09:23:56 -0300] "GET /cormun/servlet/trcontratounov2? HTTP/1.1" 200 17517
192.168.10.89 - - [27/Jul/2018:09:23:56 -0300] "POST /cormun/servlet/securityusers?13d7877e3a35da066d4fdc65eec26ac0,UPD,3848,,gx-no-cache=1532694022827 HTTP/1.1" 200 93
192.168.10.89 - - [27/Jul/2018:09:23:56 -0300] "GET /cormun/servlet/hpexe_return? HTTP/1.1" 200 1002
192.168.10.89 - - [27/Jul/2018:09:23:57 -0300] "GET /cormun/servlet/trsecurityuser01 HTTP/1.1" 200 8184
200.54.247.70 - - [27/Jul/2018:09:24:02 -0300] "POST /cormun/servlet/trcontratounov2?81e806f5fc7808fe7076ef5ec175d094,,gx-no-cache=1532694171720 HTTP/1.1" 200 7248
78.108.177.53 - - [27/Jul/2018:09:24:06 -0300] "GET / HTTP/1.0" 200 11197
200.54.247.70 - - [27/Jul/2018:09:24:16 -0300] "GET /cormun/servlet/trsolicitudot? HTTP/1.1" 200 7441
200.54.247.70 - - [27/Jul/2018:09:24:17 -0300] "GET /cormun/servlet/trsolicitudot? HTTP/1.1" 200 7440
200.54.247.70 - - [27/Jul/2018:09:24:19 -0300] "GET /cormun/servlet/solicitudot?INS,0,0, HTTP/1.1" 200 13701
200.54.247.70 - - [27/Jul/2018:09:24:19 -0300] "GET /cormun/servlet/solicitudot?INS,0,0, HTTP/1.1" 200 13706
200.54.247.70 - - [27/Jul/2018:09:24:28 -0300] "POST /cormun/servlet/solicitudot?gx-no-cache=1532694198419 HTTP/1.1" 200 3316
200.54.247.70 - - [27/Jul/2018:09:24:29 -0300] "POST /cormun/servlet/solicitudot?81e806f5fc7808fe7076ef5ec175d094,INS,0,0,,gx-no-cache=1532694198727 HTTP/1.1" 200 10478
200.54.247.70 - - [27/Jul/2018:09:24:30 -0300] "GET /cormun/servlet/solicitudot?86a084f8b25a8fe75dd9b4c0574d89c48cb4ca0debfc5decf7bf865726360beb7c0ded0011f0c73635ca7afa76b40578,gx-no-cache=1532694200195 HTTP/1.1" 200 30
200.112.233.47 - - [27/Jul/2018:09:24:43 -0300] "GET /cormun/servlet/licenciaspermisos?UPD,11842464,L,20180727000000, HTTP/1.1" 200 7954
200.112.233.47 - - [27/Jul/2018:09:24:44 -0300] "GET /cormun/servlet/licenciaspermisos?UPD,11842464,L,20180727000000, HTTP/1.1" 200 7974
200.112.233.47 - - [27/Jul/2018:09:24:44 -0300] "GET /cormun/servlet/licenciaspermisos?7fc702f0081a504aab50c186e4ec8525e5ba0d2b4078462699acf46bf546ffa25582479dfaf2abbbb85c532c0023d3ba9bdd02ffa925f8a75f938338ba07772b9bf2f4a21a84517555c22d369160cbf70202265fbd13574e38d8154ba8498abf,gx-no-cache=1532694213120 HTTP/1.1" 200 94
200.112.233.47 - - [27/Jul/2018:09:24:49 -0300] "GET /cormun/servlet/licenciaspermisos?7fc702f0081a504aab50c186e4ec8525a93d6714bae0b08e85fa3dba04b7986ef6809be62f4c88388edcafa2f4fde30d81a33027a207709b9f1008a34187374772c346913c4d54f515d1b9ef9446d32707cbf3d08aaaaf9e1880cc97d249495a1f0dc6a585b91d86986164a6f70802ddc787a1a271f23f98d5254ffd3160f28ca6eca2dcc2edc198f1354609f1fbc48cff612d88b8d0c128f5c74321165c990522edb9ef431d7b237ab54db8bb6763cb24eea32ff9efb9c4830e05f62a8a0639c787589c84f19aac5052edc257ad0a4d29ef17840edeebb281e08974cf717e7b,gx-no-cache=1532694217626 HTTP/1.1" 200 30
200.112.233.47 - - [27/Jul/2018:09:24:49 -0300] "POST /cormun/servlet/licenciaspermisos?b4b59f6c403749f6eb46d0f410d37df6,UPD,11842464,L,20180727000000,,gx-no-cache=1532694217716 HTTP/1.1" 200 4955
200.112.233.47 - - [27/Jul/2018:09:25:10 -0300] "GET /cormun/servlet/licenciaspermisos?7fc702f0081a504aab50c186e4ec8525afe53e823f3ac092791c357085f6d69bf2f2e432f205a4aa81a311e62d03798243c47ad19a70440eaa83c13dafb11dc6b93be3ba452e878e17726fba33db0a850fd40ad77be058016bb8fb89370f8b16d71adffe93c554f8e9f1b84dbc5049dd994fb88140eef9666b16ff9a6a931f0362952bfa109edd8e5434021be0b5f600f525bae87d20fdb6eae7c4decbd117fd57de38ce585927287566c3134d8dbc2e604f231fc0cd8b582dbdfaa57f3930f7854615be7bd54f5e5538395435dfb398916a4a90c865dfcc8bc74aa04cf17db08d5e8ad5bd950b1ffe6f46d68dc326b5,gx-no-cache=1532694238163 HTTP/1.1" 200 29
192.168.10.89 - - [27/Jul/2018:09:25:10 -0300] "POST /cormun/servlet/trsecurityuser01?13d7877e3a35da066d4fdc65eec26ac0,gx-no-cache=1532694096273 HTTP/1.1" 200 10002
200.112.233.47 - - [27/Jul/2018:09:25:13 -0300] "GET /cormun/servlet/prfichaempleado?,MD,,gxPopupLevel%3D0%3B HTTP/1.1" 200 9421
200.112.233.47 - - [27/Jul/2018:09:25:13 -0300] "GET /cormun/static/gxcfg.js?20177612134814 HTTP/1.1" 304 -
192.168.10.89 - - [27/Jul/2018:09:25:14 -0300] "POST /cormun/servlet/trsecurityuser01?13d7877e3a35da066d4fdc65eec26ac0,gx-no-cache=1532694099711 HTTP/1.1" 200 10002
200.54.247.70 - - [27/Jul/2018:09:25:18 -0300] "GET /cormun/servlet/solicitudot?86a084f8b25a8fe75dd9b4c0574d89c4372763fb5607a54c45639a7545e48833,gx-no-cache=1532694247846 HTTP/1.1" 200 94
200.54.247.70 - - [27/Jul/2018:09:25:18 -0300] "GET /cormun/static/Shared/jqueryui/images/ui-bg_highlight-soft_100_c6c2c8_1x100.png HTTP/1.1" 404 1117
200.54.247.70 - - [27/Jul/2018:09:25:18 -0300] "GET /cormun/static/Shared/jqueryui/images/ui-icons_82798d_256x240.png HTTP/1.1" 404 1089
200.54.247.70 - - [27/Jul/2018:09:25:18 -0300] "GET /cormun/static/Shared/jqueryui/images/ui-bg_flat_55_994d53_40x100.png HTTP/1.1" 404 1097
200.54.247.70 - - [27/Jul/2018:09:25:18 -0300] "GET /cormun/static/Shared/jqueryui/images/ui-icons_ebccce_256x240.png HTTP/1.1" 404 1089
200.54.247.70 - - [27/Jul/2018:09:25:18 -0300] "GET /cormun/servlet/solicitudot?86a084f8b25a8fe75dd9b4c0574d89c474709565961df929fc0562c0c59a2581,gx-no-cache=1532694248008 HTTP/1.1" 200 29
200.54.247.70 - - [27/Jul/2018:09:25:18 -0300] "POST /cormun/servlet/solicitudot?gx-no-cache=1532694248044 HTTP/1.1" 200 297
200.54.247.70 - - [27/Jul/2018:09:25:18 -0300] "GET /cormun/servlet/solicitudot?86a084f8b25a8fe75dd9b4c0574d89c47b8f432d9836a9e7a649137b6554a9f75a0f0ee169847ef72c5cef8dfdefcb87e02a3fd266586b6a568f69e1a4afcf1cbaf89cd828ce9811c46a96f0588383292e71a95c48e0352bc33f15c865169934bfb22fedb63061d58184bea0aa3a03df891c2d9c0fd0bda8c4697c5a984e991e2e4b48048d5c8ee9a725898e0da9ced9e6a58bd42ee9316bce72427a733ababe9d3932b57a936cc987bb0d61d64632a707c01d3f8b6fcfefc0d017abf10ad70ee00eef1309a827205158130ff5d4d2e58e5ae49851b73a27b4f33723584e7fef1d0c7ce6b99bd9bea888319897f4632138f633fb003dfcaed710d8f445c6b525b79c52b7572c55cf1f0d93811bddcb9cde3703751adb5807dadd735b6e792fc4cf44ca6f6943de19e846120e833cb4d374a7f4b9353677d0da9e4e9fbe2629158da1c4a876f195f0460e9849aad83eb0bdd3d42303ffd6998e8b2a47f48f8b75c4f050a11ce689b5f4611e4ce6cfc3a013725bf160bcc5c421f9ace3974d4516f7285848c3a5cf3951099871f0836f39,gx-no-cache=1532694248084 HTTP/1.1" 200 30
200.54.247.70 - - [27/Jul/2018:09:25:18 -0300] "POST /cormun/servlet/solicitudot?gx-no-cache=1532694248130 HTTP/1.1" 200 30
200.54.247.70 - - [27/Jul/2018:09:25:18 -0300] "POST /cormun/servlet/solicitudot?gx-no-cache=1532694248172 HTTP/1.1" 200 1377
200.54.247.70 - - [27/Jul/2018:09:25:18 -0300] "POST /cormun/servlet/solicitudot?gx-no-cache=1532694248235 HTTP/1.1" 200 38
200.112.233.47 - - [27/Jul/2018:09:25:24 -0300] "POST /cormun/servlet/prfichaempleado?b4b59f6c403749f6eb46d0f410d37df6,,MD,,gxPopupLevel%3D0%3B,gx-no-cache=1532694252437 HTTP/1.1" 200 6334
200.112.233.47 - - [27/Jul/2018:09:25:25 -0300] "GET /cormun/static/Resources/PXToolsGridNext.gif HTTP/1.1" 200 369
200.112.233.47 - - [27/Jul/2018:09:25:25 -0300] "GET /cormun/static/Resources/PXToolsGridLast.gif HTTP/1.1" 200 370
192.168.10.89 - - [27/Jul/2018:09:25:31 -0300] "POST /cormun/servlet/trsecurityuser01?13d7877e3a35da066d4fdc65eec26ac0,gx-no-cache=1532694117257 HTTP/1.1" 200 10002
192.168.10.89 - - [27/Jul/2018:09:25:54 -0300] "POST /cormun/servlet/trsecurityuser01?13d7877e3a35da066d4fdc65eec26ac0,gx-no-cache=1532694140761 HTTP/1.1" 200 90
192.168.10.89 - - [27/Jul/2018:09:25:54 -0300] "GET /cormun/servlet/hpexe_link HTTP/1.1" 200 948
192.168.10.89 - - [27/Jul/2018:09:25:55 -0300] "GET /cormun/servlet/hhome HTTP/1.1" 200 4917
200.54.247.70 - - [27/Jul/2018:09:25:56 -0300] "GET /cormun/servlet/solicitudot?86a084f8b25a8fe75dd9b4c0574d89c47a14caa8d13257b1db4a577cf276cc808ee3b3d99659756d16fda6eb19bb8bb7c821be035c8c871f3fe47c9d8f83382a,gx-no-cache=1532694286757 HTTP/1.1" 200 30
200.54.247.70 - - [27/Jul/2018:09:25:58 -0300] "POST /cormun/servlet/solicitudot?gx-no-cache=1532694288861 HTTP/1.1" 200 240
200.54.247.70 - - [27/Jul/2018:09:26:00 -0300] "GET /cormun/servlet/solicitudot?86a084f8b25a8fe75dd9b4c0574d89c47b8f432d9836a9e7a649137b6554a9f7004196f1b34dc93c0dc9caf0ea98e5bce02a3fd266586b6a568f69e1a4afcf1cbaf89cd828ce9811c46a96f0588383292e71a95c48e0352bc33f15c865169934bfb22fedb63061d58184bea0aa3a03df891c2d9c0fd0bda8c4697c5a984e991e2e4b48048d5c8ee9a725898e0da9ced9e6a58bd42ee9316bce72427a733ababe9d3932b57a936cc987bb0d61d64632a707c01d3f8b6fcfefc0d017abf10ad70ee00eef1309a827205158130ff5d4d2e58e5ae49851b73a27b4f33723584e7fef1d0c7ce6b99bd9bea888319897f463219fa297216b30760e170533542394aca9b79c52b7572c55cf1f0d93811bddcb9cde3703751adb5807dadd735b6e792fc4cf44ca6f6943de19e846120e833cb4d374a7f4b9353677d0da9e4e9fbe262915269c9127d3e8689de8643d4fbb79dceea50ea31110b2936cfffe1e9355440ff1f0fe1e069c6b22c9da957301861c3d2ce7eb8b5abfc36c2160420df2ceff98c0,gx-no-cache=1532694290539 HTTP/1.1" 200 30
192.168.10.89 - - [27/Jul/2018:09:26:01 -0300] "GET /cormun/servlet/trsecurityuser01? HTTP/1.1" 200 12362
200.54.247.70 - - [27/Jul/2018:09:26:03 -0300] "POST /cormun/servlet/solicitudot?gx-no-cache=1532694293382 HTTP/1.1" 200 30
192.168.10.89 - - [27/Jul/2018:09:26:05 -0300] "GET /cormun/servlet/securityusers?INS,0, HTTP/1.1" 200 7865
200.54.247.70 - - [27/Jul/2018:09:26:06 -0300] "GET /cormun/servlet/prfichaempleado?,MD,,gxPopupLevel%3D0%3B HTTP/1.1" 200 9395
200.54.247.70 - - [27/Jul/2018:09:26:15 -0300] "POST /cormun/servlet/prfichaempleado?81e806f5fc7808fe7076ef5ec175d094,,MD,,gxPopupLevel%3D0%3B,gx-no-cache=1532694305295 HTTP/1.1" 200 3414
200.112.233.47 - - [27/Jul/2018:09:26:29 -0300] "GET /cormun/servlet/licenciaspermisos?7fc702f0081a504aab50c186e4ec8525afe53e823f3ac092791c357085f6d69bf2f2e432f205a4aa81a311e62d03798243c47ad19a70440eaa83c13dafb11dc6b93be3ba452e878e17726fba33db0a850fd40ad77be058016bb8fb89370f8b16d71adffe93c554f8e9f1b84dbc5049dd994fb88140eef9666b16ff9a6a931f0362952bfa109edd8e5434021be0b5f600f525bae87d20fdb6eae7c4decbd117fd57de38ce585927287566c3134d8dbc2e604f231fc0cd8b582dbdfaa57f3930f7854615be7bd54f5e5538395435dfb3985d2d41d68030d60cbe65ca4a97c335a28d5e8ad5bd950b1ffe6f46d68dc326b5,gx-no-cache=1532694317715 HTTP/1.1" 200 64
200.112.233.47 - - [27/Jul/2018:09:26:29 -0300] "POST /cormun/servlet/licenciaspermisos?b4b59f6c403749f6eb46d0f410d37df6,UPD,11842464,L,20180727000000,,gx-no-cache=1532694318051 HTTP/1.1" 200 93
200.112.233.47 - - [27/Jul/2018:09:26:30 -0300] "GET /cormun/servlet/hpexe_return? HTTP/1.1" 200 1029
200.112.233.47 - - [27/Jul/2018:09:26:30 -0300] "GET /cormun/servlet/trlicencias HTTP/1.1" 200 12424
200.112.233.47 - - [27/Jul/2018:09:26:33 -0300] "GET /cormun/servlet/trlicencias HTTP/1.1" 200 12419
200.54.247.70 - - [27/Jul/2018:09:26:42 -0300] "POST /cormun/servlet/solicitudot?gx-no-cache=1532694331782 HTTP/1.1" 200 1376
200.54.247.70 - - [27/Jul/2018:09:26:42 -0300] "GET /cormun/static/menuarrow.gif HTTP/1.1" 404 1015
200.54.247.70 - - [27/Jul/2018:09:26:46 -0300] "POST /cormun/servlet/solicitudot?gx-no-cache=1532694336591 HTTP/1.1" 200 41
200.112.233.47 - - [27/Jul/2018:09:27:08 -0300] "POST /cormun/servlet/trlicencias?b4b59f6c403749f6eb46d0f410d37df6,gx-no-cache=1532694356684 HTTP/1.1" 200 9669
200.112.233.47 - - [27/Jul/2018:09:27:09 -0300] "GET /cormun/static/Shared/jqueryui/images/ui-bg_highlight-soft_100_c6c2c8_1x100.png HTTP/1.1" 404 1117
200.112.233.47 - - [27/Jul/2018:09:27:09 -0300] "GET /cormun/static/Shared/jqueryui/images/ui-icons_82798d_256x240.png HTTP/1.1" 404 1089
200.112.233.47 - - [27/Jul/2018:09:27:09 -0300] "GET /cormun/static/Shared/jqueryui/images/ui-icons_8d78a5_256x240.png HTTP/1.1" 404 1089
200.112.233.47 - - [27/Jul/2018:09:27:09 -0300] "GET /cormun/static/Shared/jqueryui/images/ui-bg_flat_55_fafafa_40x100.png HTTP/1.1" 404 1097
200.112.233.47 - - [27/Jul/2018:09:27:10 -0300] "GET /cormun/servlet/trlicenciaspermisoslog?11842464,L,20180727000000, HTTP/1.1" 200 6788
200.112.233.47 - - [27/Jul/2018:09:27:10 -0300] "GET /cormun/static/gxcfg.js?20176271755511 HTTP/1.1" 200 953
200.112.233.47 - - [27/Jul/2018:09:27:10 -0300] "GET /cormun/static/trlicenciaspermisoslog.js?201762717555393 HTTP/1.1" 200 20074
200.112.233.47 - - [27/Jul/2018:09:27:11 -0300] "GET /cormun/servlet/trlicenciaspermisoslog?11842464,L,20180727000000, HTTP/1.1" 200 6789
200.112.233.47 - - [27/Jul/2018:09:27:17 -0300] "POST /cormun/servlet/trlicenciaspermisoslog?b4b59f6c403749f6eb46d0f410d37df6,11842464,L,20180727000000,,gx-no-cache=1532694365837 HTTP/1.1" 200 90
200.112.233.47 - - [27/Jul/2018:09:27:17 -0300] "GET /cormun/servlet/hpexe_link HTTP/1.1" 200 1003
200.112.233.47 - - [27/Jul/2018:09:27:17 -0300] "GET /cormun/servlet/trlicencias?gx-no-cache=1532694356684 HTTP/1.1" 200 12305
200.112.233.47 - - [27/Jul/2018:09:27:18 -0300] "GET /cormun/servlet/trlicencias?gx-no-cache=1532694356684 HTTP/1.1" 200 12324
200.112.233.47 - - [27/Jul/2018:09:27:20 -0300] "GET /cormun/servlet/alicenciaprn?11842464,L,20180727000000,PU HTTP/1.1" 200 1613
200.54.247.70 - - [27/Jul/2018:09:27:36 -0300] "GET /cormun/servlet/solicitudot?86a084f8b25a8fe75dd9b4c0574d89c4a514c2fbd87250118e95455df4b81b31742f17b927411e284916f00be69dc855129451f16280006bb312c8fd3cdd12afb9d1dd2a337bb7b350dd895ce5fa174a50c7248100dd76a8bcb5412af4701cb527b99c09b820630111864b370759c61c,gx-no-cache=1532694386219 HTTP/1.1" 200 29
200.54.247.70 - - [27/Jul/2018:09:27:36 -0300] "POST /cormun/servlet/solicitudot?gx-no-cache=1532694386315 HTTP/1.1" 200 1357
200.54.247.70 - - [27/Jul/2018:09:27:36 -0300] "POST /cormun/servlet/solicitudot?gx-no-cache=1532694386427 HTTP/1.1" 200 1258
192.168.10.89 - - [27/Jul/2018:09:28:01 -0300] "POST /cormun/servlet/securityusers?13d7877e3a35da066d4fdc65eec26ac0,INS,0,,gx-no-cache=1532694266414 HTTP/1.1" 200 5350
192.168.10.89 - - [27/Jul/2018:09:28:01 -0300] "GET /cormun/static/Shared/jqueryui/images/ui-icons_ebccce_256x240.png HTTP/1.1" 404 1089
192.168.10.89 - - [27/Jul/2018:09:28:01 -0300] "GET /cormun/static/Shared/jqueryui/images/ui-bg_flat_55_994d53_40x100.png HTTP/1.1" 404 1097
192.168.10.89 - - [27/Jul/2018:09:28:01 -0300] "GET /cormun/static/Shared/jqueryui/images/ui-icons_82798d_256x240.png HTTP/1.1" 404 1089
192.168.10.89 - - [27/Jul/2018:09:28:01 -0300] "GET /cormun/static/Shared/jqueryui/images/ui-bg_highlight-soft_100_c6c2c8_1x100.png HTTP/1.1" 404 1117
200.54.247.70 - - [27/Jul/2018:09:28:03 -0300] "GET /cormun/servlet/solicitudot?86a084f8b25a8fe75dd9b4c0574d89c46a98b7b3623c04c5802e09392cf32869a76c201725a2a8be7becfce685120418,gx-no-cache=1532694413718 HTTP/1.1" 200 30
200.54.247.70 - - [27/Jul/2018:09:28:03 -0300] "POST /cormun/servlet/solicitudot?gx-no-cache=1532694413789 HTTP/1.1" 200 34
192.168.10.89 - - [27/Jul/2018:09:28:20 -0300] "POST /cormun/servlet/securityusers?13d7877e3a35da066d4fdc65eec26ac0,INS,0,,gx-no-cache=1532694286218 HTTP/1.1" 200 93
192.168.10.89 - - [27/Jul/2018:09:28:20 -0300] "GET /cormun/servlet/hpexe_return? HTTP/1.1" 200 999
200.54.247.70 - - [27/Jul/2018:09:28:20 -0300] "POST /cormun/servlet/solicitudot?81e806f5fc7808fe7076ef5ec175d094,INS,0,0,,gx-no-cache=1532694430487 HTTP/1.1" 200 93
192.168.10.89 - - [27/Jul/2018:09:28:20 -0300] "GET /cormun/servlet/trsecurityuser01 HTTP/1.1" 200 12364
200.54.247.70 - - [27/Jul/2018:09:28:20 -0300] "GET /cormun/servlet/hpexe_return? HTTP/1.1" 200 1002
200.54.247.70 - - [27/Jul/2018:09:28:21 -0300] "GET /cormun/servlet/trsolicitudot HTTP/1.1" 200 8901
200.54.247.70 - - [27/Jul/2018:09:28:21 -0300] "GET /cormun/servlet/trsolicitudot HTTP/1.1" 200 8898
200.54.247.70 - - [27/Jul/2018:09:28:29 -0300] "POST /cormun/servlet/trsolicitudot?81e806f5fc7808fe7076ef5ec175d094,gx-no-cache=1532694438535 HTTP/1.1" 200 107
200.54.247.70 - - [27/Jul/2018:09:28:29 -0300] "GET /cormun/servlet/trsolicitudadjuntos?2018,11932, HTTP/1.1" 200 6329
200.54.247.70 - - [27/Jul/2018:09:28:29 -0300] "GET /cormun/servlet/trsolicitudadjuntos?2018,11932, HTTP/1.1" 200 6329
200.54.247.70 - - [27/Jul/2018:09:28:33 -0300] "GET /cormun/servlet/solicitudotadjuntos?INS,2018,11932,,1, HTTP/1.1" 200 6274
200.54.247.70 - - [27/Jul/2018:09:28:33 -0300] "GET /cormun/static/gxcfg.js?2017761244068 HTTP/1.1" 200 953
200.54.247.70 - - [27/Jul/2018:09:28:33 -0300] "GET /cormun/static/solicitudotadjuntos.js?2017761244086 HTTP/1.1" 200 11771
200.54.247.70 - - [27/Jul/2018:09:28:33 -0300] "GET /cormun/static/about:blank HTTP/1.1" 404 1011
200.54.247.70 - - [27/Jul/2018:09:28:33 -0300] "GET /cormun/servlet/solicitudotadjuntos?INS,2018,11932,,1, HTTP/1.1" 200 6267
200.54.247.70 - - [27/Jul/2018:09:28:34 -0300] "GET /cormun/servlet/solicitudotadjuntos?86a084f8b25a8fe75dd9b4c0574d89c4ae67a75cbce5f89d336a62609c2d6ce807b0c1183630eb89622bf0a1e8ff6c58,gx-no-cache=1532694443952 HTTP/1.1" 200 30
200.54.247.70 - - [27/Jul/2018:09:28:34 -0300] "POST /cormun/servlet/solicitudotadjuntos?81e806f5fc7808fe7076ef5ec175d094,INS,2018,11932,,1,,gx-no-cache=1532694444041 HTTP/1.1" 200 4015
200.54.247.70 - - [27/Jul/2018:09:28:39 -0300] "POST /cormun/servlet/solicitudotadjuntos?gx-no-cache=1532694448952 HTTP/1.1" 200 26
200.54.247.70 - - [27/Jul/2018:09:28:54 -0300] "GET /cormun/servlet/solicitudotadjuntos?86a084f8b25a8fe75dd9b4c0574d89c439d07ae3eefbc657beb784c75530663d,gx-no-cache=1532694464496 HTTP/1.1" 200 30
200.54.247.70 - - [27/Jul/2018:09:28:54 -0300] "GET /cormun/servlet/solicitudotadjuntos?86a084f8b25a8fe75dd9b4c0574d89c439d07ae3eefbc657beb784c75530663d,gx-no-cache=1532694464512 HTTP/1.1" 200 30
200.54.247.70 - - [27/Jul/2018:09:28:54 -0300] "POST /cormun/servlet/solicitudotadjuntos?81e806f5fc7808fe7076ef5ec175d094,INS,2018,11932,,1, HTTP/1.1" 200 116
200.54.247.70 - - [27/Jul/2018:09:28:54 -0300] "GET /cormun/servlet/hpexe_return? HTTP/1.1" 200 1021
200.54.247.70 - - [27/Jul/2018:09:28:54 -0300] "GET /cormun/servlet/trsolicitudadjuntos?2018,11932, HTTP/1.1" 200 8845
200.54.247.70 - - [27/Jul/2018:09:28:55 -0300] "GET /cormun/servlet/trsolicitudadjuntos?2018,11932, HTTP/1.1" 200 8843
200.54.247.70 - - [27/Jul/2018:09:28:57 -0300] "GET /cormun/servlet/solicitudotadjuntos?INS,2018,11932,,1, HTTP/1.1" 200 6274
200.54.247.70 - - [27/Jul/2018:09:28:57 -0300] "GET /cormun/static/about:blank HTTP/1.1" 404 1011
200.54.247.70 - - [27/Jul/2018:09:28:58 -0300] "GET /cormun/servlet/solicitudotadjuntos?INS,2018,11932,,1, HTTP/1.1" 200 6267
200.54.247.70 - - [27/Jul/2018:09:28:58 -0300] "GET /cormun/servlet/solicitudotadjuntos?86a084f8b25a8fe75dd9b4c0574d89c4ae67a75cbce5f89d336a62609c2d6ce807b0c1183630eb89622bf0a1e8ff6c58,gx-no-cache=1532694468484 HTTP/1.1" 200 30
200.54.247.70 - - [27/Jul/2018:09:28:58 -0300] "POST /cormun/servlet/solicitudotadjuntos?81e806f5fc7808fe7076ef5ec175d094,INS,2018,11932,,1,,gx-no-cache=1532694468523 HTTP/1.1" 200 4015
200.54.247.70 - - [27/Jul/2018:09:29:01 -0300] "POST /cormun/servlet/solicitudotadjuntos?gx-no-cache=1532694470983 HTTP/1.1" 200 26
200.54.247.70 - - [27/Jul/2018:09:29:20 -0300] "GET /cormun/servlet/solicitudotadjuntos?86a084f8b25a8fe75dd9b4c0574d89c439d07ae3eefbc657beb784c75530663d,gx-no-cache=1532694490800 HTTP/1.1" 200 30
200.54.247.70 - - [27/Jul/2018:09:29:21 -0300] "GET /cormun/servlet/solicitudotadjuntos?86a084f8b25a8fe75dd9b4c0574d89c439d07ae3eefbc657beb784c75530663d,gx-no-cache=1532694490817 HTTP/1.1" 200 30
200.54.247.70 - - [27/Jul/2018:09:29:21 -0300] "POST /cormun/servlet/solicitudotadjuntos?81e806f5fc7808fe7076ef5ec175d094,INS,2018,11932,,1, HTTP/1.1" 200 116
200.54.247.70 - - [27/Jul/2018:09:29:21 -0300] "GET /cormun/servlet/hpexe_return? HTTP/1.1" 200 1021
200.54.247.70 - - [27/Jul/2018:09:29:21 -0300] "GET /cormun/servlet/trsolicitudadjuntos?2018,11932, HTTP/1.1" 200 9071
200.54.247.70 - - [27/Jul/2018:09:29:21 -0300] "GET /cormun/servlet/trsolicitudadjuntos?2018,11932, HTTP/1.1" 200 9071
200.54.247.70 - - [27/Jul/2018:09:29:28 -0300] "GET /cormun/servlet/solicitudotadjuntos?INS,2018,11932,,1, HTTP/1.1" 200 6274
200.54.247.70 - - [27/Jul/2018:09:29:29 -0300] "GET /cormun/static/about:blank HTTP/1.1" 404 1011
200.54.247.70 - - [27/Jul/2018:09:29:29 -0300] "GET /cormun/servlet/solicitudotadjuntos?INS,2018,11932,,1, HTTP/1.1" 200 6267
200.54.247.70 - - [27/Jul/2018:09:29:29 -0300] "GET /cormun/servlet/solicitudotadjuntos?86a084f8b25a8fe75dd9b4c0574d89c4ae67a75cbce5f89d336a62609c2d6ce807b0c1183630eb89622bf0a1e8ff6c58,gx-no-cache=1532694499615 HTTP/1.1" 200 30
200.54.247.70 - - [27/Jul/2018:09:29:29 -0300] "POST /cormun/servlet/solicitudotadjuntos?81e806f5fc7808fe7076ef5ec175d094,INS,2018,11932,,1,,gx-no-cache=1532694499650 HTTP/1.1" 200 4015
192.168.10.89 - - [27/Jul/2018:09:29:34 -0300] "POST /cormun/servlet/trsecurityuser01?13d7877e3a35da066d4fdc65eec26ac0,gx-no-cache=1532694360767 HTTP/1.1" 200 5526
200.54.247.70 - - [27/Jul/2018:09:29:36 -0300] "POST /cormun/servlet/solicitudotadjuntos?gx-no-cache=1532694506086 HTTP/1.1" 200 26
192.168.10.89 - - [27/Jul/2018:09:29:43 -0300] "GET /cormun/servlet/securityusers?UPD,3848, HTTP/1.1" 200 7978
200.54.247.70 - - [27/Jul/2018:09:29:44 -0300] "GET /cormun/servlet/solicitudotadjuntos?86a084f8b25a8fe75dd9b4c0574d89c439d07ae3eefbc657beb784c75530663d,gx-no-cache=1532694514178 HTTP/1.1" 200 30
200.54.247.70 - - [27/Jul/2018:09:29:44 -0300] "GET /cormun/servlet/solicitudotadjuntos?86a084f8b25a8fe75dd9b4c0574d89c439d07ae3eefbc657beb784c75530663d,gx-no-cache=1532694514207 HTTP/1.1" 200 30
200.54.247.70 - - [27/Jul/2018:09:29:44 -0300] "POST /cormun/servlet/solicitudotadjuntos?81e806f5fc7808fe7076ef5ec175d094,INS,2018,11932,,1, HTTP/1.1" 200 116
200.54.247.70 - - [27/Jul/2018:09:29:44 -0300] "GET /cormun/servlet/hpexe_return? HTTP/1.1" 200 1021
200.54.247.70 - - [27/Jul/2018:09:29:44 -0300] "GET /cormun/servlet/trsolicitudadjuntos?2018,11932, HTTP/1.1" 200 9232
200.54.247.70 - - [27/Jul/2018:09:29:45 -0300] "GET /cormun/servlet/trsolicitudadjuntos?2018,11932, HTTP/1.1" 200 9231
192.168.10.89 - - [27/Jul/2018:09:29:53 -0300] "POST /cormun/servlet/securityusers?13d7877e3a35da066d4fdc65eec26ac0,UPD,3848,,gx-no-cache=1532694379594 HTTP/1.1" 200 93
192.168.10.89 - - [27/Jul/2018:09:29:53 -0300] "GET /cormun/servlet/hpexe_return? HTTP/1.1" 200 1024
192.168.10.89 - - [27/Jul/2018:09:29:53 -0300] "GET /cormun/servlet/trsecurityuser01?gx-no-cache=1532694360767 HTTP/1.1" 200 8184
200.54.247.70 - - [27/Jul/2018:09:29:54 -0300] "GET /cormun/servlet/solicitudotadjuntos?INS,2018,11932,,1, HTTP/1.1" 200 6274
200.54.247.70 - - [27/Jul/2018:09:29:54 -0300] "GET /cormun/static/about:blank HTTP/1.1" 404 1011
200.54.247.70 - - [27/Jul/2018:09:29:54 -0300] "GET /cormun/servlet/solicitudotadjuntos?INS,2018,11932,,1, HTTP/1.1" 200 6267
200.54.247.70 - - [27/Jul/2018:09:29:55 -0300] "GET /cormun/servlet/solicitudotadjuntos?86a084f8b25a8fe75dd9b4c0574d89c4ae67a75cbce5f89d336a62609c2d6ce807b0c1183630eb89622bf0a1e8ff6c58,gx-no-cache=1532694525027 HTTP/1.1" 200 30
200.54.247.70 - - [27/Jul/2018:09:29:55 -0300] "POST /cormun/servlet/solicitudotadjuntos?81e806f5fc7808fe7076ef5ec175d094,INS,2018,11932,,1,,gx-no-cache=1532694525056 HTTP/1.1" 200 4016
192.168.10.89 - - [27/Jul/2018:09:29:56 -0300] "GET /cormun/servlet/securityusers?UPD,3852, HTTP/1.1" 200 8010
200.54.247.70 - - [27/Jul/2018:09:29:57 -0300] "POST /cormun/servlet/solicitudotadjuntos?gx-no-cache=1532694527751 HTTP/1.1" 200 26
192.168.10.89 - - [27/Jul/2018:09:29:59 -0300] "POST /cormun/servlet/securityusers?13d7877e3a35da066d4fdc65eec26ac0,UPD,3852,,gx-no-cache=1532694385058 HTTP/1.1" 200 93
192.168.10.89 - - [27/Jul/2018:09:29:59 -0300] "GET /cormun/servlet/hpexe_return? HTTP/1.1" 200 1023
192.168.10.89 - - [27/Jul/2018:09:29:59 -0300] "GET /cormun/servlet/trsecurityuser01?gx-no-cache=1532694360767 HTTP/1.1" 200 8184
192.168.10.89 - - [27/Jul/2018:09:30:07 -0300] "POST /cormun/servlet/trsecurityuser01?13d7877e3a35da066d4fdc65eec26ac0,gx-no-cache=1532694360767,gx-no-cache=1532694393841 HTTP/1.1" 200 5074
192.168.10.89 - - [27/Jul/2018:09:30:09 -0300] "GET /cormun/servlet/securityusers?UPD,5, HTTP/1.1" 200 8011
192.168.10.89 - - [27/Jul/2018:09:30:15 -0300] "POST /cormun/servlet/securityusers?13d7877e3a35da066d4fdc65eec26ac0,UPD,5,,gx-no-cache=1532694401284 HTTP/1.1" 200 93
192.168.10.89 - - [27/Jul/2018:09:30:15 -0300] "GET /cormun/servlet/hpexe_return? HTTP/1.1" 200 1022
192.168.10.89 - - [27/Jul/2018:09:30:15 -0300] "GET /cormun/servlet/trsecurityuser01?gx-no-cache=1532694360767 HTTP/1.1" 200 7752
192.168.10.89 - - [27/Jul/2018:09:30:20 -0300] "POST /cormun/servlet/trsecurityuser01?13d7877e3a35da066d4fdc65eec26ac0,gx-no-cache=1532694360767,gx-no-cache=1532694406071 HTTP/1.1" 200 5084
192.168.10.89 - - [27/Jul/2018:09:30:21 -0300] "GET /cormun/servlet/securityusers?UPD,3865, HTTP/1.1" 200 8037
200.54.247.70 - - [27/Jul/2018:09:30:21 -0300] "GET /cormun/servlet/solicitudotadjuntos?86a084f8b25a8fe75dd9b4c0574d89c439d07ae3eefbc657beb784c75530663d,gx-no-cache=1532694551666 HTTP/1.1" 200 30
200.54.247.70 - - [27/Jul/2018:09:30:21 -0300] "GET /cormun/servlet/solicitudotadjuntos?86a084f8b25a8fe75dd9b4c0574d89c439d07ae3eefbc657beb784c75530663d,gx-no-cache=1532694551751 HTTP/1.1" 200 30
200.54.247.70 - - [27/Jul/2018:09:30:23 -0300] "POST /cormun/servlet/solicitudotadjuntos?81e806f5fc7808fe7076ef5ec175d094,INS,2018,11932,,1, HTTP/1.1" 200 6491
200.54.247.70 - - [27/Jul/2018:09:30:23 -0300] "GET /cormun/static/Shared/jqueryui/images/ui-bg_highlight-soft_100_c6c2c8_1x100.png HTTP/1.1" 404 1117
200.54.247.70 - - [27/Jul/2018:09:30:23 -0300] "GET /cormun/static/Shared/jqueryui/images/ui-icons_82798d_256x240.png HTTP/1.1" 404 1089
200.54.247.70 - - [27/Jul/2018:09:30:23 -0300] "GET /cormun/static/Shared/jqueryui/images/ui-bg_flat_55_994d53_40x100.png HTTP/1.1" 404 1097
200.54.247.70 - - [27/Jul/2018:09:30:23 -0300] "GET /cormun/static/Shared/jqueryui/images/ui-icons_ebccce_256x240.png HTTP/1.1" 404 1089
200.54.247.70 - - [27/Jul/2018:09:30:23 -0300] "GET /cormun/PrivateTempStorage/upload_00052273.jpg HTTP/1.1" 200 1209541
192.168.10.89 - - [27/Jul/2018:09:30:33 -0300] "POST /cormun/servlet/securityusers?13d7877e3a35da066d4fdc65eec26ac0,UPD,3865,,gx-no-cache=1532694419319 HTTP/1.1" 200 93
192.168.10.89 - - [27/Jul/2018:09:30:33 -0300] "GET /cormun/servlet/hpexe_return? HTTP/1.1" 200 1024
192.168.10.89 - - [27/Jul/2018:09:30:33 -0300] "GET /cormun/servlet/trsecurityuser01?gx-no-cache=1532694360767 HTTP/1.1" 200 7771
192.168.10.89 - - [27/Jul/2018:09:30:35 -0300] "GET /cormun/servlet/hlogin HTTP/1.1" 200 1751
200.54.247.70 - - [27/Jul/2018:09:30:37 -0300] "GET /cormun/servlet/trsolicitudadjuntos?2018,11932, HTTP/1.1" 200 9231
200.54.247.70 - - [27/Jul/2018:09:30:37 -0300] "GET /cormun/servlet/trsolicitudadjuntos?2018,11932, HTTP/1.1" 200 9231
200.54.247.70 - - [27/Jul/2018:09:30:41 -0300] "GET /cormun/servlet/solicitudotadjuntos?INS,2018,11932,,2, HTTP/1.1" 200 6271
200.54.247.70 - - [27/Jul/2018:09:30:41 -0300] "GET /cormun/static/about:blank HTTP/1.1" 404 1011
200.54.247.70 - - [27/Jul/2018:09:30:42 -0300] "GET /cormun/servlet/solicitudotadjuntos?INS,2018,11932,,2, HTTP/1.1" 200 6265
200.54.247.70 - - [27/Jul/2018:09:30:42 -0300] "GET /cormun/servlet/solicitudotadjuntos?86a084f8b25a8fe75dd9b4c0574d89c4ae67a75cbce5f89d336a62609c2d6ce807b0c1183630eb89622bf0a1e8ff6c58,gx-no-cache=1532694572432 HTTP/1.1" 200 30
200.54.247.70 - - [27/Jul/2018:09:30:42 -0300] "POST /cormun/servlet/solicitudotadjuntos?81e806f5fc7808fe7076ef5ec175d094,INS,2018,11932,,2,,gx-no-cache=1532694572462 HTTP/1.1" 200 4153
192.168.10.89 - - [27/Jul/2018:09:30:44 -0300] "POST /cormun/servlet/hlogin?13d7877e3a35da066d4fdc65eec26ac0,gx-no-cache=1532694430331 HTTP/1.1" 200 90
192.168.10.89 - - [27/Jul/2018:09:30:44 -0300] "GET /cormun/servlet/hpexe_link HTTP/1.1" 200 942
192.168.10.89 - - [27/Jul/2018:09:30:44 -0300] "GET /cormun/servlet/hhome HTTP/1.1" 200 3719
192.168.10.89 - - [27/Jul/2018:09:30:48 -0300] "GET /cormun/servlet/trsolicitudgral? HTTP/1.1" 200 14540
192.168.10.89 - - [27/Jul/2018:09:30:49 -0300] "POST /cormun/servlet/acontrolpreferencessavestate?None,EALTIMIRAS,true HTTP/1.1" 200 35
200.54.247.70 - - [27/Jul/2018:09:30:57 -0300] "POST /cormun/servlet/solicitudotadjuntos?81e806f5fc7808fe7076ef5ec175d094,INS,2018,11932,,2,,gx-no-cache=1532694586939 HTTP/1.1" 200 90
200.54.247.70 - - [27/Jul/2018:09:30:57 -0300] "GET /cormun/servlet/hpexe_link HTTP/1.1" 200 975
200.54.247.70 - - [27/Jul/2018:09:30:57 -0300] "GET /cormun/servlet/trsolicitudadjuntos?2018,11932, HTTP/1.1" 200 9230
200.54.247.70 - - [27/Jul/2018:09:30:57 -0300] "GET /cormun/servlet/trsolicitudadjuntos?2018,11932, HTTP/1.1" 200 9229
200.54.247.70 - - [27/Jul/2018:09:31:03 -0300] "GET /cormun/servlet/solicitudotadjuntos?INS,2018,11932,,1, HTTP/1.1" 200 6274
200.54.247.70 - - [27/Jul/2018:09:31:03 -0300] "GET /cormun/static/about:blank HTTP/1.1" 404 1011
200.54.247.70 - - [27/Jul/2018:09:31:04 -0300] "GET /cormun/servlet/solicitudotadjuntos?INS,2018,11932,,1, HTTP/1.1" 200 6267
200.54.247.70 - - [27/Jul/2018:09:31:04 -0300] "GET /cormun/servlet/solicitudotadjuntos?86a084f8b25a8fe75dd9b4c0574d89c4ae67a75cbce5f89d336a62609c2d6ce807b0c1183630eb89622bf0a1e8ff6c58,gx-no-cache=1532694594539 HTTP/1.1" 200 30
200.54.247.70 - - [27/Jul/2018:09:31:04 -0300] "POST /cormun/servlet/solicitudotadjuntos?81e806f5fc7808fe7076ef5ec175d094,INS,2018,11932,,1,,gx-no-cache=1532694594569 HTTP/1.1" 200 4015
200.54.247.70 - - [27/Jul/2018:09:31:07 -0300] "POST /cormun/servlet/solicitudotadjuntos?gx-no-cache=1532694597098 HTTP/1.1" 200 26
200.54.247.70 - - [27/Jul/2018:09:31:13 -0300] "GET /cormun/servlet/solicitudotadjuntos?86a084f8b25a8fe75dd9b4c0574d89c439d07ae3eefbc657beb784c75530663d,gx-no-cache=1532694603167 HTTP/1.1" 200 30
200.54.247.70 - - [27/Jul/2018:09:31:13 -0300] "GET /cormun/servlet/solicitudotadjuntos?86a084f8b25a8fe75dd9b4c0574d89c439d07ae3eefbc657beb784c75530663d,gx-no-cache=1532694603182 HTTP/1.1" 200 30
200.54.247.70 - - [27/Jul/2018:09:31:13 -0300] "POST /cormun/servlet/solicitudotadjuntos?81e806f5fc7808fe7076ef5ec175d094,INS,2018,11932,,1, HTTP/1.1" 200 116
200.54.247.70 - - [27/Jul/2018:09:31:13 -0300] "GET /cormun/servlet/hpexe_return? HTTP/1.1" 200 1021
200.54.247.70 - - [27/Jul/2018:09:31:13 -0300] "GET /cormun/servlet/trsolicitudadjuntos?2018,11932, HTTP/1.1" 200 9500
200.54.247.70 - - [27/Jul/2018:09:31:14 -0300] "GET /cormun/servlet/trsolicitudadjuntos?2018,11932, HTTP/1.1" 200 9500
200.54.247.70 - - [27/Jul/2018:09:31:17 -0300] "GET /cormun/servlet/solicitudotadjuntos?INS,2018,11932,,1, HTTP/1.1" 200 6274
200.54.247.70 - - [27/Jul/2018:09:31:17 -0300] "GET /cormun/static/about:blank HTTP/1.1" 404 1011
200.54.247.70 - - [27/Jul/2018:09:31:17 -0300] "GET /cormun/servlet/solicitudotadjuntos?INS,2018,11932,,1, HTTP/1.1" 200 6267
200.54.247.70 - - [27/Jul/2018:09:31:18 -0300] "GET /cormun/servlet/solicitudotadjuntos?86a084f8b25a8fe75dd9b4c0574d89c4ae67a75cbce5f89d336a62609c2d6ce807b0c1183630eb89622bf0a1e8ff6c58,gx-no-cache=1532694608196 HTTP/1.1" 200 30
200.54.247.70 - - [27/Jul/2018:09:31:18 -0300] "POST /cormun/servlet/solicitudotadjuntos?81e806f5fc7808fe7076ef5ec175d094,INS,2018,11932,,1,,gx-no-cache=1532694608223 HTTP/1.1" 200 4015
200.54.247.70 - - [27/Jul/2018:09:31:21 -0300] "POST /cormun/servlet/solicitudotadjuntos?gx-no-cache=1532694611202 HTTP/1.1" 200 26
192.168.10.89 - - [27/Jul/2018:09:31:22 -0300] "GET /cormun/servlet/hlogin HTTP/1.1" 200 1730
192.168.10.89 - - [27/Jul/2018:09:31:28 -0300] "POST /cormun/servlet/hlogin?13d7877e3a35da066d4fdc65eec26ac0,gx-no-cache=1532694474611 HTTP/1.1" 200 90
192.168.10.89 - - [27/Jul/2018:09:31:29 -0300] "GET /cormun/servlet/hpexe_link HTTP/1.1" 200 942
192.168.10.89 - - [27/Jul/2018:09:31:29 -0300] "GET /cormun/servlet/hhome HTTP/1.1" 200 4917
192.168.10.89 - - [27/Jul/2018:09:31:35 -0300] "GET /cormun/servlet/trsecurityuser01? HTTP/1.1" 200 7767
200.54.247.70 - - [27/Jul/2018:09:31:38 -0300] "POST /cormun/servlet/solicitudotadjuntos?gx-no-cache=1532694627936 HTTP/1.1" 200 26
200.54.247.70 - - [27/Jul/2018:09:31:46 -0300] "GET /cormun/servlet/solicitudotadjuntos?86a084f8b25a8fe75dd9b4c0574d89c439d07ae3eefbc657beb784c75530663d,gx-no-cache=1532694636711 HTTP/1.1" 200 30
200.54.247.70 - - [27/Jul/2018:09:31:46 -0300] "GET /cormun/servlet/solicitudotadjuntos?86a084f8b25a8fe75dd9b4c0574d89c439d07ae3eefbc657beb784c75530663d,gx-no-cache=1532694636726 HTTP/1.1" 200 30
200.54.247.70 - - [27/Jul/2018:09:31:47 -0300] "POST /cormun/servlet/solicitudotadjuntos?81e806f5fc7808fe7076ef5ec175d094,INS,2018,11932,,1, HTTP/1.1" 200 116
200.54.247.70 - - [27/Jul/2018:09:31:47 -0300] "GET /cormun/servlet/hpexe_return? HTTP/1.1" 200 1021
200.54.247.70 - - [27/Jul/2018:09:31:47 -0300] "GET /cormun/servlet/trsolicitudadjuntos?2018,11932, HTTP/1.1" 200 9728
200.54.247.70 - - [27/Jul/2018:09:31:47 -0300] "GET /cormun/servlet/trsolicitudadjuntos?2018,11932, HTTP/1.1" 200 9728
200.54.247.70 - - [27/Jul/2018:09:31:50 -0300] "GET /cormun/servlet/solicitudotadjuntos?INS,2018,11932,,1, HTTP/1.1" 200 6274
200.54.247.70 - - [27/Jul/2018:09:31:50 -0300] "GET /cormun/static/about:blank HTTP/1.1" 404 1011
200.54.247.70 - - [27/Jul/2018:09:31:50 -0300] "GET /cormun/servlet/solicitudotadjuntos?INS,2018,11932,,1, HTTP/1.1" 200 6267
200.54.247.70 - - [27/Jul/2018:09:31:51 -0300] "GET /cormun/servlet/solicitudotadjuntos?86a084f8b25a8fe75dd9b4c0574d89c4ae67a75cbce5f89d336a62609c2d6ce807b0c1183630eb89622bf0a1e8ff6c58,gx-no-cache=1532694641219 HTTP/1.1" 200 30
192.168.10.89 - - [27/Jul/2018:09:31:51 -0300] "POST /cormun/servlet/trsecurityuser01?13d7877e3a35da066d4fdc65eec26ac0,,gx-no-cache=1532694497089 HTTP/1.1" 200 9999
190.101.8.3 - - [27/Jul/2018:09:31:51 -0300] "GET /cormun/servlet/hlogin HTTP/1.1" 200 1719
200.54.247.70 - - [27/Jul/2018:09:31:51 -0300] "POST /cormun/servlet/solicitudotadjuntos?81e806f5fc7808fe7076ef5ec175d094,INS,2018,11932,,1,,gx-no-cache=1532694641257 HTTP/1.1" 200 4015
190.101.8.3 - - [27/Jul/2018:09:31:51 -0300] "GET /cormun/servlet/hlogin HTTP/1.1" 200 1729
190.101.8.3 - - [27/Jul/2018:09:31:53 -0300] "POST /cormun/servlet/hlogin?6233df6c3d0f5297f7386597cc1b86f6,gx-no-cache=1532694640117 HTTP/1.1" 200 90
190.101.8.3 - - [27/Jul/2018:09:31:53 -0300] "GET /cormun/servlet/hpexe_link HTTP/1.1" 200 952
190.101.8.3 - - [27/Jul/2018:09:31:53 -0300] "GET /cormun/servlet/hhome HTTP/1.1" 200 4351
200.54.247.70 - - [27/Jul/2018:09:31:53 -0300] "POST /cormun/servlet/solicitudotadjuntos?gx-no-cache=1532694643679 HTTP/1.1" 200 26
190.101.8.3 - - [27/Jul/2018:09:31:54 -0300] "GET /cormun/servlet/hhome HTTP/1.1" 200 4348
192.168.10.89 - - [27/Jul/2018:09:31:55 -0300] "GET /cormun/servlet/securityusers?INS,0, HTTP/1.1" 200 7865
190.101.8.3 - - [27/Jul/2018:09:32:01 -0300] "GET /cormun/servlet/trautorizarenuncias? HTTP/1.1" 200 7086
190.101.8.3 - - [27/Jul/2018:09:32:01 -0300] "GET /cormun/static/gxcfg.js?2017761218543 HTTP/1.1" 200 953
190.101.8.3 - - [27/Jul/2018:09:32:01 -0300] "GET /cormun/static/trautorizarenuncias.js?20177612185765 HTTP/1.1" 200 29147
190.101.8.3 - - [27/Jul/2018:09:32:01 -0300] "GET /cormun/servlet/trautorizarenuncias? HTTP/1.1" 200 7086
190.101.8.3 - - [27/Jul/2018:09:32:04 -0300] "GET /cormun/static/menuarrow.gif HTTP/1.1" 404 1015
190.101.8.3 - - [27/Jul/2018:09:32:08 -0300] "POST /cormun/servlet/trautorizarenuncias?6233df6c3d0f5297f7386597cc1b86f6,,gx-no-cache=1532694655236 HTTP/1.1" 200 4155
190.101.8.3 - - [27/Jul/2018:09:32:12 -0300] "POST /cormun/servlet/trautorizarenuncias?6233df6c3d0f5297f7386597cc1b86f6,,gx-no-cache=1532694659631 HTTP/1.1" 200 6456
200.54.247.70 - - [27/Jul/2018:09:32:14 -0300] "GET /cormun/servlet/solicitudotadjuntos?86a084f8b25a8fe75dd9b4c0574d89c439d07ae3eefbc657beb784c75530663d,gx-no-cache=1532694663916 HTTP/1.1" 200 30
200.54.247.70 - - [27/Jul/2018:09:32:14 -0300] "GET /cormun/servlet/solicitudotadjuntos?86a084f8b25a8fe75dd9b4c0574d89c439d07ae3eefbc657beb784c75530663d,gx-no-cache=1532694664058 HTTP/1.1" 200 30
200.54.247.70 - - [27/Jul/2018:09:32:14 -0300] "POST /cormun/servlet/solicitudotadjuntos?81e806f5fc7808fe7076ef5ec175d094,INS,2018,11932,,1,,gx-no-cache=1532694664113 HTTP/1.1" 200 93
200.54.247.70 - - [27/Jul/2018:09:32:14 -0300] "GET /cormun/servlet/hpexe_return? HTTP/1.1" 200 1021
200.54.247.70 - - [27/Jul/2018:09:32:14 -0300] "GET /cormun/servlet/trsolicitudadjuntos?2018,11932, HTTP/1.1" 200 9925
200.54.247.70 - - [27/Jul/2018:09:32:15 -0300] "GET /cormun/servlet/trsolicitudadjuntos?2018,11932, HTTP/1.1" 200 9921
200.54.247.70 - - [27/Jul/2018:09:32:25 -0300] "POST /cormun/servlet/trsolicitudadjuntos?81e806f5fc7808fe7076ef5ec175d094,2018,11932,,gx-no-cache=1532694674813 HTTP/1.1" 200 90
200.54.247.70 - - [27/Jul/2018:09:32:25 -0300] "GET /cormun/servlet/hpexe_link HTTP/1.1" 200 964
200.54.247.70 - - [27/Jul/2018:09:32:25 -0300] "GET /cormun/servlet/trsolicitudot HTTP/1.1" 200 8899
200.54.247.70 - - [27/Jul/2018:09:32:25 -0300] "GET /cormun/servlet/trsolicitudot HTTP/1.1" 200 8898
200.54.247.70 - - [27/Jul/2018:09:32:29 -0300] "POST /cormun/servlet/trsolicitudot?81e806f5fc7808fe7076ef5ec175d094,gx-no-cache=1532694678848 HTTP/1.1" 200 4708
200.54.247.70 - - [27/Jul/2018:09:32:29 -0300] "GET /cormun/static/Shared/jqueryui/images/ui-bg_highlight-soft_100_c6c2c8_1x100.png HTTP/1.1" 404 1117
200.54.247.70 - - [27/Jul/2018:09:32:29 -0300] "GET /cormun/static/Shared/jqueryui/images/ui-icons_82798d_256x240.png HTTP/1.1" 404 1089
200.54.247.70 - - [27/Jul/2018:09:32:29 -0300] "GET /cormun/static/Shared/jqueryui/images/ui-bg_flat_55_fafafa_40x100.png HTTP/1.1" 404 1097
200.54.247.70 - - [27/Jul/2018:09:32:29 -0300] "GET /cormun/static/Shared/jqueryui/images/ui-icons_8d78a5_256x240.png HTTP/1.1" 404 1089
200.54.247.70 - - [27/Jul/2018:09:32:29 -0300] "POST /cormun/servlet/trsolicitudot?81e806f5fc7808fe7076ef5ec175d094,gx-no-cache=1532694679116 HTTP/1.1" 200 4439
200.54.247.70 - - [27/Jul/2018:09:32:43 -0300] "POST /cormun/servlet/trsolicitudot?81e806f5fc7808fe7076ef5ec175d094,gx-no-cache=1532694692952 HTTP/1.1" 200 5912
200.54.247.70 - - [27/Jul/2018:09:32:45 -0300] "POST /cormun/servlet/trsolicitudot?81e806f5fc7808fe7076ef5ec175d094,gx-no-cache=1532694694917 HTTP/1.1" 200 5888
200.54.247.70 - - [27/Jul/2018:09:32:48 -0300] "POST /cormun/servlet/trsolicitudot?81e806f5fc7808fe7076ef5ec175d094,gx-no-cache=1532694698467 HTTP/1.1" 200 5889
200.54.247.70 - - [27/Jul/2018:09:32:51 -0300] "POST /cormun/servlet/trsolicitudot?81e806f5fc7808fe7076ef5ec175d094,gx-no-cache=1532694701529 HTTP/1.1" 200 5889
200.54.247.70 - - [27/Jul/2018:09:32:58 -0300] "POST /cormun/servlet/trsolicitudot?81e806f5fc7808fe7076ef5ec175d094,gx-no-cache=1532694708445 HTTP/1.1" 200 4458
200.54.247.70 - - [27/Jul/2018:09:33:05 -0300] "POST /cormun/servlet/trsolicitudot?81e806f5fc7808fe7076ef5ec175d094,gx-no-cache=1532694715673 HTTP/1.1" 200 5911
200.54.247.70 - - [27/Jul/2018:09:33:08 -0300] "POST /cormun/servlet/trsolicitudot?81e806f5fc7808fe7076ef5ec175d094,gx-no-cache=1532694718065 HTTP/1.1" 200 5889
186.10.12.250 - - [27/Jul/2018:09:35:00 -0300] "GET /cormun/servlet/hlogin HTTP/1.1" 200 1715
186.10.12.250 - - [27/Jul/2018:09:35:10 -0300] "POST /cormun/servlet/hlogin?3c52f72157af424087258d981f67ab5d,gx-no-cache=1532694837882 HTTP/1.1" 200 90
186.10.12.250 - - [27/Jul/2018:09:35:10 -0300] "GET /cormun/servlet/hpexe_link HTTP/1.1" 200 945
186.10.12.250 - - [27/Jul/2018:09:35:10 -0300] "GET /cormun/servlet/hhome HTTP/1.1" 200 4204
186.10.12.250 - - [27/Jul/2018:09:35:12 -0300] "GET /cormun/servlet/hhome HTTP/1.1" 200 4200
186.103.161.206 - - [27/Jul/2018:09:35:28 -0300] "GET /cormun/servlet/trpermisosgoce? HTTP/1.1" 200 8800
186.103.161.206 - - [27/Jul/2018:09:35:29 -0300] "GET /cormun/servlet/trpermisosgoce? HTTP/1.1" 200 8798
186.67.203.186 - - [27/Jul/2018:09:35:35 -0300] "GET /cormun/servlet/permisogoce?INS,0,,, HTTP/1.1" 200 7065
186.67.203.186 - - [27/Jul/2018:09:35:36 -0300] "GET /cormun/static/gxcfg.js?201776126440 HTTP/1.1" 200 953
190.151.100.218 - - [27/Jul/2018:09:35:36 -0300] "GET /cormun/static/Resources/prompt.gif HTTP/1.1" 200 902
186.67.203.186 - - [27/Jul/2018:09:35:36 -0300] "GET /cormun/static/permisogoce.js?2017761264459 HTTP/1.1" 200 27897
186.67.203.186 - - [27/Jul/2018:09:35:36 -0300] "GET /cormun/servlet/permisogoce?INS,0,,, HTTP/1.1" 200 7065
190.151.100.218 - - [27/Jul/2018:09:37:11 -0300] "GET /cormun/servlet/permisogoce?4fbebd40b7d73fa0dc83c2a1b9e746d0f5228bf8132d1f254b0f520549b465ede739787820ca9a52ed9124b988341a3664a788505cfccfbfe11bf13285cbd267,gx-no-cache=1532694958722 HTTP/1.1" 200 84
40.77.179.167 - - [27/Jul/2018:09:37:20 -0300] "GET /cormun/servlet/trlicencias HTTP/1.1" 200 30955
40.77.178.24 - - [27/Jul/2018:09:37:21 -0300] "GET /cormun/static/gxapiSD.js?85251 HTTP/1.1" 200 78773
186.103.161.206 - - [27/Jul/2018:09:37:21 -0300] "GET /cormun/servlet/permisogoce?4fbebd40b7d73fa0dc83c2a1b9e746d005a5c6ddbf01154cc3e27a4c4e4bfc5ca16fabad537e10f7cd0a470a76553bb4ec60424334397711a46625c38fcf7a0c,gx-no-cache=1532694969392 HTTP/1.1" 200 48
40.77.178.236 - - [27/Jul/2018:09:37:22 -0300] "GET /cormun/static/gxpopupSD.js?85251 HTTP/1.1" 200 22377
186.103.161.206 - - [27/Jul/2018:09:37:31 -0300] "POST /cormun/servlet/permisogoce?3c52f72157af424087258d981f67ab5d,INS,0,,,,gx-no-cache=1532694978306 HTTP/1.1" 200 93
186.103.161.206 - - [27/Jul/2018:09:37:31 -0300] "GET /cormun/servlet/hpexe_return? HTTP/1.1" 200 1003
186.67.203.186 - - [27/Jul/2018:09:37:31 -0300] "GET /cormun/static/gxcfg.js?2016101716175148 HTTP/1.1" 200 953
186.103.161.206 - - [27/Jul/2018:09:37:31 -0300] "GET /cormun/static/hpexe_return.js?2016101716175153 HTTP/1.1" 200 1633
186.103.161.206 - - [27/Jul/2018:09:37:31 -0300] "GET /cormun/static/Resources/Spanish/PXTools.css?167811 HTTP/1.1" 200 89042
186.103.161.206 - - [27/Jul/2018:09:37:31 -0300] "GET /cormun/servlet/trpermisosgoce HTTP/1.1" 200 9065
186.103.161.206 - - [27/Jul/2018:09:37:32 -0300] "GET /cormun/servlet/trpermisosgoce HTTP/1.1" 200 9061
186.103.161.206 - - [27/Jul/2018:09:37:35 -0300] "GET /cormun/servlet/apermisogoceprn?17134154,P,20180727083201,PU HTTP/1.1" 200 1663
200.73.230.197 - - [27/Jul/2018:09:38:09 -0300] "GET /cormun/servlet/hlogin HTTP/1.1" 200 1720
200.73.230.197 - - [27/Jul/2018:09:38:11 -0300] "GET /cormun/servlet/hlogin HTTP/1.1" 200 1730
200.73.230.197 - - [27/Jul/2018:09:38:21 -0300] "POST /cormun/servlet/hlogin?2616c5919351a576587d05655a94ffb3,gx-no-cache=1532695028905 HTTP/1.1" 200 90
200.73.230.197 - - [27/Jul/2018:09:38:21 -0300] "GET /cormun/servlet/hpexe_link HTTP/1.1" 200 951
200.73.230.197 - - [27/Jul/2018:09:38:21 -0300] "GET /cormun/servlet/hhome HTTP/1.1" 200 3956
200.73.230.197 - - [27/Jul/2018:09:38:24 -0300] "GET /cormun/servlet/hhome HTTP/1.1" 200 3953
200.73.230.197 - - [27/Jul/2018:09:38:29 -0300] "GET /cormun/servlet/trlicencias? HTTP/1.1" 200 9015
200.73.230.197 - - [27/Jul/2018:09:38:31 -0300] "GET /cormun/servlet/trlicencias? HTTP/1.1" 200 9012
200.73.230.197 - - [27/Jul/2018:09:38:42 -0300] "GET /cormun/servlet/hhome HTTP/1.1" 200 3956
200.73.230.197 - - [27/Jul/2018:09:38:43 -0300] "GET /cormun/servlet/hhome HTTP/1.1" 200 3953
186.10.12.250 - - [27/Jul/2018:09:38:44 -0300] "GET /cormun/servlet/hlogin HTTP/1.1" 200 1715
186.10.12.250 - - [27/Jul/2018:09:38:44 -0300] "GET /cormun/servlet/hlogin HTTP/1.1" 200 1725
200.73.230.197 - - [27/Jul/2018:09:38:50 -0300] "GET /cormun/servlet/trpermisosgoce? HTTP/1.1" 200 9320
200.73.230.197 - - [27/Jul/2018:09:38:51 -0300] "GET /cormun/servlet/trpermisosgoce? HTTP/1.1" 200 9318
186.67.203.186 - - [27/Jul/2018:09:38:51 -0300] "POST /cormun/servlet/hlogin?3c52f72157af424087258d981f67ab5d,gx-no-cache=1532695059445 HTTP/1.1" 200 90
186.67.203.186 - - [27/Jul/2018:09:38:52 -0300] "GET /cormun/servlet/hpexe_link HTTP/1.1" 200 950
186.67.203.186 - - [27/Jul/2018:09:38:52 -0300] "GET /cormun/servlet/trpermisosgoce HTTP/1.1" 200 9062
186.67.203.186 - - [27/Jul/2018:09:38:53 -0300] "GET /cormun/servlet/trpermisosgoce HTTP/1.1" 200 9061
192.168.10.89 - - [27/Jul/2018:09:39:41 -0300] "POST /cormun/servlet/securityusers?13d7877e3a35da066d4fdc65eec26ac0,INS,0,,gx-no-cache=1532694967607 HTTP/1.1" 200 93
192.168.10.89 - - [27/Jul/2018:09:39:41 -0300] "GET /cormun/servlet/hpexe_return? HTTP/1.1" 200 1000
192.168.10.89 - - [27/Jul/2018:09:39:42 -0300] "GET /cormun/servlet/trsecurityuser01? HTTP/1.1" 200 12364
190.101.8.3 - - [27/Jul/2018:09:40:26 -0300] "GET /cormun/servlet/trlicencias? HTTP/1.1" 200 12233
190.101.8.3 - - [27/Jul/2018:09:40:27 -0300] "GET /cormun/servlet/trlicencias? HTTP/1.1" 200 12231
192.168.10.89 - - [27/Jul/2018:09:41:28 -0300] "GET /cormun/servlet/hlogin HTTP/1.1" 200 1732
192.168.10.89 - - [27/Jul/2018:09:41:37 -0300] "POST /cormun/servlet/hlogin?13d7877e3a35da066d4fdc65eec26ac0,gx-no-cache=1532695083045 HTTP/1.1" 200 90
