200.120.230.22 - - [26/Jul/2018:14:17:01 -0300] "GET /cormun/servlet/trpermisosgoce?gx-no-cache=1532623379866 HTTP/1.1" 200 12554
200.120.230.22 - - [26/Jul/2018:14:17:02 -0300] "GET /cormun/servlet/trpermisosgoce?gx-no-cache=1532623379866 HTTP/1.1" 200 12574
200.120.230.22 - - [26/Jul/2018:14:17:23 -0300] "GET /cormun/servlet/trpermisosadjuntos?8092172,20180726123004,P, HTTP/1.1" 200 7069
200.120.230.22 - - [26/Jul/2018:14:17:23 -0300] "GET /cormun/servlet/trpermisosadjuntos?8092172,20180726123004,P, HTTP/1.1" 200 7047
200.120.230.22 - - [26/Jul/2018:14:17:26 -0300] "POST /cormun/servlet/trpermisosadjuntos?289026d069b9670ff4debfee2fbe0d54,8092172,20180726123004,P,,gx-no-cache=1532625376199 HTTP/1.1" 200 90
200.120.230.22 - - [26/Jul/2018:14:17:26 -0300] "GET /cormun/servlet/hpexe_link HTTP/1.1" 200 1007
200.120.230.22 - - [26/Jul/2018:14:17:26 -0300] "GET /cormun/servlet/trpermisosgoce?gx-no-cache=1532623379866 HTTP/1.1" 200 12566
200.120.230.22 - - [26/Jul/2018:14:17:27 -0300] "GET /cormun/servlet/trpermisosgoce?gx-no-cache=1532623379866 HTTP/1.1" 200 12551
186.79.13.90 - - [26/Jul/2018:14:17:33 -0300] "GET /cormun/servlet/trpermisosadjuntos?21754372,20180726123129,P, HTTP/1.1" 200 6572
186.79.13.90 - - [26/Jul/2018:14:17:33 -0300] "GET /cormun/servlet/trpermisosadjuntos?21754372,20180726123129,P, HTTP/1.1" 200 6551
200.120.230.22 - - [26/Jul/2018:14:17:36 -0300] "GET /cormun/servlet/permisosadjuntos?INS,21754372,P,20180726123129,, HTTP/1.1" 200 5883
200.120.230.22 - - [26/Jul/2018:14:17:36 -0300] "GET /cormun/static/about:blank HTTP/1.1" 404 1011
200.120.230.22 - - [26/Jul/2018:14:17:36 -0300] "GET /cormun/servlet/permisosadjuntos?INS,21754372,P,20180726123129,, HTTP/1.1" 200 5873
186.79.13.90 - - [26/Jul/2018:14:18:03 -0300] "POST /cormun/servlet/permisosadjuntos?289026d069b9670ff4debfee2fbe0d54,INS,21754372,P,20180726123129,, HTTP/1.1" 200 116
186.79.13.90 - - [26/Jul/2018:14:18:03 -0300] "GET /cormun/servlet/hpexe_return? HTTP/1.1" 200 1042
186.79.13.90 - - [26/Jul/2018:14:18:04 -0300] "GET /cormun/servlet/trpermisosadjuntos?21754372,20180726123129,P, HTTP/1.1" 200 7042
186.79.13.90 - - [26/Jul/2018:14:18:04 -0300] "GET /cormun/servlet/trpermisosadjuntos?21754372,20180726123129,P, HTTP/1.1" 200 7038
186.79.13.90 - - [26/Jul/2018:14:18:12 -0300] "POST /cormun/servlet/trpermisosadjuntos?289026d069b9670ff4debfee2fbe0d54,21754372,20180726123129,P,,gx-no-cache=1532625421411 HTTP/1.1" 200 90
186.79.13.90 - - [26/Jul/2018:14:18:12 -0300] "GET /cormun/servlet/hpexe_link HTTP/1.1" 200 1009
186.79.13.90 - - [26/Jul/2018:14:18:12 -0300] "GET /cormun/servlet/trpermisosgoce?gx-no-cache=1532623379866 HTTP/1.1" 200 12557
186.79.13.90 - - [26/Jul/2018:14:18:13 -0300] "GET /cormun/servlet/trpermisosgoce?gx-no-cache=1532623379866 HTTP/1.1" 200 12580
200.120.230.22 - - [26/Jul/2018:14:18:18 -0300] "GET /cormun/servlet/trpermisosadjuntos?7324314,20180726122138,P, HTTP/1.1" 200 6571
200.120.230.22 - - [26/Jul/2018:14:18:18 -0300] "GET /cormun/servlet/trpermisosadjuntos?7324314,20180726122138,P, HTTP/1.1" 200 6549
200.120.230.22 - - [26/Jul/2018:14:18:20 -0300] "GET /cormun/servlet/permisosadjuntos?INS,7324314,P,20180726122138,, HTTP/1.1" 200 5881
200.120.230.22 - - [26/Jul/2018:14:18:20 -0300] "GET /cormun/static/about:blank HTTP/1.1" 404 1011
200.120.230.22 - - [26/Jul/2018:14:18:20 -0300] "GET /cormun/servlet/permisosadjuntos?INS,7324314,P,20180726122138,, HTTP/1.1" 200 5872
200.120.230.22 - - [26/Jul/2018:14:18:27 -0300] "POST /cormun/servlet/permisosadjuntos?289026d069b9670ff4debfee2fbe0d54,INS,7324314,P,20180726122138,, HTTP/1.1" 200 116
200.120.230.22 - - [26/Jul/2018:14:18:27 -0300] "GET /cormun/servlet/hpexe_return? HTTP/1.1" 200 1042
200.120.230.22 - - [26/Jul/2018:14:18:28 -0300] "GET /cormun/servlet/trpermisosadjuntos?7324314,20180726122138,P, HTTP/1.1" 200 7043
200.120.230.22 - - [26/Jul/2018:14:18:28 -0300] "GET /cormun/servlet/trpermisosadjuntos?7324314,20180726122138,P, HTTP/1.1" 200 7039
186.79.13.90 - - [26/Jul/2018:14:18:35 -0300] "POST /cormun/servlet/trpermisosadjuntos?289026d069b9670ff4debfee2fbe0d54,7324314,20180726122138,P,,gx-no-cache=1532625444796 HTTP/1.1" 200 90
186.79.13.90 - - [26/Jul/2018:14:18:35 -0300] "GET /cormun/servlet/hpexe_link HTTP/1.1" 200 1008
186.79.13.90 - - [26/Jul/2018:14:18:35 -0300] "GET /cormun/servlet/trpermisosgoce?gx-no-cache=1532623379866 HTTP/1.1" 200 12541
186.79.13.90 - - [26/Jul/2018:14:18:36 -0300] "GET /cormun/servlet/trpermisosgoce?gx-no-cache=1532623379866 HTTP/1.1" 200 12574
186.10.12.250 - - [26/Jul/2018:14:18:37 -0300] "GET /cormun/servlet/solicitudot?94869ed08e62f5e3ef92e5d5c643661286d6ac409797c6d4e5fa94a6b785d75b898938d347a8ec3b64c1e7a026f55794,gx-no-cache=1532625446545 HTTP/1.1" 200 30
186.10.12.250 - - [26/Jul/2018:14:18:39 -0300] "GET /cormun/servlet/prbanco?,MD,,gxPopupLevel%3D0%3B HTTP/1.1" 200 6615
200.120.230.22 - - [26/Jul/2018:14:18:43 -0300] "GET /cormun/servlet/trpermisosadjuntos?12516844,20180726122049,P, HTTP/1.1" 200 6572
200.120.230.22 - - [26/Jul/2018:14:18:43 -0300] "GET /cormun/servlet/trpermisosadjuntos?12516844,20180726122049,P, HTTP/1.1" 200 6550
200.120.230.22 - - [26/Jul/2018:14:18:45 -0300] "GET /cormun/servlet/permisosadjuntos?INS,12516844,P,20180726122049,, HTTP/1.1" 200 5882
200.120.230.22 - - [26/Jul/2018:14:18:45 -0300] "GET /cormun/static/about:blank HTTP/1.1" 404 1011
200.120.230.22 - - [26/Jul/2018:14:18:45 -0300] "GET /cormun/servlet/permisosadjuntos?INS,12516844,P,20180726122049,, HTTP/1.1" 200 5872
186.10.12.250 - - [26/Jul/2018:14:18:47 -0300] "GET /cormun/servlet/solicitudot?94869ed08e62f5e3ef92e5d5c6436612e1acfcda0c30aaccad66a83db2c1f59c,gx-no-cache=1532625457404 HTTP/1.1" 200 53
186.79.13.90 - - [26/Jul/2018:14:18:59 -0300] "POST /cormun/servlet/permisosadjuntos?289026d069b9670ff4debfee2fbe0d54,INS,12516844,P,20180726122049,, HTTP/1.1" 200 116
186.79.13.90 - - [26/Jul/2018:14:18:59 -0300] "GET /cormun/servlet/hpexe_return? HTTP/1.1" 200 1042
186.79.13.90 - - [26/Jul/2018:14:18:59 -0300] "GET /cormun/servlet/trpermisosadjuntos?12516844,20180726122049,P, HTTP/1.1" 200 7039
186.79.13.90 - - [26/Jul/2018:14:19:00 -0300] "GET /cormun/servlet/trpermisosadjuntos?12516844,20180726122049,P, HTTP/1.1" 200 7035
200.120.230.22 - - [26/Jul/2018:14:19:03 -0300] "POST /cormun/servlet/trpermisosadjuntos?289026d069b9670ff4debfee2fbe0d54,12516844,20180726122049,P,,gx-no-cache=1532625472971 HTTP/1.1" 200 90
200.120.230.22 - - [26/Jul/2018:14:19:03 -0300] "GET /cormun/servlet/hpexe_link HTTP/1.1" 200 1008
200.120.230.22 - - [26/Jul/2018:14:19:03 -0300] "GET /cormun/servlet/trpermisosgoce?gx-no-cache=1532623379866 HTTP/1.1" 200 12583
200.120.230.22 - - [26/Jul/2018:14:19:04 -0300] "GET /cormun/servlet/trpermisosgoce?gx-no-cache=1532623379866 HTTP/1.1" 200 12597
186.10.12.250 - - [26/Jul/2018:14:19:06 -0300] "POST /cormun/servlet/solicitudot?77265bf3f387b79ddfc4b7d657408dab,INS,0,0,,gx-no-cache=1532625471997 HTTP/1.1" 200 10424
186.10.12.250 - - [26/Jul/2018:14:19:06 -0300] "GET /cormun/static/Shared/jqueryui/images/ui-bg_flat_55_fafafa_40x100.png HTTP/1.1" 404 1097
200.72.197.82 - - [26/Jul/2018:14:19:06 -0300] "GET /cormun/static/Shared/jqueryui/images/ui-icons_8d78a5_256x240.png HTTP/1.1" 404 1089
200.120.230.22 - - [26/Jul/2018:14:19:15 -0300] "GET /cormun/servlet/trpermisosadjuntos?12365836,20180726121741,P, HTTP/1.1" 200 6572
200.120.230.22 - - [26/Jul/2018:14:19:15 -0300] "GET /cormun/servlet/trpermisosadjuntos?12365836,20180726121741,P, HTTP/1.1" 200 6549
186.79.13.90 - - [26/Jul/2018:14:19:17 -0300] "GET /cormun/servlet/permisosadjuntos?INS,12365836,P,20180726121741,, HTTP/1.1" 200 5877
186.79.13.90 - - [26/Jul/2018:14:19:18 -0300] "GET /cormun/static/about:blank HTTP/1.1" 404 1011
200.120.230.22 - - [26/Jul/2018:14:19:18 -0300] "GET /cormun/servlet/permisosadjuntos?INS,12365836,P,20180726121741,, HTTP/1.1" 200 5866
186.103.132.155 - - [26/Jul/2018:14:19:28 -0300] "POST /cormun/servlet/solicitudot?gx-no-cache=1532625496416 HTTP/1.1" 200 3384
186.103.132.155 - - [26/Jul/2018:14:19:29 -0300] "POST /cormun/servlet/solicitudot?77265bf3f387b79ddfc4b7d657408dab,INS,0,0,,gx-no-cache=1532625498428 HTTP/1.1" 200 10432
186.103.132.155 - - [26/Jul/2018:14:19:29 -0300] "GET /cormun/servlet/solicitudot?94869ed08e62f5e3ef92e5d5c643661213bc271e21731151dedcaab4e728ef578bbf57d51a45c2e931fb7f18714e40bf,gx-no-cache=1532625498987 HTTP/1.1" 200 30
186.103.132.155 - - [26/Jul/2018:14:19:29 -0300] "GET /cormun/servlet/solicitudot?94869ed08e62f5e3ef92e5d5c643661286d6ac409797c6d4e5fa94a6b785d75bbc27f73360089ef7ae610ff3f26781f0,gx-no-cache=1532625499121 HTTP/1.1" 200 30
186.103.132.155 - - [26/Jul/2018:14:19:29 -0300] "GET /cormun/servlet/solicitudot?94869ed08e62f5e3ef92e5d5c6436612d8f8b54603eb3c5b82215490a33626ae84ef05220a4a6d3cb71b069495ea12f6e39801d74484e7ccf2a86596bd43e582,gx-no-cache=1532625499210 HTTP/1.1" 200 53
186.103.132.155 - - [26/Jul/2018:14:19:29 -0300] "POST /cormun/servlet/solicitudot?gx-no-cache=1532625499368 HTTP/1.1" 200 238
186.103.132.155 - - [26/Jul/2018:14:19:29 -0300] "GET /cormun/servlet/solicitudot?94869ed08e62f5e3ef92e5d5c6436612610abbb42df6e31b7dfb5d13da418960c75d1d0c0ee1644a13aea04039d61aabfa7c6b4635f92767ce5a1153d175de3eb523e931f30178f63765096bf876ce1605a7fa4964795a1adad98a1ed1bbbfc5c92d792269e299edaded2fb709ea52b8433ee474c6f2f4966a1b20ebe2b8456e8fc26782a75b6f207c29fa78a5d08f2a882cd621aeb928440a56a39f4bd0f4993a0d972ecf0469f898e2f6d117fb3091991b124023baaa041dc912cc978beadb0d840936c8a0539351294be5e79a6689c98d7472a688be9d1996602e47b3179027e796e9219681d068b1e8008dcf4332a813569e48657bbfb48501718506364d5de20a92b20efd9c7ba087769b9e0083258b6025e846dabb3b5994d2b684ff9250a3991bf2d8b3ba32f1f4fa97ee942a8d2c68edb86f9852a3b7229d7d16c6892c96b8a63d01dd31acd48447dce3023ed15ed6fc2eddd82a6fdbda4db2543cb587551c0710d116f2c72ca10e21ec2edc46d657cba594472c74c52d101309b23e,gx-no-cache=1532625499492 HTTP/1.1" 200 30
186.103.132.155 - - [26/Jul/2018:14:19:29 -0300] "POST /cormun/servlet/solicitudot?gx-no-cache=1532625499609 HTTP/1.1" 200 30
186.103.132.155 - - [26/Jul/2018:14:19:30 -0300] "POST /cormun/servlet/solicitudot?gx-no-cache=1532625499747 HTTP/1.1" 200 1455
186.103.132.155 - - [26/Jul/2018:14:19:30 -0300] "POST /cormun/servlet/solicitudot?gx-no-cache=1532625500272 HTTP/1.1" 200 117
186.79.13.90 - - [26/Jul/2018:14:19:34 -0300] "POST /cormun/servlet/permisosadjuntos?289026d069b9670ff4debfee2fbe0d54,INS,12365836,P,20180726121741,, HTTP/1.1" 200 116
186.79.13.90 - - [26/Jul/2018:14:19:34 -0300] "GET /cormun/servlet/hpexe_return? HTTP/1.1" 200 1043
186.79.13.90 - - [26/Jul/2018:14:19:35 -0300] "GET /cormun/servlet/trpermisosadjuntos?12365836,20180726121741,P, HTTP/1.1" 200 7055
186.79.13.90 - - [26/Jul/2018:14:19:35 -0300] "GET /cormun/servlet/trpermisosadjuntos?12365836,20180726121741,P, HTTP/1.1" 200 7052
186.79.13.90 - - [26/Jul/2018:14:19:38 -0300] "POST /cormun/servlet/trpermisosadjuntos?289026d069b9670ff4debfee2fbe0d54,12365836,20180726121741,P,,gx-no-cache=1532625507591 HTTP/1.1" 200 90
186.79.13.90 - - [26/Jul/2018:14:19:38 -0300] "GET /cormun/servlet/hpexe_link HTTP/1.1" 200 1008
186.79.13.90 - - [26/Jul/2018:14:19:38 -0300] "GET /cormun/servlet/trpermisosgoce?gx-no-cache=1532623379866 HTTP/1.1" 200 12544
186.79.13.90 - - [26/Jul/2018:14:19:39 -0300] "GET /cormun/servlet/trpermisosgoce?gx-no-cache=1532623379866 HTTP/1.1" 200 12576
200.120.230.22 - - [26/Jul/2018:14:19:48 -0300] "GET /cormun/servlet/trpermisosadjuntos?9343812,20180726122513,P, HTTP/1.1" 200 6570
200.120.230.22 - - [26/Jul/2018:14:19:48 -0300] "GET /cormun/servlet/trpermisosadjuntos?9343812,20180726122513,P, HTTP/1.1" 200 6549
186.79.13.90 - - [26/Jul/2018:14:19:50 -0300] "GET /cormun/servlet/permisosadjuntos?INS,9343812,P,20180726122513,, HTTP/1.1" 200 5879
186.79.13.90 - - [26/Jul/2018:14:19:50 -0300] "GET /cormun/static/about:blank HTTP/1.1" 404 1011
186.79.13.90 - - [26/Jul/2018:14:19:50 -0300] "GET /cormun/servlet/permisosadjuntos?INS,9343812,P,20180726122513,, HTTP/1.1" 200 5869
200.72.197.82 - - [26/Jul/2018:14:20:08 -0300] "POST /cormun/servlet/solicitudot?gx-no-cache=1532625538307 HTTP/1.1" 200 1376
200.72.197.82 - - [26/Jul/2018:14:20:08 -0300] "GET /cormun/static/menuarrow.gif HTTP/1.1" 404 1015
200.120.230.22 - - [26/Jul/2018:14:20:12 -0300] "POST /cormun/servlet/permisosadjuntos?289026d069b9670ff4debfee2fbe0d54,INS,9343812,P,20180726122513,, HTTP/1.1" 200 116
200.120.230.22 - - [26/Jul/2018:14:20:12 -0300] "GET /cormun/servlet/hpexe_return? HTTP/1.1" 200 1042
200.120.230.22 - - [26/Jul/2018:14:20:12 -0300] "GET /cormun/servlet/trpermisosadjuntos?9343812,20180726122513,P, HTTP/1.1" 200 7042
200.120.230.22 - - [26/Jul/2018:14:20:12 -0300] "GET /cormun/servlet/trpermisosadjuntos?9343812,20180726122513,P, HTTP/1.1" 200 7039
186.79.13.90 - - [26/Jul/2018:14:20:23 -0300] "POST /cormun/servlet/trpermisosadjuntos?289026d069b9670ff4debfee2fbe0d54,9343812,20180726122513,P,,gx-no-cache=1532625551312 HTTP/1.1" 200 90
186.79.13.90 - - [26/Jul/2018:14:20:23 -0300] "GET /cormun/servlet/hpexe_link HTTP/1.1" 200 1008
186.79.13.90 - - [26/Jul/2018:14:20:23 -0300] "GET /cormun/servlet/trpermisosgoce?gx-no-cache=1532623379866 HTTP/1.1" 200 12538
186.79.13.90 - - [26/Jul/2018:14:20:24 -0300] "GET /cormun/servlet/trpermisosgoce?gx-no-cache=1532623379866 HTTP/1.1" 200 12591
186.79.13.90 - - [26/Jul/2018:14:20:30 -0300] "GET /cormun/servlet/trpermisosadjuntos?10026195,20180726121957,P, HTTP/1.1" 200 6569
186.79.13.90 - - [26/Jul/2018:14:20:30 -0300] "GET /cormun/servlet/trpermisosadjuntos?10026195,20180726121957,P, HTTP/1.1" 200 6548
190.151.100.218 - - [26/Jul/2018:14:20:31 -0300] "POST /cormun/servlet/solicitudot?gx-no-cache=1532625561499 HTTP/1.1" 200 1376
200.120.230.22 - - [26/Jul/2018:14:20:33 -0300] "GET /cormun/servlet/permisosadjuntos?INS,10026195,P,20180726121957,, HTTP/1.1" 200 5881
200.120.230.22 - - [26/Jul/2018:14:20:33 -0300] "GET /cormun/static/about:blank HTTP/1.1" 404 1011
200.120.230.22 - - [26/Jul/2018:14:20:34 -0300] "GET /cormun/servlet/permisosadjuntos?INS,10026195,P,20180726121957,, HTTP/1.1" 200 5868
190.151.100.218 - - [26/Jul/2018:14:20:38 -0300] "POST /cormun/servlet/solicitudot?gx-no-cache=1532625567989 HTTP/1.1" 200 40
200.72.197.82 - - [26/Jul/2018:14:20:58 -0300] "GET /cormun/servlet/solicitudot?94869ed08e62f5e3ef92e5d5c6436612fed08ce6a6c60a2ea774d3692fa4b5292d2f5ab02f4487ecfdee50cd59dd6ce51c72d2c1bf926c574e6cd9dc60ff7118e800d7df2af6be8327e1abf9644d56c3c2ba247c784171d30126b3182523898a4b4ce89eea18007d4b9f8c47ae2210b7,gx-no-cache=1532625588403 HTTP/1.1" 200 29
200.72.197.82 - - [26/Jul/2018:14:20:58 -0300] "POST /cormun/servlet/solicitudot?gx-no-cache=1532625588552 HTTP/1.1" 200 1357
200.72.197.82 - - [26/Jul/2018:14:20:58 -0300] "POST /cormun/servlet/solicitudot?gx-no-cache=1532625588620 HTTP/1.1" 200 1257
192.168.10.96 - - [26/Jul/2018:14:21:06 -0300] "GET /cormun/servlet/hlogin HTTP/1.1" 200 1724
192.168.10.96 - - [26/Jul/2018:14:21:12 -0300] "POST /cormun/servlet/hlogin?8f18a77e5387d7d78a53c61f89a08b5b,gx-no-cache=1532625458298 HTTP/1.1" 200 90
192.168.10.96 - - [26/Jul/2018:14:21:12 -0300] "GET /cormun/servlet/hpexe_link HTTP/1.1" 200 940
192.168.10.96 - - [26/Jul/2018:14:21:12 -0300] "GET /cormun/servlet/hhome HTTP/1.1" 200 4698
192.168.10.96 - - [26/Jul/2018:14:21:12 -0300] "GET /cormun/servlet/hhome HTTP/1.1" 200 4694
190.151.100.218 - - [26/Jul/2018:14:21:19 -0300] "POST /cormun/servlet/solicitudot?gx-no-cache=1532625608761 HTTP/1.1" 200 1357
190.151.100.218 - - [26/Jul/2018:14:21:19 -0300] "POST /cormun/servlet/solicitudot?gx-no-cache=1532625609417 HTTP/1.1" 200 1257
200.120.230.22 - - [26/Jul/2018:14:21:21 -0300] "POST /cormun/servlet/permisosadjuntos?289026d069b9670ff4debfee2fbe0d54,INS,10026195,P,20180726121957,, HTTP/1.1" 200 116
200.120.230.22 - - [26/Jul/2018:14:21:21 -0300] "GET /cormun/servlet/hpexe_return? HTTP/1.1" 200 1041
200.120.230.22 - - [26/Jul/2018:14:21:22 -0300] "GET /cormun/servlet/trpermisosadjuntos?10026195,20180726121957,P, HTTP/1.1" 200 7047
200.120.230.22 - - [26/Jul/2018:14:21:22 -0300] "GET /cormun/servlet/trpermisosadjuntos?10026195,20180726121957,P, HTTP/1.1" 200 7044
192.168.10.96 - - [26/Jul/2018:14:21:26 -0300] "GET /cormun/servlet/trsolicitudgral? HTTP/1.1" 200 21899
200.120.230.22 - - [26/Jul/2018:14:21:26 -0300] "POST /cormun/servlet/trpermisosadjuntos?289026d069b9670ff4debfee2fbe0d54,10026195,20180726121957,P,,gx-no-cache=1532625615699 HTTP/1.1" 200 90
200.120.230.22 - - [26/Jul/2018:14:21:26 -0300] "GET /cormun/servlet/hpexe_link HTTP/1.1" 200 1009
200.120.230.22 - - [26/Jul/2018:14:21:26 -0300] "GET /cormun/servlet/trpermisosgoce?gx-no-cache=1532623379866 HTTP/1.1" 200 12541
192.168.10.96 - - [26/Jul/2018:14:21:26 -0300] "GET /cormun/servlet/trsolicitudgral? HTTP/1.1" 200 21896
200.120.230.22 - - [26/Jul/2018:14:21:26 -0300] "GET /cormun/servlet/trpermisosgoce?gx-no-cache=1532623379866 HTTP/1.1" 200 12554
190.151.100.218 - - [26/Jul/2018:14:21:30 -0300] "POST /cormun/servlet/solicitudot?gx-no-cache=1532625620161 HTTP/1.1" 200 1357
190.151.100.218 - - [26/Jul/2018:14:21:30 -0300] "POST /cormun/servlet/solicitudot?gx-no-cache=1532625620222 HTTP/1.1" 200 1257
190.151.100.218 - - [26/Jul/2018:14:21:37 -0300] "GET /cormun/servlet/solicitudot?94869ed08e62f5e3ef92e5d5c643661208b4ed9fbab6086f1fc372a6ef8308b1421e708f9b9b4a29747c8502006a42d1,gx-no-cache=1532625627026 HTTP/1.1" 200 30
186.79.13.90 - - [26/Jul/2018:14:21:38 -0300] "GET /cormun/servlet/trpermisosadjuntos?15995528,20180726122423,P, HTTP/1.1" 200 6575
186.79.13.90 - - [26/Jul/2018:14:21:38 -0300] "GET /cormun/servlet/trpermisosadjuntos?15995528,20180726122423,P, HTTP/1.1" 200 6553
200.120.230.22 - - [26/Jul/2018:14:21:41 -0300] "GET /cormun/servlet/permisosadjuntos?INS,15995528,P,20180726122423,, HTTP/1.1" 200 5881
190.151.100.218 - - [26/Jul/2018:14:21:42 -0300] "POST /cormun/servlet/solicitudot?gx-no-cache=1532625631756 HTTP/1.1" 200 34
186.79.13.90 - - [26/Jul/2018:14:21:45 -0300] "GET /cormun/servlet/permisosadjuntos?INS,15995528,P,20180726122423,, HTTP/1.1" 200 5880
186.79.13.90 - - [26/Jul/2018:14:21:45 -0300] "GET /cormun/static/about:blank HTTP/1.1" 404 1011
186.79.13.90 - - [26/Jul/2018:14:21:45 -0300] "GET /cormun/servlet/permisosadjuntos?INS,15995528,P,20180726122423,, HTTP/1.1" 200 5870
200.120.230.22 - - [26/Jul/2018:14:22:01 -0300] "POST /cormun/servlet/permisosadjuntos?289026d069b9670ff4debfee2fbe0d54,INS,15995528,P,20180726122423,, HTTP/1.1" 200 116
200.120.230.22 - - [26/Jul/2018:14:22:01 -0300] "GET /cormun/servlet/hpexe_return? HTTP/1.1" 200 1043
200.120.230.22 - - [26/Jul/2018:14:22:01 -0300] "GET /cormun/servlet/trpermisosadjuntos?15995528,20180726122423,P, HTTP/1.1" 200 7063
200.120.230.22 - - [26/Jul/2018:14:22:01 -0300] "GET /cormun/servlet/trpermisosadjuntos?15995528,20180726122423,P, HTTP/1.1" 200 7059
186.79.13.90 - - [26/Jul/2018:14:22:05 -0300] "POST /cormun/servlet/trpermisosadjuntos?289026d069b9670ff4debfee2fbe0d54,15995528,20180726122423,P,,gx-no-cache=1532625654412 HTTP/1.1" 200 90
186.79.13.90 - - [26/Jul/2018:14:22:05 -0300] "GET /cormun/servlet/hpexe_link HTTP/1.1" 200 1009
186.79.13.90 - - [26/Jul/2018:14:22:05 -0300] "GET /cormun/servlet/trpermisosgoce?gx-no-cache=1532623379866 HTTP/1.1" 200 12557
186.79.13.90 - - [26/Jul/2018:14:22:06 -0300] "GET /cormun/servlet/trpermisosgoce?gx-no-cache=1532623379866 HTTP/1.1" 200 12565
190.151.100.218 - - [26/Jul/2018:14:22:25 -0300] "POST /cormun/servlet/solicitudot?77265bf3f387b79ddfc4b7d657408dab,INS,0,0,,gx-no-cache=1532625674701 HTTP/1.1" 200 93
190.151.100.218 - - [26/Jul/2018:14:22:25 -0300] "GET /cormun/servlet/hpexe_return? HTTP/1.1" 200 1005
190.151.100.218 - - [26/Jul/2018:14:22:26 -0300] "GET /cormun/servlet/trsolicitudot? HTTP/1.1" 200 8643
190.151.100.218 - - [26/Jul/2018:14:22:26 -0300] "GET /cormun/servlet/trsolicitudot? HTTP/1.1" 200 8639
200.111.122.170 - - [26/Jul/2018:14:22:26 -0300] "GET /cormun//static/Resources/PXToolsActionView.png HTTP/1.1" 200 2995
186.10.12.250 - - [26/Jul/2018:14:22:26 -0300] "GET /cormun//static/Resources/PXToolsRemoveAllAction.png HTTP/1.1" 200 3558
186.10.12.250 - - [26/Jul/2018:14:22:38 -0300] "POST /cormun/servlet/trsolicitudot?77265bf3f387b79ddfc4b7d657408dab,,gx-no-cache=1532625687829 HTTP/1.1" 200 106
186.10.12.250 - - [26/Jul/2018:14:22:38 -0300] "GET /cormun/servlet/trsolicitudadjuntos?2018,11929, HTTP/1.1" 200 6080
186.10.12.250 - - [26/Jul/2018:14:22:38 -0300] "GET /cormun/static/gxcfg.js?20177612135366 HTTP/1.1" 200 953
200.111.122.170 - - [26/Jul/2018:14:22:38 -0300] "GET /cormun/static/trsolicitudadjuntos.js?20177612135632 HTTP/1.1" 200 17922
200.111.122.170 - - [26/Jul/2018:14:22:38 -0300] "GET /cormun/servlet/trsolicitudadjuntos?2018,11929, HTTP/1.1" 200 6080
200.120.230.22 - - [26/Jul/2018:14:22:42 -0300] "GET /cormun/servlet/permisogoce?DSP,21754372,P,20180726123129, HTTP/1.1" 200 7022
200.120.230.22 - - [26/Jul/2018:14:22:42 -0300] "GET /cormun/servlet/permisogoce?DSP,21754372,P,20180726123129, HTTP/1.1" 200 7002
200.111.122.170 - - [26/Jul/2018:14:22:43 -0300] "GET /cormun/servlet/solicitudotadjuntos?INS,2018,11929,,1, HTTP/1.1" 200 6026
186.10.12.250 - - [26/Jul/2018:14:22:43 -0300] "GET /cormun/static/solicitudotadjuntos.js?2017761244086 HTTP/1.1" 200 11771
200.111.122.170 - - [26/Jul/2018:14:22:43 -0300] "GET /cormun/static/gxcfg.js?2017761244068 HTTP/1.1" 200 953
200.111.122.170 - - [26/Jul/2018:14:22:43 -0300] "GET /cormun/static/about:blank HTTP/1.1" 404 1011
200.111.122.170 - - [26/Jul/2018:14:22:44 -0300] "GET /cormun/servlet/solicitudotadjuntos?INS,2018,11929,,1, HTTP/1.1" 200 6019
200.111.122.170 - - [26/Jul/2018:14:22:44 -0300] "GET /cormun/servlet/solicitudotadjuntos?94869ed08e62f5e3ef92e5d5c64366125f87e2a92a002efc92fad759ed032172640864704451e2a3f2a1e4f12e6f557f,gx-no-cache=1532625694299 HTTP/1.1" 200 30
200.111.122.170 - - [26/Jul/2018:14:22:44 -0300] "POST /cormun/servlet/solicitudotadjuntos?77265bf3f387b79ddfc4b7d657408dab,INS,2018,11929,,1,,gx-no-cache=1532625694385 HTTP/1.1" 200 3794
186.79.13.90 - - [26/Jul/2018:14:22:47 -0300] "POST /cormun/servlet/permisogoce?289026d069b9670ff4debfee2fbe0d54,DSP,21754372,P,20180726123129,,gx-no-cache=1532625696792 HTTP/1.1" 200 90
186.79.13.90 - - [26/Jul/2018:14:22:47 -0300] "GET /cormun/servlet/hpexe_link HTTP/1.1" 200 1007
186.79.13.90 - - [26/Jul/2018:14:22:47 -0300] "GET /cormun/servlet/trpermisosgoce?gx-no-cache=1532623379866 HTTP/1.1" 200 12557
186.79.13.90 - - [26/Jul/2018:14:22:48 -0300] "GET /cormun/servlet/trpermisosgoce?gx-no-cache=1532623379866 HTTP/1.1" 200 12569
200.111.122.170 - - [26/Jul/2018:14:22:51 -0300] "POST /cormun/servlet/solicitudotadjuntos?gx-no-cache=1532625701186 HTTP/1.1" 200 26
186.79.13.90 - - [26/Jul/2018:14:22:52 -0300] "GET /cormun/servlet/trpermisosadjuntos?21754372,20180726123129,P, HTTP/1.1" 200 7060
186.79.13.90 - - [26/Jul/2018:14:22:52 -0300] "GET /cormun/servlet/trpermisosadjuntos?21754372,20180726123129,P, HTTP/1.1" 200 7038
186.79.229.230 - - [26/Jul/2018:14:22:52 -0300] "GET /cormun/servlet/hlogin HTTP/1.1" 200 1720
186.79.229.230 - - [26/Jul/2018:14:23:03 -0300] "POST /cormun/servlet/hlogin?7c739b36bc52089c89dc99ca00cd87b9,gx-no-cache=1532622113351 HTTP/1.1" 200 90
186.79.229.230 - - [26/Jul/2018:14:23:03 -0300] "GET /cormun/servlet/hpexe_link HTTP/1.1" 200 944
186.79.229.230 - - [26/Jul/2018:14:23:03 -0300] "GET /cormun/servlet/hhome HTTP/1.1" 200 3996
186.79.229.230 - - [26/Jul/2018:14:23:03 -0300] "GET /cormun/servlet/hhome HTTP/1.1" 200 3992
186.79.229.230 - - [26/Jul/2018:14:23:06 -0300] "GET /cormun/servlet/trlicencias? HTTP/1.1" 200 8991
186.79.229.230 - - [26/Jul/2018:14:23:07 -0300] "GET /cormun/servlet/trlicencias? HTTP/1.1" 200 8988
200.111.122.170 - - [26/Jul/2018:14:23:07 -0300] "GET /cormun/servlet/solicitudotadjuntos?94869ed08e62f5e3ef92e5d5c64366126d42ad46aafe68c1706d71a3ef3ac288,gx-no-cache=1532625716964 HTTP/1.1" 200 30
200.111.122.170 - - [26/Jul/2018:14:23:07 -0300] "GET /cormun/servlet/solicitudotadjuntos?94869ed08e62f5e3ef92e5d5c64366126d42ad46aafe68c1706d71a3ef3ac288,gx-no-cache=1532625716991 HTTP/1.1" 200 30
200.111.122.170 - - [26/Jul/2018:14:23:10 -0300] "POST /cormun/servlet/solicitudotadjuntos?77265bf3f387b79ddfc4b7d657408dab,INS,2018,11929,,1, HTTP/1.1" 200 116
200.111.122.170 - - [26/Jul/2018:14:23:10 -0300] "GET /cormun/servlet/hpexe_return? HTTP/1.1" 200 1024
200.111.122.170 - - [26/Jul/2018:14:23:10 -0300] "GET /cormun/servlet/trsolicitudadjuntos?2018,11929, HTTP/1.1" 200 8559
200.111.122.170 - - [26/Jul/2018:14:23:11 -0300] "GET /cormun/servlet/trsolicitudadjuntos?2018,11929, HTTP/1.1" 200 8555
186.79.229.230 - - [26/Jul/2018:14:23:12 -0300] "GET /cormun/servlet/hlogin HTTP/1.1" 200 1731
186.10.12.250 - - [26/Jul/2018:14:23:23 -0300] "GET /cormun/servlet/solicitudotadjuntos?INS,2018,11929,,1, HTTP/1.1" 200 6026
186.10.12.250 - - [26/Jul/2018:14:23:23 -0300] "GET /cormun/static/about:blank HTTP/1.1" 404 1011
186.10.12.250 - - [26/Jul/2018:14:23:24 -0300] "GET /cormun/servlet/solicitudotadjuntos?INS,2018,11929,,1, HTTP/1.1" 200 6019
186.10.12.250 - - [26/Jul/2018:14:23:24 -0300] "GET /cormun/servlet/solicitudotadjuntos?94869ed08e62f5e3ef92e5d5c64366125f87e2a92a002efc92fad759ed032172640864704451e2a3f2a1e4f12e6f557f,gx-no-cache=1532625734278 HTTP/1.1" 200 30
186.10.12.250 - - [26/Jul/2018:14:23:24 -0300] "POST /cormun/servlet/solicitudotadjuntos?77265bf3f387b79ddfc4b7d657408dab,INS,2018,11929,,1,,gx-no-cache=1532625734378 HTTP/1.1" 200 3794
186.79.13.90 - - [26/Jul/2018:14:23:28 -0300] "POST /cormun/servlet/trpermisosadjuntos?289026d069b9670ff4debfee2fbe0d54,21754372,20180726123129,P,,gx-no-cache=1532625737941 HTTP/1.1" 200 90
186.79.13.90 - - [26/Jul/2018:14:23:28 -0300] "GET /cormun/servlet/hpexe_link HTTP/1.1" 200 1009
186.79.13.90 - - [26/Jul/2018:14:23:29 -0300] "GET /cormun/servlet/trpermisosgoce?gx-no-cache=1532623379866 HTTP/1.1" 200 12550
186.79.13.90 - - [26/Jul/2018:14:23:29 -0300] "GET /cormun/servlet/trpermisosgoce?gx-no-cache=1532623379866 HTTP/1.1" 200 12567
186.79.13.90 - - [26/Jul/2018:14:23:32 -0300] "GET /cormun/servlet/trpermisosadjuntos?23711264,20180726122716,P, HTTP/1.1" 200 7062
186.79.13.90 - - [26/Jul/2018:14:23:33 -0300] "GET /cormun/servlet/trpermisosadjuntos?23711264,20180726122716,P, HTTP/1.1" 200 7041
186.10.12.250 - - [26/Jul/2018:14:23:33 -0300] "POST /cormun/servlet/solicitudotadjuntos?gx-no-cache=1532625743099 HTTP/1.1" 200 26
192.168.10.96 - - [26/Jul/2018:14:23:41 -0300] "POST /cormun/servlet/trsolicitudgral?8f18a77e5387d7d78a53c61f89a08b5b,,gx-no-cache=1532625607680 HTTP/1.1" 200 7586
186.10.12.250 - - [26/Jul/2018:14:23:43 -0300] "GET /cormun/servlet/solicitudotadjuntos?94869ed08e62f5e3ef92e5d5c64366126d42ad46aafe68c1706d71a3ef3ac288,gx-no-cache=1532625753203 HTTP/1.1" 200 30
186.10.12.250 - - [26/Jul/2018:14:23:43 -0300] "GET /cormun/servlet/solicitudotadjuntos?94869ed08e62f5e3ef92e5d5c64366126d42ad46aafe68c1706d71a3ef3ac288,gx-no-cache=1532625753601 HTTP/1.1" 200 30
186.10.12.250 - - [26/Jul/2018:14:23:45 -0300] "POST /cormun/servlet/solicitudotadjuntos?77265bf3f387b79ddfc4b7d657408dab,INS,2018,11929,,1, HTTP/1.1" 200 116
186.10.12.250 - - [26/Jul/2018:14:23:45 -0300] "GET /cormun/servlet/hpexe_return? HTTP/1.1" 200 1024
186.10.12.250 - - [26/Jul/2018:14:23:46 -0300] "GET /cormun/servlet/trsolicitudadjuntos?2018,11929, HTTP/1.1" 200 8781
186.10.12.250 - - [26/Jul/2018:14:23:46 -0300] "GET /cormun/servlet/trsolicitudadjuntos?2018,11929, HTTP/1.1" 200 8781
186.67.203.186 - - [26/Jul/2018:14:23:54 -0300] "GET /cormun/servlet/solicitudotadjuntos?INS,2018,11929,,1, HTTP/1.1" 200 6027
186.67.203.186 - - [26/Jul/2018:14:23:54 -0300] "GET /cormun/static/about:blank HTTP/1.1" 404 1011
192.168.10.96 - - [26/Jul/2018:14:23:54 -0300] "POST /cormun/servlet/trsolicitudgral?8f18a77e5387d7d78a53c61f89a08b5b,,gx-no-cache=1532625621089 HTTP/1.1" 200 7291
186.67.203.186 - - [26/Jul/2018:14:23:55 -0300] "GET /cormun/servlet/solicitudotadjuntos?INS,2018,11929,,1, HTTP/1.1" 200 6021
186.67.203.186 - - [26/Jul/2018:14:23:55 -0300] "GET /cormun/servlet/solicitudotadjuntos?94869ed08e62f5e3ef92e5d5c64366125f87e2a92a002efc92fad759ed032172640864704451e2a3f2a1e4f12e6f557f,gx-no-cache=1532625765272 HTTP/1.1" 200 30
186.67.203.186 - - [26/Jul/2018:14:23:55 -0300] "POST /cormun/servlet/solicitudotadjuntos?77265bf3f387b79ddfc4b7d657408dab,INS,2018,11929,,1,,gx-no-cache=1532625765342 HTTP/1.1" 200 3795
192.168.10.96 - - [26/Jul/2018:14:23:57 -0300] "GET /cormun/servlet/vesolicitudgral?2018,11877,, HTTP/1.1" 200 9258
192.168.10.96 - - [26/Jul/2018:14:23:57 -0300] "GET /cormun/pexe_scrolldiv.js HTTP/1.1" 404 1009
192.168.10.96 - - [26/Jul/2018:14:23:57 -0300] "GET /cormun/pexe_scrolldiv.js HTTP/1.1" 404 1009
192.168.10.96 - - [26/Jul/2018:14:23:58 -0300] "GET /cormun/servlet/vesolicitudgral?2018,11877,, HTTP/1.1" 200 9257
192.168.10.96 - - [26/Jul/2018:14:23:59 -0300] "GET /cormun/servlet/vesolicitudgral?2018,11877,,SolicitudOTAdjuntos HTTP/1.1" 200 11292
192.168.10.96 - - [26/Jul/2018:14:23:59 -0300] "GET /cormun/pexe_scrolldiv.js HTTP/1.1" 404 1009
192.168.10.96 - - [26/Jul/2018:14:24:00 -0300] "GET /cormun/pexe_scrolldiv.js HTTP/1.1" 404 1009
192.168.10.96 - - [26/Jul/2018:14:24:00 -0300] "GET /cormun/servlet/vesolicitudgral?2018,11877,,SolicitudOTAdjuntos HTTP/1.1" 200 11297
192.168.10.96 - - [26/Jul/2018:14:24:01 -0300] "POST /cormun/servlet/acontrolpreferencessavestate?None,DZAMUDIO,true HTTP/1.1" 200 35
192.168.10.96 - - [26/Jul/2018:14:24:02 -0300] "GET /cormun/PublicTempStorage/carnet_carolina_allende1519965.pdf HTTP/1.1" 200 366040
186.67.203.186 - - [26/Jul/2018:14:24:04 -0300] "POST /cormun/servlet/solicitudotadjuntos?gx-no-cache=1532625774355 HTTP/1.1" 200 26
192.168.10.96 - - [26/Jul/2018:14:24:15 -0300] "GET /cormun/servlet/vesolicitudgral?2018,11877,,SolicitudOTAdjuntos HTTP/1.1" 200 11293
192.168.10.96 - - [26/Jul/2018:14:24:16 -0300] "GET /cormun/servlet/vesolicitudgral?2018,11877,,SolicitudOTAdjuntos HTTP/1.1" 200 11294
192.168.10.96 - - [26/Jul/2018:14:24:16 -0300] "POST /cormun/servlet/acontrolpreferencessavestate?None,DZAMUDIO,true HTTP/1.1" 200 35
192.168.10.96 - - [26/Jul/2018:14:24:20 -0300] "GET /cormun/PublicTempStorage/titulo_carolina_allende78671.pdf HTTP/1.1" 200 1026287
186.67.203.186 - - [26/Jul/2018:14:24:22 -0300] "GET /cormun/servlet/solicitudotadjuntos?94869ed08e62f5e3ef92e5d5c64366126d42ad46aafe68c1706d71a3ef3ac288,gx-no-cache=1532625792091 HTTP/1.1" 200 30
186.67.203.186 - - [26/Jul/2018:14:24:22 -0300] "GET /cormun/servlet/solicitudotadjuntos?94869ed08e62f5e3ef92e5d5c64366126d42ad46aafe68c1706d71a3ef3ac288,gx-no-cache=1532625792123 HTTP/1.1" 200 30
192.168.10.96 - - [26/Jul/2018:14:24:24 -0300] "GET /cormun/servlet/vesolicitudgral?2018,11877,,SolicitudOTAdjuntos HTTP/1.1" 200 11295
186.67.203.186 - - [26/Jul/2018:14:24:24 -0300] "POST /cormun/servlet/solicitudotadjuntos?77265bf3f387b79ddfc4b7d657408dab,INS,2018,11929,,1, HTTP/1.1" 200 116
186.67.203.186 - - [26/Jul/2018:14:24:24 -0300] "GET /cormun/servlet/hpexe_return? HTTP/1.1" 200 1024
192.168.10.96 - - [26/Jul/2018:14:24:25 -0300] "GET /cormun/servlet/vesolicitudgral?2018,11877,,SolicitudOTAdjuntos HTTP/1.1" 200 11295
186.67.203.186 - - [26/Jul/2018:14:24:25 -0300] "GET /cormun/servlet/trsolicitudadjuntos?2018,11929, HTTP/1.1" 200 8964
192.168.10.96 - - [26/Jul/2018:14:24:25 -0300] "POST /cormun/servlet/acontrolpreferencessavestate?None,DZAMUDIO,true HTTP/1.1" 200 35
186.67.203.186 - - [26/Jul/2018:14:24:27 -0300] "GET /cormun/servlet/trsolicitudadjuntos?2018,11929, HTTP/1.1" 200 8962
192.168.10.96 - - [26/Jul/2018:14:24:28 -0300] "GET /cormun/PublicTempStorage/afp_carolina_allende2760817.pdf HTTP/1.1" 200 457010
186.67.203.186 - - [26/Jul/2018:14:24:29 -0300] "GET /cormun/servlet/solicitudotadjuntos?INS,2018,11929,,1, HTTP/1.1" 200 6027
186.67.203.186 - - [26/Jul/2018:14:24:29 -0300] "GET /cormun/static/about:blank HTTP/1.1" 404 1011
200.72.197.82 - - [26/Jul/2018:14:24:29 -0300] "GET /cormun/servlet/solicitudotadjuntos?INS,2018,11929,,1, HTTP/1.1" 200 6021
200.72.197.82 - - [26/Jul/2018:14:24:30 -0300] "GET /cormun/servlet/solicitudotadjuntos?94869ed08e62f5e3ef92e5d5c64366125f87e2a92a002efc92fad759ed032172640864704451e2a3f2a1e4f12e6f557f,gx-no-cache=1532625799924 HTTP/1.1" 200 30
200.72.197.82 - - [26/Jul/2018:14:24:30 -0300] "POST /cormun/servlet/solicitudotadjuntos?77265bf3f387b79ddfc4b7d657408dab,INS,2018,11929,,1,,gx-no-cache=1532625800050 HTTP/1.1" 200 3795
186.79.13.90 - - [26/Jul/2018:14:24:32 -0300] "POST /cormun/servlet/trpermisosadjuntos?289026d069b9670ff4debfee2fbe0d54,23711264,20180726122716,P,,gx-no-cache=1532625801552 HTTP/1.1" 200 90
186.79.13.90 - - [26/Jul/2018:14:24:32 -0300] "GET /cormun/servlet/hpexe_link HTTP/1.1" 200 1009
186.79.13.90 - - [26/Jul/2018:14:24:32 -0300] "GET /cormun/servlet/trpermisosgoce?gx-no-cache=1532623379866 HTTP/1.1" 200 12549
192.168.10.96 - - [26/Jul/2018:14:24:33 -0300] "GET /cormun/servlet/vesolicitudgral?2018,11877,,SolicitudOTAdjuntos HTTP/1.1" 200 11297
186.79.13.90 - - [26/Jul/2018:14:24:33 -0300] "GET /cormun/servlet/trpermisosgoce?gx-no-cache=1532623379866 HTTP/1.1" 200 12571
192.168.10.96 - - [26/Jul/2018:14:24:33 -0300] "GET /cormun/servlet/vesolicitudgral?2018,11877,,SolicitudOTAdjuntos HTTP/1.1" 200 11297
192.168.10.96 - - [26/Jul/2018:14:24:34 -0300] "POST /cormun/servlet/acontrolpreferencessavestate?None,DZAMUDIO,true HTTP/1.1" 200 35
200.72.197.82 - - [26/Jul/2018:14:24:35 -0300] "POST /cormun/servlet/solicitudotadjuntos?gx-no-cache=1532625804802 HTTP/1.1" 200 26
192.168.10.96 - - [26/Jul/2018:14:24:36 -0300] "GET /cormun/PublicTempStorage/fonasa_carolina_allende9771583.pdf HTTP/1.1" 200 411775
200.120.230.22 - - [26/Jul/2018:14:24:39 -0300] "POST /cormun/servlet/trpermisosgoce?289026d069b9670ff4debfee2fbe0d54,gx-no-cache=1532623379866,gx-no-cache=1532625809113 HTTP/1.1" 200 9675
200.120.230.22 - - [26/Jul/2018:14:24:40 -0300] "GET /cormun/static/Shared/jqueryui/images/ui-bg_highlight-soft_100_c6c2c8_1x100.png HTTP/1.1" 404 1117
200.120.230.22 - - [26/Jul/2018:14:24:40 -0300] "GET /cormun/static/Shared/jqueryui/images/ui-icons_82798d_256x240.png HTTP/1.1" 404 1089
200.120.230.22 - - [26/Jul/2018:14:24:40 -0300] "GET /cormun/static/Shared/jqueryui/images/ui-bg_flat_55_fafafa_40x100.png HTTP/1.1" 404 1097
200.120.230.22 - - [26/Jul/2018:14:24:40 -0300] "GET /cormun/static/Shared/jqueryui/images/ui-icons_8d78a5_256x240.png HTTP/1.1" 404 1089
192.168.10.96 - - [26/Jul/2018:14:24:40 -0300] "GET /cormun/servlet/vesolicitudgral?2018,11877,,SolicitudOTAdjuntos HTTP/1.1" 200 11295
192.168.10.96 - - [26/Jul/2018:14:24:41 -0300] "GET /cormun/servlet/vesolicitudgral?2018,11877,,SolicitudOTAdjuntos HTTP/1.1" 200 11295
192.168.10.96 - - [26/Jul/2018:14:24:42 -0300] "POST /cormun/servlet/acontrolpreferencessavestate?None,DZAMUDIO,true HTTP/1.1" 200 35
200.72.197.82 - - [26/Jul/2018:14:24:43 -0300] "GET /cormun/servlet/solicitudotadjuntos?94869ed08e62f5e3ef92e5d5c64366126d42ad46aafe68c1706d71a3ef3ac288,gx-no-cache=1532625812698 HTTP/1.1" 200 30
200.72.197.82 - - [26/Jul/2018:14:24:43 -0300] "GET /cormun/servlet/solicitudotadjuntos?94869ed08e62f5e3ef92e5d5c64366126d42ad46aafe68c1706d71a3ef3ac288,gx-no-cache=1532625812779 HTTP/1.1" 200 30
192.168.10.96 - - [26/Jul/2018:14:24:43 -0300] "GET /cormun/PublicTempStorage/cv_carolina_allende3140827.pdf HTTP/1.1" 200 404242
200.72.197.82 - - [26/Jul/2018:14:24:45 -0300] "POST /cormun/servlet/solicitudotadjuntos?77265bf3f387b79ddfc4b7d657408dab,INS,2018,11929,,1, HTTP/1.1" 200 116
200.72.197.82 - - [26/Jul/2018:14:24:45 -0300] "GET /cormun/servlet/hpexe_return? HTTP/1.1" 200 1024
200.72.197.82 - - [26/Jul/2018:14:24:46 -0300] "GET /cormun/servlet/trsolicitudadjuntos?2018,11929, HTTP/1.1" 200 9164
200.72.197.82 - - [26/Jul/2018:14:24:46 -0300] "GET /cormun/servlet/trsolicitudadjuntos?2018,11929, HTTP/1.1" 200 9164
192.168.10.96 - - [26/Jul/2018:14:24:47 -0300] "GET /cormun/servlet/vesolicitudgral?2018,11877,,SolicitudOTAdjuntos HTTP/1.1" 200 11290
192.168.10.96 - - [26/Jul/2018:14:24:48 -0300] "GET /cormun/servlet/vesolicitudgral?2018,11877,,SolicitudOTAdjuntos HTTP/1.1" 200 11296
192.168.10.96 - - [26/Jul/2018:14:24:49 -0300] "POST /cormun/servlet/acontrolpreferencessavestate?None,DZAMUDIO,true HTTP/1.1" 200 35
186.67.203.186 - - [26/Jul/2018:14:24:49 -0300] "GET /cormun/servlet/solicitudotadjuntos?INS,2018,11929,,1, HTTP/1.1" 200 6026
186.67.203.186 - - [26/Jul/2018:14:24:49 -0300] "GET /cormun/static/about:blank HTTP/1.1" 404 1011
186.67.203.186 - - [26/Jul/2018:14:24:49 -0300] "GET /cormun/servlet/solicitudotadjuntos?INS,2018,11929,,1, HTTP/1.1" 200 6020
190.151.100.218 - - [26/Jul/2018:14:24:50 -0300] "GET /cormun/servlet/solicitudotadjuntos?94869ed08e62f5e3ef92e5d5c64366125f87e2a92a002efc92fad759ed032172640864704451e2a3f2a1e4f12e6f557f,gx-no-cache=1532625819756 HTTP/1.1" 200 30
190.151.100.218 - - [26/Jul/2018:14:24:50 -0300] "POST /cormun/servlet/solicitudotadjuntos?77265bf3f387b79ddfc4b7d657408dab,INS,2018,11929,,1,,gx-no-cache=1532625819829 HTTP/1.1" 200 3794
190.151.100.218 - - [26/Jul/2018:14:24:56 -0300] "POST /cormun/servlet/solicitudotadjuntos?gx-no-cache=1532625825874 HTTP/1.1" 200 26
190.151.100.218 - - [26/Jul/2018:14:25:11 -0300] "GET /cormun/servlet/solicitudotadjuntos?94869ed08e62f5e3ef92e5d5c64366126d42ad46aafe68c1706d71a3ef3ac288,gx-no-cache=1532625841307 HTTP/1.1" 200 30
190.151.100.218 - - [26/Jul/2018:14:25:11 -0300] "GET /cormun/servlet/solicitudotadjuntos?94869ed08e62f5e3ef92e5d5c64366126d42ad46aafe68c1706d71a3ef3ac288,gx-no-cache=1532625841389 HTTP/1.1" 200 30
186.79.13.90 - - [26/Jul/2018:14:25:13 -0300] "POST /cormun/servlet/trpermisosgoce?289026d069b9670ff4debfee2fbe0d54,gx-no-cache=1532623379866,gx-no-cache=1532625842326 HTTP/1.1" 200 9681
190.151.100.218 - - [26/Jul/2018:14:25:16 -0300] "POST /cormun/servlet/solicitudotadjuntos?77265bf3f387b79ddfc4b7d657408dab,INS,2018,11929,,1, HTTP/1.1" 200 116
190.151.100.218 - - [26/Jul/2018:14:25:16 -0300] "GET /cormun/servlet/hpexe_return? HTTP/1.1" 200 1024
190.151.100.218 - - [26/Jul/2018:14:25:17 -0300] "GET /cormun/servlet/trsolicitudadjuntos?2018,11929, HTTP/1.1" 200 9401
190.151.100.218 - - [26/Jul/2018:14:25:17 -0300] "GET /cormun/servlet/trsolicitudadjuntos?2018,11929, HTTP/1.1" 200 9399
190.151.100.218 - - [26/Jul/2018:14:25:20 -0300] "GET /cormun/servlet/solicitudotadjuntos?INS,2018,11929,,1, HTTP/1.1" 200 6026
190.151.100.218 - - [26/Jul/2018:14:25:20 -0300] "GET /cormun/static/about:blank HTTP/1.1" 404 1011
190.151.100.218 - - [26/Jul/2018:14:25:21 -0300] "GET /cormun/servlet/solicitudotadjuntos?INS,2018,11929,,1, HTTP/1.1" 200 6020
186.79.13.90 - - [26/Jul/2018:14:25:21 -0300] "POST /cormun/servlet/trpermisosgoce?289026d069b9670ff4debfee2fbe0d54,gx-no-cache=1532623379866,gx-no-cache=1532625848419 HTTP/1.1" 200 9657
186.10.12.250 - - [26/Jul/2018:14:25:21 -0300] "GET /cormun/servlet/solicitudotadjuntos?94869ed08e62f5e3ef92e5d5c64366125f87e2a92a002efc92fad759ed032172640864704451e2a3f2a1e4f12e6f557f,gx-no-cache=1532625851083 HTTP/1.1" 200 30
186.10.12.250 - - [26/Jul/2018:14:25:21 -0300] "POST /cormun/servlet/solicitudotadjuntos?77265bf3f387b79ddfc4b7d657408dab,INS,2018,11929,,1,,gx-no-cache=1532625851120 HTTP/1.1" 200 3794
186.79.13.90 - - [26/Jul/2018:14:25:25 -0300] "POST /cormun/servlet/trpermisosgoce?289026d069b9670ff4debfee2fbe0d54,gx-no-cache=1532623379866,gx-no-cache=1532625854028 HTTP/1.1" 200 9663
186.10.12.250 - - [26/Jul/2018:14:25:36 -0300] "POST /cormun/servlet/solicitudotadjuntos?gx-no-cache=1532625865802 HTTP/1.1" 200 26
186.79.13.90 - - [26/Jul/2018:14:25:39 -0300] "GET /cormun/servlet/trpermisosadjuntos?9343812,20180726122513,P, HTTP/1.1" 200 7059
186.79.13.90 - - [26/Jul/2018:14:25:40 -0300] "GET /cormun/servlet/trpermisosadjuntos?9343812,20180726122513,P, HTTP/1.1" 200 7039
186.79.13.90 - - [26/Jul/2018:14:25:47 -0300] "GET /cormun/PublicTempStorage/angelica_guzman587263.pdf HTTP/1.1" 200 252165
186.79.13.90 - - [26/Jul/2018:14:25:50 -0300] "GET /cormun/servlet/trpermisosadjuntos?9343812,20180726122513,P, HTTP/1.1" 200 7060
186.79.13.90 - - [26/Jul/2018:14:25:50 -0300] "GET /cormun/servlet/trpermisosadjuntos?9343812,20180726122513,P, HTTP/1.1" 200 7039
186.79.13.90 - - [26/Jul/2018:14:25:54 -0300] "POST /cormun/servlet/trpermisosadjuntos?289026d069b9670ff4debfee2fbe0d54,9343812,20180726122513,P,,gx-no-cache=1532625883936 HTTP/1.1" 200 90
186.79.13.90 - - [26/Jul/2018:14:25:55 -0300] "GET /cormun/servlet/hpexe_link HTTP/1.1" 200 1008
186.79.13.90 - - [26/Jul/2018:14:25:55 -0300] "GET /cormun/servlet/trpermisosgoce?gx-no-cache=1532623379866 HTTP/1.1" 200 12553
186.79.13.90 - - [26/Jul/2018:14:25:55 -0300] "GET /cormun/servlet/trpermisosgoce?gx-no-cache=1532623379866 HTTP/1.1" 200 12564
186.79.13.90 - - [26/Jul/2018:14:26:06 -0300] "POST /cormun/servlet/trpermisosgoce?289026d069b9670ff4debfee2fbe0d54,gx-no-cache=1532623379866,gx-no-cache=1532625894983 HTTP/1.1" 200 9675
186.79.13.90 - - [26/Jul/2018:14:26:06 -0300] "GET /cormun/static/Shared/jqueryui/images/ui-bg_highlight-soft_100_c6c2c8_1x100.png HTTP/1.1" 404 1117
200.120.230.22 - - [26/Jul/2018:14:26:06 -0300] "GET /cormun/static/Shared/jqueryui/images/ui-icons_82798d_256x240.png HTTP/1.1" 404 1089
200.120.230.22 - - [26/Jul/2018:14:26:06 -0300] "GET /cormun/static/Shared/jqueryui/images/ui-bg_flat_55_fafafa_40x100.png HTTP/1.1" 404 1097
186.79.13.90 - - [26/Jul/2018:14:26:06 -0300] "GET /cormun/static/Shared/jqueryui/images/ui-icons_8d78a5_256x240.png HTTP/1.1" 404 1089
186.79.13.90 - - [26/Jul/2018:14:26:10 -0300] "POST /cormun/servlet/trpermisosgoce?289026d069b9670ff4debfee2fbe0d54,gx-no-cache=1532623379866,gx-no-cache=1532625898565 HTTP/1.1" 200 9665
186.79.13.90 - - [26/Jul/2018:14:26:17 -0300] "POST /cormun/servlet/trpermisosgoce?289026d069b9670ff4debfee2fbe0d54,gx-no-cache=1532623379866,gx-no-cache=1532625906230 HTTP/1.1" 200 9648
186.79.13.90 - - [26/Jul/2018:14:26:22 -0300] "POST /cormun/servlet/trpermisosgoce?289026d069b9670ff4debfee2fbe0d54,gx-no-cache=1532623379866,gx-no-cache=1532625910765 HTTP/1.1" 200 9670
186.79.13.90 - - [26/Jul/2018:14:26:25 -0300] "POST /cormun/servlet/trpermisosgoce?289026d069b9670ff4debfee2fbe0d54,gx-no-cache=1532623379866,gx-no-cache=1532625913891 HTTP/1.1" 200 9633
186.79.13.90 - - [26/Jul/2018:14:26:29 -0300] "POST /cormun/servlet/trpermisosgoce?289026d069b9670ff4debfee2fbe0d54,gx-no-cache=1532623379866,gx-no-cache=1532625917667 HTTP/1.1" 200 9563
186.79.13.90 - - [26/Jul/2018:14:28:36 -0300] "GET /cormun/servlet/trlicencias? HTTP/1.1" 200 12693
186.79.13.90 - - [26/Jul/2018:14:28:37 -0300] "GET /cormun/servlet/trlicencias? HTTP/1.1" 200 12670
66.249.83.205 - - [26/Jul/2018:14:28:40 -0300] "GET /cormun/servlet/hlogin HTTP/1.1" 200 1718
66.249.83.207 - - [26/Jul/2018:14:28:41 -0300] "GET /cormun/servlet/hlogin?_escaped_fragment_= HTTP/1.1" 200 1722
200.120.230.22 - - [26/Jul/2018:14:28:43 -0300] "GET /cormun/servlet/licenciaspermisos?INS,0,,, HTTP/1.1" 200 7775
200.120.230.22 - - [26/Jul/2018:14:28:43 -0300] "GET /cormun/servlet/licenciaspermisos?INS,0,,, HTTP/1.1" 200 7782
200.120.230.22 - - [26/Jul/2018:14:29:12 -0300] "GET /cormun/servlet/prfichaempleado?,MD,,gxPopupLevel%3D0%3B HTTP/1.1" 200 9407
177.200.16.168 - - [26/Jul/2018:14:30:16 -0300] "GET / HTTP/1.1" 200 11217
186.79.13.90 - - [26/Jul/2018:14:32:41 -0300] "POST /cormun/servlet/prfichaempleado?289026d069b9670ff4debfee2fbe0d54,,MD,,gxPopupLevel%3D0%3B,gx-no-cache=1532626290894 HTTP/1.1" 200 3428
186.79.13.90 - - [26/Jul/2018:14:32:48 -0300] "GET /cormun/servlet/licenciaspermisos?6d6f1acaa2adcce26876f2c649df89374017c56c1dc4d7e677843d431e971e53a23234a5113037dee18e9b03f4d2ffcb,gx-no-cache=1532626297784 HTTP/1.1" 200 92
186.79.13.90 - - [26/Jul/2018:14:32:48 -0300] "POST /cormun/servlet/licenciaspermisos?289026d069b9670ff4debfee2fbe0d54,INS,0,,,,gx-no-cache=1532626297956 HTTP/1.1" 200 4884
186.10.12.250 - - [26/Jul/2018:14:35:12 -0300] "GET /cormun/servlet/hlogin HTTP/1.1" 200 1719
186.10.12.250 - - [26/Jul/2018:14:35:21 -0300] "POST /cormun/servlet/hlogin?d7b71fca9ea594c76fc6fe9532e0dacf,gx-no-cache=1532626448379 HTTP/1.1" 200 90
186.10.12.250 - - [26/Jul/2018:14:35:21 -0300] "GET /cormun/servlet/hpexe_link HTTP/1.1" 200 951
186.10.12.250 - - [26/Jul/2018:14:35:21 -0300] "GET /cormun/servlet/hhome HTTP/1.1" 200 4212
186.10.12.250 - - [26/Jul/2018:14:35:22 -0300] "GET /cormun/servlet/hhome HTTP/1.1" 200 4208
186.10.12.250 - - [26/Jul/2018:14:35:24 -0300] "GET /cormun/servlet/trsolicitudot? HTTP/1.1" 200 7422
186.10.12.250 - - [26/Jul/2018:14:35:25 -0300] "GET /cormun/servlet/trsolicitudot? HTTP/1.1" 200 7422
186.10.12.250 - - [26/Jul/2018:14:35:29 -0300] "POST /cormun/servlet/trsolicitudot?d7b71fca9ea594c76fc6fe9532e0dacf,,gx-no-cache=1532626457026 HTTP/1.1" 200 6347
200.111.122.170 - - [26/Jul/2018:14:35:34 -0300] "GET /cormun/servlet/solicitudotadjuntos?94869ed08e62f5e3ef92e5d5c64366126d42ad46aafe68c1706d71a3ef3ac288,gx-no-cache=1532626463706 HTTP/1.1" 200 30
200.111.122.170 - - [26/Jul/2018:14:35:34 -0300] "GET /cormun/servlet/solicitudotadjuntos?94869ed08e62f5e3ef92e5d5c64366126d42ad46aafe68c1706d71a3ef3ac288,gx-no-cache=1532626463735 HTTP/1.1" 200 30
200.111.122.170 - - [26/Jul/2018:14:35:35 -0300] "POST /cormun/servlet/solicitudotadjuntos?77265bf3f387b79ddfc4b7d657408dab,INS,2018,11929,,1, HTTP/1.1" 200 116
200.111.122.170 - - [26/Jul/2018:14:35:35 -0300] "GET /cormun/servlet/hpexe_return? HTTP/1.1" 200 1024
200.111.122.170 - - [26/Jul/2018:14:35:35 -0300] "GET /cormun/servlet/trsolicitudadjuntos?2018,11929, HTTP/1.1" 200 9692
200.111.122.170 - - [26/Jul/2018:14:35:36 -0300] "GET /cormun/servlet/trsolicitudadjuntos?2018,11929, HTTP/1.1" 200 9690
186.10.12.250 - - [26/Jul/2018:14:35:51 -0300] "POST /cormun/servlet/acontrolpreferencessavestate?None,CG-22,true HTTP/1.1" 200 35
186.10.12.250 - - [26/Jul/2018:14:35:55 -0300] "GET /cormun/servlet/solicitudotadjuntos?INS,2018,11929,,1, HTTP/1.1" 200 6042
186.10.12.250 - - [26/Jul/2018:14:35:55 -0300] "GET /cormun/static/about:blank HTTP/1.1" 404 1011
186.10.12.250 - - [26/Jul/2018:14:35:55 -0300] "GET /cormun/servlet/solicitudotadjuntos?INS,2018,11929,,1, HTTP/1.1" 200 6036
186.10.12.250 - - [26/Jul/2018:14:35:55 -0300] "GET /cormun/servlet/solicitudotadjuntos?94869ed08e62f5e3ef92e5d5c64366125f87e2a92a002efc92fad759ed032172640864704451e2a3f2a1e4f12e6f557f,gx-no-cache=1532626485635 HTTP/1.1" 200 30
186.10.12.250 - - [26/Jul/2018:14:35:56 -0300] "POST /cormun/servlet/solicitudotadjuntos?77265bf3f387b79ddfc4b7d657408dab,INS,2018,11929,,1,,gx-no-cache=1532626485728 HTTP/1.1" 200 3794
186.10.12.250 - - [26/Jul/2018:14:36:06 -0300] "POST /cormun/servlet/solicitudotadjuntos?gx-no-cache=1532626495754 HTTP/1.1" 200 26
186.10.12.250 - - [26/Jul/2018:14:36:06 -0300] "GET /cormun/servlet/solicitudotadjuntos?94869ed08e62f5e3ef92e5d5c64366126d42ad46aafe68c1706d71a3ef3ac288,gx-no-cache=1532626495807 HTTP/1.1" 200 30
186.10.12.250 - - [26/Jul/2018:14:36:06 -0300] "GET /cormun/servlet/solicitudotadjuntos?94869ed08e62f5e3ef92e5d5c64366126d42ad46aafe68c1706d71a3ef3ac288,gx-no-cache=1532626495825 HTTP/1.1" 200 30
186.10.12.250 - - [26/Jul/2018:14:36:06 -0300] "POST /cormun/servlet/solicitudotadjuntos?77265bf3f387b79ddfc4b7d657408dab,INS,2018,11929,,1,,gx-no-cache=1532626495843 HTTP/1.1" 200 3642
186.10.12.250 - - [26/Jul/2018:14:36:06 -0300] "GET /cormun/static/Shared/jqueryui/images/ui-bg_highlight-soft_100_c6c2c8_1x100.png HTTP/1.1" 404 1117
186.10.12.250 - - [26/Jul/2018:14:36:06 -0300] "GET /cormun/static/Shared/jqueryui/images/ui-icons_82798d_256x240.png HTTP/1.1" 404 1089
200.111.122.170 - - [26/Jul/2018:14:36:06 -0300] "GET /cormun/static/Shared/jqueryui/images/ui-bg_flat_55_994d53_40x100.png HTTP/1.1" 404 1097
186.67.203.186 - - [26/Jul/2018:14:36:06 -0300] "GET /cormun/static/Shared/jqueryui/images/ui-icons_ebccce_256x240.png HTTP/1.1" 404 1089
186.67.203.186 - - [26/Jul/2018:14:36:13 -0300] "GET /cormun/servlet/trsolicitudot? HTTP/1.1" 200 8666
186.67.203.186 - - [26/Jul/2018:14:36:14 -0300] "GET /cormun/servlet/trsolicitudot? HTTP/1.1" 200 8654
186.10.12.250 - - [26/Jul/2018:14:36:34 -0300] "POST /cormun/servlet/trsolicitudot?77265bf3f387b79ddfc4b7d657408dab,,gx-no-cache=1532626524507 HTTP/1.1" 200 4541
186.10.12.250 - - [26/Jul/2018:14:36:35 -0300] "GET /cormun/static/Shared/jqueryui/images/ui-bg_highlight-soft_100_c6c2c8_1x100.png HTTP/1.1" 404 1117
186.10.12.250 - - [26/Jul/2018:14:36:35 -0300] "GET /cormun/static/Shared/jqueryui/images/ui-bg_flat_55_fafafa_40x100.png HTTP/1.1" 404 1097
186.103.161.206 - - [26/Jul/2018:14:36:35 -0300] "GET /cormun/static/Shared/jqueryui/images/ui-icons_82798d_256x240.png HTTP/1.1" 404 1089
186.10.12.250 - - [26/Jul/2018:14:36:35 -0300] "GET /cormun/static/Shared/jqueryui/images/ui-icons_8d78a5_256x240.png HTTP/1.1" 404 1089
200.111.122.170 - - [26/Jul/2018:14:36:35 -0300] "POST /cormun/servlet/trsolicitudot?77265bf3f387b79ddfc4b7d657408dab,,gx-no-cache=1532626524793 HTTP/1.1" 200 4299
186.103.161.206 - - [26/Jul/2018:14:41:37 -0300] "GET /cormun/servlet/trlicencias? HTTP/1.1" 200 9388
186.67.203.186 - - [26/Jul/2018:14:41:37 -0300] "GET /cormun/static/gxcfg.js?20176272054169 HTTP/1.1" 200 953
186.67.203.186 - - [26/Jul/2018:14:41:37 -0300] "GET /cormun/static/trlicencias.js?20176272054837 HTTP/1.1" 200 41883
186.103.161.206 - - [26/Jul/2018:14:41:37 -0300] "GET /cormun/static/Resources/Spanish/PXTools.css?17315867 HTTP/1.1" 200 89042
186.67.203.186 - - [26/Jul/2018:14:41:38 -0300] "GET /cormun//static/Resources/PXToolsGridDisplay.png HTTP/1.1" 200 362
186.67.203.186 - - [26/Jul/2018:14:41:38 -0300] "GET /cormun//static/Resources/PXToolsActionPrint.png HTTP/1.1" 200 3317
186.67.203.186 - - [26/Jul/2018:14:41:38 -0300] "GET /cormun//static/Resources/PXToolsHeaderFavorites.png HTTP/1.1" 200 2744
186.103.161.206 - - [26/Jul/2018:14:41:38 -0300] "GET /cormun//static/Resources/PXToolsHeaderHelp.png HTTP/1.1" 200 4055
186.103.161.206 - - [26/Jul/2018:14:41:38 -0300] "GET /cormun/servlet/trlicencias? HTTP/1.1" 200 9387
190.151.100.218 - - [26/Jul/2018:14:44:05 -0300] "GET /cormun/servlet/trpermisosgoce? HTTP/1.1" 200 9034
