186.103.156.24 - - [26/Jul/2018:12:56:20 -0300] "GET /cormun/static/calendar-setup.js?85251 HTTP/1.1" 200 2588
186.103.156.24 - - [26/Jul/2018:12:56:20 -0300] "GET /cormun/static/calendar-es.js?85251 HTTP/1.1" 200 1901
186.103.156.24 - - [26/Jul/2018:12:56:20 -0300] "GET /cormun/static/Resources/PXTools/calendar.png HTTP/1.1" 200 1306
186.103.156.24 - - [26/Jul/2018:12:56:20 -0300] "GET /cormun/static/Resources/Spanish/PXTools.css?17315867 HTTP/1.1" 200 89042
186.103.156.24 - - [26/Jul/2018:12:56:20 -0300] "GET /cormun/static/Resources/PXToolsDataSearch.png HTTP/1.1" 200 419
186.103.156.24 - - [26/Jul/2018:12:56:20 -0300] "GET /cormun/static/gxdec.js?85251 HTTP/1.1" 200 19579
186.103.156.24 - - [26/Jul/2018:12:56:20 -0300] "GET /cormun/static/Resources/PXToolsGridFirstDisabled.gif HTTP/1.1" 200 100
186.103.156.24 - - [26/Jul/2018:12:56:20 -0300] "GET /cormun/static/Resources/PXToolsGridPreviousDisabled.gif HTTP/1.1" 200 90
186.103.156.24 - - [26/Jul/2018:12:56:20 -0300] "GET /cormun/static/Resources/PXToolsGridNextDisabled.gif HTTP/1.1" 200 90
186.103.156.24 - - [26/Jul/2018:12:56:20 -0300] "GET /cormun/static/Shared/ext/resources/css/ext-all.css?205870 HTTP/1.1" 200 416045
186.103.156.24 - - [26/Jul/2018:12:56:20 -0300] "GET /cormun/static/Resources/PXToolsGridLastDisabled.gif HTTP/1.1" 200 98
186.103.156.24 - - [26/Jul/2018:12:56:20 -0300] "GET /cormun/static/Resources/PXToolsGridPage.gif HTTP/1.1" 200 725
186.103.156.24 - - [26/Jul/2018:12:56:20 -0300] "GET /cormun/static/trlicencias.js?20176272054837 HTTP/1.1" 200 41883
186.103.156.24 - - [26/Jul/2018:12:56:20 -0300] "GET /cormun/static/Resources/PXToolsActionExcel.png HTTP/1.1" 200 3187
186.103.156.24 - - [26/Jul/2018:12:56:20 -0300] "GET /cormun/static/Resources/PXToolsGridNew.png HTTP/1.1" 200 2949
200.72.197.82 - - [26/Jul/2018:12:56:22 -0300] "GET /cormun/servlet/vesolicitudot?2018,11858,, HTTP/1.1" 200 8616
186.10.12.250 - - [26/Jul/2018:12:56:22 -0300] "GET /cormun/static/gxcfg.js?2017111422591385 HTTP/1.1" 200 953
200.72.197.82 - - [26/Jul/2018:12:56:22 -0300] "GET /cormun/pexe_scrolldiv.js HTTP/1.1" 404 1009
186.103.156.24 - - [26/Jul/2018:12:56:23 -0300] "GET /cormun/static/Resources/desc.gif HTTP/1.1" 200 65
186.103.156.24 - - [26/Jul/2018:12:56:23 -0300] "GET /cormun//static/Resources/PXTools/ActionInsert.png HTTP/1.1" 200 1482
186.103.156.24 - - [26/Jul/2018:12:56:23 -0300] "GET /cormun//static/Resources/PXToolsGridDisplay.png HTTP/1.1" 200 362
186.103.156.24 - - [26/Jul/2018:12:56:23 -0300] "GET /cormun/servlet/trlicencias? HTTP/1.1" 200 12002
200.72.197.82 - - [26/Jul/2018:12:56:23 -0300] "GET /cormun/pexe_scrolldiv.js HTTP/1.1" 404 1009
186.103.156.24 - - [26/Jul/2018:12:56:23 -0300] "GET /cormun/static/Shared/ext/resources/themes/images/default/panel/bg-headersPanel.png HTTP/1.1" 200 255
186.103.156.24 - - [26/Jul/2018:12:56:23 -0300] "GET /cormun/static/Resources/asc.gif HTTP/1.1" 200 67
186.103.156.24 - - [26/Jul/2018:12:56:23 -0300] "GET /cormun//static/Resources/PXToolsActionDisabled.gif HTTP/1.1" 200 53
200.72.197.82 - - [26/Jul/2018:12:56:23 -0300] "GET /cormun/static/tbsolicitudot01.js?2017111422581186 HTTP/1.1" 200 30566
186.103.156.24 - - [26/Jul/2018:12:56:23 -0300] "GET /cormun/static/Shared/ext/resources/themes/images/default/tools/tool-sprites.gif HTTP/1.1" 200 5434
186.103.156.24 - - [26/Jul/2018:12:56:23 -0300] "GET /cormun//static/Resources/PXToolsActionPrint.png HTTP/1.1" 200 3317
186.103.156.24 - - [26/Jul/2018:12:56:23 -0300] "GET /cormun//static/Resources/PXToolsHeaderFavorites.png HTTP/1.1" 200 2744
186.103.156.24 - - [26/Jul/2018:12:56:23 -0300] "GET /cormun//static/Resources/PXToolsHeaderHelp.png HTTP/1.1" 200 4055
186.10.12.250 - - [26/Jul/2018:12:56:23 -0300] "GET /cormun/static/vesolicitudot.js?2017111422591449 HTTP/1.1" 200 6091
200.72.197.82 - - [26/Jul/2018:12:56:25 -0300] "GET /cormun/servlet/vesolicitudot?2018,11858,, HTTP/1.1" 200 8618
200.120.230.22 - - [26/Jul/2018:12:56:27 -0300] "POST /cormun/servlet/permisosingoce?6bc9d7e4058bbc670cd7d89a0732b7b8,INS,0,,gx-no-cache=1532620516439 HTTP/1.1" 200 4406
200.120.230.22 - - [26/Jul/2018:12:56:27 -0300] "POST /cormun/servlet/permisosingoce?6bc9d7e4058bbc670cd7d89a0732b7b8,INS,0,,gx-no-cache=1532620517069 HTTP/1.1" 200 4353
186.103.157.42 - - [26/Jul/2018:12:56:28 -0300] "POST /cormun/servlet/solicitudot?gx-no-cache=1532620528102 HTTP/1.1" 200 30
186.103.157.42 - - [26/Jul/2018:12:56:29 -0300] "POST /cormun/servlet/solicitudot?2a7231acdb2bc3aa94bb85fb5e8ce509,INS,0,0,,gx-no-cache=1532620528289 HTTP/1.1" 200 93
186.103.157.42 - - [26/Jul/2018:12:56:29 -0300] "GET /cormun/servlet/hpexe_return? HTTP/1.1" 200 1004
186.103.157.42 - - [26/Jul/2018:12:56:29 -0300] "GET /cormun/static/gxcfg.js?2016101716175148 HTTP/1.1" 200 953
186.103.157.42 - - [26/Jul/2018:12:56:29 -0300] "GET /cormun/static/hpexe_return.js?2016101716175153 HTTP/1.1" 200 1633
186.103.157.42 - - [26/Jul/2018:12:56:29 -0300] "GET /cormun/static/Resources/Spanish/PXTools.css?167811 HTTP/1.1" 200 89042
186.103.157.42 - - [26/Jul/2018:12:56:30 -0300] "GET /cormun/servlet/trsolicitudot? HTTP/1.1" 200 8849
186.103.157.42 - - [26/Jul/2018:12:56:30 -0300] "GET /cormun/servlet/trsolicitudot? HTTP/1.1" 200 8845
201.215.248.160 - - [26/Jul/2018:12:56:30 -0300] "GET /cormun/servlet/hhome HTTP/1.1" 200 3404
200.120.230.22 - - [26/Jul/2018:12:56:31 -0300] "GET /cormun/servlet/permisosingoce?bfd71ac3839b85a82db0113f8675c5a2643b0c3fc5bee4a724707e317758d0e0b06cd94359f45563e723d7480621cc7e4b114148e7e0e78e5047e9e836cb24098b6009db3f9813cfb938fb753d53ca0a23e7dcd7e267781436c825ff61402d524ab0346f6326a521751554c49431c802eb40187858b7b6a393d698277c778a0bf65eb18f435fb8600b187956678f9c754b7dc4558c4efdd034cb1db469ac6925,gx-no-cache=1532620520799 HTTP/1.1" 200 41
200.120.230.22 - - [26/Jul/2018:12:56:31 -0300] "POST /cormun/servlet/permisosingoce?6bc9d7e4058bbc670cd7d89a0732b7b8,INS,0,,gx-no-cache=1532620520934 HTTP/1.1" 200 93
200.120.230.22 - - [26/Jul/2018:12:56:31 -0300] "GET /cormun/servlet/hpexe_return? HTTP/1.1" 200 999
201.215.248.160 - - [26/Jul/2018:12:56:31 -0300] "GET /cormun/servlet/hhome HTTP/1.1" 200 3413
201.215.248.160 - - [26/Jul/2018:12:56:31 -0300] "GET /cormun/servlet/hlogin HTTP/1.1" 200 1727
200.120.230.22 - - [26/Jul/2018:12:56:31 -0300] "GET /cormun/servlet/trpermisosingoce HTTP/1.1" 200 8248
200.120.230.22 - - [26/Jul/2018:12:56:32 -0300] "GET /cormun/servlet/trpermisosingoce HTTP/1.1" 200 8244
186.103.157.42 - - [26/Jul/2018:12:56:33 -0300] "GET /cormun/servlet/solicitudot?INS,0,0, HTTP/1.1" 200 13722
186.103.157.42 - - [26/Jul/2018:12:56:34 -0300] "GET /cormun/servlet/solicitudot?INS,0,0, HTTP/1.1" 200 13728
200.120.230.22 - - [26/Jul/2018:12:56:35 -0300] "GET /cormun/servlet/permisosingoce?INS,0, HTTP/1.1" 200 7036
200.120.230.22 - - [26/Jul/2018:12:56:35 -0300] "GET /cormun/servlet/permisosingoce?INS,0, HTTP/1.1" 200 7036
186.103.156.24 - - [26/Jul/2018:12:56:38 -0300] "GET /cormun/servlet/trlicencias? HTTP/1.1" 200 12002
186.103.156.24 - - [26/Jul/2018:12:56:39 -0300] "GET /cormun/servlet/trlicencias? HTTP/1.1" 200 12002
186.103.157.42 - - [26/Jul/2018:12:56:40 -0300] "GET /cormun/servlet/prfichaempleado?,MD,,gxPopupLevel%3D0%3B HTTP/1.1" 200 9420
186.103.157.42 - - [26/Jul/2018:12:56:46 -0300] "POST /cormun/servlet/prfichaempleado?2a7231acdb2bc3aa94bb85fb5e8ce509,,MD,,gxPopupLevel%3D0%3B,gx-no-cache=1532620546196 HTTP/1.1" 200 4123
200.120.230.22 - - [26/Jul/2018:12:56:50 -0300] "GET /cormun/servlet/prfichaempleado?,MD,,gxPopupLevel%3D0%3B HTTP/1.1" 200 9392
200.120.230.22 - - [26/Jul/2018:12:57:01 -0300] "POST /cormun/servlet/prfichaempleado?6bc9d7e4058bbc670cd7d89a0732b7b8,,MD,,gxPopupLevel%3D0%3B,gx-no-cache=1532620551074 HTTP/1.1" 200 3408
200.120.230.22 - - [26/Jul/2018:12:57:04 -0300] "GET /cormun/servlet/permisosingoce?bfd71ac3839b85a82db0113f8675c5a2d3f542bd8b2bfc264fa1e98288822a0a95c998605e152141b949b0e2c06c6998,gx-no-cache=1532620554322 HTTP/1.1" 200 71
200.120.230.22 - - [26/Jul/2018:12:57:06 -0300] "GET /cormun/static/menuarrow.gif HTTP/1.1" 404 1015
200.120.230.22 - - [26/Jul/2018:12:57:09 -0300] "GET /cormun/servlet/permisosingoce?bfd71ac3839b85a82db0113f8675c5a2683a47d0931c76f9ab1526ea027b1e052626cba49ed7c89fa2c6fba22d40d021,gx-no-cache=1532620559065 HTTP/1.1" 200 33
123.249.45.174 - - [26/Jul/2018:12:57:09 -0300] "GET /manager/html HTTP/1.1" 401 2474
186.103.157.42 - - [26/Jul/2018:12:57:11 -0300] "POST /cormun/servlet/solicitudot?gx-no-cache=1532620570191 HTTP/1.1" 200 3316
186.103.157.42 - - [26/Jul/2018:12:57:11 -0300] "POST /cormun/servlet/solicitudot?2a7231acdb2bc3aa94bb85fb5e8ce509,INS,0,0,,gx-no-cache=1532620570628 HTTP/1.1" 200 10474
200.120.230.22 - - [26/Jul/2018:12:57:11 -0300] "GET /cormun/servlet/permisosingoce?bfd71ac3839b85a82db0113f8675c5a2643b0c3fc5bee4a724707e317758d0e0b06cd94359f45563e723d7480621cc7e4b114148e7e0e78e5047e9e836cb24098b6009db3f9813cfb938fb753d53ca0a23e7dcd7e267781436c825ff61402d524ab0346f6326a521751554c49431c802eb40187858b7b6a393d698277c778a0b46d7e2d4d4532389dcb25c4d076a9499,gx-no-cache=1532620561374 HTTP/1.1" 200 41
47.203.95.204 - - [26/Jul/2018:12:57:19 -0300] "GET / HTTP/1.1" 200 11217
186.103.157.42 - - [26/Jul/2018:12:57:22 -0300] "GET /cormun/servlet/trsolicitudot? HTTP/1.1" 200 8846
123.249.45.174 - - [26/Jul/2018:12:57:22 -0300] "GET /manager/html HTTP/1.1" 401 2474
186.103.157.42 - - [26/Jul/2018:12:57:23 -0300] "GET /cormun/servlet/trsolicitudot? HTTP/1.1" 200 8845
200.120.230.22 - - [26/Jul/2018:12:57:23 -0300] "POST /cormun/servlet/permisosingoce?6bc9d7e4058bbc670cd7d89a0732b7b8,INS,0,,gx-no-cache=1532620573271 HTTP/1.1" 200 4407
200.120.230.22 - - [26/Jul/2018:12:57:23 -0300] "POST /cormun/servlet/permisosingoce?6bc9d7e4058bbc670cd7d89a0732b7b8,INS,0,,gx-no-cache=1532620573404 HTTP/1.1" 200 4354
200.120.230.22 - - [26/Jul/2018:12:57:25 -0300] "GET /cormun/servlet/permisosingoce?bfd71ac3839b85a82db0113f8675c5a2643b0c3fc5bee4a724707e317758d0e0b06cd94359f45563e723d7480621cc7e4b114148e7e0e78e5047e9e836cb24098b6009db3f9813cfb938fb753d53ca0a23e7dcd7e267781436c825ff61402d524ab0346f6326a521751554c49431c802eb40187858b7b6a393d698277c778a0bdba958c98e2f6fd4d8a388aa82841df15f4681b19053d44a7139cfbbff873181,gx-no-cache=1532620575024 HTTP/1.1" 200 41
200.120.230.22 - - [26/Jul/2018:12:57:25 -0300] "POST /cormun/servlet/permisosingoce?6bc9d7e4058bbc670cd7d89a0732b7b8,INS,0,,gx-no-cache=1532620575074 HTTP/1.1" 200 93
200.120.230.22 - - [26/Jul/2018:12:57:25 -0300] "GET /cormun/servlet/hpexe_return? HTTP/1.1" 200 999
200.120.230.22 - - [26/Jul/2018:12:57:25 -0300] "GET /cormun/servlet/trpermisosingoce HTTP/1.1" 200 8460
200.120.230.22 - - [26/Jul/2018:12:57:26 -0300] "GET /cormun/servlet/trpermisosingoce HTTP/1.1" 200 8456
200.120.230.22 - - [26/Jul/2018:12:57:28 -0300] "GET /cormun/servlet/permisosingoce?INS,0, HTTP/1.1" 200 7036
200.120.230.22 - - [26/Jul/2018:12:57:29 -0300] "GET /cormun/servlet/permisosingoce?INS,0, HTTP/1.1" 200 7036
201.215.248.160 - - [26/Jul/2018:12:57:29 -0300] "POST /cormun/servlet/hlogin?1bd73e408c4b2913e6c685a44ed33138,gx-no-cache=1532620764327 HTTP/1.1" 200 90
201.215.248.160 - - [26/Jul/2018:12:57:29 -0300] "GET /cormun/servlet/hpexe_link HTTP/1.1" 200 948
201.215.248.160 - - [26/Jul/2018:12:57:29 -0300] "GET /cormun/servlet/hhome HTTP/1.1" 200 3987
201.215.248.160 - - [26/Jul/2018:12:57:31 -0300] "GET /cormun/servlet/hhome HTTP/1.1" 200 3983
201.215.248.160 - - [26/Jul/2018:12:57:33 -0300] "GET /cormun/servlet/trpermisosgoce? HTTP/1.1" 200 8789
186.103.157.42 - - [26/Jul/2018:12:57:33 -0300] "GET /cormun/static/menuarrow.gif HTTP/1.1" 404 1015
201.215.248.160 - - [26/Jul/2018:12:57:35 -0300] "GET /cormun/servlet/trpermisosgoce? HTTP/1.1" 200 8794
123.249.45.174 - - [26/Jul/2018:12:57:35 -0300] "GET /manager/html HTTP/1.1" 401 2474
123.249.45.174 - - [26/Jul/2018:12:57:36 -0300] "GET /manager/html HTTP/1.1" 401 2474
186.103.157.42 - - [26/Jul/2018:12:57:37 -0300] "POST /cormun/servlet/trsolicitudot?2a7231acdb2bc3aa94bb85fb5e8ce509,,gx-no-cache=1532620596754 HTTP/1.1" 200 4480
123.249.45.174 - - [26/Jul/2018:12:57:39 -0300] "GET /manager/html HTTP/1.1" 401 2474
201.215.248.160 - - [26/Jul/2018:12:57:41 -0300] "GET /cormun/servlet/permisogoce?INS,0,,, HTTP/1.1" 200 6819
201.215.248.160 - - [26/Jul/2018:12:57:41 -0300] "GET /cormun/static/gxcfg.js?201776126440 HTTP/1.1" 304 -
201.215.248.160 - - [26/Jul/2018:12:57:41 -0300] "GET /cormun/static/permisogoce.js?2017761264459 HTTP/1.1" 304 -
201.215.248.160 - - [26/Jul/2018:12:57:42 -0300] "GET /cormun/servlet/permisogoce?INS,0,,, HTTP/1.1" 200 6819
186.79.13.90 - - [26/Jul/2018:12:57:43 -0300] "GET /cormun/servlet/prfichaempleado?,MD,,gxPopupLevel%3D0%3B HTTP/1.1" 200 9392
186.103.157.42 - - [26/Jul/2018:12:57:43 -0300] "POST /cormun/servlet/trsolicitudot?2a7231acdb2bc3aa94bb85fb5e8ce509,,gx-no-cache=1532620602702 HTTP/1.1" 200 5817
186.67.203.186 - - [26/Jul/2018:12:57:43 -0300] "POST /cormun/servlet/vesolicitudot?34c3bff89095f4dc34c4e75c3ee239f9,2018,11858,,,gx-no-cache=1532620588768 HTTP/1.1" 200 90
186.67.203.186 - - [26/Jul/2018:12:57:43 -0300] "GET /cormun/servlet/hpexe_link HTTP/1.1" 200 967
186.67.203.186 - - [26/Jul/2018:12:57:44 -0300] "GET /cormun/servlet/trsolicitudot? HTTP/1.1" 200 27036
186.67.203.186 - - [26/Jul/2018:12:57:46 -0300] "GET /cormun/servlet/trsolicitudot? HTTP/1.1" 200 27035
186.103.157.42 - - [26/Jul/2018:12:57:48 -0300] "GET /cormun/servlet/vesolicitudot?2018,11106,, HTTP/1.1" 200 8587
186.103.157.42 - - [26/Jul/2018:12:57:48 -0300] "GET /cormun/static/gxcfg.js?2017111422591385 HTTP/1.1" 200 953
186.103.157.42 - - [26/Jul/2018:12:57:48 -0300] "GET /cormun/pexe_scrolldiv.js HTTP/1.1" 404 1009
186.103.157.42 - - [26/Jul/2018:12:57:48 -0300] "GET /cormun/static/Resources/PXToolsTabFirstSelected.png HTTP/1.1" 200 1259
186.103.157.42 - - [26/Jul/2018:12:57:48 -0300] "GET /cormun/static/vesolicitudot.js?2017111422591449 HTTP/1.1" 200 6091
186.103.157.42 - - [26/Jul/2018:12:57:48 -0300] "GET /cormun/static/hpexe_tabsview.js?201610171694228 HTTP/1.1" 200 1661
186.103.157.42 - - [26/Jul/2018:12:57:48 -0300] "GET /cormun/static/hwcviewtabs.js?20177611594913 HTTP/1.1" 200 1074
186.103.157.42 - - [26/Jul/2018:12:57:48 -0300] "GET /cormun/pexe_scrolldiv.js HTTP/1.1" 404 1009
186.103.157.42 - - [26/Jul/2018:12:57:48 -0300] "GET /cormun/static/Resources/PXToolsTabLastUnselected.png HTTP/1.1" 200 1291
186.103.157.42 - - [26/Jul/2018:12:57:48 -0300] "GET /cormun/static/Resources/PXToolsTabPrevious.gif HTTP/1.1" 200 172
186.103.157.42 - - [26/Jul/2018:12:57:48 -0300] "GET /cormun/static/tbsolicitudot01.js?2017111422581186 HTTP/1.1" 200 30566
186.103.157.42 - - [26/Jul/2018:12:57:48 -0300] "GET /cormun/static/Resources/PXToolsTabNext.gif HTTP/1.1" 200 168
186.103.157.42 - - [26/Jul/2018:12:57:49 -0300] "GET /cormun/static/calendar-system.css HTTP/1.1" 200 5572
186.103.157.42 - - [26/Jul/2018:12:57:49 -0300] "GET /cormun/static/Resources/PXToolsTabBackSelected.png HTTP/1.1" 200 1157
186.103.157.42 - - [26/Jul/2018:12:57:49 -0300] "GET /cormun/static/Resources/PXToolsTabSelectedUnselected.png HTTP/1.1" 200 1428
186.103.157.42 - - [26/Jul/2018:12:57:49 -0300] "GET /cormun/static/Resources/PXToolsTabUnselectedUnselected.png HTTP/1.1" 200 1459
186.103.157.42 - - [26/Jul/2018:12:57:49 -0300] "GET /cormun/static/Resources/PXToolsTabBackUnselected.png HTTP/1.1" 200 1175
186.103.157.42 - - [26/Jul/2018:12:57:49 -0300] "GET /cormun/servlet/vesolicitudot?2018,11106,, HTTP/1.1" 200 8582
186.79.13.90 - - [26/Jul/2018:12:57:51 -0300] "POST /cormun/servlet/prfichaempleado?6bc9d7e4058bbc670cd7d89a0732b7b8,,MD,,gxPopupLevel%3D0%3B,gx-no-cache=1532620600744 HTTP/1.1" 200 3411
186.79.13.90 - - [26/Jul/2018:12:57:55 -0300] "GET /cormun/servlet/permisosingoce?bfd71ac3839b85a82db0113f8675c5a208bd3b2594e1a717fa39fdd93d8a719c860dbcb41d2c5b9a632a699666d4b1e8,gx-no-cache=1532620604842 HTTP/1.1" 200 77
186.79.13.90 - - [26/Jul/2018:12:57:57 -0300] "GET /cormun/static/menuarrow.gif HTTP/1.1" 404 1015
186.67.203.186 - - [26/Jul/2018:12:57:58 -0300] "GET /cormun/servlet/hlogin HTTP/1.1" 200 1739
186.79.13.90 - - [26/Jul/2018:12:58:00 -0300] "GET /cormun/servlet/permisosingoce?bfd71ac3839b85a82db0113f8675c5a2683a47d0931c76f9ab1526ea027b1e05831c4394a2b4b0a4a2b2bdb13b565b8e,gx-no-cache=1532620610053 HTTP/1.1" 200 33
186.103.157.42 - - [26/Jul/2018:12:58:00 -0300] "GET /cormun/servlet/solicitudot?47ed56ff0019da28659e094d221465225602a938db4e64611e7a21c1f6ede555c81efe64cb4a673bb393e22425dd8fe0,gx-no-cache=1532620620261 HTTP/1.1" 200 30
123.249.45.174 - - [26/Jul/2018:12:58:01 -0300] "GET /manager/html HTTP/1.1" 401 2474
123.249.45.174 - - [26/Jul/2018:12:58:02 -0300] "GET /manager/html HTTP/1.1" 401 2474
123.249.45.174 - - [26/Jul/2018:12:58:03 -0300] "GET /manager/html HTTP/1.1" 401 2474
186.79.13.90 - - [26/Jul/2018:12:58:03 -0300] "GET /cormun/servlet/permisosingoce?bfd71ac3839b85a82db0113f8675c5a2643b0c3fc5bee4a724707e317758d0e0b06cd94359f45563e723d7480621cc7e4b114148e7e0e78e5047e9e836cb24098b6009db3f9813cfb938fb753d53ca0a23e7dcd7e267781436c825ff61402d524ab0346f6326a521751554c49431c802eb40187858b7b6a393d698277c778a0b4092294e7b25d76cf660e5bd7b0696eb,gx-no-cache=1532620612879 HTTP/1.1" 200 41
123.249.45.174 - - [26/Jul/2018:12:58:03 -0300] "GET /manager/html HTTP/1.1" 401 2474
201.215.248.160 - - [26/Jul/2018:12:58:04 -0300] "GET /cormun/servlet/permisogoce?602886750f5e1d177e551aa1de3931744ce33a86b5c18e7a4de1cc2898bdd728841f32529c0194034d8f39643955fefa38595b6e86b3102ad55fa0b3e1c89ca5,gx-no-cache=1532620799697 HTTP/1.1" 200 85
123.249.45.174 - - [26/Jul/2018:12:58:06 -0300] "GET /manager/html HTTP/1.1" 401 2474
186.79.13.90 - - [26/Jul/2018:12:58:11 -0300] "POST /cormun/servlet/permisosingoce?6bc9d7e4058bbc670cd7d89a0732b7b8,INS,0,,gx-no-cache=1532620620808 HTTP/1.1" 200 4401
186.79.13.90 - - [26/Jul/2018:12:58:12 -0300] "POST /cormun/servlet/permisosingoce?6bc9d7e4058bbc670cd7d89a0732b7b8,INS,0,,gx-no-cache=1532620621264 HTTP/1.1" 200 4347
186.79.13.90 - - [26/Jul/2018:12:58:13 -0300] "GET /cormun/servlet/permisosingoce?bfd71ac3839b85a82db0113f8675c5a2643b0c3fc5bee4a724707e317758d0e0b06cd94359f45563e723d7480621cc7e4b114148e7e0e78e5047e9e836cb24098b6009db3f9813cfb938fb753d53ca0a23e7dcd7e267781436c825ff61402d524ab0346f6326a521751554c49431c802eb40187858b7b6a393d698277c778a0be8bcf41fa2a3897f5e8ff9762723d1e461147885d8aaffc62fc022cc74963533,gx-no-cache=1532620623272 HTTP/1.1" 200 41
186.79.13.90 - - [26/Jul/2018:12:58:14 -0300] "POST /cormun/servlet/permisosingoce?6bc9d7e4058bbc670cd7d89a0732b7b8,INS,0,,gx-no-cache=1532620623452 HTTP/1.1" 200 93
186.79.13.90 - - [26/Jul/2018:12:58:14 -0300] "GET /cormun/servlet/hpexe_return? HTTP/1.1" 200 999
186.79.13.90 - - [26/Jul/2018:12:58:15 -0300] "GET /cormun/servlet/trpermisosingoce HTTP/1.1" 200 8666
186.79.13.90 - - [26/Jul/2018:12:58:15 -0300] "GET /cormun/servlet/trpermisosingoce HTTP/1.1" 200 8661
186.79.13.90 - - [26/Jul/2018:12:58:18 -0300] "GET /cormun/servlet/permisosingoce?INS,0, HTTP/1.1" 200 7036
186.79.13.90 - - [26/Jul/2018:12:58:18 -0300] "GET /cormun/servlet/permisosingoce?INS,0, HTTP/1.1" 200 7036
200.120.230.22 - - [26/Jul/2018:12:58:29 -0300] "GET /cormun/servlet/prfichaempleado?,MD,,gxPopupLevel%3D0%3B HTTP/1.1" 200 9392
200.120.230.22 - - [26/Jul/2018:12:58:39 -0300] "POST /cormun/servlet/prfichaempleado?6bc9d7e4058bbc670cd7d89a0732b7b8,,MD,,gxPopupLevel%3D0%3B,gx-no-cache=1532620648696 HTTP/1.1" 200 3416
201.215.248.160 - - [26/Jul/2018:12:58:42 -0300] "GET /cormun/servlet/permisogoce?602886750f5e1d177e551aa1de393174aff14d5bcd28f187b6d63de5ba0012fbf8125eaf4f8bf278a59425406da7ab650a1414294c02d3334a240d409be815aa,gx-no-cache=1532620837527 HTTP/1.1" 200 48
200.120.230.22 - - [26/Jul/2018:12:58:43 -0300] "GET /cormun/servlet/permisosingoce?bfd71ac3839b85a82db0113f8675c5a2b14fd0295362c049af31367f651bd44695c998605e152141b949b0e2c06c6998,gx-no-cache=1532620652921 HTTP/1.1" 200 73
200.120.230.22 - - [26/Jul/2018:12:58:43 -0300] "GET /cormun/static/menuarrow.gif HTTP/1.1" 404 1015
200.120.230.22 - - [26/Jul/2018:12:58:47 -0300] "GET /cormun/servlet/permisosingoce?bfd71ac3839b85a82db0113f8675c5a2683a47d0931c76f9ab1526ea027b1e051d3830852ea5dcf3edbb67d2b05da762,gx-no-cache=1532620657229 HTTP/1.1" 200 33
200.120.230.22 - - [26/Jul/2018:12:58:47 -0300] "GET /cormun/servlet/permisosingoce?bfd71ac3839b85a82db0113f8675c5a2643b0c3fc5bee4a724707e317758d0e0b06cd94359f45563e723d7480621cc7e4b114148e7e0e78e5047e9e836cb24098b6009db3f9813cfb938fb753d53ca0a23e7dcd7e267781436c825ff61402d524ab0346f6326a521751554c49431c802eb40187858b7b6a393d698277c778a0b119eaea195cfbfa92430b0042a8a9a3a,gx-no-cache=1532620657273 HTTP/1.1" 200 121
200.120.230.22 - - [26/Jul/2018:12:58:47 -0300] "GET /cormun/static/Shared/jqueryui/images/ui-bg_highlight-soft_100_c6c2c8_1x100.png HTTP/1.1" 404 1117
200.120.230.22 - - [26/Jul/2018:12:58:47 -0300] "GET /cormun/static/Shared/jqueryui/images/ui-icons_82798d_256x240.png HTTP/1.1" 404 1089
200.120.230.22 - - [26/Jul/2018:12:58:47 -0300] "GET /cormun/static/Shared/jqueryui/images/ui-bg_flat_55_994d53_40x100.png HTTP/1.1" 404 1097
186.79.13.90 - - [26/Jul/2018:12:58:47 -0300] "GET /cormun/static/Shared/jqueryui/images/ui-icons_ebccce_256x240.png HTTP/1.1" 404 1089
186.79.13.90 - - [26/Jul/2018:12:58:52 -0300] "GET /cormun/servlet/permisosingoce?bfd71ac3839b85a82db0113f8675c5a2643b0c3fc5bee4a724707e317758d0e0b06cd94359f45563e723d7480621cc7e4b114148e7e0e78e5047e9e836cb24098b6009db3f9813cfb938fb753d53ca0a23e7dcd7e267781436c825ff61402d524ab0346f6326a521751554c49431c802eb40187858b7b6a393d698277c778a0bc774fb5b56fde9deb4b22223a1d3f810,gx-no-cache=1532620661765 HTTP/1.1" 200 41
200.111.122.170 - - [26/Jul/2018:12:58:54 -0300] "GET /cormun/servlet/hlogin HTTP/1.1" 200 1727
200.111.122.170 - - [26/Jul/2018:12:58:54 -0300] "GET /cormun/servlet/hlogin HTTP/1.1" 200 1731
200.111.122.170 - - [26/Jul/2018:12:58:58 -0300] "POST /cormun/servlet/hlogin?ee220448a1c8d305740eb31336826f25,gx-no-cache=1532620668764 HTTP/1.1" 200 90
200.111.122.170 - - [26/Jul/2018:12:58:58 -0300] "GET /cormun/servlet/hpexe_link HTTP/1.1" 200 952
200.111.122.170 - - [26/Jul/2018:12:58:58 -0300] "GET /cormun/servlet/hhome HTTP/1.1" 200 4148
200.111.122.170 - - [26/Jul/2018:12:58:58 -0300] "GET /cormun/servlet/hhome HTTP/1.1" 200 4144
201.215.248.160 - - [26/Jul/2018:12:59:00 -0300] "POST /cormun/servlet/permisogoce?1bd73e408c4b2913e6c685a44ed33138,INS,0,,,,gx-no-cache=1532620854493 HTTP/1.1" 200 93
201.215.248.160 - - [26/Jul/2018:12:59:00 -0300] "GET /cormun/servlet/hpexe_return? HTTP/1.1" 200 1007
201.215.248.160 - - [26/Jul/2018:12:59:01 -0300] "GET /cormun/servlet/trpermisosgoce HTTP/1.1" 200 9024
201.215.248.160 - - [26/Jul/2018:12:59:02 -0300] "GET /cormun/servlet/trpermisosgoce HTTP/1.1" 200 9018
186.79.13.90 - - [26/Jul/2018:12:59:04 -0300] "POST /cormun/servlet/permisosingoce?6bc9d7e4058bbc670cd7d89a0732b7b8,INS,0,,gx-no-cache=1532620673414 HTTP/1.1" 200 4414
186.79.13.90 - - [26/Jul/2018:12:59:05 -0300] "POST /cormun/servlet/permisosingoce?6bc9d7e4058bbc670cd7d89a0732b7b8,INS,0,,gx-no-cache=1532620673998 HTTP/1.1" 200 4361
186.79.13.90 - - [26/Jul/2018:12:59:06 -0300] "GET /cormun/servlet/permisosingoce?bfd71ac3839b85a82db0113f8675c5a2643b0c3fc5bee4a724707e317758d0e0b06cd94359f45563e723d7480621cc7e4b114148e7e0e78e5047e9e836cb24098b6009db3f9813cfb938fb753d53ca0a23e7dcd7e267781436c825ff61402d524ab0346f6326a521751554c49431c802eb40187858b7b6a393d698277c778a0bf65eb18f435fb8600b187956678f9c754b7dc4558c4efdd034cb1db469ac6925,gx-no-cache=1532620676005 HTTP/1.1" 200 41
186.79.13.90 - - [26/Jul/2018:12:59:07 -0300] "POST /cormun/servlet/permisosingoce?6bc9d7e4058bbc670cd7d89a0732b7b8,INS,0,,gx-no-cache=1532620676196 HTTP/1.1" 200 93
186.79.13.90 - - [26/Jul/2018:12:59:07 -0300] "GET /cormun/servlet/hpexe_return? HTTP/1.1" 200 999
186.79.13.90 - - [26/Jul/2018:12:59:07 -0300] "GET /cormun/servlet/trpermisosingoce HTTP/1.1" 200 8858
186.103.161.206 - - [26/Jul/2018:12:59:07 -0300] "GET /cormun/servlet/trlicencias? HTTP/1.1" 200 9122
186.103.161.206 - - [26/Jul/2018:12:59:07 -0300] "GET /cormun/static/gxcfg.js?20176272054169 HTTP/1.1" 304 -
186.79.13.90 - - [26/Jul/2018:12:59:08 -0300] "GET /cormun/servlet/trpermisosingoce HTTP/1.1" 200 8854
186.103.161.206 - - [26/Jul/2018:12:59:08 -0300] "GET /cormun/servlet/trlicencias? HTTP/1.1" 200 9119
186.79.13.90 - - [26/Jul/2018:12:59:10 -0300] "GET /cormun/servlet/permisosingoce?INS,0, HTTP/1.1" 200 7036
186.79.13.90 - - [26/Jul/2018:12:59:11 -0300] "GET /cormun/servlet/permisosingoce?INS,0, HTTP/1.1" 200 7036
186.103.157.42 - - [26/Jul/2018:12:59:16 -0300] "GET /cormun/servlet/prbanco?,MD,,gxPopupLevel%3D0%3B HTTP/1.1" 200 6705
186.103.157.42 - - [26/Jul/2018:12:59:16 -0300] "GET /cormun/static/gxcfg.js?20181161016094 HTTP/1.1" 200 953
186.103.157.42 - - [26/Jul/2018:12:59:16 -0300] "GET /cormun/static/prbanco.js?2018116101633 HTTP/1.1" 200 10693
186.103.157.42 - - [26/Jul/2018:12:59:20 -0300] "GET /cormun/servlet/solicitudot?47ed56ff0019da28659e094d22146522fee6fb22ecdc3c6f0295815124544db7317cddef87480b4f3fca1f3ae2cc91cfba3e01fad52ffcad6083aeb726c6b83d,gx-no-cache=1532620699813 HTTP/1.1" 200 30
186.103.157.42 - - [26/Jul/2018:12:59:21 -0300] "GET /cormun/servlet/solicitudot?47ed56ff0019da28659e094d221465227437a12e5df44046111461937cb1e899,gx-no-cache=1532620700862 HTTP/1.1" 200 53
186.79.13.90 - - [26/Jul/2018:12:59:23 -0300] "GET /cormun/servlet/prfichaempleado?,MD,,gxPopupLevel%3D0%3B HTTP/1.1" 200 9392
186.79.13.90 - - [26/Jul/2018:12:59:31 -0300] "POST /cormun/servlet/prfichaempleado?6bc9d7e4058bbc670cd7d89a0732b7b8,,MD,,gxPopupLevel%3D0%3B,gx-no-cache=1532620701120 HTTP/1.1" 200 3411
186.103.157.42 - - [26/Jul/2018:12:59:37 -0300] "POST /cormun/servlet/solicitudot?gx-no-cache=1532620716593 HTTP/1.1" 200 297
186.103.157.42 - - [26/Jul/2018:12:59:37 -0300] "GET /cormun/servlet/solicitudot?47ed56ff0019da28659e094d22146522a0ac7697173fcc97a547d8e40df8d94b7233675b141db79ba677e12fb8985f4c4ae032c3ccc59bffebf975cca60369bbd1fc56d3c9bde1657942a150bbf6f4d499f07d279d8ec3d051656061063176e5d8419dae41cc094510fefdc8ca11ac6384651233f58b26272237bdf802a37c17ea6c50d701e25e26b29a3c46e6ea8493ad134809d75330489aaab1634021150a3bb2e33a345c485e37d3fe38684901304eeb8d55bb09566f3c66eff9ba703fe958e010931bd445838fa6632f80e115305005efeeb20d5e20e5d02756ff690a958dbae033587442aafa0fb20bc409cd63fbe889b463beb0afc5bec845f6f610c955b4881c99e531dd27532df0206bba17f7465cd675974a8070b3826d5cb97f9d75e987b10f8c5814eade9f01964d7ffe7272a3a0135e13708a8541f182bfeb7c1ebe8af68796b4fd12977ac12193a11ddf13e49050aefe28da68bd5ad9c53601bf06c174d6aa56f23b44b77525e88a754c82eb196092eac122688397b39c4177ba3e01fad52ffcad6083aeb726c6b83d,gx-no-cache=1532620716707 HTTP/1.1" 200 30
186.79.13.90 - - [26/Jul/2018:12:59:38 -0300] "GET /cormun/servlet/permisosingoce?bfd71ac3839b85a82db0113f8675c5a2d3c5f0269041013891d75c803a221f52860dbcb41d2c5b9a632a699666d4b1e8,gx-no-cache=1532620708511 HTTP/1.1" 200 75
186.79.13.90 - - [26/Jul/2018:12:59:39 -0300] "GET /cormun/static/menuarrow.gif HTTP/1.1" 404 1015
186.103.157.42 - - [26/Jul/2018:12:59:40 -0300] "POST /cormun/servlet/solicitudot?gx-no-cache=1532620719826 HTTP/1.1" 200 30
186.79.13.90 - - [26/Jul/2018:12:59:42 -0300] "GET /cormun/servlet/permisosingoce?bfd71ac3839b85a82db0113f8675c5a2683a47d0931c76f9ab1526ea027b1e0592b18be02ed89df83bb838ca5a72ebd2,gx-no-cache=1532620711884 HTTP/1.1" 200 33
186.79.13.90 - - [26/Jul/2018:12:59:44 -0300] "GET /cormun/servlet/permisosingoce?bfd71ac3839b85a82db0113f8675c5a2643b0c3fc5bee4a724707e317758d0e0b06cd94359f45563e723d7480621cc7e4b114148e7e0e78e5047e9e836cb24098b6009db3f9813cfb938fb753d53ca0a23e7dcd7e267781436c825ff61402d524ab0346f6326a521751554c49431c802eb40187858b7b6a393d698277c778a0bb0f02ea2631457590b6c782b50da6718,gx-no-cache=1532620714231 HTTP/1.1" 200 41
186.103.157.42 - - [26/Jul/2018:12:59:54 -0300] "POST /cormun/servlet/solicitudot?gx-no-cache=1532620734222 HTTP/1.1" 200 1376
186.103.157.42 - - [26/Jul/2018:12:59:54 -0300] "POST /cormun/servlet/solicitudot?gx-no-cache=1532620734299 HTTP/1.1" 200 38
186.79.13.90 - - [26/Jul/2018:12:59:55 -0300] "POST /cormun/servlet/permisosingoce?6bc9d7e4058bbc670cd7d89a0732b7b8,INS,0,,gx-no-cache=1532620724488 HTTP/1.1" 200 4411
186.79.13.90 - - [26/Jul/2018:12:59:56 -0300] "POST /cormun/servlet/permisosingoce?6bc9d7e4058bbc670cd7d89a0732b7b8,INS,0,,gx-no-cache=1532620724979 HTTP/1.1" 200 4358
186.79.13.90 - - [26/Jul/2018:12:59:57 -0300] "GET /cormun/servlet/permisosingoce?bfd71ac3839b85a82db0113f8675c5a2643b0c3fc5bee4a724707e317758d0e0b06cd94359f45563e723d7480621cc7e4b114148e7e0e78e5047e9e836cb24098b6009db3f9813cfb938fb753d53ca0a23e7dcd7e267781436c825ff61402d524ab0346f6326a521751554c49431c802eb40187858b7b6a393d698277c778a0b00667df234a2f543beb3fb676e9c9b8a0540e1674495603703b5d197412d8e6a,gx-no-cache=1532620726680 HTTP/1.1" 200 41
186.79.13.90 - - [26/Jul/2018:12:59:58 -0300] "POST /cormun/servlet/permisosingoce?6bc9d7e4058bbc670cd7d89a0732b7b8,INS,0,,gx-no-cache=1532620726801 HTTP/1.1" 200 93
186.79.13.90 - - [26/Jul/2018:12:59:58 -0300] "GET /cormun/servlet/hpexe_return? HTTP/1.1" 200 999
186.79.13.90 - - [26/Jul/2018:12:59:58 -0300] "GET /cormun/servlet/trpermisosingoce HTTP/1.1" 200 9046
186.79.13.90 - - [26/Jul/2018:12:59:58 -0300] "GET /cormun/servlet/trpermisosingoce HTTP/1.1" 200 9042
200.120.230.22 - - [26/Jul/2018:13:00:02 -0300] "GET /cormun/servlet/permisosingoce?INS,0, HTTP/1.1" 200 7037
200.120.230.22 - - [26/Jul/2018:13:00:02 -0300] "GET /cormun/servlet/permisosingoce?INS,0, HTTP/1.1" 200 7038
186.103.157.42 - - [26/Jul/2018:13:00:05 -0300] "GET /cormun/servlet/solicitudot?47ed56ff0019da28659e094d22146522a30dcb0c0e8a2ded34470102fb339e6429132005aca5e2f117e235f9cb82011aa9858a630330bf76dbcbff0f740e3b25d92aa06728000771ec6abc519eadfe5213f2c5f3243b40835fc5e6a870cae32a4b4a1974948a5287af8000ab2c0c5f7a,gx-no-cache=1532620745066 HTTP/1.1" 200 29
186.103.157.42 - - [26/Jul/2018:13:00:05 -0300] "POST /cormun/servlet/solicitudot?gx-no-cache=1532620745091 HTTP/1.1" 200 1356
186.103.157.42 - - [26/Jul/2018:13:00:05 -0300] "POST /cormun/servlet/solicitudot?gx-no-cache=1532620745130 HTTP/1.1" 200 1258
186.103.157.42 - - [26/Jul/2018:13:00:05 -0300] "GET /cormun/static/menuarrow.gif HTTP/1.1" 404 1015
186.103.157.42 - - [26/Jul/2018:13:00:06 -0300] "POST /cormun/servlet/solicitudot?gx-no-cache=1532620746105 HTTP/1.1" 200 1356
186.103.157.42 - - [26/Jul/2018:13:00:06 -0300] "POST /cormun/servlet/solicitudot?gx-no-cache=1532620746184 HTTP/1.1" 200 1258
186.103.157.42 - - [26/Jul/2018:13:00:09 -0300] "GET /cormun/servlet/solicitudot?47ed56ff0019da28659e094d22146522b29924c7433ffaa365a31e4c2044cbef66e5d99ece84d7be0fc04e1545e5898d,gx-no-cache=1532620748641 HTTP/1.1" 200 30
200.120.230.22 - - [26/Jul/2018:13:00:14 -0300] "GET /cormun/servlet/prfichaempleado?,MD,,gxPopupLevel%3D0%3B HTTP/1.1" 200 9392
200.120.230.22 - - [26/Jul/2018:13:00:31 -0300] "POST /cormun/servlet/prfichaempleado?6bc9d7e4058bbc670cd7d89a0732b7b8,,MD,,gxPopupLevel%3D0%3B,gx-no-cache=1532620758722 HTTP/1.1" 200 3513
186.103.157.42 - - [26/Jul/2018:13:00:36 -0300] "GET /cormun/servlet/solicitudot?47ed56ff0019da28659e094d22146522a0ac7697173fcc97a547d8e40df8d94b7233675b141db79ba677e12fb8985f4c4ae032c3ccc59bffebf975cca60369bbd1fc56d3c9bde1657942a150bbf6f4d499f07d279d8ec3d051656061063176e5d8419dae41cc094510fefdc8ca11ac6384651233f58b26272237bdf802a37c17ea6c50d701e25e26b29a3c46e6ea8493ad134809d75330489aaab1634021150a3bb2e33a345c485e37d3fe38684901304eeb8d55bb09566f3c66eff9ba703fe958e010931bd445838fa6632f80e115305005efeeb20d5e20e5d02756ff690a958dbae033587442aafa0fb20bc409cd63fbe889b463beb0afc5bec845f6f610c955b4881c99e531dd27532df0206bba17f7465cd675974a8070b3826d5cb97f9d75e987b10f8c5814eade9f01964d7ffe7272a3a0135e13708a8541f182bfeb7c1ebe8af68796b4fd12977ac12193a11ddf13e49050aefe28da68bd5ad9c53601bf06c174d6aa56f23b44b77525e88a75710d5ad113fa9b990eb3c847b051fd87ba3e01fad52ffcad6083aeb726c6b83d,gx-no-cache=1532620774573 HTTP/1.1" 200 30
186.103.157.42 - - [26/Jul/2018:13:00:38 -0300] "POST /cormun/servlet/solicitudot?gx-no-cache=1532620775762 HTTP/1.1" 200 30
186.103.157.42 - - [26/Jul/2018:13:00:38 -0300] "POST /cormun/servlet/solicitudot?gx-no-cache=1532620778108 HTTP/1.1" 200 1374
186.103.157.42 - - [26/Jul/2018:13:00:38 -0300] "POST /cormun/servlet/solicitudot?gx-no-cache=1532620778191 HTTP/1.1" 200 41
186.103.157.42 - - [26/Jul/2018:13:00:38 -0300] "POST /cormun/servlet/solicitudot?gx-no-cache=1532620778229 HTTP/1.1" 200 1356
186.103.157.42 - - [26/Jul/2018:13:00:38 -0300] "POST /cormun/servlet/solicitudot?gx-no-cache=1532620778291 HTTP/1.1" 200 1258
186.103.157.42 - - [26/Jul/2018:13:00:38 -0300] "POST /cormun/servlet/solicitudot?gx-no-cache=1532620778345 HTTP/1.1" 200 30
186.103.157.42 - - [26/Jul/2018:13:00:39 -0300] "POST /cormun/servlet/solicitudot?2a7231acdb2bc3aa94bb85fb5e8ce509,INS,0,0,,gx-no-cache=1532620778396 HTTP/1.1" 200 93
186.103.157.42 - - [26/Jul/2018:13:00:39 -0300] "GET /cormun/servlet/hpexe_return? HTTP/1.1" 200 1004
186.103.157.42 - - [26/Jul/2018:13:00:39 -0300] "GET /cormun/servlet/trsolicitudot? HTTP/1.1" 200 9186
186.103.157.42 - - [26/Jul/2018:13:00:39 -0300] "GET /cormun/servlet/trsolicitudot? HTTP/1.1" 200 9182
200.120.230.22 - - [26/Jul/2018:13:00:42 -0300] "GET /cormun/servlet/permisosingoce?bfd71ac3839b85a82db0113f8675c5a2990be845c5f50de218d5c79256658c9895c998605e152141b949b0e2c06c6998,gx-no-cache=1532620771577 HTTP/1.1" 200 72
200.120.230.22 - - [26/Jul/2018:13:00:42 -0300] "GET /cormun/static/menuarrow.gif HTTP/1.1" 404 1015
186.103.157.42 - - [26/Jul/2018:13:00:46 -0300] "GET /cormun/servlet/trsolicitudot? HTTP/1.1" 200 9182
186.103.157.42 - - [26/Jul/2018:13:00:47 -0300] "GET /cormun/servlet/trsolicitudot? HTTP/1.1" 200 9182
186.103.157.42 - - [26/Jul/2018:13:00:52 -0300] "GET /cormun/static/menuarrow.gif HTTP/1.1" 404 1015
186.103.157.42 - - [26/Jul/2018:13:00:56 -0300] "POST /cormun/servlet/trsolicitudot?2a7231acdb2bc3aa94bb85fb5e8ce509,,gx-no-cache=1532620796231 HTTP/1.1" 200 6238
200.120.230.22 - - [26/Jul/2018:13:00:57 -0300] "GET /cormun/servlet/permisosingoce?bfd71ac3839b85a82db0113f8675c5a2683a47d0931c76f9ab1526ea027b1e051d3830852ea5dcf3edbb67d2b05da762,gx-no-cache=1532620787278 HTTP/1.1" 200 33
200.120.230.22 - - [26/Jul/2018:13:01:07 -0300] "GET /cormun/servlet/permisosingoce?bfd71ac3839b85a82db0113f8675c5a2643b0c3fc5bee4a724707e317758d0e0b06cd94359f45563e723d7480621cc7e4b114148e7e0e78e5047e9e836cb24098b6009db3f9813cfb938fb753d53ca0a23e7dcd7e267781436c825ff61402d524ab0346f6326a521751554c49431c802eb40187858b7b6a393d698277c778a0b993019bcb282a88dfa3d53a738a8316e,gx-no-cache=1532620797424 HTTP/1.1" 200 41
186.103.157.42 - - [26/Jul/2018:13:01:27 -0300] "POST /cormun/servlet/trsolicitudot?2a7231acdb2bc3aa94bb85fb5e8ce509,,gx-no-cache=1532620827239 HTTP/1.1" 200 6278
186.103.157.42 - - [26/Jul/2018:13:01:27 -0300] "GET /cormun/static/Shared/jqueryui/images/ui-bg_highlight-soft_100_c6c2c8_1x100.png HTTP/1.1" 404 1117
186.103.157.42 - - [26/Jul/2018:13:01:27 -0300] "GET /cormun/static/Shared/jqueryui/images/ui-icons_82798d_256x240.png HTTP/1.1" 404 1089
186.103.157.42 - - [26/Jul/2018:13:01:27 -0300] "GET /cormun/static/Shared/jqueryui/images/ui-bg_flat_55_fafafa_40x100.png HTTP/1.1" 404 1097
186.103.157.42 - - [26/Jul/2018:13:01:27 -0300] "GET /cormun/static/Shared/jqueryui/images/ui-icons_8d78a5_256x240.png HTTP/1.1" 404 1089
186.103.157.42 - - [26/Jul/2018:13:01:28 -0300] "POST /cormun/servlet/trsolicitudot?2a7231acdb2bc3aa94bb85fb5e8ce509,,gx-no-cache=1532620827577 HTTP/1.1" 200 6222
186.103.157.42 - - [26/Jul/2018:13:01:31 -0300] "POST /cormun/servlet/trsolicitudot?2a7231acdb2bc3aa94bb85fb5e8ce509,,gx-no-cache=1532620830805 HTTP/1.1" 200 6274
186.103.157.42 - - [26/Jul/2018:13:01:31 -0300] "POST /cormun/servlet/trsolicitudot?2a7231acdb2bc3aa94bb85fb5e8ce509,,gx-no-cache=1532620831023 HTTP/1.1" 200 6218
186.103.157.42 - - [26/Jul/2018:13:01:34 -0300] "GET /cormun/servlet/trautorizarsolicitud? HTTP/1.1" 200 9126
186.103.157.42 - - [26/Jul/2018:13:01:34 -0300] "GET /cormun/static/gxcfg.js?2017111423403364 HTTP/1.1" 200 953
186.103.157.42 - - [26/Jul/2018:13:01:34 -0300] "GET /cormun/static/trautorizarsolicitud.js?201711142340425 HTTP/1.1" 200 53910
186.103.157.42 - - [26/Jul/2018:13:01:34 -0300] "GET /cormun/servlet/trautorizarsolicitud? HTTP/1.1" 200 9125
186.103.157.42 - - [26/Jul/2018:13:01:38 -0300] "POST /cormun/servlet/trautorizarsolicitud?2a7231acdb2bc3aa94bb85fb5e8ce509,,gx-no-cache=1532620838385 HTTP/1.1" 200 5806
186.103.157.42 - - [26/Jul/2018:13:01:39 -0300] "GET /cormun/static/Shared/jqueryui/images/ui-icons_82798d_256x240.png HTTP/1.1" 404 1089
186.103.157.42 - - [26/Jul/2018:13:01:39 -0300] "GET /cormun/static/Shared/jqueryui/images/ui-bg_highlight-soft_100_c6c2c8_1x100.png HTTP/1.1" 404 1117
186.103.157.42 - - [26/Jul/2018:13:01:39 -0300] "GET /cormun/static/Shared/jqueryui/images/ui-bg_flat_55_fafafa_40x100.png HTTP/1.1" 404 1097
186.103.157.42 - - [26/Jul/2018:13:01:39 -0300] "GET /cormun/static/Shared/jqueryui/images/ui-icons_8d78a5_256x240.png HTTP/1.1" 404 1089
186.103.157.42 - - [26/Jul/2018:13:01:39 -0300] "POST /cormun/servlet/trautorizarsolicitud?2a7231acdb2bc3aa94bb85fb5e8ce509,,gx-no-cache=1532620838565 HTTP/1.1" 200 5751
186.103.157.42 - - [26/Jul/2018:13:01:39 -0300] "POST /cormun/servlet/trautorizarsolicitud?2a7231acdb2bc3aa94bb85fb5e8ce509,,gx-no-cache=1532620839324 HTTP/1.1" 200 4617
186.103.157.42 - - [26/Jul/2018:13:01:40 -0300] "POST /cormun/servlet/trautorizarsolicitud?2a7231acdb2bc3aa94bb85fb5e8ce509,,gx-no-cache=1532620839477 HTTP/1.1" 200 4385
186.79.13.90 - - [26/Jul/2018:13:01:53 -0300] "GET /cormun/servlet/permisosingoce?INS,0, HTTP/1.1" 200 7036
186.79.13.90 - - [26/Jul/2018:13:01:54 -0300] "GET /cormun/servlet/permisosingoce?INS,0, HTTP/1.1" 200 7036
186.79.13.90 - - [26/Jul/2018:13:02:15 -0300] "GET /cormun/servlet/prfichaempleado?,MD,,gxPopupLevel%3D0%3B HTTP/1.1" 200 9392
186.79.13.90 - - [26/Jul/2018:13:02:33 -0300] "POST /cormun/servlet/prfichaempleado?6bc9d7e4058bbc670cd7d89a0732b7b8,,MD,,gxPopupLevel%3D0%3B,gx-no-cache=1532620882377 HTTP/1.1" 200 3513
186.79.13.90 - - [26/Jul/2018:13:02:56 -0300] "GET /cormun/servlet/permisosingoce?bfd71ac3839b85a82db0113f8675c5a2990be845c5f50de218d5c79256658c9895c998605e152141b949b0e2c06c6998,gx-no-cache=1532620905616 HTTP/1.1" 200 72
186.79.13.90 - - [26/Jul/2018:13:02:57 -0300] "GET /cormun/static/menuarrow.gif HTTP/1.1" 404 1015
186.79.13.90 - - [26/Jul/2018:13:03:01 -0300] "GET /cormun/servlet/permisosingoce?bfd71ac3839b85a82db0113f8675c5a2683a47d0931c76f9ab1526ea027b1e051d3830852ea5dcf3edbb67d2b05da762,gx-no-cache=1532620911087 HTTP/1.1" 200 33
186.79.13.90 - - [26/Jul/2018:13:03:05 -0300] "GET /cormun/servlet/permisosingoce?bfd71ac3839b85a82db0113f8675c5a2643b0c3fc5bee4a724707e317758d0e0b06cd94359f45563e723d7480621cc7e4b114148e7e0e78e5047e9e836cb24098b6009db3f9813cfb938fb753d53ca0a23e7dcd7e267781436c825ff61402d524ab0346f6326a521751554c49431c802eb40187858b7b6a393d698277c778a0b993019bcb282a88dfa3d53a738a8316e,gx-no-cache=1532620914800 HTTP/1.1" 200 41
186.79.13.90 - - [26/Jul/2018:13:03:15 -0300] "POST /cormun/servlet/permisosingoce?6bc9d7e4058bbc670cd7d89a0732b7b8,INS,0,,gx-no-cache=1532620924041 HTTP/1.1" 200 93
186.79.13.90 - - [26/Jul/2018:13:03:15 -0300] "GET /cormun/servlet/hpexe_return? HTTP/1.1" 200 999
186.79.13.90 - - [26/Jul/2018:13:03:15 -0300] "GET /cormun/servlet/trpermisosingoce HTTP/1.1" 200 9233
186.79.13.90 - - [26/Jul/2018:13:03:16 -0300] "GET /cormun/servlet/trpermisosingoce HTTP/1.1" 200 9229
186.79.13.90 - - [26/Jul/2018:13:03:27 -0300] "GET /cormun/servlet/permisosingoce?INS,0, HTTP/1.1" 200 7036
186.79.13.90 - - [26/Jul/2018:13:03:28 -0300] "GET /cormun/servlet/permisosingoce?INS,0, HTTP/1.1" 200 7037
186.79.13.90 - - [26/Jul/2018:13:03:39 -0300] "GET /cormun/servlet/prfichaempleado?,MD,,gxPopupLevel%3D0%3B HTTP/1.1" 200 9392
186.79.13.90 - - [26/Jul/2018:13:03:50 -0300] "POST /cormun/servlet/prfichaempleado?6bc9d7e4058bbc670cd7d89a0732b7b8,,MD,,gxPopupLevel%3D0%3B,gx-no-cache=1532620960033 HTTP/1.1" 200 3184
186.79.13.90 - - [26/Jul/2018:13:04:04 -0300] "POST /cormun/servlet/prfichaempleado?6bc9d7e4058bbc670cd7d89a0732b7b8,,MD,,gxPopupLevel%3D0%3B,gx-no-cache=1532620973310 HTTP/1.1" 200 3184
186.79.13.90 - - [26/Jul/2018:13:04:11 -0300] "POST /cormun/servlet/prfichaempleado?6bc9d7e4058bbc670cd7d89a0732b7b8,,MD,,gxPopupLevel%3D0%3B,gx-no-cache=1532620980662 HTTP/1.1" 200 3184
186.79.13.90 - - [26/Jul/2018:13:04:15 -0300] "GET /cormun/servlet/prfichaempleado?,MD,,gxPopupLevel%3D0%3B HTTP/1.1" 200 9392
200.120.230.22 - - [26/Jul/2018:13:04:42 -0300] "GET /cormun/servlet/prfichaempleado?,MD,,gxPopupLevel%3D0%3B HTTP/1.1" 200 9392
200.120.230.22 - - [26/Jul/2018:13:04:49 -0300] "POST /cormun/servlet/prfichaempleado?6bc9d7e4058bbc670cd7d89a0732b7b8,,MD,,gxPopupLevel%3D0%3B,gx-no-cache=1532621019096 HTTP/1.1" 200 3184
200.120.230.22 - - [26/Jul/2018:13:04:54 -0300] "POST /cormun/servlet/prfichaempleado?6bc9d7e4058bbc670cd7d89a0732b7b8,,MD,,gxPopupLevel%3D0%3B,gx-no-cache=1532621024223 HTTP/1.1" 200 3181
200.120.230.22 - - [26/Jul/2018:13:05:01 -0300] "POST /cormun/servlet/prfichaempleado?6bc9d7e4058bbc670cd7d89a0732b7b8,,MD,,gxPopupLevel%3D0%3B,gx-no-cache=1532621030446 HTTP/1.1" 200 3184
200.120.230.22 - - [26/Jul/2018:13:05:09 -0300] "GET /cormun/servlet/prfichaempleado?,MD,,gxPopupLevel%3D0%3B HTTP/1.1" 200 9392
200.120.230.22 - - [26/Jul/2018:13:05:16 -0300] "POST /cormun/servlet/prfichaempleado?6bc9d7e4058bbc670cd7d89a0732b7b8,,MD,,gxPopupLevel%3D0%3B,gx-no-cache=1532621046289 HTTP/1.1" 200 3184
186.79.13.90 - - [26/Jul/2018:13:05:44 -0300] "GET /cormun/servlet/prfichaempleado?,MD,,gxPopupLevel%3D0%3B HTTP/1.1" 200 9392
186.79.13.90 - - [26/Jul/2018:13:05:53 -0300] "POST /cormun/servlet/prfichaempleado?6bc9d7e4058bbc670cd7d89a0732b7b8,,MD,,gxPopupLevel%3D0%3B,gx-no-cache=1532621082993 HTTP/1.1" 200 3184
200.120.230.22 - - [26/Jul/2018:13:06:14 -0300] "GET /cormun/servlet/prfichaempleado?,MD,,gxPopupLevel%3D0%3B HTTP/1.1" 200 9392
200.120.230.22 - - [26/Jul/2018:13:06:30 -0300] "POST /cormun/servlet/prfichaempleado?6bc9d7e4058bbc670cd7d89a0732b7b8,,MD,,gxPopupLevel%3D0%3B,gx-no-cache=1532621120017 HTTP/1.1" 200 3475
200.120.230.22 - - [26/Jul/2018:13:06:35 -0300] "GET /cormun/servlet/permisosingoce?bfd71ac3839b85a82db0113f8675c5a2f6315a3c65e3f42cbf029f2740d38a7595c998605e152141b949b0e2c06c6998,gx-no-cache=1532621124858 HTTP/1.1" 200 77
200.120.230.22 - - [26/Jul/2018:13:06:36 -0300] "GET /cormun/static/menuarrow.gif HTTP/1.1" 404 1015
200.120.230.22 - - [26/Jul/2018:13:06:39 -0300] "GET /cormun/servlet/permisosingoce?bfd71ac3839b85a82db0113f8675c5a2683a47d0931c76f9ab1526ea027b1e05831c4394a2b4b0a4a2b2bdb13b565b8e,gx-no-cache=1532621128934 HTTP/1.1" 200 33
200.120.230.22 - - [26/Jul/2018:13:06:41 -0300] "GET /cormun/servlet/permisosingoce?bfd71ac3839b85a82db0113f8675c5a2643b0c3fc5bee4a724707e317758d0e0b06cd94359f45563e723d7480621cc7e4b114148e7e0e78e5047e9e836cb24098b6009db3f9813cfb938fb753d53ca0a23e7dcd7e267781436c825ff61402d524ab0346f6326a521751554c49431c802eb40187858b7b6a393d698277c778a0b4092294e7b25d76cf660e5bd7b0696eb,gx-no-cache=1532621130767 HTTP/1.1" 200 41
200.120.230.22 - - [26/Jul/2018:13:06:48 -0300] "POST /cormun/servlet/permisosingoce?6bc9d7e4058bbc670cd7d89a0732b7b8,INS,0,,gx-no-cache=1532621138283 HTTP/1.1" 200 4404
200.120.230.22 - - [26/Jul/2018:13:06:49 -0300] "POST /cormun/servlet/permisosingoce?6bc9d7e4058bbc670cd7d89a0732b7b8,INS,0,,gx-no-cache=1532621138607 HTTP/1.1" 200 4350
200.120.230.22 - - [26/Jul/2018:13:06:50 -0300] "GET /cormun/servlet/permisosingoce?bfd71ac3839b85a82db0113f8675c5a2643b0c3fc5bee4a724707e317758d0e0b06cd94359f45563e723d7480621cc7e4b114148e7e0e78e5047e9e836cb24098b6009db3f9813cfb938fb753d53ca0a23e7dcd7e267781436c825ff61402d524ab0346f6326a521751554c49431c802eb40187858b7b6a393d698277c778a0be8bcf41fa2a3897f5e8ff9762723d1e461147885d8aaffc62fc022cc74963533,gx-no-cache=1532621140311 HTTP/1.1" 200 41
200.120.230.22 - - [26/Jul/2018:13:06:51 -0300] "POST /cormun/servlet/permisosingoce?6bc9d7e4058bbc670cd7d89a0732b7b8,INS,0,,gx-no-cache=1532621140353 HTTP/1.1" 200 93
200.120.230.22 - - [26/Jul/2018:13:06:51 -0300] "GET /cormun/servlet/hpexe_return? HTTP/1.1" 200 999
200.120.230.22 - - [26/Jul/2018:13:06:51 -0300] "GET /cormun/servlet/trpermisosingoce HTTP/1.1" 200 9414
200.120.230.22 - - [26/Jul/2018:13:06:51 -0300] "GET /cormun/servlet/trpermisosingoce HTTP/1.1" 200 9409
186.79.13.90 - - [26/Jul/2018:13:06:59 -0300] "GET /cormun/servlet/permisosingoce?INS,0, HTTP/1.1" 200 7036
186.79.13.90 - - [26/Jul/2018:13:06:59 -0300] "GET /cormun/servlet/permisosingoce?INS,0, HTTP/1.1" 200 7036
186.79.13.90 - - [26/Jul/2018:13:07:09 -0300] "GET /cormun/servlet/prfichaempleado?,MD,,gxPopupLevel%3D0%3B HTTP/1.1" 200 9392
186.79.13.90 - - [26/Jul/2018:13:07:18 -0300] "POST /cormun/servlet/prfichaempleado?6bc9d7e4058bbc670cd7d89a0732b7b8,,MD,,gxPopupLevel%3D0%3B,gx-no-cache=1532621167708 HTTP/1.1" 200 3412
186.79.13.90 - - [26/Jul/2018:13:07:23 -0300] "GET /cormun/servlet/permisosingoce?bfd71ac3839b85a82db0113f8675c5a2f3145cda7ab518075f1e0b6e607a068595c998605e152141b949b0e2c06c6998,gx-no-cache=1532621172568 HTTP/1.1" 200 69
186.79.13.90 - - [26/Jul/2018:13:07:23 -0300] "GET /cormun/static/menuarrow.gif HTTP/1.1" 404 1015
186.79.13.90 - - [26/Jul/2018:13:07:26 -0300] "GET /cormun/servlet/permisosingoce?bfd71ac3839b85a82db0113f8675c5a2683a47d0931c76f9ab1526ea027b1e05831c4394a2b4b0a4a2b2bdb13b565b8e,gx-no-cache=1532621176505 HTTP/1.1" 200 33
186.79.13.90 - - [26/Jul/2018:13:07:28 -0300] "GET /cormun/servlet/permisosingoce?bfd71ac3839b85a82db0113f8675c5a2643b0c3fc5bee4a724707e317758d0e0b06cd94359f45563e723d7480621cc7e4b114148e7e0e78e5047e9e836cb24098b6009db3f9813cfb938fb753d53ca0a23e7dcd7e267781436c825ff61402d524ab0346f6326a521751554c49431c802eb40187858b7b6a393d698277c778a0bb792291f6fe26b1b96608a5d8645d685,gx-no-cache=1532621178146 HTTP/1.1" 200 41
186.79.13.90 - - [26/Jul/2018:13:07:42 -0300] "POST /cormun/servlet/permisosingoce?6bc9d7e4058bbc670cd7d89a0732b7b8,INS,0,,gx-no-cache=1532621191888 HTTP/1.1" 200 4414
186.79.13.90 - - [26/Jul/2018:13:07:44 -0300] "POST /cormun/servlet/permisosingoce?6bc9d7e4058bbc670cd7d89a0732b7b8,INS,0,,gx-no-cache=1532621192435 HTTP/1.1" 200 4361
186.79.13.90 - - [26/Jul/2018:13:07:47 -0300] "POST /cormun/servlet/permisosingoce?6bc9d7e4058bbc670cd7d89a0732b7b8,INS,0,,gx-no-cache=1532621197070 HTTP/1.1" 200 4413
186.79.13.90 - - [26/Jul/2018:13:07:48 -0300] "POST /cormun/servlet/permisosingoce?6bc9d7e4058bbc670cd7d89a0732b7b8,INS,0,,gx-no-cache=1532621197597 HTTP/1.1" 200 4361
186.79.13.90 - - [26/Jul/2018:13:07:50 -0300] "GET /cormun/servlet/permisosingoce?bfd71ac3839b85a82db0113f8675c5a2643b0c3fc5bee4a724707e317758d0e0b06cd94359f45563e723d7480621cc7e4b114148e7e0e78e5047e9e836cb24098b6009db3f9813cfb938fb753d53ca0a23e7dcd7e267781436c825ff61402d524ab0346f6326a521751554c49431c802eb40187858b7b6a393d698277c778a0b4757f374d0959179464a71b84cdd08d35f4681b19053d44a7139cfbbff873181,gx-no-cache=1532621199968 HTTP/1.1" 200 41
186.79.13.90 - - [26/Jul/2018:13:07:51 -0300] "POST /cormun/servlet/permisosingoce?6bc9d7e4058bbc670cd7d89a0732b7b8,INS,0,,gx-no-cache=1532621200124 HTTP/1.1" 200 93
186.79.13.90 - - [26/Jul/2018:13:07:51 -0300] "GET /cormun/servlet/hpexe_return? HTTP/1.1" 200 999
186.79.13.90 - - [26/Jul/2018:13:07:51 -0300] "GET /cormun/servlet/trpermisosingoce HTTP/1.1" 200 9601
186.79.13.90 - - [26/Jul/2018:13:07:52 -0300] "GET /cormun/servlet/trpermisosingoce HTTP/1.1" 200 9597
186.79.13.90 - - [26/Jul/2018:13:07:55 -0300] "GET /cormun/servlet/permisosingoce?INS,0, HTTP/1.1" 200 7037
186.79.13.90 - - [26/Jul/2018:13:07:55 -0300] "GET /cormun/servlet/permisosingoce?INS,0, HTTP/1.1" 200 7037
200.120.230.22 - - [26/Jul/2018:13:08:32 -0300] "GET /cormun/servlet/trpermisosingoce HTTP/1.1" 200 9601
200.120.230.22 - - [26/Jul/2018:13:08:32 -0300] "GET /cormun/servlet/trpermisosingoce HTTP/1.1" 200 9597
200.120.230.22 - - [26/Jul/2018:13:08:36 -0300] "GET /cormun/servlet/permisosingoce?INS,0, HTTP/1.1" 200 7036
200.120.230.22 - - [26/Jul/2018:13:08:37 -0300] "GET /cormun/servlet/permisosingoce?INS,0, HTTP/1.1" 200 7036
186.79.13.90 - - [26/Jul/2018:13:08:52 -0300] "GET /cormun/servlet/prfichaempleado?,MD,,gxPopupLevel%3D0%3B HTTP/1.1" 200 9392
186.79.13.90 - - [26/Jul/2018:13:09:02 -0300] "POST /cormun/servlet/prfichaempleado?6bc9d7e4058bbc670cd7d89a0732b7b8,,MD,,gxPopupLevel%3D0%3B,gx-no-cache=1532621270905 HTTP/1.1" 200 5835
186.79.13.90 - - [26/Jul/2018:13:09:43 -0300] "POST /cormun/servlet/prfichaempleado?6bc9d7e4058bbc670cd7d89a0732b7b8,,MD,,gxPopupLevel%3D0%3B,gx-no-cache=1532621312656 HTTP/1.1" 200 3184
186.79.13.90 - - [26/Jul/2018:13:10:02 -0300] "GET /cormun/servlet/prfichaempleado?,MD,,gxPopupLevel%3D0%3B HTTP/1.1" 200 9392
186.79.13.90 - - [26/Jul/2018:13:10:20 -0300] "GET /cormun/servlet/prfichaempleado?,MD,,gxPopupLevel%3D0%3B HTTP/1.1" 200 9392
186.79.13.90 - - [26/Jul/2018:13:10:26 -0300] "POST /cormun/servlet/prfichaempleado?6bc9d7e4058bbc670cd7d89a0732b7b8,,MD,,gxPopupLevel%3D0%3B,gx-no-cache=1532621355107 HTTP/1.1" 200 6559
186.79.13.90 - - [26/Jul/2018:13:10:26 -0300] "GET /cormun/static/Resources/PXToolsGridNext.gif HTTP/1.1" 200 369
186.79.13.90 - - [26/Jul/2018:13:10:26 -0300] "GET /cormun/static/Resources/PXToolsGridLast.gif HTTP/1.1" 200 370
200.120.230.22 - - [26/Jul/2018:13:11:05 -0300] "GET /cormun/servlet/prfichaempleado?,MD,,gxPopupLevel%3D0%3B HTTP/1.1" 200 9392
200.120.230.22 - - [26/Jul/2018:13:11:22 -0300] "POST /cormun/servlet/prfichaempleado?6bc9d7e4058bbc670cd7d89a0732b7b8,,MD,,gxPopupLevel%3D0%3B,gx-no-cache=1532621411194 HTTP/1.1" 200 6559
200.120.230.22 - - [26/Jul/2018:13:11:34 -0300] "POST /cormun/servlet/prfichaempleado?6bc9d7e4058bbc670cd7d89a0732b7b8,,MD,,gxPopupLevel%3D0%3B,gx-no-cache=1532621423352 HTTP/1.1" 200 3182
200.120.230.22 - - [26/Jul/2018:13:11:49 -0300] "POST /cormun/servlet/prfichaempleado?6bc9d7e4058bbc670cd7d89a0732b7b8,,MD,,gxPopupLevel%3D0%3B,gx-no-cache=1532621439255 HTTP/1.1" 200 3190
