186.10.12.250 - - [25/Jul/2018:10:48:40 -0300] "POST /cormun/servlet/solicitudotadjuntos?8218f007d82bf02f459822ddfa911273,INS,2018,11896,,1, HTTP/1.1" 200 116
186.10.12.250 - - [25/Jul/2018:10:48:41 -0300] "GET /cormun/servlet/hpexe_return? HTTP/1.1" 200 1026
186.10.12.250 - - [25/Jul/2018:10:48:41 -0300] "GET /cormun/servlet/trsolicitudadjuntos?2018,11896, HTTP/1.1" 200 8733
186.10.12.250 - - [25/Jul/2018:10:48:42 -0300] "GET /cormun/servlet/trsolicitudadjuntos?2018,11896, HTTP/1.1" 200 8731
200.54.247.70 - - [25/Jul/2018:10:48:44 -0300] "GET /cormun/static/Resources/resize.gif HTTP/1.1" 200 77
200.54.247.70 - - [25/Jul/2018:10:48:45 -0300] "GET /cormun/servlet/prfichaempleado?,MD,,gxPopupLevel%3D0%3B HTTP/1.1" 200 9399
200.54.247.70 - - [25/Jul/2018:10:48:45 -0300] "GET /cormun/static/gxcfg.js?20177612134814 HTTP/1.1" 200 953
200.54.247.70 - - [25/Jul/2018:10:48:45 -0300] "GET /cormun/static/Resources/PXToolsMenuSearch.png HTTP/1.1" 200 2914
200.54.247.70 - - [25/Jul/2018:10:48:45 -0300] "GET /cormun/static/Resources/PXToolsMenuSearchCancel.png HTTP/1.1" 200 2972
200.54.247.70 - - [25/Jul/2018:10:48:45 -0300] "GET /cormun/static/prfichaempleado.js?20177612134999 HTTP/1.1" 200 16006
186.67.203.186 - - [25/Jul/2018:10:48:45 -0300] "GET /cormun/servlet/solicitudotadjuntos?INS,2018,11896,,1, HTTP/1.1" 200 6191
200.54.247.70 - - [25/Jul/2018:10:48:46 -0300] "GET /cormun/static/menusearch.js?201610171694467 HTTP/1.1" 200 1424
186.67.203.186 - - [25/Jul/2018:10:48:46 -0300] "GET /cormun/static/about:blank HTTP/1.1" 404 1011
186.10.12.250 - - [25/Jul/2018:10:48:46 -0300] "GET /cormun/servlet/solicitudotadjuntos?INS,2018,11896,,1, HTTP/1.1" 200 6185
200.54.247.70 - - [25/Jul/2018:10:48:46 -0300] "GET /cormun/static/hmpwkw011.js?20177612121862 HTTP/1.1" 200 1968
200.54.247.70 - - [25/Jul/2018:10:48:46 -0300] "GET /cormun/static/Resources/Spanish/PXTools.css?1155365 HTTP/1.1" 200 89042
186.67.203.186 - - [25/Jul/2018:10:48:46 -0300] "GET /cormun/servlet/solicitudotadjuntos?e20ac4be8003c75522000b9d843fb266b0f7eae61ed21abe77e5ea3e129b33761835c4e35434f2aefda3717e0a00acb8,gx-no-cache=1532526456073 HTTP/1.1" 200 30
186.67.203.186 - - [25/Jul/2018:10:48:46 -0300] "POST /cormun/servlet/solicitudotadjuntos?8218f007d82bf02f459822ddfa911273,INS,2018,11896,,1,,gx-no-cache=1532526456214 HTTP/1.1" 200 3991
186.103.159.182 - - [25/Jul/2018:10:48:49 -0300] "GET /cormun/servlet/trsolicitudot? HTTP/1.1" 200 7473
186.103.158.250 - - [25/Jul/2018:10:48:50 -0300] "POST /cormun/servlet/licenciaspermisosadjuntos?a4ed5e446d2f65edb9b0938081ee1984,INS,8803288,L,20180725000000,, HTTP/1.1" 200 116
186.103.158.250 - - [25/Jul/2018:10:48:50 -0300] "GET /cormun/servlet/hpexe_return? HTTP/1.1" 200 1030
186.103.159.182 - - [25/Jul/2018:10:48:50 -0300] "GET /cormun/servlet/trsolicitudot? HTTP/1.1" 200 7472
186.67.203.186 - - [25/Jul/2018:10:48:51 -0300] "POST /cormun/servlet/solicitudotadjuntos?gx-no-cache=1532526460317 HTTP/1.1" 200 26
186.103.158.250 - - [25/Jul/2018:10:48:51 -0300] "GET /cormun/servlet/trlicenciaspermisosadjuntos?8803288,20180725000000,L, HTTP/1.1" 200 6785
200.54.247.70 - - [25/Jul/2018:10:48:52 -0300] "POST /cormun/servlet/prfichaempleado?3aca8533a6daf8ee0a6c818638126ca0,,MD,,gxPopupLevel%3D0%3B,gx-no-cache=1532526461747 HTTP/1.1" 200 6291
200.54.247.70 - - [25/Jul/2018:10:48:52 -0300] "GET /cormun/static/Resources/PXToolsGridLast.gif HTTP/1.1" 200 370
200.54.247.70 - - [25/Jul/2018:10:48:52 -0300] "GET /cormun/static/Resources/PXToolsGridNext.gif HTTP/1.1" 200 369
186.103.158.250 - - [25/Jul/2018:10:48:53 -0300] "GET /cormun/servlet/trlicenciaspermisosadjuntos?8803288,20180725000000,L, HTTP/1.1" 200 6782
200.54.247.70 - - [25/Jul/2018:10:48:57 -0300] "POST /cormun/servlet/solicitudot?gx-no-cache=1532526466822 HTTP/1.1" 200 1377
200.54.247.70 - - [25/Jul/2018:10:48:57 -0300] "GET /cormun/static/menuarrow.gif HTTP/1.1" 404 1015
186.103.159.182 - - [25/Jul/2018:10:48:58 -0300] "GET /cormun/static/menuarrow.gif HTTP/1.1" 404 1015
186.103.158.250 - - [25/Jul/2018:10:48:59 -0300] "GET /cormun/servlet/trlicencias? HTTP/1.1" 200 8827
186.103.158.250 - - [25/Jul/2018:10:49:01 -0300] "GET /cormun/servlet/trlicencias? HTTP/1.1" 200 8829
186.103.159.182 - - [25/Jul/2018:10:49:02 -0300] "POST /cormun/servlet/trsolicitudot?268708313b7597260e4aa8b1c0185919,,gx-no-cache=1532526471650 HTTP/1.1" 200 6691
186.103.159.182 - - [25/Jul/2018:10:49:08 -0300] "GET /cormun/servlet/vesolicitudot?2018,11614,, HTTP/1.1" 200 8632
186.103.159.182 - - [25/Jul/2018:10:49:09 -0300] "GET /cormun/pexe_scrolldiv.js HTTP/1.1" 404 1009
186.103.159.182 - - [25/Jul/2018:10:49:10 -0300] "GET /cormun/servlet/vesolicitudot?2018,11614,, HTTP/1.1" 200 8631
186.67.203.186 - - [25/Jul/2018:10:49:10 -0300] "GET /cormun/servlet/solicitudotadjuntos?e20ac4be8003c75522000b9d843fb2665f30f6b0e8f84bf4f36350d1b890202e,gx-no-cache=1532526479598 HTTP/1.1" 200 30
186.67.203.186 - - [25/Jul/2018:10:49:10 -0300] "GET /cormun/servlet/solicitudotadjuntos?e20ac4be8003c75522000b9d843fb2665f30f6b0e8f84bf4f36350d1b890202e,gx-no-cache=1532526479631 HTTP/1.1" 200 30
186.67.203.186 - - [25/Jul/2018:10:49:11 -0300] "POST /cormun/servlet/solicitudotadjuntos?8218f007d82bf02f459822ddfa911273,INS,2018,11896,,1, HTTP/1.1" 200 116
186.103.159.182 - - [25/Jul/2018:10:49:11 -0300] "GET /cormun/servlet/vesolicitudot?2018,11614,,SolicitudOTAdjuntos HTTP/1.1" 200 11275
186.67.203.186 - - [25/Jul/2018:10:49:12 -0300] "GET /cormun/servlet/hpexe_return? HTTP/1.1" 200 1026
186.103.159.182 - - [25/Jul/2018:10:49:12 -0300] "GET /cormun/pexe_scrolldiv.js HTTP/1.1" 404 1009
200.54.247.70 - - [25/Jul/2018:10:49:12 -0300] "POST /cormun/servlet/solicitudot?gx-no-cache=1532526481985 HTTP/1.1" 200 41
186.67.203.186 - - [25/Jul/2018:10:49:12 -0300] "GET /cormun/servlet/trsolicitudadjuntos?2018,11896, HTTP/1.1" 200 8950
186.103.159.182 - - [25/Jul/2018:10:49:13 -0300] "GET /cormun/servlet/vesolicitudot?2018,11614,,SolicitudOTAdjuntos HTTP/1.1" 200 11278
186.103.159.182 - - [25/Jul/2018:10:49:13 -0300] "POST /cormun/servlet/acontrolpreferencessavestate?None,SGONGORA,true HTTP/1.1" 200 35
186.67.203.186 - - [25/Jul/2018:10:49:13 -0300] "GET /cormun/servlet/trsolicitudadjuntos?2018,11896, HTTP/1.1" 200 8949
186.10.12.250 - - [25/Jul/2018:10:49:16 -0300] "GET /cormun/servlet/solicitudotadjuntos?INS,2018,11896,,1, HTTP/1.1" 200 6191
186.10.12.250 - - [25/Jul/2018:10:49:16 -0300] "GET /cormun/static/about:blank HTTP/1.1" 404 1011
186.10.12.250 - - [25/Jul/2018:10:49:16 -0300] "GET /cormun/servlet/solicitudotadjuntos?INS,2018,11896,,1, HTTP/1.1" 200 6185
186.10.12.250 - - [25/Jul/2018:10:49:17 -0300] "GET /cormun/servlet/solicitudotadjuntos?e20ac4be8003c75522000b9d843fb266b0f7eae61ed21abe77e5ea3e129b33761835c4e35434f2aefda3717e0a00acb8,gx-no-cache=1532526486470 HTTP/1.1" 200 30
200.54.247.70 - - [25/Jul/2018:10:49:17 -0300] "GET /cormun/servlet/trcontratounov2? HTTP/1.1" 200 17529
200.54.247.70 - - [25/Jul/2018:10:49:17 -0300] "GET /cormun/static/gxcfg.js?201752512124396 HTTP/1.1" 200 953
200.54.247.70 - - [25/Jul/2018:10:49:17 -0300] "GET /cormun/static/Resources/PXToolsAddSelectedAction.png HTTP/1.1" 200 3660
186.103.159.182 - - [25/Jul/2018:10:49:17 -0300] "GET /cormun/PublicTempStorage/camila_nicole_cespedes_saavedra_-_antecedentes1134031.pdf HTTP/1.1" 200 365114
200.54.247.70 - - [25/Jul/2018:10:49:17 -0300] "GET /cormun/static/trcontratounov2.js?201752512125146 HTTP/1.1" 200 38486
200.54.247.70 - - [25/Jul/2018:10:49:17 -0300] "GET /cormun/static/Resources/Spanish/PXTools.css?11423723 HTTP/1.1" 200 89042
186.10.12.250 - - [25/Jul/2018:10:49:17 -0300] "POST /cormun/servlet/solicitudotadjuntos?8218f007d82bf02f459822ddfa911273,INS,2018,11896,,1,,gx-no-cache=1532526486577 HTTP/1.1" 200 3991
200.54.247.70 - - [25/Jul/2018:10:49:18 -0300] "GET /cormun/servlet/trcontratounov2? HTTP/1.1" 200 17535
186.103.158.250 - - [25/Jul/2018:10:49:21 -0300] "POST /cormun/servlet/trlicencias?a4ed5e446d2f65edb9b0938081ee1984,,gx-no-cache=1532526411383 HTTP/1.1" 200 6117
186.103.158.250 - - [25/Jul/2018:10:49:22 -0300] "GET /cormun/static/Shared/jqueryui/images/ui-bg_highlight-soft_100_c6c2c8_1x100.png HTTP/1.1" 404 1117
186.103.158.250 - - [25/Jul/2018:10:49:22 -0300] "GET /cormun/static/Shared/jqueryui/images/ui-bg_flat_55_fafafa_40x100.png HTTP/1.1" 404 1097
186.103.158.250 - - [25/Jul/2018:10:49:22 -0300] "GET /cormun/static/Shared/jqueryui/images/ui-icons_8d78a5_256x240.png HTTP/1.1" 404 1089
186.103.158.250 - - [25/Jul/2018:10:49:22 -0300] "GET /cormun/static/Shared/jqueryui/images/ui-icons_82798d_256x240.png HTTP/1.1" 404 1089
186.103.159.182 - - [25/Jul/2018:10:49:24 -0300] "GET /cormun/servlet/vesolicitudot?2018,11614,,SolicitudOTAdjuntos HTTP/1.1" 200 11274
186.103.158.250 - - [25/Jul/2018:10:49:24 -0300] "GET /cormun/servlet/alicenciaprn?8803288,L,20180725000000,PU HTTP/1.1" 200 1534
186.103.159.182 - - [25/Jul/2018:10:49:25 -0300] "GET /cormun/servlet/vesolicitudot?2018,11614,,SolicitudOTAdjuntos HTTP/1.1" 200 11278
186.103.159.182 - - [25/Jul/2018:10:49:26 -0300] "POST /cormun/servlet/acontrolpreferencessavestate?None,SGONGORA,true HTTP/1.1" 200 35
186.10.12.250 - - [25/Jul/2018:10:49:26 -0300] "POST /cormun/servlet/solicitudotadjuntos?gx-no-cache=1532526495589 HTTP/1.1" 200 26
186.103.159.182 - - [25/Jul/2018:10:49:28 -0300] "GET /cormun/PublicTempStorage/camila_nicole_cespedes_saavedra_-_carnet568483.pdf HTTP/1.1" 200 256492
200.54.247.70 - - [25/Jul/2018:10:49:29 -0300] "POST /cormun/servlet/trcontratounov2?3aca8533a6daf8ee0a6c818638126ca0,,gx-no-cache=1532526498372 HTTP/1.1" 200 8480
192.168.10.96 - - [25/Jul/2018:10:49:32 -0300] "GET /digitalizacion/servlet/wblogin HTTP/1.1" 200 2313
192.168.10.96 - - [25/Jul/2018:10:49:34 -0300] "GET /digitalizacion/servlet/wblogin HTTP/1.1" 200 2324
200.54.247.70 - - [25/Jul/2018:10:49:34 -0300] "POST /cormun/servlet/trcontratounov2?3aca8533a6daf8ee0a6c818638126ca0,,gx-no-cache=1532526503750 HTTP/1.1" 200 6286
192.168.10.96 - - [25/Jul/2018:10:49:39 -0300] "POST /digitalizacion/servlet/wblogin?5af832a77e03a3f7ab19ea6be0c4e15d,gx-no-cache=1532526365435 HTTP/1.1" 200 65
192.168.10.96 - - [25/Jul/2018:10:49:39 -0300] "GET /digitalizacion/servlet/hhome HTTP/1.1" 200 2820
186.10.12.250 - - [25/Jul/2018:10:49:39 -0300] "GET /cormun/servlet/solicitudotadjuntos?e20ac4be8003c75522000b9d843fb2665f30f6b0e8f84bf4f36350d1b890202e,gx-no-cache=1532526508950 HTTP/1.1" 200 30
186.10.12.250 - - [25/Jul/2018:10:49:39 -0300] "GET /cormun/servlet/solicitudotadjuntos?e20ac4be8003c75522000b9d843fb2665f30f6b0e8f84bf4f36350d1b890202e,gx-no-cache=1532526509014 HTTP/1.1" 200 30
192.168.10.96 - - [25/Jul/2018:10:49:39 -0300] "GET /digitalizacion/servlet/hhome HTTP/1.1" 200 2819
186.10.12.250 - - [25/Jul/2018:10:49:40 -0300] "POST /cormun/servlet/solicitudotadjuntos?8218f007d82bf02f459822ddfa911273,INS,2018,11896,,1, HTTP/1.1" 200 116
186.10.12.250 - - [25/Jul/2018:10:49:40 -0300] "GET /cormun/servlet/hpexe_return? HTTP/1.1" 200 1026
186.10.12.250 - - [25/Jul/2018:10:49:41 -0300] "GET /cormun/servlet/trsolicitudadjuntos?2018,11896, HTTP/1.1" 200 9122
186.10.12.250 - - [25/Jul/2018:10:49:41 -0300] "GET /cormun/servlet/trsolicitudadjuntos?2018,11896, HTTP/1.1" 200 9121
192.168.10.96 - - [25/Jul/2018:10:49:43 -0300] "GET /digitalizacion/servlet/trdocumentos? HTTP/1.1" 200 9872
192.168.10.96 - - [25/Jul/2018:10:49:44 -0300] "GET /digitalizacion/servlet/trdocumentos? HTTP/1.1" 200 9869
192.168.10.96 - - [25/Jul/2018:10:49:44 -0300] "POST /digitalizacion/servlet/trdocumentos?gx-no-cache=1532526370759 HTTP/1.1" 200 353
192.168.10.96 - - [25/Jul/2018:10:49:44 -0300] "POST /digitalizacion/servlet/trdocumentos?gx-no-cache=1532526370890 HTTP/1.1" 200 78
186.103.161.206 - - [25/Jul/2018:10:49:45 -0300] "GET /cormun/servlet/solicitudotadjuntos?INS,2018,11896,,1, HTTP/1.1" 200 6191
186.103.161.206 - - [25/Jul/2018:10:49:45 -0300] "GET /cormun/static/about:blank HTTP/1.1" 404 1011
186.103.161.206 - - [25/Jul/2018:10:49:45 -0300] "GET /cormun/servlet/solicitudotadjuntos?INS,2018,11896,,1, HTTP/1.1" 200 6184
190.151.100.218 - - [25/Jul/2018:10:49:45 -0300] "GET /cormun/servlet/solicitudotadjuntos?e20ac4be8003c75522000b9d843fb266b0f7eae61ed21abe77e5ea3e129b33761835c4e35434f2aefda3717e0a00acb8,gx-no-cache=1532526515172 HTTP/1.1" 200 30
190.151.100.218 - - [25/Jul/2018:10:49:46 -0300] "POST /cormun/servlet/solicitudotadjuntos?8218f007d82bf02f459822ddfa911273,INS,2018,11896,,1,,gx-no-cache=1532526515303 HTTP/1.1" 200 3991
192.168.10.96 - - [25/Jul/2018:10:49:48 -0300] "POST /digitalizacion/servlet/trdocumentos?gx-no-cache=1532526375136 HTTP/1.1" 200 78
190.151.100.218 - - [25/Jul/2018:10:49:51 -0300] "POST /cormun/servlet/solicitudotadjuntos?gx-no-cache=1532526520774 HTTP/1.1" 200 26
192.168.10.96 - - [25/Jul/2018:10:49:53 -0300] "POST /digitalizacion/servlet/trdocumentos?5af832a77e03a3f7ab19ea6be0c4e15d,,gx-no-cache=1532526379273 HTTP/1.1" 200 3514
192.168.10.96 - - [25/Jul/2018:10:49:55 -0300] "GET /digitalizacion/servlet/wbadjunto?5443,PU HTTP/1.1" 302 -
192.168.10.96 - - [25/Jul/2018:10:49:55 -0300] "GET /digitalizacion/PublicTempStorage/2771008.tmp HTTP/1.1" 200 958219
190.151.100.218 - - [25/Jul/2018:10:50:02 -0300] "GET /cormun/servlet/solicitudotadjuntos?e20ac4be8003c75522000b9d843fb2665f30f6b0e8f84bf4f36350d1b890202e,gx-no-cache=1532526532270 HTTP/1.1" 200 30
190.151.100.218 - - [25/Jul/2018:10:50:03 -0300] "GET /cormun/servlet/solicitudotadjuntos?e20ac4be8003c75522000b9d843fb2665f30f6b0e8f84bf4f36350d1b890202e,gx-no-cache=1532526532352 HTTP/1.1" 200 30
190.151.100.218 - - [25/Jul/2018:10:50:03 -0300] "POST /cormun/servlet/solicitudotadjuntos?8218f007d82bf02f459822ddfa911273,INS,2018,11896,,1, HTTP/1.1" 200 116
190.151.100.218 - - [25/Jul/2018:10:50:03 -0300] "GET /cormun/servlet/hpexe_return? HTTP/1.1" 200 1026
190.151.100.218 - - [25/Jul/2018:10:50:04 -0300] "GET /cormun/servlet/trsolicitudadjuntos?2018,11896, HTTP/1.1" 200 9324
190.151.100.218 - - [25/Jul/2018:10:50:04 -0300] "GET /cormun/servlet/trsolicitudadjuntos?2018,11896, HTTP/1.1" 200 9323
186.103.161.206 - - [25/Jul/2018:10:50:07 -0300] "GET /cormun/servlet/solicitudotadjuntos?INS,2018,11896,,1, HTTP/1.1" 200 6191
186.103.161.206 - - [25/Jul/2018:10:50:07 -0300] "GET /cormun/static/about:blank HTTP/1.1" 404 1011
186.67.203.186 - - [25/Jul/2018:10:50:08 -0300] "GET /cormun/servlet/solicitudotadjuntos?INS,2018,11896,,1, HTTP/1.1" 200 6184
186.103.161.206 - - [25/Jul/2018:10:50:08 -0300] "GET /cormun/servlet/solicitudotadjuntos?e20ac4be8003c75522000b9d843fb266b0f7eae61ed21abe77e5ea3e129b33761835c4e35434f2aefda3717e0a00acb8,gx-no-cache=1532526537575 HTTP/1.1" 200 30
186.103.161.206 - - [25/Jul/2018:10:50:08 -0300] "POST /cormun/servlet/solicitudotadjuntos?8218f007d82bf02f459822ddfa911273,INS,2018,11896,,1,,gx-no-cache=1532526537656 HTTP/1.1" 200 3991
186.103.161.206 - - [25/Jul/2018:10:50:15 -0300] "POST /cormun/servlet/solicitudotadjuntos?gx-no-cache=1532526545189 HTTP/1.1" 200 26
200.54.247.70 - - [25/Jul/2018:10:50:28 -0300] "GET /cormun/servlet/trsolicitudot? HTTP/1.1" 200 7273
200.54.247.70 - - [25/Jul/2018:10:50:28 -0300] "GET /cormun/servlet/trsolicitudot? HTTP/1.1" 200 7273
200.54.247.70 - - [25/Jul/2018:10:50:29 -0300] "GET /cormun/servlet/trsolicitudot? HTTP/1.1" 200 7273
186.103.161.206 - - [25/Jul/2018:10:50:30 -0300] "GET /cormun/servlet/solicitudotadjuntos?e20ac4be8003c75522000b9d843fb2665f30f6b0e8f84bf4f36350d1b890202e,gx-no-cache=1532526559694 HTTP/1.1" 200 30
186.103.161.206 - - [25/Jul/2018:10:50:31 -0300] "GET /cormun/servlet/solicitudotadjuntos?e20ac4be8003c75522000b9d843fb2665f30f6b0e8f84bf4f36350d1b890202e,gx-no-cache=1532526560840 HTTP/1.1" 200 30
200.54.247.70 - - [25/Jul/2018:10:50:31 -0300] "GET /cormun/servlet/solicitudot?INS,0,0, HTTP/1.1" 200 13704
200.54.247.70 - - [25/Jul/2018:10:50:32 -0300] "GET /cormun/servlet/solicitudot?INS,0,0, HTTP/1.1" 200 13709
186.103.161.206 - - [25/Jul/2018:10:50:38 -0300] "POST /cormun/servlet/solicitudotadjuntos?8218f007d82bf02f459822ddfa911273,INS,2018,11896,,1, HTTP/1.1" 200 116
186.103.161.206 - - [25/Jul/2018:10:50:38 -0300] "GET /cormun/servlet/hpexe_return? HTTP/1.1" 200 1026
186.103.161.206 - - [25/Jul/2018:10:50:38 -0300] "GET /cormun/servlet/trsolicitudadjuntos?2018,11896, HTTP/1.1" 200 9547
186.103.161.206 - - [25/Jul/2018:10:50:40 -0300] "GET /cormun/servlet/trsolicitudadjuntos?2018,11896, HTTP/1.1" 200 9545
186.67.203.186 - - [25/Jul/2018:10:50:46 -0300] "GET /cormun/servlet/solicitudotadjuntos?INS,2018,11896,,1, HTTP/1.1" 200 6192
186.67.203.186 - - [25/Jul/2018:10:50:46 -0300] "GET /cormun/static/about:blank HTTP/1.1" 404 1011
186.67.203.186 - - [25/Jul/2018:10:50:47 -0300] "GET /cormun/servlet/solicitudotadjuntos?INS,2018,11896,,1, HTTP/1.1" 200 6185
186.67.203.186 - - [25/Jul/2018:10:50:48 -0300] "GET /cormun/servlet/solicitudotadjuntos?e20ac4be8003c75522000b9d843fb266b0f7eae61ed21abe77e5ea3e129b33761835c4e35434f2aefda3717e0a00acb8,gx-no-cache=1532526576938 HTTP/1.1" 200 30
186.67.203.186 - - [25/Jul/2018:10:50:48 -0300] "POST /cormun/servlet/solicitudotadjuntos?8218f007d82bf02f459822ddfa911273,INS,2018,11896,,1,,gx-no-cache=1532526577873 HTTP/1.1" 200 3991
186.67.203.186 - - [25/Jul/2018:10:50:53 -0300] "POST /cormun/servlet/solicitudotadjuntos?gx-no-cache=1532526583142 HTTP/1.1" 200 26
200.54.247.70 - - [25/Jul/2018:10:51:08 -0300] "POST /cormun/servlet/solicitudot?gx-no-cache=1532526597193 HTTP/1.1" 200 3426
200.54.247.70 - - [25/Jul/2018:10:51:08 -0300] "POST /cormun/servlet/solicitudot?3aca8533a6daf8ee0a6c818638126ca0,INS,0,0,,gx-no-cache=1532526597581 HTTP/1.1" 200 10575
200.54.247.70 - - [25/Jul/2018:10:51:11 -0300] "GET /cormun/servlet/solicitudot?8ff8403b0eb8ed23a3f4633eeeaece4c8cfa1a539ce3718993cb27062ee14f6d78a7a44b58b233d74219e1b4d32d7f42,gx-no-cache=1532526600382 HTTP/1.1" 200 30
200.54.247.70 - - [25/Jul/2018:10:51:11 -0300] "GET /cormun/servlet/solicitudot?8ff8403b0eb8ed23a3f4633eeeaece4c243e569c840381c58d0f2edfb1416aed8e4a2c4b97663c062af07811f16a8fab,gx-no-cache=1532526600436 HTTP/1.1" 200 30
200.54.247.70 - - [25/Jul/2018:10:51:11 -0300] "GET /cormun/servlet/solicitudot?8ff8403b0eb8ed23a3f4633eeeaece4c3ea86ef010abcf831eca899d11f3d19f,gx-no-cache=1532526600465 HTTP/1.1" 200 53
200.54.247.70 - - [25/Jul/2018:10:51:11 -0300] "POST /cormun/servlet/solicitudot?gx-no-cache=1532526600521 HTTP/1.1" 200 240
200.54.247.70 - - [25/Jul/2018:10:51:11 -0300] "GET /cormun/servlet/solicitudot?8ff8403b0eb8ed23a3f4633eeeaece4cbda8e21db28ad15de76c4e6feb32ad85a44817e28e2da2cfd06b4f18661484d743913a3bf015e4e90d42c5a51597dcd24baa300422587a02705ba735d27937fd4b6e90f6e2278c46faa8ece3facbf87d6bcd1a3c06917952d7ba00d1bad12c48e14af151148da12ae38129d22baccdbc7c3a70a3221a8f037ba9cc6a461c41543298ced5a0336b52b0624d356f639ee971f6f24f039e174326d2cdbfdab59a4699d53e3a5a363a1e7b800238ec11da99e31211726bdcd9f375554e294f07e9c88c563fca6dc17ee70b586e97541167afb7f4d62b5db74e3842a958b3cde280a12a6a850583649bc108d28644bdfa395917022fb9af7e250334d6dfbbe0962c8b985a52858def20406b45646b7d434db5e7c73c6b59b58f29bdfaee36c7c3ace70f8997408ea12a72eca439bb000e3583c2887b817c470c9bf53c1e2545dc04eb022bbeed75a640ee55ef0b05a065839ac5c10b61363db3d516deca4643335c077f456cd85bf27667e759c0db016df232,gx-no-cache=1532526600582 HTTP/1.1" 200 30
186.67.203.186 - - [25/Jul/2018:10:51:12 -0300] "GET /cormun/servlet/solicitudotadjuntos?e20ac4be8003c75522000b9d843fb2665f30f6b0e8f84bf4f36350d1b890202e,gx-no-cache=1532526601535 HTTP/1.1" 200 30
186.67.203.186 - - [25/Jul/2018:10:51:12 -0300] "GET /cormun/servlet/solicitudotadjuntos?e20ac4be8003c75522000b9d843fb2665f30f6b0e8f84bf4f36350d1b890202e,gx-no-cache=1532526601612 HTTP/1.1" 200 30
200.54.247.70 - - [25/Jul/2018:10:51:13 -0300] "POST /cormun/servlet/solicitudot?gx-no-cache=1532526602152 HTTP/1.1" 200 30
186.67.203.186 - - [25/Jul/2018:10:51:15 -0300] "POST /cormun/servlet/solicitudotadjuntos?8218f007d82bf02f459822ddfa911273,INS,2018,11896,,1, HTTP/1.1" 200 116
186.67.203.186 - - [25/Jul/2018:10:51:15 -0300] "GET /cormun/servlet/hpexe_return? HTTP/1.1" 200 1026
200.54.247.70 - - [25/Jul/2018:10:51:15 -0300] "GET /cormun/servlet/prfichaempleado?,MD,,gxPopupLevel%3D0%3B HTTP/1.1" 200 9399
186.67.203.186 - - [25/Jul/2018:10:51:16 -0300] "GET /cormun/servlet/trsolicitudadjuntos?2018,11896, HTTP/1.1" 200 9825
186.67.203.186 - - [25/Jul/2018:10:51:18 -0300] "GET /cormun/servlet/trsolicitudadjuntos?2018,11896, HTTP/1.1" 200 9825
200.54.247.70 - - [25/Jul/2018:10:51:22 -0300] "POST /cormun/servlet/prfichaempleado?3aca8533a6daf8ee0a6c818638126ca0,,MD,,gxPopupLevel%3D0%3B,gx-no-cache=1532526612119 HTTP/1.1" 200 3426
200.54.247.70 - - [25/Jul/2018:10:51:27 -0300] "POST /cormun/servlet/solicitudot?gx-no-cache=1532526616559 HTTP/1.1" 200 1377
200.54.247.70 - - [25/Jul/2018:10:51:27 -0300] "GET /cormun/static/menuarrow.gif HTTP/1.1" 404 1015
186.67.203.186 - - [25/Jul/2018:10:51:30 -0300] "GET /cormun/servlet/solicitudotadjuntos?INS,2018,11896,,1, HTTP/1.1" 200 6192
186.67.203.186 - - [25/Jul/2018:10:51:32 -0300] "GET /cormun/servlet/solicitudotadjuntos?INS,2018,11896,,1, HTTP/1.1" 200 6185
186.10.12.250 - - [25/Jul/2018:10:51:32 -0300] "GET /cormun/servlet/solicitudotadjuntos?e20ac4be8003c75522000b9d843fb266b0f7eae61ed21abe77e5ea3e129b33761835c4e35434f2aefda3717e0a00acb8,gx-no-cache=1532526622123 HTTP/1.1" 200 30
186.10.12.250 - - [25/Jul/2018:10:51:33 -0300] "POST /cormun/servlet/solicitudotadjuntos?8218f007d82bf02f459822ddfa911273,INS,2018,11896,,1,,gx-no-cache=1532526622558 HTTP/1.1" 200 3991
186.10.12.250 - - [25/Jul/2018:10:51:34 -0300] "GET /cormun/servlet/trsolicitudadjuntos?2018,11896, HTTP/1.1" 200 9829
186.10.12.250 - - [25/Jul/2018:10:51:35 -0300] "GET /cormun/servlet/trsolicitudadjuntos?2018,11896, HTTP/1.1" 200 9826
200.72.197.82 - - [25/Jul/2018:10:51:36 -0300] "GET /cormun/servlet/solicitudotadjuntos?INS,2018,11896,,1, HTTP/1.1" 200 6191
186.10.12.250 - - [25/Jul/2018:10:51:38 -0300] "GET /cormun/static/about:blank HTTP/1.1" 404 1011
200.72.197.82 - - [25/Jul/2018:10:51:39 -0300] "GET /cormun/servlet/solicitudotadjuntos?INS,2018,11896,,1, HTTP/1.1" 200 6185
186.10.12.250 - - [25/Jul/2018:10:51:40 -0300] "GET /cormun/servlet/solicitudotadjuntos?e20ac4be8003c75522000b9d843fb266b0f7eae61ed21abe77e5ea3e129b33761835c4e35434f2aefda3717e0a00acb8,gx-no-cache=1532526629431 HTTP/1.1" 200 30
200.54.247.70 - - [25/Jul/2018:10:51:40 -0300] "POST /cormun/servlet/solicitudot?gx-no-cache=1532526629500 HTTP/1.1" 200 41
186.10.12.250 - - [25/Jul/2018:10:51:40 -0300] "POST /cormun/servlet/solicitudotadjuntos?8218f007d82bf02f459822ddfa911273,INS,2018,11896,,1,,gx-no-cache=1532526629557 HTTP/1.1" 200 3991
186.10.12.250 - - [25/Jul/2018:10:51:42 -0300] "GET /cormun/servlet/trsolicitudadjuntos?2018,11896, HTTP/1.1" 200 9826
186.10.12.250 - - [25/Jul/2018:10:51:52 -0300] "GET /cormun/servlet/trsolicitudadjuntos?2018,11896, HTTP/1.1" 200 9820
190.151.100.218 - - [25/Jul/2018:10:51:52 -0300] "GET /cormun/servlet/solicitudotadjuntos?INS,2018,11896,,1, HTTP/1.1" 200 6191
190.151.100.218 - - [25/Jul/2018:10:51:52 -0300] "GET /cormun/servlet/solicitudotadjuntos?INS,2018,11896,,1, HTTP/1.1" 200 6185
200.72.197.82 - - [25/Jul/2018:10:51:53 -0300] "GET /cormun/servlet/solicitudotadjuntos?e20ac4be8003c75522000b9d843fb266b0f7eae61ed21abe77e5ea3e129b33761835c4e35434f2aefda3717e0a00acb8,gx-no-cache=1532526642616 HTTP/1.1" 200 30
200.72.197.82 - - [25/Jul/2018:10:51:53 -0300] "POST /cormun/servlet/solicitudotadjuntos?8218f007d82bf02f459822ddfa911273,INS,2018,11896,,1,,gx-no-cache=1532526642713 HTTP/1.1" 200 3991
200.54.247.70 - - [25/Jul/2018:10:51:54 -0300] "GET /cormun/servlet/solicitudot?8ff8403b0eb8ed23a3f4633eeeaece4c08c69e3a3f75b71f6c21f1f7b403538b97a5fdc97a929f37f66536b30a3c6bf2e92d63cdb4cfbe226cfa5a0327d4acdbe8796a9e2a9f3b03a9ddd03725d2424192f4f919acf4b42ec4f1bfd18ac9b615b7180b76d940ee4b88e0b6e0b7951167352bb5391bee08f8c63e9d7fa8787f25cc34faad92731e2c5a140cc4290a7820401b6c2ed864f3bc6150be842d5cc6e2,gx-no-cache=1532526643241 HTTP/1.1" 200 29
200.54.247.70 - - [25/Jul/2018:10:51:54 -0300] "POST /cormun/servlet/solicitudot?gx-no-cache=1532526643293 HTTP/1.1" 200 1358
200.54.247.70 - - [25/Jul/2018:10:51:54 -0300] "POST /cormun/servlet/solicitudot?gx-no-cache=1532526643360 HTTP/1.1" 200 1257
200.72.197.82 - - [25/Jul/2018:10:51:54 -0300] "GET /cormun/servlet/trsolicitudadjuntos?2018,11896, HTTP/1.1" 200 9826
200.54.247.70 - - [25/Jul/2018:10:51:56 -0300] "POST /cormun/servlet/solicitudot?gx-no-cache=1532526645162 HTTP/1.1" 200 1358
200.54.247.70 - - [25/Jul/2018:10:51:56 -0300] "POST /cormun/servlet/solicitudot?gx-no-cache=1532526645319 HTTP/1.1" 200 1257
200.72.197.82 - - [25/Jul/2018:10:51:56 -0300] "GET /cormun/servlet/trsolicitudadjuntos?2018,11896, HTTP/1.1" 200 9826
186.67.203.186 - - [25/Jul/2018:10:51:59 -0300] "GET /cormun/servlet/trsolicitudot? HTTP/1.1" 200 8751
186.67.203.186 - - [25/Jul/2018:10:52:00 -0300] "GET /cormun/servlet/trsolicitudot? HTTP/1.1" 200 8744
200.54.247.70 - - [25/Jul/2018:10:52:02 -0300] "GET /cormun/servlet/solicitudot?8ff8403b0eb8ed23a3f4633eeeaece4cc22473534394962d32fbab180814c59c474cb7e78d0d56179a96c7a0ffc39e73,gx-no-cache=1532526651246 HTTP/1.1" 200 30
200.54.247.70 - - [25/Jul/2018:10:52:02 -0300] "POST /cormun/servlet/solicitudot?gx-no-cache=1532526651287 HTTP/1.1" 200 34
186.103.161.206 - - [25/Jul/2018:10:52:08 -0300] "POST /cormun/servlet/trsolicitudot?8218f007d82bf02f459822ddfa911273,,gx-no-cache=1532526657858 HTTP/1.1" 200 4711
186.103.161.206 - - [25/Jul/2018:10:52:09 -0300] "GET /cormun/static/Shared/jqueryui/images/ui-bg_highlight-soft_100_c6c2c8_1x100.png HTTP/1.1" 404 1117
186.103.161.206 - - [25/Jul/2018:10:52:09 -0300] "GET /cormun/static/Shared/jqueryui/images/ui-icons_82798d_256x240.png HTTP/1.1" 404 1089
186.10.12.250 - - [25/Jul/2018:10:52:09 -0300] "GET /cormun/static/Shared/jqueryui/images/ui-icons_8d78a5_256x240.png HTTP/1.1" 404 1089
186.103.161.206 - - [25/Jul/2018:10:52:09 -0300] "GET /cormun/static/Shared/jqueryui/images/ui-bg_flat_55_fafafa_40x100.png HTTP/1.1" 404 1097
186.103.161.206 - - [25/Jul/2018:10:52:09 -0300] "POST /cormun/servlet/trsolicitudot?8218f007d82bf02f459822ddfa911273,,gx-no-cache=1532526658366 HTTP/1.1" 200 4470
200.54.247.70 - - [25/Jul/2018:10:52:12 -0300] "POST /cormun/servlet/solicitudot?3aca8533a6daf8ee0a6c818638126ca0,INS,0,0,,gx-no-cache=1532526661281 HTTP/1.1" 200 93
200.54.247.70 - - [25/Jul/2018:10:52:12 -0300] "GET /cormun/servlet/hpexe_return? HTTP/1.1" 200 1007
200.54.247.70 - - [25/Jul/2018:10:52:12 -0300] "GET /cormun/static/gxcfg.js?2016101716175148 HTTP/1.1" 200 953
200.54.247.70 - - [25/Jul/2018:10:52:12 -0300] "GET /cormun/static/hpexe_return.js?2016101716175153 HTTP/1.1" 200 1633
200.54.247.70 - - [25/Jul/2018:10:52:12 -0300] "GET /cormun/static/Resources/Spanish/PXTools.css?167811 HTTP/1.1" 200 89042
200.54.247.70 - - [25/Jul/2018:10:52:12 -0300] "GET /cormun/servlet/trsolicitudot HTTP/1.1" 200 8755
200.54.247.70 - - [25/Jul/2018:10:52:12 -0300] "GET /cormun//static/Resources/PXToolsActionView.png HTTP/1.1" 200 2995
200.54.247.70 - - [25/Jul/2018:10:52:12 -0300] "GET /cormun//static/Resources/PXToolsGridUpdate.png HTTP/1.1" 200 2984
200.54.247.70 - - [25/Jul/2018:10:52:12 -0300] "GET /cormun//static/Resources/PXToolsGridDelete.png HTTP/1.1" 200 357
200.54.247.70 - - [25/Jul/2018:10:52:12 -0300] "GET /cormun//static/Resources/PXToolsRemoveAllAction.png HTTP/1.1" 200 3558
200.54.247.70 - - [25/Jul/2018:10:52:13 -0300] "GET /cormun/servlet/trsolicitudot HTTP/1.1" 200 8751
186.103.161.206 - - [25/Jul/2018:10:52:17 -0300] "GET /cormun/servlet/solicitudot?INS,0,0, HTTP/1.1" 200 13619
186.103.161.206 - - [25/Jul/2018:10:52:19 -0300] "GET /cormun/servlet/solicitudot?INS,0,0, HTTP/1.1" 200 13624
186.103.161.206 - - [25/Jul/2018:10:52:23 -0300] "GET /cormun/servlet/trsolicitudot? HTTP/1.1" 200 7359
186.103.161.206 - - [25/Jul/2018:10:52:24 -0300] "GET /cormun/servlet/trsolicitudot? HTTP/1.1" 200 7358
200.54.247.70 - - [25/Jul/2018:10:52:28 -0300] "POST /cormun/servlet/trsolicitudot?3aca8533a6daf8ee0a6c818638126ca0,gx-no-cache=1532526677140 HTTP/1.1" 200 4435
200.54.247.70 - - [25/Jul/2018:10:52:28 -0300] "GET /cormun/static/Shared/jqueryui/images/ui-icons_82798d_256x240.png HTTP/1.1" 404 1089
200.54.247.70 - - [25/Jul/2018:10:52:28 -0300] "GET /cormun/static/Shared/jqueryui/images/ui-bg_highlight-soft_100_c6c2c8_1x100.png HTTP/1.1" 404 1117
200.54.247.70 - - [25/Jul/2018:10:52:28 -0300] "GET /cormun/static/Shared/jqueryui/images/ui-icons_8d78a5_256x240.png HTTP/1.1" 404 1089
200.54.247.70 - - [25/Jul/2018:10:52:28 -0300] "GET /cormun/static/Shared/jqueryui/images/ui-bg_flat_55_fafafa_40x100.png HTTP/1.1" 404 1097
200.54.247.70 - - [25/Jul/2018:10:52:28 -0300] "POST /cormun/servlet/trsolicitudot?3aca8533a6daf8ee0a6c818638126ca0,gx-no-cache=1532526677364 HTTP/1.1" 200 4183
200.72.197.82 - - [25/Jul/2018:10:52:36 -0300] "POST /cormun/servlet/acontrolpreferencessavestate?None,MSALGADO,true HTTP/1.1" 200 35
200.72.197.82 - - [25/Jul/2018:10:52:36 -0300] "POST /cormun/servlet/acontrolpreferencessavestate?None,MSALGADO,true HTTP/1.1" 200 35
200.72.197.82 - - [25/Jul/2018:10:52:39 -0300] "GET /cormun/servlet/solicitudot?INS,0,0, HTTP/1.1" 200 13621
200.72.197.82 - - [25/Jul/2018:10:52:40 -0300] "GET /cormun/servlet/solicitudot?INS,0,0, HTTP/1.1" 200 13625
200.54.247.70 - - [25/Jul/2018:10:52:41 -0300] "GET /cormun/servlet/trsolicitudot? HTTP/1.1" 200 7273
200.54.247.70 - - [25/Jul/2018:10:52:41 -0300] "GET /cormun/servlet/trsolicitudot? HTTP/1.1" 200 7273
190.151.100.218 - - [25/Jul/2018:10:52:43 -0300] "GET /cormun/servlet/trsolicitudot? HTTP/1.1" 200 7372
190.151.100.218 - - [25/Jul/2018:10:52:44 -0300] "GET /cormun/servlet/trsolicitudot? HTTP/1.1" 200 7358
186.67.203.186 - - [25/Jul/2018:10:52:45 -0300] "GET /cormun/servlet/trsolicitudadjuntos?2018,11896, HTTP/1.1" 200 9715
186.67.203.186 - - [25/Jul/2018:10:52:46 -0300] "GET /cormun/servlet/trsolicitudadjuntos?2018,11896, HTTP/1.1" 200 9721
200.54.247.70 - - [25/Jul/2018:10:52:53 -0300] "GET /cormun/servlet/solicitudot?INS,0,0, HTTP/1.1" 200 13704
200.54.247.70 - - [25/Jul/2018:10:52:54 -0300] "GET /cormun/servlet/solicitudot?INS,0,0, HTTP/1.1" 200 13709
200.54.247.70 - - [25/Jul/2018:10:53:03 -0300] "POST /cormun/servlet/solicitudot?gx-no-cache=1532526712666 HTTP/1.1" 200 3308
200.54.247.70 - - [25/Jul/2018:10:53:03 -0300] "POST /cormun/servlet/solicitudot?3aca8533a6daf8ee0a6c818638126ca0,INS,0,0,,gx-no-cache=1532526712974 HTTP/1.1" 200 10472
186.103.161.206 - - [25/Jul/2018:10:53:04 -0300] "GET /cormun/servlet/hlogin HTTP/1.1" 200 1725
186.103.161.206 - - [25/Jul/2018:10:53:06 -0300] "POST /cormun/servlet/hlogin?8218f007d82bf02f459822ddfa911273,gx-no-cache=1532526715712 HTTP/1.1" 200 90
186.103.161.206 - - [25/Jul/2018:10:53:06 -0300] "GET /cormun/servlet/hpexe_link HTTP/1.1" 200 968
186.103.161.206 - - [25/Jul/2018:10:53:07 -0300] "GET /cormun/servlet/trsolicitudadjuntos?2018,11896, HTTP/1.1" 200 9716
186.103.161.206 - - [25/Jul/2018:10:53:08 -0300] "GET /cormun/servlet/trsolicitudadjuntos?2018,11896, HTTP/1.1" 200 9722
200.54.247.70 - - [25/Jul/2018:10:53:08 -0300] "GET /cormun/servlet/solicitudot?8ff8403b0eb8ed23a3f4633eeeaece4cb94c72efcae94519c0c11a8a63e716bb7fcdf2d1520b8e9f12c2cb2226b8e6ce,gx-no-cache=1532526718054 HTTP/1.1" 200 111
200.54.247.70 - - [25/Jul/2018:10:53:08 -0300] "GET /cormun/static/Shared/jqueryui/images/ui-icons_82798d_256x240.png HTTP/1.1" 404 1089
200.54.247.70 - - [25/Jul/2018:10:53:08 -0300] "GET /cormun/static/Shared/jqueryui/images/ui-bg_highlight-soft_100_c6c2c8_1x100.png HTTP/1.1" 404 1117
200.54.247.70 - - [25/Jul/2018:10:53:08 -0300] "GET /cormun/static/Shared/jqueryui/images/ui-bg_flat_55_994d53_40x100.png HTTP/1.1" 404 1097
200.54.247.70 - - [25/Jul/2018:10:53:08 -0300] "GET /cormun/static/Shared/jqueryui/images/ui-icons_ebccce_256x240.png HTTP/1.1" 404 1089
186.103.161.206 - - [25/Jul/2018:10:53:11 -0300] "GET /cormun/servlet/trsolicitudot? HTTP/1.1" 200 7372
186.103.161.206 - - [25/Jul/2018:10:53:13 -0300] "GET /cormun/servlet/trsolicitudot? HTTP/1.1" 200 7358
200.54.247.70 - - [25/Jul/2018:10:53:25 -0300] "POST /cormun/servlet/solicitudot?gx-no-cache=1532526734990 HTTP/1.1" 200 3426
200.54.247.70 - - [25/Jul/2018:10:53:26 -0300] "POST /cormun/servlet/solicitudot?3aca8533a6daf8ee0a6c818638126ca0,INS,0,0,,gx-no-cache=1532526735292 HTTP/1.1" 200 10633
200.54.247.70 - - [25/Jul/2018:10:53:26 -0300] "GET /cormun/servlet/solicitudot?8ff8403b0eb8ed23a3f4633eeeaece4c8cfa1a539ce3718993cb27062ee14f6d78a7a44b58b233d74219e1b4d32d7f42,gx-no-cache=1532526735592 HTTP/1.1" 200 30
186.103.161.206 - - [25/Jul/2018:10:53:27 -0300] "POST /cormun/servlet/trsolicitudot?8218f007d82bf02f459822ddfa911273,,gx-no-cache=1532526737047 HTTP/1.1" 200 4491
200.54.247.70 - - [25/Jul/2018:10:53:30 -0300] "GET /cormun/servlet/solicitudot?8ff8403b0eb8ed23a3f4633eeeaece4c243e569c840381c58d0f2edfb1416aed8e4a2c4b97663c062af07811f16a8fab,gx-no-cache=1532526739361 HTTP/1.1" 200 30
200.54.247.70 - - [25/Jul/2018:10:53:30 -0300] "GET /cormun/servlet/solicitudot?8ff8403b0eb8ed23a3f4633eeeaece4c3ea86ef010abcf831eca899d11f3d19f,gx-no-cache=1532526739399 HTTP/1.1" 200 53
200.54.247.70 - - [25/Jul/2018:10:53:30 -0300] "POST /cormun/servlet/solicitudot?gx-no-cache=1532526739439 HTTP/1.1" 200 240
200.54.247.70 - - [25/Jul/2018:10:53:30 -0300] "GET /cormun/servlet/solicitudot?8ff8403b0eb8ed23a3f4633eeeaece4cbda8e21db28ad15de76c4e6feb32ad85a44817e28e2da2cfd06b4f18661484d743913a3bf015e4e90d42c5a51597dcd24baa300422587a02705ba735d27937fd4b6e90f6e2278c46faa8ece3facbf87d6bcd1a3c06917952d7ba00d1bad12c48e14af151148da12ae38129d22baccdbc7c3a70a3221a8f037ba9cc6a461c41543298ced5a0336b52b0624d356f639ee971f6f24f039e174326d2cdbfdab59a4699d53e3a5a363a1e7b800238ec11da99e31211726bdcd9f375554e294f07e9c88c563fca6dc17ee70b586e97541167afb7f4d62b5db74e3842a958b3cde280a12a6a850583649bc108d28644bdfa395917022fb9af7e250334d6dfbbe0962c8b985a52858def20406b45646b7d434db5e7c73c6b59b58f29bdfaee36c7c3ace70f8997408ea12a72eca439bb000e3583c2887b817c470c9bf53c1e2545dc04eb022bbeed75a640ee55ef0b05a065839ac5c10b61363db3d516deca4643335c077f456cd85bf27667e759c0db016df232,gx-no-cache=1532526739475 HTTP/1.1" 200 30
186.103.161.206 - - [25/Jul/2018:10:53:32 -0300] "GET /cormun/servlet/solicitudot?INS,0,0, HTTP/1.1" 200 13621
186.103.161.206 - - [25/Jul/2018:10:53:33 -0300] "GET /cormun/servlet/solicitudot?INS,0,0, HTTP/1.1" 200 13625
200.54.247.70 - - [25/Jul/2018:10:53:36 -0300] "POST /cormun/servlet/solicitudot?gx-no-cache=1532526745268 HTTP/1.1" 200 30
200.54.247.70 - - [25/Jul/2018:10:53:38 -0300] "GET /cormun/servlet/prfichaempleado?,MD,,gxPopupLevel%3D0%3B HTTP/1.1" 200 9399
186.10.12.250 - - [25/Jul/2018:10:53:42 -0300] "GET /cormun/servlet/trsolicitudot? HTTP/1.1" 200 7362
186.10.12.250 - - [25/Jul/2018:10:53:46 -0300] "GET /cormun/servlet/trsolicitudot? HTTP/1.1" 200 7361
200.54.247.70 - - [25/Jul/2018:10:53:48 -0300] "POST /cormun/servlet/prfichaempleado?3aca8533a6daf8ee0a6c818638126ca0,,MD,,gxPopupLevel%3D0%3B,gx-no-cache=1532526757501 HTTP/1.1" 200 3426
200.54.247.70 - - [25/Jul/2018:10:53:52 -0300] "POST /cormun/servlet/solicitudot?gx-no-cache=1532526761344 HTTP/1.1" 200 1377
200.54.247.70 - - [25/Jul/2018:10:53:55 -0300] "GET /cormun/static/menuarrow.gif HTTP/1.1" 404 1015
5.205.109.189 - - [25/Jul/2018:10:53:55 -0300] "GET / HTTP/1.1" 200 11217
200.54.247.70 - - [25/Jul/2018:10:54:02 -0300] "POST /cormun/servlet/solicitudot?gx-no-cache=1532526771277 HTTP/1.1" 200 41
200.54.247.70 - - [25/Jul/2018:10:54:11 -0300] "GET /cormun/servlet/solicitudot?8ff8403b0eb8ed23a3f4633eeeaece4c08c69e3a3f75b71f6c21f1f7b403538b97a5fdc97a929f37f66536b30a3c6bf271721394be2413f3d3a64d6b307739f4e8796a9e2a9f3b03a9ddd03725d2424192f4f919acf4b42ec4f1bfd18ac9b615b7180b76d940ee4b88e0b6e0b7951167352bb5391bee08f8c63e9d7fa8787f25cc34faad92731e2c5a140cc4290a7820401b6c2ed864f3bc6150be842d5cc6e2,gx-no-cache=1532526780482 HTTP/1.1" 200 29
200.54.247.70 - - [25/Jul/2018:10:54:11 -0300] "POST /cormun/servlet/solicitudot?gx-no-cache=1532526780525 HTTP/1.1" 200 1358
200.54.247.70 - - [25/Jul/2018:10:54:11 -0300] "POST /cormun/servlet/solicitudot?gx-no-cache=1532526780595 HTTP/1.1" 200 1257
200.54.247.70 - - [25/Jul/2018:10:54:13 -0300] "POST /cormun/servlet/solicitudot?gx-no-cache=1532526782824 HTTP/1.1" 200 1358
200.54.247.70 - - [25/Jul/2018:10:54:13 -0300] "POST /cormun/servlet/solicitudot?gx-no-cache=1532526782898 HTTP/1.1" 200 1257
200.54.247.70 - - [25/Jul/2018:10:54:14 -0300] "GET /cormun/servlet/solicitudot?8ff8403b0eb8ed23a3f4633eeeaece4cc22473534394962d32fbab180814c59c474cb7e78d0d56179a96c7a0ffc39e73,gx-no-cache=1532526784104 HTTP/1.1" 200 30
200.54.247.70 - - [25/Jul/2018:10:54:14 -0300] "POST /cormun/servlet/solicitudot?gx-no-cache=1532526784139 HTTP/1.1" 200 34
200.54.247.70 - - [25/Jul/2018:10:54:25 -0300] "POST /cormun/servlet/solicitudot?3aca8533a6daf8ee0a6c818638126ca0,INS,0,0,,gx-no-cache=1532526794659 HTTP/1.1" 200 93
200.54.247.70 - - [25/Jul/2018:10:54:25 -0300] "GET /cormun/servlet/hpexe_return? HTTP/1.1" 200 1007
200.54.247.70 - - [25/Jul/2018:10:54:26 -0300] "GET /cormun/servlet/trsolicitudot HTTP/1.1" 200 8751
200.54.247.70 - - [25/Jul/2018:10:54:26 -0300] "GET /cormun/servlet/trsolicitudot HTTP/1.1" 200 8747
200.54.247.70 - - [25/Jul/2018:10:54:31 -0300] "POST /cormun/servlet/trsolicitudot?3aca8533a6daf8ee0a6c818638126ca0,gx-no-cache=1532526800802 HTTP/1.1" 200 4434
200.54.247.70 - - [25/Jul/2018:10:54:31 -0300] "GET /cormun/static/Shared/jqueryui/images/ui-bg_highlight-soft_100_c6c2c8_1x100.png HTTP/1.1" 404 1117
200.54.247.70 - - [25/Jul/2018:10:54:31 -0300] "GET /cormun/static/Shared/jqueryui/images/ui-icons_8d78a5_256x240.png HTTP/1.1" 404 1089
200.54.247.70 - - [25/Jul/2018:10:54:31 -0300] "GET /cormun/static/Shared/jqueryui/images/ui-bg_flat_55_fafafa_40x100.png HTTP/1.1" 404 1097
200.54.247.70 - - [25/Jul/2018:10:54:31 -0300] "GET /cormun/static/Shared/jqueryui/images/ui-icons_82798d_256x240.png HTTP/1.1" 404 1089
200.54.247.70 - - [25/Jul/2018:10:54:31 -0300] "POST /cormun/servlet/trsolicitudot?3aca8533a6daf8ee0a6c818638126ca0,gx-no-cache=1532526800972 HTTP/1.1" 200 4183
200.54.247.70 - - [25/Jul/2018:10:55:31 -0300] "GET /cormun/servlet/trsolicitudot? HTTP/1.1" 200 7273
200.54.247.70 - - [25/Jul/2018:10:55:31 -0300] "GET /cormun/servlet/trsolicitudot? HTTP/1.1" 200 7273
200.54.247.70 - - [25/Jul/2018:10:55:33 -0300] "GET /cormun/servlet/solicitudot?INS,0,0, HTTP/1.1" 200 13704
200.54.247.70 - - [25/Jul/2018:10:55:33 -0300] "GET /cormun/servlet/solicitudot?INS,0,0, HTTP/1.1" 200 13709
200.54.247.70 - - [25/Jul/2018:10:55:42 -0300] "POST /cormun/servlet/solicitudot?gx-no-cache=1532526871678 HTTP/1.1" 200 3426
200.54.247.70 - - [25/Jul/2018:10:55:42 -0300] "POST /cormun/servlet/solicitudot?3aca8533a6daf8ee0a6c818638126ca0,INS,0,0,,gx-no-cache=1532526871884 HTTP/1.1" 200 10575
200.54.247.70 - - [25/Jul/2018:10:55:45 -0300] "GET /cormun/servlet/solicitudot?8ff8403b0eb8ed23a3f4633eeeaece4c8cfa1a539ce3718993cb27062ee14f6d78a7a44b58b233d74219e1b4d32d7f42,gx-no-cache=1532526875065 HTTP/1.1" 200 30
200.54.247.70 - - [25/Jul/2018:10:55:45 -0300] "GET /cormun/servlet/solicitudot?8ff8403b0eb8ed23a3f4633eeeaece4c243e569c840381c58d0f2edfb1416aed8e4a2c4b97663c062af07811f16a8fab,gx-no-cache=1532526875120 HTTP/1.1" 200 30
200.54.247.70 - - [25/Jul/2018:10:55:45 -0300] "GET /cormun/servlet/solicitudot?8ff8403b0eb8ed23a3f4633eeeaece4c3ea86ef010abcf831eca899d11f3d19f,gx-no-cache=1532526875150 HTTP/1.1" 200 53
200.54.247.70 - - [25/Jul/2018:10:55:45 -0300] "POST /cormun/servlet/solicitudot?gx-no-cache=1532526875183 HTTP/1.1" 200 240
200.54.247.70 - - [25/Jul/2018:10:55:45 -0300] "GET /cormun/servlet/solicitudot?8ff8403b0eb8ed23a3f4633eeeaece4cbda8e21db28ad15de76c4e6feb32ad85a44817e28e2da2cfd06b4f18661484d743913a3bf015e4e90d42c5a51597dcd24baa300422587a02705ba735d27937fd4b6e90f6e2278c46faa8ece3facbf87d6bcd1a3c06917952d7ba00d1bad12c48e14af151148da12ae38129d22baccdbc7c3a70a3221a8f037ba9cc6a461c41543298ced5a0336b52b0624d356f639ee971f6f24f039e174326d2cdbfdab59a4699d53e3a5a363a1e7b800238ec11da99e31211726bdcd9f375554e294f07e9c88c563fca6dc17ee70b586e97541167afb7f4d62b5db74e3842a958b3cde280a12a6a850583649bc108d28644bdfa395917022fb9af7e250334d6dfbbe0962c8b985a52858def20406b45646b7d434db5e7c73c6b59b58f29bdfaee36c7c3ace70f8997408ea12a72eca439bb000e3583c2887b817c470c9bf53c1e2545dc04eb022bbeed75a640ee55ef0b05a065839ac5c10b61363db3d516deca4643335c077f456cd85bf27667e759c0db016df232,gx-no-cache=1532526875222 HTTP/1.1" 200 30
200.54.247.70 - - [25/Jul/2018:10:55:48 -0300] "POST /cormun/servlet/solicitudot?gx-no-cache=1532526877237 HTTP/1.1" 200 30
200.54.247.70 - - [25/Jul/2018:10:55:54 -0300] "GET /cormun/servlet/prfichaempleado?,MD,,gxPopupLevel%3D0%3B HTTP/1.1" 200 9399
200.54.247.70 - - [25/Jul/2018:10:56:03 -0300] "POST /cormun/servlet/prfichaempleado?3aca8533a6daf8ee0a6c818638126ca0,,MD,,gxPopupLevel%3D0%3B,gx-no-cache=1532526892784 HTTP/1.1" 200 3426
200.54.247.70 - - [25/Jul/2018:10:56:08 -0300] "POST /cormun/servlet/solicitudot?gx-no-cache=1532526897528 HTTP/1.1" 200 1377
200.54.247.70 - - [25/Jul/2018:10:56:08 -0300] "GET /cormun/static/menuarrow.gif HTTP/1.1" 404 1015
200.54.247.70 - - [25/Jul/2018:10:56:13 -0300] "POST /cormun/servlet/solicitudot?gx-no-cache=1532526902993 HTTP/1.1" 200 41
200.54.247.70 - - [25/Jul/2018:10:56:21 -0300] "GET /cormun/servlet/solicitudot?8ff8403b0eb8ed23a3f4633eeeaece4c08c69e3a3f75b71f6c21f1f7b403538b97a5fdc97a929f37f66536b30a3c6bf2e92d63cdb4cfbe226cfa5a0327d4acdbe8796a9e2a9f3b03a9ddd03725d2424192f4f919acf4b42ec4f1bfd18ac9b615b7180b76d940ee4b88e0b6e0b7951167352bb5391bee08f8c63e9d7fa8787f25cc34faad92731e2c5a140cc4290a7820401b6c2ed864f3bc6150be842d5cc6e2,gx-no-cache=1532526910564 HTTP/1.1" 200 29
200.54.247.70 - - [25/Jul/2018:10:56:21 -0300] "POST /cormun/servlet/solicitudot?gx-no-cache=1532526910598 HTTP/1.1" 200 1359
200.54.247.70 - - [25/Jul/2018:10:56:21 -0300] "POST /cormun/servlet/solicitudot?gx-no-cache=1532526910703 HTTP/1.1" 200 1257
200.54.247.70 - - [25/Jul/2018:10:56:23 -0300] "POST /cormun/servlet/solicitudot?gx-no-cache=1532526912668 HTTP/1.1" 200 1359
200.54.247.70 - - [25/Jul/2018:10:56:23 -0300] "POST /cormun/servlet/solicitudot?gx-no-cache=1532526912754 HTTP/1.1" 200 1257
200.54.247.70 - - [25/Jul/2018:10:56:24 -0300] "GET /cormun/servlet/solicitudot?8ff8403b0eb8ed23a3f4633eeeaece4cc22473534394962d32fbab180814c59c474cb7e78d0d56179a96c7a0ffc39e73,gx-no-cache=1532526914031 HTTP/1.1" 200 30
200.54.247.70 - - [25/Jul/2018:10:56:24 -0300] "POST /cormun/servlet/solicitudot?gx-no-cache=1532526914101 HTTP/1.1" 200 34
200.54.247.70 - - [25/Jul/2018:10:56:33 -0300] "POST /cormun/servlet/solicitudot?3aca8533a6daf8ee0a6c818638126ca0,INS,0,0,,gx-no-cache=1532526922956 HTTP/1.1" 200 93
200.54.247.70 - - [25/Jul/2018:10:56:33 -0300] "GET /cormun/servlet/hpexe_return? HTTP/1.1" 200 1007
200.54.247.70 - - [25/Jul/2018:10:56:34 -0300] "GET /cormun/servlet/trsolicitudot HTTP/1.1" 200 8757
200.54.247.70 - - [25/Jul/2018:10:56:34 -0300] "GET /cormun/servlet/trsolicitudot HTTP/1.1" 200 8753
200.54.247.70 - - [25/Jul/2018:10:56:37 -0300] "POST /cormun/servlet/trsolicitudot?3aca8533a6daf8ee0a6c818638126ca0,gx-no-cache=1532526926862 HTTP/1.1" 200 4439
200.54.247.70 - - [25/Jul/2018:10:56:37 -0300] "GET /cormun/static/Shared/jqueryui/images/ui-bg_highlight-soft_100_c6c2c8_1x100.png HTTP/1.1" 404 1117
200.54.247.70 - - [25/Jul/2018:10:56:37 -0300] "GET /cormun/static/Shared/jqueryui/images/ui-icons_82798d_256x240.png HTTP/1.1" 404 1089
200.54.247.70 - - [25/Jul/2018:10:56:37 -0300] "GET /cormun/static/Shared/jqueryui/images/ui-bg_flat_55_fafafa_40x100.png HTTP/1.1" 404 1097
200.54.247.70 - - [25/Jul/2018:10:56:37 -0300] "GET /cormun/static/Shared/jqueryui/images/ui-icons_8d78a5_256x240.png HTTP/1.1" 404 1089
200.54.247.70 - - [25/Jul/2018:10:56:37 -0300] "POST /cormun/servlet/trsolicitudot?3aca8533a6daf8ee0a6c818638126ca0,gx-no-cache=1532526927064 HTTP/1.1" 200 4183
200.54.247.70 - - [25/Jul/2018:10:56:40 -0300] "GET /cormun/servlet/trsolicitudot? HTTP/1.1" 200 7273
200.54.247.70 - - [25/Jul/2018:10:56:41 -0300] "GET /cormun/servlet/trsolicitudot? HTTP/1.1" 200 7273
200.54.247.70 - - [25/Jul/2018:10:56:42 -0300] "GET /cormun/servlet/solicitudot?INS,0,0, HTTP/1.1" 200 13704
200.54.247.70 - - [25/Jul/2018:10:56:43 -0300] "GET /cormun/servlet/solicitudot?INS,0,0, HTTP/1.1" 200 13709
200.54.247.70 - - [25/Jul/2018:10:56:49 -0300] "POST /cormun/servlet/solicitudot?gx-no-cache=1532526939083 HTTP/1.1" 200 3426
200.54.247.70 - - [25/Jul/2018:10:56:50 -0300] "POST /cormun/servlet/solicitudot?3aca8533a6daf8ee0a6c818638126ca0,INS,0,0,,gx-no-cache=1532526939219 HTTP/1.1" 200 10575
200.54.247.70 - - [25/Jul/2018:10:56:53 -0300] "GET /cormun/servlet/solicitudot?8ff8403b0eb8ed23a3f4633eeeaece4c8cfa1a539ce3718993cb27062ee14f6d78a7a44b58b233d74219e1b4d32d7f42,gx-no-cache=1532526943025 HTTP/1.1" 200 30
200.54.247.70 - - [25/Jul/2018:10:56:53 -0300] "GET /cormun/servlet/solicitudot?8ff8403b0eb8ed23a3f4633eeeaece4c243e569c840381c58d0f2edfb1416aed8e4a2c4b97663c062af07811f16a8fab,gx-no-cache=1532526943081 HTTP/1.1" 200 30
200.54.247.70 - - [25/Jul/2018:10:56:53 -0300] "GET /cormun/servlet/solicitudot?8ff8403b0eb8ed23a3f4633eeeaece4c3ea86ef010abcf831eca899d11f3d19f,gx-no-cache=1532526943116 HTTP/1.1" 200 53
200.54.247.70 - - [25/Jul/2018:10:56:53 -0300] "POST /cormun/servlet/solicitudot?gx-no-cache=1532526943149 HTTP/1.1" 200 240
200.54.247.70 - - [25/Jul/2018:10:56:53 -0300] "GET /cormun/servlet/solicitudot?8ff8403b0eb8ed23a3f4633eeeaece4cbda8e21db28ad15de76c4e6feb32ad85a44817e28e2da2cfd06b4f18661484d743913a3bf015e4e90d42c5a51597dcd24baa300422587a02705ba735d27937fd4b6e90f6e2278c46faa8ece3facbf87d6bcd1a3c06917952d7ba00d1bad12c48e14af151148da12ae38129d22baccdbc7c3a70a3221a8f037ba9cc6a461c41543298ced5a0336b52b0624d356f639ee971f6f24f039e174326d2cdbfdab59a4699d53e3a5a363a1e7b800238ec11da99e31211726bdcd9f375554e294f07e9c88c563fca6dc17ee70b586e97541167afb7f4d62b5db74e3842a958b3cde280a12a6a850583649bc108d28644bdfa395917022fb9af7e250334d6dfbbe0962c8b985a52858def20406b45646b7d434db5e7c73c6b59b58f29bdfaee36c7c3ace70f8997408ea12a72eca439bb000e3583c2887b817c470c9bf53c1e2545dc04eb022bbeed75a640ee55ef0b05a065839ac5c10b61363db3d516deca4643335c077f456cd85bf27667e759c0db016df232,gx-no-cache=1532526943186 HTTP/1.1" 200 30
200.54.247.70 - - [25/Jul/2018:10:56:55 -0300] "POST /cormun/servlet/solicitudot?gx-no-cache=1532526944463 HTTP/1.1" 200 30
200.54.247.70 - - [25/Jul/2018:10:56:59 -0300] "GET /cormun/servlet/prfichaempleado?,MD,,gxPopupLevel%3D0%3B HTTP/1.1" 200 9399
200.54.247.70 - - [25/Jul/2018:10:57:08 -0300] "POST /cormun/servlet/prfichaempleado?3aca8533a6daf8ee0a6c818638126ca0,,MD,,gxPopupLevel%3D0%3B,gx-no-cache=1532526956434 HTTP/1.1" 200 3426
200.54.247.70 - - [25/Jul/2018:10:57:12 -0300] "POST /cormun/servlet/solicitudot?gx-no-cache=1532526961561 HTTP/1.1" 200 1377
200.54.247.70 - - [25/Jul/2018:10:57:12 -0300] "GET /cormun/static/menuarrow.gif HTTP/1.1" 404 1015
200.54.247.70 - - [25/Jul/2018:10:57:19 -0300] "POST /cormun/servlet/solicitudot?gx-no-cache=1532526968571 HTTP/1.1" 200 41
200.54.247.70 - - [25/Jul/2018:10:57:33 -0300] "GET /cormun/servlet/solicitudot?8ff8403b0eb8ed23a3f4633eeeaece4c08c69e3a3f75b71f6c21f1f7b403538b97a5fdc97a929f37f66536b30a3c6bf2e92d63cdb4cfbe226cfa5a0327d4acdbe8796a9e2a9f3b03a9ddd03725d2424192f4f919acf4b42ec4f1bfd18ac9b615b7180b76d940ee4b88e0b6e0b7951167352bb5391bee08f8c63e9d7fa8787f25cc34faad92731e2c5a140cc4290a7820401b6c2ed864f3bc6150be842d5cc6e2,gx-no-cache=1532526982611 HTTP/1.1" 200 29
200.54.247.70 - - [25/Jul/2018:10:57:33 -0300] "POST /cormun/servlet/solicitudot?gx-no-cache=1532526982723 HTTP/1.1" 200 1357
200.54.247.70 - - [25/Jul/2018:10:57:33 -0300] "POST /cormun/servlet/solicitudot?gx-no-cache=1532526982818 HTTP/1.1" 200 1257
200.54.247.70 - - [25/Jul/2018:10:57:35 -0300] "POST /cormun/servlet/solicitudot?gx-no-cache=1532526984760 HTTP/1.1" 200 1357
200.54.247.70 - - [25/Jul/2018:10:57:35 -0300] "POST /cormun/servlet/solicitudot?gx-no-cache=1532526984855 HTTP/1.1" 200 1257
200.54.247.70 - - [25/Jul/2018:10:57:37 -0300] "GET /cormun/servlet/solicitudot?8ff8403b0eb8ed23a3f4633eeeaece4cc22473534394962d32fbab180814c59c85fff951c04509864db62582813bcdad,gx-no-cache=1532526986460 HTTP/1.1" 200 30
200.54.247.70 - - [25/Jul/2018:10:57:37 -0300] "POST /cormun/servlet/solicitudot?gx-no-cache=1532526986546 HTTP/1.1" 200 34
192.168.10.96 - - [25/Jul/2018:10:57:42 -0300] "GET /cormun/servlet/trsolicitudgral? HTTP/1.1" 200 25724
192.168.10.96 - - [25/Jul/2018:10:57:43 -0300] "GET /cormun/servlet/trsolicitudgral? HTTP/1.1" 200 25722
200.54.247.70 - - [25/Jul/2018:10:57:48 -0300] "POST /cormun/servlet/solicitudot?3aca8533a6daf8ee0a6c818638126ca0,INS,0,0,,gx-no-cache=1532526997471 HTTP/1.1" 200 93
200.54.247.70 - - [25/Jul/2018:10:57:48 -0300] "GET /cormun/servlet/hpexe_return? HTTP/1.1" 200 1007
200.54.247.70 - - [25/Jul/2018:10:57:48 -0300] "GET /cormun/servlet/trsolicitudot HTTP/1.1" 200 8752
200.54.247.70 - - [25/Jul/2018:10:57:49 -0300] "GET /cormun/servlet/trsolicitudot HTTP/1.1" 200 8748
192.168.10.96 - - [25/Jul/2018:10:57:49 -0300] "POST /cormun/servlet/trsolicitudgral?4f2b2ec345900bc01bae71b36a2c3b47,,gx-no-cache=1532526856298 HTTP/1.1" 200 8597
200.54.247.70 - - [25/Jul/2018:10:57:51 -0300] "POST /cormun/servlet/trsolicitudot?3aca8533a6daf8ee0a6c818638126ca0,gx-no-cache=1532527000567 HTTP/1.1" 200 4435
200.54.247.70 - - [25/Jul/2018:10:57:51 -0300] "GET /cormun/static/Shared/jqueryui/images/ui-bg_highlight-soft_100_c6c2c8_1x100.png HTTP/1.1" 404 1117
200.54.247.70 - - [25/Jul/2018:10:57:51 -0300] "GET /cormun/static/Shared/jqueryui/images/ui-bg_flat_55_fafafa_40x100.png HTTP/1.1" 404 1097
200.54.247.70 - - [25/Jul/2018:10:57:51 -0300] "GET /cormun/static/Shared/jqueryui/images/ui-icons_82798d_256x240.png HTTP/1.1" 404 1089
200.54.247.70 - - [25/Jul/2018:10:57:51 -0300] "GET /cormun/static/Shared/jqueryui/images/ui-icons_8d78a5_256x240.png HTTP/1.1" 404 1089
200.54.247.70 - - [25/Jul/2018:10:57:51 -0300] "POST /cormun/servlet/trsolicitudot?3aca8533a6daf8ee0a6c818638126ca0,gx-no-cache=1532527000854 HTTP/1.1" 200 4182
