186.103.159.186 - - [25/Jul/2018:16:35:06 -0300] "GET /cormun/servlet/hhome HTTP/1.1" 200 3963
186.103.159.186 - - [25/Jul/2018:16:35:10 -0300] "GET /cormun/servlet/trsolicitudot? HTTP/1.1" 200 7178
186.103.159.186 - - [25/Jul/2018:16:35:12 -0300] "GET /cormun/servlet/trsolicitudot? HTTP/1.1" 200 7177
186.103.159.186 - - [25/Jul/2018:16:35:15 -0300] "GET /cormun/servlet/solicitudot?INS,0,0, HTTP/1.1" 200 13439
186.103.159.186 - - [25/Jul/2018:16:35:16 -0300] "GET /cormun/servlet/solicitudot?INS,0,0, HTTP/1.1" 200 13444
186.103.159.204 - - [25/Jul/2018:16:35:27 -0300] "GET /cormun/servlet/prfichaempleado?,MD,,gxPopupLevel%3D0%3B HTTP/1.1" 200 9331
186.103.159.204 - - [25/Jul/2018:16:35:27 -0300] "GET /cormun/static/gxcfg.js?20177612134814 HTTP/1.1" 200 953
186.103.159.186 - - [25/Jul/2018:16:35:30 -0300] "POST /cormun/servlet/solicitudot?gx-no-cache=1532547258143 HTTP/1.1" 200 3308
186.103.159.186 - - [25/Jul/2018:16:35:31 -0300] "POST /cormun/servlet/solicitudot?abc1f2e27c1c7bdf7dcc0ebf09864a8c,INS,0,0,,gx-no-cache=1532547259154 HTTP/1.1" 200 10280
186.103.159.186 - - [25/Jul/2018:16:35:33 -0300] "GET /cormun/servlet/solicitudot?80a459393e895f4ad496360e2fd9100745dd5fd3513e8c6095edf29e5d21f08a2d579048ec815ba4d802d8e8a88cfc02,gx-no-cache=1532547261855 HTTP/1.1" 200 30
186.103.159.204 - - [25/Jul/2018:16:35:44 -0300] "POST /cormun/servlet/prfichaempleado?e6d4f5a3ce42dcb78d7133d3531d3563,,MD,,gxPopupLevel%3D0%3B,gx-no-cache=1532547271118 HTTP/1.1" 200 3425
186.103.159.204 - - [25/Jul/2018:16:35:50 -0300] "GET /cormun/servlet/prfichaempleado?,MD,,gxPopupLevel%3D0%3B HTTP/1.1" 200 9331
186.103.159.204 - - [25/Jul/2018:16:35:59 -0300] "POST /cormun/servlet/solicitudot?gx-no-cache=1532547286741 HTTP/1.1" 200 3426
186.103.159.204 - - [25/Jul/2018:16:35:59 -0300] "POST /cormun/servlet/solicitudot?e6d4f5a3ce42dcb78d7133d3531d3563,INS,0,0,,gx-no-cache=1532547287482 HTTP/1.1" 200 10332
186.103.159.186 - - [25/Jul/2018:16:39:10 -0300] "GET /cormun/servlet/hlogin HTTP/1.1" 200 1720
186.103.159.186 - - [25/Jul/2018:16:39:18 -0300] "POST /cormun/servlet/hlogin?cbcba29df34730d6cfa520c7c8b1ef4d,gx-no-cache=1532547487786 HTTP/1.1" 200 90
186.103.159.186 - - [25/Jul/2018:16:39:18 -0300] "GET /cormun/servlet/hpexe_link HTTP/1.1" 200 952
186.103.159.186 - - [25/Jul/2018:16:39:19 -0300] "GET /cormun/servlet/hhome HTTP/1.1" 200 3964
186.103.159.186 - - [25/Jul/2018:16:39:20 -0300] "GET /cormun/servlet/hhome HTTP/1.1" 200 3960
186.103.159.186 - - [25/Jul/2018:16:39:22 -0300] "GET /cormun/servlet/trsolicitudot? HTTP/1.1" 200 7174
186.103.159.186 - - [25/Jul/2018:16:39:24 -0300] "GET /cormun/servlet/trsolicitudot? HTTP/1.1" 200 7174
186.103.159.204 - - [25/Jul/2018:16:39:25 -0300] "GET /cormun/servlet/solicitudot?9e264f8b8ec08fbce1d8b51b08f92ea016d0acc56f8dc5b528b6aa45d57bd98095c22d062ea9e0b815acfa20e27522f1,gx-no-cache=1532547493506 HTTP/1.1" 200 30
186.103.159.186 - - [25/Jul/2018:16:39:26 -0300] "GET /cormun/servlet/solicitudot?INS,0,0, HTTP/1.1" 200 13434
186.103.159.204 - - [25/Jul/2018:16:39:27 -0300] "GET /cormun/servlet/solicitudot?9e264f8b8ec08fbce1d8b51b08f92ea0b3671c929310f1e7328a687e1eff1436b6b86cfcfd0c13be84282ae26ed1381e01719349ff9d7a0cb2ff4672455e4394,gx-no-cache=1532547495048 HTTP/1.1" 200 30
186.103.159.204 - - [25/Jul/2018:16:39:27 -0300] "GET /cormun/servlet/solicitudot?9e264f8b8ec08fbce1d8b51b08f92ea0d96f5eaa3bd18650da3ae27bebc7ebb2,gx-no-cache=1532547495082 HTTP/1.1" 200 53
186.103.159.204 - - [25/Jul/2018:16:39:27 -0300] "POST /cormun/servlet/solicitudot?gx-no-cache=1532547495122 HTTP/1.1" 200 255
186.103.159.204 - - [25/Jul/2018:16:39:27 -0300] "GET /cormun/servlet/solicitudot?9e264f8b8ec08fbce1d8b51b08f92ea0867f7f77d00575d033b047bb41470eefa2b3307bc7d3bad56078a45c36af2140a7d767a9a362ee4c1165138313c7c0f44f16cbea8cb20f01e71db5834dde48edcf0d54ad13a4cad01d558e2e281f637adaabf3baa7f32b26b16ea52c59a924f4a820c63cc80e333963cd86c8d425cbb06bbb9fbadaba414bd95bde99cd61bf93811df8fdc55f6de949764a0a29bc81262ea1c4fbaeac59c20e3ffeb1bf782d3206bc1675b6e4a998fc21fe1f12763d7ed9cce5ed5c5c802d6ca95c11bf0d85c73eb373973c66b696633cc5246ae5a30656be5dff5c0941334fb8b2e22722d1f1d816873edc081358d112d422c2bad181b4cf536e84a1980f8d7fc030a90a4f36c783ac05340560fca4951d63392d23dfc5128672d664d637aa8a3cdc1b36978f866d51c58bda5fcbab841716818c7c1ba7e5be9b0e33b7fc434a8b08d399785d6bcacd6ef82735915af6bad362ff95828d39b0f98a0ef1df329b5cc4b17ef39426c9f33c19fccafbce08cda0fb3d5eba,gx-no-cache=1532547495168 HTTP/1.1" 200 30
186.103.159.204 - - [25/Jul/2018:16:39:27 -0300] "POST /cormun/servlet/solicitudot?gx-no-cache=1532547495522 HTTP/1.1" 200 30
186.103.159.204 - - [25/Jul/2018:16:39:27 -0300] "POST /cormun/servlet/solicitudot?gx-no-cache=1532547495571 HTTP/1.1" 200 1377
186.103.159.186 - - [25/Jul/2018:16:39:28 -0300] "GET /cormun/servlet/solicitudot?INS,0,0, HTTP/1.1" 200 13439
186.103.159.204 - - [25/Jul/2018:16:39:28 -0300] "POST /cormun/servlet/solicitudot?gx-no-cache=1532547496052 HTTP/1.1" 200 38
186.103.159.204 - - [25/Jul/2018:16:39:28 -0300] "GET /cormun/servlet/solicitudot?9e264f8b8ec08fbce1d8b51b08f92ea0ff67e73d8248e3a7783a362db170d900e6a4896d310c273129a5a530e317fd2cdcb17c404ddc487c43feb64d781166c88a10621342d62cf945f75a4528d3f2b889ff828e1b85a5ccb2da7cc4d17bb37bb67655f1d35050db628ef37529b7a2d32d222581cc8e1de97f6b66dfaba8a3b5e21bb9a30c5f67d875ebc463c760d404db7840e59c074af0532f110b9fa3fb85,gx-no-cache=1532547496108 HTTP/1.1" 200 29
186.103.159.204 - - [25/Jul/2018:16:39:28 -0300] "POST /cormun/servlet/solicitudot?gx-no-cache=1532547496141 HTTP/1.1" 200 1357
186.103.159.204 - - [25/Jul/2018:16:39:28 -0300] "POST /cormun/servlet/solicitudot?gx-no-cache=1532547496216 HTTP/1.1" 200 1258
186.103.159.186 - - [25/Jul/2018:16:39:36 -0300] "POST /cormun/servlet/solicitudot?gx-no-cache=1532547505387 HTTP/1.1" 200 3308
186.103.159.186 - - [25/Jul/2018:16:39:37 -0300] "POST /cormun/servlet/solicitudot?cbcba29df34730d6cfa520c7c8b1ef4d,INS,0,0,,gx-no-cache=1532547505828 HTTP/1.1" 200 10273
186.103.159.186 - - [25/Jul/2018:16:39:40 -0300] "GET /cormun/servlet/solicitudot?9aff00a3dc2a09b8e00bef5f7c8536a3ee07f52cf614fcccf063ed6028b2ced2939c5e8a51332fbb647d0b2101e7eb6c,gx-no-cache=1532547509316 HTTP/1.1" 200 30
186.103.159.204 - - [25/Jul/2018:16:40:15 -0300] "POST /cormun/servlet/solicitudot?gx-no-cache=1532547542516 HTTP/1.1" 200 1377
186.103.159.204 - - [25/Jul/2018:16:40:15 -0300] "POST /cormun/servlet/solicitudot?gx-no-cache=1532547543094 HTTP/1.1" 200 38
186.103.159.204 - - [25/Jul/2018:16:40:30 -0300] "POST /cormun/servlet/solicitudot?gx-no-cache=1532547557785 HTTP/1.1" 200 1357
186.103.159.204 - - [25/Jul/2018:16:40:30 -0300] "POST /cormun/servlet/solicitudot?gx-no-cache=1532547557839 HTTP/1.1" 200 1258
186.103.159.186 - - [25/Jul/2018:16:40:31 -0300] "GET /cormun/servlet/solicitudot?9aff00a3dc2a09b8e00bef5f7c8536a372fde7fb50d8a646ecf36c275d49a5ae1ac61d4557ad1d3aa1b26b1660aaf7347bda1939cadd120f22ce2a4caab2b40e,gx-no-cache=1532547560749 HTTP/1.1" 200 30
186.103.159.186 - - [25/Jul/2018:16:40:31 -0300] "GET /cormun/servlet/solicitudot?9aff00a3dc2a09b8e00bef5f7c8536a335837f3b1c39f32595cd3fd41f6dfea9,gx-no-cache=1532547560820 HTTP/1.1" 200 29
186.103.159.186 - - [25/Jul/2018:16:40:39 -0300] "POST /cormun/servlet/solicitudot?gx-no-cache=1532547568426 HTTP/1.1" 200 297
186.103.159.186 - - [25/Jul/2018:16:40:39 -0300] "GET /cormun/servlet/solicitudot?9aff00a3dc2a09b8e00bef5f7c8536a328ed10d0f5240164b1c5230db6e764cd06d4f05c8213d6f2f90f0158ab7f2b045321be69fb27290b8587d3914ad1789b22a6e20390692b73fa24730de510133eb5c847eb04f692da901dd739341812803886648b67522f176f638c6e0ce5e3b78185fffd1626cde5bad52a732ce21ab0f1d56b2c96468a482931ce361fdc4df27aec6e0dfef06d905d247ee8b276e3f8f62602fd1ab7ecc03387265ffda639c0a77403c8faa99ab0fa8238efbc584568121c140524724d114253bb4e9707da7cde9564c0622dc71aa2f09a01356932d2e075b57292cd36c4b9b0ccf226391b3877ffef6f09bb5d0be2634b01f618b6621a23723ac38db6050dfd0bef0706f90ff6490d7615b1c70f18b1da16287c80ef6bfc48881d97ef09691a7022b7e66f79e2825d570e9aed5c7ccd12bfa6d484ee89da43e4bb5a354b4f7580b0df15cd4cb90813bf6d931b5834e3c770ce66d5728beb64961a54dbdf0b93e3687a335a8dc2367914836a0f00a2d81456c72cc32a7bda1939cadd120f22ce2a4caab2b40e,gx-no-cache=1532547568485 HTTP/1.1" 200 30
186.103.159.186 - - [25/Jul/2018:16:40:45 -0300] "POST /cormun/servlet/solicitudot?gx-no-cache=1532547574249 HTTP/1.1" 200 30
186.103.159.186 - - [25/Jul/2018:16:40:48 -0300] "GET /cormun/static/Resources/resize.gif HTTP/1.1" 200 77
186.103.159.186 - - [25/Jul/2018:16:40:49 -0300] "GET /cormun/servlet/prfichaempleado?,MD,,gxPopupLevel%3D0%3B HTTP/1.1" 200 9313
186.103.159.186 - - [25/Jul/2018:16:40:49 -0300] "GET /cormun/static/gxcfg.js?20177612134814 HTTP/1.1" 200 953
186.103.159.186 - - [25/Jul/2018:16:40:49 -0300] "GET /cormun/static/Resources/PXToolsMenuSearch.png HTTP/1.1" 200 2914
186.103.159.186 - - [25/Jul/2018:16:40:49 -0300] "GET /cormun/static/Resources/PXToolsMenuSearchCancel.png HTTP/1.1" 200 2972
186.103.159.186 - - [25/Jul/2018:16:40:49 -0300] "GET /cormun/static/prfichaempleado.js?20177612134999 HTTP/1.1" 200 16006
186.103.159.204 - - [25/Jul/2018:16:40:49 -0300] "GET /cormun/servlet/solicitudot?9e264f8b8ec08fbce1d8b51b08f92ea06011c74086ca7279c59f67d97e6253c86f448eb0bcebcbee570e05be5e0599e3,gx-no-cache=1532547577347 HTTP/1.1" 200 30
186.103.159.204 - - [25/Jul/2018:16:40:55 -0300] "GET /cormun/static/menuarrow.gif HTTP/1.1" 404 1015
186.103.159.186 - - [25/Jul/2018:16:41:01 -0300] "POST /cormun/servlet/prfichaempleado?cbcba29df34730d6cfa520c7c8b1ef4d,,MD,,gxPopupLevel%3D0%3B,gx-no-cache=1532547589834 HTTP/1.1" 200 3421
186.103.159.204 - - [25/Jul/2018:16:41:06 -0300] "POST /cormun/servlet/solicitudot?gx-no-cache=1532547593697 HTTP/1.1" 200 30
186.103.159.186 - - [25/Jul/2018:16:41:06 -0300] "GET /cormun/servlet/prlicenciaspermisos?16846320,L,,MD,,gxPopupLevel%3D0%3B HTTP/1.1" 200 5700
186.103.159.186 - - [25/Jul/2018:16:41:06 -0300] "GET /cormun/static/prlicenciaspermisos.js?20176272054050 HTTP/1.1" 200 13379
186.103.159.186 - - [25/Jul/2018:16:41:07 -0300] "GET /cormun/static/gxcfg.js?20176272053834 HTTP/1.1" 200 953
186.103.159.186 - - [25/Jul/2018:16:41:22 -0300] "POST /cormun/servlet/solicitudot?gx-no-cache=1532547611636 HTTP/1.1" 200 1376
186.103.159.186 - - [25/Jul/2018:16:41:26 -0300] "POST /cormun/servlet/solicitudot?gx-no-cache=1532547615395 HTTP/1.1" 200 41
186.103.159.204 - - [25/Jul/2018:16:41:37 -0300] "POST /cormun/servlet/solicitudot?e6d4f5a3ce42dcb78d7133d3531d3563,INS,0,0,,gx-no-cache=1532547625234 HTTP/1.1" 200 93
186.103.159.204 - - [25/Jul/2018:16:41:37 -0300] "GET /cormun/servlet/hpexe_return? HTTP/1.1" 200 1008
186.103.159.204 - - [25/Jul/2018:16:41:37 -0300] "GET /cormun/static/gxcfg.js?2016101716175148 HTTP/1.1" 200 953
186.103.159.204 - - [25/Jul/2018:16:41:37 -0300] "GET /cormun/static/hpexe_return.js?2016101716175153 HTTP/1.1" 200 1633
186.103.159.204 - - [25/Jul/2018:16:41:37 -0300] "GET /cormun/static/Resources/Spanish/PXTools.css?167811 HTTP/1.1" 200 40960
186.103.159.204 - - [25/Jul/2018:16:41:38 -0300] "GET /cormun/servlet/hhome HTTP/1.1" 200 4186
186.103.159.204 - - [25/Jul/2018:16:41:38 -0300] "GET /cormun/static/gxcfg.js?20175251212442 HTTP/1.1" 200 953
186.103.159.204 - - [25/Jul/2018:16:41:38 -0300] "GET /cormun/static/hhome.js?20175251212450 HTTP/1.1" 200 777
186.103.159.204 - - [25/Jul/2018:16:41:38 -0300] "GET /cormun/static/Resources/PXToolsFooterBackground2.png HTTP/1.1" 200 1172
186.103.159.204 - - [25/Jul/2018:16:41:38 -0300] "GET /cormun/static/Resources/PXToolsHeaderActionsBackground.png HTTP/1.1" 200 484
186.103.159.204 - - [25/Jul/2018:16:41:38 -0300] "GET /cormun/servlet/hhome HTTP/1.1" 200 4180
186.103.159.204 - - [25/Jul/2018:16:41:45 -0300] "GET /cormun/servlet/trautorizarsolicitud? HTTP/1.1" 200 7290
186.103.159.204 - - [25/Jul/2018:16:41:46 -0300] "GET /cormun/servlet/trautorizarsolicitud? HTTP/1.1" 200 7289
186.103.159.204 - - [25/Jul/2018:16:41:51 -0300] "POST /cormun/servlet/trautorizarsolicitud?e6d4f5a3ce42dcb78d7133d3531d3563,,gx-no-cache=1532547639459 HTTP/1.1" 200 4398
186.103.159.204 - - [25/Jul/2018:16:41:53 -0300] "POST /cormun/servlet/trautorizarsolicitud?e6d4f5a3ce42dcb78d7133d3531d3563,,gx-no-cache=1532547640681 HTTP/1.1" 200 4397
186.103.159.186 - - [25/Jul/2018:16:41:53 -0300] "GET /cormun/servlet/solicitudot?9aff00a3dc2a09b8e00bef5f7c8536a34655378eb061d81676c7de563eb541adb3008e245c5c8226beb40bedbb3b048b2ad2cf0661d136d0ff9f40b5a8571e82216859fa97305e8d3da3918e251e2abb2badb2828789411d8c55bb0c015f53e387d441e2383f064c2ed69710422e2c07,gx-no-cache=1532547642518 HTTP/1.1" 200 29
186.103.159.186 - - [25/Jul/2018:16:41:53 -0300] "POST /cormun/servlet/solicitudot?gx-no-cache=1532547642580 HTTP/1.1" 200 1358
186.103.159.186 - - [25/Jul/2018:16:41:53 -0300] "POST /cormun/servlet/solicitudot?gx-no-cache=1532547642646 HTTP/1.1" 200 1257
186.103.159.186 - - [25/Jul/2018:16:41:53 -0300] "GET /cormun/static/menuarrow.gif HTTP/1.1" 404 1015
186.103.159.204 - - [25/Jul/2018:16:41:54 -0300] "POST /cormun/servlet/trautorizarsolicitud?e6d4f5a3ce42dcb78d7133d3531d3563,,gx-no-cache=1532547641638 HTTP/1.1" 200 4398
186.103.159.204 - - [25/Jul/2018:16:41:54 -0300] "POST /cormun/servlet/trautorizarsolicitud?e6d4f5a3ce42dcb78d7133d3531d3563,,gx-no-cache=1532547641901 HTTP/1.1" 200 4396
186.103.159.204 - - [25/Jul/2018:16:41:55 -0300] "POST /cormun/servlet/trautorizarsolicitud?e6d4f5a3ce42dcb78d7133d3531d3563,,gx-no-cache=1532547642112 HTTP/1.1" 200 4397
186.103.159.186 - - [25/Jul/2018:16:41:58 -0300] "POST /cormun/servlet/solicitudot?gx-no-cache=1532547647080 HTTP/1.1" 200 1358
186.103.159.186 - - [25/Jul/2018:16:41:58 -0300] "POST /cormun/servlet/solicitudot?gx-no-cache=1532547647209 HTTP/1.1" 200 1257
186.103.159.186 - - [25/Jul/2018:16:42:00 -0300] "GET /cormun/servlet/solicitudot?9aff00a3dc2a09b8e00bef5f7c8536a359d78609b6a00d2097bb0a57ebf51e2426cb496fb2e775bb3608067e0e654b57,gx-no-cache=1532547649044 HTTP/1.1" 200 30
186.103.159.186 - - [25/Jul/2018:16:42:00 -0300] "POST /cormun/servlet/solicitudot?gx-no-cache=1532547649081 HTTP/1.1" 200 34
186.103.159.204 - - [25/Jul/2018:16:42:01 -0300] "GET /cormun/static/menuarrow.gif HTTP/1.1" 404 1015
186.103.159.204 - - [25/Jul/2018:16:42:09 -0300] "POST /cormun/servlet/trautorizarsolicitud?e6d4f5a3ce42dcb78d7133d3531d3563,,gx-no-cache=1532547657050 HTTP/1.1" 200 7836
190.101.8.3 - - [25/Jul/2018:16:42:21 -0300] "GET /cormun/servlet/hlogin HTTP/1.1" 200 1710
190.101.8.3 - - [25/Jul/2018:16:42:22 -0300] "GET /cormun/servlet/hlogin HTTP/1.1" 200 1721
190.101.8.3 - - [25/Jul/2018:16:42:23 -0300] "POST /cormun/servlet/hlogin?09998d08b86389954092f97bc7d8ab63,gx-no-cache=1532547670728 HTTP/1.1" 200 90
190.101.8.3 - - [25/Jul/2018:16:42:23 -0300] "GET /cormun/servlet/hpexe_link HTTP/1.1" 200 941
190.101.8.3 - - [25/Jul/2018:16:42:23 -0300] "GET /cormun/servlet/hhome HTTP/1.1" 200 4341
190.101.8.3 - - [25/Jul/2018:16:42:24 -0300] "GET /cormun/servlet/hhome HTTP/1.1" 200 4337
186.103.159.204 - - [25/Jul/2018:16:42:25 -0300] "POST /cormun/servlet/trautorizarsolicitud?e6d4f5a3ce42dcb78d7133d3531d3563,,gx-no-cache=1532547672928 HTTP/1.1" 200 7847
186.103.159.204 - - [25/Jul/2018:16:42:25 -0300] "GET /cormun/static/Shared/jqueryui/images/ui-bg_highlight-soft_100_c6c2c8_1x100.png HTTP/1.1" 404 1117
186.103.159.204 - - [25/Jul/2018:16:42:25 -0300] "GET /cormun/static/Shared/jqueryui/images/ui-icons_82798d_256x240.png HTTP/1.1" 404 1089
186.103.159.204 - - [25/Jul/2018:16:42:25 -0300] "GET /cormun/static/Shared/jqueryui/images/ui-bg_flat_55_fafafa_40x100.png HTTP/1.1" 404 1097
186.103.159.204 - - [25/Jul/2018:16:42:25 -0300] "GET /cormun/static/Shared/jqueryui/images/ui-icons_8d78a5_256x240.png HTTP/1.1" 404 1089
190.101.8.3 - - [25/Jul/2018:16:42:28 -0300] "GET /cormun/servlet/trpermisosgoce? HTTP/1.1" 200 9416
190.101.8.3 - - [25/Jul/2018:16:42:29 -0300] "GET /cormun/servlet/trpermisosgoce? HTTP/1.1" 200 9413
190.101.8.3 - - [25/Jul/2018:16:42:32 -0300] "GET /cormun/servlet/permisogoce?INS,0,,, HTTP/1.1" 200 7202
190.101.8.3 - - [25/Jul/2018:16:42:33 -0300] "GET /cormun/servlet/permisogoce?INS,0,,, HTTP/1.1" 200 7202
190.101.8.3 - - [25/Jul/2018:16:42:42 -0300] "GET /cormun/servlet/permisogoce?07a71abea37c63a901c8b3dfb41697369c060aaf09ddbfaa2ab19109e51719cbc9d74bc123bf44ff2033fcfd4fd176616c5e219411477b8fb241f241bfc05b86,gx-no-cache=1532547689229 HTTP/1.1" 200 84
190.101.8.3 - - [25/Jul/2018:16:42:47 -0300] "GET /cormun/static/menuarrow.gif HTTP/1.1" 404 1015
186.103.159.186 - - [25/Jul/2018:16:42:57 -0300] "POST /cormun/servlet/solicitudot?cbcba29df34730d6cfa520c7c8b1ef4d,INS,0,0,,gx-no-cache=1532547706258 HTTP/1.1" 200 93
186.103.159.186 - - [25/Jul/2018:16:42:57 -0300] "GET /cormun/servlet/hpexe_return? HTTP/1.1" 200 1008
186.103.159.186 - - [25/Jul/2018:16:42:58 -0300] "GET /cormun/servlet/trsolicitudot HTTP/1.1" 200 8603
186.103.159.186 - - [25/Jul/2018:16:42:59 -0300] "GET /cormun/servlet/trsolicitudot HTTP/1.1" 200 8599
190.101.8.3 - - [25/Jul/2018:16:43:00 -0300] "GET /cormun/servlet/permisogoce?07a71abea37c63a901c8b3dfb41697362844280a4fead11d810217c56970298112bb4caf32d0376c71e6eca86841957129ee88f574c091e6762bdb98cf0816c7,gx-no-cache=1532547707987 HTTP/1.1" 200 49
186.103.159.204 - - [25/Jul/2018:16:43:01 -0300] "POST /cormun/servlet/trautorizarsolicitud?e6d4f5a3ce42dcb78d7133d3531d3563,,gx-no-cache=1532547709081 HTTP/1.1" 200 7848
186.103.159.186 - - [25/Jul/2018:16:43:03 -0300] "POST /cormun/servlet/trsolicitudot?cbcba29df34730d6cfa520c7c8b1ef4d,gx-no-cache=1532547712692 HTTP/1.1" 200 106
186.103.159.186 - - [25/Jul/2018:16:43:03 -0300] "GET /cormun/servlet/trsolicitudadjuntos?2018,11910, HTTP/1.1" 200 6066
186.103.159.186 - - [25/Jul/2018:16:43:03 -0300] "GET /cormun/static/gxcfg.js?20177612135366 HTTP/1.1" 200 953
186.103.159.186 - - [25/Jul/2018:16:43:04 -0300] "GET /cormun/static/trsolicitudadjuntos.js?20177612135632 HTTP/1.1" 200 17922
186.103.159.186 - - [25/Jul/2018:16:43:04 -0300] "GET /cormun/servlet/trsolicitudadjuntos?2018,11910, HTTP/1.1" 200 6066
186.103.159.186 - - [25/Jul/2018:16:43:08 -0300] "GET /cormun/servlet/solicitudotadjuntos?INS,2018,11910,,1, HTTP/1.1" 200 6012
186.103.159.186 - - [25/Jul/2018:16:43:08 -0300] "GET /cormun/static/gxcfg.js?2017761244068 HTTP/1.1" 200 953
186.103.159.186 - - [25/Jul/2018:16:43:08 -0300] "GET /cormun/static/solicitudotadjuntos.js?2017761244086 HTTP/1.1" 200 11771
186.103.159.186 - - [25/Jul/2018:16:43:08 -0300] "GET /cormun/static/about:blank HTTP/1.1" 404 1011
186.103.159.186 - - [25/Jul/2018:16:43:09 -0300] "GET /cormun/servlet/solicitudotadjuntos?INS,2018,11910,,1, HTTP/1.1" 200 6006
186.103.159.186 - - [25/Jul/2018:16:43:09 -0300] "GET /cormun/servlet/solicitudotadjuntos?9aff00a3dc2a09b8e00bef5f7c8536a3fabc81b0c15bc51108f554b07276bd84f55a7fb0d5685519923e84e0b20fba20,gx-no-cache=1532547718435 HTTP/1.1" 200 30
186.103.159.186 - - [25/Jul/2018:16:43:09 -0300] "POST /cormun/servlet/solicitudotadjuntos?cbcba29df34730d6cfa520c7c8b1ef4d,INS,2018,11910,,1,,gx-no-cache=1532547718477 HTTP/1.1" 200 3798
186.103.159.186 - - [25/Jul/2018:16:43:12 -0300] "POST /cormun/servlet/solicitudotadjuntos?gx-no-cache=1532547721394 HTTP/1.1" 200 26
190.101.8.3 - - [25/Jul/2018:16:43:12 -0300] "POST /cormun/servlet/permisogoce?09998d08b86389954092f97bc7d8ab63,INS,0,,,,gx-no-cache=1532547719356 HTTP/1.1" 200 93
190.101.8.3 - - [25/Jul/2018:16:43:12 -0300] "GET /cormun/servlet/hpexe_return? HTTP/1.1" 200 1002
190.101.8.3 - - [25/Jul/2018:16:43:12 -0300] "GET /cormun/servlet/trpermisosgoce HTTP/1.1" 200 9651
190.101.8.3 - - [25/Jul/2018:16:43:13 -0300] "GET /cormun/servlet/trpermisosgoce HTTP/1.1" 200 9646
190.101.8.3 - - [25/Jul/2018:16:43:16 -0300] "GET /cormun/servlet/permisogoce?UPD,17124605,P,20180725102036, HTTP/1.1" 200 7280
190.101.8.3 - - [25/Jul/2018:16:43:16 -0300] "GET /cormun/servlet/permisogoce?UPD,17124605,P,20180725102036, HTTP/1.1" 200 7281
190.101.8.3 - - [25/Jul/2018:16:43:17 -0300] "GET /cormun/servlet/permisogoce?07a71abea37c63a901c8b3dfb41697363e6e91e982e159dd2d81a472d676c4ce1ae6d323fc9c904becb79f334241d6a98661e9659cdf0eeeea7c5b8bca4cb521,gx-no-cache=1532547724195 HTTP/1.1" 200 88
186.103.159.204 - - [25/Jul/2018:16:43:18 -0300] "POST /cormun/servlet/trautorizarsolicitud?e6d4f5a3ce42dcb78d7133d3531d3563,,gx-no-cache=1532547725743 HTTP/1.1" 200 7847
190.101.8.3 - - [25/Jul/2018:16:43:18 -0300] "GET /cormun/servlet/trpermisosgoce HTTP/1.1" 200 9675
190.101.8.3 - - [25/Jul/2018:16:43:18 -0300] "GET /cormun/servlet/trpermisosgoce HTTP/1.1" 200 9672
190.101.8.3 - - [25/Jul/2018:16:43:21 -0300] "GET /cormun/servlet/permisogoce?UPD,11231702,P,20180725153859, HTTP/1.1" 200 7283
190.101.8.3 - - [25/Jul/2018:16:43:22 -0300] "GET /cormun/servlet/permisogoce?UPD,11231702,P,20180725153859, HTTP/1.1" 200 7284
190.101.8.3 - - [25/Jul/2018:16:43:22 -0300] "GET /cormun/servlet/permisogoce?07a71abea37c63a901c8b3dfb41697369c060aaf09ddbfaa2ab19109e51719cb8a5d29cb0d11f4c9161a52c98d20cc173cd3b11192969ba122fed8cf50ab7c0c,gx-no-cache=1532547729730 HTTP/1.1" 200 82
190.101.8.3 - - [25/Jul/2018:16:43:23 -0300] "GET /cormun/servlet/permisogoce?07a71abea37c63a901c8b3dfb41697362844280a4fead11d810217c56970298112bb4caf32d0376c71e6eca868419571f11387ab211440e4d923e742095283e2,gx-no-cache=1532547730624 HTTP/1.1" 200 47
190.101.8.3 - - [25/Jul/2018:16:43:28 -0300] "POST /cormun/servlet/permisogoce?09998d08b86389954092f97bc7d8ab63,UPD,11231702,P,20180725153859,,gx-no-cache=1532547735208 HTTP/1.1" 200 93
190.101.8.3 - - [25/Jul/2018:16:43:28 -0300] "GET /cormun/servlet/hpexe_return? HTTP/1.1" 200 1021
190.101.8.3 - - [25/Jul/2018:16:43:28 -0300] "GET /cormun/servlet/trpermisosgoce HTTP/1.1" 200 9682
190.101.8.3 - - [25/Jul/2018:16:43:29 -0300] "GET /cormun/servlet/trpermisosgoce HTTP/1.1" 200 9650
190.101.8.3 - - [25/Jul/2018:16:43:32 -0300] "POST /cormun/servlet/trpermisosgoce?09998d08b86389954092f97bc7d8ab63,gx-no-cache=1532547739507 HTTP/1.1" 200 6704
190.101.8.3 - - [25/Jul/2018:16:43:32 -0300] "GET /cormun/static/Shared/jqueryui/images/ui-bg_highlight-soft_100_c6c2c8_1x100.png HTTP/1.1" 404 1117
190.101.8.3 - - [25/Jul/2018:16:43:32 -0300] "GET /cormun/static/Shared/jqueryui/images/ui-icons_82798d_256x240.png HTTP/1.1" 404 1089
190.101.8.3 - - [25/Jul/2018:16:43:32 -0300] "GET /cormun/static/Shared/jqueryui/images/ui-icons_8d78a5_256x240.png HTTP/1.1" 404 1089
190.101.8.3 - - [25/Jul/2018:16:43:32 -0300] "GET /cormun/static/Shared/jqueryui/images/ui-bg_flat_55_fafafa_40x100.png HTTP/1.1" 404 1097
190.101.8.3 - - [25/Jul/2018:16:43:32 -0300] "GET /cormun/servlet/apermisogoceprn?17124605,P,20180725102036,PU HTTP/1.1" 200 1669
186.103.159.204 - - [25/Jul/2018:16:43:35 -0300] "POST /cormun/servlet/trautorizarsolicitud?e6d4f5a3ce42dcb78d7133d3531d3563,,gx-no-cache=1532547743498 HTTP/1.1" 200 7847
186.103.159.186 - - [25/Jul/2018:16:43:40 -0300] "GET /cormun/servlet/solicitudotadjuntos?9aff00a3dc2a09b8e00bef5f7c8536a355ecec3473aa026de691a82bcc902428,gx-no-cache=1532547749537 HTTP/1.1" 200 30
186.103.159.186 - - [25/Jul/2018:16:43:40 -0300] "GET /cormun/servlet/solicitudotadjuntos?9aff00a3dc2a09b8e00bef5f7c8536a355ecec3473aa026de691a82bcc902428,gx-no-cache=1532547749572 HTTP/1.1" 200 30
186.103.159.186 - - [25/Jul/2018:16:43:42 -0300] "POST /cormun/servlet/solicitudotadjuntos?cbcba29df34730d6cfa520c7c8b1ef4d,INS,2018,11910,,1, HTTP/1.1" 200 116
186.103.159.186 - - [25/Jul/2018:16:43:42 -0300] "GET /cormun/servlet/hpexe_return? HTTP/1.1" 200 1026
186.103.159.186 - - [25/Jul/2018:16:43:43 -0300] "GET /cormun/servlet/trsolicitudadjuntos?2018,11910, HTTP/1.1" 200 8513
186.103.159.186 - - [25/Jul/2018:16:43:44 -0300] "GET /cormun/servlet/trsolicitudadjuntos?2018,11910, HTTP/1.1" 200 8511
186.103.159.186 - - [25/Jul/2018:16:43:49 -0300] "GET /cormun/servlet/solicitudotadjuntos?INS,2018,11910,,1, HTTP/1.1" 200 6011
186.103.159.186 - - [25/Jul/2018:16:43:49 -0300] "GET /cormun/static/about:blank HTTP/1.1" 404 1011
186.103.159.186 - - [25/Jul/2018:16:43:50 -0300] "GET /cormun/servlet/solicitudotadjuntos?INS,2018,11910,,1, HTTP/1.1" 200 6005
186.103.159.186 - - [25/Jul/2018:16:43:50 -0300] "GET /cormun/servlet/solicitudotadjuntos?9aff00a3dc2a09b8e00bef5f7c8536a3fabc81b0c15bc51108f554b07276bd84f55a7fb0d5685519923e84e0b20fba20,gx-no-cache=1532547759785 HTTP/1.1" 200 30
186.103.159.186 - - [25/Jul/2018:16:43:50 -0300] "POST /cormun/servlet/solicitudotadjuntos?cbcba29df34730d6cfa520c7c8b1ef4d,INS,2018,11910,,1,,gx-no-cache=1532547759827 HTTP/1.1" 200 3797
186.103.159.186 - - [25/Jul/2018:16:43:54 -0300] "POST /cormun/servlet/solicitudotadjuntos?gx-no-cache=1532547763207 HTTP/1.1" 200 26
186.103.159.204 - - [25/Jul/2018:16:43:56 -0300] "GET /cormun/servlet/trautorizarsolicitud? HTTP/1.1" 200 10695
186.103.159.204 - - [25/Jul/2018:16:43:57 -0300] "GET /cormun/servlet/trautorizarsolicitud? HTTP/1.1" 200 10695
186.103.159.204 - - [25/Jul/2018:16:43:59 -0300] "POST /cormun/servlet/trautorizarsolicitud?e6d4f5a3ce42dcb78d7133d3531d3563,,gx-no-cache=1532547767338 HTTP/1.1" 200 7849
186.103.159.204 - - [25/Jul/2018:16:43:59 -0300] "GET /cormun/static/Shared/jqueryui/images/ui-bg_highlight-soft_100_c6c2c8_1x100.png HTTP/1.1" 404 1117
186.103.159.204 - - [25/Jul/2018:16:43:59 -0300] "GET /cormun/static/Shared/jqueryui/images/ui-icons_82798d_256x240.png HTTP/1.1" 404 1089
186.103.159.204 - - [25/Jul/2018:16:43:59 -0300] "GET /cormun/static/Shared/jqueryui/images/ui-bg_flat_55_fafafa_40x100.png HTTP/1.1" 404 1097
186.103.159.204 - - [25/Jul/2018:16:43:59 -0300] "GET /cormun/static/Shared/jqueryui/images/ui-icons_8d78a5_256x240.png HTTP/1.1" 404 1089
186.103.159.204 - - [25/Jul/2018:16:44:02 -0300] "POST /cormun/servlet/trautorizarsolicitud?e6d4f5a3ce42dcb78d7133d3531d3563,,gx-no-cache=1532547769703 HTTP/1.1" 200 7849
186.103.159.204 - - [25/Jul/2018:16:44:03 -0300] "POST /cormun/servlet/trautorizarsolicitud?e6d4f5a3ce42dcb78d7133d3531d3563,,gx-no-cache=1532547771001 HTTP/1.1" 200 7848
186.103.159.186 - - [25/Jul/2018:16:44:05 -0300] "GET /cormun/servlet/solicitudotadjuntos?9aff00a3dc2a09b8e00bef5f7c8536a355ecec3473aa026de691a82bcc902428,gx-no-cache=1532547774609 HTTP/1.1" 200 30
186.103.159.186 - - [25/Jul/2018:16:44:05 -0300] "GET /cormun/servlet/solicitudotadjuntos?9aff00a3dc2a09b8e00bef5f7c8536a355ecec3473aa026de691a82bcc902428,gx-no-cache=1532547774726 HTTP/1.1" 200 30
186.103.159.204 - - [25/Jul/2018:16:44:08 -0300] "POST /cormun/servlet/trautorizarsolicitud?e6d4f5a3ce42dcb78d7133d3531d3563,,gx-no-cache=1532547775803 HTTP/1.1" 200 7849
186.103.159.186 - - [25/Jul/2018:16:44:09 -0300] "POST /cormun/servlet/solicitudotadjuntos?cbcba29df34730d6cfa520c7c8b1ef4d,INS,2018,11910,,1, HTTP/1.1" 200 116
186.103.159.186 - - [25/Jul/2018:16:44:09 -0300] "GET /cormun/servlet/hpexe_return? HTTP/1.1" 200 1026
186.103.159.186 - - [25/Jul/2018:16:44:09 -0300] "GET /cormun/servlet/trsolicitudadjuntos?2018,11910, HTTP/1.1" 200 8722
190.101.8.3 - - [25/Jul/2018:16:44:10 -0300] "GET /cormun/servlet/apermisogoceprn?11231702,P,20180725153859,PU HTTP/1.1" 200 1666
186.103.159.186 - - [25/Jul/2018:16:44:11 -0300] "GET /cormun/servlet/trsolicitudadjuntos?2018,11910, HTTP/1.1" 200 8719
186.103.159.204 - - [25/Jul/2018:16:44:11 -0300] "POST /cormun/servlet/trautorizarsolicitud?e6d4f5a3ce42dcb78d7133d3531d3563,,gx-no-cache=1532547779450 HTTP/1.1" 200 7848
186.103.159.204 - - [25/Jul/2018:16:44:14 -0300] "POST /cormun/servlet/trautorizarsolicitud?e6d4f5a3ce42dcb78d7133d3531d3563,,gx-no-cache=1532547782135 HTTP/1.1" 200 7848
186.103.159.204 - - [25/Jul/2018:16:44:16 -0300] "POST /cormun/servlet/trautorizarsolicitud?e6d4f5a3ce42dcb78d7133d3531d3563,,gx-no-cache=1532547783894 HTTP/1.1" 200 7849
186.103.159.186 - - [25/Jul/2018:16:44:38 -0300] "GET /cormun/servlet/solicitudotadjuntos?INS,2018,11910,,1, HTTP/1.1" 200 6012
186.103.159.186 - - [25/Jul/2018:16:44:38 -0300] "GET /cormun/static/about:blank HTTP/1.1" 404 1011
186.103.159.186 - - [25/Jul/2018:16:44:39 -0300] "GET /cormun/servlet/solicitudotadjuntos?INS,2018,11910,,1, HTTP/1.1" 200 6006
186.103.159.186 - - [25/Jul/2018:16:44:40 -0300] "GET /cormun/servlet/solicitudotadjuntos?9aff00a3dc2a09b8e00bef5f7c8536a3fabc81b0c15bc51108f554b07276bd84f55a7fb0d5685519923e84e0b20fba20,gx-no-cache=1532547808927 HTTP/1.1" 200 30
186.103.159.186 - - [25/Jul/2018:16:44:40 -0300] "POST /cormun/servlet/solicitudotadjuntos?cbcba29df34730d6cfa520c7c8b1ef4d,INS,2018,11910,,1,,gx-no-cache=1532547808971 HTTP/1.1" 200 3797
186.103.159.186 - - [25/Jul/2018:16:44:43 -0300] "POST /cormun/servlet/solicitudotadjuntos?gx-no-cache=1532547811988 HTTP/1.1" 200 26
186.103.159.186 - - [25/Jul/2018:16:44:49 -0300] "GET /cormun/servlet/solicitudotadjuntos?9aff00a3dc2a09b8e00bef5f7c8536a355ecec3473aa026de691a82bcc902428,gx-no-cache=1532547818361 HTTP/1.1" 200 30
186.103.159.186 - - [25/Jul/2018:16:44:49 -0300] "GET /cormun/servlet/solicitudotadjuntos?9aff00a3dc2a09b8e00bef5f7c8536a355ecec3473aa026de691a82bcc902428,gx-no-cache=1532547818383 HTTP/1.1" 200 30
186.103.159.186 - - [25/Jul/2018:16:44:51 -0300] "POST /cormun/servlet/solicitudotadjuntos?cbcba29df34730d6cfa520c7c8b1ef4d,INS,2018,11910,,1, HTTP/1.1" 200 116
186.103.159.186 - - [25/Jul/2018:16:44:51 -0300] "GET /cormun/servlet/hpexe_return? HTTP/1.1" 200 1026
186.103.159.186 - - [25/Jul/2018:16:44:51 -0300] "GET /cormun/servlet/trsolicitudadjuntos?2018,11910, HTTP/1.1" 200 8900
186.103.159.186 - - [25/Jul/2018:16:44:53 -0300] "GET /cormun/servlet/trsolicitudadjuntos?2018,11910, HTTP/1.1" 200 8898
186.103.159.186 - - [25/Jul/2018:16:44:55 -0300] "GET /cormun/servlet/solicitudotadjuntos?INS,2018,11910,,1, HTTP/1.1" 200 6012
186.103.159.186 - - [25/Jul/2018:16:44:56 -0300] "GET /cormun/static/about:blank HTTP/1.1" 404 1011
186.103.159.186 - - [25/Jul/2018:16:44:56 -0300] "GET /cormun/servlet/solicitudotadjuntos?INS,2018,11910,,1, HTTP/1.1" 200 6006
186.103.159.186 - - [25/Jul/2018:16:44:57 -0300] "GET /cormun/servlet/solicitudotadjuntos?9aff00a3dc2a09b8e00bef5f7c8536a3fabc81b0c15bc51108f554b07276bd84f55a7fb0d5685519923e84e0b20fba20,gx-no-cache=1532547826242 HTTP/1.1" 200 30
186.103.159.186 - - [25/Jul/2018:16:44:57 -0300] "POST /cormun/servlet/solicitudotadjuntos?cbcba29df34730d6cfa520c7c8b1ef4d,INS,2018,11910,,1,,gx-no-cache=1532547826278 HTTP/1.1" 200 3797
186.103.159.186 - - [25/Jul/2018:16:44:59 -0300] "POST /cormun/servlet/solicitudotadjuntos?gx-no-cache=1532547828834 HTTP/1.1" 200 26
186.103.159.186 - - [25/Jul/2018:16:45:08 -0300] "GET /cormun/servlet/solicitudotadjuntos?9aff00a3dc2a09b8e00bef5f7c8536a355ecec3473aa026de691a82bcc902428,gx-no-cache=1532547837419 HTTP/1.1" 200 30
186.103.159.186 - - [25/Jul/2018:16:45:08 -0300] "GET /cormun/servlet/solicitudotadjuntos?9aff00a3dc2a09b8e00bef5f7c8536a355ecec3473aa026de691a82bcc902428,gx-no-cache=1532547837496 HTTP/1.1" 200 30
186.103.159.186 - - [25/Jul/2018:16:45:11 -0300] "POST /cormun/servlet/solicitudotadjuntos?cbcba29df34730d6cfa520c7c8b1ef4d,INS,2018,11910,,1, HTTP/1.1" 200 116
186.103.159.186 - - [25/Jul/2018:16:45:11 -0300] "GET /cormun/servlet/hpexe_return? HTTP/1.1" 200 1026
186.103.159.186 - - [25/Jul/2018:16:45:11 -0300] "GET /cormun/servlet/trsolicitudadjuntos?2018,11910, HTTP/1.1" 200 9086
186.103.159.186 - - [25/Jul/2018:16:45:13 -0300] "GET /cormun/servlet/trsolicitudadjuntos?2018,11910, HTTP/1.1" 200 9083
186.103.159.186 - - [25/Jul/2018:16:45:15 -0300] "GET /cormun/servlet/solicitudotadjuntos?INS,2018,11910,,1, HTTP/1.1" 200 6012
186.103.159.186 - - [25/Jul/2018:16:45:15 -0300] "GET /cormun/static/about:blank HTTP/1.1" 404 1011
186.103.159.186 - - [25/Jul/2018:16:45:16 -0300] "GET /cormun/servlet/solicitudotadjuntos?INS,2018,11910,,1, HTTP/1.1" 200 6006
186.103.159.186 - - [25/Jul/2018:16:45:17 -0300] "GET /cormun/servlet/solicitudotadjuntos?9aff00a3dc2a09b8e00bef5f7c8536a3fabc81b0c15bc51108f554b07276bd84f55a7fb0d5685519923e84e0b20fba20,gx-no-cache=1532547845951 HTTP/1.1" 200 30
186.103.159.186 - - [25/Jul/2018:16:45:17 -0300] "POST /cormun/servlet/solicitudotadjuntos?cbcba29df34730d6cfa520c7c8b1ef4d,INS,2018,11910,,1,,gx-no-cache=1532547845989 HTTP/1.1" 200 3797
186.103.159.186 - - [25/Jul/2018:16:45:20 -0300] "POST /cormun/servlet/solicitudotadjuntos?gx-no-cache=1532547849880 HTTP/1.1" 200 26
186.103.159.204 - - [25/Jul/2018:16:45:26 -0300] "POST /cormun/servlet/trautorizarsolicitud?e6d4f5a3ce42dcb78d7133d3531d3563,,gx-no-cache=1532547854234 HTTP/1.1" 200 7849
186.103.159.186 - - [25/Jul/2018:16:45:27 -0300] "GET /cormun/servlet/solicitudotadjuntos?9aff00a3dc2a09b8e00bef5f7c8536a355ecec3473aa026de691a82bcc902428,gx-no-cache=1532547856890 HTTP/1.1" 200 30
186.103.159.186 - - [25/Jul/2018:16:45:28 -0300] "GET /cormun/servlet/solicitudotadjuntos?9aff00a3dc2a09b8e00bef5f7c8536a355ecec3473aa026de691a82bcc902428,gx-no-cache=1532547856909 HTTP/1.1" 200 30
186.103.159.204 - - [25/Jul/2018:16:45:33 -0300] "GET /cormun/servlet/trcontratounov2? HTTP/1.1" 200 17685
186.103.159.204 - - [25/Jul/2018:16:45:34 -0300] "GET /cormun/servlet/trcontratounov2? HTTP/1.1" 200 17684
186.103.159.204 - - [25/Jul/2018:16:45:44 -0300] "POST /cormun/servlet/trcontratounov2?e6d4f5a3ce42dcb78d7133d3531d3563,,gx-no-cache=1532547871738 HTTP/1.1" 200 90
186.103.159.204 - - [25/Jul/2018:16:45:44 -0300] "GET /cormun/servlet/hpexe_link HTTP/1.1" 200 970
186.103.159.204 - - [25/Jul/2018:16:45:44 -0300] "GET /cormun/servlet/trautorizarsolicitud? HTTP/1.1" 200 10696
186.103.159.204 - - [25/Jul/2018:16:45:45 -0300] "GET /cormun/servlet/trautorizarsolicitud? HTTP/1.1" 200 10695
186.103.159.204 - - [25/Jul/2018:16:45:47 -0300] "POST /cormun/servlet/trautorizarsolicitud?e6d4f5a3ce42dcb78d7133d3531d3563,,gx-no-cache=1532547875135 HTTP/1.1" 200 7850
186.103.159.204 - - [25/Jul/2018:16:45:47 -0300] "GET /cormun/static/Shared/jqueryui/images/ui-bg_highlight-soft_100_c6c2c8_1x100.png HTTP/1.1" 404 1117
186.103.159.204 - - [25/Jul/2018:16:45:47 -0300] "GET /cormun/static/Shared/jqueryui/images/ui-icons_82798d_256x240.png HTTP/1.1" 404 1089
186.103.159.204 - - [25/Jul/2018:16:45:47 -0300] "GET /cormun/static/Shared/jqueryui/images/ui-icons_8d78a5_256x240.png HTTP/1.1" 404 1089
186.103.159.204 - - [25/Jul/2018:16:45:47 -0300] "GET /cormun/static/Shared/jqueryui/images/ui-bg_flat_55_fafafa_40x100.png HTTP/1.1" 404 1097
186.103.159.204 - - [25/Jul/2018:16:46:09 -0300] "GET /cormun/servlet/veautorizarsolicitud?2018,11909,, HTTP/1.1" 200 8611
186.103.159.204 - - [25/Jul/2018:16:46:09 -0300] "GET /cormun/pexe_scrolldiv.js HTTP/1.1" 404 1009
186.103.159.204 - - [25/Jul/2018:16:46:09 -0300] "GET /cormun/static/Resources/PXToolsTabLastUnselected.png HTTP/1.1" 200 1291
186.103.159.204 - - [25/Jul/2018:16:46:09 -0300] "GET /cormun/static/Resources/PXToolsTabPrevious.gif HTTP/1.1" 200 172
186.103.159.204 - - [25/Jul/2018:16:46:09 -0300] "GET /cormun/static/Resources/PXToolsTabNext.gif HTTP/1.1" 200 168
186.103.159.204 - - [25/Jul/2018:16:46:09 -0300] "GET /cormun/static/Resources/PXToolsTabFirstSelected.png HTTP/1.1" 200 1259
186.103.159.204 - - [25/Jul/2018:16:46:10 -0300] "GET /cormun/static/Resources/PXToolsTabBackSelected.png HTTP/1.1" 200 1157
186.103.159.204 - - [25/Jul/2018:16:46:10 -0300] "GET /cormun/static/Resources/PXToolsTabUnselectedUnselected.png HTTP/1.1" 200 1459
186.103.159.204 - - [25/Jul/2018:16:46:10 -0300] "GET /cormun/static/Resources/PXToolsTabSelectedUnselected.png HTTP/1.1" 200 1428
186.103.159.204 - - [25/Jul/2018:16:46:10 -0300] "GET /cormun/servlet/veautorizarsolicitud?2018,11909,, HTTP/1.1" 200 8611
186.103.159.204 - - [25/Jul/2018:16:46:13 -0300] "GET /cormun/servlet/trautorizarsolicitud? HTTP/1.1" 200 10696
186.103.159.204 - - [25/Jul/2018:16:46:14 -0300] "GET /cormun/servlet/trautorizarsolicitud? HTTP/1.1" 200 10695
186.103.159.186 - - [25/Jul/2018:16:46:33 -0300] "POST /cormun/servlet/solicitudotadjuntos?cbcba29df34730d6cfa520c7c8b1ef4d,INS,2018,11910,,1, HTTP/1.1" 200 6717
186.103.159.186 - - [25/Jul/2018:16:47:14 -0300] "POST /cormun/servlet/solicitudotadjuntos?cbcba29df34730d6cfa520c7c8b1ef4d,INS,2018,11910,,1, HTTP/1.1" 200 116
186.103.159.186 - - [25/Jul/2018:16:47:14 -0300] "GET /cormun/servlet/hpexe_return? HTTP/1.1" 200 1026
186.103.159.186 - - [25/Jul/2018:16:47:14 -0300] "GET /cormun/servlet/trsolicitudadjuntos?2018,11910, HTTP/1.1" 200 9338
186.103.159.186 - - [25/Jul/2018:16:47:18 -0300] "GET /cormun/servlet/trsolicitudadjuntos?2018,11910, HTTP/1.1" 200 9334
192.168.10.98 - - [25/Jul/2018:16:47:48 -0300] "GET /digitalizacion/servlet/wblogin HTTP/1.1" 200 2310
192.168.10.98 - - [25/Jul/2018:16:47:49 -0300] "GET /digitalizacion/static/gxtimezone.js?85251 HTTP/1.1" 200 5780
192.168.10.98 - - [25/Jul/2018:16:47:49 -0300] "GET /digitalizacion/static/gxcfg.js?201842010284377 HTTP/1.1" 200 954
192.168.10.98 - - [25/Jul/2018:16:47:49 -0300] "GET /digitalizacion/static/PXToolsJavascripts/pexe_autoreload.js HTTP/1.1" 200 1762
192.168.10.98 - - [25/Jul/2018:16:47:49 -0300] "GET /digitalizacion/static/RunJS/RunJS.js HTTP/1.1" 200 288
192.168.10.98 - - [25/Jul/2018:16:47:49 -0300] "GET /digitalizacion/static/PXToolsJavascripts/pexe_cookies.js HTTP/1.1" 200 792
192.168.10.98 - - [25/Jul/2018:16:47:49 -0300] "GET /digitalizacion/static/PXToolsJavascripts/pexe_windows.js HTTP/1.1" 200 15249
192.168.10.98 - - [25/Jul/2018:16:47:49 -0300] "GET /digitalizacion/static/PXToolsJavascripts/pexe_grid.js HTTP/1.1" 200 7559
192.168.10.98 - - [25/Jul/2018:16:47:49 -0300] "GET /digitalizacion/static/Resources/Spanish/PXTools.css?14224663 HTTP/1.1" 200 100831
192.168.10.98 - - [25/Jul/2018:16:47:49 -0300] "GET /digitalizacion/static/PXToolsJavascripts/pexe_link.js HTTP/1.1" 200 5671
192.168.10.98 - - [25/Jul/2018:16:47:49 -0300] "GET /digitalizacion/static/PXToolsJavascripts/pexe_menudivfix.js HTTP/1.1" 200 333
192.168.10.98 - - [25/Jul/2018:16:47:49 -0300] "GET /digitalizacion/static/gxgral.js?85251 HTTP/1.1" 200 384558
192.168.10.98 - - [25/Jul/2018:16:47:49 -0300] "GET /digitalizacion/static/PXToolsJavascripts/pexe_menus.js HTTP/1.1" 200 1286
192.168.10.98 - - [25/Jul/2018:16:47:49 -0300] "GET /digitalizacion/static/PXToolsJavascripts/pexe_layers.js HTTP/1.1" 200 4114
192.168.10.98 - - [25/Jul/2018:16:47:49 -0300] "GET /digitalizacion/static/PXToolsJavascripts/pexe_griddivfix.js HTTP/1.1" 200 6946
192.168.10.98 - - [25/Jul/2018:16:47:49 -0300] "GET /digitalizacion/static/PXToolsJavascripts/pexe_oav.js HTTP/1.1" 200 645
192.168.10.98 - - [25/Jul/2018:16:47:49 -0300] "GET /digitalizacion/static/PXToolsJavascripts/pexe_oavdivfix.js HTTP/1.1" 200 639
192.168.10.98 - - [25/Jul/2018:16:47:49 -0300] "GET /digitalizacion/static/PXToolsJavascripts/pexe_picture.js HTTP/1.1" 200 689
192.168.10.98 - - [25/Jul/2018:16:47:49 -0300] "GET /digitalizacion/static/PXToolsJavascripts/pexe_popup.js HTTP/1.1" 200 15149
192.168.10.98 - - [25/Jul/2018:16:47:49 -0300] "GET /digitalizacion/static/PXToolsJavascripts/pexe_scrolldiv.js HTTP/1.1" 200 4138
192.168.10.98 - - [25/Jul/2018:16:47:49 -0300] "GET /digitalizacion/static/PXToolsJavascripts/pexe_tabdivfix.js HTTP/1.1" 200 898
192.168.10.98 - - [25/Jul/2018:16:47:49 -0300] "GET /digitalizacion/static/PXToolsJavascripts/pexe_upload.js HTTP/1.1" 200 1423
192.168.10.98 - - [25/Jul/2018:16:47:49 -0300] "GET /digitalizacion/static/PXToolsJavascripts/pexe_tabs.js HTTP/1.1" 200 3748
192.168.10.98 - - [25/Jul/2018:16:47:49 -0300] "GET /digitalizacion/static/PXToolsJavascripts/PXToolsJavascriptsRender.js HTTP/1.1" 200 367
192.168.10.98 - - [25/Jul/2018:16:47:49 -0300] "GET /digitalizacion/static/Resources/Comun33.png HTTP/1.1" 200 14839
192.168.10.98 - - [25/Jul/2018:16:47:49 -0300] "GET /digitalizacion/static/messages.spa.js?85251 HTTP/1.1" 200 35505
192.168.10.98 - - [25/Jul/2018:16:47:49 -0300] "GET /digitalizacion/static/wblogin.js?201842010284433 HTTP/1.1" 200 4267
192.168.10.98 - - [25/Jul/2018:16:47:49 -0300] "GET /digitalizacion/static/hmplogin.js?201841414365131 HTTP/1.1" 200 907
192.168.10.98 - - [25/Jul/2018:16:47:49 -0300] "GET /digitalizacion/static/Resources/PXToolsButtonRight.png HTTP/1.1" 200 1294
192.168.10.98 - - [25/Jul/2018:16:47:49 -0300] "GET /digitalizacion/static/Resources/PXToolsButtonLeft.png HTTP/1.1" 200 1310
192.168.10.98 - - [25/Jul/2018:16:47:49 -0300] "GET /digitalizacion/static/Resources/PXToolsLoginBackground.png HTTP/1.1" 200 1164
192.168.10.98 - - [25/Jul/2018:16:47:49 -0300] "GET /digitalizacion/static/Resources/PXToolsButtonBackground.png HTTP/1.1" 200 1176
192.168.10.98 - - [25/Jul/2018:16:47:49 -0300] "GET /digitalizacion/static/Resources/PXToolsLoginTop.png HTTP/1.1" 200 1337
192.168.10.98 - - [25/Jul/2018:16:47:49 -0300] "GET /digitalizacion/static/Resources/PXToolsLoginBottom.png HTTP/1.1" 200 1389
192.168.10.98 - - [25/Jul/2018:16:47:49 -0300] "GET /digitalizacion/static/Resources/indicator.gif HTTP/1.1" 200 1553
192.168.10.98 - - [25/Jul/2018:16:47:49 -0300] "GET /digitalizacion/servlet/wblogin HTTP/1.1" 200 2321
192.168.10.98 - - [25/Jul/2018:16:47:49 -0300] "GET /favicon.ico HTTP/1.1" 200 21630
192.168.10.98 - - [25/Jul/2018:16:48:02 -0300] "POST /digitalizacion/servlet/wblogin?ff41bb4aca931df4bb836fd2799c4ca2,gx-no-cache=1532547868315 HTTP/1.1" 200 835
186.103.159.186 - - [25/Jul/2018:16:48:08 -0300] "GET /cormun/servlet/solicitudotadjuntos?INS,2018,11910,,1, HTTP/1.1" 200 6012
186.103.159.186 - - [25/Jul/2018:16:48:08 -0300] "GET /cormun/static/about:blank HTTP/1.1" 404 1011
186.103.159.186 - - [25/Jul/2018:16:48:09 -0300] "GET /cormun/servlet/solicitudotadjuntos?INS,2018,11910,,1, HTTP/1.1" 200 6006
186.103.159.186 - - [25/Jul/2018:16:48:09 -0300] "GET /cormun/servlet/solicitudotadjuntos?9aff00a3dc2a09b8e00bef5f7c8536a3fabc81b0c15bc51108f554b07276bd84f55a7fb0d5685519923e84e0b20fba20,gx-no-cache=1532548018738 HTTP/1.1" 200 30
186.103.159.186 - - [25/Jul/2018:16:48:09 -0300] "POST /cormun/servlet/solicitudotadjuntos?cbcba29df34730d6cfa520c7c8b1ef4d,INS,2018,11910,,1,,gx-no-cache=1532548018783 HTTP/1.1" 200 3798
192.168.10.98 - - [25/Jul/2018:16:48:10 -0300] "POST /digitalizacion/servlet/wblogin?ff41bb4aca931df4bb836fd2799c4ca2,gx-no-cache=1532547876967 HTTP/1.1" 200 65
192.168.10.98 - - [25/Jul/2018:16:48:10 -0300] "GET /digitalizacion/servlet/hhome HTTP/1.1" 200 2818
192.168.10.98 - - [25/Jul/2018:16:48:10 -0300] "GET /digitalizacion/static/Shared/jqueryui/jquery-ui.min.css?1245370 HTTP/1.1" 200 30288
192.168.10.98 - - [25/Jul/2018:16:48:10 -0300] "GET /digitalizacion/static/gxcfg.js?201841414272279 HTTP/1.1" 200 954
192.168.10.98 - - [25/Jul/2018:16:48:10 -0300] "GET /digitalizacion/static/scaMessage/css/jquery.pnotify.default.css?1716380 HTTP/1.1" 200 1707
192.168.10.98 - - [25/Jul/2018:16:48:10 -0300] "GET /digitalizacion/static/Resources/CormunLogo2.png HTTP/1.1" 200 7733
192.168.10.98 - - [25/Jul/2018:16:48:10 -0300] "GET /digitalizacion/static/Resources/PXToolsHeaderHome.png HTTP/1.1" 200 1364
192.168.10.98 - - [25/Jul/2018:16:48:10 -0300] "GET /digitalizacion/static/gxui/gxui-all.css?110300 HTTP/1.1" 200 2179
192.168.10.98 - - [25/Jul/2018:16:48:10 -0300] "GET /digitalizacion/static/SmoothNavMenu/resources/ddsmoothmenu.css?1012540 HTTP/1.1" 200 2223
192.168.10.98 - - [25/Jul/2018:16:48:10 -0300] "GET /digitalizacion/static/SmoothNavMenu/resources/ddsmoothmenu-v.css?1012540 HTTP/1.1" 200 1188
192.168.10.98 - - [25/Jul/2018:16:48:10 -0300] "GET /digitalizacion/static/Shared/ext/resources/css/ext-all.css?205870 HTTP/1.1" 200 416045
192.168.10.98 - - [25/Jul/2018:16:48:10 -0300] "GET /digitalizacion/static/hhome.js?201841414272287 HTTP/1.1" 200 740
192.168.10.98 - - [25/Jul/2018:16:48:10 -0300] "GET /digitalizacion/static/hpexe_scripts.js?201841414233682 HTTP/1.1" 200 1506
192.168.10.98 - - [25/Jul/2018:16:48:10 -0300] "GET /digitalizacion/static/hwchdr01.js?20184141438371 HTTP/1.1" 200 887
192.168.10.98 - - [25/Jul/2018:16:48:10 -0300] "GET /digitalizacion/static/hpexe_messagecontroller.js?201841414233665 HTTP/1.1" 200 857
192.168.10.98 - - [25/Jul/2018:16:48:10 -0300] "GET /digitalizacion/static/hpexe_messagepopupcomponent.js?201841414233469 HTTP/1.1" 200 568
192.168.10.98 - - [25/Jul/2018:16:48:10 -0300] "GET /digitalizacion/static/gxui/gxui-all.js HTTP/1.1" 200 107772
192.168.10.98 - - [25/Jul/2018:16:48:10 -0300] "GET /digitalizacion/static/hpexe_messagegenexuscomponent.js?201841414233455 HTTP/1.1" 200 550
192.168.10.98 - - [25/Jul/2018:16:48:10 -0300] "GET /digitalizacion/static/hpexe_messagegxuicomponent.js?201841414233441 HTTP/1.1" 200 1103
192.168.10.98 - - [25/Jul/2018:16:48:10 -0300] "GET /digitalizacion/static/Resources/PXToolsDataTitle.png HTTP/1.1" 200 1173
192.168.10.98 - - [25/Jul/2018:16:48:10 -0300] "GET /digitalizacion/static/Resources/PXToolsHeaderPreferences.png HTTP/1.1" 200 1395
192.168.10.98 - - [25/Jul/2018:16:48:10 -0300] "GET /digitalizacion/static/Shared/ext/ext-all.js HTTP/1.1" 200 1289687
192.168.10.98 - - [25/Jul/2018:16:48:10 -0300] "GET /digitalizacion/static/Shared/jquery/jquery-1.4.2.min.js HTTP/1.1" 200 72174
192.168.10.98 - - [25/Jul/2018:16:48:10 -0300] "GET /digitalizacion/static/Resources/PXToolsHeaderLogin.png HTTP/1.1" 200 1432
192.168.10.98 - - [25/Jul/2018:16:48:10 -0300] "GET /digitalizacion/static/SmoothNavMenu/resources/ddsmoothmenu.js HTTP/1.1" 200 12712
192.168.10.98 - - [25/Jul/2018:16:48:10 -0300] "GET /digitalizacion/static/SmoothNavMenu/resources/SmoothNavMenuRender.js HTTP/1.1" 200 5951
192.168.10.98 - - [25/Jul/2018:16:48:10 -0300] "GET /digitalizacion/static/scaMessage/js/jquery.pnotify.min.js HTTP/1.1" 200 13038
192.168.10.98 - - [25/Jul/2018:16:48:10 -0300] "GET /digitalizacion/static/Shared/jqueryui/jquery-ui.min.js HTTP/1.1" 200 240427
192.168.10.98 - - [25/Jul/2018:16:48:10 -0300] "GET /digitalizacion/static/scaMessage/scaMessageRender.js HTTP/1.1" 200 2408
192.168.10.98 - - [25/Jul/2018:16:48:10 -0300] "GET /digitalizacion/static/hmpwkw031.js?20184141427937 HTTP/1.1" 200 3800
192.168.10.98 - - [25/Jul/2018:16:48:10 -0300] "GET /digitalizacion/static/Shared/jquery/jquery-1.10.2.min.js HTTP/1.1" 200 273199
192.168.10.98 - - [25/Jul/2018:16:48:11 -0300] "GET /digitalizacion/static/SmoothNavMenu/resources/images/down.gif HTTP/1.1" 200 854
192.168.10.98 - - [25/Jul/2018:16:48:11 -0300] "GET /digitalizacion/servlet/hhome HTTP/1.1" 200 2815
186.103.159.186 - - [25/Jul/2018:16:48:13 -0300] "POST /cormun/servlet/solicitudotadjuntos?gx-no-cache=1532548022897 HTTP/1.1" 200 26
192.168.10.98 - - [25/Jul/2018:16:48:24 -0300] "GET /digitalizacion/servlet/trdocumentos? HTTP/1.1" 200 9871
192.168.10.98 - - [25/Jul/2018:16:48:24 -0300] "GET /digitalizacion/static/gxcfg.js?20186221492466 HTTP/1.1" 200 954
192.168.10.98 - - [25/Jul/2018:16:48:24 -0300] "GET /digitalizacion/static/Resources/PXToolsDataSearch.png HTTP/1.1" 200 435
192.168.10.98 - - [25/Jul/2018:16:48:24 -0300] "GET /digitalizacion/static/Resources/PXToolsGridFirstDisabled.gif HTTP/1.1" 200 100
192.168.10.98 - - [25/Jul/2018:16:48:24 -0300] "GET /digitalizacion/static/gxdec.js?85251 HTTP/1.1" 200 19729
192.168.10.98 - - [25/Jul/2018:16:48:24 -0300] "GET /digitalizacion/static/trdocumentos.js?20186221492798 HTTP/1.1" 200 22386
192.168.10.98 - - [25/Jul/2018:16:48:24 -0300] "GET /digitalizacion/static/Resources/PXToolsGridPreviousDisabled.gif HTTP/1.1" 200 90
192.168.10.98 - - [25/Jul/2018:16:48:24 -0300] "GET /digitalizacion/static/Resources/PXToolsGridNextDisabled.gif HTTP/1.1" 200 90
192.168.10.98 - - [25/Jul/2018:16:48:24 -0300] "GET /digitalizacion/static/Resources/PXToolsGridLastDisabled.gif HTTP/1.1" 200 98
192.168.10.98 - - [25/Jul/2018:16:48:24 -0300] "GET /digitalizacion/static/Resources/PXToolsGridPage.gif HTTP/1.1" 200 725
192.168.10.98 - - [25/Jul/2018:16:48:24 -0300] "GET /digitalizacion/static/Resources/asc.gif HTTP/1.1" 200 67
192.168.10.98 - - [25/Jul/2018:16:48:24 -0300] "GET /digitalizacion/static/Resources/desc.gif HTTP/1.1" 200 65
192.168.10.98 - - [25/Jul/2018:16:48:24 -0300] "GET /digitalizacion//static/Resources/PXToolsGridDisplay.png HTTP/1.1" 200 525
192.168.10.98 - - [25/Jul/2018:16:48:24 -0300] "GET /digitalizacion/static/Shared/ext/resources/themes/images/default/panel/bg-headersPanel.png HTTP/1.1" 200 255
192.168.10.98 - - [25/Jul/2018:16:48:24 -0300] "GET /digitalizacion/static/Shared/ext/resources/themes/images/default/tools/tool-sprites.gif HTTP/1.1" 200 5434
192.168.10.98 - - [25/Jul/2018:16:48:24 -0300] "GET /digitalizacion/servlet/trdocumentos? HTTP/1.1" 200 9868
192.168.10.98 - - [25/Jul/2018:16:48:25 -0300] "POST /digitalizacion/servlet/trdocumentos?gx-no-cache=1532547891643 HTTP/1.1" 200 353
192.168.10.98 - - [25/Jul/2018:16:48:25 -0300] "POST /digitalizacion/servlet/trdocumentos?gx-no-cache=1532547891673 HTTP/1.1" 200 78
186.103.159.186 - - [25/Jul/2018:16:48:26 -0300] "GET /cormun/servlet/solicitudotadjuntos?9aff00a3dc2a09b8e00bef5f7c8536a355ecec3473aa026de691a82bcc902428,gx-no-cache=1532548035641 HTTP/1.1" 200 30
186.103.159.186 - - [25/Jul/2018:16:48:26 -0300] "GET /cormun/servlet/solicitudotadjuntos?9aff00a3dc2a09b8e00bef5f7c8536a355ecec3473aa026de691a82bcc902428,gx-no-cache=1532548035698 HTTP/1.1" 200 30
186.103.159.204 - - [25/Jul/2018:16:48:27 -0300] "POST /cormun/servlet/trautorizarsolicitud?e6d4f5a3ce42dcb78d7133d3531d3563,,gx-no-cache=1532548035581 HTTP/1.1" 200 7849
186.103.159.204 - - [25/Jul/2018:16:48:28 -0300] "GET /cormun/static/Shared/jqueryui/images/ui-bg_highlight-soft_100_c6c2c8_1x100.png HTTP/1.1" 404 1117
186.103.159.186 - - [25/Jul/2018:16:48:28 -0300] "POST /cormun/servlet/solicitudotadjuntos?cbcba29df34730d6cfa520c7c8b1ef4d,INS,2018,11910,,1, HTTP/1.1" 200 116
186.103.159.186 - - [25/Jul/2018:16:48:28 -0300] "GET /cormun/servlet/hpexe_return? HTTP/1.1" 200 1026
186.103.159.186 - - [25/Jul/2018:16:48:29 -0300] "GET /cormun/servlet/trsolicitudadjuntos?2018,11910, HTTP/1.1" 200 9594
186.103.159.204 - - [25/Jul/2018:16:48:29 -0300] "POST /cormun/servlet/trautorizarsolicitud?e6d4f5a3ce42dcb78d7133d3531d3563,,gx-no-cache=1532548037396 HTTP/1.1" 200 7849
186.103.159.204 - - [25/Jul/2018:16:48:30 -0300] "POST /cormun/servlet/trautorizarsolicitud?e6d4f5a3ce42dcb78d7133d3531d3563,,gx-no-cache=1532548037798 HTTP/1.1" 200 7849
186.103.159.186 - - [25/Jul/2018:16:48:31 -0300] "GET /cormun/servlet/trsolicitudadjuntos?2018,11910, HTTP/1.1" 200 9589
